06-10 13:51:21.195 1090 1090 W ContextImpl: Calling a method in the system process without a qualified user: android.app.ContextImpl.startService:1816 android.content.ContextWrapper.startService:774 com.dangbei.lerad.etna.core.EtnaManager.startService:64 com.dangbei.lerad.etna.core.EtnaManager.init:39 com.dangbei.lerad.etna.haqu.EtnaApplication.init:87
06-10 13:51:21.196 1090 1106 I lerad.etna.haq: Background young concurrent copying GC freed 4955(347KB) AllocSpace objects, 0(0B) LOS objects, 95% free, 1216KB/25MB, paused 1.361ms total 157.063ms
06-10 13:51:21.206 523 617 D WakeupController: onWifiEnabled()
06-10 13:51:21.207 523 617 W WifiClientModeImpl: No cached packet filter to apply
06-10 13:51:21.208 523 617 D WifiClientModeImpl[wlan0]: entering ConnectableState: ifaceName = wlan0
06-10 13:51:21.209 523 523 D WifiP2pService: Wifi enabled=true
06-10 13:51:21.211 1191 1191 D wpa_supplicant: sprd_wpa_driver_nl80211_driver_cmd SETSUSPENDMODE 1 len = 0, 16
06-10 13:51:21.213 523 617 D WifiClientModeImpl[wlan0]: Start makeIpClient ifaceName = wlan0
06-10 13:51:21.229 1090 1090 W ContextImpl: Calling a method in the system process without a qualified user: android.app.ContextImpl.startService:1816 android.content.ContextWrapper.startService:774 com.dangbei.andes.CoreService$Companion.start:29 com.dangbei.lerad.etna.haqu.EtnaApplication.init:88 com.dangbei.lerad.etna.haqu.EtnaApplication.onCreate:59
06-10 13:51:21.257 1090 1090 D DisplayOutputManager: ro.build.characteristics=homlet
06-10 13:51:21.260 197 197 I servicemanager: Found vendor.display.output.IDisplayOutputManager/default in device VINTF manifest.
06-10 13:51:21.264 1090 1090 D HomletDisplayOutputManager: get IDisplayOutputManager service success
06-10 13:51:21.265 1090 1090 D AudioManagerEx: AudioManagerEx
06-10 13:51:21.276 264 322 D audio_hw_primary: Mic get_audio_devices_active:
06-10 13:51:21.276 264 322 D audio_hw_primary: get_audio_devices_active: AUDIO_HDMI
06-10 13:51:21.279 264 322 D xm_audio: adev_get_parameters
06-10 13:51:21.280 287 1256 I hash_map_utils: system/bt/osi/src/hash_map_utils.cc:81 hash_map_utils_dump_string_keys_string_values: key: 'audio_devices_out_active' value: ''
06-10 13:51:21.281 1090 1090 D AudioManagerEx: type audio_devices_out_active list AUDIO_HDMI=
06-10 13:51:21.288 264 322 D audio_hw_primary: getAudioDevices()
06-10 13:51:21.288 264 322 D audio_hw_primary: out dev:AUDIO_CODEC
06-10 13:51:21.288 264 322 D audio_hw_primary: in dev:AUDIO_SPDIF
06-10 13:51:21.288 264 322 D audio_hw_primary: out dev:AUDIO_SPDIF
06-10 13:51:21.288 264 322 D audio_hw_primary: in dev:AUDIO_HDMI
06-10 13:51:21.288 264 322 D audio_hw_primary: out dev:AUDIO_HDMI
06-10 13:51:21.288 264 322 D audio_hw_primary: in dev:AUDIO_I2S2
06-10 13:51:21.288 264 322 D audio_hw_primary: out playback: AUDIO_CODEC,AUDIO_SPDIF,AUDIO_HDMI
06-10 13:51:21.288 264 322 D xm_audio: adev_get_parameters
06-10 13:51:21.288 287 1256 I hash_map_utils: system/bt/osi/src/hash_map_utils.cc:81 hash_map_utils_dump_string_keys_string_values: key: 'audio_devices_out' value: ''
06-10 13:51:21.289 1090 1090 D AudioManagerEx: type audio_devices_out list AUDIO_CODEC,AUDIO_SPDIF,AUDIO_HDMI=
06-10 13:51:21.324 523 624 D ConnectivityService: NetReassign [no changes]
06-10 13:51:21.332 523 624 D ConnectivityService: NetReassign [no changes]
06-10 13:51:21.336 1317 1317 I Thread-2: type=1400 audit(0.0:457): avc: denied { execute } for name="am" dev="dm-5" ino=1160 scontext=u:r:system_app:s0 tcontext=u:object_r:vendor_file:s0 tclass=file permissive=1
06-10 13:51:21.345 523 617 I WifiClientModeImpl[wlan0]: disconnectedstate enter
06-10 13:51:21.344 1317 1317 I Thread-2: type=1400 audit(0.0:458): avc: denied { read open } for path="/vendor/xbin/am" dev="dm-5" ino=1160 scontext=u:r:system_app:s0 tcontext=u:object_r:vendor_file:s0 tclass=file permissive=1
06-10 13:51:21.344 1317 1317 I Thread-2: type=1400 audit(0.0:459): avc: denied { execute_no_trans } for path="/vendor/xbin/am" dev="dm-5" ino=1160 scontext=u:r:system_app:s0 tcontext=u:object_r:vendor_file:s0 tclass=file permissive=1
06-10 13:51:21.352 816 1315 E IpClient.wlan0: Failed to set accept_ra to 2
06-10 13:51:21.355 523 617 E WifiScoringParams: Invalid frequency(-1), using 5G as default rssi array
06-10 13:51:21.360 1090 1314 W ContextImpl: Calling a method in the system process without a qualified user: android.app.ContextImpl.bindService:1895 android.content.ContextWrapper.bindService:810 com.dangbei.lerad.etna.lib.client.EtnaClient.bindServer:138 com.dangbei.lerad.etna.lib.client.EtnaClient.access$600:29 com.dangbei.lerad.etna.lib.client.EtnaClient$3.call:205
06-10 13:51:21.402 523 617 D WifiClientModeImpl[wlan0]: setupClientMode() ifacename = wlan0
06-10 13:51:21.407 523 552 D CompatibilityChangeReporter: Compat change id reported: 135634846; UID 1002; state: DISABLED
06-10 13:51:21.439 259 259 D Zygote : Forked child process 1324
06-10 13:51:21.442 523 927 I ActivityManager: com.oranth.ledstatus is exempt from freezer
06-10 13:51:21.449 523 927 D CompatibilityChangeReporter: Compat change id reported: 135634846; UID 1000; state: DISABLED
06-10 13:51:21.449 1324 1324 I Zygote : seccomp disabled by setenforce 0
06-10 13:51:21.468 523 553 W ActivityManager: Slow operation: 62ms so far, now at startProcess: done updating battery stats
06-10 13:51:21.468 523 553 W ActivityManager: Slow operation: 62ms so far, now at startProcess: building log message
06-10 13:51:21.468 523 553 I ActivityManager: app.processName = com.android.bluetooth
06-10 13:51:21.468 523 553 I ActivityManager: Start proc 1324:com.android.bluetooth/1002 for service {com.android.bluetooth/com.android.bluetooth.btservice.AdapterService}
06-10 13:51:21.465 343 343 W audit : audit_lost=45 audit_rate_limit=5 audit_backlog_limit=64
06-10 13:51:21.465 343 343 E audit : rate limit exceeded
06-10 13:51:21.492 412 431 I adbd : jdwp connection from 1324
06-10 13:51:21.511 523 553 W ActivityManager: Slow operation: 63ms so far, now at startProcess: starting to update pids map
06-10 13:51:21.515 1293 1293 V GraphicsEnvironment: ANGLE Developer option for 'com.android.providers.calendar' set to: 'default'
06-10 13:51:21.516 1293 1293 V GraphicsEnvironment: Neither updatable production driver nor prerelease driver is supported.
06-10 13:51:21.518 523 553 W ActivityManager: Slow operation: 112ms so far, now at startProcess: done updating pids map
06-10 13:51:21.521 669 669 E WifiHAL : wifi_start_pkt_fate_monitoring: packet fate logging feature not supported 0
06-10 13:51:21.522 523 617 E WifiVendorHal: startPktFateMonitoring(l.2352) failed {.code = ERROR_NOT_SUPPORTED, .description = }
06-10 13:51:21.522 523 617 W WifiDiags: Failed to start packet fate monitoring
06-10 13:51:21.524 669 669 E WifiHAL : wifi_get_driver_version: Error -5 happened.
06-10 13:51:21.524 669 669 E android.hardware.wifi@1.0-service-lazy: Failed to get driver version: INVALID_ARGS
06-10 13:51:21.526 523 553 W ActivityManager: Slow operation: 85ms so far, now at startProcess: asking zygote to start proc
06-10 13:51:21.531 523 927 I ActivityManager: com.oranth.storage is exempt from freezer
06-10 13:51:21.545 523 617 E WifiVendorHal: requestChipDebugInfo(l.2167) failed {.code = ERROR_INVALID_ARGS, .description = failed to get driver version}
06-10 13:51:21.545 523 617 I WifiVendorHal: Driver: null Firmware: null
06-10 13:51:21.546 669 669 E WifiHAL : wifi_get_driver_version: Error -5 happened.
06-10 13:51:21.546 669 669 E android.hardware.wifi@1.0-service-lazy: Failed to get driver version: INVALID_ARGS
06-10 13:51:21.548 1293 1293 D NetworkSecurityConfig: No Network Security Config specified, using platform default
06-10 13:51:21.548 1293 1293 D NetworkSecurityConfig: No Network Security Config specified, using platform default
06-10 13:51:21.560 523 617 E WifiVendorHal: requestChipDebugInfo(l.2167) failed {.code = ERROR_INVALID_ARGS, .description = failed to get driver version}
06-10 13:51:21.560 523 617 I WifiVendorHal: Driver: null Firmware: null
06-10 13:51:21.569 669 669 E WifiHAL : wifi_get_ring_buffers_status: Ring buffer logging feature not supported 0
06-10 13:51:21.570 523 617 E WifiVendorHal: getRingBufferStatus(l.2244) failed {.code = ERROR_NOT_SUPPORTED, .description = }
06-10 13:51:21.571 523 617 W WifiDiags: no ring buffers found
06-10 13:51:21.571 523 617 D WifiDiags: startLogging() iface list is {wlan0} after adding wlan0
06-10 13:51:21.575 259 259 D Zygote : Forked child process 1347
06-10 13:51:21.580 523 553 W ActivityManager: Slow operation: 139ms so far, now at startProcess: returned from zygote!
06-10 13:51:21.597 1347 1347 I Zygote : seccomp disabled by setenforce 0
06-10 13:51:21.602 205 205 I vold : Bind mounting //data/media/0/Android/data on /mnt/user/0/emulated/0/Android/data
06-10 13:51:21.603 1090 1346 W ContextImpl: Calling a method in the system process without a qualified user: android.app.ContextImpl.bindService:1895 android.content.ContextWrapper.bindService:810 com.dangbei.lerad.etna.lib.client.EtnaClient.bindServer:138 com.dangbei.lerad.etna.lib.client.EtnaClient.access$600:29 com.dangbei.lerad.etna.lib.client.EtnaClient$3.call:205
06-10 13:51:21.604 205 205 I vold : Bind mounted //data/media/0/Android/data on /mnt/user/0/emulated/0/Android/data
06-10 13:51:21.604 205 205 I vold : Bind mounting //data/media/0/Android/obb on /mnt/user/0/emulated/0/Android/obb
06-10 13:51:21.609 205 205 I vold : Bind mounted //data/media/0/Android/obb on /mnt/user/0/emulated/0/Android/obb
06-10 13:51:21.609 205 205 I vold : Configuring read_ahead of /mnt/user/0/emulated fuse filesystem to 256kb
06-10 13:51:21.610 205 205 I vold : Writing 256 to /sys/class/bdi/0:47/read_ahead_kb
06-10 13:51:21.610 205 205 I vold : Configuring max_ratio of /mnt/user/0/emulated fuse filesystem to 40
06-10 13:51:21.610 205 205 I vold : Writing 40 to /sys/class/bdi/0:47/max_ratio
06-10 13:51:21.613 523 611 I StorageManagerService: Mounted volume VolumeInfo{emulated;0}:
06-10 13:51:21.613 523 611 I StorageManagerService: type=EMULATED diskId=null partGuid= mountFlags=PRIMARY|VISIBLE
06-10 13:51:21.613 523 611 I StorageManagerService: mountUserId=0 state=MOUNTED
06-10 13:51:21.613 523 611 I StorageManagerService: fsType=null fsUuid=null fsLabel=null
06-10 13:51:21.613 523 611 I StorageManagerService: path=/storage/emulated internalPath=/data/media
06-10 13:51:21.621 1347 1347 I ranth.ledstatu: Late-enabling -Xcheck:jni
06-10 13:51:21.635 523 611 I StorageSessionController: Notifying volume state changed for session with id: emulated;0
06-10 13:51:21.668 523 553 W ActivityManager: Slow operation: 227ms so far, now at startProcess: done updating battery stats
06-10 13:51:21.669 523 553 W ActivityManager: Slow operation: 228ms so far, now at startProcess: building log message
06-10 13:51:21.669 523 553 I ActivityManager: app.processName = com.oranth.ledstatus
06-10 13:51:21.669 523 553 I ActivityManager: Start proc 1347:com.oranth.ledstatus/1000 for service {com.oranth.ledstatus/com.oranth.ledstatus.LedStatusService}
06-10 13:51:21.669 523 553 W ActivityManager: Slow operation: 228ms so far, now at startProcess: starting to update pids map
06-10 13:51:21.669 523 553 W ActivityManager: Slow operation: 228ms so far, now at startProcess: done updating pids map
06-10 13:51:21.669 523 553 W ActivityManager: Slow operation: 138ms so far, now at startProcess: asking zygote to start proc
06-10 13:51:21.672 1089 1260 V MediaStore: Examining volume emulated;0 with name external_primary and state mounted
06-10 13:51:21.674 1324 1324 D CompatibilityChangeReporter: Compat change id reported: 171979766; UID 1002; state: ENABLED
06-10 13:51:21.697 259 259 D Zygote : Forked child process 1349
06-10 13:51:21.699 523 553 W ActivityManager: Slow operation: 168ms so far, now at startProcess: returned from zygote!
06-10 13:51:21.701 523 553 W ActivityManager: Slow operation: 170ms so far, now at startProcess: done updating battery stats
06-10 13:51:21.701 523 553 W ActivityManager: Slow operation: 170ms so far, now at startProcess: building log message
06-10 13:51:21.701 523 553 I ActivityManager: app.processName = com.oranth.storage
06-10 13:51:21.701 523 553 I ActivityManager: Start proc 1349:com.oranth.storage/1000 for service {com.oranth.storage/com.oranth.storage.MainService}
06-10 13:51:21.701 523 553 W ActivityManager: Slow operation: 170ms so far, now at startProcess: starting to update pids map
06-10 13:51:21.702 523 553 W ActivityManager: Slow operation: 171ms so far, now at startProcess: done updating pids map
06-10 13:51:21.714 1349 1349 I Zygote : seccomp disabled by setenforce 0
06-10 13:51:21.716 523 588 W StorageManagerService: Reporting emulated;0 unmounted due to system locked
06-10 13:51:21.717 1165 1165 E hq : USBReceiver:::USBReceiver onReceive: list=1
06-10 13:51:21.722 523 611 I StorageSessionController: Notifying volume state changed for session with id: emulated;0
06-10 13:51:21.723 1165 1165 E DispatcherManager: publishMode=DBBOX-A2 piDispatcher=com.dangbei.launcher.dispatcher.function.BOXAXDispatcher@4c7af53
06-10 13:51:21.724 1165 1165 I hq : 当前的服务模式是,serviceMode=0
06-10 13:51:21.731 1349 1349 I .oranth.storag: Late-enabling -Xcheck:jni
06-10 13:51:21.738 1219 1219 D ExternalStorage: After updating volumes, found 1 active roots
06-10 13:51:21.760 1165 1294 D hq : NetWorkStateReceiver:::检查网络,并且持续更新 isConnect=false
06-10 13:51:21.774 1089 1260 I ExternalStorageServiceImpl: Ignoring volume state for vol:external_primary. State: checking
06-10 13:51:21.776 412 431 I adbd : jdwp connection from 1347
06-10 13:51:21.778 1293 1293 I CalendarProvider2: Created com.android.providers.calendar.CalendarAlarmManager@bea77e7(com.android.providers.calendar.CalendarProvider2@7079f94)
06-10 13:51:21.804 523 539 I PreBootBroadcaster: Pre-boot of {com.android.providers.contacts/com.android.providers.contacts.ContactsUpgradeReceiver} for user 0
06-10 13:51:21.806 1165 1165 E hq : 检查user:::switchDao id=-1
06-10 13:51:21.809 1278 1278 V GraphicsEnvironment: ANGLE Developer option for 'com.dangbei.screencast' set to: 'default'
06-10 13:51:21.810 1278 1278 V GraphicsEnvironment: Neither updatable production driver nor prerelease driver is supported.
06-10 13:51:21.812 1089 1260 V MediaStore: Examining volume emulated;0 with name external_primary and state mounted
06-10 13:51:21.821 412 431 I adbd : jdwp connection from 1349
06-10 13:51:21.829 1278 1278 D NetworkSecurityConfig: Using Network Security Config from resource network_security_config debugBuild: false
06-10 13:51:21.831 523 539 D CompatibilityChangeReporter: Compat change id reported: 135634846; UID 10016; state: DISABLED
06-10 13:51:21.831 523 539 D CompatibilityChangeReporter: Compat change id reported: 177438394; UID 10016; state: DISABLED
06-10 13:51:21.831 523 539 D CompatibilityChangeReporter: Compat change id reported: 135772972; UID 10016; state: DISABLED
06-10 13:51:21.831 523 539 D CompatibilityChangeReporter: Compat change id reported: 135754954; UID 10016; state: ENABLED
06-10 13:51:21.832 523 553 D CompatibilityChangeReporter: Compat change id reported: 143937733; UID 10016; state: ENABLED
06-10 13:51:21.847 523 523 W Looper : Slow dispatch took 281ms main h=android.os.Handler c=com.android.server.hdmi.WorkSourceUidPreservingRunnable@c3d9506 m=0
06-10 13:51:21.848 523 523 W Looper : Slow delivery took 244ms main h=com.android.server.job.controllers.QuotaController$QcHandler c=null m=3
06-10 13:51:21.851 523 523 W Looper : Drained
06-10 13:51:21.865 523 545 W IorapForwardingService: No service published for: iorapd
06-10 13:51:21.869 259 259 D Zygote : Forked child process 1383
06-10 13:51:21.877 523 539 D CompatibilityChangeReporter: Compat change id reported: 168419799; UID 1000; state: DISABLED
06-10 13:51:21.884 523 588 D CompatibilityChangeReporter: Compat change id reported: 143231523; UID 10027; state: DISABLED
06-10 13:51:21.890 1278 1278 D NetworkSecurityConfig: Using Network Security Config from resource network_security_config debugBuild: false
06-10 13:51:21.891 523 611 I StorageSessionController: Notifying volume state changed for session with id: emulated;0
06-10 13:51:21.892 523 553 W ActivityManager: Slow operation: 62ms so far, now at startProcess: done updating battery stats
06-10 13:51:21.893 523 553 W ActivityManager: Slow operation: 63ms so far, now at startProcess: building log message
06-10 13:51:21.893 523 553 I ActivityManager: app.processName = android.process.acore
06-10 13:51:21.893 523 553 I ActivityManager: Start proc 1383:android.process.acore/u0a16 for broadcast {com.android.providers.contacts/com.android.providers.contacts.ContactsUpgradeReceiver}
06-10 13:51:21.893 523 553 W ActivityManager: Slow operation: 63ms so far, now at startProcess: starting to update pids map
06-10 13:51:21.893 523 553 W ActivityManager: Slow operation: 63ms so far, now at startProcess: done updating pids map
06-10 13:51:21.894 1219 1219 D ExternalStorage: After updating volumes, found 1 active roots
06-10 13:51:21.899 669 669 E WifiHAL : wifi_get_link_stats: requestResponse Error:-5
06-10 13:51:21.900 1089 1089 V MediaStore: Examining volume emulated;0 with name external_primary and state mounted
06-10 13:51:21.914 1383 1383 I Zygote : seccomp disabled by setenforce 0
06-10 13:51:21.930 1165 1165 E hq : 检查user:::更新前的信息: null
06-10 13:51:21.930 1165 1165 E hq : 更新后的信息: Users{userId=-1, nickName='游客', avatarUrl='null', wxToken='null', vip='null', mobile='null', sex=null, description='null', city='null', province='null', country='null', launcherMode=null, token='null', token='null'}
06-10 13:51:21.935 1165 1165 D AdHelper: ad server environment is official? false
06-10 13:51:21.936 1165 1165 D AdHelper: ad server environment is official? false
06-10 13:51:21.936 1165 1165 D AdHelper: ad server environment is official? false
06-10 13:51:21.936 1165 1165 D AdHelper: ad server environment is official? false
06-10 13:51:21.937 523 617 E WifiVendorHal: getWifiLinkLayerStats_1_5_Internal(l.1191) failed {.code = ERROR_INVALID_ARGS, .description = }
06-10 13:51:21.949 412 431 I adbd : jdwp connection from 1383
06-10 13:51:21.976 523 927 D CompatibilityChangeReporter: Compat change id reported: 168419799; UID 10016; state: DISABLED
06-10 13:51:21.981 394 394 I update_engine: [INFO:cleanup_previous_update_action.cc(130)] Stopping/suspending/completing CleanupPreviousUpdateAction
06-10 13:51:21.989 1278 1278 I MultiDex: VM with version 2.1.0 has multidex support
06-10 13:51:21.990 1278 1278 I MultiDex: Installing application
06-10 13:51:21.990 1278 1278 I MultiDex: VM has multidex support, MultiDex support library is disabled.
06-10 13:51:21.996 1165 1165 D AdHelper: AdHelper init: end
06-10 13:51:21.997 1383 1383 D CompatibilityChangeReporter: Compat change id reported: 171979766; UID 10016; state: ENABLED
06-10 13:51:22.016 1089 1260 V MediaStore: Examining volume emulated;0 with name external_primary and state mounted
06-10 13:51:22.024 523 539 D CompatibilityChangeReporter: Compat change id reported: 168419799; UID 1000; state: DISABLED
06-10 13:51:22.031 394 394 I update_engine: [INFO:cleanup_previous_update_action.cc(135)] CleanupPreviousUpdateAction cancelled pending task ID 10
06-10 13:51:22.046 1165 1165 E xxxxxxxxxxxxxxx: onConfigurationChanged2===>{1.0 ?mcc?mnc [zh_CN] ldltr sw720dp w1280dp h696dp 240dpi xlrg long land television -touch qwerty/v/v dpad/v winConfig={ mBounds=Rect(0, 0 - 1920, 1080) mAppBounds=Rect(0, 0 - 1920, 1080) mMaxBounds=Rect(0, 0 - 1920, 1080) mWindowingMode=fullscreen mDisplayWindowingMode=fullscreen mActivityType=undefined mAlwaysOnTop=undefined mRotation=ROTATION_0} s.6 fontWeightAdjustment=0}
06-10 13:51:22.044 1165 1165 I nd.statics.boot: type=1400 audit(0.0:467): avc: denied { read } for name="u:object_r:serialno_prop:s0" dev="tmpfs" ino=2292 scontext=u:r:system_app:s0 tcontext=u:object_r:serialno_prop:s0 tclass=file permissive=1
06-10 13:51:22.044 1165 1165 I nd.statics.boot: type=1400 audit(0.0:468): avc: denied { open } for path="/dev/__properties__/u:object_r:serialno_prop:s0" dev="tmpfs" ino=2292 scontext=u:r:system_app:s0 tcontext=u:object_r:serialno_prop:s0 tclass=file permissive=1
06-10 13:51:22.044 1165 1165 I nd.statics.boot: type=1400 audit(0.0:469): avc: denied { getattr } for path="/dev/__properties__/u:object_r:serialno_prop:s0" dev="tmpfs" ino=2292 scontext=u:r:system_app:s0 tcontext=u:object_r:serialno_prop:s0 tclass=file permissive=1
06-10 13:51:22.044 1165 1165 I nd.statics.boot: type=1400 audit(0.0:470): avc: denied { map } for path="/dev/__properties__/u:object_r:serialno_prop:s0" dev="tmpfs" ino=2292 scontext=u:r:system_app:s0 tcontext=u:object_r:serialno_prop:s0 tclass=file permissive=1
06-10 13:51:22.056 278 278 I EventThread: type=1400 audit(0.0:471): avc: denied { search } for name="extcon" dev="sysfs" ino=18109 scontext=u:r:hal_tv_cec_default:s0 tcontext=u:object_r:sysfs_extcon:s0 tclass=dir permissive=1
06-10 13:51:22.048 523 546 D ColorDisplayService: NightDisplayTintController Animation cancelled: false to matrix:
06-10 13:51:22.048 523 546 D ColorDisplayService: 1.000000 0.000000 0.000000 0.000000 0.000000 1.000000 0.000000 0.000000 0.000000 0.000000 1.000000 0.000000 0.000000 0.000000 0.000000 1.000000 min matrix coefficients:
06-10 13:51:22.048 523 546 D ColorDisplayService: 1.000000 0.000000 0.000000 0.000000 0.000000 1.000000 0.000000 0.000000 0.000000 0.000000 1.000000 0.000000 0.000000 0.000000 0.000000 1.000000 max matrix coefficients:
06-10 13:51:22.048 523 546 D ColorDisplayService: 1.000000 0.000000 0.000000 0.000000 0.000000 1.000000 0.000000 0.000000 0.000000 0.000000 1.000000 0.000000 0.000000 0.000000 0.000000 1.000000
06-10 13:51:22.049 1165 1165 E memInfo.totalMem: memInfo.totalMem=2055442432 1073741824
06-10 13:51:22.049 523 617 I WifiService: onDriverCountryCodeChanged CN
06-10 13:51:22.055 394 394 I update_engine: [INFO:action_processor.cc(61)] ActionProcessor: aborted CleanupPreviousUpdateAction
06-10 13:51:22.060 1347 1347 D CompatibilityChangeReporter: Compat change id reported: 171979766; UID 1000; state: DISABLED
06-10 13:51:22.094 1165 1165 D OsInitLaunch: send cache: homeCreate, null, null, null
06-10 13:51:22.093 394 394 I update_engine: [INFO:cleanup_previous_update_action.cc(130)] Stopping/suspending/completing CleanupPreviousUpdateAction
06-10 13:51:22.099 1165 1405 D getEthernetMacAddr: getEthernetMacAddr use eth0
06-10 13:51:22.128 394 394 I update_engine: [INFO:update_attempter_android.cc(701)] Terminating cleanup previous update.
06-10 13:51:22.132 1219 1219 D ExternalStorage: After updating volumes, found 1 active roots
06-10 13:51:22.134 1089 1089 V MediaStore: Examining volume emulated;0 with name external_primary and state mounted
06-10 13:51:22.135 523 611 D StorageManagerService: Volume emulated;0 broadcasting mounted to UserHandle{0}
06-10 13:51:22.136 365 584 D installd: Found quota mount /dev/block/by-name/userdata at /data
06-10 13:51:22.137 365 584 D installd: Found quota mount /dev/block/by-name/userdata at /data/user/0
06-10 13:51:22.137 365 584 D installd: Found quota mount /dev/block/by-name/userdata at /mnt/pass_through/0/emulated
06-10 13:51:22.137 365 584 D installd: Found quota mount /dev/block/by-name/userdata at /mnt/user/0/emulated/0/Android/data
06-10 13:51:22.137 365 584 D installd: Found quota mount /dev/block/by-name/userdata at /storage/emulated/0/Android/data
06-10 13:51:22.137 365 584 D installd: Found quota mount /dev/block/by-name/userdata at /mnt/androidwritable/0/emulated/0/Android/data
06-10 13:51:22.137 365 584 D installd: Found quota mount /dev/block/by-name/userdata at /mnt/installer/0/emulated/0/Android/data
06-10 13:51:22.137 365 584 D installd: Found quota mount /dev/block/by-name/userdata at /mnt/user/0/emulated/0/Android/obb
06-10 13:51:22.137 365 584 D installd: Found quota mount /dev/block/by-name/userdata at /storage/emulated/0/Android/obb
06-10 13:51:22.137 365 584 D installd: Found quota mount /dev/block/by-name/userdata at /mnt/androidwritable/0/emulated/0/Android/obb
06-10 13:51:22.138 365 584 D installd: Found quota mount /dev/block/by-name/userdata at /mnt/installer/0/emulated/0/Android/obb
06-10 13:51:22.144 365 584 D installd: Found storage mount /dev/block/by-name/userdata at /mnt/pass_through/0/emulated
06-10 13:51:22.148 1089 1089 V MediaStore: Examining volume emulated;0 with name external_primary and state mounted
06-10 13:51:22.149 523 611 D StorageManagerService: Volume emulated;0 broadcasting mounted to UserHandle{0}
06-10 13:51:22.161 1090 1090 E ccc : cccccc 好的 真正的cancel 了
06-10 13:51:22.162 394 394 I update_engine: [INFO:update_attempter_android.cc(365)] Attempting to reset state from UPDATE_STATUS_IDLE to UpdateStatus::IDLE
06-10 13:51:22.164 1278 1278 E PartsInfoProvider: onCreate:
06-10 13:51:22.165 669 669 E WifiHAL : wifi_get_link_stats: requestResponse Error:-5
06-10 13:51:22.167 523 617 E WifiVendorHal: getWifiLinkLayerStats_1_5_Internal(l.1191) failed {.code = ERROR_INVALID_ARGS, .description = }
06-10 13:51:22.181 1165 1294 I WebViewFactory: Loading com.android.webview version 91.0.4472.114 (code 447211450)
06-10 13:51:22.186 394 394 I update_engine: [INFO:update_attempter_android.cc(369)] Cleaning up reserved space for compressed APEX (if any)
06-10 13:51:22.213 394 394 I update_engine: [INFO:dynamic_partition_control_android.cc(1284)] ResetUpdate resetting update state and deleting snapshots.
06-10 13:51:22.217 523 798 W ActivityManager: Background start not allowed: service Intent { act=com.dangbei.screencast.STARTUP pkg=com.dangbei.screencast } to com.dangbei.screencast/.startup.StartupService from pid=1278 uid=10015 pkg=com.dangbei.screencast startFg?=false
06-10 13:51:22.218 1383 1383 V GraphicsEnvironment: ANGLE Developer option for 'com.android.providers.contacts' set to: 'default'
06-10 13:51:22.219 1383 1383 V GraphicsEnvironment: Neither updatable production driver nor prerelease driver is supported.
06-10 13:51:22.222 523 534 I system_server: Background young concurrent copying GC freed 74935(4737KB) AllocSpace objects, 27(908KB) LOS objects, 31% free, 9526KB/13MB, paused 421us total 1.021s
06-10 13:51:22.222 1383 1383 D NetworkSecurityConfig: No Network Security Config specified, using platform default
06-10 13:51:22.222 1278 1278 W System.err: android.app.BackgroundServiceStartNotAllowedException: Not allowed to start service Intent { act=com.dangbei.screencast.STARTUP pkg=com.dangbei.screencast }: app is in background uid UidRecord{a4ca06d u0a15 RCVR idle change:idle|uncached procs:0 seq(0,0,0)}
06-10 13:51:22.223 1278 1278 W System.err: at android.app.ContextImpl.startServiceCommon(ContextImpl.java:1861)
06-10 13:51:22.223 1278 1278 W System.err: at android.app.ContextImpl.startService(ContextImpl.java:1817)
06-10 13:51:22.223 1383 1383 D NetworkSecurityConfig: No Network Security Config specified, using platform default
06-10 13:51:22.223 1278 1278 W System.err: at android.content.ContextWrapper.startService(ContextWrapper.java:774)
06-10 13:51:22.223 1278 1278 W System.err: at b.f.f.h.g.k.a(Unknown Source:20)
06-10 13:51:22.223 1278 1278 W System.err: at com.dangbei.screencast.provider.PartsInfoProvider.onCreate(:2)
06-10 13:51:22.223 1278 1278 W System.err: at android.content.ContentProvider.attachInfo(ContentProvider.java:2404)
06-10 13:51:22.223 1278 1278 W System.err: at android.content.ContentProvider.attachInfo(ContentProvider.java:2374)
06-10 13:51:22.223 1278 1278 W System.err: at android.app.ActivityThread.installProvider(ActivityThread.java:7437)
06-10 13:51:22.223 1278 1278 W System.err: at android.app.ActivityThread.installContentProviders(ActivityThread.java:6954)
06-10 13:51:22.223 1278 1278 W System.err: at android.app.ActivityThread.handleBindApplication(ActivityThread.java:6725)
06-10 13:51:22.223 1278 1278 W System.err: at android.app.ActivityThread.access$1500(ActivityThread.java:247)
06-10 13:51:22.223 1278 1278 W System.err: at android.app.ActivityThread$H.handleMessage(ActivityThread.java:2053)
06-10 13:51:22.223 1278 1278 W System.err: at android.os.Handler.dispatchMessage(Handler.java:106)
06-10 13:51:22.223 1278 1278 W System.err: at android.os.Looper.loopOnce(Looper.java:201)
06-10 13:51:22.223 1278 1278 W System.err: at android.os.Looper.loop(Looper.java:288)
06-10 13:51:22.223 1278 1278 W System.err: at android.app.ActivityThread.main(ActivityThread.java:7854)
06-10 13:51:22.223 1278 1278 W System.err: at java.lang.reflect.Method.invoke(Native Method)
06-10 13:51:22.223 1278 1278 W System.err: at com.android.internal.os.RuntimeInit$MethodAndArgsCaller.run(RuntimeInit.java:548)
06-10 13:51:22.223 1278 1278 W System.err: at com.android.internal.os.ZygoteInit.main(ZygoteInit.java:1182)
06-10 13:51:22.245 523 1082 I ActivityManager: com.android.localtransport is exempt from freezer
06-10 13:51:22.246 523 1082 D CompatibilityChangeReporter: Compat change id reported: 135634846; UID 1000; state: DISABLED
06-10 13:51:22.270 1347 1347 D ApplicationLoaders: Returning zygote-cached class loader: /system/framework/android.test.base.jar
06-10 13:51:22.270 1347 1347 D ApplicationLoaders: Returning zygote-cached class loader: /system/framework/android.hidl.manager-V1.0-java.jar
06-10 13:51:22.270 1347 1347 D ApplicationLoaders: Returning zygote-cached class loader: /system/framework/android.hidl.base-V1.0-java.jar
06-10 13:51:22.282 523 588 W ActivityManager: Background start not allowed: service Intent { act=com.dangbei.screencast.STARTUP pkg=com.dangbei.screencast } to com.dangbei.screencast/.startup.StartupService from pid=1278 uid=10015 pkg=com.dangbei.screencast startFg?=false
06-10 13:51:22.284 1278 1278 W System.err: android.app.BackgroundServiceStartNotAllowedException: Not allowed to start service Intent { act=com.dangbei.screencast.STARTUP pkg=com.dangbei.screencast }: app is in background uid UidRecord{a4ca06d u0a15 RCVR idle change:idle|uncached procs:0 seq(0,0,0)}
06-10 13:51:22.285 1278 1278 W System.err: at android.app.ContextImpl.startServiceCommon(ContextImpl.java:1861)
06-10 13:51:22.285 1278 1278 W System.err: at android.app.ContextImpl.startService(ContextImpl.java:1817)
06-10 13:51:22.285 1278 1278 W System.err: at android.content.ContextWrapper.startService(ContextWrapper.java:774)
06-10 13:51:22.285 1278 1278 W System.err: at b.f.f.h.g.k.a(Unknown Source:20)
06-10 13:51:22.285 1278 1278 W System.err: at com.dangbei.screencast.common.utils.remotepreferences.ScreenCastPreferenceProvider.onCreate(Unknown Source:11)
06-10 13:51:22.285 1278 1278 W System.err: at android.content.ContentProvider.attachInfo(ContentProvider.java:2404)
06-10 13:51:22.285 1278 1278 W System.err: at android.content.ContentProvider.attachInfo(ContentProvider.java:2374)
06-10 13:51:22.285 1278 1278 W System.err: at android.app.ActivityThread.installProvider(ActivityThread.java:7437)
06-10 13:51:22.285 1278 1278 W System.err: at android.app.ActivityThread.installContentProviders(ActivityThread.java:6954)
06-10 13:51:22.285 1278 1278 W System.err: at android.app.ActivityThread.handleBindApplication(ActivityThread.java:6725)
06-10 13:51:22.285 1278 1278 W System.err: at android.app.ActivityThread.access$1500(ActivityThread.java:247)
06-10 13:51:22.285 1278 1278 W System.err: at android.app.ActivityThread$H.handleMessage(ActivityThread.java:2053)
06-10 13:51:22.285 1278 1278 W System.err: at android.os.Handler.dispatchMessage(Handler.java:106)
06-10 13:51:22.285 1278 1278 W System.err: at android.os.Looper.loopOnce(Looper.java:201)
06-10 13:51:22.285 1278 1278 W System.err: at android.os.Looper.loop(Looper.java:288)
06-10 13:51:22.292 259 259 D Zygote : Forked child process 1420
06-10 13:51:22.295 1278 1278 W System.err: at android.app.ActivityThread.main(ActivityThread.java:7854)
06-10 13:51:22.295 523 553 W ActivityManager: Slow operation: 51ms so far, now at startProcess: done updating battery stats
06-10 13:51:22.295 523 553 W ActivityManager: Slow operation: 51ms so far, now at startProcess: building log message
06-10 13:51:22.295 523 553 I ActivityManager: app.processName = com.android.localtransport
06-10 13:51:22.295 523 553 I ActivityManager: Start proc 1420:com.android.localtransport/1000 for service {com.android.localtransport/com.android.localtransport.LocalTransportService}
06-10 13:51:22.295 523 553 W ActivityManager: Slow operation: 51ms so far, now at startProcess: starting to update pids map
06-10 13:51:22.296 1278 1278 W System.err: at java.lang.reflect.Method.invoke(Native Method)
06-10 13:51:22.296 1278 1278 W System.err: at com.android.internal.os.RuntimeInit$MethodAndArgsCaller.run(RuntimeInit.java:548)
06-10 13:51:22.296 1278 1278 W System.err: at com.android.internal.os.ZygoteInit.main(ZygoteInit.java:1182)
06-10 13:51:22.300 523 553 W ActivityManager: Slow operation: 56ms so far, now at startProcess: done updating pids map
06-10 13:51:22.307 1420 1420 I Zygote : seccomp disabled by setenforce 0
06-10 13:51:22.310 1165 1294 D nativeloader: classloader namespace configured for unbundled product apk. library_path=/product/app/webview/lib/arm:/product/app/webview/webview.apk!/lib/armeabi-v7a:/product/lib:/system/product/lib
06-10 13:51:22.315 1165 1165 E hq : LauncherCallback:::onViewCreate
06-10 13:51:22.315 1165 1165 E hq : LauncherCallback:::onAttach
06-10 13:51:22.328 1324 1324 V GraphicsEnvironment: ANGLE Developer option for 'com.android.bluetooth' set to: 'default'
06-10 13:51:22.329 1324 1324 V GraphicsEnvironment: Neither updatable production driver nor prerelease driver is supported.
06-10 13:51:22.303 1349 1349 D CompatibilityChangeReporter: Compat change id reported: 171979766; UID 1000; state: ENABLED
06-10 13:51:22.357 1324 1324 D NetworkSecurityConfig: No Network Security Config specified, using platform default
06-10 13:51:22.359 1324 1324 D NetworkSecurityConfig: No Network Security Config specified, using platform default
06-10 13:51:22.369 523 545 E BluetoothManagerService: MESSAGE_TIMEOUT_BIND
06-10 13:51:22.373 394 394 I update_engine: [INFO:delta_performer.cc(1389)] Resetting recorded hash for prepared partitions.
06-10 13:51:22.382 412 431 I adbd : jdwp connection from 1420
06-10 13:51:22.410 394 394 E update_engine: Cannot cancel update after it has completed or started merging
06-10 13:51:22.431 1165 1165 E hq : LauncherCallback:::inspect
06-10 13:51:22.436 1165 1165 E hq : AdHelper:::后台配置是否展现广告: true
06-10 13:51:22.438 1165 1165 D OsInitLaunch: send cache: launchHome, launchMainActivity, null, 1
06-10 13:51:22.443 523 588 D CompatibilityChangeReporter: Compat change id reported: 168419799; UID 1000; state: DISABLED
06-10 13:51:22.455 394 394 E update_engine: [ERROR:dynamic_partition_control_android.cc(1295)] snapshot_->CancelUpdate() failed.
06-10 13:51:22.478 1278 1278 D AndroidAutoSize: designWidthInDp = 360, designHeightInDp = 640, screenWidth = 1920, screenHeight = 1080
06-10 13:51:22.478 1278 1278 D AndroidAutoSize: initDensity = 1.5, initScaledDensity = 1.5
06-10 13:51:22.485 1420 1420 D CompatibilityChangeReporter: Compat change id reported: 171979766; UID 1000; state: ENABLED
06-10 13:51:22.526 1324 1324 D BluetoothOppFileProvider: Initialized
06-10 13:51:22.543 394 394 W update_engine: [WARNING:update_attempter_android.cc(377)] Failed to reset snapshots. UpdateStatus is IDLE butspace might not be freed.
06-10 13:51:22.545 1165 1440 I MobclickAgent: module init:azio
06-10 13:51:22.548 1383 1383 I ContactsPerf: VoicemailContentProvider.onCreate start
06-10 13:51:22.563 1324 1324 V AdapterServiceConfig: Adding HeadsetService
06-10 13:51:22.564 1324 1324 V AdapterServiceConfig: Adding A2dpService
06-10 13:51:22.564 1324 1324 V AdapterServiceConfig: Adding HidHostService
06-10 13:51:22.564 1324 1324 V AdapterServiceConfig: Adding PanService
06-10 13:51:22.564 1324 1324 V AdapterServiceConfig: Adding GattService
06-10 13:51:22.564 1324 1324 V AdapterServiceConfig: Adding BluetoothMapService
06-10 13:51:22.564 1324 1324 V AdapterServiceConfig: Adding AvrcpTargetService
06-10 13:51:22.564 1324 1324 V AdapterServiceConfig: Adding HidDeviceService
06-10 13:51:22.564 1324 1324 V AdapterServiceConfig: Adding BluetoothOppService
06-10 13:51:22.564 1324 1324 V AdapterServiceConfig: Adding BluetoothPbapService
06-10 13:51:22.565 1383 1383 I ContactsPerf: VoicemailContentProvider.onCreate finish
06-10 13:51:22.569 303 303 W audit : audit_lost=58 audit_rate_limit=5 audit_backlog_limit=64
06-10 13:51:22.569 303 303 E audit : rate limit exceeded
06-10 13:51:22.570 1090 1090 E ccc : cccccc 只是做下reset 哈
06-10 13:51:22.578 1347 1347 W ranth.ledstatu: ClassLoaderContext shared library size mismatch. Expected=0, found=4 (PCL[] | PCL[]{PCL[/system/framework/android.test.base.jar*3790657674]#PCL[/system/framework/android.hidl.manager-V1.0-java.jar*1809561547]#PCL[/system/framework/android.hidl.base-V1.0-java.jar*2233032481]#PCL[/system/framework/org.apache.http.legacy.jar*2058259660]})
06-10 13:51:22.615 1090 1090 I MMKV : loading [mmkv.default] with 3013 actual size, file size 4096, InterProcess 0, meta info version:3
06-10 13:51:22.615 1090 1090 I MMKV : loading [mmkv.default] with crc 1729142701 sequence 4 version 3
06-10 13:51:22.616 1090 1090 I MMKV : loaded [mmkv.default] with 9 key-values
06-10 13:51:22.640 1090 1090 E ccc : cccccc updateHelper 通知更新
06-10 13:51:22.643 1090 1090 E ccc : cccccc updateHelper 通知更新
06-10 13:51:22.645 1090 1090 E ccc : cccccc updateHelper 通知更新
06-10 13:51:22.643 523 588 D CountryDetector: The first listener is added
06-10 13:51:22.650 1383 1383 I ContactsDatabaseHelper: updateUseStrictPhoneNumberComparison: CN
06-10 13:51:22.651 523 811 D CompatibilityChangeReporter: Compat change id reported: 149924527; UID 10015; state: ENABLED
06-10 13:51:22.652 523 811 D CompatibilityChangeReporter: Compat change id reported: 132649864; UID 10015; state: DISABLED
06-10 13:51:22.707 523 811 D CompatibilityChangeReporter: Compat change id reported: 182734110; UID 10074; state: DISABLED
06-10 13:51:22.719 523 588 I PreBootBroadcaster: Pre-boot of {com.android.providers.media.module/com.android.providers.media.MediaUpgradeReceiver} for user 0
06-10 13:51:22.728 1383 1383 D StrictMode: StrictMode policy violation; ~duration=11 ms: android.os.strictmode.DiskReadViolation
06-10 13:51:22.728 1383 1383 D StrictMode: at android.os.StrictMode$AndroidBlockGuardPolicy.onReadFromDisk(StrictMode.java:1659)
06-10 13:51:22.728 1383 1383 D StrictMode: at libcore.io.BlockGuardOs.access(BlockGuardOs.java:74)
06-10 13:51:22.728 1383 1383 D StrictMode: at libcore.io.ForwardingOs.access(ForwardingOs.java:131)
06-10 13:51:22.728 1383 1383 D StrictMode: at android.app.ActivityThread$AndroidOs.access(ActivityThread.java:7731)
06-10 13:51:22.728 1383 1383 D StrictMode: at java.io.UnixFileSystem.checkAccess(UnixFileSystem.java:281)
06-10 13:51:22.728 1383 1383 D StrictMode: at java.io.File.exists(File.java:813)
06-10 13:51:22.728 1383 1383 D StrictMode: at android.app.ContextImpl.ensurePrivateDirExists(ContextImpl.java:743)
06-10 13:51:22.728 1383 1383 D StrictMode: at android.app.ContextImpl.ensurePrivateDirExists(ContextImpl.java:734)
06-10 13:51:22.728 1383 1383 D StrictMode: at android.app.ContextImpl.getPreferencesDir(ContextImpl.java:690)
06-10 13:51:22.728 1383 1383 D StrictMode: at android.app.ContextImpl.getSharedPreferencesPath(ContextImpl.java:915)
06-10 13:51:22.728 1383 1383 D StrictMode: at android.app.ContextImpl.getSharedPreferences(ContextImpl.java:537)
06-10 13:51:22.728 1383 1383 D StrictMode: at android.content.ContextWrapper.getSharedPreferences(ContextWrapper.java:196)
06-10 13:51:22.728 1383 1383 D StrictMode: at android.content.ContextWrapper.getSharedPreferences(ContextWrapper.java:196)
06-10 13:51:22.728 1383 1383 D StrictMode: at com.android.providers.contacts.ContactsUpgradeReceiver.onReceive(ContactsUpgradeReceiver.java:55)
06-10 13:51:22.728 1383 1383 D StrictMode: at android.app.ActivityThread.handleReceiver(ActivityThread.java:4308)
06-10 13:51:22.728 1383 1383 D StrictMode: at android.app.ActivityThread.access$1600(ActivityThread.java:247)
06-10 13:51:22.728 1383 1383 D StrictMode: at android.app.ActivityThread$H.handleMessage(ActivityThread.java:2064)
06-10 13:51:22.728 1383 1383 D StrictMode: at android.os.Handler.dispatchMessage(Handler.java:106)
06-10 13:51:22.728 1383 1383 D StrictMode: at android.os.Looper.loopOnce(Looper.java:201)
06-10 13:51:22.728 1383 1383 D StrictMode: at android.os.Looper.loop(Looper.java:288)
06-10 13:51:22.728 1383 1383 D StrictMode: at android.app.ActivityThread.main(ActivityThread.java:7854)
06-10 13:51:22.728 1383 1383 D StrictMode: at java.lang.reflect.Method.invoke(Native Method)
06-10 13:51:22.728 1383 1383 D StrictMode: at com.android.internal.os.RuntimeInit$MethodAndArgsCaller.run(RuntimeInit.java:548)
06-10 13:51:22.728 1383 1383 D StrictMode: at com.android.internal.os.ZygoteInit.main(ZygoteInit.java:1182)
06-10 13:51:22.738 1383 1383 D StrictMode: StrictMode policy violation; ~duration=6 ms: android.os.strictmode.DiskReadViolation
06-10 13:51:22.738 1383 1383 D StrictMode: at android.os.StrictMode$AndroidBlockGuardPolicy.onReadFromDisk(StrictMode.java:1659)
06-10 13:51:22.738 1383 1383 D StrictMode: at android.app.SharedPreferencesImpl.awaitLoadedLocked(SharedPreferencesImpl.java:275)
06-10 13:51:22.738 1383 1383 D StrictMode: at android.app.SharedPreferencesImpl.getInt(SharedPreferencesImpl.java:326)
06-10 13:51:22.738 1383 1383 D StrictMode: at com.android.providers.contacts.ContactsUpgradeReceiver.onReceive(ContactsUpgradeReceiver.java:56)
06-10 13:51:22.738 1383 1383 D StrictMode: at android.app.ActivityThread.handleReceiver(ActivityThread.java:4308)
06-10 13:51:22.738 1383 1383 D StrictMode: at android.app.ActivityThread.access$1600(ActivityThread.java:247)
06-10 13:51:22.738 1383 1383 D StrictMode: at android.app.ActivityThread$H.handleMessage(ActivityThread.java:2064)
06-10 13:51:22.738 1383 1383 D StrictMode: at android.os.Handler.dispatchMessage(Handler.java:106)
06-10 13:51:22.738 1383 1383 D StrictMode: at android.os.Looper.loopOnce(Looper.java:201)
06-10 13:51:22.738 1383 1383 D StrictMode: at android.os.Looper.loop(Looper.java:288)
06-10 13:51:22.738 1383 1383 D StrictMode: at android.app.ActivityThread.main(ActivityThread.java:7854)
06-10 13:51:22.738 1383 1383 D StrictMode: at java.lang.reflect.Method.invoke(Native Method)
06-10 13:51:22.738 1383 1383 D StrictMode: at com.android.internal.os.RuntimeInit$MethodAndArgsCaller.run(RuntimeInit.java:548)
06-10 13:51:22.738 1383 1383 D StrictMode: at com.android.internal.os.ZygoteInit.main(ZygoteInit.java:1182)
06-10 13:51:22.752 1219 1219 D ExternalStorage: After updating volumes, found 1 active roots
06-10 13:51:22.753 1165 1165 E getHdmiStatus: sourceInputStatus=null mEtnaAdapter=null
06-10 13:51:22.763 523 1255 D CompatibilityChangeReporter: Compat change id reported: 168419799; UID 1000; state: DISABLED
06-10 13:51:22.783 1349 1349 V GraphicsEnvironment: ANGLE Developer option for 'com.oranth.storage' set to: 'default'
06-10 13:51:22.784 1347 1347 V GraphicsEnvironment: ANGLE Developer option for 'com.oranth.ledstatus' set to: 'default'
06-10 13:51:22.785 1347 1347 V GraphicsEnvironment: Neither updatable production driver nor prerelease driver is supported.
06-10 13:51:22.788 1349 1349 V GraphicsEnvironment: Neither updatable production driver nor prerelease driver is supported.
06-10 13:51:22.810 884 884 E DiskReceiver: Missing fsUuid, not launching activity.
06-10 13:51:22.813 523 798 I ActivityManager: com.tv.filemanager.os is exempt from freezer
06-10 13:51:22.813 523 798 D CompatibilityChangeReporter: Compat change id reported: 135634846; UID 10042; state: DISABLED
06-10 13:51:22.813 523 798 D CompatibilityChangeReporter: Compat change id reported: 177438394; UID 10042; state: DISABLED
06-10 13:51:22.813 523 798 D CompatibilityChangeReporter: Compat change id reported: 135772972; UID 10042; state: DISABLED
06-10 13:51:22.813 523 798 D CompatibilityChangeReporter: Compat change id reported: 135754954; UID 10042; state: DISABLED
06-10 13:51:22.815 523 553 D CompatibilityChangeReporter: Compat change id reported: 143937733; UID 10042; state: DISABLED
06-10 13:51:22.852 1383 1473 D ContactsDatabaseHelper: WAL enabled for contacts2.db: true
06-10 13:51:22.855 259 259 D Zygote : Forked child process 1483
06-10 13:51:22.858 523 553 I ActivityManager: app.processName = com.tv.filemanager.os
06-10 13:51:22.858 523 553 I ActivityManager: Start proc 1483:com.tv.filemanager.os/u0a42 for broadcast {com.tv.filemanager.os/com.dangbei.lerad.filemanager.receives.USBReceiver}
06-10 13:51:22.858 1347 1347 D NetworkSecurityConfig: No Network Security Config specified, using platform default
06-10 13:51:22.860 1349 1349 D NetworkSecurityConfig: No Network Security Config specified, using platform default
06-10 13:51:22.865 1483 1483 I Zygote : seccomp disabled by setenforce 0
06-10 13:51:22.868 523 545 W IorapForwardingService: No service published for: iorapd
06-10 13:51:22.868 1420 1420 V GraphicsEnvironment: ANGLE Developer option for 'com.android.localtransport' set to: 'default'
06-10 13:51:22.868 1420 1420 V GraphicsEnvironment: Neither updatable production driver nor prerelease driver is supported.
06-10 13:51:22.881 1383 1463 I CallLogProvider: Syncing call composer pics -- source user=0, isShadow=true, forAllUser=false
06-10 13:51:22.881 1383 1463 I CallLogProvider: Fetching list of Uris to sync
06-10 13:51:22.900 1090 1090 E ccc : cccccc etna-service onCreate
06-10 13:51:22.906 1090 1090 W ContextImpl: Calling a method in the system process without a qualified user: android.app.ContextImpl.sendBroadcast:1173 android.content.ContextWrapper.sendBroadcast:479 com.dangbei.lerad.etna.core.EtnaManager.sendRebootBroadcast:82 com.dangbei.lerad.etna.core.EtnaService.onStartCommand:89 android.app.ActivityThread.handleServiceArgs:4639
06-10 13:51:22.913 523 927 E ActivityManager: Sending non-protected broadcast lerad.service.etna.haqu from system 1090:com.dangbei.lerad.etna.haqu/1000 pkg com.dangbei.lerad.etna.haqu
06-10 13:51:22.913 523 927 E ActivityManager: java.lang.Throwable
06-10 13:51:22.913 523 927 E ActivityManager: at com.android.server.am.ActivityManagerService.checkBroadcastFromSystem(ActivityManagerService.java:12816)
06-10 13:51:22.913 523 927 E ActivityManager: at com.android.server.am.ActivityManagerService.broadcastIntentLocked(ActivityManagerService.java:13416)
06-10 13:51:22.913 523 927 E ActivityManager: at com.android.server.am.ActivityManagerService.broadcastIntentLocked(ActivityManagerService.java:12833)
06-10 13:51:22.913 523 927 E ActivityManager: at com.android.server.am.ActivityManagerService.broadcastIntentWithFeature(ActivityManagerService.java:13670)
06-10 13:51:22.913 523 927 E ActivityManager: at android.app.IActivityManager$Stub.onTransact(IActivityManager.java:2326)
06-10 13:51:22.913 523 927 E ActivityManager: at com.android.server.am.ActivityManagerService.onTransact(ActivityManagerService.java:2509)
06-10 13:51:22.913 523 927 E ActivityManager: at android.os.Binder.execTransactInternal(Binder.java:1179)
06-10 13:51:22.913 523 927 E ActivityManager: at android.os.Binder.execTransact(Binder.java:1143)
06-10 13:51:22.915 412 431 I adbd : jdwp connection from 1483
06-10 13:51:22.916 523 552 I DropBoxManagerService: add tag=system_server_wtf isTagEnabled=true flags=0x2
06-10 13:51:22.922 523 927 E ActivityManager: Sending non-protected broadcast lerad.service.etna.haqu from system 1090:com.dangbei.lerad.etna.haqu/1000 pkg com.dangbei.lerad.etna.haqu
06-10 13:51:22.922 523 927 E ActivityManager: java.lang.Throwable
06-10 13:51:22.922 523 927 E ActivityManager: at com.android.server.am.ActivityManagerService.checkBroadcastFromSystem(ActivityManagerService.java:12816)
06-10 13:51:22.922 523 927 E ActivityManager: at com.android.server.am.ActivityManagerService.broadcastIntentLocked(ActivityManagerService.java:13513)
06-10 13:51:22.922 523 927 E ActivityManager: at com.android.server.am.ActivityManagerService.broadcastIntentLocked(ActivityManagerService.java:12833)
06-10 13:51:22.922 523 927 E ActivityManager: at com.android.server.am.ActivityManagerService.broadcastIntentWithFeature(ActivityManagerService.java:13670)
06-10 13:51:22.922 523 927 E ActivityManager: at android.app.IActivityManager$Stub.onTransact(IActivityManager.java:2326)
06-10 13:51:22.922 523 927 E ActivityManager: at com.android.server.am.ActivityManagerService.onTransact(ActivityManagerService.java:2509)
06-10 13:51:22.922 523 927 E ActivityManager: at android.os.Binder.execTransactInternal(Binder.java:1179)
06-10 13:51:22.922 523 927 E ActivityManager: at android.os.Binder.execTransact(Binder.java:1143)
06-10 13:51:22.928 1090 1090 E ccc : cccccc etna-service onStartCommand
06-10 13:51:22.948 1324 1324 E droid.bluetoot: [0610/135122.940886:ERROR:hal_version_manager.h(125)] HalVersionManager No supported HAL version
06-10 13:51:22.949 1324 1324 I droid.bluetoot: [0610/135122.949379:INFO:btif_config_cache.cc(61)] BtifConfigCache, capacity: 10000
06-10 13:51:22.950 1165 1165 D OsInitLaunch: send cache: mangoAuth, null, AUTH_NO_NETWORK, null
06-10 13:51:22.950 1420 1420 D NetworkSecurityConfig: No Network Security Config specified, using platform default
06-10 13:51:22.951 1420 1420 D NetworkSecurityConfig: No Network Security Config specified, using platform default
06-10 13:51:22.970 1383 1463 I CallLogProvider: Will sync following Uris:[]
06-10 13:51:22.971 1383 1463 I CallLogProvider: Syncing call composer pics -- got []
06-10 13:51:22.972 1324 1324 I BluetoothServiceJni: hal_util_load_bt_library: loaded Bluetooth library successfully
06-10 13:51:22.974 1324 1324 D BluetoothAdapterService: onCreate()
06-10 13:51:22.978 1347 1347 D NetworkSecurityConfig: No Network Security Config specified, using platform default
06-10 13:51:22.990 1347 1347 D aaa : onCreate()
06-10 13:51:22.992 1090 1090 E CoreService: onStartCommand
