06-10 13:52:34.009 401 401 I : Error: set vsif failed
06-10 13:52:34.026 401 401 I : DVI mode selected: packets not configured
06-10 13:52:34.026 401 401 I : Error: set vsif failed
06-10 13:52:34.026 401 401 I : DVI mode selected: packets not configured
06-10 13:52:34.026 401 401 I : Error: set vsif failed
06-10 13:52:34.026 401 401 I : DVI mode selected: packets not configured
06-10 13:52:34.026 401 401 I : Error: set vsif failed
06-10 13:52:34.043 401 401 I : DVI mode selected: packets not configured
06-10 13:52:34.043 401 401 I : Error: set vsif failed
06-10 13:52:34.080 523 545 W IorapForwardingService: No service published for: iorapd
06-10 13:52:34.244 2339 2339 I DefaultIMS: onStartInput attribute=android.view.inputmethod.EditorInfo@5a98601 restarting=false inputType: 0
06-10 13:52:34.316 2641 2717 D UtilLog : 日志批量上报 进行正常循环 !!!!!!本次有0次请求,共0条数据
06-10 13:52:34.415 523 764 D TvWindowManager: key event key = KEYCODE_DPAD_LEFT down = true
06-10 13:52:34.416 523 605 D GpioService: mFlickerEnable = true
06-10 13:52:34.424 2339 2339 I SogouIME: onKeyDown: keyoCode=21
06-10 13:52:34.424 2339 2339 I DefaultIMS: onKeyDown: keyoCode=21
06-10 13:52:34.431 523 764 D TvWindowManager: key event key = KEYCODE_DPAD_LEFT down = false
06-10 13:52:34.432 2339 2339 I SogouIME: onKeyUp: keyoCode=21
06-10 13:52:34.432 2339 2339 I DefaultIMS: onKeyUp: keyoCode=21
06-10 13:52:34.433 2339 2339 I DefaultIMS: onStartInput attribute=android.view.inputmethod.EditorInfo@5c88ca6 restarting=false inputType: 0
06-10 13:52:34.768 3373 3373 I Timer-1 : type=1400 audit(0.0:1280): avc: denied { read } for name="address" dev="sysfs" ino=28794 scontext=u:r:platform_app:s0:c512,c768 tcontext=u:object_r:sysfs:s0 tclass=file permissive=1 app=com.dangbei.screencast
06-10 13:52:34.768 3373 3373 I Timer-1 : type=1400 audit(0.0:1281): avc: denied { open } for path="/sys/devices/platform/unisoc_wifi/net/wlan1/address" dev="sysfs" ino=28794 scontext=u:r:platform_app:s0:c512,c768 tcontext=u:object_r:sysfs:s0 tclass=file permissive=1 app=com.dangbei.screencast
06-10 13:52:34.768 3373 3373 I Timer-1 : type=1400 audit(0.0:1282): avc: denied { getattr } for path="/sys/devices/platform/unisoc_wifi/net/wlan1/address" dev="sysfs" ino=28794 scontext=u:r:platform_app:s0:c512,c768 tcontext=u:object_r:sysfs:s0 tclass=file permissive=1 app=com.dangbei.screencast
06-10 13:52:34.823 523 764 W TelephonyPermissions: reportAccessDeniedToReadIdentifiers:com.dangbei.screencast:getSerial:-1
06-10 13:52:34.906 523 1548 I WifiService: releaseMulticastLock uid=10015
06-10 13:52:34.918 523 1548 I WifiService: releaseMulticastLock uid=10015
06-10 13:52:35.020 3373 3373 D HiSight-SinkService: setDiscoverable true
06-10 13:52:35.031 3373 3373 D NearFieldManager: init.
06-10 13:52:35.037 3373 3373 D NearFieldManager: try check dmsdp
06-10 13:52:35.090 523 545 W IorapForwardingService: No service published for: iorapd
06-10 13:52:35.133 3373 3373 D NearFieldManager: package not exist
06-10 13:52:35.142 523 1548 D CompatibilityChangeReporter: Compat change id reported: 135634846; UID 10015; state: DISABLED
06-10 13:52:35.146 3373 3373 D NearFieldManager: bind nearfield service true
06-10 13:52:35.149 523 553 D CompatibilityChangeReporter: Compat change id reported: 143937733; UID 10015; state: DISABLED
06-10 13:52:35.150 3373 3373 D NearFieldManager: registerCallback true
06-10 13:52:35.150 3373 3373 D HiSight-Discovery: set deviceInfo type:46
06-10 13:52:35.150 3373 3373 D HiSight-Discovery: startAdvertise 1
06-10 13:52:35.162 3373 3451 V NFC : this device does not have NFC support
06-10 13:52:35.169 1165 1368 D wenhc : getScreenInfo uri = content://com.dangbei.screencast.parts.info/screen_cast
06-10 13:52:35.202 259 259 D Zygote : Forked child process 3563
06-10 13:52:35.204 523 553 W ActivityManager: Slow operation: 65ms so far, now at startProcess: returned from zygote!
06-10 13:52:35.205 523 553 W ActivityManager: Slow operation: 66ms so far, now at startProcess: done updating battery stats
06-10 13:52:35.205 523 553 W ActivityManager: Slow operation: 66ms so far, now at startProcess: building log message
06-10 13:52:35.205 523 553 I ActivityManager: app.processName = com.huawei.connection
06-10 13:52:35.205 523 553 I ActivityManager: Start proc 3563:com.huawei.connection/u0a15 for service {com.dangbei.screencast/com.huawei.connection.service.NearFieldManagerService}
06-10 13:52:35.205 523 553 W ActivityManager: Slow operation: 66ms so far, now at startProcess: starting to update pids map
06-10 13:52:35.216 523 553 W ActivityManager: Slow operation: 77ms so far, now at startProcess: done updating pids map
06-10 13:52:35.218 3563 3563 I Zygote : seccomp disabled by setenforce 0
06-10 13:52:35.268 3373 3373 D HiSight-SinkService: setDiscoverable true
06-10 13:52:35.268 3373 3373 D HiSight-Discovery: set deviceInfo type:46
06-10 13:52:35.268 3373 3373 D HiSight-Discovery: startAdvertise 1
06-10 13:52:35.280 412 431 I adbd : jdwp connection from 3563
06-10 13:52:35.294 1165 2279 D wenhc : getScreenInfo uri = content://com.dangbei.screencast.parts.info/screen_cast
06-10 13:52:35.334 3563 3563 D CompatibilityChangeReporter: Compat change id reported: 171979766; UID 10015; state: DISABLED
06-10 13:52:35.343 523 523 D CompatibilityChangeReporter: Compat change id reported: 168419799; UID 1000; state: DISABLED
06-10 13:52:35.370 3373 3373 D HiSight-SinkService: setDiscoverable true
06-10 13:52:35.371 3373 3373 D HiSight-Discovery: set deviceInfo type:46
06-10 13:52:35.371 3373 3373 D HiSight-Discovery: startAdvertise 1
06-10 13:52:35.371 3373 3373 E HuaweiCastService: onStartCommand in 0
06-10 13:52:35.389 523 3579 I BackgroundDexOptService: Performing idle optimizations
06-10 13:52:35.409 1165 2279 D wenhc : getScreenInfo uri = content://com.dangbei.screencast.parts.info/screen_cast
06-10 13:52:35.417 3563 3563 D ApplicationLoaders: Returning zygote-cached class loader: /system/framework/android.test.base.jar
06-10 13:52:35.417 3563 3563 D ApplicationLoaders: Returning zygote-cached class loader: /system/framework/android.hidl.manager-V1.0-java.jar
06-10 13:52:35.417 3563 3563 D ApplicationLoaders: Returning zygote-cached class loader: /system/framework/android.hidl.base-V1.0-java.jar
06-10 13:52:35.417 365 584 D installd: Reconcile secondary dex path /data/user/0/com.dangbei.hqmedia/files/pluginsdkplayer/2.1403.1.250523/1.1403.1.06053/pluginsdkplayer-release-1.1403.1.06053.apk result=0
06-10 13:52:35.480 2210 2210 I rainbow_flow: type=1400 audit(0.0:1283): avc: denied { ioctl } for path="/dev/spidev1.0" dev="tmpfs" ino=6270 ioctlcmd=0x6b00 scontext=u:r:init:s0 tcontext=u:object_r:device:s0 tclass=chr_file permissive=1
06-10 13:52:35.574 3581 3581 E cutils-trace: Error opening trace file: No such file or directory (2)
06-10 13:52:35.628 3268 3268 I excHandlerThrea: type=1400 audit(0.0:1284): avc: denied { lock } for path="/data/user/0/com.dangbei.screencast/files/TDCloud_Control_Cache_Param4" dev="mmcblk0p25" ino=2121 scontext=u:r:platform_app:s0:c512,c768 tcontext=u:object_r:app_data_file:s0:c512,c768 tclass=file permissive=1 app=com.dangbei.screencast
06-10 13:52:35.634 3563 3563 V GraphicsEnvironment: ANGLE Developer option for 'com.dangbei.screencast' set to: 'default'
06-10 13:52:35.635 3563 3563 V GraphicsEnvironment: Neither updatable production driver nor prerelease driver is supported.
06-10 13:52:35.636 3268 3268 I SharedPreferenc: type=1400 audit(0.0:1285): avc: denied { open } for path="/data/user/0/com.dangbei.screencast/shared_prefs/TD_IP_CACHE.xml" dev="mmcblk0p25" ino=15564 scontext=u:r:platform_app:s0:c512,c768 tcontext=u:object_r:app_data_file:s0:c512,c768 tclass=file permissive=1 app=com.dangbei.screencast
06-10 13:52:35.641 3563 3563 D NetworkSecurityConfig: Using Network Security Config from resource network_security_config debugBuild: false
06-10 13:52:35.649 3563 3563 D NetworkSecurityConfig: Using Network Security Config from resource network_security_config debugBuild: false
06-10 13:52:35.651 3563 3563 I MultiDex: VM with version 2.1.0 has multidex support
06-10 13:52:35.651 3563 3563 I MultiDex: Installing application
06-10 13:52:35.651 3563 3563 I MultiDex: VM has multidex support, MultiDex support library is disabled.
06-10 13:52:35.653 3346 3346 W audit : audit_lost=721 audit_rate_limit=5 audit_backlog_limit=64
06-10 13:52:35.653 3346 3346 E audit : rate limit exceeded
06-10 13:52:35.784 523 588 I WifiService: startScan uid=10015
06-10 13:52:35.808 278 278 I EventThread: type=1400 audit(0.0:1288): avc: denied { search } for name="extcon" dev="sysfs" ino=18109 scontext=u:r:hal_tv_cec_default:s0 tcontext=u:object_r:sysfs_extcon:s0 tclass=dir permissive=1
06-10 13:52:35.820 3563 3563 I Thread-3: type=1400 audit(0.0:1289): avc: denied { read } for name="version" dev="proc" ino=4026532049 scontext=u:r:platform_app:s0:c512,c768 tcontext=u:object_r:proc_version:s0 tclass=file permissive=1 app=com.dangbei.screencast
06-10 13:52:35.820 3563 3563 I Thread-3: type=1400 audit(0.0:1290): avc: denied { open } for path="/proc/version" dev="proc" ino=4026532049 scontext=u:r:platform_app:s0:c512,c768 tcontext=u:object_r:proc_version:s0 tclass=file permissive=1 app=com.dangbei.screencast
06-10 13:52:35.820 3563 3563 I Thread-3: type=1400 audit(0.0:1291): avc: denied { getattr } for path="/proc/version" dev="proc" ino=4026532049 scontext=u:r:platform_app:s0:c512,c768 tcontext=u:object_r:proc_version:s0 tclass=file permissive=1 app=com.dangbei.screencast
06-10 13:52:35.823 3563 3589 I crashsdk: version unique build id: 6230cced
06-10 13:52:35.824 3563 3563 I awei.connection: type=1400 audit(0.0:1292): avc: denied { search } for name="net" dev="sysfs" ino=10442 scontext=u:r:platform_app:s0:c512,c768 tcontext=u:object_r:sysfs_net:s0 tclass=dir permissive=1 app=com.dangbei.screencast
06-10 13:52:35.832 3563 3589 I crashsdk: begin hack android.os.Process
06-10 13:52:35.832 3563 3589 I crashsdk: end hack android.os.Process
06-10 13:52:35.835 3563 3607 D crashsdk: Native log stat thread 3607 setup, waiting
06-10 13:52:35.880 3563 3589 I Matrix.AnrTracer: anrTrace, final mAnrBeatTime:400, mAnrBeatRate:400
06-10 13:52:35.882 3563 3611 W efs.send_log: tryFileLock start!
06-10 13:52:35.884 3563 3589 E LaunchManager: Non main process !
06-10 13:52:35.885 3563 3589 W System.err: java.lang.NullPointerException: Attempt to invoke virtual method 'boolean com.efs.sdk.launch.LaunchConfigManager.enableTracer()' on a null object reference
06-10 13:52:35.885 3563 3589 W System.err: at com.umeng.umcrash.UMCrash.init(Unknown Source:403)
06-10 13:52:35.885 3563 3589 W System.err: at java.lang.reflect.Method.invoke(Native Method)
06-10 13:52:35.885 3563 3589 W System.err: at com.umeng.commonsdk.UMConfigure.init(Unknown Source:811)
06-10 13:52:35.885 3563 3589 W System.err: at b.f.f.b.a(:4)
06-10 13:52:35.885 3563 3589 W System.err: at h.o.a.run(Unknown Source:2)
06-10 13:52:35.916 523 3579 I BackgroundDexOptService: Pinning optimized code {}
06-10 13:52:35.916 523 3579 I BackgroundDexOptService: Idle optimizations completed.
06-10 13:52:35.929 3563 3611 I efs.config: --->>> 删除旧的配置文件 false
06-10 13:52:35.932 3563 3611 I efs.config: current config version (-1) is older than another (1735614866)
06-10 13:52:35.933 3563 3627 I efs.base: lt=event`ev_ct=efs_core`ev_ac=pvuv`tm=2025-06-10 13:52:90`dn=1053c25c-e63d-40dd-9dd6-747a3e690b60`ps=com.huawei.connection`um_os=android`stime=1749534755496`pid=3563`fr=android`pkg=com.dangbei.screencast`vcode=20830`dsp_w=1920`uid=1053c25c-e63d-40dd-9dd6-747a3e690b60`rom=12`wid=1053c25c-e63d-40dd-9dd6-747a3e690b60`um_app_carrier=`um_access=wifi`um_app_channel=os`um_crash_sdk_version=1.4.0`ctime=1749534755`model=dbbox-a2`lang=zh`net=wifi`brand=dangbei`dsp_h=1080`um_network_type=0`ver=v2.8.3`build_model=DBBOX-A2`w_tm=1749534755`appid=5fc60c21094d637f3130af19`um_umid_header=ai6e86a2be12b6bb7416d7fb9e42b09755`sdk=31`tzone=Asia/Shanghai`sdk_ver=1.3.6.umeng
06-10 13:52:35.933 3563 3611 I efs.config: load config from storage and notify observer
06-10 13:52:35.954 3373 3461 E raop : JavaCallback init
06-10 13:52:36.094 523 545 W IorapForwardingService: No service published for: iorapd
06-10 13:52:36.382 523 1255 D WifiNl80211Manager: Scan result ready event
06-10 13:52:36.383 523 1255 D WifiNative: Scan result ready event
06-10 13:52:36.451 669 669 E WifiHAL : wifi_get_link_stats: requestResponse Error:-5
06-10 13:52:36.453 523 621 D WificondScannerImpl: Filtering out 9 scan results.
06-10 13:52:36.461 523 617 E WifiVendorHal: getWifiLinkLayerStats_1_5_Internal(l.1191) failed {.code = ERROR_INVALID_ARGS, .description = }
06-10 13:52:36.519 2977 3072 E ccc : cccccc SCAN_RESULTS_AVAILABLE_ACTION hhhh
06-10 13:52:36.520 1165 1165 E hq : NetWorkStateReceiver:::NetWorkStateReceiver onReceive: 网络变化广播 >>>> intent.action=android.net.wifi.SCAN_RESULTS
06-10 13:52:36.541 669 669 E WifiHAL : wifi_get_link_stats: requestResponse Error:-5
06-10 13:52:36.544 523 617 E WifiVendorHal: getWifiLinkLayerStats_1_5_Internal(l.1191) failed {.code = ERROR_INVALID_ARGS, .description = }
06-10 13:52:36.589 1165 1165 W eventbuscore: post Event:com.dangbei.leard.base.entity.event.NetWifiRssiEvent
06-10 13:52:36.679 3563 3563 I TDLog : setReportUncaughtExceptions: true
06-10 13:52:36.680 3563 3563 E Application: onCreate:Version:v2.8.3/20830/883432e
06-10 13:52:36.733 523 534 I system_server: Background young concurrent copying GC freed 178143(7453KB) AllocSpace objects, 29(612KB) LOS objects, 32% free, 12MB/19MB, paused 461us total 343.077ms
06-10 13:52:36.738 3323 3323 W audit : audit_lost=730 audit_rate_limit=5 audit_backlog_limit=64
06-10 13:52:36.738 3323 3323 E audit : rate limit exceeded
06-10 13:52:36.748 3563 3563 D NearFieldManagerService: NearFieldManagerService.
06-10 13:52:36.748 3268 3268 E GuardService: killMyselfRunnable:
06-10 13:52:36.748 3268 3268 I crashsdk: android_os_Process_sendSignal. PID: 3268 SIG: 9
06-10 13:52:36.748 3563 3563 D NearFieldManagerService: onCreate, enter.
06-10 13:52:36.748 3268 3268 I crashsdk: onKillProcess. SIG: 9
06-10 13:52:36.748 3563 3563 I NearFieldManagerService: onBind, enter.
06-10 13:52:36.748 3563 3563 D NearFieldManagerService: initService
06-10 13:52:36.749 3563 3563 D NearFieldManagerService: NearField starting...
06-10 13:52:36.749 3563 3563 D NearFieldUtils: checkSystemProperty in
06-10 13:52:36.749 3563 3563 D NearFieldUtils: checkSystemProperty: systemProperties:
06-10 13:52:36.749 3563 3563 E NearFieldUtils: validProperty: priority is null
06-10 13:52:36.751 3268 3268 I crashsdk: Kill PID: 3268 (com.dangbei.screencast:bg_guard) by pid: 3268 (com.dangbei.screencast:bg_guard) tid: 3268 (main)
06-10 13:52:36.751 3268 3268 I crashsdk: SIG: 9, fg: false, exiting: false, main process: false, time: 20250610135236
06-10 13:52:36.751 3268 3268 I crashsdk: State in disk: 'b'
06-10 13:52:36.751 3268 3268 I crashsdk: at android.os.Process.sendSignal(Native Method)
06-10 13:52:36.751 3268 3268 I crashsdk: at android.os.Process.killProcess(Process.java:1153)
06-10 13:52:36.751 3268 3268 I crashsdk: at com.dangbei.screencast.startup.GuardService$a.run(:2)
06-10 13:52:36.751 3268 3268 I crashsdk: at android.os.Handler.handleCallback(Handler.java:938)
06-10 13:52:36.751 3268 3268 I crashsdk: at android.os.Handler.dispatchMessage(Handler.java:99)
06-10 13:52:36.751 3268 3268 I crashsdk: at android.os.Looper.loopOnce(Looper.java:201)
06-10 13:52:36.751 3268 3268 I crashsdk: at android.os.Looper.loop(Looper.java:288)
06-10 13:52:36.751 3268 3268 I crashsdk: at android.app.ActivityThread.main(ActivityThread.java:7854)
06-10 13:52:36.751 3268 3268 I crashsdk: at java.lang.reflect.Method.invoke(Native Method)
06-10 13:52:36.751 3268 3268 I crashsdk: at com.android.internal.os.RuntimeInit$MethodAndArgsCaller.run(RuntimeInit.java:548)
06-10 13:52:36.751 3268 3268 I crashsdk: at com.android.internal.os.ZygoteInit.main(ZygoteInit.java:1182)
06-10 13:52:36.754 3373 3373 D NearFieldManager: service connected.
06-10 13:52:36.757 3268 3268 I Process : Sending signal. PID: 3268 SIG: 9
06-10 13:52:36.758 3373 3373 D HiSight-Discovery: eventId: 4001
06-10 13:52:36.760 3373 3562 D HiSight-Discovery: msg 4001
06-10 13:52:36.760 3373 3562 D HiSight-Discovery: bind success, status Ready
06-10 13:52:36.760 3373 3562 D HiSight-Discovery: startAdvertise 2
06-10 13:52:36.760 3373 3562 D HiSight-Discovery: stopAdvertise.
06-10 13:52:36.760 3373 3562 D HiSight-Discovery: nearFieldStartListen deviceType 46
06-10 13:52:36.761 3563 3563 I crashsdk: Catcher mask: 5000, 20480
06-10 13:52:36.763 3563 3563 I crashsdk: Catcher thread 3568
06-10 13:52:36.763 3563 3563 D crashsdk: Register ANR handler ...
06-10 13:52:36.763 3563 3578 I NearFieldManagerImpl: setDeviceInfo, sDeviceId changes
06-10 13:52:36.764 3563 3563 D NearFieldManagerImpl: onReceive action get:android.net.conn.CONNECTIVITY_CHANGE
06-10 13:52:36.764 3563 3578 I NearFieldManagerImpl: setDeviceInfo, sDeviceName changes
06-10 13:52:36.765 3563 3578 D NearFieldManagerImpl: setServiceData, sServiceData=[], serviceData=[32]
06-10 13:52:36.765 3563 3627 W efs.info.manager: network change: wifi
06-10 13:52:36.766 3563 3563 D NearFieldUtils: getPreferredIpAddress exec
06-10 13:52:36.766 3563 3563 D NearFieldUtils: getPreferredIpAddress by custom priority
06-10 13:52:36.766 3563 3563 D NearFieldUtils: getIpByInterfaceSetting customIdnNetworkPriority:[]
06-10 13:52:36.766 3563 3563 D NearFieldUtils: getPreferredIpAddress by default priority
06-10 13:52:36.767 523 536 W System : A resource failed to call release.
06-10 13:52:36.768 3373 3562 E NearFieldManager: setIdnNetworkPriority: networkPortPriority is empty
06-10 13:52:36.769 3373 3562 D NearFieldManager: StartListen moduleId: CastPlusDiscoveryModule
06-10 13:52:36.770 3563 3578 D NearFieldManagerImpl: startListen: moduleId: CastPlusDiscoveryModule
06-10 13:52:36.770 3563 3578 D NearFieldUtils: getPreferredIpAddress exec
06-10 13:52:36.770 3563 3578 D NearFieldUtils: getPreferredIpAddress by custom priority
06-10 13:52:36.770 3563 3578 D NearFieldUtils: getIpByInterfaceSetting customIdnNetworkPriority:[]
06-10 13:52:36.770 3563 3578 D NearFieldUtils: getPreferredIpAddress by default priority
06-10 13:52:36.796 3563 3578 D NearFieldUtils: to get wlan0 ip address
06-10 13:52:36.797 3563 3578 D NearFieldUtils: get wlan0 IP succeed.
06-10 13:52:36.797 3563 3563 D NearFieldUtils: to get wlan0 ip address
06-10 13:52:36.797 3563 3578 D NearFieldManagerImpl: sDeviceType: 46
06-10 13:52:36.797 3563 3563 D NearFieldUtils: get wlan0 IP succeed.
06-10 13:52:36.797 3563 3578 D NearFieldManagerImpl: registerDevice() is called.
06-10 13:52:36.797 3563 3563 E NearFieldManagerImpl: notifyByPriority: interfaceNameInUse is null
06-10 13:52:36.797 3563 3563 D NearFieldManagerImpl: handleConnectivityAction: notified by default
06-10 13:52:36.797 3563 3578 E NearFieldManagerUtilsNative: Begin System.loadLibrary()
06-10 13:52:36.812 3563 3563 D NearFieldUtils: to get wlan0 ip address
06-10 13:52:36.812 3563 3563 D NearFieldUtils: get wlan0 IP succeed.
06-10 13:52:36.812 3563 3563 I NearFieldManagerImpl: wlan Connected
06-10 13:52:36.815 3563 3578 I HicomNfTimerManager: epoll fd:128 create success
06-10 13:52:36.815 3563 3578 I HicomNfTimerManager: epoll add fd:129--->128 success
06-10 13:52:36.815 3563 3578 I HicomNfTimerManager: time fd:129 add to epoll success
06-10 13:52:36.831 3563 3563 I HicomNf_java_to_c: notifyNetworkStateChanged with maskStr, networkType: 0, networkState: 0, mask:
06-10 13:52:36.832 3563 3563 I HicomNfMainCtrlManager: NotifyNetworkStateChanged is called with networkState: 0
06-10 13:52:36.832 3563 3563 I HicomNfMainCtrlManager: P2P and USB are both disconnected
06-10 13:52:36.832 3563 3563 I HicomNfSecureManager: stop listening
06-10 13:52:36.832 3563 3563 I HicomNfSecureManager: StopListening, m_sessionInfoLock out, before calling NSTACKX_DMsgClose 2
06-10 13:52:36.832 3563 3563 I HicomNfSecureManager: StopListening, after calling NSTACKX_DMsgClose 2
06-10 13:52:36.839 3563 3578 D nStackXDFinder: NSTACKX_Init:[146] :nstack ctrl creat epollfd 130
06-10 13:52:36.840 3563 3578 I nStackXDFinder: InitDefaultInterfaceName:[779] :InitDefaultInterfaceName exec
06-10 13:52:36.840 3563 3578 D nStackXCoAP: CoapServerInit:[174] :CoapServerInit is called
06-10 13:52:36.840 3563 3578 E nStackXDFinder: GetLocalIp:[401] :GetLocalIp exec
06-10 13:52:36.840 3563 3578 E nStackXDFinder: GetLocalIp:[407] :GetLocalIp, ifInfo is null
06-10 13:52:36.841 3563 3578 I HicomNfMainCtrlManager: NSTACKX_RegisterDevice is called
06-10 13:52:36.841 3563 3578 D NearFieldManagerImpl: Register device success.
06-10 13:52:36.841 3563 3578 I NearFieldManagerImpl: serviceName is castPlus
06-10 13:52:36.841 3563 3578 D NearFieldManagerImpl: registerCapability() called with: capabilityBitmapNum = 1, capabilityBitmap = [8]
06-10 13:52:36.842 3563 3578 I HicomNf_java_to_c: registerCapability, capabilityBitmapNum: 1
06-10 13:52:36.842 3563 3578 I HicomNfMainCtrlManager: RegisterCapability: 1, 8
06-10 13:52:36.842 3563 3578 D NearFieldManagerImpl: Register capability succeed with capabilityBitmapNum = 1, capabilityBitmap = [8]
06-10 13:52:36.842 3563 3578 D NearFieldManagerImpl: registerServiceData() called with: serviceData = 32
06-10 13:52:36.842 3563 3578 D NearFieldManagerImpl: registerModule() called with: packageModuleName = com.huawei.connection+CastPlusDiscoveryModule
06-10 13:52:36.842 3563 3578 I HicomNf_java_to_c: registerModule, moduleName: com.huawei.connection+CastPlusDiscoveryModule
06-10 13:52:36.842 3563 3578 I HicomNfMainCtrlManager: Enter RegisterModule
06-10 13:52:36.842 3563 3578 I HicomNfRegManager: RegisterModule OK, add module name com.huawei.connection+CastPlusDiscoveryModule
06-10 13:52:36.844 3563 3659 I nStackXDFinder: UpdateLocalNetworkInterface:[472] :UpdateLocalNetworkInterface exec,initerfaceName:wlan0
06-10 13:52:36.844 3563 3659 E nStackXDFinder: GetLocalIp:[401] :GetLocalIp exec
06-10 13:52:36.844 3563 3659 E nStackXDFinder: GetLocalIp:[407] :GetLocalIp, ifInfo is null
06-10 13:52:36.844 3563 3659 I nStackXDFinder: UpdateLocalNetworkInterface:[498] :UpdateLocalNetworkInterface copy ip value in default process
06-10 13:52:36.844 3563 3659 E nStackXDFinder: GetLocalIp:[401] :GetLocalIp exec
06-10 13:52:36.844 3563 3659 D nStackXCoAP: CoapServerInit:[174] :CoapServerInit is called
06-10 13:52:36.844 3563 3659 E nStackXDFinder: GetLocalIp:[401] :GetLocalIp exec
06-10 13:52:36.844 3563 3659 I nStackXUtil: BindToDevice:[352] :BindToDevice exec
06-10 13:52:36.845 3563 3659 I nStackXUtil: GetInterfaceByPriority:[279] :GetInterfaceByPriority exec
06-10 13:52:36.845 3563 3659 I nStackXUtil: GetInterfaceByDefault:[309] :GetInterfaceByDefault exec
06-10 13:52:36.845 3563 3659 I nStackXUtil: GetInterfaceByDefault:[316] :GetInterfaceByDefault, ndevice name: lo
06-10 13:52:36.845 3563 3659 I nStackXUtil: GetInterfaceByDefault:[316] :GetInterfaceByDefault, ndevice name: wlan0
06-10 13:52:36.845 3373 3562 I Hisight-DeviceListManager: init DeviceListManager.
06-10 13:52:36.852 3563 3659 I nStackXUtil: BindToDevice:[374] :BindToDevice, Bind localAddr name: wlan0
06-10 13:52:36.852 3563 3659 E nStackXUtil: BindToDeviceInner:[188] :setsockopt fail, errno = 1
06-10 13:52:36.852 3563 3659 E nStackXCoAP: CoapGetContext:[250] :bind to device fail
06-10 13:52:36.852 3563 3659 D nStackXCoAP: CoapInitResources:[744] :CoapInitResources g_wlanOrEthContext update
06-10 13:52:36.852 3563 3659 I nStackXDFinder: RegisterServiceData:[728] :RegisterServiceData, serviceData=[32]
06-10 13:52:36.853 523 1255 W ServiceManager: Permission failure: android.permission.HIGH_SAMPLING_RATE_SENSORS from uid=10015 pid=3563
06-10 13:52:36.854 3563 3563 I HicomNf_java_to_c: notifyNetworkStateChanged with maskStr, networkType: 0, networkState: 1, mask: 255.255.254.0
06-10 13:52:36.854 3563 3563 I HicomNfMainCtrlManager: NotifyNetworkStateChanged is called with networkState: 1
06-10 13:52:36.854 3563 3563 I HicomNfSecureManager: StartListening, before calling NSTACKX_DMsgServer
06-10 13:52:36.854 3563 3563 I nStackXDMsg: NSTACKX_DMsgServer:[1335] :msgReceiver is not NULL
06-10 13:52:36.855 3563 3563 D nStackXDMsg: StartDMsgMainThread:[1274] :pthread_create
06-10 13:52:36.855 3563 3563 I HicomNfSecureManager: StartListening, after calling NSTACKX_DMsgServer
06-10 13:52:36.855 3563 3563 I HicomNfSecureManager: OnehopSecureCtrlManager: succeeded to StartListening with type 0
06-10 13:52:36.856 3373 3562 D Hisight-DeviceListManager: get old secret key
06-10 13:52:36.858 3563 3591 I TDLog : TalkingData SDK init...
06-10 13:52:36.858 3563 3591 I TDLog : SDK_VERSION is: Android+TD+V5.0.7 gp Type:Native Build_Num:2141
06-10 13:52:36.858 3563 3591 I TDLog : App ID is: B9D7815EC975466AB1332111FCE62DF5
06-10 13:52:36.858 3563 3591 I TDLog : App Channel is: os
06-10 13:52:36.858 3563 3591 I TDLog : App Custom is:
06-10 13:52:36.858 3563 3591 I TDLog : SDK_OVC is: TDOVC+a3bb7754719798526508b6caad480dd7+SaaS
06-10 13:52:36.883 3373 3562 E Hisight-ConnectAuthCallBack: readSecureFile failed, no such file
06-10 13:52:36.888 3373 3562 W Hisight-DeviceListManager: deviceRecords is empty
06-10 13:52:36.888 3373 3562 W Hisight-DeviceListManager: occur error, clear all the list
06-10 13:52:36.889 3373 3562 D Hisight-HiChainAuthControl: start HiChainAuthControl
06-10 13:52:36.916 3373 3562 I ConnectAuthJNI: JNI_OnLoad begin load
06-10 13:52:36.902 1131 1131 E sprdwl : sprdwl_rx_rsp_process ctx_id 0 recv rsp[WIFI_CMD_TX_DATA] status[SPRDWL_CMD_STATUS_ERROR]
06-10 13:52:36.916 3373 3562 I ConnectAuthJNI: RegisterNativeMethod begin
06-10 13:52:36.916 3373 3562 I ConnectAuthJNI: RegisterNativeMethod end
06-10 13:52:36.916 3373 3562 I ConnectAuthJNI: RegisterNativeMethod 1004 methodLen=10
06-10 13:52:36.916 3373 3562 I ConnectAuthJNI: RegisterNativeMethod 1007 RegisterNatives=0
06-10 13:52:36.916 3373 3562 I ConnectAuthJNI: InitArraylist 1013
06-10 13:52:36.917 3373 3562 I ConnectAuthJNI: InitConnectAuthStaticJNIMethod 1114 methodRet=0
06-10 13:52:36.917 3373 3562 E ConnectAuthJNI: JNI_OnLoad finish....1138
06-10 13:52:36.917 3373 3562 D Hisight-HiChainAuthControl: setupAuthIfNeeded, HiChainInstance hasn't been initialized
06-10 13:52:36.917 3373 3562 I ConnectAuthJNI: Java_com_huawei_hisight_security_ConnectAuthNative_nativeSetup 795 call HiChainNativeSetup
06-10 13:52:36.917 3373 3562 I ConnectAuthJNI: HiChainNativeSetup 565 registe_log
06-10 13:52:36.917 3373 3562 I ConnectAuthJNI: HksStorageRegisterFileCallbacks 245 register hks file callback status =0
06-10 13:52:36.917 3373 3562 I ConnectAuthJNI: HksRegisterGetDeviceIdCallback 268 register hks get hardware udid callback status =0
06-10 13:52:36.917 3373 3562 D ConnectAuthJNI: [HiChain] get_instance Begin get instance
06-10 13:52:36.918 3373 3562 I ConnectAuthJNI: [HKS] hks_service_key_info_init hks init : begin
06-10 13:52:36.918 3373 3562 I ConnectAuthJNI: FileRead 113 FileRead
06-10 13:52:36.918 3373 3562 I ConnectAuthJNI: FileRead 122 FileRead call readSecureFile begin
06-10 13:52:36.919 3373 3562 E Hisight-ConnectAuthCallBack: readSecureFile failed, no such file
06-10 13:52:36.919 3373 3562 W ConnectAuthJNI: FileRead 132 FileRead call readSecureFile byteArray is null
06-10 13:52:36.919 3373 3562 I ConnectAuthJNI: [HKS] hks_rkc_init RKC init:begin, is_key_info_exist=0
06-10 13:52:36.919 3373 3562 I ConnectAuthJNI: [HKS] hks_rkc_init_entropy the entropy is empty
06-10 13:52:36.919 3373 3562 I ConnectAuthJNI: FileSize 214 FileSize
06-10 13:52:36.919 3373 3562 I ConnectAuthJNI: FileSize 230 fileSize=258
06-10 13:52:36.920 3373 3562 I ConnectAuthJNI: FileRead 113 FileRead
06-10 13:52:36.920 3373 3562 I ConnectAuthJNI: FileRead 122 FileRead call readSecureFile begin
06-10 13:52:36.920 3373 3562 I ConnectAuthJNI: FileRead 135 FileRead call readSecureFile end
06-10 13:52:36.920 3373 3562 I ConnectAuthJNI: FileRead 150 fileBuff size 258, buf len 258
06-10 13:52:36.920 3373 3562 I ConnectAuthJNI: FileSize 214 FileSize
06-10 13:52:36.920 3373 3562 I ConnectAuthJNI: FileSize 230 fileSize=258
06-10 13:52:36.920 3373 3562 I ConnectAuthJNI: FileRead 113 FileRead
06-10 13:52:36.920 3373 3562 I ConnectAuthJNI: FileRead 122 FileRead call readSecureFile begin
06-10 13:52:36.920 3373 3562 I ConnectAuthJNI: FileRead 135 FileRead call readSecureFile end
06-10 13:52:36.920 3373 3562 I ConnectAuthJNI: FileRead 150 fileBuff size 258, buf len 258
06-10 13:52:36.921 3373 3562 I ConnectAuthJNI: [HKS] hks_rkc_load_ksf load ksf success
06-10 13:52:36.921 3373 3562 I ConnectAuthJNI: [HKS] hks_rkc_init root key component init success
06-10 13:52:36.921 3373 3562 I ConnectAuthJNI: [HKS] hks_rkc_init RKC init:end,rc=0
06-10 13:52:36.921 3373 3562 I ConnectAuthJNI: [HKS] hks_service_key_info_init hks init : end
06-10 13:52:36.921 3373 3562 I ConnectAuthJNI: GetHiChainProtocolParamsCallback 371 GetHiChainProtocolParamsCallback operation_code= 99
06-10 13:52:36.921 3373 3562 I ConnectAuthJNI: paramLen is ,=0
06-10 13:52:36.921 3373 3562 I ConnectAuthJNI: paramLen is ,=0
06-10 13:52:36.921 3373 3562 I ConnectAuthJNI: GetHiChainProtocolParamsCallback 402 GetHiChainProtocolParamsCallback end
06-10 13:52:36.921 3373 3562 I ConnectAuthJNI: [HiChain] get_instance Get instance success
06-10 13:52:36.921 3373 3562 I ConnectAuthJNI: Java_com_huawei_hisight_security_ConnectAuthNative_nativeGetHiChainInstance 598 get instance success
06-10 13:52:36.921 3373 3562 D Hisight-HiChainAuthControl: destroyAuth
06-10 13:52:36.921 3373 3562 I ConnectAuthJNI: Java_com_huawei_hisight_security_ConnectAuthNative_nativeDestroy 603 destroy
06-10 13:52:36.921 3373 3562 D Hisight-HiChainAuthControl: setupAuthIfNeeded, HiChainInstance hasn't been initialized
06-10 13:52:36.921 3373 3562 I ConnectAuthJNI: Java_com_huawei_hisight_security_ConnectAuthNative_nativeSetup 795 call HiChainNativeSetup
06-10 13:52:36.921 3373 3562 I ConnectAuthJNI: HiChainNativeSetup 565 registe_log
06-10 13:52:36.921 3373 3562 I ConnectAuthJNI: HksStorageRegisterFileCallbacks 245 register hks file callback status =0
06-10 13:52:36.921 3373 3562 I ConnectAuthJNI: HksRegisterGetDeviceIdCallback 268 register hks get hardware udid callback status =0
06-10 13:52:36.922 3373 3562 D ConnectAuthJNI: [HiChain] get_instance Begin get instance
06-10 13:52:36.922 3373 3562 I ConnectAuthJNI: [HKS] hks_service_key_info_init hks init : begin
06-10 13:52:36.922 3373 3562 I ConnectAuthJNI: [HKS] hks_service_key_info_init hks init : end
06-10 13:52:36.922 3373 3562 I ConnectAuthJNI: GetHiChainProtocolParamsCallback 371 GetHiChainProtocolParamsCallback operation_code= 99
06-10 13:52:36.922 3373 3562 I ConnectAuthJNI: paramLen is ,=0
06-10 13:52:36.922 3373 3562 I ConnectAuthJNI: paramLen is ,=0
06-10 13:52:36.922 3373 3562 I ConnectAuthJNI: GetHiChainProtocolParamsCallback 402 GetHiChainProtocolParamsCallback end
06-10 13:52:36.925 3373 3562 I ConnectAuthJNI: [HiChain] get_instance Get instance success
06-10 13:52:36.925 3373 3562 I ConnectAuthJNI: Java_com_huawei_hisight_security_ConnectAuthNative_nativeGetHiChainInstance 598 get instance success
06-10 13:52:36.925 3373 3562 W ConnectAuthJNI: GetListTrustPeers 899 trustPeerSize=0
06-10 13:52:36.926 3373 3562 D Hisight-HiChainAuthControl: destroyAuth
06-10 13:52:36.926 3373 3562 I ConnectAuthJNI: Java_com_huawei_hisight_security_ConnectAuthNative_nativeDestroy 603 destroy
06-10 13:52:36.926 3373 3562 D Hisight-HiChainAuthControl: setupAuthIfNeeded, HiChainInstance hasn't been initialized
06-10 13:52:36.926 3373 3562 I ConnectAuthJNI: Java_com_huawei_hisight_security_ConnectAuthNative_nativeSetup 795 call HiChainNativeSetup
06-10 13:52:36.926 3373 3562 I ConnectAuthJNI: HiChainNativeSetup 565 registe_log
06-10 13:52:36.926 3373 3562 I ConnectAuthJNI: HksStorageRegisterFileCallbacks 245 register hks file callback status =0
06-10 13:52:36.926 3373 3562 I ConnectAuthJNI: HksRegisterGetDeviceIdCallback 268 register hks get hardware udid callback status =0
06-10 13:52:36.927 3373 3562 D ConnectAuthJNI: [HiChain] get_instance Begin get instance
06-10 13:52:36.927 3373 3562 I ConnectAuthJNI: [HKS] hks_service_key_info_init hks init : begin
06-10 13:52:36.927 3373 3562 I ConnectAuthJNI: [HKS] hks_service_key_info_init hks init : end
06-10 13:52:36.927 3373 3562 I ConnectAuthJNI: GetHiChainProtocolParamsCallback 371 GetHiChainProtocolParamsCallback operation_code= 99
06-10 13:52:36.927 3373 3562 I ConnectAuthJNI: paramLen is ,=0
06-10 13:52:36.927 3373 3562 I ConnectAuthJNI: paramLen is ,=0
06-10 13:52:36.927 3373 3562 I ConnectAuthJNI: GetHiChainProtocolParamsCallback 402 GetHiChainProtocolParamsCallback end
06-10 13:52:36.927 3373 3562 I ConnectAuthJNI: [HiChain] get_instance Get instance success
06-10 13:52:36.928 3373 3562 I ConnectAuthJNI: Java_com_huawei_hisight_security_ConnectAuthNative_nativeGetHiChainInstance 598 get instance success
06-10 13:52:36.928 3373 3562 W ConnectAuthJNI: GetListTrustPeers 899 trustPeerSize=0
06-10 13:52:36.930 3373 3562 D Hisight-DeviceListManager: init trusted list size: 0
06-10 13:52:36.930 3373 3562 D HiSight-ConnectionManager: setAuthInfo, authMode: 1
06-10 13:52:36.915 1131 1131 E sprdwl : sprdwl_rx_rsp_process ctx_id 0 recv rsp[WIFI_CMD_TX_DATA] status[SPRDWL_CMD_STATUS_ERROR]
06-10 13:52:36.935 1131 1131 E sprdwl : sprdwl_rx_rsp_process ctx_id 0 recv rsp[WIFI_CMD_TX_DATA] status[SPRDWL_CMD_STATUS_ERROR]
06-10 13:52:36.951 1131 1131 E sprdwl : sprdwl_rx_rsp_process ctx_id 0 recv rsp[WIFI_CMD_TX_DATA] status[SPRDWL_CMD_STATUS_ERROR]
06-10 13:52:36.963 1131 1131 E sprdwl : sprdwl_rx_rsp_process ctx_id 0 recv rsp[WIFI_CMD_TX_DATA] status[SPRDWL_CMD_STATUS_ERROR]
06-10 13:52:36.981 3373 3426 W efs.send_log: tryFileLock sendlock sucess! processname: com.dangbei.screencast
06-10 13:52:36.976 1131 1131 E sprdwl : sprdwl_rx_rsp_process ctx_id 0 recv rsp[WIFI_CMD_TX_DATA] status[SPRDWL_CMD_STATUS_ERROR]
06-10 13:52:36.986 523 588 I ActivityManager: Process com.dangbei.screencast:bg_guard (pid 3268) has died: prcp FGS
06-10 13:52:36.988 523 554 I libprocessgroup: Successfully killed process cgroup uid 10015 pid 3268 in 0ms
06-10 13:52:36.992 259 259 I Zygote : Process 3268 exited due to signal 9 (Killed)
06-10 13:52:36.989 1131 1131 E sprdwl : sprdwl_rx_rsp_process ctx_id 0 recv rsp[WIFI_CMD_TX_DATA] status[SPRDWL_CMD_STATUS_ERROR]
06-10 13:52:36.997 1 1 I init : Untracked pid 3338 exited with status 0
06-10 13:52:37.002 1131 1131 E sprdwl : sprdwl_rx_rsp_process ctx_id 0 recv rsp[WIFI_CMD_TX_DATA] status[SPRDWL_CMD_STATUS_ERROR]
06-10 13:52:37.016 1131 1131 E sprdwl : sprdwl_rx_rsp_process ctx_id 0 recv rsp[WIFI_CMD_TX_DATA] status[SPRDWL_CMD_STATUS_ERROR]
06-10 13:52:37.036 1131 1131 E sprdwl : sprdwl_rx_rsp_process ctx_id 0 recv rsp[WIFI_CMD_TX_DATA] status[SPRDWL_CMD_STATUS_ERROR]
06-10 13:52:37.051 1131 1131 E sprdwl : sprdwl_rx_rsp_process ctx_id 0 recv rsp[WIFI_CMD_TX_DATA] status[SPRDWL_CMD_STATUS_ERROR]
06-10 13:52:37.064 1131 1131 E sprdwl : sprdwl_rx_rsp_process ctx_id 0 recv rsp[WIFI_CMD_TX_DATA] status[SPRDWL_CMD_STATUS_ERROR]
06-10 13:52:37.076 1131 1131 E sprdwl : sprdwl_rx_rsp_process ctx_id 0 recv rsp[WIFI_CMD_TX_DATA] status[SPRDWL_CMD_STATUS_ERROR]
06-10 13:52:37.097 523 545 W IorapForwardingService: No service published for: iorapd
06-10 13:52:37.089 1131 1131 E sprdwl : sprdwl_rx_rsp_process ctx_id 0 recv rsp[WIFI_CMD_TX_DATA] status[SPRDWL_CMD_STATUS_ERROR]
06-10 13:52:37.102 1131 1131 E sprdwl : sprdwl_rx_rsp_process ctx_id 0 recv rsp[WIFI_CMD_TX_DATA] status[SPRDWL_CMD_STATUS_ERROR]
06-10 13:52:37.108 2442 2512 E ServerInterface: Server timed out
06-10 13:52:37.108 2442 2512 E ServerInterface: java.net.SocketTimeoutException: failed to connect to remoteprovisioning.googleapis.com/173.194.202.95 (port 443) from /192.168.3.12 (port 59282) after 5000ms
06-10 13:52:37.108 2442 2512 E ServerInterface: at libcore.io.IoBridge.connectErrno(IoBridge.java:236)
06-10 13:52:37.108 2442 2512 E ServerInterface: at libcore.io.IoBridge.connect(IoBridge.java:180)
06-10 13:52:37.108 2442 2512 E ServerInterface: at java.net.PlainSocketImpl.socketConnect(PlainSocketImpl.java:142)
06-10 13:52:37.108 2442 2512 E ServerInterface: at java.net.AbstractPlainSocketImpl.doConnect(AbstractPlainSocketImpl.java:390)
06-10 13:52:37.108 2442 2512 E ServerInterface: at java.net.AbstractPlainSocketImpl.connectToAddress(AbstractPlainSocketImpl.java:230)
06-10 13:52:37.108 2442 2512 E ServerInterface: at java.net.AbstractPlainSocketImpl.connect(AbstractPlainSocketImpl.java:212)
06-10 13:52:37.108 2442 2512 E ServerInterface: at java.net.SocksSocketImpl.connect(SocksSocketImpl.java:436)
06-10 13:52:37.108 2442 2512 E ServerInterface: at java.net.Socket.connect(Socket.java:621)
06-10 13:52:37.108 2442 2512 E ServerInterface: at com.android.okhttp.internal.Platform.connectSocket(Platform.java:182)
06-10 13:52:37.108 2442 2512 E ServerInterface: at com.android.okhttp.internal.io.RealConnection.connectSocket(RealConnection.java:145)
06-10 13:52:37.108 2442 2512 E ServerInterface: at com.android.okhttp.internal.io.RealConnection.connect(RealConnection.java:116)
06-10 13:52:37.108 2442 2512 E ServerInterface: at com.android.okhttp.internal.http.StreamAllocation.findConnection(StreamAllocation.java:186)
06-10 13:52:37.108 2442 2512 E ServerInterface: at com.android.okhttp.internal.http.StreamAllocation.findHealthyConnection(StreamAllocation.java:128)
06-10 13:52:37.108 2442 2512 E ServerInterface: at com.android.okhttp.internal.http.StreamAllocation.newStream(StreamAllocation.java:97)
06-10 13:52:37.108 2442 2512 E ServerInterface: at com.android.okhttp.internal.http.HttpEngine.connect(HttpEngine.java:289)
06-10 13:52:37.108 2442 2512 E ServerInterface: at com.android.okhttp.internal.http.HttpEngine.sendRequest(HttpEngine.java:232)
06-10 13:52:37.108 2442 2512 E ServerInterface: at com.android.okhttp.internal.huc.HttpURLConnectionImpl.execute(HttpURLConnectionImpl.java:465)
06-10 13:52:37.108 2442 2512 E ServerInterface: at com.android.okhttp.internal.huc.HttpURLConnectionImpl.connect(HttpURLConnectionImpl.java:131)
06-10 13:52:37.108 2442 2512 E ServerInterface: at com.android.okhttp.internal.huc.HttpURLConnectionImpl.getOutputStream(HttpURLConnectionImpl.java:262)
06-10 13:52:37.108 2442 2512 E ServerInterface: at com.android.okhttp.internal.huc.DelegatingHttpsURLConnection.getOutputStream(DelegatingHttpsURLConnection.java:219)
06-10 13:52:37.108 2442 2512 E ServerInterface: at com.android.okhttp.internal.huc.HttpsURLConnectionImpl.getOutputStream(HttpsURLConnectionImpl.java:30)
06-10 13:52:37.108 2442 2512 E ServerInterface: at com.android.remoteprovisioner.ServerInterface.fetchGeek(ServerInterface.java:120)
06-10 13:52:37.108 2442 2512 E ServerInterface: at com.android.remoteprovisioner.PeriodicProvisioner$ProvisionerThread.run(PeriodicProvisioner.java:135)
06-10 13:52:37.109 2442 2512 E RemoteProvisioningService: Failed to get a response from the server.
06-10 13:52:37.114 1131 1131 E sprdwl : sprdwl_rx_rsp_process ctx_id 0 recv rsp[WIFI_CMD_TX_DATA] status[SPRDWL_CMD_STATUS_ERROR]
06-10 13:52:37.928 1131 1131 E sprdwl : sprdwl_rx_rsp_process ctx_id 0 recv rsp[WIFI_CMD_TX_DATA] status[SPRDWL_CMD_STATUS_ERROR]
06-10 13:52:37.963 1131 1131 E sprdwl : sprdwl_rx_rsp_process ctx_id 0 recv rsp[WIFI_CMD_TX_DATA] status[SPRDWL_CMD_STATUS_ERROR]
06-10 13:52:37.976 1131 1131 E sprdwl : sprdwl_rx_rsp_process ctx_id 0 recv rsp[WIFI_CMD_TX_DATA] status[SPRDWL_CMD_STATUS_ERROR]
06-10 13:52:37.988 1131 1131 E sprdwl : sprdwl_rx_rsp_process ctx_id 0 recv rsp[WIFI_CMD_TX_DATA] status[SPRDWL_CMD_STATUS_ERROR]
06-10 13:52:38.001 1131 1131 E sprdwl : sprdwl_rx_rsp_process ctx_id 0 recv rsp[WIFI_CMD_TX_DATA] status[SPRDWL_CMD_STATUS_ERROR]
06-10 13:52:38.014 1131 1131 E sprdwl : sprdwl_rx_rsp_process ctx_id 0 recv rsp[WIFI_CMD_TX_DATA] status[SPRDWL_CMD_STATUS_ERROR]
06-10 13:52:38.028 1131 1131 E sprdwl : sprdwl_rx_rsp_process ctx_id 0 recv rsp[WIFI_CMD_TX_DATA] status[SPRDWL_CMD_STATUS_ERROR]
06-10 13:52:38.042 1131 1131 E sprdwl : sprdwl_rx_rsp_process ctx_id 0 recv rsp[WIFI_CMD_TX_DATA] status[SPRDWL_CMD_STATUS_ERROR]
06-10 13:52:38.062 1131 1131 E sprdwl : sprdwl_rx_rsp_process ctx_id 0 recv rsp[WIFI_CMD_TX_DATA] status[SPRDWL_CMD_STATUS_ERROR]
06-10 13:52:38.076 1131 1131 E sprdwl : sprdwl_rx_rsp_process ctx_id 0 recv rsp[WIFI_CMD_TX_DATA] status[SPRDWL_CMD_STATUS_ERROR]
06-10 13:52:38.088 1131 1131 E sprdwl : sprdwl_rx_rsp_process ctx_id 0 recv rsp[WIFI_CMD_TX_DATA] status[SPRDWL_CMD_STATUS_ERROR]
06-10 13:52:38.101 1131 1131 E sprdwl : sprdwl_rx_rsp_process ctx_id 0 recv rsp[WIFI_CMD_TX_DATA] status[SPRDWL_CMD_STATUS_ERROR]
06-10 13:52:38.099 523 545 W IorapForwardingService: No service published for: iorapd
06-10 13:52:38.114 1131 1131 E sprdwl : sprdwl_rx_rsp_process ctx_id 0 recv rsp[WIFI_CMD_TX_DATA] status[SPRDWL_CMD_STATUS_ERROR]
06-10 13:52:38.126 1131 1131 E sprdwl : sprdwl_rx_rsp_process ctx_id 0 recv rsp[WIFI_CMD_TX_DATA] status[SPRDWL_CMD_STATUS_ERROR]
06-10 13:52:38.139 1131 1131 E sprdwl : sprdwl_rx_rsp_process ctx_id 0 recv rsp[WIFI_CMD_TX_DATA] status[SPRDWL_CMD_STATUS_ERROR]
06-10 13:52:38.409 3373 3675 I PlatformDependent: Your platform does not provide complete low-level API for accessing direct buffers reliably. Unless explicitly requested, heap buffer will always be preferred to avoid potential system instability.
06-10 13:52:38.614 3373 3461 W VideoCapabilities: Unrecognized profile/level 0/3 for video/mpeg2
06-10 13:52:38.636 523 628 D NsdService: Register service
06-10 13:52:38.636 523 628 D NsdService: registerService: 10 name: 当贝投屏A0, type: _airplay._tcp, host: null, port: 44015, txtRecord: srcvers=220.68features=0x527FFFF7,0x1E'pi=2e388006-13ba-4041-9a67-25dd4a43d536Cpk=b07727d6f6cd6e08b58ede525ec3cdeaa252ad9f683feb212ef8a205246554e7vv=2 flags=0x4model=AppleTV2,1deviceid=b4:2f:03:15:e8:b9
06-10 13:52:38.637 523 628 D NsdService: mdnssd [register, 10, 当贝投屏A0, _airplay._tcp, 44015, DnNyY3ZlcnM9MjIwLjY4GGZlYXR1cmVzPTB4NTI3RkZGRjcsMHgxRSdwaT0yZTM4ODAwNi0xM2JhLTQwNDEtOWE2Ny0yNWRkNGE0M2Q1MzZDcGs9YjA3NzI3ZDZmNmNkNmUwOGI1OGVkZTUyNWVjM2NkZWFhMjUyYWQ5ZjY4M2ZlYjIxMmVmOGEyMDUyNDY1NTRlNwR2dj0yCWZsYWdzPTB4NBBtb2RlbD1BcHBsZVRWMiwxGmRldmljZWlkPWI0OjJmOjAzOjE1OmU4OmI5]
06-10 13:52:38.639 523 628 D NsdService: Register 2 10
06-10 13:52:38.647 523 628 D NsdService: Register service
06-10 13:52:38.647 523 628 D NsdService: registerService: 11 name: b42f0315e8b9@当贝投屏A0, type: _raop._tcp, host: null, port: 37577, txtRecord: txtvers=1 am=AppleTV2,1ch=2
06-10 13:52:38.647 523 628 D NsdService: cn=0,1,2,3da=trueet=0,3,5ft=0x527FFFF7,0x1Emd=0,1,2Cpk=b07727d6f6cd6e08b58ede525ec3cdeaa252ad9f683feb212ef8a205246554e7pw=falsesf=0x4sr=44100ss=16sv=falsetp=UDPvn=65537 vs=220.68vv=2 rhd=5.6.0.0
06-10 13:52:38.647 523 628 D NsdService: mdnssd [register, 11, b42f0315e8b9@当贝投屏A0, _raop._tcp, 37577, CXR4dHZlcnM9MQ1hbT1BcHBsZVRWMiwxBGNoPTIKY249MCwxLDIsMwdkYT10cnVlCGV0PTAsMyw1EmZ0PTB4NTI3RkZGRjcsMHgxRQhtZD0wLDEsMkNwaz1iMDc3MjdkNmY2Y2Q2ZTA4YjU4ZWRlNTI1ZWMzY2RlYWEyNTJhZDlmNjgzZmViMjEyZWY4YTIwNTI0NjU1NGU3CHB3PWZhbHNlBnNmPTB4NAhzcj00NDEwMAVzcz0xNghzdj1mYWxzZQZ0cD1VRFAIdm49NjU1MzcJdnM9MjIwLjY4BHZ2PTILcmhkPTUuNi4wLjA=]
06-10 13:52:38.649 523 628 D NsdService: Register 3 11
06-10 13:52:38.848 2641 2719 I TDLog : [APP] New data found, Submitting...
06-10 13:52:38.874 2641 2719 I TDLog : [APP] Failed to submit data!
06-10 13:52:38.897 523 628 D NsdService: Register service
06-10 13:52:38.898 523 628 D NsdService: registerService: 12 name: 当贝投屏A0, type: _db_cast_screen._tcp, host: null, port: 36593, txtRecord: au=1cV=20830mV=100h265=0maxR=4096-3152model=DBBOX-A2deviceid=20:02:FE:19:C2:0E
06-10 13:52:38.898 523 628 D NsdService: mdnssd [register, 12, 当贝投屏A0, _db_cast_screen._tcp, 36593, BGF1PTEIY1Y9MjA4MzAGbVY9MTAwBmgyNjU9MA5tYXhSPTQwOTYtMzE1Mg5tb2RlbD1EQkJPWC1BMhpkZXZpY2VpZD0yMDowMjpGRToxOTpDMjowRQ==]
06-10 13:52:38.901 523 628 D NsdService: Register 4 12
06-10 13:52:38.952 1131 1131 E sprdwl : sprdwl_rx_rsp_process ctx_id 0 recv rsp[WIFI_CMD_TX_DATA] status[SPRDWL_CMD_STATUS_ERROR]
06-10 13:52:38.990 1131 1131 E sprdwl : sprdwl_rx_rsp_process ctx_id 0 recv rsp[WIFI_CMD_TX_DATA] status[SPRDWL_CMD_STATUS_ERROR]
06-10 13:52:39.002 1131 1131 E sprdwl : sprdwl_rx_rsp_process ctx_id 0 recv rsp[WIFI_CMD_TX_DATA] status[SPRDWL_CMD_STATUS_ERROR]
06-10 13:52:39.014 1131 1131 E sprdwl : sprdwl_rx_rsp_process ctx_id 0 recv rsp[WIFI_CMD_TX_DATA] status[SPRDWL_CMD_STATUS_ERROR]
06-10 13:52:39.012 3373 3373 I queued-work-loo: type=1400 audit(0.0:1301): avc: denied { rename } for name="screencast.xml" dev="mmcblk0p25" ino=15573 scontext=u:r:platform_app:s0:c512,c768 tcontext=u:object_r:app_data_file:s0:c512,c768 tclass=file permissive=1 app=com.dangbei.screencast
06-10 13:52:39.016 3373 3373 I queued-work-loo: type=1400 audit(0.0:1302): avc: denied { setattr } for name="screencast.xml" dev="mmcblk0p25" ino=15603 scontext=u:r:platform_app:s0:c512,c768 tcontext=u:object_r:app_data_file:s0:c512,c768 tclass=file permissive=1 app=com.dangbei.screencast
06-10 13:52:39.026 1131 1131 E sprdwl : sprdwl_rx_rsp_process ctx_id 0 recv rsp[WIFI_CMD_TX_DATA] status[SPRDWL_CMD_STATUS_ERROR]
06-10 13:52:39.039 1131 1131 E sprdwl : sprdwl_rx_rsp_process ctx_id 0 recv rsp[WIFI_CMD_TX_DATA] status[SPRDWL_CMD_STATUS_ERROR]
06-10 13:52:39.051 1131 1131 E sprdwl : sprdwl_rx_rsp_process ctx_id 0 recv rsp[WIFI_CMD_TX_DATA] status[SPRDWL_CMD_STATUS_ERROR]
06-10 13:52:39.063 1131 1131 E sprdwl : sprdwl_rx_rsp_process ctx_id 0 recv rsp[WIFI_CMD_TX_DATA] status[SPRDWL_CMD_STATUS_ERROR]
06-10 13:52:39.101 523 545 W IorapForwardingService: No service published for: iorapd
06-10 13:52:39.358 3373 3464 E accept : myIp:192.168.3.12
06-10 13:52:39.361 3373 3464 E accept : connect error
06-10 13:52:39.367 3373 3464 I UpnpServiceImpl: >>> Starting UPnP service...
06-10 13:52:39.367 3373 3464 I UpnpServiceImpl: Using configuration: org.fourthline.cling.android.AndroidUpnpServiceConfiguration
06-10 13:52:39.372 3373 3464 I Router : Creating Router: org.fourthline.cling.android.AndroidRouter
06-10 13:52:39.376 3373 3464 W Router : enable lock:org.fourthline.cling.android.AndroidRouter@6eeb71a_java.util.concurrent.locks.ReentrantReadWriteLock$WriteLock@78a124b[Unlocked]
06-10 13:52:39.393 3373 3464 W tworkAddressFactoryImpl: Network interface may not be multicast capable: dummy0
06-10 13:52:39.397 3373 3464 I MulticastReceiver: Creating wildcard socket (for receiving multicast datagrams) on port: 1900
06-10 13:52:39.398 3373 3464 I MulticastReceiver: Joining multicast group: /239.255.255.250:1900 on network interface: wlan0
06-10 13:52:39.414 3373 3464 E accept : Adding connector try: 192.168.3.12/192.168.3.12:40531
06-10 13:52:39.417 3373 3464 E accept : Adding connector result: 192.168.3.12/192.168.3.12:40531
06-10 13:52:39.460 523 628 D NsdService: Native daemon message SERVICE_REGISTERED: 606 11 "b42f0315e8b9@当贝投屏A0"
06-10 13:52:39.460 523 628 D NsdService: Native daemon message SERVICE_REGISTERED: 606 10 "当贝投屏A0"
06-10 13:52:39.478 669 669 E WifiHAL : wifi_get_link_stats: requestResponse Error:-5
06-10 13:52:39.480 523 617 E WifiVendorHal: getWifiLinkLayerStats_1_5_Internal(l.1191) failed {.code = ERROR_INVALID_ARGS, .description = }
06-10 13:52:39.522 3373 3464 I JettyServletContainer: Registering UPnP servlet under context path: /upnp
06-10 13:52:39.527 3373 3464 I DatagramIO: Creating bound socket (for datagram input/output) on: 192.168.3.12/192.168.3.12
06-10 13:52:39.529 3373 3688 E JettyServletContainer: gogogo
06-10 13:52:39.529 3373 3688 I JettyServletContainer: Starting Jetty server...
06-10 13:52:39.531 3373 3688 W System.err: 2025-06-10 13:52:39.530:INFO:lcaf.p:jetty-8.y.z-SNAPSHOT
06-10 13:52:39.535 3373 3464 I Router : WiFi multicast lock acquired
06-10 13:52:39.536 523 1255 I WifiService: acquireMulticastLock uid=10015
06-10 13:52:39.540 3373 3464 I Router : WiFi lock acquired
06-10 13:52:39.542 523 1255 I WifiService: acquireWifiLock uid=10015 lockMode=3
06-10 13:52:39.547 3373 3464 W Router : enable unlock:org.fourthline.cling.android.AndroidRouter@6eeb71a
06-10 13:52:39.548 3373 3464 I UpnpServiceImpl: <<< UPnP service started successfully
06-10 13:52:39.560 523 628 D NsdService: Native daemon message SERVICE_REGISTERED: 606 12 "当贝投屏A0"
06-10 13:52:39.588 3373 3688 W System.err: 2025-06-10 13:52:39.585:INFO:lcaf.a:Started @192.168.3.12:40531
06-10 13:52:39.639 3373 3464 E g : channel :os
06-10 13:52:39.723 3373 3432 I efs.base: lt=event`ev_ct=efs_core`ev_ac=log_lag`tm=2025-06-10 13:52:72`dn=1053c25c-e63d-40dd-9dd6-747a3e690b60`ps=com.dangbei.screencast`um_os=android`stime=1749534749248`pid=3373`fr=android`pkg=com.dangbei.screencast`vcode=20830`dsp_w=1920`uid=1053c25c-e63d-40dd-9dd6-747a3e690b60`rom=12`wid=1053c25c-e63d-40dd-9dd6-747a3e690b60`um_app_carrier=`um_access=wifi`um_app_channel=os`um_crash_sdk_version=1.4.0`ctime=1749534759`model=dbbox-a2`lang=zh`net=wifi`brand=dangbei`dsp_h=1080`um_network_type=0`ver=v2.8.3`cnt=2`build_model=DBBOX-A2`w_tm=1749534759`appid=5fc60c21094d637f3130af19`um_umid_header=ai6e86a2be12b6bb7416d7fb9e42b09755`sdk=31`tzone=Asia/Shanghai`sdk_ver=1.3.6.umeng
06-10 13:52:40.103 523 545 W IorapForwardingService: No service published for: iorapd
06-10 13:52:40.296 3373 3432 I efs.base: wa upload succ, HttpResponse {succ=true, code=200, data='暂不支持该服务', extra={req_url=https://errlog.umeng.com/api/crashsdk/logcollect}}
06-10 13:52:40.296 3373 3429 I efs.base: wa upload succ, HttpResponse {succ=true, code=200, data='暂不支持该服务', extra={req_url=https://errlog.umeng.com/api/crashsdk/logcollect}}
06-10 13:52:40.495 523 1255 D WifiNl80211Manager: Scan result ready event
06-10 13:52:40.496 523 1255 D WifiNative: Scan result ready event
06-10 13:52:40.558 523 621 D WificondScannerImpl: Filtering out 25 scan results.
06-10 13:52:40.589 2977 3072 E ccc : cccccc SCAN_RESULTS_AVAILABLE_ACTION hhhh
06-10 13:52:40.589 2977 3072 E ccc : cccccc SCAN_RESULTS_AVAILABLE_ACTION hhhh return hmm
06-10 13:52:40.590 1165 1165 E hq : NetWorkStateReceiver:::NetWorkStateReceiver onReceive: 网络变化广播 >>>> intent.action=android.net.wifi.SCAN_RESULTS
