06-10 13:50:59.224 268 268 D Module_SUNXI: hardware/aw/gatekeeper/teeGateKeeper/module_sunxi.cpp 34, trusty_gatekeeper_open
06-10 13:50:59.224 268 268 V SUNXI_TrustyGateKeeper: Gatekeeper_Initialize
06-10 13:50:59.225 224 224 D tee_supplicant: Spawning a new thread
06-10 13:50:59.225 224 224 D tee_supplicant: failed to open the ta /vendor/lib/optee_armtz/2233b43b-cec6-449a-9509-469f5023e425.ta TA-file
06-10 13:50:59.226 224 224 D tee_supplicant: looping
06-10 13:50:59.229 224 280 D tee_supplicant: looping
06-10 13:50:59.232 224 224 D tee_supplicant: looping
06-10 13:50:59.232 224 280 D tee_supplicant: failed to open the ta /vendor/lib/optee_armtz/2233b43b-cec6-449a-9509-469f5023e425.ta TA-file
06-10 13:50:59.234 264 264 E cutils-trace: Error opening trace file: No such file or directory (2)
06-10 13:50:59.236 224 280 D tee_supplicant: looping
06-10 13:50:59.246 258 258 I netd : Creating child chains: 77858us
06-10 13:50:59.247 258 258 I netd : Setting up OEM hooks: 364us
06-10 13:50:59.247 258 258 I netd : Setting up FirewallController hooks: 62us
06-10 13:50:59.248 267 267 E cutils-trace: Error opening trace file: No such file or directory (2)
06-10 13:50:59.263 224 224 D tee_supplicant: looping
06-10 13:50:59.264 258 258 I netd : Setting up TetherController hooks: 16781us
06-10 13:50:59.266 267 267 I HidlServiceManagement: Registered android.hardware.cas@1.2::IMediaCasService/default
06-10 13:50:59.267 267 267 I HidlServiceManagement: Removing namespace from process name android.hardware.cas@1.2-service to cas@1.2-service.
06-10 13:50:59.272 258 258 I netd : Setting up BandwidthController hooks: 7913us
06-10 13:50:59.272 258 258 I netd : Setting up IdletimerController hooks: 270us
06-10 13:50:59.276 265 265 I HidlServiceManagement: Registered android.hardware.bluetooth@1.0::IBluetoothHci/default
06-10 13:50:59.276 265 265 I HidlServiceManagement: Removing namespace from process name android.hardware.bluetooth@1.0-service to bluetooth@1.0-service.
06-10 13:50:59.277 265 265 I LegacySupport: Registration complete for android.hardware.bluetooth@1.0::IBluetoothHci/default.
06-10 13:50:59.280 266 266 I android.hardware.camera.provider@2.4-external-service: External camera provider service is starting.
06-10 13:50:59.282 266 266 E cutils-trace: Error opening trace file: No such file or directory (2)
06-10 13:50:59.283 268 268 I HidlServiceManagement: Registered android.hardware.gatekeeper@1.0::IGatekeeper/default
06-10 13:50:59.284 268 268 I HidlServiceManagement: Removing namespace from process name android.hardware.gatekeeper@1.0-service-aw to gatekeeper@1.0-service-aw.
06-10 13:50:59.284 268 268 I LegacySupport: Registration complete for android.hardware.gatekeeper@1.0::IGatekeeper/default.
06-10 13:50:59.291 258 258 I netd : Setting up StrictController hooks: 18739us
06-10 13:50:59.291 258 258 I netd : Initializing ClatdController: 242us
06-10 13:50:59.293 258 258 I netd : Initializing traffic control: 2236us
06-10 13:50:59.328 274 274 E cutils-trace: Error opening trace file: No such file or directory (2)
06-10 13:50:59.354 274 274 W healthd : No battery devices found
06-10 13:50:59.352 258 258 I netd : Enabling bandwidth control: 59149us
06-10 13:50:59.359 258 258 I netd : Initializing RouteController: 5863us
06-10 13:50:59.360 274 274 I android.hardware.health@2.1-service: default instance initializing with healthd_config...
06-10 13:50:59.361 258 258 D XfrmController: XfrmController::ipSecAddXfrmInterface, line=1479
06-10 13:50:59.365 275 275 I android.hardware.lights-service: Light Hal current version V2.0.0
06-10 13:50:59.366 275 275 D lights_device: success open disp device type=0.
06-10 13:50:59.366 258 258 D XfrmController: XfrmController::ipSecRemoveTunnelInterface, line=1692
06-10 13:50:59.371 274 274 I HidlServiceManagement: Registered android.hardware.health@2.1::IHealth/default
06-10 13:50:59.371 274 274 I HidlServiceManagement: Removing namespace from process name android.hardware.health@2.1-service to health@2.1-service.
06-10 13:50:59.372 274 274 I android.hardware.health@2.1-service: default: Hal init done
06-10 13:50:59.372 258 258 D XfrmController: deviceName=ipsec_test
06-10 13:50:59.381 274 274 W healthd : battery none chg=
06-10 13:50:59.377 197 197 I servicemanager: Found android.hardware.light.ILights/default in device VINTF manifest.
06-10 13:50:59.383 278 278 E cutils-trace: Error opening trace file: No such file or directory (2)
06-10 13:50:59.386 276 276 I AW_PowerHAL: AW Power HAL AIDL Service is starting.
06-10 13:50:59.388 272 272 E gralloc : Arm Module v1.0
06-10 13:50:59.393 276 276 I AW_PowerHAL: PowerHAL initiated
06-10 13:50:59.396 279 279 E android.hardware.usb.gadget@1.1-service.aw: configfs setup not done yet
06-10 13:50:59.399 279 279 E cutils-trace: Error opening trace file: No such file or directory (2)
06-10 13:50:59.400 272 272 I HidlServiceManagement: Registered android.hardware.graphics.allocator@2.0::IAllocator/default
06-10 13:50:59.400 272 272 I HidlServiceManagement: Removing namespace from process name android.hardware.graphics.allocator@2.0-service to allocator@2.0-service.
06-10 13:50:59.401 272 272 I LegacySupport: Registration complete for android.hardware.graphics.allocator@2.0::IAllocator/default.
06-10 13:50:59.404 258 258 D XfrmController: Sending Netlink XFRM Message: XFRM_MSG_FLUSHSA
06-10 13:50:59.404 258 258 D XfrmController: Sending Netlink XFRM Message: XFRM_MSG_FLUSHPOLICY
06-10 13:50:59.404 258 258 I netd : Initializing XfrmController: 45920us
06-10 13:50:59.410 282 282 I display.output-service: DisplayOutputManagerService is started
06-10 13:50:59.410 282 282 I display.output-service: DisplayOutputManagerService current version V2.2.0
06-10 13:50:59.411 282 282 E cutils-trace: Error opening trace file: No such file or directory (2)
06-10 13:50:59.413 278 278 D hdmi-cec: Loading: sunxi HDMI CEC module
06-10 13:50:59.418 279 279 I HidlServiceManagement: Registered android.hardware.usb@1.0::IUsb/default
06-10 13:50:59.418 279 279 I HidlServiceManagement: Removing namespace from process name android.hardware.usb@1.0-service.aw to usb@1.0-service.aw.
06-10 13:50:59.419 278 303 I hdmi-cec: HDMI-CEC EventThread start
06-10 13:50:59.421 273 273 I sunxihwc: open: Loading: sunxi hwcomposer module
06-10 13:50:59.422 273 273 E cutils-trace: Error opening trace file: No such file or directory (2)
06-10 13:50:59.424 198 198 I hwservicemanager: Since vendor.display.config@1.0::IDisplayConfig/default is not registered, trying to start it as a lazy HAL.
06-10 13:50:59.424 197 197 I servicemanager: Found android.hardware.power.IPower/default in device VINTF manifest.
06-10 13:50:59.429 258 258 E cutils-trace: Error opening trace file: No such file or directory (2)
06-10 13:50:59.440 197 197 I servicemanager: Found android.hardware.rebootescrow.IRebootEscrow/default in device VINTF manifest.
06-10 13:50:59.443 198 309 W libc : Unable to set property "ctl.interface_start" to "vendor.display.config@1.0::IDisplayConfig/default": error code: 0x20
06-10 13:50:59.444 198 309 I hwservicemanager: Tried to start vendor.display.config@1.0::IDisplayConfig/default as a lazy service, but was unable to. Usually this happens when a service is not installed, but if the service is intended to be used as a lazy service, then it may be configured incorrectly.
06-10 13:50:59.440 181 181 I init : type=1400 audit(0.0:18): avc: denied { add_name } for name="runtime_enable" scontext=u:r:vendor_init:s0 tcontext=u:object_r:sysfs_disp:s0 tclass=dir permissive=1
06-10 13:50:59.440 181 181 I init : type=1400 audit(0.0:19): avc: denied { create } for name="runtime_enable" scontext=u:r:vendor_init:s0 tcontext=u:object_r:sysfs_disp:s0 tclass=file permissive=1
06-10 13:50:59.453 294 294 D Sunxi_PQ: ic_id=2, de_version=201 0x2
06-10 13:50:59.455 294 294 D Sunxi_PQ: /vendor/lib/libde201.so
06-10 13:50:59.459 278 278 I HidlServiceManagement: Registered android.hardware.tv.cec@1.0::IHdmiCec/default
06-10 13:50:59.460 278 278 I HidlServiceManagement: Removing namespace from process name android.hardware.tv.cec@1.0-service to cec@1.0-service.
06-10 13:50:59.460 278 278 I LegacySupport: Registration complete for android.hardware.tv.cec@1.0::IHdmiCec/default.
06-10 13:50:59.461 279 279 I HidlServiceManagement: Registered android.hardware.usb.gadget@1.1::IUsbGadget/default
06-10 13:50:59.461 289 289 I credstore: Registered binder service
06-10 13:50:59.462 279 279 I android.hardware.usb@1.0-service: USB HAL Ready.
06-10 13:50:59.462 294 294 D Sunxi_PQ: maybe /vendor/etc/firmware/disp_firmware, fd:-1 @O_RDONLY.
06-10 13:50:59.460 294 294 I pqd : type=1400 audit(0.0:20): avc: denied { read write } for name="disp_firmware" dev="mmcblk0p25" ino=225 scontext=u:r:pqd:s0 tcontext=u:object_r:system_data_root_file:s0 tclass=file permissive=1
06-10 13:50:59.460 294 294 I pqd : type=1400 audit(0.0:21): avc: denied { open } for path="/data/disp_firmware" dev="mmcblk0p25" ino=225 scontext=u:r:pqd:s0 tcontext=u:object_r:system_data_root_file:s0 tclass=file permissive=1
06-10 13:50:59.460 294 294 I pqd : type=1400 audit(0.0:22): avc: denied { map } for path="/data/disp_firmware" dev="mmcblk0p25" ino=225 scontext=u:r:pqd:s0 tcontext=u:object_r:system_data_root_file:s0 tclass=file permissive=1
06-10 13:50:59.465 294 294 D Sunxi_PQ: config display firmware completed...
06-10 13:50:59.465 273 273 I HidlServiceManagement: Registered android.hardware.graphics.composer@2.2::IComposer/default
06-10 13:50:59.465 294 294 D Sunxi_PQ: There is not the /vendor/etc/firmware/disp_firmware, creat it.
06-10 13:50:59.465 273 273 I HidlServiceManagement: Removing namespace from process name android.hardware.graphics.composer@2.2-service to composer@2.2-service.
06-10 13:50:59.466 294 294 D Sunxi_PQ: sunxi PQ wait for client connect from tcp port:5005...
06-10 13:50:59.466 294 315 D Sunxi_PQ: Sunxi PQ entry tanslate thread.
06-10 13:50:59.466 198 198 I hwservicemanager: Since vendor.display.config@1.0::IDisplayConfig/default is not registered, trying to start it as a lazy HAL.
06-10 13:50:59.466 294 316 D Sunxi_PQ: creat a connect thread to deal the socket.
06-10 13:50:59.468 282 282 I HidlServiceManagement: getService: Trying again for vendor.display.config@1.0::IDisplayConfig/default...
06-10 13:50:59.468 198 317 W libc : Unable to set property "ctl.interface_start" to "vendor.display.config@1.0::IDisplayConfig/default": error code: 0x20
06-10 13:50:59.468 198 317 I hwservicemanager: Tried to start vendor.display.config@1.0::IDisplayConfig/default as a lazy service, but was unable to. Usually this happens when a service is not installed, but if the service is intended to be used as a lazy service, then it may be configured incorrectly.
06-10 13:50:59.484 181 181 I : file system registered
06-10 13:50:59.502 291 318 E GpuMem : Failed to retrieve pinned program from /sys/fs/bpf/prog_gpu_mem_tracepoint_gpu_mem_gpu_mem_total [2(No such file or directory)]
06-10 13:50:59.503 291 318 E GpuMemTracer: Cannot initialize GpuMemTracer before GpuMem
06-10 13:50:59.512 264 264 I HidlServiceManagement: Registered android.hardware.audio@7.0::IDevicesFactory/default
06-10 13:50:59.512 264 264 I HidlServiceManagement: Removing namespace from process name android.hardware.audio.service to audio.service.
06-10 13:50:59.513 264 264 I LegacySupport: Registration complete for android.hardware.audio@7.0::IDevicesFactory/default.
06-10 13:50:59.520 323 323 I init : type=1400 audit(0.0:23): avc: denied { execute_no_trans } for path="/system/bin/xiriservice.sh" dev="dm-2" ino=1296 scontext=u:r:init:s0 tcontext=u:object_r:system_file:s0 tclass=file permissive=1
06-10 13:50:59.532 321 321 I onstartup.sh: type=1400 audit(0.0:24): avc: denied { write search } for name="tmp" dev="mmcblk0p25" ino=85 scontext=u:r:onstartup:s0 tcontext=u:object_r:shell_data_file:s0 tclass=dir permissive=1
06-10 13:50:59.532 321 321 I onstartup.sh: type=1400 audit(0.0:25): avc: denied { getattr } for path="/data/local/tmp" dev="mmcblk0p25" ino=85 scontext=u:r:onstartup:s0 tcontext=u:object_r:shell_data_file:s0 tclass=dir permissive=1
06-10 13:50:59.543 264 264 I HidlServiceManagement: Registered android.hardware.audio.effect@7.0::IEffectsFactory/default
06-10 13:50:59.551 264 264 I LegacySupport: Registration complete for android.hardware.audio.effect@7.0::IEffectsFactory/default.
06-10 13:50:59.552 198 198 I hwservicemanager: getTransport: Cannot find entry android.hardware.soundtrigger@2.3::ISoundTriggerHw/default in either framework or device VINTF manifest.
06-10 13:50:59.552 1 1 I init : type=1400 audit(0.0:26): avc: denied { setattr } for name="ext_csd" dev="debugfs" ino=5736 scontext=u:r:init:s0 tcontext=u:object_r:debugfs_mmc:s0 tclass=file permissive=1
06-10 13:50:59.563 264 264 E LegacySupport: Could not get passthrough implementation for android.hardware.soundtrigger@2.3::ISoundTriggerHw/default.
06-10 13:50:59.564 198 198 I hwservicemanager: getTransport: Cannot find entry android.hardware.soundtrigger@2.2::ISoundTriggerHw/default in either framework or device VINTF manifest.
06-10 13:50:59.564 324 324 I check_xm_hidraw: type=1400 audit(0.0:27): avc: denied { write } for name="tmp" dev="mmcblk0p25" ino=85 scontext=u:r:init:s0 tcontext=u:object_r:shell_data_file:s0 tclass=dir permissive=1 bug=b/77873135
06-10 13:50:59.572 264 264 E LegacySupport: Could not get passthrough implementation for android.hardware.soundtrigger@2.2::ISoundTriggerHw/default.
06-10 13:50:59.573 198 198 I hwservicemanager: getTransport: Cannot find entry android.hardware.soundtrigger@2.1::ISoundTriggerHw/default in either framework or device VINTF manifest.
06-10 13:50:59.577 264 264 E LegacySupport: Could not get passthrough implementation for android.hardware.soundtrigger@2.1::ISoundTriggerHw/default.
06-10 13:50:59.578 198 198 I hwservicemanager: getTransport: Cannot find entry android.hardware.soundtrigger@2.0::ISoundTriggerHw/default in either framework or device VINTF manifest.
06-10 13:50:59.578 264 264 E LegacySupport: Could not get passthrough implementation for android.hardware.soundtrigger@2.0::ISoundTriggerHw/default.
06-10 13:50:59.579 264 264 W audiohalservice: Could not register Soundtrigger API
06-10 13:50:59.579 198 198 I hwservicemanager: getTransport: Cannot find entry android.hardware.bluetooth.audio@2.1::IBluetoothAudioProvidersFactory/default in either framework or device VINTF manifest.
06-10 13:50:59.581 264 264 E LegacySupport: Could not get passthrough implementation for android.hardware.bluetooth.audio@2.1::IBluetoothAudioProvidersFactory/default.
06-10 13:50:59.582 198 198 I hwservicemanager: getTransport: Cannot find entry android.hardware.bluetooth.audio@2.0::IBluetoothAudioProvidersFactory/default in either framework or device VINTF manifest.
06-10 13:50:59.591 181 181 I sunxi-rfkill soc@3000000: rfkill: set block: 0
06-10 13:50:59.591 181 181 I sunxi-rfkill soc@3000000: rfkill: bt power on success
06-10 13:50:59.589 264 264 E LegacySupport: Could not get passthrough implementation for android.hardware.bluetooth.audio@2.0::IBluetoothAudioProvidersFactory/default.
06-10 13:50:59.589 264 264 W audiohalservice: Could not register Bluetooth Audio API
06-10 13:50:59.590 198 198 I hwservicemanager: getTransport: Cannot find entry android.hardware.bluetooth.a2dp@1.0::IBluetoothAudioOffload/default in either framework or device VINTF manifest.
06-10 13:50:59.590 264 264 E LegacySupport: Could not get passthrough implementation for android.hardware.bluetooth.a2dp@1.0::IBluetoothAudioOffload/default.
06-10 13:50:59.591 264 264 W audiohalservice: Could not register Bluetooth Audio Offload API
06-10 13:50:59.596 321 321 I onstartup.sh: type=1400 audit(0.0:28): avc: denied { getattr } for path="/data/local/fast_apks_installed" dev="mmcblk0p25" ino=229 scontext=u:r:onstartup:s0 tcontext=u:object_r:onstartup_system_file:s0 tclass=file permissive=1
06-10 13:50:59.600 329 329 I init : type=1400 audit(0.0:29): avc: denied { write } for name="kmsg_debug" dev="tmpfs" ino=4024 scontext=u:r:init:s0 tcontext=u:object_r:kmsg_debug_device:s0 tclass=chr_file permissive=1
06-10 13:50:59.600 329 329 I init : type=1400 audit(0.0:30): avc: denied { open } for path="/dev/kmsg_debug" dev="tmpfs" ino=4024 scontext=u:r:init:s0 tcontext=u:object_r:kmsg_debug_device:s0 tclass=chr_file permissive=1
06-10 13:50:59.628 266 266 I ExtCamUtils@3.4: loadFromCfg: load external camera config succeed!
06-10 13:50:59.628 266 266 I ExtCamUtils@3.4: loadFromCfg: no internal ignored device specified
06-10 13:50:59.629 266 266 V CamPrvdr@2.4-external: Preferred HAL 3 minor version is 4
06-10 13:50:59.632 327 327 I pgrep : type=1400 audit(0.0:31): avc: denied { read } for scontext=u:r:toolbox:s0 tcontext=u:r:init:s0 tclass=file permissive=1
06-10 13:50:59.632 327 327 I pgrep : type=1400 audit(0.0:32): avc: denied { read } for scontext=u:r:toolbox:s0 tcontext=u:r:kernel:s0 tclass=file permissive=1
06-10 13:50:59.641 266 266 I HidlServiceManagement: Registered android.hardware.camera.provider@2.4::ICameraProvider/external/0
06-10 13:50:59.642 266 266 I HidlServiceManagement: Removing namespace from process name android.hardware.camera.provider@2.4-external-service to provider@2.4-external-service.
06-10 13:50:59.642 266 266 I LegacySupport: Registration complete for android.hardware.camera.provider@2.4::ICameraProvider/external/0.
06-10 13:50:59.640 327 327 I pgrep : type=1400 audit(0.0:33): avc: denied { getattr } for path="/proc/1" dev="proc" ino=4038 scontext=u:r:toolbox:s0 tcontext=u:r:init:s0 tclass=dir permissive=1
06-10 13:50:59.649 326 326 I gsid : no DSU: No such file or directory
06-10 13:50:59.648 328 328 D XiriService: XiriService version 2.5.0.11258
06-10 13:50:59.644 327 327 I pgrep : type=1400 audit(0.0:34): avc: denied { read } for scontext=u:r:toolbox:s0 tcontext=u:r:init:s0 tclass=file permissive=1
06-10 13:50:59.644 327 327 I pgrep : type=1400 audit(0.0:35): avc: denied { search } for name="1" dev="proc" ino=4038 scontext=u:r:toolbox:s0 tcontext=u:r:init:s0 tclass=dir permissive=1
06-10 13:50:59.644 327 327 I pgrep : type=1400 audit(0.0:36): avc: denied { open } for path="/proc/1/stat" dev="proc" ino=8555 scontext=u:r:toolbox:s0 tcontext=u:r:init:s0 tclass=file permissive=1
06-10 13:50:59.644 327 327 I pgrep : type=1400 audit(0.0:37): avc: denied { getattr } for path="/proc/2" dev="proc" ino=8465 scontext=u:r:toolbox:s0 tcontext=u:r:kernel:s0 tclass=dir permissive=1
06-10 13:50:59.644 327 327 I pgrep : type=1400 audit(0.0:38): avc: denied { search } for name="2" dev="proc" ino=8465 scontext=u:r:toolbox:s0 tcontext=u:r:kernel:s0 tclass=dir permissive=1
06-10 13:50:59.648 327 327 I pgrep : type=1400 audit(0.0:39): avc: denied { open } for path="/proc/2/stat" dev="proc" ino=8556 scontext=u:r:toolbox:s0 tcontext=u:r:kernel:s0 tclass=file permissive=1
06-10 13:50:59.656 327 327 I pgrep : type=1400 audit(0.0:40): avc: denied { read } for scontext=u:r:toolbox:s0 tcontext=u:r:vendor_init:s0 tclass=file permissive=1
06-10 13:50:59.656 327 327 I pgrep : type=1400 audit(0.0:41): avc: denied { sys_ptrace } for capability=19 scontext=u:r:toolbox:s0 tcontext=u:r:toolbox:s0 tclass=capability permissive=1
06-10 13:50:59.656 327 327 I pgrep : type=1400 audit(0.0:42): avc: denied { read } for scontext=u:r:toolbox:s0 tcontext=u:r:ueventd:s0 tclass=file permissive=1
06-10 13:50:59.656 327 327 I pgrep : type=1400 audit(0.0:43): avc: denied { read } for scontext=u:r:toolbox:s0 tcontext=u:r:logd:s0 tclass=file permissive=1
06-10 13:50:59.656 327 327 I pgrep : type=1400 audit(0.0:44): avc: denied { read } for scontext=u:r:toolbox:s0 tcontext=u:r:lmkd:s0 tclass=file permissive=1
06-10 13:50:59.656 327 327 I pgrep : type=1400 audit(0.0:46): avc: denied { read } for scontext=u:r:toolbox:s0 tcontext=u:r:servicemanager:s0 tclass=file permissive=1
06-10 13:50:59.656 328 328 I xiriservice_All: type=1400 audit(0.0:45): avc: denied { search } for name="com.android.connectivity.resources" dev="mmcblk0p25" ino=523 scontext=u:r:init:s0 tcontext=u:object_r:privapp_data_file:s0:c512,c768 tclass=dir permissive=1
06-10 13:50:59.656 327 327 I pgrep : type=1400 audit(0.0:47): avc: denied { read } for scontext=u:r:toolbox:s0 tcontext=u:r:hwservicemanager:s0 tclass=file permissive=1
06-10 13:50:59.656 327 327 I pgrep : type=1400 audit(0.0:48): avc: denied { read } for scontext=u:r:toolbox:s0 tcontext=u:r:vndservicemanager:s0 tclass=file permissive=1
06-10 13:50:59.656 327 327 I pgrep : type=1400 audit(0.0:49): avc: denied { read } for scontext=u:r:toolbox:s0 tcontext=u:r:shell:s0 tclass=file permissive=1
06-10 13:50:59.656 327 327 I pgrep : type=1400 audit(0.0:51): avc: denied { read } for scontext=u:r:toolbox:s0 tcontext=u:r:vold:s0 tclass=file permissive=1
06-10 13:50:59.656 328 328 I xiriservice_All: type=1400 audit(0.0:50): avc: denied { search } for name="android" dev="mmcblk0p25" ino=527 scontext=u:r:init:s0 tcontext=u:object_r:system_app_data_file:s0 tclass=dir permissive=1
06-10 13:50:59.656 327 327 I pgrep : type=1400 audit(0.0:52): avc: denied { read } for scontext=u:r:toolbox:s0 tcontext=u:r:system_suspend:s0 tclass=file permissive=1
06-10 13:50:59.656 327 327 I pgrep : type=1400 audit(0.0:53): avc: denied { read } for scontext=u:r:toolbox:s0 tcontext=u:r:keystore:s0 tclass=file permissive=1
06-10 13:50:59.656 327 327 I pgrep : type=1400 audit(0.0:54): avc: denied { read } for scontext=u:r:toolbox:s0 tcontext=u:r:hal_bootctl_default:s0 tclass=file permissive=1
06-10 13:50:59.656 327 327 I pgrep : type=1400 audit(0.0:55): avc: denied { read } for scontext=u:r:toolbox:s0 tcontext=u:r:hal_keymint_default:s0 tclass=file permissive=1
06-10 13:50:59.656 327 327 I pgrep : type=1400 audit(0.0:56): avc: denied { read } for scontext=u:r:toolbox:s0 tcontext=u:r:tee:s0 tclass=file permissive=1
06-10 13:50:59.656 327 327 I pgrep : type=1400 audit(0.0:57): avc: denied { read } for scontext=u:r:toolbox:s0 tcontext=u:r:tombstoned:s0 tclass=file permissive=1
06-10 13:50:59.656 327 327 I pgrep : type=1400 audit(0.0:58): avc: denied { read } for scontext=u:r:toolbox:s0 tcontext=u:r:statsd:s0 tclass=file permissive=1
06-10 13:50:59.656 327 327 I pgrep : type=1400 audit(0.0:59): avc: denied { read } for scontext=u:r:toolbox:s0 tcontext=u:r:netd:s0 tclass=file permissive=1
06-10 13:50:59.660 327 327 I pgrep : type=1400 audit(0.0:60): avc: denied { read } for scontext=u:r:toolbox:s0 tcontext=u:r:zygote:s0 tclass=file permissive=1
06-10 13:50:59.660 327 327 I pgrep : type=1400 audit(0.0:61): avc: denied { read } for scontext=u:r:toolbox:s0 tcontext=u:r:hal_allocator_default:s0 tclass=file permissive=1
06-10 13:50:59.660 327 327 I pgrep : type=1400 audit(0.0:62): avc: denied { read } for scontext=u:r:toolbox:s0 tcontext=u:r:hal_audio_default:s0 tclass=file permissive=1
06-10 13:50:59.660 327 327 I pgrep : type=1400 audit(0.0:63): avc: denied { read } for scontext=u:r:toolbox:s0 tcontext=u:r:hal_bluetooth_default:s0 tclass=file permissive=1
06-10 13:50:59.660 327 327 I pgrep : type=1400 audit(0.0:64): avc: denied { read } for scontext=u:r:toolbox:s0 tcontext=u:r:hal_camera_default:s0 tclass=file permissive=1
06-10 13:50:59.660 327 327 I pgrep : type=1400 audit(0.0:65): avc: denied { read } for scontext=u:r:toolbox:s0 tcontext=u:r:hal_cas_default:s0 tclass=file permissive=1
06-10 13:50:59.660 327 327 I pgrep : type=1400 audit(0.0:66): avc: denied { read } for scontext=u:r:toolbox:s0 tcontext=u:r:hal_gatekeeper_default:s0 tclass=file permissive=1
06-10 13:50:59.660 327 327 I pgrep : type=1400 audit(0.0:67): avc: denied { read } for scontext=u:r:toolbox:s0 tcontext=u:r:hal_graphics_allocator_default:s0 tclass=file permissive=1
06-10 13:50:59.660 327 327 I pgrep : type=1400 audit(0.0:68): avc: denied { read } for scontext=u:r:toolbox:s0 tcontext=u:r:hal_graphics_composer_default:s0 tclass=file permissive=1
06-10 13:50:59.660 327 327 I pgrep : type=1400 audit(0.0:69): avc: denied { read } for scontext=u:r:toolbox:s0 tcontext=u:r:hal_health_default:s0 tclass=file permissive=1
06-10 13:50:59.660 327 327 I pgrep : type=1400 audit(0.0:70): avc: denied { read } for scontext=u:r:toolbox:s0 tcontext=u:r:hal_light_default:s0 tclass=file permissive=1
06-10 13:50:59.660 327 327 I pgrep : type=1400 audit(0.0:71): avc: denied { read } for scontext=u:r:toolbox:s0 tcontext=u:r:hal_power_default:s0 tclass=file permissive=1
06-10 13:50:59.660 327 327 I pgrep : type=1400 audit(0.0:72): avc: denied { read } for scontext=u:r:toolbox:s0 tcontext=u:r:hal_tv_cec_default:s0 tclass=file permissive=1
06-10 13:50:59.660 327 327 I pgrep : type=1400 audit(0.0:73): avc: denied { read } for scontext=u:r:toolbox:s0 tcontext=u:r:hal_usb_impl:s0 tclass=file permissive=1
06-10 13:50:59.660 327 327 I pgrep : type=1400 audit(0.0:74): avc: denied { read } for scontext=u:r:toolbox:s0 tcontext=u:r:hal_awdisplayoutput_default:s0 tclass=file permissive=1
06-10 13:50:59.660 327 327 I pgrep : type=1400 audit(0.0:75): avc: denied { read } for scontext=u:r:toolbox:s0 tcontext=u:r:hal_rebootescrow_default:s0 tclass=file permissive=1
06-10 13:50:59.660 327 327 I pgrep : type=1400 audit(0.0:76): avc: denied { read } for scontext=u:r:toolbox:s0 tcontext=u:r:audioserver:s0 tclass=file permissive=1
06-10 13:50:59.660 327 327 I pgrep : type=1400 audit(0.0:77): avc: denied { read } for scontext=u:r:toolbox:s0 tcontext=u:r:credstore:s0 tclass=file permissive=1
06-10 13:50:59.660 327 327 I pgrep : type=1400 audit(0.0:78): avc: denied { read } for scontext=u:r:toolbox:s0 tcontext=u:r:gpuservice:s0 tclass=file permissive=1
06-10 13:50:59.660 327 327 I pgrep : type=1400 audit(0.0:79): avc: denied { read } for scontext=u:r:toolbox:s0 tcontext=u:r:surfaceflinger:s0 tclass=file permissive=1
06-10 13:50:59.660 327 327 I pgrep : type=1400 audit(0.0:80): avc: denied { read } for scontext=u:r:toolbox:s0 tcontext=u:r:pqd:s0 tclass=file permissive=1
06-10 13:50:59.660 328 328 I xiriservice_All: type=1400 audit(0.0:81): avc: denied { read } for name="lib" dev="mmcblk0p25" ino=13338 scontext=u:r:init:s0 tcontext=u:object_r:system_app_data_file:s0 tclass=lnk_file permissive=1
06-10 13:50:59.660 327 327 I pgrep : type=1400 audit(0.0:82): avc: denied { getattr } for path="/proc/181" dev="proc" ino=1417 scontext=u:r:toolbox:s0 tcontext=u:r:vendor_init:s0 tclass=dir permissive=1
06-10 13:50:59.660 327 327 I pgrep : type=1400 audit(0.0:83): avc: denied { search } for name="181" dev="proc" ino=1417 scontext=u:r:toolbox:s0 tcontext=u:r:vendor_init:s0 tclass=dir permissive=1
06-10 13:50:59.660 327 327 I pgrep : type=1400 audit(0.0:84): avc: denied { open } for path="/proc/181/stat" dev="proc" ino=8683 scontext=u:r:toolbox:s0 tcontext=u:r:vendor_init:s0 tclass=file permissive=1
06-10 13:50:59.660 327 327 I pgrep : type=1400 audit(0.0:85): avc: denied { getattr } for path="/proc/184" dev="proc" ino=1459 scontext=u:r:toolbox:s0 tcontext=u:r:ueventd:s0 tclass=dir permissive=1
06-10 13:50:59.660 327 327 I pgrep : type=1400 audit(0.0:86): avc: denied { search } for name="184" dev="proc" ino=1459 scontext=u:r:toolbox:s0 tcontext=u:r:ueventd:s0 tclass=dir permissive=1
06-10 13:50:59.660 327 327 I pgrep : type=1400 audit(0.0:87): avc: denied { open } for path="/proc/184/stat" dev="proc" ino=8684 scontext=u:r:toolbox:s0 tcontext=u:r:ueventd:s0 tclass=file permissive=1
06-10 13:50:59.669 266 331 I CamPrvdr@2.4-external: threadLoop start monitoring new V4L2 devices
06-10 13:50:59.660 327 327 I pgrep : type=1400 audit(0.0:88): avc: denied { getattr } for path="/proc/195" dev="proc" ino=6299 scontext=u:r:toolbox:s0 tcontext=u:r:logd:s0 tclass=dir permissive=1
06-10 13:50:59.660 327 327 I pgrep : type=1400 audit(0.0:89): avc: denied { search } for name="195" dev="proc" ino=6299 scontext=u:r:toolbox:s0 tcontext=u:r:logd:s0 tclass=dir permissive=1
06-10 13:50:59.660 327 327 I pgrep : type=1400 audit(0.0:90): avc: denied { open } for path="/proc/195/stat" dev="proc" ino=8686 scontext=u:r:toolbox:s0 tcontext=u:r:logd:s0 tclass=file permissive=1
06-10 13:50:59.660 327 327 I pgrep : type=1400 audit(0.0:91): avc: denied { getattr } for path="/proc/196" dev="proc" ino=2513 scontext=u:r:toolbox:s0 tcontext=u:r:lmkd:s0 tclass=dir permissive=1
06-10 13:50:59.660 327 327 I pgrep : type=1400 audit(0.0:92): avc: denied { search } for name="196" dev="proc" ino=2513 scontext=u:r:toolbox:s0 tcontext=u:r:lmkd:s0 tclass=dir permissive=1
06-10 13:50:59.660 327 327 I pgrep : type=1400 audit(0.0:93): avc: denied { open } for path="/proc/196/stat" dev="proc" ino=8687 scontext=u:r:toolbox:s0 tcontext=u:r:lmkd:s0 tclass=file permissive=1
06-10 13:50:59.660 327 327 I pgrep : type=1400 audit(0.0:94): avc: denied { getattr } for path="/proc/197" dev="proc" ino=2520 scontext=u:r:toolbox:s0 tcontext=u:r:servicemanager:s0 tclass=dir permissive=1
06-10 13:50:59.660 327 327 I pgrep : type=1400 audit(0.0:95): avc: denied { search } for name="197" dev="proc" ino=2520 scontext=u:r:toolbox:s0 tcontext=u:r:servicemanager:s0 tclass=dir permissive=1
06-10 13:50:59.660 327 327 I pgrep : type=1400 audit(0.0:96): avc: denied { open } for path="/proc/197/stat" dev="proc" ino=8688 scontext=u:r:toolbox:s0 tcontext=u:r:servicemanager:s0 tclass=file permissive=1
06-10 13:50:59.660 327 327 I pgrep : type=1400 audit(0.0:97): avc: denied { getattr } for path="/proc/198" dev="proc" ino=2525 scontext=u:r:toolbox:s0 tcontext=u:r:hwservicemanager:s0 tclass=dir permissive=1
06-10 13:50:59.660 327 327 I pgrep : type=1400 audit(0.0:98): avc: denied { search } for name="198" dev="proc" ino=2525 scontext=u:r:toolbox:s0 tcontext=u:r:hwservicemanager:s0 tclass=dir permissive=1
06-10 13:50:59.660 327 327 I pgrep : type=1400 audit(0.0:99): avc: denied { open } for path="/proc/198/stat" dev="proc" ino=8689 scontext=u:r:toolbox:s0 tcontext=u:r:hwservicemanager:s0 tclass=file permissive=1
06-10 13:50:59.660 327 327 I pgrep : type=1400 audit(0.0:100): avc: denied { getattr } for path="/proc/199" dev="proc" ino=6324 scontext=u:r:toolbox:s0 tcontext=u:r:vndservicemanager:s0 tclass=dir permissive=1
06-10 13:50:59.660 327 327 I pgrep : type=1400 audit(0.0:101): avc: denied { read } for scontext=u:r:toolbox:s0 tcontext=u:r:vndservicemanager:s0 tclass=file permissive=1
06-10 13:50:59.660 327 327 I pgrep : type=1400 audit(0.0:102): avc: denied { search } for name="199" dev="proc" ino=6324 scontext=u:r:toolbox:s0 tcontext=u:r:vndservicemanager:s0 tclass=dir permissive=1
06-10 13:50:59.660 328 328 I xiriservice_All: type=1400 audit(0.0:103): avc: denied { search } for name="android.ext.shared" dev="mmcblk0p25" ino=544 scontext=u:r:init:s0 tcontext=u:object_r:app_data_file:s0:c512,c768 tclass=dir permissive=1
06-10 13:50:59.660 327 327 I pgrep : type=1400 audit(0.0:104): avc: denied { open } for path="/proc/199/stat" dev="proc" ino=8690 scontext=u:r:toolbox:s0 tcontext=u:r:vndservicemanager:s0 tclass=file permissive=1
06-10 13:50:59.664 328 328 I xiriservice_All: type=1400 audit(0.0:106): avc: denied { read } for name="lib" dev="mmcblk0p25" ino=13349 scontext=u:r:init:s0 tcontext=u:object_r:app_data_file:s0:c512,c768 tclass=lnk_file permissive=1
06-10 13:50:59.664 328 328 I xiriservice_All: type=1400 audit(0.0:107): avc: denied { search } for name="com.android.permissioncontroller" dev="mmcblk0p25" ino=573 scontext=u:r:init:s0 tcontext=u:object_r:privapp_data_file:s0:c73,c256,c512,c768 tclass=dir permissive=1
06-10 13:50:59.660 327 327 I pgrep : type=1400 audit(0.0:105): avc: denied { getattr } for path="/proc/201" dev="proc" ino=1585 scontext=u:r:toolbox:s0 tcontext=u:r:shell:s0 tclass=dir permissive=1
06-10 13:50:59.664 327 327 I pgrep : type=1400 audit(0.0:108): avc: denied { read } for scontext=u:r:toolbox:s0 tcontext=u:r:shell:s0 tclass=file permissive=1
06-10 13:50:59.664 327 327 I pgrep : type=1400 audit(0.0:109): avc: denied { search } for name="201" dev="proc" ino=1585 scontext=u:r:toolbox:s0 tcontext=u:r:shell:s0 tclass=dir permissive=1
06-10 13:50:59.664 328 328 I xiriservice_All: type=1400 audit(0.0:111): avc: denied { read } for name="lib" dev="mmcblk0p25" ino=13328 scontext=u:r:init:s0 tcontext=u:object_r:privapp_data_file:s0:c512,c768 tclass=lnk_file permissive=1
06-10 13:50:59.664 327 327 I pgrep : type=1400 audit(0.0:110): avc: denied { open } for path="/proc/201/stat" dev="proc" ino=8694 scontext=u:r:toolbox:s0 tcontext=u:r:shell:s0 tclass=file permissive=1
06-10 13:50:59.664 327 327 I pgrep : type=1400 audit(0.0:112): avc: denied { getattr } for path="/proc/205" dev="proc" ino=1622 scontext=u:r:toolbox:s0 tcontext=u:r:vold:s0 tclass=dir permissive=1
06-10 13:50:59.664 327 327 I pgrep : type=1400 audit(0.0:113): avc: denied { read } for scontext=u:r:toolbox:s0 tcontext=u:r:vold:s0 tclass=file permissive=1
06-10 13:50:59.664 327 327 I pgrep : type=1400 audit(0.0:114): avc: denied { search } for name="205" dev="proc" ino=1622 scontext=u:r:toolbox:s0 tcontext=u:r:vold:s0 tclass=dir permissive=1
06-10 13:50:59.664 327 327 I pgrep : type=1400 audit(0.0:115): avc: denied { open } for path="/proc/205/stat" dev="proc" ino=8695 scontext=u:r:toolbox:s0 tcontext=u:r:vold:s0 tclass=file permissive=1
06-10 13:50:59.664 327 327 I pgrep : type=1400 audit(0.0:116): avc: denied { getattr } for path="/proc/220" dev="proc" ino=6004 scontext=u:r:toolbox:s0 tcontext=u:r:system_suspend:s0 tclass=dir permissive=1
06-10 13:50:59.664 327 327 I pgrep : type=1400 audit(0.0:117): avc: denied { search } for name="220" dev="proc" ino=6004 scontext=u:r:toolbox:s0 tcontext=u:r:system_suspend:s0 tclass=dir permissive=1
06-10 13:50:59.664 327 327 I pgrep : type=1400 audit(0.0:118): avc: denied { open } for path="/proc/220/stat" dev="proc" ino=8701 scontext=u:r:toolbox:s0 tcontext=u:r:system_suspend:s0 tclass=file permissive=1
06-10 13:50:59.664 327 327 I pgrep : type=1400 audit(0.0:119): avc: denied { getattr } for path="/proc/221" dev="proc" ino=6421 scontext=u:r:toolbox:s0 tcontext=u:r:keystore:s0 tclass=dir permissive=1
06-10 13:50:59.664 327 327 I pgrep : type=1400 audit(0.0:120): avc: denied { search } for name="221" dev="proc" ino=6421 scontext=u:r:toolbox:s0 tcontext=u:r:keystore:s0 tclass=dir permissive=1
06-10 13:50:59.664 327 327 I pgrep : type=1400 audit(0.0:121): avc: denied { open } for path="/proc/221/stat" dev="proc" ino=8702 scontext=u:r:toolbox:s0 tcontext=u:r:keystore:s0 tclass=file permissive=1
06-10 13:50:59.664 327 327 I pgrep : type=1400 audit(0.0:122): avc: denied { getattr } for path="/proc/222" dev="proc" ino=6023 scontext=u:r:toolbox:s0 tcontext=u:r:hal_bootctl_default:s0 tclass=dir permissive=1
06-10 13:50:59.668 327 327 I pgrep : type=1400 audit(0.0:123): avc: denied { search } for name="222" dev="proc" ino=6023 scontext=u:r:toolbox:s0 tcontext=u:r:hal_bootctl_default:s0 tclass=dir permissive=1
06-10 13:50:59.668 327 327 I pgrep : type=1400 audit(0.0:124): avc: denied { open } for path="/proc/222/stat" dev="proc" ino=8703 scontext=u:r:toolbox:s0 tcontext=u:r:hal_bootctl_default:s0 tclass=file permissive=1
06-10 13:50:59.668 327 327 I pgrep : type=1400 audit(0.0:125): avc: denied { getattr } for path="/proc/223" dev="proc" ino=6030 scontext=u:r:toolbox:s0 tcontext=u:r:hal_keymint_default:s0 tclass=dir permissive=1
06-10 13:50:59.668 327 327 I pgrep : type=1400 audit(0.0:126): avc: denied { search } for name="223" dev="proc" ino=6030 scontext=u:r:toolbox:s0 tcontext=u:r:hal_keymint_default:s0 tclass=dir permissive=1
06-10 13:50:59.668 327 327 I pgrep : type=1400 audit(0.0:127): avc: denied { open } for path="/proc/223/stat" dev="proc" ino=8704 scontext=u:r:toolbox:s0 tcontext=u:r:hal_keymint_default:s0 tclass=file permissive=1
06-10 13:50:59.668 327 327 I pgrep : type=1400 audit(0.0:128): avc: denied { getattr } for path="/proc/224" dev="proc" ino=6034 scontext=u:r:toolbox:s0 tcontext=u:r:tee:s0 tclass=dir permissive=1
06-10 13:50:59.668 327 327 I pgrep : type=1400 audit(0.0:129): avc: denied { search } for name="224" dev="proc" ino=6034 scontext=u:r:toolbox:s0 tcontext=u:r:tee:s0 tclass=dir permissive=1
06-10 13:50:59.668 327 327 I pgrep : type=1400 audit(0.0:130): avc: denied { open } for path="/proc/224/stat" dev="proc" ino=8705 scontext=u:r:toolbox:s0 tcontext=u:r:tee:s0 tclass=file permissive=1
06-10 13:50:59.668 327 327 I pgrep : type=1400 audit(0.0:131): avc: denied { getattr } for path="/proc/235" dev="proc" ino=6552 scontext=u:r:toolbox:s0 tcontext=u:r:tombstoned:s0 tclass=dir permissive=1
06-10 13:50:59.668 327 327 I pgrep : type=1400 audit(0.0:132): avc: denied { search } for name="235" dev="proc" ino=6552 scontext=u:r:toolbox:s0 tcontext=u:r:tombstoned:s0 tclass=dir permissive=1
06-10 13:50:59.668 327 327 I pgrep : type=1400 audit(0.0:133): avc: denied { open } for path="/proc/235/stat" dev="proc" ino=8709 scontext=u:r:toolbox:s0 tcontext=u:r:tombstoned:s0 tclass=file permissive=1
06-10 13:50:59.668 327 327 I pgrep : type=1400 audit(0.0:134): avc: denied { getattr } for path="/proc/257" dev="proc" ino=1961 scontext=u:r:toolbox:s0 tcontext=u:r:statsd:s0 tclass=dir permissive=1
06-10 13:50:59.668 327 327 I pgrep : type=1400 audit(0.0:135): avc: denied { search } for name="257" dev="proc" ino=1961 scontext=u:r:toolbox:s0 tcontext=u:r:statsd:s0 tclass=dir permissive=1
06-10 13:50:59.668 327 327 I pgrep : type=1400 audit(0.0:136): avc: denied { open } for path="/proc/257/stat" dev="proc" ino=8710 scontext=u:r:toolbox:s0 tcontext=u:r:statsd:s0 tclass=file permissive=1
06-10 13:50:59.668 327 327 I pgrep : type=1400 audit(0.0:137): avc: denied { getattr } for path="/proc/258" dev="proc" ino=2745 scontext=u:r:toolbox:s0 tcontext=u:r:netd:s0 tclass=dir permissive=1
06-10 13:50:59.668 327 327 I pgrep : type=1400 audit(0.0:138): avc: denied { search } for name="258" dev="proc" ino=2745 scontext=u:r:toolbox:s0 tcontext=u:r:netd:s0 tclass=dir permissive=1
06-10 13:50:59.668 327 327 I pgrep : type=1400 audit(0.0:139): avc: denied { open } for path="/proc/258/stat" dev="proc" ino=8711 scontext=u:r:toolbox:s0 tcontext=u:r:netd:s0 tclass=file permissive=1
06-10 13:50:59.668 327 327 I pgrep : type=1400 audit(0.0:140): avc: denied { getattr } for path="/proc/259" dev="proc" ino=7201 scontext=u:r:toolbox:s0 tcontext=u:r:zygote:s0 tclass=dir permissive=1
06-10 13:50:59.668 327 327 I pgrep : type=1400 audit(0.0:141): avc: denied { search } for name="259" dev="proc" ino=7201 scontext=u:r:toolbox:s0 tcontext=u:r:zygote:s0 tclass=dir permissive=1
06-10 13:50:59.668 327 327 I pgrep : type=1400 audit(0.0:142): avc: denied { open } for path="/proc/259/stat" dev="proc" ino=8712 scontext=u:r:toolbox:s0 tcontext=u:r:zygote:s0 tclass=file permissive=1
06-10 13:50:59.668 327 327 I pgrep : type=1400 audit(0.0:143): avc: denied { getattr } for path="/proc/263" dev="proc" ino=2002 scontext=u:r:toolbox:s0 tcontext=u:r:hal_allocator_default:s0 tclass=dir permissive=1
06-10 13:50:59.668 327 327 I pgrep : type=1400 audit(0.0:144): avc: denied { search } for name="263" dev="proc" ino=2002 scontext=u:r:toolbox:s0 tcontext=u:r:hal_allocator_default:s0 tclass=dir permissive=1
06-10 13:50:59.668 327 327 I pgrep : type=1400 audit(0.0:145): avc: denied { open } for path="/proc/263/stat" dev="proc" ino=8713 scontext=u:r:toolbox:s0 tcontext=u:r:hal_allocator_default:s0 tclass=file permissive=1
06-10 13:50:59.668 327 327 I pgrep : type=1400 audit(0.0:146): avc: denied { getattr } for path="/proc/264" dev="proc" ino=7226 scontext=u:r:toolbox:s0 tcontext=u:r:hal_audio_default:s0 tclass=dir permissive=1
06-10 13:50:59.668 327 327 I pgrep : type=1400 audit(0.0:147): avc: denied { search } for name="264" dev="proc" ino=7226 scontext=u:r:toolbox:s0 tcontext=u:r:hal_audio_default:s0 tclass=dir permissive=1
06-10 13:50:59.668 327 327 I pgrep : type=1400 audit(0.0:148): avc: denied { open } for path="/proc/264/stat" dev="proc" ino=8714 scontext=u:r:toolbox:s0 tcontext=u:r:hal_audio_default:s0 tclass=file permissive=1
06-10 13:50:59.668 328 328 I xiriservice_All: type=1400 audit(0.0:149): avc: denied { search } for name="com.android.internal.systemui.navbar.gestural_wide_back" dev="mmcblk0p25" ino=645 scontext=u:r:init:s0 tcontext=u:object_r:app_data_file:s0:c1,c256,c512,c768 tclass=dir permissive=1
06-10 13:50:59.668 327 327 I pgrep : type=1400 audit(0.0:150): avc: denied { getattr } for path="/proc/265" dev="proc" ino=7237 scontext=u:r:toolbox:s0 tcontext=u:r:hal_bluetooth_default:s0 tclass=dir permissive=1
06-10 13:50:59.668 327 327 I pgrep : type=1400 audit(0.0:151): avc: denied { search } for name="265" dev="proc" ino=7237 scontext=u:r:toolbox:s0 tcontext=u:r:hal_bluetooth_default:s0 tclass=dir permissive=1
06-10 13:50:59.668 328 328 I xiriservice_All: type=1400 audit(0.0:152): avc: denied { search } for name="com.dangbei.zhushou.os" dev="mmcblk0p25" ino=653 scontext=u:r:init:s0 tcontext=u:object_r:system_app_data_file:s0 tclass=dir permissive=1
06-10 13:50:59.668 327 327 I pgrep : type=1400 audit(0.0:153): avc: denied { open } for path="/proc/265/stat" dev="proc" ino=8715 scontext=u:r:toolbox:s0 tcontext=u:r:hal_bluetooth_default:s0 tclass=file permissive=1
06-10 13:50:59.668 327 327 I pgrep : type=1400 audit(0.0:154): avc: denied { getattr } for path="/proc/266" dev="proc" ino=2823 scontext=u:r:toolbox:s0 tcontext=u:r:hal_camera_default:s0 tclass=dir permissive=1
06-10 13:50:59.668 327 327 I pgrep : type=1400 audit(0.0:155): avc: denied { search } for name="266" dev="proc" ino=2823 scontext=u:r:toolbox:s0 tcontext=u:r:hal_camera_default:s0 tclass=dir permissive=1
06-10 13:50:59.668 327 327 I pgrep : type=1400 audit(0.0:156): avc: denied { open } for path="/proc/266/stat" dev="proc" ino=8716 scontext=u:r:toolbox:s0 tcontext=u:r:hal_camera_default:s0 tclass=file permissive=1
06-10 13:50:59.668 327 327 I pgrep : type=1400 audit(0.0:157): avc: denied { getattr } for path="/proc/267" dev="proc" ino=2035 scontext=u:r:toolbox:s0 tcontext=u:r:hal_cas_default:s0 tclass=dir permissive=1
06-10 13:50:59.668 327 327 I pgrep : type=1400 audit(0.0:158): avc: denied { search } for name="267" dev="proc" ino=2035 scontext=u:r:toolbox:s0 tcontext=u:r:hal_cas_default:s0 tclass=dir permissive=1
06-10 13:50:59.668 327 327 I pgrep : type=1400 audit(0.0:159): avc: denied { open } for path="/proc/267/stat" dev="proc" ino=8717 scontext=u:r:toolbox:s0 tcontext=u:r:hal_cas_default:s0 tclass=file permissive=1
06-10 13:50:59.668 327 327 I pgrep : type=1400 audit(0.0:160): avc: denied { getattr } for path="/proc/268" dev="proc" ino=7240 scontext=u:r:toolbox:s0 tcontext=u:r:hal_gatekeeper_default:s0 tclass=dir permissive=1
06-10 13:50:59.668 327 327 I pgrep : type=1400 audit(0.0:161): avc: denied { search } for name="268" dev="proc" ino=7240 scontext=u:r:toolbox:s0 tcontext=u:r:hal_gatekeeper_default:s0 tclass=dir permissive=1
06-10 13:50:59.668 327 327 I pgrep : type=1400 audit(0.0:162): avc: denied { open } for path="/proc/268/stat" dev="proc" ino=8718 scontext=u:r:toolbox:s0 tcontext=u:r:hal_gatekeeper_default:s0 tclass=file permissive=1
06-10 13:50:59.668 328 328 I xiriservice_All: type=1400 audit(0.0:163): avc: denied { search } for name="com.sohu.inputmethod.sogou.tv" dev="mmcblk0p25" ino=1429 scontext=u:r:init:s0 tcontext=u:object_r:app_data_file:s0:c38,c256,c512,c768 tclass=dir permissive=1
06-10 13:50:59.668 327 327 I pgrep : type=1400 audit(0.0:164): avc: denied { getattr } for path="/proc/272" dev="proc" ino=3023 scontext=u:r:toolbox:s0 tcontext=u:r:hal_graphics_allocator_default:s0 tclass=dir permissive=1
06-10 13:50:59.668 327 327 I pgrep : type=1400 audit(0.0:165): avc: denied { search } for name="272" dev="proc" ino=3023 scontext=u:r:toolbox:s0 tcontext=u:r:hal_graphics_allocator_default:s0 tclass=dir permissive=1
06-10 13:50:59.668 328 328 I xiriservice_All: type=1400 audit(0.0:166): avc: denied { read } for name="lib" dev="mmcblk0p25" ino=13334 scontext=u:r:init:s0 tcontext=u:object_r:app_data_file:s0:c38,c256,c512,c768 tclass=lnk_file permissive=1
06-10 13:50:59.672 327 327 I pgrep : type=1400 audit(0.0:167): avc: denied { open } for path="/proc/272/stat" dev="proc" ino=8721 scontext=u:r:toolbox:s0 tcontext=u:r:hal_graphics_allocator_default:s0 tclass=file permissive=1
06-10 13:50:59.672 327 327 I pgrep : type=1400 audit(0.0:168): avc: denied { getattr } for path="/proc/273" dev="proc" ino=7270 scontext=u:r:toolbox:s0 tcontext=u:r:hal_graphics_composer_default:s0 tclass=dir permissive=1
06-10 13:50:59.672 327 327 I pgrep : type=1400 audit(0.0:169): avc: denied { search } for name="273" dev="proc" ino=7270 scontext=u:r:toolbox:s0 tcontext=u:r:hal_graphics_composer_default:s0 tclass=dir permissive=1
06-10 13:50:59.672 327 327 I pgrep : type=1400 audit(0.0:170): avc: denied { open } for path="/proc/273/stat" dev="proc" ino=8722 scontext=u:r:toolbox:s0 tcontext=u:r:hal_graphics_composer_default:s0 tclass=file permissive=1
06-10 13:50:59.672 327 327 I pgrep : type=1400 audit(0.0:171): avc: denied { getattr } for path="/proc/274" dev="proc" ino=7284 scontext=u:r:toolbox:s0 tcontext=u:r:hal_health_default:s0 tclass=dir permissive=1
06-10 13:50:59.672 327 327 I pgrep : type=1400 audit(0.0:172): avc: denied { search } for name="274" dev="proc" ino=7284 scontext=u:r:toolbox:s0 tcontext=u:r:hal_health_default:s0 tclass=dir permissive=1
06-10 13:50:59.672 327 327 I pgrep : type=1400 audit(0.0:174): avc: denied { open } for path="/proc/274/stat" dev="proc" ino=8723 scontext=u:r:toolbox:s0 tcontext=u:r:hal_health_default:s0 tclass=file permissive=1
06-10 13:50:59.672 328 328 I xiriservice_All: type=1400 audit(0.0:173): avc: denied { search } for name="com.android.htmlviewer" dev="mmcblk0p25" ino=714 scontext=u:r:init:s0 tcontext=u:object_r:app_data_file:s0:c40,c256,c512,c768 tclass=dir permissive=1
06-10 13:50:59.672 328 328 I xiriservice_All: type=1400 audit(0.0:175): avc: denied { search } for name="com.android.companiondevicemanager" dev="mmcblk0p25" ino=722 scontext=u:r:init:s0 tcontext=u:object_r:app_data_file:s0:c46,c256,c512,c768 tclass=dir permissive=1
06-10 13:50:59.672 327 327 I pgrep : type=1400 audit(0.0:176): avc: denied { getattr } for path="/proc/275" dev="proc" ino=7318 scontext=u:r:toolbox:s0 tcontext=u:r:hal_light_default:s0 tclass=dir permissive=1
06-10 13:50:59.672 327 327 I pgrep : type=1400 audit(0.0:177): avc: denied { search } for name="275" dev="proc" ino=7318 scontext=u:r:toolbox:s0 tcontext=u:r:hal_light_default:s0 tclass=dir permissive=1
06-10 13:50:59.672 328 328 I xiriservice_All: type=1400 audit(0.0:178): avc: denied { search } for name="com.android.providers.tv" dev="mmcblk0p25" ino=738 scontext=u:r:init:s0 tcontext=u:object_r:privapp_data_file:s0:c512,c768 tclass=dir permissive=1
06-10 13:50:59.672 327 327 I pgrep : type=1400 audit(0.0:179): avc: denied { open } for path="/proc/275/stat" dev="proc" ino=8724 scontext=u:r:toolbox:s0 tcontext=u:r:hal_light_default:s0 tclass=file permissive=1
06-10 13:50:59.672 328 328 I xiriservice_All: type=1400 audit(0.0:180): avc: denied { search } for name="com.android.internal.systemui.onehanded.gestural" dev="mmcblk0p25" ino=746 scontext=u:r:init:s0 tcontext=u:object_r:app_data_file:s0:c4,c256,c512,c768 tclass=dir permissive=1
06-10 13:50:59.672 327 327 I pgrep : type=1400 audit(0.0:181): avc: denied { getattr } for path="/proc/276" dev="proc" ino=7320 scontext=u:r:toolbox:s0 tcontext=u:r:hal_power_default:s0 tclass=dir permissive=1
06-10 13:50:59.672 327 327 I pgrep : type=1400 audit(0.0:182): avc: denied { search } for name="276" dev="proc" ino=7320 scontext=u:r:toolbox:s0 tcontext=u:r:hal_power_default:s0 tclass=dir permissive=1
06-10 13:50:59.672 327 327 I pgrep : type=1400 audit(0.0:183): avc: denied { open } for path="/proc/276/stat" dev="proc" ino=8725 scontext=u:r:toolbox:s0 tcontext=u:r:hal_power_default:s0 tclass=file permissive=1
06-10 13:50:59.672 327 327 I pgrep : type=1400 audit(0.0:184): avc: denied { getattr } for path="/proc/278" dev="proc" ino=7330 scontext=u:r:toolbox:s0 tcontext=u:r:hal_tv_cec_default:s0 tclass=dir permissive=1
06-10 13:50:59.672 327 327 I pgrep : type=1400 audit(0.0:185): avc: denied { search } for name="278" dev="proc" ino=7330 scontext=u:r:toolbox:s0 tcontext=u:r:hal_tv_cec_default:s0 tclass=dir permissive=1
06-10 13:50:59.672 327 327 I pgrep : type=1400 audit(0.0:186): avc: denied { open } for path="/proc/278/stat" dev="proc" ino=8726 scontext=u:r:toolbox:s0 tcontext=u:r:hal_tv_cec_default:s0 tclass=file permissive=1
06-10 13:50:59.672 327 327 I pgrep : type=1400 audit(0.0:187): avc: denied { getattr } for path="/proc/279" dev="proc" ino=7333 scontext=u:r:toolbox:s0 tcontext=u:r:hal_usb_impl:s0 tclass=dir permissive=1
06-10 13:50:59.672 327 327 I pgrep : type=1400 audit(0.0:188): avc: denied { search } for name="279" dev="proc" ino=7333 scontext=u:r:toolbox:s0 tcontext=u:r:hal_usb_impl:s0 tclass=dir permissive=1
06-10 13:50:59.672 328 328 I xiriservice_All: type=1400 audit(0.0:189): avc: denied { search } for name="com.dangbei.lerad.videoposter" dev="mmcblk0p25" ino=762 scontext=u:r:init:s0 tcontext=u:object_r:app_data_file:s0:c512,c768 tclass=dir permissive=1
06-10 13:50:59.672 327 327 I pgrep : type=1400 audit(0.0:190): avc: denied { open } for path="/proc/279/stat" dev="proc" ino=8727 scontext=u:r:toolbox:s0 tcontext=u:r:hal_usb_impl:s0 tclass=file permissive=1
06-10 13:50:59.672 327 327 I pgrep : type=1400 audit(0.0:191): avc: denied { getattr } for path="/proc/282" dev="proc" ino=6928 scontext=u:r:toolbox:s0 tcontext=u:r:hal_awdisplayoutput_default:s0 tclass=dir permissive=1
06-10 13:50:59.672 327 327 I pgrep : type=1400 audit(0.0:192): avc: denied { search } for name="282" dev="proc" ino=6928 scontext=u:r:toolbox:s0 tcontext=u:r:hal_awdisplayoutput_default:s0 tclass=dir permissive=1
06-10 13:50:59.672 327 327 I pgrep : type=1400 audit(0.0:193): avc: denied { open } for path="/proc/282/stat" dev="proc" ino=8728 scontext=u:r:toolbox:s0 tcontext=u:r:hal_awdisplayoutput_default:s0 tclass=file permissive=1
06-10 13:50:59.672 327 327 I pgrep : type=1400 audit(0.0:194): avc: denied { getattr } for path="/proc/284" dev="proc" ino=6933 scontext=u:r:toolbox:s0 tcontext=u:r:hal_rebootescrow_default:s0 tclass=dir permissive=1
