06-10 13:51:00.534 273 400 I sunxihwc: setDisplaydCb: get mDisplaydCb =0x0x696c4372
06-10 13:51:00.534 273 400 I sunxihwc: updateConnectedDevices: display[0] connected=1 type=4 device=0xf07c300c
06-10 13:51:00.534 273 400 I sunxihwc: updateConnectedDevices: display[1] connected=0 type=2 device=0x0
06-10 13:51:00.534 273 400 D sunxihwc: enqueueEvent: enqueueEvent: event 1
06-10 13:51:00.534 273 399 W sunxihwc: deviceChangedEventProcess: Display.0 (hdmi0) connect
06-10 13:51:00.534 273 399 I sunxihwc: onHotplugReceived: display(0) connect state[1]
06-10 13:51:00.534 273 399 I sunxihwc: onHotplugReceived: display size: 0 display.0 0 display.1 0 display.0 0
06-10 13:51:00.534 273 399 W sunxihwc: onHotplugReceived: display(0) is 0xf06d6010
06-10 13:51:00.534 273 399 D sunxihwc: setDisplays: display =0xf06d6010
06-10 13:51:00.534 273 399 D sunxihwc: setDisplays: display size=1
06-10 13:51:00.534 273 400 I sunxihwc: setMargin: display[0]: margin 100 100 100 100
06-10 13:51:00.534 273 273 D sunxihwc: enqueueEvent: enqueueEvent: event 1
06-10 13:51:00.534 273 273 I sunxihwc: waitForHotplugIssued: Wait for display connect
06-10 13:51:00.534 273 399 D sunxihwc: setHotplugState: mbHotplug = 0
06-10 13:51:00.534 273 399 D sunxihwc: setHotplugState: mbHotplug = 0
06-10 13:51:00.535 293 293 I SurfaceFlinger: onComposerHalHotplug(0, connected)
06-10 13:51:00.535 293 293 I HWComposer: Switching to legacy multi-display mode
06-10 13:51:00.536 293 293 E HWComposer: getAttribute: getDisplayAttribute failed for display 0: BadConfig (1)
06-10 13:51:00.536 293 293 E HWComposer: getDisplayConnectionType: getDisplayConnectionType failed for display 0: Unsupported (8)
06-10 13:51:00.536 273 400 W displayd: xxxxxxx: Turen on display(0), margin(100,100,100,100)
06-10 13:51:00.536 273 400 W displayd: xxxxxxx: Current device mapping:
06-10 13:51:00.536 273 400 W displayd: + display [1]: enable=0 type=2 mode=0
06-10 13:51:00.536 273 400 W displayd: + display [0]: enable=1 type=4 mode=10
06-10 13:51:00.536 273 400 I sunxihwc: registerCallback: registerCallback mEventCallback =0x0
06-10 13:51:00.536 273 400 I sunxihwc: setDisplaydCb: get mDisplaydCb =0x0xf085f400
06-10 13:51:00.537 293 404 W EventThread: Ignoring VSYNC request while display is disconnected
06-10 13:51:00.538 293 404 W EventThread: Ignoring VSYNC request while display is disconnected
06-10 13:51:00.538 293 405 W EventThread: Ignoring VSYNC request while display is disconnected
06-10 13:51:00.538 293 405 W EventThread: Ignoring VSYNC request while display is disconnected
06-10 13:51:00.538 293 404 W EventThread: Ignoring VSYNC request while display is disconnected
06-10 13:51:00.538 293 404 W EventThread: Ignoring VSYNC request while display is disconnected
06-10 13:51:00.539 273 273 D sunxihwc: getHdrCapabilities: getHdrCapabilities: support hdr10 and hlg
06-10 13:51:00.539 293 293 W HwcComposer: getPerFrameMetadataKeys failed with 8
06-10 13:51:00.528 341 341 I xiriservice_All: type=1400 audit(0.0:295): avc: denied { read } for scontext=u:r:init:s0 tcontext=u:r:init:s0 tclass=netlink_kobject_uevent_socket permissive=1
06-10 13:51:00.545 272 296 I gralloc : alloc buffer:W:1920 H:1080 S:1920 PL[1920 1080] SZ:8294400 fmt:1 if:0 af:1 usg:1b00 fg:00000004
06-10 13:51:00.550 272 296 I gralloc : alloc buffer:W:1920 H:1080 S:1920 PL[1920 1080] SZ:8294400 fmt:1 if:0 af:1 usg:1b00 fg:00000004
06-10 13:51:00.544 343 343 I rainbow_flow: type=1400 audit(0.0:296): avc: denied { ioctl } for path="/dev/spidev1.0" dev="tmpfs" ino=6270 ioctlcmd=0x6b00 scontext=u:r:init:s0 tcontext=u:object_r:device:s0 tclass=chr_file permissive=1
06-10 13:51:00.551 293 293 I SurfaceFlinger: Dispatching display hotplug event displayId=0, connected=1
06-10 13:51:00.552 273 400 W displayd: xxxxxxx: threadedStartup end
06-10 13:51:00.566 273 401 I sunxihwc: threadLoop: set CommitThread priority as HAL_PRIORITY_URGENT_DISPLAY
06-10 13:51:00.566 273 402 I sunxihwc: pollThreadLoop: polling VsyncThread start
06-10 13:51:00.567 293 409 W SurfaceFlinger: Failed to set thread name on dispatch thread
06-10 13:51:00.611 392 392 I gatekeeperd: Starting gatekeeperd...
06-10 13:51:00.621 392 392 E cutils-trace: Error opening trace file: No such file or directory (2)
06-10 13:51:00.640 395 395 E cutils-trace: Error opening trace file: No such file or directory (2)
06-10 13:51:00.683 259 259 D zygote : Time zone APEX ICU file found: /apex/com.android.tzdata/etc/icu/icu_tzdata.dat
06-10 13:51:00.686 259 259 D zygote : I18n APEX ICU file found: /apex/com.android.i18n/etc/icu/icudt68l.dat
06-10 13:51:00.709 395 395 I usbd : Usb HAL found.
06-10 13:51:00.709 395 395 I usbd : peristent prop is adb
06-10 13:51:00.723 385 385 I android.hardware.media.omx@1.0-service: mediacodecservice starting
06-10 13:51:00.731 279 279 I android.hardware.usb.gadget@1.1-service.aw: setCurrentUsbFunctions None
06-10 13:51:00.731 385 385 W android.hardware.media.omx@1.0-service: Could not read additional policy file '/vendor/etc/seccomp_policy/mediacodec.policy'
06-10 13:51:00.731 279 279 I android.hardware.usb.gadget@1.1-service.aw: Gadget cannot be pulled down
06-10 13:51:00.731 385 385 W android.hardware.media.omx@1.0-service: libminijail[385]: failed to get path of fd 4: No such file or directory
06-10 13:51:00.731 385 385 W android.hardware.media.omx@1.0-service: libminijail[385]: allowing syscall: clock_gettime
06-10 13:51:00.731 279 279 I android.hardware.usb.gadget@1.1-service.aw: mMonitor not running
06-10 13:51:00.731 279 279 I android.hardware.usb.gadget@1.1-service.aw: Returned from tearDown gadget
06-10 13:51:00.731 385 385 W android.hardware.media.omx@1.0-service: libminijail[385]: allowing syscall: connect
06-10 13:51:00.732 385 385 W android.hardware.media.omx@1.0-service: libminijail[385]: allowing syscall: fcntl64
06-10 13:51:00.732 385 385 W android.hardware.media.omx@1.0-service: libminijail[385]: allowing syscall: socket
06-10 13:51:00.732 385 385 W android.hardware.media.omx@1.0-service: libminijail[385]: allowing syscall: writev
06-10 13:51:00.737 385 385 W android.hardware.media.omx@1.0-service: libminijail[385]: compile_file: (59): syscall getrandom redefined here
06-10 13:51:00.739 385 385 W android.hardware.media.omx@1.0-service: libminijail[385]: compile_file: (15): previous definition here
06-10 13:51:00.749 385 385 W android.hardware.media.omx@1.0-service: libminijail[385]: compile_file: /system/etc/seccomp_policy/crash_dump.arm.policy(1): syscall read redefined here
06-10 13:51:00.750 385 385 W android.hardware.media.omx@1.0-service: libminijail[385]: compile_file: (9): previous definition here
06-10 13:51:00.750 385 385 W android.hardware.media.omx@1.0-service: libminijail[385]: compile_file: /system/etc/seccomp_policy/crash_dump.arm.policy(2): syscall write redefined here
06-10 13:51:00.750 385 385 W android.hardware.media.omx@1.0-service: libminijail[385]: compile_file: (5): previous definition here
06-10 13:51:00.750 385 385 W android.hardware.media.omx@1.0-service: libminijail[385]: compile_file: /system/etc/seccomp_policy/crash_dump.arm.policy(3): syscall exit redefined here
06-10 13:51:00.750 385 385 W android.hardware.media.omx@1.0-service: libminijail[385]: compile_file: (40): previous definition here
06-10 13:51:00.750 385 385 W android.hardware.media.omx@1.0-service: libminijail[385]: compile_file: /system/etc/seccomp_policy/crash_dump.arm.policy(4): syscall rt_sigreturn redefined here
06-10 13:51:00.750 385 385 W android.hardware.media.omx@1.0-service: libminijail[385]: compile_file: (45): previous definition here
06-10 13:51:00.751 385 385 W android.hardware.media.omx@1.0-service: libminijail[385]: compile_file: /system/etc/seccomp_policy/crash_dump.arm.policy(6): syscall exit_group redefined here
06-10 13:51:00.751 385 385 W android.hardware.media.omx@1.0-service: libminijail[385]: compile_file: (44): previous definition here
06-10 13:51:00.751 385 385 W android.hardware.media.omx@1.0-service: libminijail[385]: compile_file: /system/etc/seccomp_policy/crash_dump.arm.policy(7): syscall clock_gettime redefined here
06-10 13:51:00.751 385 385 W android.hardware.media.omx@1.0-service: libminijail[385]: compile_file: (7): previous definition here
06-10 13:51:00.751 385 385 W android.hardware.media.omx@1.0-service: libminijail[385]: compile_file: /system/etc/seccomp_policy/crash_dump.arm.policy(8): syscall gettimeofday redefined here
06-10 13:51:00.751 385 385 W android.hardware.media.omx@1.0-service: libminijail[385]: compile_file: (47): previous definition here
06-10 13:51:00.752 385 385 W android.hardware.media.omx@1.0-service: libminijail[385]: compile_file: /system/etc/seccomp_policy/crash_dump.arm.policy(9): syscall futex redefined here
06-10 13:51:00.752 385 385 W android.hardware.media.omx@1.0-service: libminijail[385]: compile_file: (3): previous definition here
06-10 13:51:00.753 385 385 W android.hardware.media.omx@1.0-service: libminijail[385]: compile_file: /system/etc/seccomp_policy/crash_dump.arm.policy(10): syscall getrandom redefined here
06-10 13:51:00.753 385 385 W android.hardware.media.omx@1.0-service: libminijail[385]: compile_file: (15): previous definition here
06-10 13:51:00.753 391 391 I mediaswcodec: media swcodec service starting
06-10 13:51:00.754 385 385 W android.hardware.media.omx@1.0-service: libminijail[385]: compile_file: /system/etc/seccomp_policy/crash_dump.arm.policy(13): syscall ppoll redefined here
06-10 13:51:00.755 385 385 W android.hardware.media.omx@1.0-service: libminijail[385]: compile_file: (13): previous definition here
06-10 13:51:00.755 385 385 W android.hardware.media.omx@1.0-service: libminijail[385]: compile_file: /system/etc/seccomp_policy/crash_dump.arm.policy(14): syscall pipe2 redefined here
06-10 13:51:00.755 385 385 W android.hardware.media.omx@1.0-service: libminijail[385]: compile_file: (46): previous definition here
06-10 13:51:00.755 385 385 W android.hardware.media.omx@1.0-service: libminijail[385]: compile_file: /system/etc/seccomp_policy/crash_dump.arm.policy(15): syscall openat redefined here
06-10 13:51:00.759 385 385 W android.hardware.media.omx@1.0-service: libminijail[385]: compile_file: (30): previous definition here
06-10 13:51:00.759 385 385 W android.hardware.media.omx@1.0-service: libminijail[385]: compile_file: /system/etc/seccomp_policy/crash_dump.arm.policy(16): syscall dup redefined here
06-10 13:51:00.759 385 385 W android.hardware.media.omx@1.0-service: libminijail[385]: compile_file: (12): previous definition here
06-10 13:51:00.759 385 385 W android.hardware.media.omx@1.0-service: libminijail[385]: compile_file: /system/etc/seccomp_policy/crash_dump.arm.policy(17): syscall close redefined here
06-10 13:51:00.759 385 385 W android.hardware.media.omx@1.0-service: libminijail[385]: compile_file: (10): previous definition here
06-10 13:51:00.760 385 385 W android.hardware.media.omx@1.0-service: libminijail[385]: compile_file: /system/etc/seccomp_policy/crash_dump.arm.policy(18): syscall lseek redefined here
06-10 13:51:00.760 385 385 W android.hardware.media.omx@1.0-service: libminijail[385]: compile_file: (50): previous definition here
06-10 13:51:00.761 367 367 I main_extractorservice: enable media.extractor memory limits
06-10 13:51:00.762 385 385 W android.hardware.media.omx@1.0-service: libminijail[385]: compile_file: /system/etc/seccomp_policy/crash_dump.arm.policy(19): syscall getdents64 redefined here
06-10 13:51:00.763 385 385 W android.hardware.media.omx@1.0-service: libminijail[385]: compile_file: (58): previous definition here
06-10 13:51:00.767 385 385 W android.hardware.media.omx@1.0-service: libminijail[385]: compile_file: /system/etc/seccomp_policy/crash_dump.arm.policy(20): syscall faccessat redefined here
06-10 13:51:00.768 391 391 W mediaswcodec: Could not read additional policy file '/vendor/etc/seccomp_policy/mediaswcodec.policy'
06-10 13:51:00.768 367 367 V MediaUtils: physMem: 2055442432
06-10 13:51:00.768 367 367 V MediaUtils: requested limit: 411088480
06-10 13:51:00.768 367 367 I libc : malloc_limit: Allocation limit enabled, max size 411088480 bytes
06-10 13:51:00.768 391 391 W mediaswcodec: libminijail[391]: failed to get path of fd 4: No such file or directory
06-10 13:51:00.768 391 391 W mediaswcodec: libminijail[391]: allowing syscall: clock_gettime
06-10 13:51:00.769 385 385 W android.hardware.media.omx@1.0-service: libminijail[385]: compile_file: (38): previous definition here
06-10 13:51:00.771 385 385 W android.hardware.media.omx@1.0-service: libminijail[385]: compile_file: /system/etc/seccomp_policy/crash_dump.arm.policy(25): syscall rt_sigprocmask redefined here
06-10 13:51:00.771 385 385 W android.hardware.media.omx@1.0-service: libminijail[385]: compile_file: (41): previous definition here
06-10 13:51:00.772 385 385 W android.hardware.media.omx@1.0-service: libminijail[385]: compile_file: /system/etc/seccomp_policy/crash_dump.arm.policy(28): syscall prctl redefined here
06-10 13:51:00.772 385 385 W android.hardware.media.omx@1.0-service: libminijail[385]: compile_file: (6): previous definition here
06-10 13:51:00.772 385 385 W android.hardware.media.omx@1.0-service: libminijail[385]: compile_file: /system/etc/seccomp_policy/crash_dump.arm.policy(29): syscall madvise redefined here
06-10 13:51:00.772 385 385 W android.hardware.media.omx@1.0-service: libminijail[385]: compile_file: (29): previous definition here
06-10 13:51:00.773 385 385 W android.hardware.media.omx@1.0-service: libminijail[385]: compile_file: /system/etc/seccomp_policy/crash_dump.arm.policy(30): syscall mprotect redefined here
06-10 13:51:00.773 385 385 W android.hardware.media.omx@1.0-service: libminijail[385]: compile_file: (28): previous definition here
06-10 13:51:00.773 385 385 W android.hardware.media.omx@1.0-service: libminijail[385]: compile_file: /system/etc/seccomp_policy/crash_dump.arm.policy(31): syscall munmap redefined here
06-10 13:51:00.773 385 385 W android.hardware.media.omx@1.0-service: libminijail[385]: compile_file: (27): previous definition here
06-10 13:51:00.773 385 385 W android.hardware.media.omx@1.0-service: libminijail[385]: compile_file: /system/etc/seccomp_policy/crash_dump.arm.policy(32): syscall getuid32 redefined here
06-10 13:51:00.773 385 385 W android.hardware.media.omx@1.0-service: libminijail[385]: compile_file: (34): previous definition here
06-10 13:51:00.774 385 385 W android.hardware.media.omx@1.0-service: libminijail[385]: compile_file: /system/etc/seccomp_policy/crash_dump.arm.policy(33): syscall fstat64 redefined here
06-10 13:51:00.774 385 385 W android.hardware.media.omx@1.0-service: libminijail[385]: compile_file: (35): previous definition here
06-10 13:51:00.775 391 391 W mediaswcodec: libminijail[391]: allowing syscall: connect
06-10 13:51:00.776 391 391 W mediaswcodec: libminijail[391]: allowing syscall: fcntl64
06-10 13:51:00.776 391 391 W mediaswcodec: libminijail[391]: allowing syscall: socket
06-10 13:51:00.776 385 385 W android.hardware.media.omx@1.0-service: libminijail[385]: compile_file: /system/etc/seccomp_policy/crash_dump.arm.policy(34): syscall mmap2 redefined here
06-10 13:51:00.776 391 391 W mediaswcodec: libminijail[391]: allowing syscall: writev
06-10 13:51:00.776 385 385 W android.hardware.media.omx@1.0-service: libminijail[385]: compile_file: (14): previous definition here
06-10 13:51:00.777 391 391 W mediaswcodec: libminijail[391]: compile_file: (71): syscall futex redefined here
06-10 13:51:00.778 391 391 W mediaswcodec: libminijail[391]: compile_file: (15): previous definition here
06-10 13:51:00.779 385 385 W android.hardware.media.omx@1.0-service: libminijail[385]: logging seccomp filter failures
06-10 13:51:00.782 391 391 W mediaswcodec: libminijail[391]: logging seccomp filter failures
06-10 13:51:00.784 391 391 I CodecServiceRegistrant: Creating software Codec2 service...
06-10 13:51:00.784 259 259 I zygote : Using memfd for future sealing
06-10 13:51:00.793 391 391 E cutils-trace: Error opening trace file: No such file or directory (2)
06-10 13:51:00.796 367 367 W mediaextractor: Could not read additional policy file '/vendor/etc/seccomp_policy/mediaextractor.policy'
06-10 13:51:00.797 367 367 W mediaextractor: libminijail[367]: failed to get path of fd 4: No such file or directory
06-10 13:51:00.797 367 367 W mediaextractor: libminijail[367]: allowing syscall: clock_gettime
06-10 13:51:00.797 367 367 W mediaextractor: libminijail[367]: allowing syscall: connect
06-10 13:51:00.797 367 367 W mediaextractor: libminijail[367]: allowing syscall: fcntl64
06-10 13:51:00.797 367 367 W mediaextractor: libminijail[367]: allowing syscall: socket
06-10 13:51:00.797 367 367 W mediaextractor: libminijail[367]: allowing syscall: writev
06-10 13:51:00.799 367 367 W mediaextractor: libminijail[367]: compile_file: /apex/com.android.media/etc/seccomp_policy/crash_dump.arm.policy(1): syscall read redefined here
06-10 13:51:00.799 367 367 W mediaextractor: libminijail[367]: compile_file: (19): previous definition here
06-10 13:51:00.799 367 367 W mediaextractor: libminijail[367]: compile_file: /apex/com.android.media/etc/seccomp_policy/crash_dump.arm.policy(2): syscall write redefined here
06-10 13:51:00.799 367 367 W mediaextractor: libminijail[367]: compile_file: (6): previous definition here
06-10 13:51:00.800 367 367 W mediaextractor: libminijail[367]: compile_file: /apex/com.android.media/etc/seccomp_policy/crash_dump.arm.policy(3): syscall exit redefined here
06-10 13:51:00.800 367 367 W mediaextractor: libminijail[367]: compile_file: (27): previous definition here
06-10 13:51:00.800 367 367 W mediaextractor: libminijail[367]: compile_file: /apex/com.android.media/etc/seccomp_policy/crash_dump.arm.policy(4): syscall rt_sigreturn redefined here
06-10 13:51:00.800 367 367 W mediaextractor: libminijail[367]: compile_file: (29): previous definition here
06-10 13:51:00.800 367 367 W mediaextractor: libminijail[367]: compile_file: /apex/com.android.media/etc/seccomp_policy/crash_dump.arm.policy(6): syscall exit_group redefined here
06-10 13:51:00.800 367 367 W mediaextractor: libminijail[367]: compile_file: (28): previous definition here
06-10 13:51:00.800 367 367 W mediaextractor: libminijail[367]: compile_file: /apex/com.android.media/etc/seccomp_policy/crash_dump.arm.policy(7): syscall clock_gettime redefined here
06-10 13:51:00.800 367 367 W mediaextractor: libminijail[367]: compile_file: (20): previous definition here
06-10 13:51:00.800 367 367 W mediaextractor: libminijail[367]: compile_file: /apex/com.android.media/etc/seccomp_policy/crash_dump.arm.policy(9): syscall futex redefined here
06-10 13:51:00.800 367 367 W mediaextractor: libminijail[367]: compile_file: (4): previous definition here
06-10 13:51:00.801 367 367 W mediaextractor: libminijail[367]: compile_file: /apex/com.android.media/etc/seccomp_policy/crash_dump.arm.policy(10): syscall getrandom redefined here
06-10 13:51:00.801 367 367 W mediaextractor: libminijail[367]: compile_file: (43): previous definition here
06-10 13:51:00.801 367 367 W mediaextractor: libminijail[367]: compile_file: /apex/com.android.media/etc/seccomp_policy/crash_dump.arm.policy(12): syscall gettid redefined here
06-10 13:51:00.801 367 367 W mediaextractor: libminijail[367]: compile_file: (34): previous definition here
06-10 13:51:00.801 367 367 W mediaextractor: libminijail[367]: compile_file: /apex/com.android.media/etc/seccomp_policy/crash_dump.arm.policy(15): syscall openat redefined here
06-10 13:51:00.801 367 367 W mediaextractor: libminijail[367]: compile_file: (16): previous definition here
06-10 13:51:00.801 367 367 W mediaextractor: libminijail[367]: compile_file: /apex/com.android.media/etc/seccomp_policy/crash_dump.arm.policy(16): syscall dup redefined here
06-10 13:51:00.801 367 367 W mediaextractor: libminijail[367]: compile_file: (11): previous definition here
06-10 13:51:00.801 367 367 W mediaextractor: libminijail[367]: compile_file: /apex/com.android.media/etc/seccomp_policy/crash_dump.arm.policy(17): syscall close redefined here
06-10 13:51:00.801 367 367 W mediaextractor: libminijail[367]: compile_file: (9): previous definition here
06-10 13:51:00.801 367 367 W mediaextractor: libminijail[367]: compile_file: /apex/com.android.media/etc/seccomp_policy/crash_dump.arm.policy(18): syscall lseek redefined here
06-10 13:51:00.802 367 367 W mediaextractor: libminijail[367]: compile_file: (21): previous definition here
06-10 13:51:00.802 367 367 W mediaextractor: libminijail[367]: compile_file: /apex/com.android.media/etc/seccomp_policy/crash_dump.arm.policy(20): syscall faccessat redefined here
06-10 13:51:00.802 367 367 W mediaextractor: libminijail[367]: compile_file: (30): previous definition here
06-10 13:51:00.809 367 367 W mediaextractor: libminijail[367]: compile_file: /apex/com.android.media/etc/seccomp_policy/crash_dump.arm.policy(25): syscall rt_sigprocmask redefined here
06-10 13:51:00.809 367 367 W mediaextractor: libminijail[367]: compile_file: (35): previous definition here
06-10 13:51:00.810 367 367 W mediaextractor: libminijail[367]: compile_file: /apex/com.android.media/etc/seccomp_policy/crash_dump.arm.policy(28): syscall prctl redefined here
06-10 13:51:00.810 367 367 W mediaextractor: libminijail[367]: compile_file: (5): previous definition here
06-10 13:51:00.810 367 367 W mediaextractor: libminijail[367]: compile_file: /apex/com.android.media/etc/seccomp_policy/crash_dump.arm.policy(29): syscall madvise redefined here
06-10 13:51:00.810 367 367 W mediaextractor: libminijail[367]: compile_file: (31): previous definition here
06-10 13:51:00.810 367 367 W mediaextractor: libminijail[367]: compile_file: /apex/com.android.media/etc/seccomp_policy/crash_dump.arm.policy(30): syscall mprotect redefined here
06-10 13:51:00.810 367 367 W mediaextractor: libminijail[367]: compile_file: (12): previous definition here
06-10 13:51:00.810 367 367 W mediaextractor: libminijail[367]: compile_file: /apex/com.android.media/etc/seccomp_policy/crash_dump.arm.policy(31): syscall munmap redefined here
06-10 13:51:00.810 367 367 W mediaextractor: libminijail[367]: compile_file: (10): previous definition here
06-10 13:51:00.810 367 367 W mediaextractor: libminijail[367]: compile_file: /apex/com.android.media/etc/seccomp_policy/crash_dump.arm.policy(32): syscall getuid32 redefined here
06-10 13:51:00.810 367 367 W mediaextractor: libminijail[367]: compile_file: (13): previous definition here
06-10 13:51:00.811 367 367 W mediaextractor: libminijail[367]: compile_file: /apex/com.android.media/etc/seccomp_policy/crash_dump.arm.policy(33): syscall fstat64 redefined here
06-10 13:51:00.811 367 367 W mediaextractor: libminijail[367]: compile_file: (25): previous definition here
06-10 13:51:00.811 367 367 W mediaextractor: libminijail[367]: compile_file: /apex/com.android.media/etc/seccomp_policy/crash_dump.arm.policy(34): syscall mmap2 redefined here
06-10 13:51:00.811 367 367 W mediaextractor: libminijail[367]: compile_file: (8): previous definition here
06-10 13:51:00.811 367 367 W mediaextractor: libminijail[367]: compile_file: /apex/com.android.media/etc/seccomp_policy/crash_dump.arm.policy(35): syscall geteuid32 redefined here
06-10 13:51:00.811 367 367 W mediaextractor: libminijail[367]: compile_file: (38): previous definition here
06-10 13:51:00.811 367 367 W mediaextractor: libminijail[367]: compile_file: /apex/com.android.media/etc/seccomp_policy/crash_dump.arm.policy(36): syscall getgid32 redefined here
06-10 13:51:00.811 367 367 W mediaextractor: libminijail[367]: compile_file: (39): previous definition here
06-10 13:51:00.811 367 367 W mediaextractor: libminijail[367]: compile_file: /apex/com.android.media/etc/seccomp_policy/crash_dump.arm.policy(37): syscall getegid32 redefined here
06-10 13:51:00.811 367 367 W mediaextractor: libminijail[367]: compile_file: (40): previous definition here
06-10 13:51:00.811 367 367 W mediaextractor: libminijail[367]: compile_file: /apex/com.android.media/etc/seccomp_policy/crash_dump.arm.policy(38): syscall getgroups32 redefined here
06-10 13:51:00.811 367 367 W mediaextractor: libminijail[367]: compile_file: (41): previous definition here
06-10 13:51:00.814 385 385 I cedarc : : register h265 decoder success!
06-10 13:51:00.814 385 385 E cedarc : : dlopen 'libawh265soft.so' fail: dlopen failed: library "libawh265soft.so" not found
06-10 13:51:00.815 385 385 I cedarc : : register h264 decoder success!
06-10 13:51:00.817 367 367 W mediaextractor: libminijail[367]: logging seccomp filter failures
06-10 13:51:00.818 385 385 I cedarc : : register mjpeg decoder success!
06-10 13:51:00.822 385 385 I cedarc : : register mjpegplus decoder success!
06-10 13:51:00.826 385 385 I cedarc : : register mpeg2 decoder success!
06-10 13:51:00.826 385 385 W cedarc : : Invalid plugin, CedarPluginVDInit not found, lib:libawmpeg4base.so.
06-10 13:51:00.827 390 390 E cutils-trace: Error opening trace file: No such file or directory (2)
06-10 13:51:00.827 385 385 I cedarc : : register mpeg4Normal decoder success!
06-10 13:51:00.828 385 385 I cedarc : : register Mpeg4Vp6 decoder success!
06-10 13:51:00.828 412 412 I adbd : persist.adb.watchdog set to ''
06-10 13:51:00.829 412 412 I adbd : persist.sys.test_harness set to ''
06-10 13:51:00.829 412 412 I adbd : adb watchdog timeout set to 600 seconds
06-10 13:51:00.829 385 385 I cedarc : : register mpeg4dx decoder success!
06-10 13:51:00.829 385 385 I cedarc : : register mpeg4H263 decoder success!
06-10 13:51:00.830 412 412 I adbd : Setup mdns on port= 5555
06-10 13:51:00.830 385 385 I cedarc : : register vp8 decoder success!
06-10 13:51:00.830 412 412 I adbd : adbd listening on tcp:5555
06-10 13:51:00.830 412 412 I adbd : adbd listening on vsock:5555
06-10 13:51:00.830 412 412 I adbd : adbd started
06-10 13:51:00.831 385 385 I cedarc : : register vc1 decoder success!
06-10 13:51:00.832 279 279 I android.hardware.usb.gadget@1.1-service.aw: setCurrentUsbFunctions Adb
06-10 13:51:00.832 279 279 I android.hardware.usb.gadget@1.1-service.aw: Service started
06-10 13:51:00.832 279 279 I android.hardware.usb.gadget@1.1-service.aw: enable usbradio debug functions
06-10 13:51:00.833 279 279 I android.hardware.usb.gadget@1.1-service.aw: Usb Gadget setcurrent functions called successfully
06-10 13:51:00.842 412 427 I adbd : opening control endpoint /dev/usb-ffs/adb/ep0
06-10 13:51:00.843 412 425 I adbd : Waiting for persist.adb.tls_server.enable=1
06-10 13:51:00.843 412 425 I adbd : persist.adb.tls_server.enable changed to 1
06-10 13:51:00.848 427 427 I : read descriptors
06-10 13:51:00.848 427 427 I : read strings
06-10 13:51:00.846 412 427 I adbd : UsbFfsConnection constructed
06-10 13:51:00.850 385 385 I SoftOMXPlugin: createOMXPlugin
06-10 13:51:00.851 385 385 D MediaCodecsXmlParser: parsing /vendor/etc/media_codecs.xml...
06-10 13:51:00.857 412 434 I adbd : UsbFfs-monitor thread spawned
06-10 13:51:00.858 412 425 I adbd : adbwifi started on port 35689
06-10 13:51:00.859 412 425 I adbd : TlsServer running on port 35689
06-10 13:51:00.859 412 425 I adbd : adb wifi started on port 35689
06-10 13:51:00.860 412 425 I adbd : Waiting for persist.adb.tls_server.enable=0
06-10 13:51:00.863 394 394 I update_engine: [INFO:main.cc(55)] A/B Update Engine starting
06-10 13:51:00.864 412 435 I adbd : Registering secure_connect service (adb-DZOH58251975972-si1QCL)
06-10 13:51:00.860 385 385 D MediaCodecsXmlParser: parsing /vendor/etc/media_codecs_google_audio.xml...
06-10 13:51:00.866 385 385 D MediaCodecsXmlParser: unable to open media codecs configuration xml file: /vendor/etc/media_codecs_google_audio.xml
06-10 13:51:00.876 391 391 I HidlServiceManagement: Registered android.hardware.media.c2@1.2::IComponentStore/software
06-10 13:51:00.877 385 385 D MediaCodecsXmlParser: parsing /vendor/etc/media_codecs_google_video.xml...
06-10 13:51:00.877 385 385 D MediaCodecsXmlParser: unable to open media codecs configuration xml file: /vendor/etc/media_codecs_google_video.xml
06-10 13:51:00.877 385 385 D MediaCodecsXmlParser: parsing /vendor/etc/media_codecs_performance.xml...
06-10 13:51:00.879 385 385 D MediaCodecsXmlParser: MediaCodec: cannot update non-existing codec: OMX.google.h264.encoder at line 25 of /vendor/etc/media_codecs_performance.xml
06-10 13:51:00.880 385 385 D MediaCodecsXmlParser: MediaCodec: cannot update non-existing codec: OMX.google.h263.encoder at line 31 of /vendor/etc/media_codecs_performance.xml
06-10 13:51:00.880 385 385 D MediaCodecsXmlParser: MediaCodec: cannot update non-existing codec: OMX.google.mpeg4.encoder at line 34 of /vendor/etc/media_codecs_performance.xml
06-10 13:51:00.880 385 385 D MediaCodecsXmlParser: MediaCodec: cannot update non-existing codec: OMX.google.vp8.encoder at line 37 of /vendor/etc/media_codecs_performance.xml
06-10 13:51:00.880 385 385 D MediaCodecsXmlParser: MediaCodec: cannot update non-existing codec: OMX.allwinner.video.decoder.h263 at line 59 of /vendor/etc/media_codecs_performance.xml
06-10 13:51:00.880 385 385 D MediaCodecsXmlParser: MediaCodec: cannot update non-existing codec: OMX.google.mpeg4.decoder at line 80 of /vendor/etc/media_codecs_performance.xml
06-10 13:51:00.884 385 385 D MediaCodecsXmlParser: MediaCodec: cannot update non-existing codec: OMX.google.h264.decoder at line 83 of /vendor/etc/media_codecs_performance.xml
06-10 13:51:00.884 385 385 D MediaCodecsXmlParser: MediaCodec: cannot update non-existing codec: OMX.google.h263.decoder at line 89 of /vendor/etc/media_codecs_performance.xml
06-10 13:51:00.884 385 385 D MediaCodecsXmlParser: MediaCodec: cannot update non-existing codec: OMX.google.hevc.decoder at line 93 of /vendor/etc/media_codecs_performance.xml
06-10 13:51:00.884 385 385 D MediaCodecsXmlParser: MediaCodec: cannot update non-existing codec: OMX.google.vp8.decoder at line 101 of /vendor/etc/media_codecs_performance.xml
06-10 13:51:00.884 385 385 D MediaCodecsXmlParser: MediaCodec: cannot update non-existing codec: OMX.google.vp9.decoder at line 107 of /vendor/etc/media_codecs_performance.xml
06-10 13:51:00.885 385 385 I MediaCodecsXmlParser: Did not find media_codecs_shaping.xml in search path
06-10 13:51:00.885 385 385 E cutils-trace: Error opening trace file: No such file or directory (2)
06-10 13:51:00.886 394 394 E cutils-trace: Error opening trace file: No such file or directory (2)
06-10 13:51:00.916 278 278 I EventThread: type=1400 audit(0.0:297): avc: denied { search } for name="extcon" dev="sysfs" ino=18109 scontext=u:r:hal_tv_cec_default:s0 tcontext=u:object_r:sysfs_extcon:s0 tclass=dir permissive=1
06-10 13:51:00.937 198 198 I hwservicemanager: getTransport: Cannot find entry android.hardware.media.c2@1.0::IComponentStore/default in either framework or device VINTF manifest.
06-10 13:51:00.937 391 391 I CodecServiceRegistrant: Preferred Codec2 store is defaulted to "software".
06-10 13:51:00.937 391 391 I CodecServiceRegistrant: Software Codec2 service created and registered.
06-10 13:51:00.949 378 378 E cutils-trace: Error opening trace file: No such file or directory (2)
06-10 13:51:00.953 367 367 I MediaExtractorFactory: plugin directory not present (/system/lib/extractors)
06-10 13:51:00.953 367 367 I MediaExtractorFactory: plugin directory not present (/system_ext/lib/extractors)
06-10 13:51:00.978 259 414 W zygote : Verification of void android.app.appsearch.AppSearchBatchResult$Builder.() took 168.978ms (165.70 bytecodes/s) (976B approximate peak alloc)
06-10 13:51:00.993 390 390 I HidlServiceManagement: Registered android.hardware.radio@1.6::IRadio/slot1
06-10 13:51:00.999 379 379 D systemmixservice: main SystemMix service is running.
06-10 13:51:01.005 379 379 I systemmixservice: ServiceManager: 0xf1b3bcb0
06-10 13:51:01.005 379 379 D SystemMixService: SystemMixService created
06-10 13:51:01.005 197 197 E SELinux : avc: denied { add } for pid=379 uid=0 name=softwinner.systemmix scontext=u:r:systemmix:s0 tcontext=u:object_r:default_android_service:s0 tclass=service_manager permissive=1
06-10 13:51:01.008 370 370 D multiir : multi_ir open uinput dev
06-10 13:51:01.004 341 341 I xiriservice_All: type=1400 audit(0.0:298): avc: denied { read } for scontext=u:r:init:s0 tcontext=u:r:init:s0 tclass=netlink_kobject_uevent_socket permissive=1
06-10 13:51:01.009 335 336 D XM_HIDREAD: add@ add@/devices/virtual/input/input1
06-10 13:51:01.013 335 336 D XM_HIDREAD: add@ add@/devices/virtual/input/input1/event1
06-10 13:51:01.017 370 370 I input : sunxi-ir-uinput as /devices/virtual/input/input1
06-10 13:51:01.017 370 370 D multiir : uinputfd=4
06-10 13:51:01.012 343 343 I rainbow_flow: type=1400 audit(0.0:299): avc: denied { ioctl } for path="/dev/spidev1.0" dev="tmpfs" ino=6270 ioctlcmd=0x6b00 scontext=u:r:init:s0 tcontext=u:object_r:device:s0 tclass=chr_file permissive=1
06-10 13:51:01.019 385 385 I HidlServiceManagement: Registered android.hardware.media.omx@1.0::IOmx/default
06-10 13:51:01.020 385 385 I HidlServiceManagement: Removing namespace from process name android.hardware.media.omx@1.0-service to omx@1.0-service.
06-10 13:51:01.020 385 385 I android.hardware.media.omx@1.0-service: IOmx HAL service created.
06-10 13:51:01.021 385 385 I OmxStore: omx common prefix: 'OMX.'
06-10 13:51:01.022 385 385 D MediaCodecsXmlParser: parsing /vendor/etc/media_codecs.xml...
06-10 13:51:01.022 385 385 D MediaCodecsXmlParser: parsing /vendor/etc/media_codecs_google_audio.xml...
06-10 13:51:01.022 385 385 D MediaCodecsXmlParser: unable to open media codecs configuration xml file: /vendor/etc/media_codecs_google_audio.xml
06-10 13:51:01.025 385 385 D MediaCodecsXmlParser: parsing /vendor/etc/media_codecs_google_video.xml...
06-10 13:51:01.025 366 366 D isomountservice: main isomount service is running.
06-10 13:51:01.027 385 385 D MediaCodecsXmlParser: unable to open media codecs configuration xml file: /vendor/etc/media_codecs_google_video.xml
06-10 13:51:01.027 385 385 D MediaCodecsXmlParser: parsing /vendor/etc/media_codecs_performance.xml...
06-10 13:51:01.028 385 385 D MediaCodecsXmlParser: MediaCodec: cannot update non-existing codec: OMX.google.h264.encoder at line 25 of /vendor/etc/media_codecs_performance.xml
06-10 13:51:01.028 385 385 D MediaCodecsXmlParser: MediaCodec: cannot update non-existing codec: OMX.google.h263.encoder at line 31 of /vendor/etc/media_codecs_performance.xml
06-10 13:51:01.028 385 385 D MediaCodecsXmlParser: MediaCodec: cannot update non-existing codec: OMX.google.mpeg4.encoder at line 34 of /vendor/etc/media_codecs_performance.xml
06-10 13:51:01.028 385 385 D MediaCodecsXmlParser: MediaCodec: cannot update non-existing codec: OMX.google.vp8.encoder at line 37 of /vendor/etc/media_codecs_performance.xml
06-10 13:51:01.028 366 366 I isomountservice: ServiceManager: 0xf1aa0cc0
06-10 13:51:01.028 385 385 D MediaCodecsXmlParser: MediaCodec: cannot update non-existing codec: OMX.allwinner.video.decoder.h263 at line 59 of /vendor/etc/media_codecs_performance.xml
06-10 13:51:01.029 385 385 D MediaCodecsXmlParser: MediaCodec: cannot update non-existing codec: OMX.google.mpeg4.decoder at line 80 of /vendor/etc/media_codecs_performance.xml
06-10 13:51:01.029 385 385 D MediaCodecsXmlParser: MediaCodec: cannot update non-existing codec: OMX.google.h264.decoder at line 83 of /vendor/etc/media_codecs_performance.xml
06-10 13:51:01.030 385 385 D MediaCodecsXmlParser: MediaCodec: cannot update non-existing codec: OMX.google.h263.decoder at line 89 of /vendor/etc/media_codecs_performance.xml
06-10 13:51:01.030 385 385 D MediaCodecsXmlParser: MediaCodec: cannot update non-existing codec: OMX.google.hevc.decoder at line 93 of /vendor/etc/media_codecs_performance.xml
06-10 13:51:01.030 385 385 D MediaCodecsXmlParser: MediaCodec: cannot update non-existing codec: OMX.google.vp8.decoder at line 101 of /vendor/etc/media_codecs_performance.xml
06-10 13:51:01.030 385 385 D MediaCodecsXmlParser: MediaCodec: cannot update non-existing codec: OMX.google.vp9.decoder at line 107 of /vendor/etc/media_codecs_performance.xml
06-10 13:51:01.030 385 385 I MediaCodecsXmlParser: Did not find media_codecs_shaping.xml in search path
06-10 13:51:01.032 385 385 E MediaCodecsXmlParser: Cannot find the role for a decoder of type video/divx
06-10 13:51:01.032 385 385 E MediaCodecsXmlParser: Cannot find the role for a decoder of type video/jpeg
06-10 13:51:01.032 385 385 E MediaCodecsXmlParser: Cannot find the role for a decoder of type video/mpeg1
06-10 13:51:01.032 385 385 E MediaCodecsXmlParser: Cannot find the role for a decoder of type video/x-ms-mpeg4v1
06-10 13:51:01.032 385 385 E MediaCodecsXmlParser: Cannot find the role for a decoder of type video/x-ms-mpeg4v2
06-10 13:51:01.032 385 385 E MediaCodecsXmlParser: Cannot find the role for a decoder of type video/rvg2
06-10 13:51:01.032 385 385 E MediaCodecsXmlParser: Cannot find the role for a decoder of type video/flv1
06-10 13:51:01.032 385 385 E MediaCodecsXmlParser: Cannot find the role for a decoder of type video/wvc1
06-10 13:51:01.032 385 385 E MediaCodecsXmlParser: Cannot find the role for a decoder of type video/x-vnd.on2.vp6
06-10 13:51:01.032 385 385 E MediaCodecsXmlParser: Cannot find the role for a decoder of type video/wmv1
06-10 13:51:01.032 385 385 E MediaCodecsXmlParser: Cannot find the role for a decoder of type video/wmv2
06-10 13:51:01.033 385 385 E MediaCodecsXmlParser: Cannot find the role for a decoder of type video/xvid
06-10 13:51:01.037 394 394 I update_engine: [INFO:boot_control_android.cc(69)] Loaded boot control hidl hal.
06-10 13:51:01.041 394 394 I update_engine: [INFO:daemon_state_android.cc(44)] Booted in dev mode.
06-10 13:51:01.033 368 368 V MediaUtils: physMem: 2055442432
06-10 13:51:01.042 390 390 I HidlServiceManagement: Registered android.hardware.radio.config@1.3::IRadioConfig/default
06-10 13:51:01.047 368 368 V MediaUtils: requested limit: 134217728
06-10 13:51:01.047 368 368 I libc : malloc_limit: Allocation limit enabled, max size 134217728 bytes
06-10 13:51:01.048 378 378 W storaged: health: invalid battery status
06-10 13:51:01.054 385 385 I HidlServiceManagement: Registered android.hardware.media.omx@1.0::IOmxStore/default
06-10 13:51:01.055 385 385 I HidlServiceManagement: Removing namespace from process name android.hardware.media.omx@1.0-service to omx@1.0-service.
06-10 13:51:01.058 394 394 E update_engine: [ERROR:metrics_utils.cc(368)] time_to_reboot is negative - system_updated_at: 1/1/1970 2:50:45 GMT
06-10 13:51:01.064 368 368 D AudioPowerUsage: AudioPowerUsage
06-10 13:51:01.066 370 370 D multiir : uevent listen start
06-10 13:51:01.068 394 394 I update_engine: [INFO:delta_performer.cc(1389)] Resetting recorded hash for prepared partitions.
06-10 13:51:01.072 394 394 I update_engine: [INFO:update_attempter_android.cc(1082)] Scheduling CleanupPreviousUpdateAction.
06-10 13:51:01.074 368 368 D AudioAnalytics: AudioAnalytics
06-10 13:51:01.075 390 390 I HidlServiceManagement: Registered android.hardware.radio@1.2::ISap/slot1
06-10 13:51:01.076 368 368 D MediaMetricsService: MediaMetricsService
06-10 13:51:01.077 394 394 I update_engine: [INFO:action_processor.cc(51)] ActionProcessor: starting CleanupPreviousUpdateAction
06-10 13:51:01.078 394 394 I update_engine: [INFO:cleanup_previous_update_action.cc(149)] Starting/resuming CleanupPreviousUpdateAction
06-10 13:51:01.078 362 362 D gpioservice: main gpio service is running.
06-10 13:51:01.081 362 362 I gpioservice: ServiceManager: 0xe8599cc0
06-10 13:51:01.081 362 362 D GpioService: GpioService created
06-10 13:51:01.082 197 197 E SELinux : avc: denied { add } for pid=362 uid=0 name=softwinner.gpio scontext=u:r:gpioservice:s0 tcontext=u:object_r:default_android_service:s0 tclass=service_manager permissive=1
06-10 13:51:01.082 394 394 I update_engine: [INFO:cleanup_previous_update_action.cc(124)] CleanupPreviousUpdateAction scheduled task ID 1 for WaitBootCompleted
06-10 13:51:01.083 378 378 I ServiceManager: Waiting for service 'package_native' on '/dev/binder'...
06-10 13:51:01.093 361 361 I cameraserver: ServiceManager: 0xf00e7960
06-10 13:51:01.094 361 361 I CameraService: CameraService started (pid=361)
06-10 13:51:01.094 361 361 I CameraService: CameraService process starting
06-10 13:51:01.095 361 361 W BatteryNotifier: batterystats service unavailable!
06-10 13:51:01.095 361 361 W BatteryNotifier: batterystats service unavailable!
06-10 13:51:01.096 361 361 E cutils-trace: Error opening trace file: No such file or directory (2)
06-10 13:51:01.101 361 361 I CameraProviderManager: Connecting to new camera provider: external/0, isRemote? 1
06-10 13:51:01.104 361 361 I CameraProviderManager: Camera provider external/0 ready with 0 camera devices
06-10 13:51:01.104 361 447 W CameraProviderManager: addProviderLocked: Camera provider HAL with name 'external/0' already registered
06-10 13:51:01.105 361 361 I cameraserver: Waiting for activity service
06-10 13:51:01.133 259 259 D Zygote : VMRuntime.setVerifierEnabled(false)
06-10 13:51:01.140 259 259 D Zygote : begin preload
06-10 13:51:01.140 259 259 I Zygote : Calling ZygoteHooks.beginPreload()
06-10 13:51:01.148 370 370 D multiir : find target device, path=/dev/input/event0
06-10 13:51:01.149 370 453 D multiir : MultiirService create
06-10 13:51:01.150 197 197 E SELinux : avc: denied { add } for pid=370 uid=0 name=softwinner.multi_ir scontext=u:r:multi_ir:s0 tcontext=u:object_r:default_android_service:s0 tclass=service_manager permissive=1
06-10 13:51:01.152 287 287 I ServiceManager: Waiting for service 'media.metrics' on '/dev/binder' successful after waiting 1250ms
06-10 13:51:01.153 287 287 I AudioFlinger: Using default 3000 mSec as standby time.
06-10 13:51:01.154 368 445 I ServiceManager: Waiting for service 'package_native' on '/dev/binder'...
06-10 13:51:01.198 287 287 E APM::HwModule: refreshSupportedDevices: invalid source devices for primary input
06-10 13:51:01.198 287 287 E APM::HwModule: refreshSupportedDevices: invalid source devices for fast input
06-10 13:51:01.205 287 287 D APM_EngineLoader: Loaded engine from libaudiopolicyenginedefault.so
06-10 13:51:01.205 287 287 D APM::AudioPolicyEngine/Base: loadAudioPolicyEngineConfig: No configuration found, using default matching phone experience.
06-10 13:51:01.262 287 287 W APM::AudioPolicyEngine/Base: loadAudioPolicyEngineConfig: No configuration of AUDIO_STREAM_ASSISTANT found, using default volume configuration
06-10 13:51:01.263 287 287 W APM::AudioPolicyEngine/Base: loadAudioPolicyEngineConfig: No configuration of AUDIO_STREAM_CALL_ASSISTANT found, using default volume configuration
06-10 13:51:01.282 264 264 V audio_hw_primary: init_audio_devices, line: 611
06-10 13:51:01.282 264 264 D audio_hw_primary: read card /sys/class/sound/card0/id
06-10 13:51:01.283 264 264 D audio_hw_primary: /sys/class/sound/card0/id, audiocodec, len: 11
06-10 13:51:01.283 264 264 D audio_hw_primary: linux name = audiocodec, android name = AUDIO_CODEC
06-10 13:51:01.283 264 264 D audio_hw_primary: find name map, card_id = audiocodec, card_name = AUDIO_CODEC
06-10 13:51:01.283 264 264 V audio_hw_primary: card: 0, name: AUDIO_CODEC, capture: 0, playback: 1
06-10 13:51:01.296 264 264 D audio_hw_primary: read card /sys/class/sound/card1/id
06-10 13:51:01.296 264 264 D audio_hw_primary: /sys/class/sound/card1/id, sndspdif, len: 9
06-10 13:51:01.296 264 264 D audio_hw_primary: linux name = sndspdif, android name = AUDIO_SPDIF
06-10 13:51:01.296 264 264 D audio_hw_primary: find name map, card_id = sndspdif, card_name = AUDIO_SPDIF
06-10 13:51:01.296 264 264 V audio_hw_primary: card: 1, name: AUDIO_SPDIF, capture: 1, playback: 1
06-10 13:51:01.296 264 264 D audio_hw_primary: read card /sys/class/sound/card2/id
06-10 13:51:01.297 264 264 D audio_hw_primary: /sys/class/sound/card2/id, ahubdam, len: 8
06-10 13:51:01.297 264 264 D audio_hw_primary: linux name = ahubdam, android name = AUDIO_DAM
06-10 13:51:01.297 264 264 D audio_hw_primary: find name map, card_id = ahubdam, card_name = AUDIO_DAM
06-10 13:51:01.297 264 264 V audio_hw_primary: card: 2, name: AUDIO_DAM, capture: 0, playback: 0
06-10 13:51:01.297 264 264 D audio_hw_primary: read card /sys/class/sound/card3/id
06-10 13:51:01.297 264 264 D audio_hw_primary: /sys/class/sound/card3/id, ahubhdmi, len: 9
06-10 13:51:01.297 264 264 D audio_hw_primary: linux name = ahubhdmi, android name = AUDIO_HDMI
06-10 13:51:01.297 264 264 D audio_hw_primary: find name map, card_id = ahubhdmi, card_name = AUDIO_HDMI
06-10 13:51:01.297 264 264 V audio_hw_primary: card: 3, name: AUDIO_HDMI, capture: 1, playback: 1
06-10 13:51:01.297 264 264 D audio_hw_primary: read card /sys/class/sound/card4/id
06-10 13:51:01.297 264 264 D audio_hw_primary: /sys/class/sound/card4/id, ahubi2s2, len: 9
06-10 13:51:01.297 264 264 D audio_hw_primary: linux name = ahubi2s2, android name = AUDIO_I2S2
06-10 13:51:01.297 264 264 D audio_hw_primary: find name map, card_id = ahubi2s2, card_name = AUDIO_I2S2
06-10 13:51:01.297 264 264 V audio_hw_primary: card: 4, name: AUDIO_I2S2, capture: 1, playback: 1
06-10 13:51:01.298 264 264 D audio_hw_primary: getCardNumbyName: name = AUDIO_CODEC , card = 0
06-10 13:51:01.298 264 264 D audio_hw_primary: getCardNumbyName: name = AUDIO_DAM , card = 2
06-10 13:51:01.298 264 264 D audio_hw_primary: getCardNumbyName: name = AUDIO_HDMI , card = 3
06-10 13:51:01.298 264 264 D audio_hw_primary: getCardNumbyName: name = AUDIO_I2S2 , card = 4
06-10 13:51:01.298 264 264 D audio_hw_primary: getCardNumbyName: name = AUDIO_SPDIF , card = 1
06-10 13:51:01.298 264 264 E audio_hw_primary: AUDIO_BT card does not exist
06-10 13:51:01.298 264 264 E audio_hw_primary: AUDIO_MIX card does not exist
06-10 13:51:01.298 264 264 V audio_hw_primary: init_audio_devices_active, line: 635
06-10 13:51:01.298 264 264 V audio_hw_primary: init_audio_devices_active: get property persist.vendor.audio.input.active: AUDIO_CODEC
06-10 13:51:01.292 1 1 I /system/bin/init: type=1107 audit(0.0:300): uid=0 auid=4294967295 ses=4294967295 subj=u:r:init:s0 msg='avc: denied { set } for property=persist.vendor.audio.input.active pid=264 uid=1041 gid=1005 scontext=u:r:hal_audio_default:s0 tcontext=u:object_r:vendor_default_prop:s0 tclass=property_service permissive=1'
06-10 13:51:01.305 264 264 V audio_hw_primary: set property persist.vendor.audio.input.active: AUDIO_CODEC ok
06-10 13:51:01.305 264 264 V audio_hw_primary: init_audio_devices_active: get property persist.vendor.audio.output.active: AUDIO_HDMI
06-10 13:51:01.309 264 264 V audio_hw_primary: set property persist.vendor.audio.output.active: AUDIO_HDMI ok
06-10 13:51:01.309 264 264 V audio_hw_primary: AUDIO_HDMI output device will be active
06-10 13:51:01.309 264 264 D audio_hw_primary: XX 2 0 2 0
06-10 13:51:01.312 264 264 W audio_route: Control 'External Speaker Switch' doesn't exist - skipping
06-10 13:51:01.312 264 264 W audio_route: Control 'Headphone Switch' doesn't exist - skipping
06-10 13:51:01.312 264 264 W audio_route: Control 'Earpiece Switch' doesn't exist - skipping
06-10 13:51:01.312 264 264 W audio_route: Control 'AIF1IN0R Mux' doesn't exist - skipping
06-10 13:51:01.312 264 264 W audio_route: Control 'AIF1IN0L Mux' doesn't exist - skipping
06-10 13:51:01.312 264 264 W audio_route: Control 'DACR Mixer AIF1DA0R Switch' doesn't exist - skipping
06-10 13:51:01.312 264 264 W audio_route: Control 'DACL Mixer AIF1DA0L Switch' doesn't exist - skipping
06-10 13:51:01.312 264 264 W audio_route: Control 'AIF1OUT0L Mux' doesn't exist - skipping
06-10 13:51:01.312 264 264 W audio_route: Control 'AIF1OUT0R Mux' doesn't exist - skipping
06-10 13:51:01.312 264 264 W audio_route: Control 'AIF1 AD0L Mixer ADCL Switch' doesn't exist - skipping
06-10 13:51:01.312 264 264 W audio_route: Control 'AIF1 AD0R Mixer ADCR Switch' doesn't exist - skipping
06-10 13:51:01.312 264 264 W audio_route: Control 'ADCR Mux' doesn't exist - skipping
06-10 13:51:01.313 264 264 W audio_route: Control 'ADCL Mux' doesn't exist - skipping
06-10 13:51:01.313 264 264 W audio_route: Control 'HP_R Mux' doesn't exist - skipping
06-10 13:51:01.313 264 264 W audio_route: Control 'HP_L Mux' doesn't exist - skipping
06-10 13:51:01.313 264 264 W audio_route: Control 'HP_R Mux' doesn't exist - skipping
06-10 13:51:01.313 264 264 W audio_route: Control 'HP_L Mux' doesn't exist - skipping
06-10 13:51:01.316 264 264 W audio_route: Control 'Right Output Mixer DACR Switch' doesn't exist - skipping
06-10 13:51:01.339 264 264 W audio_route: Control 'Left Output Mixer DACL Switch' doesn't exist - skipping
06-10 13:51:01.340 264 264 W audio_route: Control 'SPK_L Mux' doesn't exist - skipping
06-10 13:51:01.340 264 264 W audio_route: Control 'SPK_R Mux' doesn't exist - skipping
06-10 13:51:01.340 264 264 W audio_route: Control 'External Speaker Switch' doesn't exist - skipping
06-10 13:51:01.340 264 264 W audio_route: Control 'Headphone Switch' doesn't exist - skipping
06-10 13:51:01.340 264 264 W audio_route: Control 'AIF1IN0R Mux' doesn't exist - skipping
06-10 13:51:01.340 264 264 W audio_route: Control 'AIF1IN0L Mux' doesn't exist - skipping
06-10 13:51:01.340 264 264 W audio_route: Control 'DACR Mixer AIF1DA0R Switch' doesn't exist - skipping
06-10 13:51:01.340 264 264 W audio_route: Control 'DACL Mixer AIF1DA0L Switch' doesn't exist - skipping
06-10 13:51:01.340 264 264 W audio_route: Control 'Left Output Mixer DACR Switch' doesn't exist - skipping
06-10 13:51:01.340 264 264 W audio_route: Control 'Left Output Mixer DACL Switch' doesn't exist - skipping
06-10 13:51:01.340 264 264 W audio_route: Control 'SPK_L Mux' doesn't exist - skipping
06-10 13:51:01.340 264 264 W audio_route: Control 'External Speaker Switch' doesn't exist - skipping
06-10 13:51:01.340 264 264 W audio_route: unknown enum value string 0 for ctl LINEOUTL src LR
06-10 13:51:01.340 264 264 W audio_route: unknown enum value string 0 for ctl LINEOUTR src LR
06-10 13:51:01.340 264 264 W audio_route: Control 'DACR Mixer AIF1DA0R Switch' doesn't exist - skipping
06-10 13:51:01.341 264 264 W audio_route: Control 'DACL Mixer AIF1DA0L Switch' doesn't exist - skipping
