06-10 13:51:10.437 523 534 I system_server: Background young concurrent copying GC freed 79262(4985KB) AllocSpace objects, 16(476KB) LOS objects, 36% free, 8514KB/13MB, paused 348us total 100.105ms
06-10 13:51:10.437 523 523 I system_server: WaitForGcToComplete blocked ClassLinker on Background for 53.433ms
06-10 13:51:10.448 523 523 I SystemServiceManager: Starting com.android.server.wifi.WifiService
06-10 13:51:10.465 523 523 I WifiContext: Found Wifi Resources APK at: com.android.wifi.resources
06-10 13:51:10.473 523 523 V NetworkScoreManager: registerNetworkScoreCallback: callback=com.android.server.wifi.WifiNetworkScoreCache@b38e397, executor=com.android.wifi.x.android.os.HandlerExecutor@a5b1984
06-10 13:51:10.492 523 523 D ScanMetrics: Settings package: com.android.tv.settings
06-10 13:51:10.493 523 523 E ScanMetrics: Can't get GMS uid
06-10 13:51:10.510 523 523 I WifiCoexManager: Default coex algorithm is disabled.
06-10 13:51:10.553 523 523 D WifiOpenNetworkNotifier: Settings toggle enabled=true
06-10 13:51:10.558 523 523 D WifiNl80211Manager: registerCountryCodeEventListener called
06-10 13:51:10.558 380 380 I wificond: New wificond event callback registered
06-10 13:51:10.559 523 523 D WifiCountryCode: Default country code from system property ro.boot.wificountrycode is CN
06-10 13:51:10.565 523 523 D WakeupController: WifiWake enabled
06-10 13:51:10.567 523 523 V HistoricalRegistry: Interaction before persistence initialized
06-10 13:51:10.573 523 523 I WifiService: Registering wifi
06-10 13:51:10.575 523 523 I SystemServerTiming: StartWifiScanning
06-10 13:51:10.575 523 523 I SystemServiceManager: Starting com.android.server.wifi.scanner.WifiScanningService
06-10 13:51:10.575 523 523 I WifiScanningService: Creating wifiscanner
06-10 13:51:10.580 523 523 I WifiScanningService: Publishing wifiscanner
06-10 13:51:10.581 523 523 I SystemServerTiming: StartWifiP2P
06-10 13:51:10.581 523 523 I SystemServiceManager: Starting com.android.server.wifi.p2p.WifiP2pService
06-10 13:51:10.589 523 523 I WifiP2pService: Registering wifip2p
06-10 13:51:10.590 523 523 I SystemServerTiming: StartEthernet
06-10 13:51:10.591 523 523 I SystemServiceManager: Starting com.android.server.ethernet.EthernetService
06-10 13:51:10.592 523 523 I EthernetService: Registering service ethernet
06-10 13:51:10.593 523 523 I SystemServerTiming: StartPacProxyService
06-10 13:51:10.595 523 523 I SystemServerTiming: StartPppoe
06-10 13:51:10.596 523 523 I SystemServiceManager: Starting com.android.server.pppoe.PppoeService
06-10 13:51:10.597 523 523 I PppoeServiceImpl: Creating PppoeServiceImpl
06-10 13:51:10.606 523 523 I PppoeService: Registering service pppoe
06-10 13:51:10.607 523 523 I SystemServerTiming: StartConnectivityService
06-10 13:51:10.615 523 589 D SystemServerInitThreadPool: Finished executing START_FONT_MANAGER_SERVICE
06-10 13:51:10.618 523 545 W IorapForwardingService: No service published for: iorapd
06-10 13:51:10.621 523 523 I SystemServiceManager: Starting com.android.server.ConnectivityServiceInitializer
06-10 13:51:10.641 523 523 D ConnectivityService: ConnectivityService starting up
06-10 13:51:10.644 523 523 D pppoeNRI:: uid/pid:1000/523 activeRequest: null callbackRequest: 5 [NetworkRequest [ REQUEST id=5, [ Transports: PPPOE Capabilities: INTERNET&NOT_RESTRICTED&TRUSTED&NOT_VPN&NOT_VCN_MANAGED RequestorUid: 1000 RequestorPkg: android] ]] callback flags: 1 priority: 2147483647
06-10 13:51:10.648 523 523 E TAG : Exception = android.content.pm.PackageManager$NameNotFoundException: android.telephony.cts
06-10 13:51:10.648 523 523 E TAG : Exception = android.content.pm.PackageManager$NameNotFoundException: android.net.cts
06-10 13:51:10.667 523 523 D CompatibilityChangeReporter: Compat change id reported: 182478738; UID 1000; state: ENABLED
06-10 13:51:10.673 523 523 I ConnectivityServiceInitializer: Registering connectivity
06-10 13:51:10.675 523 523 I SystemServerTiming: StartVpnManagerService
06-10 13:51:10.677 523 523 D VpnManagerService: VpnManagerService starting up
06-10 13:51:10.678 523 523 I SystemServerTiming: StartVcnManagementService
06-10 13:51:10.682 523 523 I SystemServerTiming: StartNsdService
06-10 13:51:10.683 523 523 D NsdService: Network service discovery is enabled
06-10 13:51:10.685 523 523 I SystemServerTiming: StartSystemUpdateManagerService
06-10 13:51:10.686 523 523 I SystemUpdateManagerService: No existing info file /data/system/system-update-info.xml
06-10 13:51:10.686 523 523 I SystemServerTiming: StartUpdateLockService
06-10 13:51:10.687 523 523 I SystemServerTiming: StartNotificationManager
06-10 13:51:10.687 523 523 I SystemServiceManager: Starting com.android.server.notification.NotificationManagerService
06-10 13:51:10.699 523 523 D ConditionProviders.SCP: new ScheduleConditionProvider()
06-10 13:51:10.714 523 523 I NotificationAssistants: Read notification assistant permissions from xml
06-10 13:51:10.714 523 523 I ConditionProviders: Read condition provider permissions from xml
06-10 13:51:10.714 523 523 I ConditionProviders: Read condition provider permissions from xml
06-10 13:51:10.714 523 523 D NotificationAssistants: Approving default notification assistant for user 0
06-10 13:51:10.715 523 523 I ConditionProviders: Allowing condition provider android.ext.services/android.ext.services.notification.Assistant (userSet: true)
06-10 13:51:10.717 523 523 D CompatibilityChangeReporter: Compat change id reported: 147600208; UID 1000; state: ENABLED
06-10 13:51:10.717 523 523 D CompatibilityChangeReporter: Compat change id reported: 157233955; UID 1000; state: ENABLED
06-10 13:51:10.723 523 523 I SystemServerTiming: StartDeviceMonitor
06-10 13:51:10.723 523 523 I SystemServiceManager: Starting com.android.server.storage.DeviceStorageMonitorService
06-10 13:51:10.725 523 523 I SystemServerTiming: StartLocationManagerService
06-10 13:51:10.725 523 523 I SystemServiceManager: Starting com.android.server.location.LocationManagerService$Lifecycle
06-10 13:51:10.731 523 523 I SystemServerTiming: StartCountryDetectorService
06-10 13:51:10.732 523 523 I SystemServerTiming: StartTimeDetectorService
06-10 13:51:10.732 523 523 I SystemServiceManager: Starting com.android.server.timedetector.TimeDetectorService$Lifecycle
06-10 13:51:10.734 523 523 I SystemServerTiming: StartTimeZoneDetectorService
06-10 13:51:10.734 523 523 I SystemServiceManager: Starting com.android.server.timezonedetector.TimeZoneDetectorService$Lifecycle
06-10 13:51:10.736 523 523 I SystemServerTiming: StartLocationTimeZoneManagerService
06-10 13:51:10.736 523 523 I SystemServiceManager: Starting com.android.server.timezonedetector.location.LocationTimeZoneManagerService$Lifecycle
06-10 13:51:10.737 523 523 I SystemServerTiming: StartSearchManagerService
06-10 13:51:10.737 523 523 I SystemServiceManager: Starting com.android.server.search.SearchManagerService$Lifecycle
06-10 13:51:10.739 523 523 I SystemServerTiming: StartWallpaperManagerService
06-10 13:51:10.739 523 523 I SystemServiceManager: Starting com.android.server.wallpaper.WallpaperManagerService$Lifecycle
06-10 13:51:10.741 523 523 I SystemServerTiming: StartAudioService
06-10 13:51:10.741 523 523 I SystemServiceManager: Starting com.android.server.audio.AudioService$Lifecycle
06-10 13:51:10.755 523 523 I android_os_HwBinder: HwBinder: Starting thread pool for getting: android.hidl.manager@1.0::IServiceManager/default
06-10 13:51:10.760 287 464 W AudioFlinger: no wake lock to update, system not ready yet
06-10 13:51:10.763 287 461 D PermissionCache: checking android.permission.MODIFY_AUDIO_ROUTING for uid=1000 => granted (665 us)
06-10 13:51:10.770 287 287 D PermissionCache: checking android.permission.MODIFY_AUDIO_SETTINGS for uid=1000 => granted (138 us)
06-10 13:51:10.776 287 461 D AudioFlinger: isLowRamDevice:false totalMemory:2055442432 mClientSharedHeapSize:4194304
06-10 13:51:10.777 523 523 I SystemServerTiming: StartSoundTriggerMiddlewareService
06-10 13:51:10.777 523 523 I SystemServiceManager: Starting com.android.server.soundtrigger_middleware.SoundTriggerMiddlewareService$Lifecycle
06-10 13:51:10.779 523 523 D SoundTriggerMiddlewareService: Connecting to default ISoundTriggerHw
06-10 13:51:10.780 198 198 I hwservicemanager: getTransport: Cannot find entry android.hardware.soundtrigger@2.0::ISoundTriggerHw/default in either framework or device VINTF manifest.
06-10 13:51:10.784 523 523 E SoundTriggerMiddlewareImpl: Failed to add a SoundTriggerModule instance
06-10 13:51:10.784 523 523 E SoundTriggerMiddlewareImpl: java.util.NoSuchElementException
06-10 13:51:10.784 523 523 E SoundTriggerMiddlewareImpl: at android.os.HwBinder.getService(Native Method)
06-10 13:51:10.784 523 523 E SoundTriggerMiddlewareImpl: at android.hardware.soundtrigger.V2_0.ISoundTriggerHw.getService(ISoundTriggerHw.java:57)
06-10 13:51:10.784 523 523 E SoundTriggerMiddlewareImpl: at android.hardware.soundtrigger.V2_0.ISoundTriggerHw.getService(ISoundTriggerHw.java:64)
06-10 13:51:10.784 523 523 E SoundTriggerMiddlewareImpl: at com.android.server.soundtrigger_middleware.SoundTriggerMiddlewareService$Lifecycle.lambda$onStart$0(SoundTriggerMiddlewareService.java:238)
06-10 13:51:10.784 523 523 E SoundTriggerMiddlewareImpl: at com.android.server.soundtrigger_middleware.SoundTriggerMiddlewareService$Lifecycle$$ExternalSyntheticLambda0.create(Unknown Source:0)
06-10 13:51:10.784 523 523 E SoundTriggerMiddlewareImpl: at com.android.server.soundtrigger_middleware.SoundTriggerModule.attachToHal(SoundTriggerModule.java:222)
06-10 13:51:10.784 523 523 E SoundTriggerMiddlewareImpl: at com.android.server.soundtrigger_middleware.SoundTriggerModule.(SoundTriggerModule.java:112)
06-10 13:51:10.784 523 523 E SoundTriggerMiddlewareImpl: at com.android.server.soundtrigger_middleware.SoundTriggerMiddlewareImpl.(SoundTriggerMiddlewareImpl.java:89)
06-10 13:51:10.784 523 523 E SoundTriggerMiddlewareImpl: at com.android.server.soundtrigger_middleware.SoundTriggerMiddlewareService$Lifecycle.onStart(SoundTriggerMiddlewareService.java:244)
06-10 13:51:10.784 523 523 E SoundTriggerMiddlewareImpl: at com.android.server.SystemServiceManager.startService(SystemServiceManager.java:205)
06-10 13:51:10.784 523 523 E SoundTriggerMiddlewareImpl: at com.android.server.SystemServiceManager.startService(SystemServiceManager.java:192)
06-10 13:51:10.784 523 523 E SoundTriggerMiddlewareImpl: at com.android.server.SystemServer.startOtherServices(SystemServer.java:2161)
06-10 13:51:10.784 523 523 E SoundTriggerMiddlewareImpl: at com.android.server.SystemServer.run(SystemServer.java:928)
06-10 13:51:10.784 523 523 E SoundTriggerMiddlewareImpl: at com.android.server.SystemServer.main(SystemServer.java:628)
06-10 13:51:10.784 523 523 E SoundTriggerMiddlewareImpl: at java.lang.reflect.Method.invoke(Native Method)
06-10 13:51:10.784 523 523 E SoundTriggerMiddlewareImpl: at com.android.internal.os.RuntimeInit$MethodAndArgsCaller.run(RuntimeInit.java:548)
06-10 13:51:10.784 523 523 E SoundTriggerMiddlewareImpl: at com.android.internal.os.ZygoteInit.main(ZygoteInit.java:1160)
06-10 13:51:10.786 287 287 I CaptureStateNotifier: Registering a listener
06-10 13:51:10.786 523 523 I SystemServerTiming: StartDockObserver
06-10 13:51:10.787 523 523 I SystemServiceManager: Starting com.android.server.DockObserver
06-10 13:51:10.787 523 523 W DockObserver: This kernel does not have dock station support
06-10 13:51:10.788 523 640 I SoundTriggerMiddlewareLogging: setCaptureState[this=com.android.server.soundtrigger_middleware.SoundTriggerMiddlewareImpl@52cd1b, client=null](false)
06-10 13:51:10.788 523 523 I SystemServerTiming: StartWiredAccessoryManager
06-10 13:51:10.790 523 523 I SystemServer: Audio device manager Observer
06-10 13:51:10.790 523 523 E Environment: Path requests must specify a user by using UserEnvironment
06-10 13:51:10.790 523 523 E Environment: java.lang.Throwable
06-10 13:51:10.790 523 523 E Environment: at android.os.Environment.throwIfUserRequired(Environment.java:1449)
06-10 13:51:10.790 523 523 E Environment: at android.os.Environment.getExternalStorageDirectory(Environment.java:707)
06-10 13:51:10.790 523 523 E Environment: at com.android.server.SystemServer.startOtherServices(SystemServer.java:2192)
06-10 13:51:10.790 523 523 E Environment: at com.android.server.SystemServer.run(SystemServer.java:928)
06-10 13:51:10.790 523 523 E Environment: at com.android.server.SystemServer.main(SystemServer.java:628)
06-10 13:51:10.790 523 523 E Environment: at java.lang.reflect.Method.invoke(Native Method)
06-10 13:51:10.790 523 523 E Environment: at com.android.internal.os.RuntimeInit$MethodAndArgsCaller.run(RuntimeInit.java:548)
06-10 13:51:10.790 523 523 E Environment: at com.android.internal.os.ZygoteInit.main(ZygoteInit.java:1160)
06-10 13:51:10.793 523 523 W StorageManagerService: No primary storage defined yet; hacking together a stub
06-10 13:51:10.794 523 552 I DropBoxManagerService: add tag=system_server_wtf isTagEnabled=true flags=0x2
06-10 13:51:10.797 523 523 W system_server: ClassLoaderContext parent mismatch. (PCL[] | PCL[];PCL[/system/framework/com.android.location.provider.jar*3633238673:/system/framework/services.jar*324275400:/system/framework/services.jar!classes2.dex*4169108402:/system/framework/ethernet-service.jar*655162001:/system/framework/pppoe-service.jar*2082030846:/apex/com.android.appsearch/javalib/service-appsearch.jar*4100577803:/apex/com.android.media/javalib/service-media-s.jar*3881732923:/apex/com.android.permission/javalib/service-permission.jar*62506796])
06-10 13:51:10.804 523 523 D DisplayOutputManager: ro.build.characteristics=homlet
06-10 13:51:10.805 197 197 E SELinux : avc: denied { find } for pid=523 uid=1000 name=vendor.display.output.IDisplayOutputManager/default scontext=u:r:system_server:s0 tcontext=u:object_r:hal_awdisplayoutput_service:s0 tclass=service_manager permissive=1
06-10 13:51:10.805 197 197 I servicemanager: Found vendor.display.output.IDisplayOutputManager/default in device VINTF manifest.
06-10 13:51:10.807 523 523 D HomletDisplayOutputManager: get IDisplayOutputManager service success
06-10 13:51:10.808 523 523 D AudioManagerEx: AudioManagerEx
06-10 13:51:10.808 523 523 D AudioDeviceManagerObserver: AudioDeviceManagerObserver construct
06-10 13:51:10.808 523 523 I SystemServerTiming: StartMidiManager
06-10 13:51:10.808 523 523 I SystemServiceManager: Starting com.android.server.midi.MidiService$Lifecycle
06-10 13:51:10.810 523 523 I SystemServerTiming: StartAdbService
06-10 13:51:10.810 523 523 I SystemServiceManager: Starting com.android.server.adb.AdbService$Lifecycle
06-10 13:51:10.812 523 523 I SystemServerTiming: StartUsbService
06-10 13:51:10.812 523 523 I SystemServiceManager: Starting com.android.server.usb.UsbService$Lifecycle
06-10 13:51:10.812 523 523 I SystemServerTiming: StartSerialService
06-10 13:51:10.812 523 550 I SystemServerTimingAsync: InitThreadPoolExec:UsbService$Lifecycle#onStart
06-10 13:51:10.812 523 550 D SystemServerInitThreadPool: Started executing UsbService$Lifecycle#onStart
06-10 13:51:10.813 523 523 I SystemServerTiming: StartHardwarePropertiesManagerService
06-10 13:51:10.814 198 198 I hwservicemanager: getTransport: Cannot find entry android.hardware.thermal@1.0::IThermal/default in either framework or device VINTF manifest.
06-10 13:51:10.815 523 523 E HardwarePropertiesManagerService-JNI: Unable to get Thermal service.
06-10 13:51:10.816 523 523 I SystemServerTiming: StartTwilightService
06-10 13:51:10.816 523 523 I SystemServiceManager: Starting com.android.server.twilight.TwilightService
06-10 13:51:10.816 523 523 I SystemServerTiming: StartColorDisplay
06-10 13:51:10.816 523 523 I SystemServiceManager: Starting com.android.server.display.color.ColorDisplayService
06-10 13:51:10.819 523 523 I SystemServerTiming: StartJobScheduler
06-10 13:51:10.819 523 550 E UsbDeviceManager: failed to write to /sys/class/android_usb/android0/f_rndis/ethaddr
06-10 13:51:10.820 523 523 I SystemServiceManager: Starting com.android.server.job.JobSchedulerService
06-10 13:51:10.823 523 550 I android_os_HwBinder: HwBinder: Starting thread pool for getting: android.hardware.usb.gadget@1.0::IUsbGadget/default
06-10 13:51:10.830 550 550 I : read descriptors
06-10 13:51:10.830 550 550 I : read strings
06-10 13:51:10.830 550 550 I : read descriptors
06-10 13:51:10.830 550 550 I : read strings
06-10 13:51:10.831 523 550 W StorageManagerService: No primary storage defined yet; hacking together a stub
06-10 13:51:10.832 523 550 I android_os_HwBinder: HwBinder: Starting thread pool for getting: android.hidl.manager@1.0::IServiceManager/default
06-10 13:51:10.834 523 568 I UsbDeviceManager: Usb gadget hal service started android.hardware.usb.gadget@1.0::IUsbGadget default
06-10 13:51:10.836 523 550 I android_os_HwBinder: HwBinder: Starting thread pool for getting: android.hardware.usb.gadget@1.0::IUsbGadget/default
06-10 13:51:10.840 523 543 I android_os_HwBinder: HwBinder: Starting thread pool for getting: android.hardware.usb.gadget@1.0::IUsbGadget/default
06-10 13:51:10.841 523 543 E UsbDeviceManager: prcessing MSG_GET_CURRENT_USB_FUNCTIONS
06-10 13:51:10.841 523 543 E UsbDeviceManager: updating mCurrentFunctions
06-10 13:51:10.841 523 543 E UsbDeviceManager: mCurrentFunctions:0applied:1
06-10 13:51:10.843 523 550 I android_os_HwBinder: HwBinder: Starting thread pool for getting: android.hidl.manager@1.0::IServiceManager/default
06-10 13:51:10.845 523 645 I UsbPortManager: Usb hal service started android.hardware.usb@1.0::IUsb default
06-10 13:51:10.847 523 550 I android_os_HwBinder: HwBinder: Starting thread pool for getting: android.hardware.usb@1.0::IUsb/default
06-10 13:51:10.848 279 279 I android.hardware.usb@1.0-service: registering callback
06-10 13:51:10.848 279 646 E android.hardware.usb@1.0-service: creating thread
06-10 13:51:10.848 279 279 E android.hardware.usb@1.0-service: Failed to open /sys/class/typec
06-10 13:51:10.851 523 550 I UsbPortManager: USB HAL version: 10
06-10 13:51:10.854 523 550 D SystemServerInitThreadPool: Finished executing UsbService$Lifecycle#onStart
06-10 13:51:10.863 523 523 D JobStore: Start tag: job-info
06-10 13:51:10.870 523 523 I JobStore: Read 5 jobs
06-10 13:51:10.880 523 624 D ConnectivityService: NetReassign [no changes]
06-10 13:51:10.883 523 523 V HistoricalRegistry: Interaction before persistence initialized
06-10 13:51:10.883 523 523 V HistoricalRegistry: Interaction before persistence initialized
06-10 13:51:10.884 523 523 I SystemServerTiming: StartSoundTrigger
06-10 13:51:10.884 523 523 I SystemServiceManager: Starting com.android.server.soundtrigger.SoundTriggerService
06-10 13:51:10.885 523 523 I SystemServerTiming: StartTrustManager
06-10 13:51:10.885 523 523 I SystemServiceManager: Starting com.android.server.trust.TrustManagerService
06-10 13:51:10.888 523 523 I SystemServerTiming: StartBackupManager
06-10 13:51:10.888 523 523 I SystemServiceManager: Starting com.android.server.backup.BackupManagerService$Lifecycle
06-10 13:51:10.893 523 523 I SystemServerTiming: StartAppWidgetService
06-10 13:51:10.893 523 523 I SystemServiceManager: Starting com.android.server.appwidget.AppWidgetService
06-10 13:51:10.896 523 523 I SystemServerTiming: StartVoiceRecognitionManager
06-10 13:51:10.896 523 523 I SystemServiceManager: Starting com.android.server.voiceinteraction.VoiceInteractionManagerService
06-10 13:51:10.910 523 523 I SystemServerTiming: StartAppHibernationService
06-10 13:51:10.910 523 523 I SystemServiceManager: Starting com.android.server.apphibernation.AppHibernationService
06-10 13:51:10.913 523 523 I SystemServerTiming: StartGestureLauncher
06-10 13:51:10.914 523 523 I SystemServiceManager: Starting com.android.server.GestureLauncherService
06-10 13:51:10.914 523 523 I SystemServerTiming: StartSensorNotification
06-10 13:51:10.914 523 523 I SystemServiceManager: Starting com.android.server.SensorNotificationService
06-10 13:51:10.914 523 523 I SystemServerTiming: StartDiskStatsService
06-10 13:51:10.916 523 523 I SystemServerTiming: RuntimeService
06-10 13:51:10.917 523 523 I SystemServerTiming: StartNetworkTimeUpdateService
06-10 13:51:10.919 523 523 I SystemServerTiming: CertBlacklister
06-10 13:51:10.920 523 523 I SystemServerTiming: StartEmergencyAffordanceService
06-10 13:51:10.920 523 523 I SystemServiceManager: Starting com.android.server.emergency.EmergencyAffordanceService
06-10 13:51:10.922 523 523 I SystemServerTiming: StartDreamManager
06-10 13:51:10.922 523 582 I SystemServerTimingAsync: InitThreadPoolExec:startBlobStoreManagerService
06-10 13:51:10.922 523 523 I SystemServiceManager: Starting com.android.server.dreams.DreamManagerService
06-10 13:51:10.922 523 582 D SystemServerInitThreadPool: Started executing startBlobStoreManagerService
06-10 13:51:10.922 523 582 I SystemServerTimingAsync: startBlobStoreManagerService
06-10 13:51:10.922 523 582 I SystemServiceManager: Starting com.android.server.blob.BlobStoreManagerService
06-10 13:51:10.924 523 523 I SystemServerTiming: AddGraphicsStatsService
06-10 13:51:10.930 523 582 D SystemServerInitThreadPool: Finished executing startBlobStoreManagerService
06-10 13:51:10.930 523 523 I SystemServerTiming: StartRestrictionManager
06-10 13:51:10.931 523 523 I SystemServiceManager: Starting com.android.server.restrictions.RestrictionsManagerService
06-10 13:51:10.932 523 523 I SystemServerTiming: StartMediaSessionService
06-10 13:51:10.933 523 523 I SystemServiceManager: Starting com.android.server.media.MediaSessionService
06-10 13:51:10.938 523 523 I SystemServerTiming: StartHdmiControlService
06-10 13:51:10.938 523 523 I SystemServiceManager: Starting com.android.server.hdmi.HdmiControlService
06-10 13:51:10.948 198 198 I hwservicemanager: getTransport: Cannot find entry android.hardware.tv.cec@1.1::IHdmiCec/default in either framework or device VINTF manifest.
06-10 13:51:10.948 523 523 E HDMI : [1]:Couldn't connect to cec@1.1java.util.NoSuchElementException
06-10 13:51:10.948 523 523 W HDMI : [1]:Couldn't get tv.cec service.
06-10 13:51:10.948 523 523 W HDMI : [1]:Unable to use cec@1.1
06-10 13:51:10.949 523 523 I android_os_HwBinder: HwBinder: Starting thread pool for getting: android.hardware.tv.cec@1.0::IHdmiCec/default
06-10 13:51:10.953 523 523 I HdmiControlService: Device does not support MHL-control.
06-10 13:51:10.954 278 278 D hdmi-cec: setOption, flag=0x0005, value=0x007a686f
06-10 13:51:10.956 278 278 D hdmi-cec: reset logical address to broadcast
06-10 13:51:10.956 278 278 D hdmi-cec: reset logical address to broadcast
06-10 13:51:10.966 523 523 I SystemServerTiming: StartTvInputManager
06-10 13:51:10.966 523 523 I SystemServiceManager: Starting com.android.server.tv.TvInputManagerService
06-10 13:51:10.969 198 198 I hwservicemanager: getTransport: Cannot find entry android.hardware.tv.input@1.0::ITvInput/default in either framework or device VINTF manifest.
06-10 13:51:10.969 523 523 E TvInputHal: Couldn't get tv.input service.
06-10 13:51:10.972 523 523 I SystemServerTiming: StartMediaResourceMonitor
06-10 13:51:10.972 523 523 I SystemServiceManager: Starting com.android.server.media.MediaResourceMonitorService
06-10 13:51:10.972 523 523 I SystemServerTiming: StartTvRemoteService
06-10 13:51:10.972 523 523 I SystemServiceManager: Starting com.android.server.tv.TvRemoteService
06-10 13:51:10.973 523 523 I SystemServerTiming: StartMediaRouterService
06-10 13:51:10.973 523 523 V HistoricalRegistry: Interaction before persistence initialized
06-10 13:51:10.975 523 523 I SystemServerTiming: StartBiometricService
06-10 13:51:10.975 523 523 I SystemServiceManager: Starting com.android.server.biometrics.BiometricService
06-10 13:51:10.980 523 523 I SystemServerTiming: StartAuthService
06-10 13:51:10.980 523 523 I SystemServiceManager: Starting com.android.server.biometrics.AuthService
06-10 13:51:10.982 523 523 I SystemServerTiming: StartBackgroundDexOptService
06-10 13:51:10.982 523 523 W BackgroundDexOptService: SysProp pm.dexopt.downgrade_after_inactive_days not set
06-10 13:51:10.983 523 523 I SystemServerTiming: StartDynamicCodeLoggingService
06-10 13:51:10.986 523 523 I SystemServerTiming: StartPruneInstantAppsJobService
06-10 13:51:10.987 523 523 I SystemServerTiming: StartShortcutServiceLifecycle
06-10 13:51:10.987 523 523 I SystemServiceManager: Starting com.android.server.pm.ShortcutService$Lifecycle
06-10 13:51:10.989 523 523 V HistoricalRegistry: Interaction before persistence initialized
06-10 13:51:10.990 523 523 I SystemServerTiming: StartLauncherAppsService
06-10 13:51:10.990 523 523 I SystemServiceManager: Starting com.android.server.pm.LauncherAppsService
06-10 13:51:10.992 523 523 I SystemServerTiming: StartCrossProfileAppsService
06-10 13:51:10.992 523 523 I SystemServiceManager: Starting com.android.server.pm.CrossProfileAppsService
06-10 13:51:10.992 523 523 I SystemServerTiming: StartPeopleService
06-10 13:51:10.993 523 523 I SystemServiceManager: Starting com.android.server.people.PeopleService
06-10 13:51:10.993 523 523 I SystemServerTiming: StartMediaMetricsManager
06-10 13:51:10.993 523 523 I SystemServiceManager: Starting com.android.server.media.metrics.MediaMetricsManagerService
06-10 13:51:10.995 523 523 I SystemServerTiming: StartMediaProjectionManager
06-10 13:51:10.995 523 523 I SystemServiceManager: Starting com.android.server.media.projection.MediaProjectionManagerService
06-10 13:51:10.997 523 523 V MediaRouter: Selecting route: RouteInfo{ name=手机, description=null, status=null, category=RouteCategory{ name=系统 types=ROUTE_TYPE_LIVE_AUDIO ROUTE_TYPE_LIVE_VIDEO groupable=false }, supportedTypes=ROUTE_TYPE_LIVE_AUDIO ROUTE_TYPE_LIVE_VIDEO , presentationDisplay=null }
06-10 13:51:10.997 523 523 I MediaRouter: Skip setBluetoothA2dpOn(): types=8388615, isPlaybackActive()=false, BT route=null
06-10 13:51:10.998 523 523 I SystemServerTiming: StartSliceManagerService
06-10 13:51:10.998 523 523 I SystemServiceManager: Starting com.android.server.slice.SliceManagerService$Lifecycle
06-10 13:51:11.001 523 523 I SystemServerTiming: StartStatsCompanion
06-10 13:51:11.006 523 523 I SystemServiceManager: Starting com.android.server.stats.StatsCompanion$Lifecycle
06-10 13:51:11.010 523 523 I SystemServerTiming: StartRebootReadinessManagerService
06-10 13:51:11.016 523 523 I SystemServiceManager: Starting com.android.server.scheduling.RebootReadinessManagerService$Lifecycle
06-10 13:51:11.022 523 523 I TetheringManager: registerTetheringEventCallback:android
06-10 13:51:11.022 523 523 I TetheringManager: registerTetheringEventCallback caller:android
06-10 13:51:11.023 523 523 I SystemServerTiming: StartStatsPullAtomService
06-10 13:51:11.024 523 523 I SystemServiceManager: Starting com.android.server.stats.pull.StatsPullAtomService
06-10 13:51:11.024 523 523 I SystemServerTiming: StartIncidentCompanionService
06-10 13:51:11.024 523 523 I SystemServiceManager: Starting com.android.server.incident.IncidentCompanionService
06-10 13:51:11.025 523 523 I SystemServerTiming: StartMmsService
06-10 13:51:11.025 523 523 I SystemServiceManager: Starting com.android.server.MmsServiceBroker
06-10 13:51:11.027 523 523 I SystemServerTiming: StartAutoFillService
06-10 13:51:11.027 523 523 I SystemServiceManager: Starting com.android.server.autofill.AutofillManagerService
06-10 13:51:11.029 523 523 D AutofillManagerService: setLogLevelFromSettings(): level=2, debug=true, verbose=false
06-10 13:51:11.029 523 523 D AutofillManagerService: setMaxPartitionsFromSettings(): 10
06-10 13:51:11.029 523 523 D AutofillManagerService: setMaxVisibleDatasetsFromSettings(): 0
06-10 13:51:11.029 523 544 D AutofillUI: destroySaveUiUiThread(): already destroyed
06-10 13:51:11.030 523 523 D AutofillManagerServiceImpl: Reset component for user 0:
06-10 13:51:11.032 523 523 D SystemServer: TranslationService not defined by OEM
06-10 13:51:11.032 523 523 I SystemServerTiming: StartClipboardService
06-10 13:51:11.032 523 523 I SystemServiceManager: Starting com.android.server.clipboard.ClipboardService
06-10 13:51:11.035 523 523 I SystemServerTiming: AppServiceManager
06-10 13:51:11.035 523 523 I SystemServiceManager: Starting com.android.server.appbinding.AppBindingService$Lifecycle
06-10 13:51:11.037 523 523 I SystemServerTiming: startTracingServiceProxy
06-10 13:51:11.037 523 523 I SystemServiceManager: Starting com.android.server.tracing.TracingServiceProxy
06-10 13:51:11.039 523 523 I SystemServerTiming: startOranthService
06-10 13:51:11.039 523 523 I SystemServiceManager: Starting com.android.server.oranth.OranthManagerService$Lifecycle
06-10 13:51:11.040 523 523 I OranthManagerService: -------------- OranthManagerService --------------
06-10 13:51:11.040 197 197 E SELinux : avc: denied { add } for pid=523 uid=1000 name=oranth_manager scontext=u:r:system_server:s0 tcontext=u:object_r:default_android_service:s0 tclass=service_manager permissive=1
06-10 13:51:11.040 523 523 I SystemServerTiming: MakeLockSettingsServiceReady
06-10 13:51:11.046 198 198 I hwservicemanager: getTransport: Cannot find entry android.hardware.weaver@1.0::IWeaver/default in either framework or device VINTF manifest.
06-10 13:51:11.046 523 523 I SyntheticPasswordManager: Device does not support weaver
06-10 13:51:11.047 198 198 I hwservicemanager: getTransport: Cannot find entry android.hardware.authsecret@1.0::IAuthSecret/default in either framework or device VINTF manifest.
06-10 13:51:11.047 523 523 I LockSettingsService: Device doesn't implement AuthSecret HAL
06-10 13:51:11.048 523 523 I SystemServerTiming: StartBootPhaseLockSettingsReady
06-10 13:51:11.049 523 523 I SystemServiceManager: Starting phase 480
06-10 13:51:11.049 523 523 I SystemServerTiming: OnBootPhase_480
06-10 13:51:11.049 523 523 D SoundTriggerService: onBootPhase: 480 : false
06-10 13:51:11.051 523 523 I SystemServerTiming: StartBootPhaseSystemServicesReady
06-10 13:51:11.051 523 523 I SystemServiceManager: Starting phase 500
06-10 13:51:11.051 523 523 I SystemServerTiming: OnBootPhase_500
06-10 13:51:11.051 523 523 E StatsPullAtomCallbackImpl: Failed to start PowerStatsService statsd pullers
06-10 13:51:11.055 523 523 D ConnectivityService: requestNetwork for uid/pid:1000/523 activeRequest: null callbackRequest: 9 [NetworkRequest [ REQUEST id=10, [ Capabilities: INTERNET&NOT_RESTRICTED&TRUSTED&NOT_VCN_MANAGED Uid: 1000 RequestorUid: 1000 RequestorPkg: android] ]] callback flags: 0 priority: 2147483647
06-10 13:51:11.056 523 523 E BatteryStatsService: Could not register PowerStatsInternal
06-10 13:51:11.056 523 624 D ConnectivityService: NetReassign [no changes]
06-10 13:51:11.059 523 523 V HintManagerService: Initializing HintManager service...
06-10 13:51:11.059 523 523 V HistoricalRegistry: Interaction before persistence initialized
06-10 13:51:11.062 523 523 D AppStandbyController: Setting app idle enabled state
06-10 13:51:11.065 523 523 V HistoricalRegistry: Interaction before persistence initialized
06-10 13:51:11.072 523 523 V VibratorManagerService: Initializing VibratorManager service...
06-10 13:51:11.072 523 523 V HistoricalRegistry: Interaction before persistence initialized
06-10 13:51:11.073 523 523 V VibratorManagerService: VibratorManager service initialized
06-10 13:51:11.078 523 624 D ConnectivityService: NetReassign [no changes]
06-10 13:51:11.082 523 523 I ActivityTaskManager: Config changes=200 {1.0 ?mcc?mnc [zh_CN] ldltr sw720dp w1280dp h696dp 240dpi xlrg long land television -touch qwerty/v/v dpad/v winConfig={ mBounds=Rect(0, 0 - 1920, 1080) mAppBounds=Rect(0, 0 - 1920, 1080) mMaxBounds=Rect(0, 0 - 1920, 1080) mWindowingMode=fullscreen mDisplayWindowingMode=fullscreen mActivityType=undefined mAlwaysOnTop=undefined mRotation=ROTATION_0} s.4 ?fontWeightAdjustment}
06-10 13:51:11.084 523 523 I WindowManager: Override config changes=200 {1.0 ?mcc?mnc [zh_CN] ldltr sw720dp w1280dp h696dp 240dpi xlrg long land television -touch qwerty/v/v dpad/v winConfig={ mBounds=Rect(0, 0 - 1920, 1080) mAppBounds=Rect(0, 0 - 1920, 1080) mMaxBounds=Rect(0, 0 - 1920, 1080) mWindowingMode=fullscreen mDisplayWindowingMode=fullscreen mActivityType=undefined mAlwaysOnTop=undefined mRotation=ROTATION_0} s.4 ?fontWeightAdjustment} for displayId=0
06-10 13:51:11.087 523 523 D TestHarnessModeService: Setting up test harness mode
06-10 13:51:11.087 523 523 D TestHarnessModeService: Getting PersistentDataBlockManagerInternal from LocalServices
06-10 13:51:11.089 257 262 I ServiceManager: Waiting for service 'statscompanion' on '/dev/binder' successful after waiting 2613ms
06-10 13:51:11.107 523 523 V HistoricalRegistry: Interaction before persistence initialized
06-10 13:51:11.109 523 523 W NetworkPolicy: setRestrictBackgroundUL: already false
06-10 13:51:11.110 523 523 I WifiScanningService: Starting wifiscanner
06-10 13:51:11.111 394 394 I update_engine: [INFO:cleanup_previous_update_action.cc(112)] Executing task 6
06-10 13:51:11.113 394 394 I update_engine: [INFO:cleanup_previous_update_action.cc(124)] CleanupPreviousUpdateAction scheduled task ID 7 for WaitBootCompleted
06-10 13:51:11.114 523 523 I EthernetServiceImpl: Starting Ethernet service
06-10 13:51:11.118 523 523 D EthernetTracker: Interface match regexp set to 'eth\d'
06-10 13:51:11.121 523 523 D Ethernet: Registering NetworkFactory
06-10 13:51:11.121 523 624 D ConnectivityService: Got NetworkProvider Messenger for Ethernet
06-10 13:51:11.122 523 523 E IpConfigStore: Error opening configuration file: java.io.FileNotFoundException: /data/misc/ethernet/ipconfig.txt: open failed: ENOENT (No such file or directory)
06-10 13:51:11.123 523 523 I PppoeServiceImpl: Starting PPPOE service
06-10 13:51:11.125 523 617 W WifiXmlUtil: Ignoring unknown value name found: CarrierMerged
06-10 13:51:11.125 523 662 I EthernetTracker: maybeTrackInterface: eth0
06-10 13:51:11.126 523 617 W WifiXmlUtil: Ignoring unknown value name found: CaptivePortalNeverDetected
06-10 13:51:11.124 341 341 I xiriservice_All: type=1400 audit(0.0:336): avc: denied { read } for scontext=u:r:init:s0 tcontext=u:r:init:s0 tclass=netlink_kobject_uevent_socket permissive=1
06-10 13:51:11.128 335 336 D XM_HIDREAD: add@ add@/devices/platform/soc@3000000/5030000.eth/mdio_bus/5030000.eth-0
06-10 13:51:11.129 523 617 W WifiXmlUtil: Ignoring unknown value name found: CarrierMerged
06-10 13:51:11.129 523 617 W WifiXmlUtil: Ignoring unknown value name found: CaptivePortalNeverDetected
06-10 13:51:11.131 523 617 W WifiXmlUtil: Ignoring unknown value name found: CarrierMerged
06-10 13:51:11.131 523 617 W WifiXmlUtil: Ignoring unknown value name found: CaptivePortalNeverDetected
06-10 13:51:11.131 335 336 D XM_HIDREAD: add@ add@/devices/platform/soc@3000000/5030000.eth/mdio_bus/5030000.eth-0/5030000.eth-0:00
06-10 13:51:11.135 335 336 D XM_HIDREAD: add@ add@/devices/platform/soc@3000000/5030000.eth/mdio_bus/5030000.eth-0/5030000.eth-0:10
06-10 13:51:11.154 523 617 D WifiConfigStore: Reading from all stores completed in 42 ms.
06-10 13:51:11.154 523 523 D PPPOE : Registering NetworkFactory
06-10 13:51:11.154 523 624 D ConnectivityService: Got NetworkProvider Messenger for PPPOE
06-10 13:51:11.155 523 523 W PppoeServiceImpl: pppoe interface file not exist!
06-10 13:51:11.155 523 663 D PPPOE : got request NetworkRequest [ REQUEST id=1, [ Capabilities: INTERNET&NOT_RESTRICTED&TRUSTED&NOT_VPN&NOT_VCN_MANAGED RequestorUid: 1000 RequestorPkg: android] ]
06-10 13:51:11.156 523 663 D PppoeNetworkFactory: onRequestNetwork
06-10 13:51:11.156 523 663 D PPPOE : got request NetworkRequest [ REQUEST id=10, [ Capabilities: INTERNET&NOT_RESTRICTED&TRUSTED&NOT_VCN_MANAGED Uid: 1000 RequestorUid: 1000 RequestorPkg: android] ]
06-10 13:51:11.156 523 663 D PPPOE : got request NetworkRequest [ REQUEST id=5, [ Transports: PPPOE Capabilities: INTERNET&NOT_RESTRICTED&TRUSTED&NOT_VPN&NOT_VCN_MANAGED RequestorUid: 1000 RequestorPkg: android] ]
06-10 13:51:11.157 523 617 E WifiConfigManager: Cannot find network with networkId -1 or configKey "DZNB"WPA_PSK or upgradable security type check
06-10 13:51:11.160 523 617 E WifiConfigManager: Cannot find network with networkId -1 or configKey "red2G"WPA_PSK or upgradable security type check
06-10 13:51:11.160 523 617 E WifiConfigManager: Cannot find network with networkId -1 or configKey "red5G"WPA_PSK or upgradable security type check
06-10 13:51:11.162 523 523 V HistoricalRegistry: Interaction before persistence initialized
06-10 13:51:11.172 523 617 I WifiInjector: enableVerboseLogging(0): false
06-10 13:51:11.172 523 617 E SupplicantStaIfaceHal: Can't call setDebugParams, ISupplicant is null
06-10 13:51:11.172 523 617 E HostapdHal: Can't call setDebugParams, IHostapd is null
06-10 13:51:11.173 523 617 I WifiService: WifiService starting up with Wi-Fi disabled
06-10 13:51:11.180 523 523 V HistoricalRegistry: Interaction before persistence initialized
06-10 13:51:11.182 523 523 D SoundTriggerService: onBootPhase: 500 : false
06-10 13:51:11.182 523 617 D WifiController: isAirplaneModeOn = false, isWifiEnabled = false, isScanningAvailable = false, isLocationModeActive = true
06-10 13:51:11.183 523 617 E WifiActiveModeWarden: Something is wrong, no client mode toggles enabled
06-10 13:51:11.186 523 617 I android_os_HwBinder: HwBinder: Starting thread pool for getting: android.hidl.manager@1.2::IServiceManager/default
06-10 13:51:11.189 198 198 I hwservicemanager: Since android.hardware.wifi@1.0::IWifi/default is not registered, trying to start it as a lazy HAL.
06-10 13:51:11.190 198 198 I hwservicemanager: Since android.hardware.wifi@1.0::IWifi/default is not registered, trying to start it as a lazy HAL.
06-10 13:51:11.190 523 617 I HidlServiceManagement: getService: Trying again for android.hardware.wifi@1.0::IWifi/default...
06-10 13:51:11.192 523 523 I SystemServerTiming: MakeWindowManagerServiceReady
06-10 13:51:11.198 1 1 I init : starting service 'vendor.wifi_hal_legacy'...
06-10 13:51:11.196 198 198 I hwservicemanager: getTransport: Cannot find entry android.hardware.configstore@1.1::ISurfaceFlingerConfigs/default in either framework or device VINTF manifest.
06-10 13:51:11.197 198 198 I hwservicemanager: getTransport: Cannot find entry android.hardware.configstore@1.1::ISurfaceFlingerConfigs/default in either framework or device VINTF manifest.
06-10 13:51:11.200 198 198 I hwservicemanager: getTransport: Cannot find entry android.hardware.configstore@1.1::ISurfaceFlingerConfigs/default in either framework or device VINTF manifest.
06-10 13:51:11.201 523 551 E KernelCpuThreadReader: Failed to initialize KernelCpuThreadReader
06-10 13:51:11.201 523 551 E KernelCpuThreadReader: java.nio.file.NoSuchFileException: /proc/self/time_in_state
06-10 13:51:11.201 523 551 E KernelCpuThreadReader: at sun.nio.fs.UnixFileSystemProvider.newByteChannel(UnixFileSystemProvider.java:214)
06-10 13:51:11.201 523 551 E KernelCpuThreadReader: at java.nio.file.Files.newByteChannel(Files.java:361)
06-10 13:51:11.201 523 551 E KernelCpuThreadReader: at java.nio.file.Files.newByteChannel(Files.java:407)
06-10 13:51:11.201 523 551 E KernelCpuThreadReader: at java.nio.file.Files.readAllBytes(Files.java:3152)
06-10 13:51:11.201 523 551 E KernelCpuThreadReader: at com.android.internal.os.ProcTimeInStateReader.initializeTimeInStateFormat(ProcTimeInStateReader.java:159)
06-10 13:51:11.201 523 551 E KernelCpuThreadReader: at com.android.internal.os.ProcTimeInStateReader.(ProcTimeInStateReader.java:106)
06-10 13:51:11.201 523 551 E KernelCpuThreadReader: at com.android.internal.os.KernelCpuThreadReader.(KernelCpuThreadReader.java:138)
06-10 13:51:11.201 523 551 E KernelCpuThreadReader: at com.android.internal.os.KernelCpuThreadReader.create(KernelCpuThreadReader.java:151)
06-10 13:51:11.201 523 551 E KernelCpuThreadReader: at com.android.internal.os.KernelCpuThreadReaderSettingsObserver.(KernelCpuThreadReaderSettingsObserver.java:95)
06-10 13:51:11.201 523 551 E KernelCpuThreadReader: at com.android.internal.os.KernelCpuThreadReaderSettingsObserver.getSettingsModifiedReader(KernelCpuThreadReaderSettingsObserver.java:80)
06-10 13:51:11.201 523 551 E KernelCpuThreadReader: at com.android.server.stats.pull.StatsPullAtomService.initializePullersState(StatsPullAtomService.java:798)
06-10 13:51:11.201 523 551 E KernelCpuThreadReader: at com.android.server.stats.pull.StatsPullAtomService.lambda$onBootPhase$0$StatsPullAtomService(StatsPullAtomService.java:757)
06-10 13:51:11.201 523 551 E KernelCpuThreadReader: at com.android.server.stats.pull.StatsPullAtomService$$ExternalSyntheticLambda14.run(Unknown Source:2)
06-10 13:51:11.201 523 551 E KernelCpuThreadReader: at android.os.Handler.handleCallback(Handler.java:938)
06-10 13:51:11.201 523 551 E KernelCpuThreadReader: at android.os.Handler.dispatchMessage(Handler.java:99)
06-10 13:51:11.201 523 551 E KernelCpuThreadReader: at android.os.Looper.loopOnce(Looper.java:201)
06-10 13:51:11.201 523 551 E KernelCpuThreadReader: at android.os.Looper.loop(Looper.java:288)
06-10 13:51:11.201 523 551 E KernelCpuThreadReader: at android.os.HandlerThread.run(HandlerThread.java:67)
06-10 13:51:11.206 1 1 I init : Control message: Processed ctl.interface_start for 'android.hardware.wifi@1.0::IWifi/default' from pid: 198 (/system/bin/hwservicemanager)
06-10 13:51:11.206 1 1 I init : Control message: Processed ctl.interface_start for 'android.hardware.wifi@1.0::IWifi/default' from pid: 198 (/system/bin/hwservicemanager)
06-10 13:51:11.203 523 523 I SystemServerTiming: MakePowerManagerServiceReady
06-10 13:51:11.205 523 551 I android_os_HwBinder: HwBinder: Starting thread pool for getting: android.hardware.health@2.0::IHealth/default
06-10 13:51:11.205 523 523 I AttentionDetector: readValuesFromDeviceConfig():
06-10 13:51:11.205 523 523 I AttentionDetector: mMaximumExtensionMillis=900000
06-10 13:51:11.205 523 523 I AttentionDetector: mPreDimCheckDurationMillis=2000
06-10 13:51:11.205 523 523 I AttentionDetector: mRequestedPostDimTimeoutMillis=0
06-10 13:51:11.208 523 551 I android_os_HwBinder: HwBinder: Starting thread pool for getting: android.hidl.manager@1.0::IServiceManager/default
06-10 13:51:11.211 523 671 I android_os_HwBinder: HwBinder: Starting thread pool for getting: android.hardware.health@2.0::IHealth/default
06-10 13:51:11.212 523 551 I HealthServiceWrapper: health: HealthServiceWrapper listening to instance default
06-10 13:51:11.214 523 523 E DisplayPowerController[0]: failed to set up display white-balance: java.lang.IllegalStateException: cannot find light sensor
06-10 13:51:11.215 523 551 D StatsPullAtomService: Registering pullers with statsd
06-10 13:51:11.217 276 276 I AW_PowerHAL: isBoostSupported: 0
06-10 13:51:11.222 523 624 D ConnectivityService: NetReassign [no changes]
06-10 13:51:11.223 523 551 I StatsPullAtomService: register thermal listener successfully
06-10 13:51:11.231 523 559 W KernelCpuProcStringReader: File not found. It's normal if not implemented: /proc/uid_time_in_state
06-10 13:51:11.231 523 559 W KernelCpuProcStringReader: File not found. It's normal if not implemented: /proc/uid_concurrent_active_time
06-10 13:51:11.231 523 559 W KernelCpuProcStringReader: File not found. It's normal if not implemented: /proc/uid_concurrent_policy_time
06-10 13:51:11.232 523 559 E KernelCpuSpeedReader: Failed to read cpu-freq: /sys/devices/system/cpu/cpu0/cpufreq/stats/time_in_state: open failed: ENOENT (No such file or directory)
06-10 13:51:11.232 523 559 E system_server: Cannot read thread CPU times for PID 523
06-10 13:51:11.232 523 567 W KeyguardServiceDelegate: onScreenTurningOn(): no keyguard service!
06-10 13:51:11.235 523 567 V DisplayPowerController[0]: Brightness [0.39763778] reason changing to: 'override', previous reason: '0'.
06-10 13:51:11.235 276 276 I AW_PowerHAL: Power setMode: DISPLAY_INACTIVE to: 0
06-10 13:51:11.235 276 276 I AW_PowerHAL: not completed yet, ignore mode request other
06-10 13:51:11.236 523 523 I FaceDownDetector: readValuesFromDeviceConfig():
06-10 13:51:11.236 523 523 I FaceDownDetector: mAccelerationThreshold=0.2
06-10 13:51:11.236 523 523 I FaceDownDetector: mZAccelerationThreshold=-9.5
06-10 13:51:11.236 523 523 I FaceDownDetector: mTimeThreshold=PT1S
06-10 13:51:11.236 523 523 I FaceDownDetector: mIsEnabled=false
06-10 13:51:11.236 523 546 I DisplayDeviceRepository: Display device changed state: "内置屏幕", ON
06-10 13:51:11.237 293 293 D SurfaceFlinger: Setting power mode 2 on display 0
06-10 13:51:11.239 523 546 I InputManager-JNI: Viewport [0] to add: local:0, isActive: true
06-10 13:51:11.239 275 275 I android.hardware.lights-service: Lights setting state for id=0 to color ffffffff
06-10 13:51:11.241 523 606 I InputReader: Reconfiguring input devices, changes=DISPLAY_INFO |
06-10 13:51:11.242 523 523 I SystemServerTiming: StartPermissionPolicyService
06-10 13:51:11.242 523 523 I SystemServiceManager: Starting com.android.server.policy.PermissionPolicyService
06-10 13:51:11.242 275 275 I android.hardware.lights-service: Lights setting state for id=0 to color ff6a6a6a
06-10 13:51:11.247 523 523 I SystemServerTiming: MakePackageManagerServiceReady
06-10 13:51:11.256 523 523 V UserDataPreparer: Found /data/user_de/0 with serial number 0
06-10 13:51:11.256 523 523 V UserDataPreparer: Found /data/user/0 with serial number 0
06-10 13:51:11.256 523 523 V UserDataPreparer: Found /data/system_de/0 with serial number 0
06-10 13:51:11.256 523 523 W UserDataPreparer: Invalid user directory /data/system_de/usagestats
06-10 13:51:11.256 523 523 V UserDataPreparer: Found /data/system_ce/0 with serial number 0
06-10 13:51:11.256 523 523 V UserDataPreparer: Found /data/misc_ce/0 with serial number 0
06-10 13:51:11.271 523 523 I PackageManager: Permission ownership changed. Updating all permissions.
06-10 13:51:11.295 669 669 I android.hardware.wifi@1.0-service-lazy: Wifi Hal is booting up...
06-10 13:51:11.296 669 669 I HidlLazyUtils: Registering HAL: android.hardware.wifi@1.5::IWifi with name: default
06-10 13:51:11.296 669 669 E cutils-trace: Error opening trace file: No such file or directory (2)
06-10 13:51:11.301 523 645 D HalDevMgr: IWifi registration notification: fqName=android.hardware.wifi@1.0::IWifi, name=default, preexisting=false
06-10 13:51:11.302 669 669 I HidlServiceManagement: Registered android.hardware.wifi@1.5::IWifi/default
06-10 13:51:11.302 669 669 I HidlServiceManagement: Removing namespace from process name android.hardware.wifi@1.0-service-lazy to wifi@1.0-service-lazy.
06-10 13:51:11.305 523 617 I android_os_HwBinder: HwBinder: Starting thread pool for getting: android.hardware.wifi@1.0::IWifi/default
06-10 13:51:11.300 343 343 I rainbow_flow: type=1400 audit(0.0:337): avc: denied { ioctl } for path="/dev/spidev1.0" dev="tmpfs" ino=6270 ioctlcmd=0x6b00 scontext=u:r:init:s0 tcontext=u:object_r:device:s0 tclass=chr_file permissive=1
06-10 13:51:11.308 198 198 I hw-BpHwBinder: onLastStrongRef automatically unlinking death recipients
06-10 13:51:11.309 523 617 D WifiNl80211Manager: tearing down interfaces in wificond
06-10 13:51:11.334 523 523 I DefaultPermGrantPolicy: Granting permissions to platform components for user 0
06-10 13:51:11.335 523 617 D WifiAdaptConnObserver: Adaptive connectivity status initialized to: true
06-10 13:51:11.335 523 617 D WifiController: DisabledState.enter()
06-10 13:51:11.336 523 534 I system_server: Background concurrent copying GC freed 145979(7146KB) AllocSpace objects, 11(568KB) LOS objects, 49% free, 7750KB/15MB, paused 559us total 285.090ms
06-10 13:51:11.338 523 535 W JHwRemoteBinder: BinderProxy is being destroyed but the application did not call unlinkToDeath to unlink all of its death recipients beforehand. Releasing leaked death recipient: com.android.server.usb.UsbDeviceManager$UsbHandlerHal$UsbGadgetDeathRecipient
06-10 13:51:11.343 523 523 W DefaultPermGrantPolicy: Permission not found: android.permission.MEDIA_SESSION
06-10 13:51:11.344 523 523 W DefaultPermGrantPolicy: Permission not found: com.google.android.assistant.READ_HOTWORD_STATE
06-10 13:51:11.344 523 523 W DefaultPermGrantPolicy: Permission not found: com.google.android.assistant.WRITE_HOTWORD_STATE
06-10 13:51:11.344 523 523 W DefaultPermGrantPolicy: Permission not found: android.permission.READ_MEDIA_STORAGE
06-10 13:51:11.345 523 523 W DefaultPermGrantPolicy: Permission not found: mimir.permission.service.update
06-10 13:51:11.345 523 523 W DefaultPermGrantPolicy: Permission not found: android.permission.HI_SYSTEM_MANAGER_SERVICE
06-10 13:51:11.345 523 523 W DefaultPermGrantPolicy: Permission not found: android.permission_ACCESS_WIFI_STATE
06-10 13:51:11.345 523 523 W DefaultPermGrantPolicy: Permission not found: com.google.android.gms.permission.AD_ID
06-10 13:51:11.345 523 523 W DefaultPermGrantPolicy: Permission not found: com.google.android.permission.INSTALL_WEARABLE_PACKAGES
06-10 13:51:11.345 523 523 W DefaultPermGrantPolicy: Permission not found: android.permission.HDMI_CONTROL
06-10 13:51:11.346 523 523 W DefaultPermGrantPolicy: Permission not found: android.permission.UPDATE_ENGINE
06-10 13:51:11.348 523 523 W DefaultPermGrantPolicy: Permission not found: android.permission.MANAGE_WIFI_WHEN_WIRELESS_CONSENT_REQUIRED
06-10 13:51:11.349 523 523 W DefaultPermGrantPolicy: Permission not found: android.car.permission.CONTROL_CAR_CLIMATE
06-10 13:51:11.349 523 523 W DefaultPermGrantPolicy: Permission not found: android.car.permission.CAR_CONTROL_AUDIO_VOLUME
06-10 13:51:11.350 523 523 W DefaultPermGrantPolicy: Permission not found: android.permission.NEARBY_WIFI_DEVICES
06-10 13:51:11.352 523 523 I DefaultPermGrantPolicy: Granting permissions to default platform handlers for user 0
06-10 13:51:11.353 523 523 W VoiceInteractionManager: no available voice recognition services found for user 0
06-10 13:51:11.357 523 523 I SyncManager: No initial accounts
06-10 13:51:11.365 523 523 W DefaultPermGrantPolicy: Permission not found: com.google.android.googleapps.permission.GOOGLE_AUTH
06-10 13:51:11.365 523 523 W DefaultPermGrantPolicy: Permission not found: com.google.android.googleapps.permission.GOOGLE_AUTH.cl
