06-10 13:51:15.410 328 328 D XiriService: check file name: /data/data/com.android.printspooler/lib
06-10 13:51:15.412 394 394 I update_engine: CheckTargetMergeState for vendor_b returned: 3
06-10 13:51:15.414 335 336 D XM_HIDREAD: add@ add@/devices/platform/soc@3000000/5101400.ohci0-controller/usb5
06-10 13:51:15.415 335 336 D XM_HIDREAD: add@ add@/devices/platform/soc@3000000/5101400.ohci0-controller/usb5/5-0:1.0
06-10 13:51:15.419 181 181 I usb5 : New USB device found, idVendor=1d6b, idProduct=0001, bcdDevice= 5.04
06-10 13:51:15.419 181 181 I usb5 : New USB device strings: Mfr=3, Product=2, SerialNumber=1
06-10 13:51:15.419 181 181 I usb5 : Product: OHCI Host Controller
06-10 13:51:15.419 181 181 I usb5 : Manufacturer: Linux 5.4.125+ ohci_hcd
06-10 13:51:15.419 181 181 I usb5 : SerialNumber: sunxi-ohci
06-10 13:51:15.420 181 181 I hub 5-0 : 1.0: USB hub found
06-10 13:51:15.420 181 181 I hub 5-0 : 1.0: 1 port detected
06-10 13:51:15.417 335 336 D XM_HIDREAD: add@ add@/devices/virtual/devlink/regulator.8--5200400.ohci1-controller
06-10 13:51:15.422 181 181 W : sunxi ohci1-controller don't init wakeup source
06-10 13:51:15.422 181 181 W [sunxi-ohci1]: probe, pdev->name: 5200400.ohci1-controller, sunxi_ohci: 0xffffffc008f8fa38
06-10 13:51:15.423 181 181 I sunxi-ohci 5200400.ohci1-controller: OHCI Host Controller
06-10 13:51:15.423 181 181 I sunxi-ohci 5200400.ohci1-controller: new USB bus registered, assigned bus number 6
06-10 13:51:15.423 181 181 E debugfs : Directory 'sunxi-ohci' with parent 'ohci' already present!
06-10 13:51:15.432 181 181 I sunxi-ohci 5200400.ohci1-controller: irq 53, io mem 0x05200400
06-10 13:51:15.491 335 336 D XM_HIDREAD: add@ add@/devices/platform/soc@3000000/5200400.ohci1-controller/usb6
06-10 13:51:15.492 335 336 D XM_HIDREAD: add@ add@/devices/platform/soc@3000000/5200400.ohci1-controller/usb6/6-0:1.0
06-10 13:51:15.494 181 181 I usb6 : New USB device found, idVendor=1d6b, idProduct=0001, bcdDevice= 5.04
06-10 13:51:15.494 181 181 I usb6 : New USB device strings: Mfr=3, Product=2, SerialNumber=1
06-10 13:51:15.494 181 181 I usb6 : Product: OHCI Host Controller
06-10 13:51:15.494 181 181 I usb6 : Manufacturer: Linux 5.4.125+ ohci_hcd
06-10 13:51:15.494 181 181 I usb6 : SerialNumber: sunxi-ohci
06-10 13:51:15.497 181 181 I hub 6-0 : 1.0: USB hub found
06-10 13:51:15.497 181 181 I hub 6-0 : 1.0: 1 port detected
06-10 13:51:15.494 394 394 I update_engine: CheckTargetMergeState for system_b returned: 3
06-10 13:51:15.497 328 328 D XiriService: check file name: /data/data/com.android.webview/lib
06-10 13:51:15.492 328 328 I xiriservice_All: type=1400 audit(0.0:390): avc: denied { search } for name="com.android.webview" dev="mmcblk0p25" ino=967 scontext=u:r:init:s0 tcontext=u:object_r:app_data_file:s0:c60,c256,c512,c768 tclass=dir permissive=1
06-10 13:51:15.499 335 336 D XM_HIDREAD: add@ add@/devices/virtual/devlink/regulator.8--5310400.ohci2-controller
06-10 13:51:15.504 181 181 W : sunxi ohci2-controller don't init wakeup source
06-10 13:51:15.504 181 181 W [sunxi-ohci2]: probe, pdev->name: 5310400.ohci2-controller, sunxi_ohci: 0xffffffc008f900f8
06-10 13:51:15.505 181 181 I sunxi-ohci 5310400.ohci2-controller: OHCI Host Controller
06-10 13:51:15.505 181 181 I sunxi-ohci 5310400.ohci2-controller: new USB bus registered, assigned bus number 7
06-10 13:51:15.505 181 181 E debugfs : Directory 'sunxi-ohci' with parent 'ohci' already present!
06-10 13:51:15.515 181 181 I sunxi-ohci 5310400.ohci2-controller: irq 55, io mem 0x05310400
06-10 13:51:15.521 328 328 W audit : audit_lost=1 audit_rate_limit=5 audit_backlog_limit=64
06-10 13:51:15.521 328 328 E audit : rate limit exceeded
06-10 13:51:15.543 328 328 D XiriService: check file name: /data/data/com.android.webview/lib
06-10 13:51:15.560 328 328 D XiriService: check file name: /data/data/com.android.webview/lib
06-10 13:51:15.560 328 328 D XiriService: check file name: /data/data/com.android.webview/lib
06-10 13:51:15.561 328 328 D XiriService: check file name: /data/data/com.android.webview/lib
06-10 13:51:15.574 335 336 D XM_HIDREAD: add@ add@/devices/platform/soc@3000000/5310400.ohci2-controller/usb7
06-10 13:51:15.575 335 336 D XM_HIDREAD: add@ add@/devices/platform/soc@3000000/5310400.ohci2-controller/usb7/7-0:1.0
06-10 13:51:15.577 181 181 I usb7 : New USB device found, idVendor=1d6b, idProduct=0001, bcdDevice= 5.04
06-10 13:51:15.577 181 181 I usb7 : New USB device strings: Mfr=3, Product=2, SerialNumber=1
06-10 13:51:15.577 181 181 I usb7 : Product: OHCI Host Controller
06-10 13:51:15.577 181 181 I usb7 : Manufacturer: Linux 5.4.125+ ohci_hcd
06-10 13:51:15.577 181 181 I usb7 : SerialNumber: sunxi-ohci
06-10 13:51:15.581 181 181 I hub 7-0 : 1.0: USB hub found
06-10 13:51:15.581 181 181 I hub 7-0 : 1.0: 1 port detected
06-10 13:51:15.584 181 181 W : sunxi ohci3-controller don't init wakeup source
06-10 13:51:15.584 181 181 W [sunxi-ohci3]: probe, pdev->name: 5311400.ohci3-controller, sunxi_ohci: 0xffffffc008f907b8
06-10 13:51:15.580 335 336 D XM_HIDREAD: add@ add@/devices/virtual/devlink/regulator.8--5311400.ohci3-controller
06-10 13:51:15.586 181 181 I sunxi-ohci 5311400.ohci3-controller: OHCI Host Controller
06-10 13:51:15.586 181 181 I sunxi-ohci 5311400.ohci3-controller: new USB bus registered, assigned bus number 8
06-10 13:51:15.586 181 181 E debugfs : Directory 'sunxi-ohci' with parent 'ohci' already present!
06-10 13:51:15.596 181 181 I sunxi-ohci 5311400.ohci3-controller: irq 57, io mem 0x05311400
06-10 13:51:15.619 394 394 I update_engine: CheckTargetMergeState for vendor_dlkm_b returned: 3
06-10 13:51:15.620 523 534 I system_server: Background concurrent copying GC freed 185682(7020KB) AllocSpace objects, 22(1392KB) LOS objects, 49% free, 6924KB/13MB, paused 414us total 345.136ms
06-10 13:51:15.623 523 536 W System : A resource failed to call release.
06-10 13:51:15.623 523 536 W System : A resource failed to call release.
06-10 13:51:15.653 335 336 D XM_HIDREAD: add@ add@/devices/platform/soc@3000000/5311400.ohci3-controller/usb8
06-10 13:51:15.654 335 336 D XM_HIDREAD: add@ add@/devices/platform/soc@3000000/5311400.ohci3-controller/usb8/8-0:1.0
06-10 13:51:15.654 523 545 W IorapForwardingService: No service published for: iorapd
06-10 13:51:15.657 181 181 I usb8 : New USB device found, idVendor=1d6b, idProduct=0001, bcdDevice= 5.04
06-10 13:51:15.657 181 181 I usb8 : New USB device strings: Mfr=3, Product=2, SerialNumber=1
06-10 13:51:15.657 181 181 I usb8 : Product: OHCI Host Controller
06-10 13:51:15.657 181 181 I usb8 : Manufacturer: Linux 5.4.125+ ohci_hcd
06-10 13:51:15.657 181 181 I usb8 : SerialNumber: sunxi-ohci
06-10 13:51:15.659 181 181 I hub 8-0 : 1.0: USB hub found
06-10 13:51:15.659 181 181 I hub 8-0 : 1.0: 1 port detected
06-10 13:51:15.657 335 336 D XM_HIDREAD: add@ add@/bus/platform/drivers/sunxi-ohci
06-10 13:51:15.657 335 336 D XM_HIDREAD: add@ add@/module/ohci_sunxi
06-10 13:51:15.680 394 394 I update_engine: CheckTargetMergeState for product_b returned: 3
06-10 13:51:15.702 335 336 D XM_HIDREAD: add@ add@/bus/platform/drivers/otg manager
06-10 13:51:15.702 335 336 D XM_HIDREAD: add@ add@/module/sunxi_usbc
06-10 13:51:15.706 181 181 D : get det_vbus is fail, -84
06-10 13:51:15.706 181 181 D : get id is fail, -84
06-10 13:51:15.721 334 334 I usb 5-1 : new full-speed USB device number 2 using sunxi-ohci
06-10 13:51:15.801 394 394 I update_engine: CheckMergeState for snapshots returned: 3
06-10 13:51:15.853 1067 1067 D VoHCI : VoHCI service version: v1.0.0
06-10 13:51:15.857 1067 1067 E VoHCI : Cannot get card id for name: VoHCILoopback
06-10 13:51:15.865 394 394 I update_engine: ProcessUpdateState handling state: 3
06-10 13:51:15.867 328 328 D XiriService: check file name: /data/data/com.android.inputdevices/lib
06-10 13:51:15.893 328 328 D XiriService: check file name: /data/data/com.android.inputdevices/lib
06-10 13:51:15.932 328 328 D XiriService: check file name: /data/data/com.android.inputdevices/lib
06-10 13:51:15.933 328 328 D XiriService: check file name: /data/data/com.android.inputdevices/lib
06-10 13:51:15.934 328 328 D XiriService: check file name: /data/data/com.android.inputdevices/lib
06-10 13:51:15.934 328 328 D XiriService: check file name: /data/data/com.android.inputdevices/lib
06-10 13:51:15.936 394 394 I update_engine: [INFO:cleanup_previous_update_action.cc(361)] Waiting for merge to complete: 2%.
06-10 13:51:15.957 328 328 D XiriService: check file name: /data/data/com.android.bips/lib
06-10 13:51:15.964 334 334 I usb 5-1 : New USB device found, idVendor=046d, idProduct=c092, bcdDevice=52.00
06-10 13:51:15.964 334 334 I usb 5-1 : New USB device strings: Mfr=1, Product=2, SerialNumber=3
06-10 13:51:15.964 334 334 I usb 5-1 : Product: G102 LIGHTSYNC Gaming Mouse
06-10 13:51:15.964 334 334 I usb 5-1 : Manufacturer: Logitech
06-10 13:51:15.964 334 334 I usb 5-1 : SerialNumber: 205B36775633
06-10 13:51:15.961 335 336 D XM_HIDREAD: add@ add@/devices/platform/soc@3000000/5101400.ohci0-controller/usb5/5-1
06-10 13:51:15.963 335 336 D XM_HIDREAD: add@ add@/devices/platform/soc@3000000/5101400.ohci0-controller/usb5/5-1/5-1:1.0
06-10 13:51:15.974 335 336 D XM_HIDREAD: add@ add@/devices/platform/soc@3000000/5101400.ohci0-controller/usb5/5-1/5-1:1.0/0003:046D:C092.0001
06-10 13:51:15.976 328 328 D XiriService: check file name: /data/data/com.android.bips/lib
06-10 13:51:15.979 335 336 D XM_HIDREAD: add@ add@/devices/platform/soc@3000000/5101400.ohci0-controller/usb5/5-1/5-1:1.0/0003:046D:C092.0001/input/input2
06-10 13:51:15.981 335 336 D XM_HIDREAD: add@ add@/devices/platform/soc@3000000/5101400.ohci0-controller/usb5/5-1/5-1:1.0/0003:046D:C092.0001/input/input2/event2
06-10 13:51:15.982 335 336 D XM_HIDREAD: add@ add@/devices/platform/soc@3000000/5101400.ohci0-controller/usb5/5-1/5-1:1.0/0003:046D:C092.0001/hidraw/hidraw0
06-10 13:51:15.982 335 336 D XM_HIDREAD: ready open:/dev/hidraw0
06-10 13:51:15.982 335 336 D XM_HIDREAD: open:/dev/hidraw0 resultFD:-1
06-10 13:51:15.982 335 336 E XM_HIDREAD: open hidraw error: No such file or directory, wait to retry...
06-10 13:51:15.985 334 334 I input : Logitech G102 LIGHTSYNC Gaming Mouse as /devices/platform/soc@3000000/5101400.ohci0-controller/usb5/5-1/5-1:1.0/0003:046D:C092.0001/input/input2
06-10 13:51:15.987 334 334 I hid-generic 0003: 046D:C092.0001: input,hidraw0: USB HID v1.11 Mouse [Logitech G102 LIGHTSYNC Gaming Mouse] on usb-sunxi-ohci-1/input0
06-10 13:51:16.000 334 334 I input : Logitech G102 LIGHTSYNC Gaming Mouse Keyboard as /devices/platform/soc@3000000/5101400.ohci0-controller/usb5/5-1/5-1:1.1/0003:046D:C092.0002/input/input3
06-10 13:51:16.004 334 334 I input : Logitech G102 LIGHTSYNC Gaming Mouse Consumer Control as /devices/platform/soc@3000000/5101400.ohci0-controller/usb5/5-1/5-1:1.1/0003:046D:C092.0002/input/input4
06-10 13:51:16.004 394 394 I update_engine: [INFO:cleanup_previous_update_action.cc(124)] CleanupPreviousUpdateAction scheduled task ID 9 for WaitForMerge
06-10 13:51:16.008 328 328 D XiriService: check file name: /data/data/com.android.bips/lib
06-10 13:51:16.008 328 328 D XiriService: check file name: /data/data/com.android.bips/lib
06-10 13:51:16.012 334 334 I input : Logitech G102 LIGHTSYNC Gaming Mouse System Control as /devices/platform/soc@3000000/5101400.ohci0-controller/usb5/5-1/5-1:1.1/0003:046D:C092.0002/input/input5
06-10 13:51:16.011 328 328 D XiriService: check file name: /data/data/com.android.bips/lib
06-10 13:51:16.014 328 328 D XiriService: check file name: /data/data/com.android.bips/lib
06-10 13:51:16.049 328 328 D XiriService: check file name: /data/data/com.oranth.inputmacsn/lib
06-10 13:51:16.051 328 328 D XiriService: check file name: /data/data/com.oranth.inputmacsn/lib
06-10 13:51:16.052 341 342 D DONGLE_SERVICE: check_smartctrl_hidraw_node, vid=1133, pid =49298
06-10 13:51:16.052 341 342 E DONGLE_SERVICE: not supported: /dev/hidraw0
06-10 13:51:16.055 523 606 D EventHub: No input device configuration file found for device 'Logitech G102 LIGHTSYNC Gaming Mouse'.
06-10 13:51:16.058 334 334 I hid-generic 0003: 046D:C092.0002: input,hiddev96,hidraw1: USB HID v1.11 Keyboard [Logitech G102 LIGHTSYNC Gaming Mouse] on usb-sunxi-ohci-1/input1
06-10 13:51:16.064 328 328 D XiriService: check file name: /data/data/com.oranth.inputmacsn/lib
06-10 13:51:16.065 328 328 D XiriService: check file name: /data/data/com.oranth.inputmacsn/lib
06-10 13:51:16.065 328 328 D XiriService: check file name: /data/data/com.oranth.inputmacsn/lib
06-10 13:51:16.065 328 328 D XiriService: check file name: /data/data/com.oranth.inputmacsn/lib
06-10 13:51:16.067 523 692 D UsbHostManager: USB device attached: vidpid 046d:c092 mfg/product/ver/serial Logitech/G102 LIGHTSYNC Gaming Mouse/52.00/205B36775633 hasAudio/HID/Storage: false/true/false
06-10 13:51:16.068 523 606 I EventHub: usingClockIoctl=true
06-10 13:51:16.068 523 606 I EventHub: New device: id=3, fd=265, path='/dev/input/event2', name='Logitech G102 LIGHTSYNC Gaming Mouse', classes=CURSOR | EXTERNAL, configuration='', keyLayout='', keyCharacterMap='', builtinKeyboard=false,
06-10 13:51:16.069 523 606 I InputReader: Device added: id=4, eventHubId=3, name='Logitech G102 LIGHTSYNC Gaming Mouse', descriptor='0c945141df4847607bfc33914f112e8b3a79788d',sources=0x00002002
06-10 13:51:16.081 523 692 D UsbDeviceDescriptor: 1 configs
06-10 13:51:16.082 335 336 E XM_HIDREAD: trying to reopen hidraw: /dev/hidraw0
06-10 13:51:16.082 335 336 D XM_HIDREAD: ready open:/dev/hidraw0
06-10 13:51:16.116 523 692 D UsbHostManager: Added device UsbDevice[mName=/dev/bus/usb/005/002,mVendorId=1133,mProductId=49298,mClass=0,mSubclass=0,mProtocol=0,mManufacturerName=Logitech,mProductName=G102 LIGHTSYNC Gaming Mouse,mVersion=52.00,mSerialNumberReader=com.android.server.usb.UsbSerialReader@e78e1b5, mHasAudioPlayback=false, mHasAudioCapture=false, mHasMidi=false, mHasVideoCapture=false, mHasVideoPlayback=false, mConfigurations=[
06-10 13:51:16.116 523 692 D UsbHostManager: UsbConfiguration[mId=1,mName=U152.00_B0010 ,mAttributes=160,mMaxPower=150,mInterfaces=[
06-10 13:51:16.116 523 692 D UsbHostManager: UsbInterface[mId=0,mAlternateSetting=0,mName=null,mClass=3,mSubclass=1,mProtocol=2,mEndpoints=[
06-10 13:51:16.116 523 692 D UsbHostManager: UsbEndpoint[mAddress=129,mAttributes=3,mMaxPacketSize=8,mInterval=1]]
06-10 13:51:16.116 523 692 D UsbHostManager: UsbInterface[mId=1,mAlternateSetting=0,mName=null,mClass=3,mSubclass=0,mProtocol=0,mEndpoints=[
06-10 13:51:16.116 523 692 D UsbHostManager: UsbEndpoint[mAddress=130,mAttributes=3,mMaxPacketSize=20,mInterval=1]]]]
06-10 13:51:16.132 341 342 D DONGLE_SERVICE: check_smartctrl_hidraw_node, vid=1133, pid =49298
06-10 13:51:16.132 341 342 E DONGLE_SERVICE: not supported: /dev/hidraw1
06-10 13:51:16.132 335 336 D XM_HIDREAD: open:/dev/hidraw0 resultFD:8
06-10 13:51:16.132 335 336 D XM_HIDREAD: 1 ready ioctl hidrawFD 8
06-10 13:51:16.132 335 336 D XM_HIDREAD: 2 ready ioctl hidrawFD 8
06-10 13:51:16.132 335 336 D XM_HIDREAD: 3 ready ioctl hidrawFD 8
06-10 13:51:16.132 335 336 D XM_HIDREAD: 4 ready ioctl hidrawFD 8
06-10 13:51:16.132 335 336 D XM_HIDREAD: ioctl hidrawFD HIDIOCGRDESC ret 0
06-10 13:51:16.133 335 336 D XM_HIDREAD: dinfo.vendor:1133,dinfo.product:49298
06-10 13:51:16.133 335 336 E XM_HIDREAD: : /dev/hidraw0
06-10 13:51:16.133 523 606 D EventHub: No input device configuration file found for device 'Logitech G102 LIGHTSYNC Gaming Mouse Keyboard'.
06-10 13:51:16.133 335 336 D XM_HIDREAD: add@ add@/devices/platform/soc@3000000/5101400.ohci0-controller/usb5/5-1/5-1:1.1
06-10 13:51:16.133 335 336 D XM_HIDREAD: add@ add@/devices/platform/soc@3000000/5101400.ohci0-controller/usb5/5-1/5-1:1.1/0003:046D:C092.0002
06-10 13:51:16.133 335 336 D XM_HIDREAD: add@ add@/devices/platform/soc@3000000/5101400.ohci0-controller/usb5/5-1/5-1:1.1/0003:046D:C092.0002/input/input3
06-10 13:51:16.133 335 336 D XM_HIDREAD: add@ add@/devices/platform/soc@3000000/5101400.ohci0-controller/usb5/5-1/5-1:1.1/0003:046D:C092.0002/input/input3/event3
06-10 13:51:16.133 335 336 D XM_HIDREAD: add@ add@/devices/platform/soc@3000000/5101400.ohci0-controller/usb5/5-1/5-1:1.1/0003:046D:C092.0002/input/input4
06-10 13:51:16.133 335 336 D XM_HIDREAD: add@ add@/devices/platform/soc@3000000/5101400.ohci0-controller/usb5/5-1/5-1:1.1/0003:046D:C092.0002/input/input4/event4
06-10 13:51:16.134 335 336 D XM_HIDREAD: add@ add@/devices/platform/soc@3000000/5101400.ohci0-controller/usb5/5-1/5-1:1.1/0003:046D:C092.0002/input/input5
06-10 13:51:16.134 335 336 D XM_HIDREAD: add@ add@/devices/platform/soc@3000000/5101400.ohci0-controller/usb5/5-1/5-1:1.1/0003:046D:C092.0002/input/input5/event5
06-10 13:51:16.134 335 336 D XM_HIDREAD: add@ add@/class/usbmisc
06-10 13:51:16.134 335 336 D XM_HIDREAD: add@ add@/devices/platform/soc@3000000/5101400.ohci0-controller/usb5/5-1/5-1:1.1/usbmisc/hiddev0
06-10 13:51:16.134 335 336 D XM_HIDREAD: add@ add@/devices/platform/soc@3000000/5101400.ohci0-controller/usb5/5-1/5-1:1.1/0003:046D:C092.0002/hidraw/hidraw1
06-10 13:51:16.134 335 336 D XM_HIDREAD: ready open:/dev/hidraw1
06-10 13:51:16.134 335 336 D XM_HIDREAD: open:/dev/hidraw1 resultFD:9
06-10 13:51:16.134 335 336 D XM_HIDREAD: 1 ready ioctl hidrawFD 9
06-10 13:51:16.134 335 336 D XM_HIDREAD: 2 ready ioctl hidrawFD 9
06-10 13:51:16.134 335 336 D XM_HIDREAD: 3 ready ioctl hidrawFD 9
06-10 13:51:16.135 335 336 D XM_HIDREAD: 4 ready ioctl hidrawFD 9
06-10 13:51:16.135 335 336 D XM_HIDREAD: ioctl hidrawFD HIDIOCGRDESC ret 0
06-10 13:51:16.135 335 336 D XM_HIDREAD: dinfo.vendor:1133,dinfo.product:49298
06-10 13:51:16.135 335 336 E XM_HIDREAD: : /dev/hidraw1
06-10 13:51:16.135 335 336 D XM_HIDREAD: add@ add@/devices/virtual/wakeup/wakeup25
06-10 13:51:16.201 335 336 D XM_HIDREAD: add@ add@/devices/virtual/wakeup/wakeup26
06-10 13:51:16.201 523 606 I EventHub: usingClockIoctl=true
06-10 13:51:16.202 523 606 I EventHub: New device: id=4, fd=297, path='/dev/input/event3', name='Logitech G102 LIGHTSYNC Gaming Mouse Keyboard', classes=KEYBOARD | ALPHAKEY | EXTERNAL, configuration='', keyLayout='/system/usr/keylayout/Generic.kl', keyCharacterMap='/system/usr/keychars/Generic.kcm', builtinKeyboard=false,
06-10 13:51:16.203 523 606 D EventHub: No input device configuration file found for device 'Logitech G102 LIGHTSYNC Gaming Mouse Consumer Control'.
06-10 13:51:16.218 523 606 W EventHub: Unable to disable kernel key repeat for /dev/input/event4: Function not implemented
06-10 13:51:16.218 523 606 I EventHub: usingClockIoctl=true
06-10 13:51:16.218 335 336 D XM_HIDREAD: add@ add@/devices/virtual/wakeup/wakeup27
06-10 13:51:16.218 523 606 I EventHub: New device: id=5, fd=268, path='/dev/input/event4', name='Logitech G102 LIGHTSYNC Gaming Mouse Consumer Control', classes=KEYBOARD | DPAD | JOYSTICK | EXTERNAL, configuration='', keyLayout='/system/usr/keylayout/Generic.kl', keyCharacterMap='/system/usr/keychars/Generic.kcm', builtinKeyboard=false,
06-10 13:51:16.220 523 606 D EventHub: No input device configuration file found for device 'Logitech G102 LIGHTSYNC Gaming Mouse System Control'.
06-10 13:51:16.230 335 336 D XM_HIDREAD: add@ add@/devices/virtual/wakeup/wakeup28
06-10 13:51:16.230 523 606 W EventHub: Unable to disable kernel key repeat for /dev/input/event5: Function not implemented
06-10 13:51:16.230 523 606 I EventHub: usingClockIoctl=true
06-10 13:51:16.230 523 606 I EventHub: New device: id=6, fd=298, path='/dev/input/event5', name='Logitech G102 LIGHTSYNC Gaming Mouse System Control', classes=KEYBOARD | EXTERNAL, configuration='', keyLayout='/system/usr/keylayout/Generic.kl', keyCharacterMap='/system/usr/keychars/Generic.kcm', builtinKeyboard=false,
06-10 13:51:16.231 523 606 I InputReader: Device added: id=4, eventHubId=6, name='Logitech G102 LIGHTSYNC Gaming Mouse System Control', descriptor='0c945141df4847607bfc33914f112e8b3a79788d',sources=0x00002103
06-10 13:51:16.232 523 606 I InputReader: Device added: id=4, eventHubId=5, name='Logitech G102 LIGHTSYNC Gaming Mouse Consumer Control', descriptor='0c945141df4847607bfc33914f112e8b3a79788d',sources=0x01002313
06-10 13:51:16.232 523 606 I InputReader: Device added: id=4, eventHubId=4, name='Logitech G102 LIGHTSYNC Gaming Mouse Keyboard', descriptor='0c945141df4847607bfc33914f112e8b3a79788d',sources=0x01002313
06-10 13:51:16.236 328 328 D XiriService: check file name: /data/data/com.dangbei.hqmedia/lib
06-10 13:51:16.232 328 328 I xiriservice_All: type=1400 audit(0.0:397): avc: denied { search } for name="com.dangbei.hqmedia" dev="mmcblk0p25" ino=9762 scontext=u:r:init:s0 tcontext=u:object_r:app_data_file:s0:c76,c256,c512,c768 tclass=dir permissive=1
06-10 13:51:16.232 328 328 I xiriservice_All: type=1400 audit(0.0:398): avc: denied { read } for name="lib" dev="mmcblk0p25" ino=15224 scontext=u:r:init:s0 tcontext=u:object_r:app_data_file:s0:c76,c256,c512,c768 tclass=lnk_file permissive=1
06-10 13:51:16.247 328 328 D XiriService: check file name: /data/data/com.dangbei.hqmedia/lib
06-10 13:51:16.340 328 328 D XiriService: check file name: /data/data/com.android.keychain/lib
06-10 13:51:16.354 328 328 D XiriService: check file name: /data/data/com.android.keychain/lib
06-10 13:51:16.370 328 328 D XiriService: check file name: /data/data/com.android.keychain/lib
06-10 13:51:16.371 328 328 D XiriService: check file name: /data/data/com.android.keychain/lib
06-10 13:51:16.371 328 328 D XiriService: check file name: /data/data/com.android.keychain/lib
06-10 13:51:16.371 328 328 D XiriService: check file name: /data/data/com.android.keychain/lib
06-10 13:51:16.476 328 328 D XiriService: check file name: /data/data/android.ext.services/lib
06-10 13:51:16.513 328 328 D XiriService: check file name: /data/data/android.ext.services/lib
06-10 13:51:16.523 328 328 D XiriService: check file name: /data/data/android.ext.services/lib
06-10 13:51:16.523 328 328 D XiriService: check file name: /data/data/android.ext.services/lib
06-10 13:51:16.523 328 328 D XiriService: check file name: /data/data/android.ext.services/lib
06-10 13:51:16.524 328 328 D XiriService: check file name: /data/data/android.ext.services/lib
06-10 13:51:16.592 328 328 D XiriService: check file name: /data/data/com.android.localtransport/lib
06-10 13:51:16.607 328 328 D XiriService: check file name: /data/data/com.android.localtransport/lib
06-10 13:51:16.616 328 328 D XiriService: check file name: /data/data/com.android.localtransport/lib
06-10 13:51:16.616 328 328 D XiriService: check file name: /data/data/com.android.localtransport/lib
06-10 13:51:16.617 328 328 D XiriService: check file name: /data/data/com.android.localtransport/lib
06-10 13:51:16.617 328 328 D XiriService: check file name: /data/data/com.android.localtransport/lib
06-10 13:51:16.654 328 328 D XiriService: check file name: /data/data/com.android.packageinstaller/lib
06-10 13:51:16.658 328 328 D XiriService: check file name: /data/data/com.android.packageinstaller/lib
06-10 13:51:16.659 523 545 W IorapForwardingService: No service published for: iorapd
06-10 13:51:16.695 328 328 D XiriService: check file name: /data/data/com.android.packageinstaller/lib
06-10 13:51:16.696 328 328 D XiriService: check file name: /data/data/com.android.packageinstaller/lib
06-10 13:51:16.697 328 328 D XiriService: check file name: /data/data/com.android.packageinstaller/lib
06-10 13:51:16.697 328 328 D XiriService: check file name: /data/data/com.android.packageinstaller/lib
06-10 13:51:16.816 278 278 I EventThread: type=1400 audit(0.0:399): avc: denied { search } for name="extcon" dev="sysfs" ino=18109 scontext=u:r:hal_tv_cec_default:s0 tcontext=u:object_r:sysfs_extcon:s0 tclass=dir permissive=1
06-10 13:51:16.828 677 797 I bt_core_module: system/bt/btcore/src/module.cc:90 module_start_up: module_start_up Started module "controller_module"
06-10 13:51:16.828 677 797 I bt_btm_pm: system/bt/stack/acl/btm_pm.cc:392 btm_pm_reset: reset pm
06-10 13:51:16.830 677 797 I btm_acl : system/bt/stack/acl/btm_acl.cc:654 check_link_policy: hold not supported (settings: 0x000d)
06-10 13:51:16.830 677 797 I btm_acl : system/bt/stack/acl/btm_acl.cc:664 check_link_policy: park not supported (settings: 0x0005)
06-10 13:51:16.831 677 797 I bt_btm_sec: system/bt/stack/btm/btm_sec.cc:226 BTM_SecRegister: BTM_SecRegister p_cb_info->p_le_callback == 0x0xc0a0c6c1
06-10 13:51:16.831 677 797 I bt_btm_sec: system/bt/stack/btm/btm_sec.cc:241 BTM_SecRegister: BTM_SecRegister btm_cb.api.p_le_callback = 0x0xc0a0c6c1
06-10 13:51:16.839 677 1038 I bluetooth: system/bt/stack/gatt/gatt_api.cc:1019 GATT_Register: Allocated name:GattClient uuid:48d32845-dfed-181e-edda-8017f2fb8bb7 gatt_if:3 eatt_support:0
06-10 13:51:16.859 677 1038 I bt_stack: [INFO:ble_advertiser_hci_interface.cc(767)] Extended advertising will be in use
06-10 13:51:16.868 677 1038 E bt_btif_storage: system/bt/btif/src/btif_storage.cc:632 btif_storage_get_adapter_property: btif_storage_get_adapter_property: Controller ready!
06-10 13:51:16.868 677 1038 I bt_btif_storage: system/bt/btif/src/btif_storage.cc:661 btif_storage_get_adapter_property: btif_storage_get_adapter_property service_mask:0x20000000
06-10 13:51:16.868 677 803 D AdapterProperties: BT_PROPERTY_LOCAL_LE_FEATURES: update from BT controller mNumOfAdvertisementInstancesSupported = 0 mRpaOffloadSupported = false mNumOfOffloadedIrkSupported = 0 mNumOfOffloadedScanFilterSupported = 0 mOffloadedScanResultStorageBytes= 0 mIsActivityAndEnergyReporting = false mVersSupported = 0 mTotNumOfTrackableAdv = 0 mIsExtendedScanSupported = false mIsDebugLogSupported = false mIsLe2MPhySupported = true mIsLeCodedPhySupported = true mIsLeExtendedAdvertisingSupported = true mIsLePeriodicAdvertisingSupported = true mLeMaximumAdvertisingDataLength = 1650 mDynamicAudioBufferSizeSupportedCodecsGroup1 = 0 mDynamicAudioBufferSizeSupportedCodecsGroup2 = 0
06-10 13:51:16.868 677 1038 I bt_stack: [INFO:btif_bqr.cc(229)] EnableBtQualityReport: is_enable: true
06-10 13:51:16.868 677 1038 W bt_stack: [WARNING:btif_bqr.cc(237)] EnableBtQualityReport: Bluetooth Quality Report is disabled. bqr_prop_evtmask: , bqr_prop_interval_ms:
06-10 13:51:16.869 677 1074 I bt_osi_thread: system/bt/osi/src/thread.cc:209 run_thread: run_thread: thread id 1074, thread name btif_sock started
06-10 13:51:16.868 343 343 I rainbow_flow: type=1400 audit(0.0:400): avc: denied { ioctl } for path="/dev/spidev1.0" dev="tmpfs" ino=6270 ioctlcmd=0x6b00 scontext=u:r:init:s0 tcontext=u:object_r:device:s0 tclass=chr_file permissive=1
06-10 13:51:16.878 677 1038 I bt_bte_conf: system/bt/main/bte_conf.cc:84 bte_load_did_conf: Device ID record 1 : primary
06-10 13:51:16.878 677 1038 I bt_bte_conf: system/bt/main/bte_conf.cc:85 bte_load_did_conf: vendorId = 00e0
06-10 13:51:16.879 677 1038 I bt_bte_conf: system/bt/main/bte_conf.cc:86 bte_load_did_conf: vendorIdSource = 0001
06-10 13:51:16.879 677 1038 I bt_bte_conf: system/bt/main/bte_conf.cc:87 bte_load_did_conf: product = 1200
06-10 13:51:16.879 677 1038 I bt_bte_conf: system/bt/main/bte_conf.cc:88 bte_load_did_conf: version = 1436
06-10 13:51:16.879 677 1038 I bt_bte_conf: system/bt/main/bte_conf.cc:89 bte_load_did_conf: clientExecutableURL =
06-10 13:51:16.879 677 1038 I bt_bte_conf: system/bt/main/bte_conf.cc:90 bte_load_did_conf: serviceDescription =
06-10 13:51:16.879 677 1038 I bt_bte_conf: system/bt/main/bte_conf.cc:91 bte_load_did_conf: documentationURL =
06-10 13:51:16.879 677 1038 I bt_bta_dm: system/bt/bta/dm/bta_dm_act.cc:3191 bta_dm_eir_update_uuid: EIR Adding UUID=0x1200 into extended inquiry response
06-10 13:51:16.879 677 1038 I bt_bta_dm: system/bt/bta/dm/bta_dm_act.cc:2890 bta_dm_set_eir: Generating extended inquiry response packet EIR
06-10 13:51:16.879 677 1038 I bt_bte_conf: system/bt/main/bte_conf.cc:47 bte_load_did_conf: bte_load_did_conf no section named DID2.
06-10 13:51:16.879 677 1038 I bt_btif_core: system/bt/btif/src/btif_core.cc:312 btif_enable_bluetooth_evt: Bluetooth enable event completed
06-10 13:51:16.879 677 1038 I bt_bta_dm: system/bt/bta/dm/bta_dm_act.cc:2890 bta_dm_set_eir: Generating extended inquiry response packet EIR
06-10 13:51:16.879 677 797 I bt_stack_manager: system/bt/btif/src/stack_manager.cc:311 event_start_up_stack: event_start_up_stack finished
06-10 13:51:16.909 328 328 D XiriService: check file name: /data/data/com.oranth.usbopenft/lib
06-10 13:51:16.918 328 328 D XiriService: check file name: /data/data/com.oranth.usbopenft/lib
06-10 13:51:16.945 328 328 D XiriService: check file name: /data/data/com.oranth.usbopenft/lib
06-10 13:51:16.945 328 328 D XiriService: check file name: /data/data/com.oranth.usbopenft/lib
06-10 13:51:16.946 328 328 D XiriService: check file name: /data/data/com.oranth.usbopenft/lib
06-10 13:51:16.946 328 328 D XiriService: check file name: /data/data/com.oranth.usbopenft/lib
06-10 13:51:16.965 328 328 D XiriService: check file name: /data/data/com.android.networkstack.tethering/lib
06-10 13:51:16.968 328 328 I xiriservice_All: type=1400 audit(0.0:401): avc: denied { read } for name="lib" dev="mmcblk0p25" ino=15235 scontext=u:r:init:s0 tcontext=u:object_r:radio_data_file:s0 tclass=lnk_file permissive=1
06-10 13:51:16.986 328 328 D XiriService: check file name: /data/data/com.android.networkstack.tethering/lib
06-10 13:51:17.015 328 328 D XiriService: check file name: /data/data/com.android.networkstack.tethering/lib
06-10 13:51:17.016 328 328 D XiriService: check file name: /data/data/com.android.networkstack.tethering/lib
06-10 13:51:17.016 328 328 D XiriService: check file name: /data/data/com.android.networkstack.tethering/lib
06-10 13:51:17.016 328 328 D XiriService: check file name: /data/data/com.android.networkstack.tethering/lib
06-10 13:51:17.102 328 328 D XiriService: check file name: /data/data/com.dangbei.lerad.etna.haqu/lib
06-10 13:51:17.103 328 328 D XiriService: check file name: /data/data/com.dangbei.lerad.etna.haqu/lib
06-10 13:51:17.116 328 328 D XiriService: check file name: /data/data/com.dangbei.lerad.etna.haqu/lib
06-10 13:51:17.116 328 328 D XiriService: check file name: /data/data/com.dangbei.lerad.etna.haqu/lib
06-10 13:51:17.116 328 328 D XiriService: check file name: /data/data/com.dangbei.lerad.etna.haqu/lib
06-10 13:51:17.116 328 328 D XiriService: check file name: /data/data/com.dangbei.lerad.etna.haqu/lib
06-10 13:51:17.333 328 328 D XiriService: check file name: /data/data/com.oranth.powerwindow/lib
06-10 13:51:17.336 328 328 D XiriService: check file name: /data/data/com.oranth.powerwindow/lib
06-10 13:51:17.352 328 328 D XiriService: check file name: /data/data/com.oranth.powerwindow/lib
06-10 13:51:17.353 328 328 D XiriService: check file name: /data/data/com.oranth.powerwindow/lib
06-10 13:51:17.353 328 328 D XiriService: check file name: /data/data/com.oranth.powerwindow/lib
06-10 13:51:17.449 328 328 D XiriService: check file name: /data/data/com.android.networkstack.permissionconfig/lib
06-10 13:51:17.475 328 328 D XiriService: check file name: /data/data/com.android.networkstack.permissionconfig/lib
06-10 13:51:17.490 328 328 D XiriService: check file name: /data/data/com.android.networkstack.permissionconfig/lib
06-10 13:51:17.491 328 328 D XiriService: check file name: /data/data/com.android.networkstack.permissionconfig/lib
06-10 13:51:17.491 328 328 D XiriService: check file name: /data/data/com.android.networkstack.permissionconfig/lib
06-10 13:51:17.528 523 859 D BufferPoolAccessor2.0: bufferpool2 0xeb46a598 : 0(0 size) total buffers - 0(0 size) used buffers - 1/7 (recycle/alloc) - 6/294 (fetch/transfer)
06-10 13:51:17.528 523 859 D BufferPoolAccessor2.0: evictor expired: 1, evicted: 1
06-10 13:51:17.532 391 755 D BufferPoolAccessor2.0: bufferpool2 0xe904cb58 : 0(0 size) total buffers - 0(0 size) used buffers - 141/145 (recycle/alloc) - 4/144 (fetch/transfer)
06-10 13:51:17.532 391 755 D BufferPoolAccessor2.0: evictor expired: 1, evicted: 1
06-10 13:51:17.575 328 328 D XiriService: check file name: /data/data/com.dangbei.lerad.screensaver/lib
06-10 13:51:17.568 328 328 I xiriservice_All: type=1400 audit(0.0:402): avc: denied { search } for name="com.dangbei.lerad.screensaver" dev="mmcblk0p25" ino=1205 scontext=u:r:init:s0 tcontext=u:object_r:app_data_file:s0:c54,c256,c512,c768 tclass=dir permissive=1
06-10 13:51:17.572 328 328 I xiriservice_All: type=1400 audit(0.0:403): avc: denied { read } for name="lib" dev="mmcblk0p25" ino=15243 scontext=u:r:init:s0 tcontext=u:object_r:app_data_file:s0:c54,c256,c512,c768 tclass=lnk_file permissive=1
06-10 13:51:17.591 328 328 D XiriService: check file name: /data/data/com.dangbei.lerad.screensaver/lib
06-10 13:51:17.608 328 328 D XiriService: check file name: /data/data/com.dangbei.lerad.screensaver/lib
06-10 13:51:17.608 328 328 D XiriService: check file name: /data/data/com.dangbei.lerad.screensaver/lib
06-10 13:51:17.609 328 328 D XiriService: check file name: /data/data/com.dangbei.lerad.screensaver/lib
06-10 13:51:17.609 328 328 D XiriService: check file name: /data/data/com.dangbei.lerad.screensaver/lib
06-10 13:51:17.660 523 545 W IorapForwardingService: No service published for: iorapd
06-10 13:51:17.850 328 328 D XiriService: check file name: /data/data/com.android.wallpaperbackup/lib
06-10 13:51:17.859 328 328 D XiriService: check file name: /data/data/com.android.wallpaperbackup/lib
06-10 13:51:17.889 328 328 D XiriService: check file name: /data/data/com.android.wallpaperbackup/lib
06-10 13:51:17.890 328 328 D XiriService: check file name: /data/data/com.android.wallpaperbackup/lib
06-10 13:51:17.890 328 328 D XiriService: check file name: /data/data/com.android.wallpaperbackup/lib
06-10 13:51:17.890 328 328 D XiriService: check file name: /data/data/com.android.wallpaperbackup/lib
06-10 13:51:17.904 677 773 E AdapterState: BLE_TURNING_ON : BLE_START_TIMEOUT
06-10 13:51:17.904 677 773 I AdapterState: BLE_TURNING_OFF : entered
06-10 13:51:17.904 677 773 D AdapterProperties: Setting state to BLE_TURNING_OFF
06-10 13:51:17.905 677 773 D BluetoothAdapterService: updateAdapterState() - Broadcasting state BLE_TURNING_OFF to 1 receivers.
06-10 13:51:17.906 523 545 D BluetoothManagerService: MESSAGE_BLUETOOTH_STATE_CHANGE: BLE_TURNING_ON > BLE_TURNING_OFF
06-10 13:51:17.906 523 545 D BluetoothManagerService: Sending BLE State Change: BLE_TURNING_ON > BLE_TURNING_OFF
06-10 13:51:17.906 677 773 D AdapterProperties: onBleDisable
06-10 13:51:17.983 328 328 D XiriService: check file name: /data/data/com.android.providers.media.module/lib
06-10 13:51:17.976 328 328 I xiriservice_All: type=1400 audit(0.0:404): avc: denied { search } for name="com.android.providers.media.module" dev="mmcblk0p25" ino=1279 scontext=u:r:init:s0 tcontext=u:object_r:privapp_data_file:s0:c74,c256,c512,c768 tclass=dir permissive=1
06-10 13:51:17.984 328 328 I xiriservice_All: type=1400 audit(0.0:405): avc: denied { read } for name="lib" dev="mmcblk0p25" ino=15247 scontext=u:r:init:s0 tcontext=u:object_r:privapp_data_file:s0:c74,c256,c512,c768 tclass=lnk_file permissive=1
06-10 13:51:17.999 328 328 D XiriService: check file name: /data/data/com.android.providers.media.module/lib
06-10 13:51:18.006 394 394 I update_engine: [INFO:cleanup_previous_update_action.cc(112)] Executing task 9
06-10 13:51:18.014 328 328 D XiriService: check file name: /data/data/com.android.providers.media.module/lib
06-10 13:51:18.014 328 328 D XiriService: check file name: /data/data/com.android.providers.media.module/lib
06-10 13:51:18.014 328 328 D XiriService: check file name: /data/data/com.android.providers.media.module/lib
06-10 13:51:18.015 328 328 D XiriService: check file name: /data/data/com.android.providers.media.module/lib
06-10 13:51:18.044 394 394 I update_engine: CheckTargetMergeState for vendor_b returned: 3
06-10 13:51:18.044 328 328 D XiriService: check file name: /data/data/com.oranth.storage/lib
06-10 13:51:18.065 328 328 D XiriService: check file name: /data/data/com.oranth.storage/lib
06-10 13:51:18.085 328 328 D XiriService: check file name: /data/data/com.oranth.storage/lib
06-10 13:51:18.086 328 328 D XiriService: check file name: /data/data/com.oranth.storage/lib
06-10 13:51:18.122 394 394 I update_engine: CheckTargetMergeState for system_b returned: 3
06-10 13:51:18.124 678 678 I ImageWallpaper: type=1400 audit(0.0:406): avc: denied { search } for name="com.android.systemui" dev="mmcblk0p25" ino=506 scontext=u:r:platform_app:s0:c512,c768 tcontext=u:object_r:app_data_file:s0:c512,c768 tclass=dir permissive=1 app=com.softwinner.screenshot
06-10 13:51:18.141 1017 1017 W audit : audit_lost=7 audit_rate_limit=5 audit_backlog_limit=64
06-10 13:51:18.141 1017 1017 E audit : rate limit exceeded
06-10 13:51:18.146 328 328 D XiriService: check file name: /data/data/com.android.location.fused/lib
06-10 13:51:18.156 328 328 D XiriService: check file name: /data/data/com.android.location.fused/lib
06-10 13:51:18.178 328 328 D XiriService: check file name: /data/data/com.android.location.fused/lib
06-10 13:51:18.179 328 328 D XiriService: check file name: /data/data/com.android.location.fused/lib
06-10 13:51:18.179 328 328 D XiriService: check file name: /data/data/com.android.location.fused/lib
06-10 13:51:18.179 328 328 D XiriService: check file name: /data/data/com.android.location.fused/lib
06-10 13:51:18.202 205 216 D vold : Disk at 253:11 changed
06-10 13:51:18.202 205 216 D vold : Disk at 253:11 changed
06-10 13:51:18.204 335 336 D XM_HIDREAD: remove@ remove@/devices/virtual/block/dm-9
06-10 13:51:18.208 335 336 D XM_HIDREAD: remove@ remove@/devices/virtual/bdi/253:9
06-10 13:51:18.210 335 336 D XM_HIDREAD: remove@ remove@/devices/virtual/block/dm-9
06-10 13:51:18.221 328 328 D XiriService: check file name: /data/data/com.dangbei.haqusetting/lib
06-10 13:51:18.235 328 328 D XiriService: check file name: /data/data/com.dangbei.haqusetting/lib
06-10 13:51:18.235 328 328 D XiriService: check file name: /data/data/com.dangbei.haqusetting/lib
06-10 13:51:18.237 197 197 I servicemanager: Since 'gsiservice' could not be found, trying to start it as a lazy AIDL service
06-10 13:51:18.264 328 328 D XiriService: check file name: /data/data/com.dangbei.haqusetting/lib
06-10 13:51:18.264 328 328 D XiriService: check file name: /data/data/com.dangbei.haqusetting/lib
06-10 13:51:18.264 328 328 D XiriService: check file name: /data/data/com.dangbei.haqusetting/lib
06-10 13:51:18.265 328 328 D XiriService: check file name: /data/data/com.dangbei.haqusetting/lib
06-10 13:51:18.271 401 401 W hdr10p_Configure: 349 callbacks suppressed
06-10 13:51:18.271 401 401 I : DVI mode selected: packets not configured
06-10 13:51:18.271 401 401 W set_vsif_config: 349 callbacks suppressed
06-10 13:51:18.271 401 401 I : Error: set vsif failed
06-10 13:51:18.271 401 401 I : DVI mode selected: packets not configured
06-10 13:51:18.271 401 401 I : Error: set vsif failed
06-10 13:51:18.272 401 401 I : DVI mode selected: packets not configured
06-10 13:51:18.272 401 401 I : Error: set vsif failed
06-10 13:51:18.274 523 927 W OverlayManager: service 'idmap' died
06-10 13:51:18.298 401 401 I : DVI mode selected: packets not configured
06-10 13:51:18.298 401 401 I : Error: set vsif failed
06-10 13:51:18.299 401 401 I : DVI mode selected: packets not configured
06-10 13:51:18.299 401 401 I : Error: set vsif failed
06-10 13:51:18.299 401 401 I : DVI mode selected: packets not configured
06-10 13:51:18.299 401 401 I : Error: set vsif failed
06-10 13:51:18.344 1076 1076 I AidlLazyServiceRegistrar: Registering service gsiservice
06-10 13:51:18.351 401 401 I : DVI mode selected: packets not configured
06-10 13:51:18.351 401 401 I : Error: set vsif failed
06-10 13:51:18.351 401 401 I : DVI mode selected: packets not configured
06-10 13:51:18.351 401 401 I : Error: set vsif failed
06-10 13:51:18.351 401 401 I : DVI mode selected: packets not configured
06-10 13:51:18.351 401 401 I : Error: set vsif failed
06-10 13:51:18.398 401 401 I : DVI mode selected: packets not configured
06-10 13:51:18.398 401 401 I : Error: set vsif failed
06-10 13:51:18.407 328 328 D XiriService: check file name: /data/data/com.softwinner.miracastReceiver/lib
06-10 13:51:18.414 328 328 D XiriService: check file name: /data/data/com.softwinner.miracastReceiver/lib
06-10 13:51:18.430 884 951 D BufferPoolAccessor2.0: bufferpool2 0xec5f8718 : 0(0 size) total buffers - 0(0 size) used buffers - 1/7 (recycle/alloc) - 10/96 (fetch/transfer)
06-10 13:51:18.431 884 951 D BufferPoolAccessor2.0: bufferpool2 0xec5f7d18 : 0(0 size) total buffers - 0(0 size) used buffers - 1/7 (recycle/alloc) - 7/92 (fetch/transfer)
06-10 13:51:18.431 884 951 D BufferPoolAccessor2.0: evictor expired: 2, evicted: 2
06-10 13:51:18.438 328 328 D XiriService: check file name: /data/data/com.softwinner.miracastReceiver/lib
06-10 13:51:18.438 328 328 D XiriService: check file name: /data/data/com.softwinner.miracastReceiver/lib
06-10 13:51:18.440 328 328 D XiriService: check file name: /data/data/com.softwinner.miracastReceiver/lib
06-10 13:51:18.440 328 328 D XiriService: check file name: /data/data/com.softwinner.miracastReceiver/lib
06-10 13:51:18.484 328 328 D XiriService: check file name: /data/data/com.android.bluetooth/lib
06-10 13:51:18.507 328 328 D XiriService: check file name: /data/data/com.android.bluetooth/lib
06-10 13:51:18.517 328 328 D XiriService: check file name: /data/data/com.android.bluetooth/lib
06-10 13:51:18.518 328 328 D XiriService: check file name: /data/data/com.android.bluetooth/lib
06-10 13:51:18.518 328 328 D XiriService: check file name: /data/data/com.android.bluetooth/lib
06-10 13:51:18.519 328 328 D XiriService: check file name: /data/data/com.android.bluetooth/lib
06-10 13:51:18.529 523 859 D BufferPoolAccessor2.0: bufferpool2 0xec5f85d8 : 0(0 size) total buffers - 0(0 size) used buffers - 2/7 (recycle/alloc) - 5/46 (fetch/transfer)
06-10 13:51:18.529 523 859 D BufferPoolAccessor2.0: bufferpool2 0xeb468b58 : 0(0 size) total buffers - 0(0 size) used buffers - 1/7 (recycle/alloc) - 14/42 (fetch/transfer)
06-10 13:51:18.529 523 859 D BufferPoolAccessor2.0: bufferpool2 0xeb46a6d8 : 0(0 size) total buffers - 0(0 size) used buffers - 1/7 (recycle/alloc) - 6/294 (fetch/transfer)
06-10 13:51:18.529 523 859 D BufferPoolAccessor2.0: evictor expired: 3, evicted: 3
06-10 13:51:18.532 391 755 D BufferPoolAccessor2.0: bufferpool2 0xe904ebd8 : 0(0 size) total buffers - 0(0 size) used buffers - 18/21 (recycle/alloc) - 3/20 (fetch/transfer)
06-10 13:51:18.532 391 755 D BufferPoolAccessor2.0: bufferpool2 0xe904d198 : 0(0 size) total buffers - 0(0 size) used buffers - 141/145 (recycle/alloc) - 4/144 (fetch/transfer)
06-10 13:51:18.532 391 755 D BufferPoolAccessor2.0: bufferpool2 0xe904df58 : 0(0 size) total buffers - 0(0 size) used buffers - 40/46 (recycle/alloc) - 6/45 (fetch/transfer)
06-10 13:51:18.532 391 755 D BufferPoolAccessor2.0: bufferpool2 0xe904cf18 : 0(0 size) total buffers - 0(0 size) used buffers - 13/19 (recycle/alloc) - 6/18 (fetch/transfer)
06-10 13:51:18.532 391 755 D BufferPoolAccessor2.0: bufferpool2 0xe904de18 : 0(0 size) total buffers - 0(0 size) used buffers - 40/44 (recycle/alloc) - 4/43 (fetch/transfer)
06-10 13:51:18.532 391 755 D BufferPoolAccessor2.0: evictor expired: 5, evicted: 5
06-10 13:51:18.703 523 546 V PackageManager: reconcileAppsData finished 113 packages
06-10 13:51:18.704 523 546 I ActivityManager: User 0 state changed from RUNNING_LOCKED to RUNNING_UNLOCKING
06-10 13:51:18.705 523 546 D ActivityManager: Unlocking user 0 progress 20
06-10 13:51:18.714 523 523 W Looper : Slow dispatch took 4228ms main h=android.app.ActivityThread$H c=android.app.LoadedApk$ReceiverDispatcher$Args$$ExternalSyntheticLambda0@9c84716 m=0
06-10 13:51:18.714 523 523 I ConnectivityModuleConnector: Networking module service connected
06-10 13:51:18.715 523 552 I SystemServerTimingAsync: ssm.UnlockingUser-0
06-10 13:51:18.715 523 552 I SystemServiceManager: Calling onUnlockingUser 0
06-10 13:51:18.716 523 523 I ConnectivityModuleConnector: Networking module service connected
06-10 13:51:18.724 523 523 D AutofillManagerService: Restriction did not change for user 0
06-10 13:51:18.727 523 552 D BluetoothManagerService: User 0 unlocked
06-10 13:51:18.728 523 552 D StorageManagerService: onUnlockUser 0
06-10 13:51:18.728 523 552 I StorageSessionController: On user unlock 0
06-10 13:51:18.728 523 552 I StorageSessionController: Initialialising...
06-10 13:51:18.729 523 545 W IorapForwardingService: No service published for: iorapd
06-10 13:51:18.729 523 545 D BluetoothManagerService: MESSAGE_USER_UNLOCKED
06-10 13:51:18.730 523 523 V NotificationAssistants: 0 notification assistant service connected: ComponentInfo{android.ext.services/android.ext.services.notification.Assistant}
06-10 13:51:18.730 205 205 I vold : onUserStarted: 0
06-10 13:51:18.730 677 803 D AdapterProperties: Name is: DBBOX-A2
06-10 13:51:18.739 678 678 D SystemUIService: Starting Wifi now
06-10 13:51:18.741 677 803 D AdapterProperties: Scan Mode:20
06-10 13:51:18.741 677 803 D AdapterProperties: Discoverable Timeout:120
06-10 13:51:18.743 677 803 D AdapterProperties: Adding bonded device:E4:BB:D3:57:C0:7D
06-10 13:51:18.748 523 927 V StorageManagerService: Found primary storage at VolumeInfo{emulated;0}:
06-10 13:51:18.748 523 927 V StorageManagerService: type=EMULATED diskId=null partGuid= mountFlags=0 mountUserId=0
06-10 13:51:18.748 523 927 V StorageManagerService: state=UNMOUNTED
06-10 13:51:18.748 523 927 V StorageManagerService: fsType=null fsUuid=null fsLabel=null
06-10 13:51:18.748 523 927 V StorageManagerService: path=null internalPath=null
06-10 13:51:18.759 523 546 D AW_CODE : rotation =0
06-10 13:51:18.752 678 678 I SharedPreferenc: type=1400 audit(0.0:418): avc: denied { search } for name="com.android.systemui" dev="mmcblk0p25" ino=506 scontext=u:r:platform_app:s0:c512,c768 tcontext=u:object_r:app_data_file:s0:c512,c768 tclass=dir permissive=1 app=com.softwinner.screenshot
06-10 13:51:18.761 523 611 I StorageManagerService: Mounting volume VolumeInfo{emulated;0}:
06-10 13:51:18.761 523 611 I StorageManagerService: type=EMULATED diskId=null partGuid= mountFlags=PRIMARY|VISIBLE
06-10 13:51:18.761 523 611 I StorageManagerService: mountUserId=0 state=UNMOUNTED
06-10 13:51:18.761 523 611 I StorageManagerService: fsType=null fsUuid=null fsLabel=null
06-10 13:51:18.761 523 611 I StorageManagerService: path=null internalPath=null
06-10 13:51:18.762 677 677 D BtGatt.DebugUtils: handleDebugAction() action=null
06-10 13:51:18.762 205 205 I vold : Mounting emulated fuse volume
06-10 13:51:18.772 278 278 D hdmi-cec: setOption, flag=0x0005, value=0x007a686f
06-10 13:51:18.773 523 546 D AW_CODE : rotation =0
06-10 13:51:18.775 278 278 D hdmi-cec: reset logical address to broadcast
06-10 13:51:18.775 278 278 D hdmi-cec: reset logical address to broadcast
06-10 13:51:18.776 678 678 I SharedPreferenc: type=1400 audit(0.0:419): avc: denied { open } for path="/data/user_de/0/com.android.systemui/shared_prefs/com.android.systemui.xml" dev="mmcblk0p25" ino=15020 scontext=u:r:platform_app:s0:c512,c768 tcontext=u:object_r:app_data_file:s0:c512,c768 tclass=file permissive=1 app=com.softwinner.screenshot
06-10 13:51:18.787 523 811 I WifiService: setWifiEnabled package=com.android.systemui uid=10061 enable=true
06-10 13:51:18.788 523 546 D ColorDisplayService: setUp: currentUser=0
06-10 13:51:18.789 523 552 W SystemServiceManager: Service com.android.server.StorageManagerService$Lifecycle took 61 ms in onUnlockingUser-0
06-10 13:51:18.793 523 552 W TextServicesManagerService: no available spell checker services found
06-10 13:51:18.794 523 546 D ColorDisplayService: onNightDisplayAutoModeChanged: autoMode=0
06-10 13:51:18.794 523 546 I ColorDisplayService: Turning off night display
06-10 13:51:18.795 523 543 D AdbService: setAdbEnabled(true), mIsAdbUsbEnabled=true, mIsAdbWifiEnabled=true, transportType=1
06-10 13:51:18.795 523 523 I PackageWatchdog: Syncing health check requests for packages: {}
06-10 13:51:18.795 677 797 I bt_stack_manager: system/bt/btif/src/stack_manager.cc:322 event_shut_down_stack: event_shut_down_stack is bringing down the stack
06-10 13:51:18.795 677 677 W bt_stack: [WARNING:bta_gatts_api.cc(60)] GATTS Module not enabled/already disabled
06-10 13:51:18.795 677 1038 I bt_stack: [INFO:gatt_api.cc(1042)] GATT_Deregister gatt_if=3
06-10 13:51:18.796 677 1073 I bt_btif_sock: system/bt/btif/src/btif_sock_thread.cc:515 sock_poll_thread: h:7, process_cmd_sock return false, exit...
06-10 13:51:18.796 677 1073 I bt_btif_sock: system/bt/btif/src/btif_sock_thread.cc:528 sock_poll_thread: socket poll thread exiting, h:7
06-10 13:51:18.796 677 1038 I bt_stack: [INFO:bta_jv_act.cc(564)] bta_jv_disable
06-10 13:51:18.796 677 1074 W bt_osi_thread: system/bt/osi/src/thread.cc:239 run_thread: run_thread: thread id 1074, thread name btif_sock exited
06-10 13:51:18.796 523 546 D ColorDisplayService: Setting bright color reduction level: 50
06-10 13:51:18.797 523 552 D WifiService: Handle user unlock 0
06-10 13:51:18.798 523 523 D ExplicitHealthCheckController: Getting health check supported packages
06-10 13:51:18.798 523 552 I WallpaperManagerService: on-unlock-user-0
06-10 13:51:18.804 523 552 W VoiceInteractionManager: no available voice recognition services found for user 0
06-10 13:51:18.808 523 1020 I HibernationStateDiskStore: No hibernation file on disk for file /data/system_ce/0/hibernation/states
06-10 13:51:18.810 523 649 I BackupManagerService: Starting service for user: 0
06-10 13:51:18.814 523 649 V BackupManagerService: [UserID:0] Starting with transport com.android.localtransport/.LocalTransport
06-10 13:51:18.817 523 592 I ExplicitHealthCheckController: Explicit health check supported packages [PackageConfig{com.android.networkstack, 86400000}]
06-10 13:51:18.817 523 592 D PackageWatchdog: Received supported packages [PackageConfig{com.android.networkstack, 86400000}]
06-10 13:51:18.824 677 677 W BtGatt.ScanManager: exception when invoking removeOnUidImportanceListener
