06-10 13:51:12.542 523 523 D ActivityTaskManager: isHomeLauncher info= ActivityInfo{3eec798 com.android.tv.settings.system.FallbackHome}
06-10 13:51:12.547 523 729 I CCodecConfig: query failed after returning 7 values (BAD_INDEX)
06-10 13:51:12.549 523 551 W BestClock: java.time.DateTimeException: Missing NTP fix
06-10 13:51:12.550 391 860 D SimpleC2Component: Using output block pool with poolID 17 => got 17 - 0
06-10 13:51:12.550 523 729 W Codec2Client: query -- param skipped: index = 1342179345.
06-10 13:51:12.550 523 729 W Codec2Client: query -- param skipped: index = 2415921170.
06-10 13:51:12.553 523 729 D CCodecBufferChannel: [c2.android.vorbis.decoder#608] Created input block pool with allocatorID 16 => poolID 18 - OK (0)
06-10 13:51:12.556 523 729 I CCodecBufferChannel: [c2.android.vorbis.decoder#608] Created output block pool with allocatorID 16 => poolID 18 - OK
06-10 13:51:12.556 391 391 E ion : ioctl c0044901 failed with code -1: Inappropriate ioctl for device
06-10 13:51:12.556 523 729 D CCodecBufferChannel: [c2.android.vorbis.decoder#608] Configured output block pool ids 18 => OK
06-10 13:51:12.558 412 431 I adbd : jdwp connection from 863
06-10 13:51:12.566 840 840 D nativeloader: classloader namespace configured for unbundled product apk. library_path=/product/app/webview/lib/arm:/product/app/webview/webview.apk!/lib/armeabi-v7a:/product/lib:/system/product/lib
06-10 13:51:12.570 523 523 W System.err: java.io.IOException: Cannot run program "su": error=2, No such file or directory
06-10 13:51:12.575 391 861 D SimpleC2Component: Using output block pool with poolID 18 => got 18 - 0
06-10 13:51:12.577 523 551 W BestClock: java.time.DateTimeException: Missing NTP fix
06-10 13:51:12.579 523 523 W System.err: at java.lang.ProcessBuilder.start(ProcessBuilder.java:1050)
06-10 13:51:12.579 523 523 W System.err: at java.lang.Runtime.exec(Runtime.java:694)
06-10 13:51:12.579 523 523 W System.err: at java.lang.Runtime.exec(Runtime.java:524)
06-10 13:51:12.579 523 523 W System.err: at java.lang.Runtime.exec(Runtime.java:421)
06-10 13:51:12.579 523 523 W System.err: at com.android.server.wm.ActivityRecord.executeCMD(ActivityRecord.java:5940)
06-10 13:51:12.579 523 523 W System.err: at com.android.server.wm.ActivityRecord.isHomeLauncher(ActivityRecord.java:2431)
06-10 13:51:12.579 523 523 W System.err: at com.android.server.wm.RootWindowContainer.startPowerModeLaunchIfNeeded(RootWindowContainer.java:3653)
06-10 13:51:12.579 523 523 W System.err: at com.android.server.wm.ActivityStarter.startActivityInner(ActivityStarter.java:1786)
06-10 13:51:12.579 523 523 W System.err: at com.android.server.wm.ActivityStarter.startActivityUnchecked(ActivityStarter.java:1579)
06-10 13:51:12.579 523 523 W System.err: at com.android.server.wm.ActivityStarter.executeRequest(ActivityStarter.java:1186)
06-10 13:51:12.579 523 523 W System.err: at com.android.server.wm.ActivityStarter.execute(ActivityStarter.java:667)
06-10 13:51:12.579 523 523 W System.err: at com.android.server.wm.ActivityStartController.startHomeActivity(ActivityStartController.java:177)
06-10 13:51:12.579 523 523 W System.err: at com.android.server.wm.RootWindowContainer.startHomeOnTaskDisplayArea(RootWindowContainer.java:1565)
06-10 13:51:12.579 523 523 W System.err: at com.android.server.wm.RootWindowContainer.lambda$startHomeOnDisplay$12$RootWindowContainer(RootWindowContainer.java:1506)
06-10 13:51:12.579 523 523 W System.err: at com.android.server.wm.RootWindowContainer$$ExternalSyntheticLambda10.apply(Unknown Source:16)
06-10 13:51:12.579 523 523 W System.err: at com.android.server.wm.TaskDisplayArea.reduceOnAllTaskDisplayAreas(TaskDisplayArea.java:543)
06-10 13:51:12.579 523 523 W System.err: at com.android.server.wm.DisplayArea.reduceOnAllTaskDisplayAreas(DisplayArea.java:392)
06-10 13:51:12.579 523 523 W System.err: at com.android.server.wm.DisplayArea.reduceOnAllTaskDisplayAreas(DisplayArea.java:392)
06-10 13:51:12.579 523 523 W System.err: at com.android.server.wm.DisplayArea.reduceOnAllTaskDisplayAreas(DisplayArea.java:392)
06-10 13:51:12.579 523 523 W System.err: at com.android.server.wm.DisplayArea.reduceOnAllTaskDisplayAreas(DisplayArea.java:392)
06-10 13:51:12.579 523 523 W System.err: at com.android.server.wm.DisplayArea.reduceOnAllTaskDisplayAreas(DisplayArea.java:392)
06-10 13:51:12.579 523 523 W System.err: at com.android.server.wm.WindowContainer.reduceOnAllTaskDisplayAreas(WindowContainer.java:2018)
06-10 13:51:12.579 523 523 W System.err: at com.android.server.wm.RootWindowContainer.startHomeOnDisplay(RootWindowContainer.java:1505)
06-10 13:51:12.579 523 523 W System.err: at com.android.server.wm.RootWindowContainer.startHomeOnDisplay(RootWindowContainer.java:1492)
06-10 13:51:12.579 523 523 W System.err: at com.android.server.wm.RootWindowContainer.startHomeOnAllDisplays(RootWindowContainer.java:1477)
06-10 13:51:12.579 523 523 W System.err: at com.android.server.wm.ActivityTaskManagerService$LocalService.startHomeOnAllDisplays(ActivityTaskManagerService.java:5728)
06-10 13:51:12.579 523 523 W System.err: at com.android.server.am.ActivityManagerService.systemReady(ActivityManagerService.java:7748)
06-10 13:51:12.579 523 523 W System.err: at com.android.server.SystemServer.startOtherServices(SystemServer.java:2798)
06-10 13:51:12.579 523 523 W System.err: at com.android.server.SystemServer.run(SystemServer.java:928)
06-10 13:51:12.579 523 523 W System.err: at com.android.server.SystemServer.main(SystemServer.java:628)
06-10 13:51:12.579 523 523 W System.err: at java.lang.reflect.Method.invoke(Native Method)
06-10 13:51:12.580 523 523 W System.err: at com.android.internal.os.RuntimeInit$MethodAndArgsCaller.run(RuntimeInit.java:548)
06-10 13:51:12.580 523 523 W System.err: at com.android.internal.os.ZygoteInit.main(ZygoteInit.java:1160)
06-10 13:51:12.580 523 551 W BestClock: java.time.DateTimeException: Missing NTP fix
06-10 13:51:12.581 523 523 W System.err: Caused by: java.io.IOException: error=2, No such file or directory
06-10 13:51:12.581 523 523 W System.err: at java.lang.UNIXProcess.forkAndExec(Native Method)
06-10 13:51:12.581 523 523 W System.err: at java.lang.UNIXProcess.(UNIXProcess.java:133)
06-10 13:51:12.581 523 523 W System.err: at java.lang.ProcessImpl.start(ProcessImpl.java:141)
06-10 13:51:12.581 523 523 W System.err: at java.lang.ProcessBuilder.start(ProcessBuilder.java:1029)
06-10 13:51:12.581 523 523 W System.err: ... 32 more
06-10 13:51:12.581 276 276 I AW_PowerHAL: Power setMode: SUSTAINED_PERFORMANCE to: 1
06-10 13:51:12.582 276 276 W AW_PowerHAL: Could not open nsi-bw: No such file or directory
06-10 13:51:12.582 276 276 I AW_PowerHAL: cur-mode:PERFORMANCE
06-10 13:51:12.604 523 523 I SystemServerTiming: showSystemReadyErrorDialogs
06-10 13:51:12.605 523 523 I system_server: getFrameworkHalManifest: Reading VINTF information.
06-10 13:51:12.609 523 523 I system_server: getDeviceHalManifest: Reading VINTF information.
06-10 13:51:12.613 523 551 W BestClock: java.time.DateTimeException: Missing NTP fix
06-10 13:51:12.621 523 523 I system_server: getDeviceHalManifest: Successfully processed VINTF information
06-10 13:51:12.621 523 523 I system_server: getFrameworkHalManifest: Successfully processed VINTF information
06-10 13:51:12.621 523 523 I system_server: getFrameworkCompatibilityMatrix: Reading VINTF information.
06-10 13:51:12.621 523 551 W BestClock: java.time.DateTimeException: Missing NTP fix
06-10 13:51:12.642 523 545 W IorapForwardingService: No service published for: iorapd
06-10 13:51:12.672 523 551 W BestClock: java.time.DateTimeException: Missing NTP fix
06-10 13:51:12.676 523 551 W BestClock: java.time.DateTimeException: Missing NTP fix
06-10 13:51:12.678 840 840 I WebViewZygoteInit: Application preload done
06-10 13:51:12.682 816 816 V GraphicsEnvironment: ANGLE Developer option for 'com.android.networkstack' set to: 'default'
06-10 13:51:12.682 816 816 V GraphicsEnvironment: Neither updatable production driver nor prerelease driver is supported.
06-10 13:51:12.686 816 816 D NetworkSecurityConfig: No Network Security Config specified, using platform default
06-10 13:51:12.687 816 816 D NetworkSecurityConfig: No Network Security Config specified, using platform default
06-10 13:51:12.716 523 551 W BestClock: java.time.DateTimeException: Missing NTP fix
06-10 13:51:12.721 523 551 W BestClock: java.time.DateTimeException: Missing NTP fix
06-10 13:51:12.757 523 551 W BestClock: java.time.DateTimeException: Missing NTP fix
06-10 13:51:12.760 523 551 W BestClock: java.time.DateTimeException: Missing NTP fix
06-10 13:51:12.794 523 523 I system_server: getFrameworkCompatibilityMatrix: Successfully processed VINTF information
06-10 13:51:12.794 523 551 W BestClock: java.time.DateTimeException: Missing NTP fix
06-10 13:51:12.794 523 523 I system_server: getDeviceCompatibilityMatrix: Reading VINTF information.
06-10 13:51:12.796 523 523 I system_server: getDeviceCompatibilityMatrix: Successfully processed VINTF information
06-10 13:51:12.798 523 551 W BestClock: java.time.DateTimeException: Missing NTP fix
06-10 13:51:12.813 523 523 I SystemServerTiming: sendUserStartBroadcast
06-10 13:51:12.814 523 523 I SystemServerTiming: resumeTopActivities
06-10 13:51:12.823 523 523 I SystemServerTiming: sendUserSwitchBroadcasts
06-10 13:51:12.824 523 523 I SystemServerTiming: setBinderProxies
06-10 13:51:12.824 523 523 I SystemServerTiming: StartSystemUI
06-10 13:51:12.824 523 551 W BestClock: java.time.DateTimeException: Missing NTP fix
06-10 13:51:12.829 523 546 I ActivityManager: com.android.tv.settings is exempt from freezer
06-10 13:51:12.830 523 546 D CompatibilityChangeReporter: Compat change id reported: 135634846; UID 1000; state: DISABLED
06-10 13:51:12.833 523 551 W BestClock: java.time.DateTimeException: Missing NTP fix
06-10 13:51:12.836 523 624 D ConnectivityService: Got NetworkProvider Messenger for VpnNetworkProvider:0
06-10 13:51:12.843 523 615 W BestClock: java.time.DateTimeException: Missing NTP fix
06-10 13:51:12.843 523 615 W BestClock: java.time.DateTimeException: Missing NTP fix
06-10 13:51:12.844 523 615 W BestClock: java.time.DateTimeException: Missing NTP fix
06-10 13:51:12.850 523 546 I InputManager: Enabling motion classifier because user switched: feature enabled, long press timeout = 400
06-10 13:51:12.852 523 546 I InputClassifier: Enabling motion classifier
06-10 13:51:12.854 198 198 I hwservicemanager: getTransport: Cannot find entry android.hardware.input.classifier@1.0::IInputClassifier/default in either framework or device VINTF manifest.
06-10 13:51:12.855 523 883 I InputClassifier: Could not obtain InputClassifier HAL
06-10 13:51:12.857 523 553 W ActivityManager: Slow operation: 367ms so far, now at startProcess: done updating battery stats
06-10 13:51:12.857 523 553 W ActivityManager: Slow operation: 367ms so far, now at startProcess: building log message
06-10 13:51:12.857 523 553 I ActivityManager: app.processName = com.android.se
06-10 13:51:12.857 523 553 I ActivityManager: Start proc 863:com.android.se/1068 for added application com.android.se
06-10 13:51:12.857 523 553 W ActivityManager: Slow operation: 367ms so far, now at startProcess: starting to update pids map
06-10 13:51:12.857 523 553 W ActivityManager: Slow operation: 368ms so far, now at startProcess: done updating pids map
06-10 13:51:12.860 523 587 D CompatibilityChangeReporter: Compat change id reported: 168419799; UID 1068; state: DISABLED
06-10 13:51:12.867 523 551 W BestClock: java.time.DateTimeException: Missing NTP fix
06-10 13:51:12.870 523 615 W BestClock: java.time.DateTimeException: Missing NTP fix
06-10 13:51:12.872 523 551 W BestClock: java.time.DateTimeException: Missing NTP fix
06-10 13:51:12.882 259 259 D Zygote : Forked child process 884
06-10 13:51:12.884 863 863 D CompatibilityChangeReporter: Compat change id reported: 171979766; UID 1068; state: ENABLED
06-10 13:51:12.888 523 553 W ActivityManager: Slow operation: 59ms so far, now at startProcess: returned from zygote!
06-10 13:51:12.891 523 553 W ActivityManager: Slow operation: 63ms so far, now at startProcess: done updating battery stats
06-10 13:51:12.892 523 553 W ActivityManager: Slow operation: 64ms so far, now at startProcess: building log message
06-10 13:51:12.892 523 553 I ActivityManager: app.processName = com.android.tv.settings
06-10 13:51:12.892 523 553 I ActivityManager: Start proc 884:com.android.tv.settings/1000 for top-activity {com.android.tv.settings/com.android.tv.settings.system.FallbackHome}
06-10 13:51:12.892 523 553 W ActivityManager: Slow operation: 64ms so far, now at startProcess: starting to update pids map
06-10 13:51:12.892 884 884 I Zygote : seccomp disabled by setenforce 0
06-10 13:51:12.892 523 553 W ActivityManager: Slow operation: 64ms so far, now at startProcess: done updating pids map
06-10 13:51:12.892 343 343 I rainbow_flow: type=1400 audit(0.0:347): avc: denied { ioctl } for path="/dev/spidev1.0" dev="tmpfs" ino=6270 ioctlcmd=0x6b00 scontext=u:r:init:s0 tcontext=u:object_r:device:s0 tclass=chr_file permissive=1
06-10 13:51:12.896 678 678 I ndroid.systemui: type=1400 audit(0.0:348): avc: denied { search } for name="com.android.systemui" dev="mmcblk0p25" ino=506 scontext=u:r:platform_app:s0:c512,c768 tcontext=u:object_r:app_data_file:s0:c512,c768 tclass=dir permissive=1 app=com.softwinner.screenshot
06-10 13:51:12.912 523 551 W BestClock: java.time.DateTimeException: Missing NTP fix
06-10 13:51:12.913 678 678 V SystemUIService: SystemUIApplication created.
06-10 13:51:12.918 523 551 W BestClock: java.time.DateTimeException: Missing NTP fix
06-10 13:51:12.920 523 615 W BestClock: java.time.DateTimeException: Missing NTP fix
06-10 13:51:12.921 523 523 D JNIMultiir: Multiir JNI_OnLoad()
06-10 13:51:12.921 523 615 W BestClock: java.time.DateTimeException: Missing NTP fix
06-10 13:51:12.922 523 523 D JNIMultiir: init
06-10 13:51:12.923 523 615 W BestClock: java.time.DateTimeException: Missing NTP fix
06-10 13:51:12.924 523 615 W BestClock: java.time.DateTimeException: Missing NTP fix
06-10 13:51:12.925 523 615 W BestClock: java.time.DateTimeException: Missing NTP fix
06-10 13:51:12.928 412 431 I adbd : jdwp connection from 884
06-10 13:51:12.932 523 523 D SystemServer: VMRuntime.setVerifierEnabled(true)
06-10 13:51:12.936 523 523 W Looper : Slow delivery took 7965ms main h=android.app.PropertyInvalidatedCache$AutoCorker$1 c=null m=0
06-10 13:51:12.940 278 278 I EventThread: type=1400 audit(0.0:349): avc: denied { search } for name="extcon" dev="sysfs" ino=18109 scontext=u:r:hal_tv_cec_default:s0 tcontext=u:object_r:sysfs_extcon:s0 tclass=dir permissive=1
06-10 13:51:12.947 523 551 W BestClock: java.time.DateTimeException: Missing NTP fix
06-10 13:51:12.952 523 551 D CountryDetector: Using custom country detector class: com.android.server.location.ComprehensiveCountryDetector
06-10 13:51:12.953 523 551 E CountryDetector: Could not instantiate the custom country detector class
06-10 13:51:12.953 523 551 D CountryDetector: Using default country detector
06-10 13:51:12.966 523 587 D CompatibilityChangeReporter: Compat change id reported: 181136395; UID 1000; state: DISABLED
06-10 13:51:12.967 523 587 D CompatibilityChangeReporter: Compat change id reported: 174042936; UID 1000; state: DISABLED
06-10 13:51:12.969 678 678 D SystemUIService: is homlet
06-10 13:51:12.970 523 615 W BestClock: java.time.DateTimeException: Missing NTP fix
06-10 13:51:12.972 863 863 V GraphicsEnvironment: ANGLE Developer option for 'com.android.se' set to: 'default'
06-10 13:51:12.972 863 863 V GraphicsEnvironment: Neither updatable production driver nor prerelease driver is supported.
06-10 13:51:12.974 863 863 D NetworkSecurityConfig: No Network Security Config specified, using platform default
06-10 13:51:12.975 863 863 D NetworkSecurityConfig: No Network Security Config specified, using platform default
06-10 13:51:12.980 678 678 I SystemUIService: Found SurfaceFlinger's GPU Priority: 12545
06-10 13:51:12.981 523 615 W BestClock: java.time.DateTimeException: Missing NTP fix
06-10 13:51:12.984 523 615 W BestClock: java.time.DateTimeException: Missing NTP fix
06-10 13:51:12.987 523 615 W BestClock: java.time.DateTimeException: Missing NTP fix
06-10 13:51:12.992 523 615 W BestClock: java.time.DateTimeException: Missing NTP fix
06-10 13:51:13.000 523 615 W BestClock: java.time.DateTimeException: Missing NTP fix
06-10 13:51:13.000 523 587 W ActivityManager: Slow operation: 59ms so far, now at attachApplicationLocked: after mServices.attachApplicationLocked
06-10 13:51:13.003 523 523 D ConditionProviders.SCP: onConnected
06-10 13:51:13.005 523 523 D ConditionProviders: Subscribing to condition://android/event?userId=-10000&calendar=&reply=1 with ComponentInfo{android/com.android.server.notification.EventConditionProvider}
06-10 13:51:13.005 523 523 D ConditionProviders: Subscribing to condition://android/schedule?days=1.2.3.4.5.6.7&start=22.0&end=7.0&exitAtAlarm=true with ComponentInfo{android/com.android.server.notification.ScheduleConditionProvider}
06-10 13:51:13.005 884 884 D CompatibilityChangeReporter: Compat change id reported: 171979766; UID 1000; state: ENABLED
06-10 13:51:13.008 278 278 D hdmi-cec: reset logical address to broadcast
06-10 13:51:13.010 523 539 D ConnectivityService: requestNetwork for uid/pid:1073/816 activeRequest: null callbackRequest: 18 [NetworkRequest [ REQUEST id=19, [ Capabilities: INTERNET&NOT_RESTRICTED&TRUSTED&NOT_VCN_MANAGED Uid: 1073 RequestorUid: 1073 RequestorPkg: com.android.networkstack] ]] callback flags: 0 priority: 2147483647
06-10 13:51:13.012 523 624 D ConnectivityService: NetReassign [no changes]
06-10 13:51:13.015 863 863 I SecureElementService: main onCreate
06-10 13:51:13.018 523 663 D PPPOE : got request NetworkRequest [ REQUEST id=19, [ Capabilities: INTERNET&NOT_RESTRICTED&TRUSTED&NOT_VCN_MANAGED Uid: 1073 RequestorUid: 1073 RequestorPkg: com.android.networkstack] ]
06-10 13:51:13.020 523 662 D Ethernet: got request NetworkRequest [ REQUEST id=19, [ Capabilities: INTERNET&NOT_RESTRICTED&TRUSTED&NOT_VCN_MANAGED Uid: 1073 RequestorUid: 1073 RequestorPkg: com.android.networkstack] ]
06-10 13:51:13.025 523 662 D EthernetNetworkFactory: acceptRequest, request: NetworkRequest [ REQUEST id=19, [ Capabilities: INTERNET&NOT_RESTRICTED&TRUSTED&NOT_VCN_MANAGED Uid: 1073 RequestorUid: 1073 RequestorPkg: com.android.networkstack] ]
06-10 13:51:13.029 523 662 I EthernetNetworkFactory: networkForRequest, request: NetworkRequest [ REQUEST id=19, [ Capabilities: INTERNET&NOT_RESTRICTED&TRUSTED&NOT_VCN_MANAGED Uid: 1073 RequestorUid: 1073 RequestorPkg: com.android.networkstack] ], network: null
06-10 13:51:13.030 523 615 W BestClock: java.time.DateTimeException: Missing NTP fix
06-10 13:51:13.038 523 523 D CompatibilityChangeReporter: Compat change id reported: 135634846; UID 10075; state: DISABLED
06-10 13:51:13.043 523 615 W BestClock: java.time.DateTimeException: Missing NTP fix
06-10 13:51:13.044 523 553 D CompatibilityChangeReporter: Compat change id reported: 143937733; UID 10075; state: ENABLED
06-10 13:51:13.045 523 624 D ConnectivityService: NetReassign [no changes]
06-10 13:51:13.045 523 615 W BestClock: java.time.DateTimeException: Missing NTP fix
06-10 13:51:13.052 523 615 W BestClock: java.time.DateTimeException: Missing NTP fix
06-10 13:51:13.056 523 615 W BestClock: java.time.DateTimeException: Missing NTP fix
06-10 13:51:13.058 523 615 W BestClock: java.time.DateTimeException: Missing NTP fix
06-10 13:51:13.059 523 615 W BestClock: java.time.DateTimeException: Missing NTP fix
06-10 13:51:13.061 523 615 W BestClock: java.time.DateTimeException: Missing NTP fix
06-10 13:51:13.062 523 615 W BestClock: java.time.DateTimeException: Missing NTP fix
06-10 13:51:13.065 863 863 I SecureElementService: Check if terminal eSE1 is available.
06-10 13:51:13.068 278 278 D hdmi-cec: cec physical address: 2.0.0.0
06-10 13:51:13.068 259 259 D Zygote : Forked child process 904
06-10 13:51:13.069 278 278 D hdmi-cec: cec physical address: 2.0.0.0
06-10 13:51:13.069 278 278 D hdmi-cec: cec physical address: 2.0.0.0
06-10 13:51:13.069 278 278 D hdmi-cec: addLogicalAddress (4)
06-10 13:51:13.073 198 198 I hwservicemanager: getTransport: Cannot find entry android.hardware.secure_element@1.2::ISecureElement/eSE1 in either framework or device VINTF manifest.
06-10 13:51:13.076 523 553 W ActivityManager: Slow operation: 51ms so far, now at startProcess: building log message
06-10 13:51:13.077 523 553 I ActivityManager: app.processName = android.ext.services
06-10 13:51:13.077 523 553 I ActivityManager: Start proc 904:android.ext.services/u0a75 for service {android.ext.services/android.ext.services.autofill.InlineSuggestionRenderServiceImpl}
06-10 13:51:13.077 523 553 W ActivityManager: Slow operation: 52ms so far, now at startProcess: starting to update pids map
06-10 13:51:13.077 523 553 W ActivityManager: Slow operation: 52ms so far, now at startProcess: done updating pids map
06-10 13:51:13.078 863 863 D SecureElement-Terminal-eSE1: SE Hal V1.2 is not supported
06-10 13:51:13.079 198 198 I hwservicemanager: getTransport: Cannot find entry android.hardware.secure_element@1.1::ISecureElement/eSE1 in either framework or device VINTF manifest.
06-10 13:51:13.080 863 863 D SecureElement-Terminal-eSE1: SE Hal V1.1 is not supported
06-10 13:51:13.081 198 198 I hwservicemanager: getTransport: Cannot find entry android.hardware.secure_element@1.0::ISecureElement/eSE1 in either framework or device VINTF manifest.
06-10 13:51:13.081 863 863 I SecureElementService: No HAL implementation for eSE1
06-10 13:51:13.083 863 863 I SecureElementService: Check if terminal SIM1 is available.
06-10 13:51:13.083 198 198 I hwservicemanager: getTransport: Cannot find entry android.hardware.secure_element@1.2::ISecureElement/SIM1 in either framework or device VINTF manifest.
06-10 13:51:13.085 863 863 D SecureElement-Terminal-SIM1: SE Hal V1.2 is not supported
06-10 13:51:13.085 198 198 I hwservicemanager: getTransport: Cannot find entry android.hardware.secure_element@1.1::ISecureElement/SIM1 in either framework or device VINTF manifest.
06-10 13:51:13.085 904 904 I Zygote : seccomp disabled by setenforce 0
06-10 13:51:13.086 863 863 D SecureElement-Terminal-SIM1: SE Hal V1.1 is not supported
06-10 13:51:13.086 198 198 I hwservicemanager: getTransport: Cannot find entry android.hardware.secure_element@1.0::ISecureElement/SIM1 in either framework or device VINTF manifest.
06-10 13:51:13.087 863 863 I SecureElementService: No HAL implementation for SIM1
06-10 13:51:13.091 884 884 V GraphicsEnvironment: ANGLE Developer option for 'com.android.tv.settings' set to: 'default'
06-10 13:51:13.092 884 884 V GraphicsEnvironment: Neither updatable production driver nor prerelease driver is supported.
06-10 13:51:13.093 884 884 D NetworkSecurityConfig: No Network Security Config specified, using platform default
06-10 13:51:13.094 884 884 D NetworkSecurityConfig: No Network Security Config specified, using platform default
06-10 13:51:13.095 816 816 D ApplicationLoaders: Returning zygote-cached class loader: /system/framework/android.test.base.jar
06-10 13:51:13.116 394 394 I update_engine: [INFO:cleanup_previous_update_action.cc(112)] Executing task 7
06-10 13:51:13.118 412 431 I adbd : jdwp connection from 904
06-10 13:51:13.126 394 394 I update_engine: [INFO:cleanup_previous_update_action.cc(124)] CleanupPreviousUpdateAction scheduled task ID 8 for WaitBootCompleted
06-10 13:51:13.132 278 278 D hdmi-cec: cec physical address: 2.0.0.0
06-10 13:51:13.145 816 816 D NetworkSecurityConfig: No Network Security Config specified, using platform default
06-10 13:51:13.167 523 592 D CompatibilityChangeReporter: Compat change id reported: 168419799; UID 10075; state: DISABLED
06-10 13:51:13.190 523 798 D CompatibilityChangeReporter: Compat change id reported: 171306433; UID 1000; state: ENABLED
06-10 13:51:13.190 904 904 D CompatibilityChangeReporter: Compat change id reported: 171979766; UID 10075; state: DISABLED
06-10 13:51:13.209 523 523 W Looper : Slow dispatch took 155ms main h=android.os.Handler c=com.android.server.hdmi.WorkSourceUidPreservingRunnable@fa5f094 m=0
06-10 13:51:13.227 523 729 D CCodecBufferChannel: [c2.android.vorbis.decoder#608] MediaCodec discarded an unknown buffer
06-10 13:51:13.227 523 729 D CCodecBufferChannel: [c2.android.vorbis.decoder#608] MediaCodec discarded an unknown buffer
06-10 13:51:13.227 523 729 D CCodecBufferChannel: [c2.android.vorbis.decoder#608] MediaCodec discarded an unknown buffer
06-10 13:51:13.229 523 729 I hw-BpHwBinder: onLastStrongRef automatically unlinking death recipients
06-10 13:51:13.244 401 401 W hdr10p_Configure: 122 callbacks suppressed
06-10 13:51:13.244 401 401 I : DVI mode selected: packets not configured
06-10 13:51:13.244 401 401 W set_vsif_config: 122 callbacks suppressed
06-10 13:51:13.244 401 401 I : Error: set vsif failed
06-10 13:51:13.240 291 319 E cutils-trace: Error opening trace file: No such file or directory (2)
06-10 13:51:13.240 343 343 I rainbow_flow: type=1400 audit(0.0:350): avc: denied { ioctl } for path="/dev/spidev1.0" dev="tmpfs" ino=6270 ioctlcmd=0x6b00 scontext=u:r:init:s0 tcontext=u:object_r:device:s0 tclass=chr_file permissive=1
06-10 13:51:13.257 401 401 I : DVI mode selected: packets not configured
06-10 13:51:13.257 401 401 I : Error: set vsif failed
06-10 13:51:13.252 904 904 I id.ext.services: type=1400 audit(0.0:351): avc: denied { getattr } for path="/data/data/android.ext.services" dev="mmcblk0p25" ino=458 scontext=u:r:platform_app:s0:c512,c768 tcontext=u:object_r:app_data_file:s0:c512,c768 tclass=dir permissive=1 app=android.ext.services
06-10 13:51:13.282 523 708 D MediaCodecList: codecHandlesFormat: no format, so no extra checks
06-10 13:51:13.291 401 401 I : DVI mode selected: packets not configured
06-10 13:51:13.291 401 401 I : Error: set vsif failed
06-10 13:51:13.290 678 678 D TvPipController: onImeVisibilityChanged(), visible=false, height=0
06-10 13:51:13.290 678 678 D TvPipController: onActionsChanged()
06-10 13:51:13.290 678 678 D TvPipMenuController: setAppActions()
06-10 13:51:13.290 678 678 D TvPipController: onImeVisibilityChanged(), visible=false, height=0
06-10 13:51:13.290 678 678 D TvPipController: onActionsChanged()
06-10 13:51:13.290 678 678 D TvPipMenuController: setAppActions()
06-10 13:51:13.291 678 678 W KeyguardUpdateMonitor: invalid subId in handleServiceStateChange()
06-10 13:51:13.303 523 798 D NetworkStats: registerNetworkStatsProvider from OffloadController uid/pid=1073/816
06-10 13:51:13.296 904 904 I id.ext.services: type=1400 audit(0.0:352): avc: denied { search } for name="android.ext.services" dev="mmcblk0p25" ino=458 scontext=u:r:platform_app:s0:c512,c768 tcontext=u:object_r:app_data_file:s0:c512,c768 tclass=dir permissive=1 app=android.ext.services
06-10 13:51:13.308 401 401 I : DVI mode selected: packets not configured
06-10 13:51:13.308 401 401 I : Error: set vsif failed
06-10 13:51:13.304 904 904 V GraphicsEnvironment: ANGLE Developer option for 'android.ext.services' set to: 'default'
06-10 13:51:13.309 523 731 D CCodecBufferChannel: [c2.android.vorbis.decoder#552] MediaCodec discarded an unknown buffer
06-10 13:51:13.310 523 731 D CCodecBufferChannel: [c2.android.vorbis.decoder#552] MediaCodec discarded an unknown buffer
06-10 13:51:13.310 523 934 D CCodec : allocate(c2.android.vorbis.decoder)
06-10 13:51:13.304 936 936 I Thread-2: type=1400 audit(0.0:353): avc: denied { execute } for name="am" dev="dm-5" ino=1160 scontext=u:r:system_app:s0 tcontext=u:object_r:vendor_file:s0 tclass=file permissive=1
06-10 13:51:13.304 936 936 I Thread-2: type=1400 audit(0.0:354): avc: denied { read open } for path="/vendor/xbin/am" dev="dm-5" ino=1160 scontext=u:r:system_app:s0 tcontext=u:object_r:vendor_file:s0 tclass=file permissive=1
06-10 13:51:13.308 936 936 I Thread-2: type=1400 audit(0.0:355): avc: denied { execute_no_trans } for path="/vendor/xbin/am" dev="dm-5" ino=1160 scontext=u:r:system_app:s0 tcontext=u:object_r:vendor_file:s0 tclass=file permissive=1
06-10 13:51:13.314 523 934 I CCodec : Created component [c2.android.vorbis.decoder]
06-10 13:51:13.314 523 934 D CCodecConfig: read media type: audio/vorbis
06-10 13:51:13.315 678 678 W AlarmManager: Unrecognized alarm listener com.android.systemui.keyguard.KeyguardSliceProvider$$ExternalSyntheticLambda0@b74bd30
06-10 13:51:13.316 678 678 D MediaResumeListener: loaded resume components []
06-10 13:51:13.318 523 731 I hw-BpHwBinder: onLastStrongRef automatically unlinking death recipients
06-10 13:51:13.324 401 401 I : DVI mode selected: packets not configured
06-10 13:51:13.324 401 401 I : Error: set vsif failed
06-10 13:51:13.321 523 934 D ReflectedParamUpdater: extent() != 1 for single value type: algo.buffers.max-count.values
06-10 13:51:13.321 678 678 V SystemUIService: Starting SystemUI services for user 0.
06-10 13:51:13.321 678 678 D SystemUIService: loading: com.android.systemui.util.NotificationChannels
06-10 13:51:13.322 678 678 D SystemUIService: running: com.android.systemui.util.NotificationChannels@9038d78
06-10 13:51:13.322 904 904 V GraphicsEnvironment: Neither updatable production driver nor prerelease driver is supported.
06-10 13:51:13.322 523 934 D ReflectedParamUpdater: extent() != 1 for single value type: output.subscribed-indices.values
06-10 13:51:13.324 904 904 D NetworkSecurityConfig: No Network Security Config specified, using platform default
06-10 13:51:13.325 523 934 D ReflectedParamUpdater: extent() != 1 for single value type: input.buffers.allocator-ids.values
06-10 13:51:13.325 904 904 D NetworkSecurityConfig: No Network Security Config specified, using platform default
06-10 13:51:13.325 523 934 D ReflectedParamUpdater: extent() != 1 for single value type: output.buffers.allocator-ids.values
06-10 13:51:13.326 523 934 D ReflectedParamUpdater: extent() != 1 for single value type: algo.buffers.allocator-ids.values
06-10 13:51:13.327 523 934 D ReflectedParamUpdater: extent() != 1 for single value type: output.buffers.pool-ids.values
06-10 13:51:13.327 523 934 D ReflectedParamUpdater: extent() != 1 for single value type: algo.buffers.pool-ids.values
06-10 13:51:13.334 523 934 I CCodecConfig: query failed after returning 7 values (BAD_INDEX)
06-10 13:51:13.334 523 934 D CCodecConfig: c2 config diff is Dict {
06-10 13:51:13.334 523 934 D CCodecConfig: c2::u32 coded.bitrate.value = 64000
06-10 13:51:13.334 523 934 D CCodecConfig: c2::u32 input.buffers.max-size.value = 32768
06-10 13:51:13.334 523 934 D CCodecConfig: c2::u32 input.delay.value = 0
06-10 13:51:13.334 523 934 D CCodecConfig: string input.media-type.value = "audio/vorbis"
06-10 13:51:13.334 523 934 D CCodecConfig: string output.media-type.value = "audio/raw"
06-10 13:51:13.334 523 934 D CCodecConfig: c2::u32 raw.channel-count.value = 1
06-10 13:51:13.334 523 934 D CCodecConfig: c2::u32 raw.sample-rate.value = 48000
06-10 13:51:13.334 523 934 D CCodecConfig: }
06-10 13:51:13.337 523 934 D CCodec : [c2.android.vorbis.decoder] buffers are bound to CCodec for this session
06-10 13:51:13.337 523 934 D CCodecConfig: no c2 equivalents for durationUs
06-10 13:51:13.337 523 934 D CCodecConfig: no c2 equivalents for track-id
06-10 13:51:13.337 523 934 D CCodecConfig: no c2 equivalents for csd-1
06-10 13:51:13.337 523 934 D CCodecConfig: no c2 equivalents for channel-mask
06-10 13:51:13.337 523 934 D CCodecConfig: no c2 equivalents for flags
06-10 13:51:13.338 523 934 D CCodecConfig: c2 config diff is c2::u32 coded.bitrate.value = 499821
06-10 13:51:13.338 523 934 D CCodecConfig: c2::u32 raw.channel-count.value = 2
06-10 13:51:13.338 523 934 D CCodecConfig: c2::u32 raw.sample-rate.value = 44100
06-10 13:51:13.340 523 934 W Codec2Client: query -- param skipped: index = 1107298332.
06-10 13:51:13.340 523 934 D CCodec : setup formats input: AMessage(what = 0x00000000) = {
06-10 13:51:13.340 523 934 D CCodec : int32_t bitrate = 499821
06-10 13:51:13.340 523 934 D CCodec : int32_t channel-count = 2
06-10 13:51:13.340 523 934 D CCodec : int32_t max-input-size = 32768
06-10 13:51:13.340 523 934 D CCodec : string mime = "audio/vorbis"
06-10 13:51:13.340 523 934 D CCodec : int32_t sample-rate = 44100
06-10 13:51:13.340 523 934 D CCodec : }
06-10 13:51:13.340 523 934 D CCodec : setup formats output: AMessage(what = 0x00000000) = {
06-10 13:51:13.340 523 934 D CCodec : int32_t channel-count = 2
06-10 13:51:13.340 523 934 D CCodec : string mime = "audio/raw"
06-10 13:51:13.340 523 934 D CCodec : int32_t sample-rate = 44100
06-10 13:51:13.340 523 934 D CCodec : int32_t channel-mask = 3
06-10 13:51:13.340 523 934 D CCodec : }
06-10 13:51:13.340 523 934 I CCodecConfig: query failed after returning 7 values (BAD_INDEX)
06-10 13:51:13.343 523 934 W Codec2Client: query -- param skipped: index = 1342179345.
06-10 13:51:13.343 523 934 W Codec2Client: query -- param skipped: index = 2415921170.
06-10 13:51:13.345 523 934 D CCodecBufferChannel: [c2.android.vorbis.decoder#698] Created input block pool with allocatorID 16 => poolID 19 - OK (0)
06-10 13:51:13.345 678 678 D SystemUIService: loading: com.android.systemui.oranth.ManagerService
06-10 13:51:13.346 197 197 E SELinux : avc: denied { find } for pid=678 uid=10061 name=oranth_manager scontext=u:r:platform_app:s0:c512,c768 tcontext=u:object_r:default_android_service:s0 tclass=service_manager permissive=1
06-10 13:51:13.347 678 678 D SystemUIService: running: com.android.systemui.oranth.ManagerService@f5b4cb6
06-10 13:51:13.347 678 678 I ManagerService: -------------------- oranth manager service ---------
06-10 13:51:13.348 523 934 I CCodecBufferChannel: [c2.android.vorbis.decoder#698] Created output block pool with allocatorID 16 => poolID 19 - OK
06-10 13:51:13.348 523 934 D CCodecBufferChannel: [c2.android.vorbis.decoder#698] Configured output block pool ids 19 => OK
06-10 13:51:13.353 391 937 D SimpleC2Component: Using output block pool with poolID 19 => got 19 - 0
06-10 13:51:13.363 884 939 D MediaCodecList: codecHandlesFormat: no format, so no extra checks
06-10 13:51:13.374 401 401 I : DVI mode selected: packets not configured
06-10 13:51:13.374 401 401 I : Error: set vsif failed
06-10 13:51:13.376 884 940 D MediaCodecList: codecHandlesFormat: no format, so no extra checks
06-10 13:51:13.380 884 944 D CCodec : allocate(c2.android.vorbis.decoder)
06-10 13:51:13.376 523 523 I Binder:523_5: type=1400 audit(0.0:356): avc: denied { read } for name="u:object_r:vendor_default_prop:s0" dev="tmpfs" ino=2333 scontext=u:r:system_server:s0 tcontext=u:object_r:vendor_default_prop:s0 tclass=file permissive=1
06-10 13:51:13.376 523 523 I Binder:523_5: type=1400 audit(0.0:357): avc: denied { open } for path="/dev/__properties__/u:object_r:vendor_default_prop:s0" dev="tmpfs" ino=2333 scontext=u:r:system_server:s0 tcontext=u:object_r:vendor_default_prop:s0 tclass=file permissive=1
06-10 13:51:13.376 523 523 I Binder:523_5: type=1400 audit(0.0:358): avc: denied { getattr } for path="/dev/__properties__/u:object_r:vendor_default_prop:s0" dev="tmpfs" ino=2333 scontext=u:r:system_server:s0 tcontext=u:object_r:vendor_default_prop:s0 tclass=file permissive=1
06-10 13:51:13.376 523 523 I Binder:523_5: type=1400 audit(0.0:359): avc: denied { map } for path="/dev/__properties__/u:object_r:vendor_default_prop:s0" dev="tmpfs" ino=2333 scontext=u:r:system_server:s0 tcontext=u:object_r:vendor_default_prop:s0 tclass=file permissive=1
06-10 13:51:13.384 884 944 I Codec2Client: Available Codec2 services: "software"
06-10 13:51:13.386 884 946 D CCodec : allocate(c2.android.vorbis.decoder)
06-10 13:51:13.386 523 547 D CompatibilityChangeReporter: Compat change id reported: 158002302; UID 1000; state: ENABLED
06-10 13:51:13.391 401 401 I : DVI mode selected: packets not configured
06-10 13:51:13.391 401 401 I : Error: set vsif failed
06-10 13:51:13.395 884 944 I CCodec : Created component [c2.android.vorbis.decoder]
06-10 13:51:13.395 884 946 I CCodec : Created component [c2.android.vorbis.decoder]
06-10 13:51:13.397 884 944 D CCodecConfig: read media type: audio/vorbis
06-10 13:51:13.397 523 534 I system_server: Background young concurrent copying GC freed 117162(6360KB) AllocSpace objects, 23(1144KB) LOS objects, 29% free, 10MB/15MB, paused 3.430ms total 816.478ms
06-10 13:51:13.397 884 946 D CCodecConfig: read media type: audio/vorbis
06-10 13:51:13.402 523 536 W System : A resource failed to call release.
06-10 13:51:13.403 523 536 W System : A resource failed to call release.
06-10 13:51:13.408 401 401 I : DVI mode selected: packets not configured
06-10 13:51:13.408 401 401 I : Error: set vsif failed
06-10 13:51:13.405 198 198 I hwservicemanager: getTransport: Cannot find entry android.hardware.configstore@1.0::ISurfaceFlingerConfigs/default in either framework or device VINTF manifest.
06-10 13:51:13.406 884 946 D ReflectedParamUpdater: extent() != 1 for single value type: algo.buffers.max-count.values
06-10 13:51:13.408 884 946 D ReflectedParamUpdater: extent() != 1 for single value type: output.subscribed-indices.values
06-10 13:51:13.408 884 946 D ReflectedParamUpdater: extent() != 1 for single value type: input.buffers.allocator-ids.values
06-10 13:51:13.408 884 946 D ReflectedParamUpdater: extent() != 1 for single value type: output.buffers.allocator-ids.values
06-10 13:51:13.409 884 946 D ReflectedParamUpdater: extent() != 1 for single value type: algo.buffers.allocator-ids.values
06-10 13:51:13.410 884 946 D ReflectedParamUpdater: extent() != 1 for single value type: output.buffers.pool-ids.values
06-10 13:51:13.410 884 946 D ReflectedParamUpdater: extent() != 1 for single value type: algo.buffers.pool-ids.values
06-10 13:51:13.412 884 944 D ReflectedParamUpdater: extent() != 1 for single value type: algo.buffers.max-count.values
06-10 13:51:13.415 884 944 D ReflectedParamUpdater: extent() != 1 for single value type: output.subscribed-indices.values
06-10 13:51:13.415 884 944 D ReflectedParamUpdater: extent() != 1 for single value type: input.buffers.allocator-ids.values
06-10 13:51:13.415 884 944 D ReflectedParamUpdater: extent() != 1 for single value type: output.buffers.allocator-ids.values
06-10 13:51:13.416 884 944 D ReflectedParamUpdater: extent() != 1 for single value type: algo.buffers.allocator-ids.values
06-10 13:51:13.416 884 946 I CCodecConfig: query failed after returning 7 values (BAD_INDEX)
06-10 13:51:13.416 523 709 D MediaCodecList: codecHandlesFormat: no format, so no extra checks
06-10 13:51:13.416 884 944 D ReflectedParamUpdater: extent() != 1 for single value type: output.buffers.pool-ids.values
06-10 13:51:13.416 884 946 D CCodecConfig: c2 config diff is Dict {
06-10 13:51:13.416 884 946 D CCodecConfig: c2::u32 coded.bitrate.value = 64000
06-10 13:51:13.416 884 946 D CCodecConfig: c2::u32 input.buffers.max-size.value = 32768
06-10 13:51:13.416 884 946 D CCodecConfig: c2::u32 input.delay.value = 0
06-10 13:51:13.416 884 946 D CCodecConfig: string input.media-type.value = "audio/vorbis"
06-10 13:51:13.416 884 946 D CCodecConfig: string output.media-type.value = "audio/raw"
06-10 13:51:13.416 884 946 D CCodecConfig: c2::u32 raw.channel-count.value = 1
06-10 13:51:13.416 884 946 D CCodecConfig: c2::u32 raw.sample-rate.value = 48000
06-10 13:51:13.416 884 946 D CCodecConfig: }
06-10 13:51:13.417 884 944 D ReflectedParamUpdater: extent() != 1 for single value type: algo.buffers.pool-ids.values
06-10 13:51:13.419 884 946 D CCodec : [c2.android.vorbis.decoder] buffers are bound to CCodec for this session
06-10 13:51:13.419 884 946 D CCodecConfig: no c2 equivalents for durationUs
06-10 13:51:13.419 884 946 D CCodecConfig: no c2 equivalents for track-id
06-10 13:51:13.419 884 946 D CCodecConfig: no c2 equivalents for csd-1
06-10 13:51:13.419 884 946 D CCodecConfig: no c2 equivalents for channel-mask
06-10 13:51:13.424 401 401 I : DVI mode selected: packets not configured
06-10 13:51:13.424 401 401 I : Error: set vsif failed
06-10 13:51:13.419 884 946 D CCodecConfig: no c2 equivalents for flags
06-10 13:51:13.421 884 944 I CCodecConfig: query failed after returning 7 values (BAD_INDEX)
06-10 13:51:13.421 884 944 D CCodecConfig: c2 config diff is Dict {
06-10 13:51:13.421 884 944 D CCodecConfig: c2::u32 coded.bitrate.value = 64000
06-10 13:51:13.421 884 944 D CCodecConfig: c2::u32 input.buffers.max-size.value = 32768
06-10 13:51:13.421 884 944 D CCodecConfig: c2::u32 input.delay.value = 0
06-10 13:51:13.421 884 944 D CCodecConfig: string input.media-type.value = "audio/vorbis"
06-10 13:51:13.421 884 944 D CCodecConfig: string output.media-type.value = "audio/raw"
06-10 13:51:13.421 884 944 D CCodecConfig: c2::u32 raw.channel-count.value = 1
06-10 13:51:13.421 884 944 D CCodecConfig: c2::u32 raw.sample-rate.value = 48000
06-10 13:51:13.421 884 944 D CCodecConfig: }
06-10 13:51:13.421 884 946 D CCodecConfig: c2 config diff is c2::u32 coded.bitrate.value = 224000
06-10 13:51:13.421 884 946 D CCodecConfig: c2::u32 raw.channel-count.value = 2
06-10 13:51:13.421 678 678 I FalsingManager: xdpi, ydpi: 0.16, 0.16
06-10 13:51:13.421 678 678 I FalsingManager: width, height: 1920, 1080
06-10 13:51:13.423 884 944 D CCodec : [c2.android.vorbis.decoder] buffers are bound to CCodec for this session
06-10 13:51:13.423 884 944 D CCodecConfig: no c2 equivalents for durationUs
06-10 13:51:13.423 884 944 D CCodecConfig: no c2 equivalents for track-id
06-10 13:51:13.423 884 944 D CCodecConfig: no c2 equivalents for csd-1
06-10 13:51:13.423 884 944 D CCodecConfig: no c2 equivalents for channel-mask
06-10 13:51:13.423 884 944 D CCodecConfig: no c2 equivalents for flags
06-10 13:51:13.424 884 944 D CCodecConfig: c2 config diff is c2::u32 coded.bitrate.value = 224000
06-10 13:51:13.424 884 944 D CCodecConfig: c2::u32 raw.channel-count.value = 2
06-10 13:51:13.420 678 678 I SharedPreferenc: type=1400 audit(0.0:360): avc: denied { open } for path="/data/user_de/0/com.android.systemui/shared_prefs/plugin_prefs.xml" dev="mmcblk0p25" ino=2192 scontext=u:r:platform_app:s0:c512,c768 tcontext=u:object_r:app_data_file:s0:c512,c768 tclass=file permissive=1 app=com.softwinner.screenshot
06-10 13:51:13.426 884 944 W Codec2Client: query -- param skipped: index = 1107298332.
06-10 13:51:13.426 884 944 D CCodec : setup formats input: AMessage(what = 0x00000000) = {
06-10 13:51:13.426 884 944 D CCodec : int32_t bitrate = 224000
06-10 13:51:13.426 884 944 D CCodec : int32_t channel-count = 2
06-10 13:51:13.426 884 944 D CCodec : int32_t max-input-size = 32768
06-10 13:51:13.426 884 944 D CCodec : string mime = "audio/vorbis"
06-10 13:51:13.426 884 944 D CCodec : int32_t sample-rate = 48000
06-10 13:51:13.426 884 944 D CCodec : }
06-10 13:51:13.427 884 944 D CCodec : setup formats output: AMessage(what = 0x00000000) = {
06-10 13:51:13.427 884 944 D CCodec : int32_t channel-count = 2
06-10 13:51:13.427 884 944 D CCodec : string mime = "audio/raw"
06-10 13:51:13.427 884 944 D CCodec : int32_t sample-rate = 48000
06-10 13:51:13.427 884 944 D CCodec : int32_t channel-mask = 3
06-10 13:51:13.427 884 944 D CCodec : }
06-10 13:51:13.427 884 946 W Codec2Client: query -- param skipped: index = 1107298332.
06-10 13:51:13.427 884 946 D CCodec : setup formats input: AMessage(what = 0x00000000) = {
06-10 13:51:13.427 884 946 D CCodec : int32_t bitrate = 224000
06-10 13:51:13.427 884 946 D CCodec : int32_t channel-count = 2
06-10 13:51:13.427 884 946 D CCodec : int32_t max-input-size = 32768
06-10 13:51:13.427 884 946 D CCodec : string mime = "audio/vorbis"
06-10 13:51:13.427 884 946 D CCodec : int32_t sample-rate = 48000
06-10 13:51:13.427 884 946 D CCodec : }
06-10 13:51:13.427 884 944 I CCodecConfig: query failed after returning 7 values (BAD_INDEX)
06-10 13:51:13.428 884 944 W Codec2Client: query -- param skipped: index = 1342179345.
06-10 13:51:13.428 884 946 D CCodec : setup formats output: AMessage(what = 0x00000000) = {
06-10 13:51:13.428 884 946 D CCodec : int32_t channel-count = 2
06-10 13:51:13.428 884 946 D CCodec : string mime = "audio/raw"
06-10 13:51:13.428 884 946 D CCodec : int32_t sample-rate = 48000
06-10 13:51:13.428 884 946 D CCodec : int32_t channel-mask = 3
06-10 13:51:13.428 884 946 D CCodec : }
06-10 13:51:13.428 884 944 W Codec2Client: query -- param skipped: index = 2415921170.
06-10 13:51:13.428 884 946 I CCodecConfig: query failed after returning 7 values (BAD_INDEX)
06-10 13:51:13.429 884 944 D C2Store : Using ION
06-10 13:51:13.429 884 946 W Codec2Client: query -- param skipped: index = 1342179345.
06-10 13:51:13.429 884 946 W Codec2Client: query -- param skipped: index = 2415921170.
06-10 13:51:13.430 884 944 D CCodecBufferChannel: [c2.android.vorbis.decoder#577] Created input block pool with allocatorID 16 => poolID 17 - OK (0)
06-10 13:51:13.430 884 946 D CCodecBufferChannel: [c2.android.vorbis.decoder#465] Created input block pool with allocatorID 16 => poolID 18 - OK (0)
06-10 13:51:13.432 884 946 I CCodecBufferChannel: [c2.android.vorbis.decoder#465] Created output block pool with allocatorID 16 => poolID 21 - OK
06-10 13:51:13.432 884 944 I CCodecBufferChannel: [c2.android.vorbis.decoder#577] Created output block pool with allocatorID 16 => poolID 20 - OK
06-10 13:51:13.432 884 944 D CCodecBufferChannel: [c2.android.vorbis.decoder#577] Configured output block pool ids 20 => OK
06-10 13:51:13.432 884 946 D CCodecBufferChannel: [c2.android.vorbis.decoder#465] Configured output block pool ids 21 => OK
06-10 13:51:13.434 884 944 E ion : ioctl c0044901 failed with code -1: Inappropriate ioctl for device
06-10 13:51:13.434 884 946 E ion : ioctl c0044901 failed with code -1: Inappropriate ioctl for device
06-10 13:51:13.438 293 514 E HWComposer: getSupportedContentTypes: getSupportedContentTypes failed for display 0: Unsupported (8)
06-10 13:51:13.438 391 954 D SimpleC2Component: Using output block pool with poolID 20 => got 20 - 0
06-10 13:51:13.441 523 965 D CCodec : allocate(c2.android.vorbis.decoder)
06-10 13:51:13.444 364 364 D incidentd: WorkDirectory::getReports
06-10 13:51:13.446 523 965 I CCodec : Created component [c2.android.vorbis.decoder]
06-10 13:51:13.446 523 965 D CCodecConfig: read media type: audio/vorbis
06-10 13:51:13.449 523 965 D ReflectedParamUpdater: extent() != 1 for single value type: algo.buffers.max-count.values
06-10 13:51:13.450 523 965 D ReflectedParamUpdater: extent() != 1 for single value type: output.subscribed-indices.values
06-10 13:51:13.451 523 965 D ReflectedParamUpdater: extent() != 1 for single value type: input.buffers.allocator-ids.values
06-10 13:51:13.451 523 965 D ReflectedParamUpdater: extent() != 1 for single value type: output.buffers.allocator-ids.values
06-10 13:51:13.451 523 965 D ReflectedParamUpdater: extent() != 1 for single value type: algo.buffers.allocator-ids.values
06-10 13:51:13.451 523 965 D ReflectedParamUpdater: extent() != 1 for single value type: output.buffers.pool-ids.values
06-10 13:51:13.451 523 965 D ReflectedParamUpdater: extent() != 1 for single value type: algo.buffers.pool-ids.values
06-10 13:51:13.455 523 811 W ServiceManager: Permission failure: android.permission.HIGH_SAMPLING_RATE_SENSORS from uid=10061 pid=678
06-10 13:51:13.457 401 401 I : DVI mode selected: packets not configured
06-10 13:51:13.457 401 401 I : Error: set vsif failed
06-10 13:51:13.459 198 198 I hwservicemanager: getTransport: Cannot find entry android.hardware.graphics.mapper@4.0::IMapper/default in either framework or device VINTF manifest.
06-10 13:51:13.459 523 965 I CCodecConfig: query failed after returning 7 values (BAD_INDEX)
06-10 13:51:13.459 523 965 D CCodecConfig: c2 config diff is Dict {
06-10 13:51:13.459 523 965 D CCodecConfig: c2::u32 coded.bitrate.value = 64000
06-10 13:51:13.459 523 965 D CCodecConfig: c2::u32 input.buffers.max-size.value = 32768
06-10 13:51:13.459 523 965 D CCodecConfig: c2::u32 input.delay.value = 0
06-10 13:51:13.459 523 965 D CCodecConfig: string input.media-type.value = "audio/vorbis"
06-10 13:51:13.459 523 965 D CCodecConfig: string output.media-type.value = "audio/raw"
06-10 13:51:13.459 523 965 D CCodecConfig: c2::u32 raw.channel-count.value = 1
06-10 13:51:13.459 523 965 D CCodecConfig: c2::u32 raw.sample-rate.value = 48000
06-10 13:51:13.459 523 965 D CCodecConfig: }
06-10 13:51:13.459 884 970 I Gralloc4: mapper 4.x is not supported
06-10 13:51:13.460 198 198 I hwservicemanager: getTransport: Cannot find entry android.hardware.graphics.mapper@3.0::IMapper/default in either framework or device VINTF manifest.
06-10 13:51:13.460 884 970 W Gralloc3: mapper 3.x is not supported
06-10 13:51:13.461 523 965 D CCodec : [c2.android.vorbis.decoder] buffers are bound to CCodec for this session
06-10 13:51:13.462 523 965 D CCodecConfig: no c2 equivalents for durationUs
06-10 13:51:13.462 523 965 D CCodecConfig: no c2 equivalents for track-id
06-10 13:51:13.462 523 965 D CCodecConfig: no c2 equivalents for csd-1
06-10 13:51:13.462 523 965 D CCodecConfig: no c2 equivalents for channel-mask
06-10 13:51:13.462 523 965 D CCodecConfig: no c2 equivalents for flags
06-10 13:51:13.463 391 953 D SimpleC2Component: Using output block pool with poolID 21 => got 21 - 0
06-10 13:51:13.465 523 965 D CCodecConfig: c2 config diff is c2::u32 coded.bitrate.value = 499821
06-10 13:51:13.465 523 965 D CCodecConfig: c2::u32 raw.channel-count.value = 2
06-10 13:51:13.465 523 965 D CCodecConfig: c2::u32 raw.sample-rate.value = 44100
06-10 13:51:13.468 884 970 E gralloc : Arm Module v1.0
06-10 13:51:13.468 523 965 W Codec2Client: query -- param skipped: index = 1107298332.
06-10 13:51:13.468 523 965 D CCodec : setup formats input: AMessage(what = 0x00000000) = {
06-10 13:51:13.468 523 965 D CCodec : int32_t bitrate = 499821
06-10 13:51:13.468 523 965 D CCodec : int32_t channel-count = 2
06-10 13:51:13.468 523 965 D CCodec : int32_t max-input-size = 32768
06-10 13:51:13.468 523 965 D CCodec : string mime = "audio/vorbis"
06-10 13:51:13.468 523 965 D CCodec : int32_t sample-rate = 44100
06-10 13:51:13.468 523 965 D CCodec : }
