06-10 13:51:50.347 2390 2531 E nStackXCoAP: IsInSameNetwork:[281] :IsInSameNetwork: not priority process
06-10 13:51:50.347 2390 2531 D nStackXCoAP: ParseServiceDiscover:[330] :new device join
06-10 13:51:50.348 2390 2531 E nStackXDFinder: GetLocalIp:[401] :GetLocalIp exec
06-10 13:51:50.585 335 2879 D XM_HIDREAD: poll ret=1, event=1
06-10 13:51:50.585 335 2879 D XM_HIDREAD: [9 bytes]:01 00 00 28 00 00 00 00 00
06-10 13:51:50.585 523 606 D TvWindowManager: key event key = KEYCODE_DPAD_CENTER down = true
06-10 13:51:50.587 523 605 D GpioService: mFlickerEnable = true
06-10 13:51:50.719 335 2879 D XM_HIDREAD: poll ret=1, event=1
06-10 13:51:50.719 335 2879 D XM_HIDREAD: [9 bytes]:01 00 00 00 00 00 00 00 00
06-10 13:51:50.719 523 606 D TvWindowManager: key event key = KEYCODE_DPAD_CENTER down = false
06-10 13:51:50.736 523 605 D GpioService: mFlickerEnable = true
06-10 13:51:50.738 2339 2339 I SogouIME: onKeyDown: keyoCode=23
06-10 13:51:50.738 2339 2339 I DefaultIMS: onKeyDown: keyoCode=23
06-10 13:51:50.743 2339 2339 I SogouIME: onKeyUp: keyoCode=23
06-10 13:51:50.743 2339 2339 I DefaultIMS: onKeyUp: keyoCode=23
06-10 13:51:50.749 2390 2531 D nStackXCoAP: IsInSameNetwork:[276] :IsInSameNetwork exec
06-10 13:51:50.749 2390 2531 I nStackXDFinder: GetLocalInterfaceDetail:[461] :GetLocalInterfaceDetail in
06-10 13:51:50.749 2390 2531 E nStackXCoAP: IsInSameNetwork:[281] :IsInSameNetwork: not priority process
06-10 13:51:50.749 2390 2531 D nStackXCoAP: ParseServiceDiscover:[330] :new device join
06-10 13:51:50.749 2390 2531 E nStackXDFinder: GetLocalIp:[401] :GetLocalIp exec
06-10 13:51:50.756 1090 1119 E ccc : cccccc SystemUpdateHelper systemUpdate {"launcherCodeLocal":0,"launcherCodeNet":0,"otaCodeLocal":5009,"otaCodeNet":5555,"otaVersionLocal":"5.0.0.9","otaVersionNet":"5.0.0.9","remoteNeedUpdate":false}
06-10 13:51:50.758 1090 1119 E ccc : cccccc SystemUpdateHelper launcherUpdate {"launcherCodeLocal":102941,"launcherCodeNet":0,"launcherVersionLocal":"2.9.4.1","launcherVersionNet":"","otaCodeLocal":0,"otaCodeNet":0,"remoteNeedUpdate":false,"updateType":""}
06-10 13:51:50.764 2339 2339 I DefaultIMS: onStartInput attribute=android.view.inputmethod.EditorInfo@4578cc5 restarting=false inputType: 0
06-10 13:51:50.771 2390 2531 D nStackXCoAP: CoapMessageHandler:[133] :2.01
06-10 13:51:50.771 2390 2531 D nStackXCoAP: CoapMessageHandler:[133] :2.01
06-10 13:51:50.825 2339 2339 I DefaultIMS: onStartInput attribute=android.view.inputmethod.EditorInfo@2d001d4 restarting=false inputType: 0
06-10 13:51:50.954 523 545 W IorapForwardingService: No service published for: iorapd
06-10 13:51:51.126 669 669 E WifiHAL : wifi_get_link_stats: requestResponse Error:-5
06-10 13:51:51.129 523 617 E WifiVendorHal: getWifiLinkLayerStats_1_5_Internal(l.1191) failed {.code = ERROR_INVALID_ARGS, .description = }
06-10 13:51:51.265 2390 2531 D nStackXCoAP: IsInSameNetwork:[276] :IsInSameNetwork exec
06-10 13:51:51.266 2390 2531 I nStackXDFinder: GetLocalInterfaceDetail:[461] :GetLocalInterfaceDetail in
06-10 13:51:51.266 2390 2531 E nStackXCoAP: IsInSameNetwork:[281] :IsInSameNetwork: not priority process
06-10 13:51:51.266 2390 2531 D nStackXCoAP: ParseServiceDiscover:[330] :new device join
06-10 13:51:51.266 2390 2531 E nStackXDFinder: GetLocalIp:[401] :GetLocalIp exec
06-10 13:51:51.280 2390 2531 D nStackXCoAP: CoapMessageHandler:[133] :2.01
06-10 13:51:51.564 523 617 E WifiHealthMonitor: Hit PackageManager exception
06-10 13:51:51.564 523 617 E WifiHealthMonitor: android.content.pm.PackageManager$NameNotFoundException: No module info for package: com.android.wifi
06-10 13:51:51.564 523 617 E WifiHealthMonitor: at android.app.ApplicationPackageManager.getModuleInfo(ApplicationPackageManager.java:1079)
06-10 13:51:51.564 523 617 E WifiHealthMonitor: at com.android.server.wifi.WifiHealthMonitor.getWifiStackVersion(WifiHealthMonitor.java:366)
06-10 13:51:51.564 523 617 E WifiHealthMonitor: at com.android.server.wifi.WifiHealthMonitor.extractCurrentSoftwareBuildInfo(WifiHealthMonitor.java:587)
06-10 13:51:51.564 523 617 E WifiHealthMonitor: at com.android.server.wifi.WifiHealthMonitor.postBootSwBuildCheck(WifiHealthMonitor.java:522)
06-10 13:51:51.564 523 617 E WifiHealthMonitor: at com.android.server.wifi.WifiHealthMonitor.postBootDetectionHandler(WifiHealthMonitor.java:513)
06-10 13:51:51.564 523 617 E WifiHealthMonitor: at com.android.server.wifi.WifiHealthMonitor.access$500(WifiHealthMonitor.java:71)
06-10 13:51:51.564 523 617 E WifiHealthMonitor: at com.android.server.wifi.WifiHealthMonitor$2.onAlarm(WifiHealthMonitor.java:190)
06-10 13:51:51.564 523 617 E WifiHealthMonitor: at android.app.AlarmManager$ListenerWrapper.run(AlarmManager.java:323)
06-10 13:51:51.564 523 617 E WifiHealthMonitor: at android.os.Handler.handleCallback(Handler.java:938)
06-10 13:51:51.564 523 617 E WifiHealthMonitor: at android.os.Handler.dispatchMessage(Handler.java:99)
06-10 13:51:51.564 523 617 E WifiHealthMonitor: at android.os.Looper.loopOnce(Looper.java:201)
06-10 13:51:51.564 523 617 E WifiHealthMonitor: at android.os.Looper.loop(Looper.java:288)
06-10 13:51:51.564 523 617 E WifiHealthMonitor: at android.os.HandlerThread.run(HandlerThread.java:67)
06-10 13:51:51.569 669 669 E WifiHAL : wifi_get_driver_version: Error -5 happened.
06-10 13:51:51.569 669 669 E android.hardware.wifi@1.0-service-lazy: Failed to get driver version: INVALID_ARGS
06-10 13:51:51.571 523 617 E WifiVendorHal: requestChipDebugInfo(l.2167) failed {.code = ERROR_INVALID_ARGS, .description = failed to get driver version}
06-10 13:51:51.571 523 617 I WifiVendorHal: Driver: null Firmware: null
06-10 13:51:51.572 669 669 E WifiHAL : wifi_get_driver_version: Error -5 happened.
06-10 13:51:51.573 669 669 E android.hardware.wifi@1.0-service-lazy: Failed to get driver version: INVALID_ARGS
06-10 13:51:51.577 523 617 E WifiVendorHal: requestChipDebugInfo(l.2167) failed {.code = ERROR_INVALID_ARGS, .description = failed to get driver version}
06-10 13:51:51.577 523 617 I WifiVendorHal: Driver: null Firmware: null
06-10 13:51:51.585 1884 3120 D EpgDataCleanupService: Received intent: Intent { act=com.android.providers.tv.intent.CLEAN_UP_EPG_DATA cmp=com.android.providers.tv/.EpgDataCleanupService }
06-10 13:51:51.612 258 258 I Binder:258_4: type=1400 audit(0.0:1218): avc: denied { add_name } for name="globalAlert" scontext=u:r:netd:s0 tcontext=u:object_r:proc_net:s0 tclass=dir permissive=1
06-10 13:51:51.612 258 258 I Binder:258_4: type=1400 audit(0.0:1219): avc: denied { create } for name="globalAlert" scontext=u:r:netd:s0 tcontext=u:object_r:proc_net:s0 tclass=file permissive=1
06-10 13:51:51.686 335 2879 D XM_HIDREAD: poll ret=1, event=1
06-10 13:51:51.687 335 2879 D XM_HIDREAD: [9 bytes]:01 00 00 29 00 00 00 00 00
06-10 13:51:51.687 523 606 D TvWindowManager: key event key = KEYCODE_BACK down = true
06-10 13:51:51.688 523 605 D GpioService: mFlickerEnable = true
06-10 13:51:51.749 523 534 I system_server: Background young concurrent copying GC freed 243595(8896KB) AllocSpace objects, 13(292KB) LOS objects, 44% free, 10MB/19MB, paused 489us total 186.468ms
06-10 13:51:51.757 523 536 W System : A resource failed to call release.
06-10 13:51:51.762 2390 2531 D nStackXCoAP: IsInSameNetwork:[276] :IsInSameNetwork exec
06-10 13:51:51.762 2390 2531 I nStackXDFinder: GetLocalInterfaceDetail:[461] :GetLocalInterfaceDetail in
06-10 13:51:51.762 2390 2531 E nStackXCoAP: IsInSameNetwork:[281] :IsInSameNetwork: not priority process
06-10 13:51:51.762 2390 2531 D nStackXCoAP: ParseServiceDiscover:[330] :new device join
06-10 13:51:51.762 2390 2531 E nStackXDFinder: GetLocalIp:[401] :GetLocalIp exec
06-10 13:51:51.838 523 605 D GpioService: mFlickerEnable = true
06-10 13:51:51.840 2339 2339 I SogouIME: onKeyDown: keyoCode=4
06-10 13:51:51.840 2339 2339 I DefaultIMS: onKeyDown: keyoCode=4
06-10 13:51:51.845 335 2879 D XM_HIDREAD: poll ret=1, event=1
06-10 13:51:51.845 335 2879 D XM_HIDREAD: [9 bytes]:01 00 00 00 00 00 00 00 00
06-10 13:51:51.845 523 606 D TvWindowManager: key event key = KEYCODE_BACK down = false
06-10 13:51:51.846 523 544 D AutofillManagerService: onBackKeyPressed()
06-10 13:51:51.849 2339 2339 I SogouIME: onKeyUp: keyoCode=4
06-10 13:51:51.849 2339 2339 I DefaultIMS: onKeyUp: keyoCode=4
06-10 13:51:51.854 2390 2531 D nStackXCoAP: CoapMessageHandler:[133] :2.01
06-10 13:51:51.957 523 545 W IorapForwardingService: No service published for: iorapd
06-10 13:51:52.287 2390 2531 D nStackXCoAP: IsInSameNetwork:[276] :IsInSameNetwork exec
06-10 13:51:52.288 2390 2531 I nStackXDFinder: GetLocalInterfaceDetail:[461] :GetLocalInterfaceDetail in
06-10 13:51:52.288 2390 2531 E nStackXCoAP: IsInSameNetwork:[281] :IsInSameNetwork: not priority process
06-10 13:51:52.288 2390 2531 D nStackXCoAP: ParseServiceDiscover:[330] :new device join
06-10 13:51:52.288 2390 2531 E nStackXDFinder: GetLocalIp:[401] :GetLocalIp exec
06-10 13:51:52.312 2390 2531 D nStackXCoAP: CoapMessageHandler:[133] :2.01
06-10 13:51:52.572 523 1818 D WifiNl80211Manager: Scan result ready event
06-10 13:51:52.572 523 1818 D WifiNative: Scan result ready event
06-10 13:51:52.642 523 621 D WificondScannerImpl: Filtering out 40 scan results.
06-10 13:51:52.656 669 669 E WifiHAL : wifi_get_link_stats: requestResponse Error:-5
06-10 13:51:52.659 523 617 E WifiVendorHal: getWifiLinkLayerStats_1_5_Internal(l.1191) failed {.code = ERROR_INVALID_ARGS, .description = }
06-10 13:51:52.787 2390 2531 D nStackXCoAP: IsInSameNetwork:[276] :IsInSameNetwork exec
06-10 13:51:52.787 2390 2531 I nStackXDFinder: GetLocalInterfaceDetail:[461] :GetLocalInterfaceDetail in
06-10 13:51:52.787 2390 2531 E nStackXCoAP: IsInSameNetwork:[281] :IsInSameNetwork: not priority process
06-10 13:51:52.787 2390 2531 D nStackXCoAP: ParseServiceDiscover:[330] :new device join
06-10 13:51:52.787 2390 2531 E nStackXDFinder: GetLocalIp:[401] :GetLocalIp exec
06-10 13:51:52.808 2390 2531 D nStackXCoAP: CoapMessageHandler:[133] :2.01
06-10 13:51:52.959 523 545 W IorapForwardingService: No service published for: iorapd
06-10 13:51:53.132 278 278 I EventThread: type=1400 audit(0.0:1220): avc: denied { search } for name="extcon" dev="sysfs" ino=18109 scontext=u:r:hal_tv_cec_default:s0 tcontext=u:object_r:sysfs_extcon:s0 tclass=dir permissive=1
06-10 13:51:53.300 2390 2531 D nStackXCoAP: IsInSameNetwork:[276] :IsInSameNetwork exec
06-10 13:51:53.300 2390 2531 I nStackXDFinder: GetLocalInterfaceDetail:[461] :GetLocalInterfaceDetail in
06-10 13:51:53.300 2390 2531 E nStackXCoAP: IsInSameNetwork:[281] :IsInSameNetwork: not priority process
06-10 13:51:53.300 2390 2531 D nStackXCoAP: ParseServiceDiscover:[330] :new device join
06-10 13:51:53.300 2390 2531 E nStackXDFinder: GetLocalIp:[401] :GetLocalIp exec
06-10 13:51:53.608 2390 2531 D nStackXCoAP: CoapMessageHandler:[133] :2.01
06-10 13:51:53.618 1347 1347 D aaa : LedStatusService onStartCommand begin
06-10 13:51:53.618 1349 1349 D bbb : onStartCommand begin !!!!!!! data分区剩余 20614MB
06-10 13:51:53.620 1347 3134 D aaa : topPkg is -------------- :com.dangbei.haqusetting
06-10 13:51:53.818 2390 2531 D nStackXCoAP: IsInSameNetwork:[276] :IsInSameNetwork exec
06-10 13:51:53.818 2390 2531 I nStackXDFinder: GetLocalInterfaceDetail:[461] :GetLocalInterfaceDetail in
06-10 13:51:53.818 2390 2531 E nStackXCoAP: IsInSameNetwork:[281] :IsInSameNetwork: not priority process
06-10 13:51:53.818 2390 2531 D nStackXCoAP: ParseServiceDiscover:[330] :new device join
06-10 13:51:53.818 2390 2531 E nStackXDFinder: GetLocalIp:[401] :GetLocalIp exec
06-10 13:51:53.857 2390 2531 D nStackXCoAP: CoapMessageHandler:[133] :2.01
06-10 13:51:53.961 523 545 W IorapForwardingService: No service published for: iorapd
06-10 13:51:54.140 669 669 E WifiHAL : wifi_get_link_stats: requestResponse Error:-5
06-10 13:51:54.142 523 617 E WifiVendorHal: getWifiLinkLayerStats_1_5_Internal(l.1191) failed {.code = ERROR_INVALID_ARGS, .description = }
06-10 13:51:54.316 2641 2717 D UtilLog : 日志批量上报 进行正常循环 !!!!!!本次有0次请求,共0条数据
06-10 13:51:54.324 2390 2531 D nStackXCoAP: IsInSameNetwork:[276] :IsInSameNetwork exec
06-10 13:51:54.324 2390 2531 I nStackXDFinder: GetLocalInterfaceDetail:[461] :GetLocalInterfaceDetail in
06-10 13:51:54.324 2390 2531 E nStackXCoAP: IsInSameNetwork:[281] :IsInSameNetwork: not priority process
06-10 13:51:54.324 2390 2531 D nStackXCoAP: ParseServiceDiscover:[330] :new device join
06-10 13:51:54.325 2390 2531 E nStackXDFinder: GetLocalIp:[401] :GetLocalIp exec
06-10 13:51:54.417 2390 2531 D nStackXCoAP: CoapMessageHandler:[133] :2.01
06-10 13:51:54.478 335 2879 D XM_HIDREAD: poll ret=1, event=1
06-10 13:51:54.478 335 2879 D XM_HIDREAD: [9 bytes]:01 00 00 29 00 00 00 00 00
06-10 13:51:54.478 523 606 D TvWindowManager: key event key = KEYCODE_BACK down = true
06-10 13:51:54.480 523 605 D GpioService: mFlickerEnable = true
06-10 13:51:54.556 335 2879 D XM_HIDREAD: poll ret=1, event=1
06-10 13:51:54.556 335 2879 D XM_HIDREAD: [9 bytes]:01 00 00 00 00 00 00 00 00
06-10 13:51:54.557 523 606 D TvWindowManager: key event key = KEYCODE_BACK down = false
06-10 13:51:54.558 523 544 D AutofillManagerService: onBackKeyPressed()
06-10 13:51:54.630 523 605 D GpioService: mFlickerEnable = true
06-10 13:51:54.632 2339 2339 I SogouIME: onKeyDown: keyoCode=4
06-10 13:51:54.632 2339 2339 I DefaultIMS: onKeyDown: keyoCode=4
06-10 13:51:54.634 2339 2339 I SogouIME: onKeyUp: keyoCode=4
06-10 13:51:54.634 2339 2339 I DefaultIMS: onKeyUp: keyoCode=4
06-10 13:51:54.639 523 1818 D TvWindowManager: key event key = KEYCODE_DPAD_RIGHT down = true
06-10 13:51:54.640 523 605 D GpioService: mFlickerEnable = true
06-10 13:51:54.641 2339 2339 I SogouIME: onKeyDown: keyoCode=22
06-10 13:51:54.641 2339 2339 I DefaultIMS: onKeyDown: keyoCode=22
06-10 13:51:54.645 523 1818 D TvWindowManager: key event key = KEYCODE_DPAD_RIGHT down = false
06-10 13:51:54.647 2339 2339 I DefaultIMS: onStartInput attribute=android.view.inputmethod.EditorInfo@7fdabb1 restarting=false inputType: 0
06-10 13:51:54.647 2339 2339 I SogouIME: onKeyUp: keyoCode=22
06-10 13:51:54.647 2339 2339 I DefaultIMS: onKeyUp: keyoCode=22
06-10 13:51:54.644 2210 2210 I rainbow_flow: type=1400 audit(0.0:1221): avc: denied { ioctl } for path="/dev/spidev1.0" dev="tmpfs" ino=6270 ioctlcmd=0x6b00 scontext=u:r:init:s0 tcontext=u:object_r:device:s0 tclass=chr_file permissive=1
06-10 13:51:54.964 523 545 W IorapForwardingService: No service published for: iorapd
06-10 13:51:55.580 335 2879 D XM_HIDREAD: poll ret=1, event=1
06-10 13:51:55.580 335 2879 D XM_HIDREAD: [9 bytes]:01 00 00 52 00 00 00 00 00
06-10 13:51:55.581 523 606 D TvWindowManager: key event key = KEYCODE_DPAD_UP down = true
06-10 13:51:55.582 523 605 D GpioService: mFlickerEnable = true
06-10 13:51:55.584 2339 2339 I SogouIME: onKeyDown: keyoCode=19
06-10 13:51:55.584 2339 2339 I DefaultIMS: onKeyDown: keyoCode=19
06-10 13:51:55.606 2339 2339 I DefaultIMS: onStartInput attribute=android.view.inputmethod.EditorInfo@3248d88 restarting=false inputType: 0
06-10 13:51:55.625 401 401 W hdr10p_Configure: 168 callbacks suppressed
06-10 13:51:55.625 401 401 I : DVI mode selected: packets not configured
06-10 13:51:55.625 401 401 W set_vsif_config: 168 callbacks suppressed
06-10 13:51:55.625 401 401 I : Error: set vsif failed
06-10 13:51:55.625 401 401 I : DVI mode selected: packets not configured
06-10 13:51:55.625 401 401 I : Error: set vsif failed
06-10 13:51:55.681 335 2879 D XM_HIDREAD: poll ret=1, event=1
06-10 13:51:55.681 335 2879 D XM_HIDREAD: [9 bytes]:01 00 00 00 00 00 00 00 00
06-10 13:51:55.681 523 606 D TvWindowManager: key event key = KEYCODE_DPAD_UP down = false
06-10 13:51:55.684 2339 2339 I SogouIME: onKeyUp: keyoCode=19
06-10 13:51:55.684 2339 2339 I DefaultIMS: onKeyUp: keyoCode=19
06-10 13:51:55.792 1090 1119 E ccc : cccccc led current is 100 标准
06-10 13:51:55.839 401 401 I : DVI mode selected: packets not configured
06-10 13:51:55.839 401 401 I : Error: set vsif failed
06-10 13:51:55.839 401 401 I : DVI mode selected: packets not configured
06-10 13:51:55.839 401 401 I : Error: set vsif failed
06-10 13:51:55.849 335 2879 D XM_HIDREAD: poll ret=1, event=1
06-10 13:51:55.849 335 2879 D XM_HIDREAD: [9 bytes]:01 00 00 52 00 00 00 00 00
06-10 13:51:55.850 523 606 D TvWindowManager: key event key = KEYCODE_DPAD_UP down = true
06-10 13:51:55.851 523 605 D GpioService: mFlickerEnable = true
06-10 13:51:55.853 2339 2339 I SogouIME: onKeyDown: keyoCode=19
06-10 13:51:55.853 2339 2339 I DefaultIMS: onKeyDown: keyoCode=19
06-10 13:51:55.877 2339 2339 I DefaultIMS: onStartInput attribute=android.view.inputmethod.EditorInfo@8dfe321 restarting=false inputType: 0
06-10 13:51:55.893 401 401 I : DVI mode selected: packets not configured
06-10 13:51:55.893 401 401 I : Error: set vsif failed
06-10 13:51:55.893 401 401 I : DVI mode selected: packets not configured
06-10 13:51:55.893 401 401 I : Error: set vsif failed
06-10 13:51:55.919 401 401 I : DVI mode selected: packets not configured
06-10 13:51:55.920 401 401 I : Error: set vsif failed
06-10 13:51:55.920 401 401 I : DVI mode selected: packets not configured
06-10 13:51:55.920 401 401 I : Error: set vsif failed
06-10 13:51:55.928 335 2879 D XM_HIDREAD: poll ret=1, event=1
06-10 13:51:55.928 335 2879 D XM_HIDREAD: [9 bytes]:01 00 00 00 00 00 00 00 00
06-10 13:51:55.929 523 606 D TvWindowManager: key event key = KEYCODE_DPAD_UP down = false
06-10 13:51:55.930 2339 2339 I SogouIME: onKeyUp: keyoCode=19
06-10 13:51:55.930 2339 2339 I DefaultIMS: onKeyUp: keyoCode=19
06-10 13:51:55.941 401 401 I : DVI mode selected: packets not configured
06-10 13:51:55.941 401 401 I : Error: set vsif failed
06-10 13:51:55.941 401 401 I : DVI mode selected: packets not configured
06-10 13:51:55.941 401 401 I : Error: set vsif failed
06-10 13:51:55.966 523 545 W IorapForwardingService: No service published for: iorapd
06-10 13:51:56.143 278 303 D hdmi-cec: receive invalid cec message!
06-10 13:51:56.143 278 303 D hdmi-cec: receive poll message [04], skip!
06-10 13:51:56.968 523 545 W IorapForwardingService: No service published for: iorapd
06-10 13:51:57.155 669 669 E WifiHAL : wifi_get_link_stats: requestResponse Error:-5
06-10 13:51:57.158 523 617 E WifiVendorHal: getWifiLinkLayerStats_1_5_Internal(l.1191) failed {.code = ERROR_INVALID_ARGS, .description = }
06-10 13:51:57.393 523 591 I ActivityManager: Killing 1722:com.oranth.usbopenft/1000 (adj 985): empty #17
06-10 13:51:57.396 523 591 I ActivityManager: Killing 1483:com.tv.filemanager.os/u0a42 (adj 995): empty #18
06-10 13:51:57.440 523 554 I libprocessgroup: Successfully killed process cgroup uid 1000 pid 1722 in 44ms
06-10 13:51:57.452 259 259 I Zygote : Process 1483 exited due to signal 9 (Killed)
06-10 13:51:57.483 259 259 I Zygote : Process 1722 exited due to signal 9 (Killed)
06-10 13:51:57.485 523 554 I libprocessgroup: Successfully killed process cgroup uid 10042 pid 1483 in 0ms
06-10 13:51:57.656 1278 1278 I cling--ap-4: type=1400 audit(0.0:1222): avc: denied { read } for name="address" dev="sysfs" ino=28794 scontext=u:r:platform_app:s0:c512,c768 tcontext=u:object_r:sysfs:s0 tclass=file permissive=1 app=com.dangbei.screencast
06-10 13:51:57.656 1278 1278 I cling--ap-4: type=1400 audit(0.0:1223): avc: denied { open } for path="/sys/devices/platform/unisoc_wifi/net/wlan1/address" dev="sysfs" ino=28794 scontext=u:r:platform_app:s0:c512,c768 tcontext=u:object_r:sysfs:s0 tclass=file permissive=1 app=com.dangbei.screencast
06-10 13:51:57.656 1278 1278 I cling--ap-4: type=1400 audit(0.0:1224): avc: denied { getattr } for path="/sys/devices/platform/unisoc_wifi/net/wlan1/address" dev="sysfs" ino=28794 scontext=u:r:platform_app:s0:c512,c768 tcontext=u:object_r:sysfs:s0 tclass=file permissive=1 app=com.dangbei.screencast
06-10 13:51:57.970 523 545 W IorapForwardingService: No service published for: iorapd
06-10 13:51:58.335 335 2879 D XM_HIDREAD: poll ret=1, event=1
06-10 13:51:58.335 335 2879 D XM_HIDREAD: [3 bytes]:03 23 02
06-10 13:51:58.336 523 606 D TvWindowManager: key event key = KEYCODE_HOME down = true
06-10 13:51:58.337 523 605 D GpioService: mFlickerEnable = true
06-10 13:51:58.382 335 2879 D XM_HIDREAD: poll ret=1, event=1
06-10 13:51:58.382 335 2879 D XM_HIDREAD: [9 bytes]:01 00 00 00 00 00 00 00 00
06-10 13:51:58.382 335 2879 D XM_HIDREAD: poll ret=1, event=1
06-10 13:51:58.382 335 2879 D XM_HIDREAD: [3 bytes]:03 00 00
06-10 13:51:58.382 523 606 D TvWindowManager: key event key = KEYCODE_HOME down = false
06-10 13:51:58.382 523 606 D TvWindowManager: the focus window is com.dangbei.haqusetting
06-10 13:51:58.385 523 544 D HdmiControlService: Process pid: 523 is calling oneTouchPlay.
06-10 13:51:58.386 278 278 D hdmi-cec: cec physical address: 2.0.0.0
06-10 13:51:58.388 523 543 D AutofillManagerService: Close system dialogs
06-10 13:51:58.389 678 678 D TvPipMenuController: hideMenu(), movePipWindow=true
06-10 13:51:58.391 1165 1165 E hq : HomeKeyReceiver:::onReceive android.intent.action.CLOSE_SYSTEM_DIALOGS
06-10 13:51:58.392 523 544 I ActivityStarter: ---START u0 {act=android.intent.action.MAIN cat=[android.intent.category.HOME] flg=0x10000100 cmp=com.dangbei.leard.leradlauncher/com.dangbei.launcher.home.LauncherActivity (has extras)} from uid 0
06-10 13:51:58.392 1165 1165 D HomeKeyReceiver: reason:-----------homekey
06-10 13:51:58.392 1165 1165 W eventbuscore: post Event:com.dangbei.leard.base.entity.event.HomeEvent
06-10 13:51:58.393 1165 1165 W eventbuscore: post Event:com.dangbei.leard.base.entity.event.SwitchLauncherPageEvent
06-10 13:51:58.394 523 544 D CompatibilityChangeReporter: Compat change id reported: 174042980; UID 1000; state: DISABLED
06-10 13:51:58.396 523 544 D ActivityTaskManager: isHomeLauncher info= ActivityInfo{3383e7e com.dangbei.launcher.home.LauncherActivity}
06-10 13:51:58.412 523 544 W System.err: java.io.IOException: Cannot run program "su": error=2, No such file or directory
06-10 13:51:58.413 523 544 W System.err: at java.lang.ProcessBuilder.start(ProcessBuilder.java:1050)
06-10 13:51:58.413 523 544 W System.err: at java.lang.Runtime.exec(Runtime.java:694)
06-10 13:51:58.413 523 544 W System.err: at java.lang.Runtime.exec(Runtime.java:524)
06-10 13:51:58.413 523 544 W System.err: at java.lang.Runtime.exec(Runtime.java:421)
06-10 13:51:58.413 523 544 W System.err: at com.android.server.wm.ActivityRecord.executeCMD(ActivityRecord.java:5940)
06-10 13:51:58.413 523 544 W System.err: at com.android.server.wm.ActivityRecord.isHomeLauncher(ActivityRecord.java:2431)
06-10 13:51:58.413 523 544 W System.err: at com.android.server.wm.RootWindowContainer.startPowerModeLaunchIfNeeded(RootWindowContainer.java:3653)
06-10 13:51:58.413 523 544 W System.err: at com.android.server.wm.ActivityStarter.recycleTask(ActivityStarter.java:1980)
06-10 13:51:58.413 523 544 W System.err: at com.android.server.wm.ActivityStarter.startActivityInner(ActivityStarter.java:1720)
06-10 13:51:58.413 523 544 W System.err: at com.android.server.wm.ActivityStarter.startActivityUnchecked(ActivityStarter.java:1579)
06-10 13:51:58.413 523 544 W System.err: at com.android.server.wm.ActivityStarter.executeRequest(ActivityStarter.java:1186)
06-10 13:51:58.413 523 544 W System.err: at com.android.server.wm.ActivityStarter.execute(ActivityStarter.java:667)
06-10 13:51:58.413 523 544 W System.err: at com.android.server.wm.ActivityStartController.startHomeActivity(ActivityStartController.java:177)
06-10 13:51:58.413 523 544 W System.err: at com.android.server.wm.RootWindowContainer.startHomeOnTaskDisplayArea(RootWindowContainer.java:1565)
06-10 13:51:58.413 523 544 W System.err: at com.android.server.wm.RootWindowContainer.lambda$startHomeOnDisplay$12$RootWindowContainer(RootWindowContainer.java:1506)
06-10 13:51:58.413 523 544 W System.err: at com.android.server.wm.RootWindowContainer$$ExternalSyntheticLambda10.apply(Unknown Source:16)
06-10 13:51:58.413 523 544 W System.err: at com.android.server.wm.TaskDisplayArea.reduceOnAllTaskDisplayAreas(TaskDisplayArea.java:543)
06-10 13:51:58.413 523 544 W System.err: at com.android.server.wm.DisplayArea.reduceOnAllTaskDisplayAreas(DisplayArea.java:392)
06-10 13:51:58.413 523 544 W System.err: at com.android.server.wm.DisplayArea.reduceOnAllTaskDisplayAreas(DisplayArea.java:392)
06-10 13:51:58.414 523 544 W System.err: at com.android.server.wm.DisplayArea.reduceOnAllTaskDisplayAreas(DisplayArea.java:392)
06-10 13:51:58.414 523 544 W System.err: at com.android.server.wm.DisplayArea.reduceOnAllTaskDisplayAreas(DisplayArea.java:392)
06-10 13:51:58.414 523 544 W System.err: at com.android.server.wm.DisplayArea.reduceOnAllTaskDisplayAreas(DisplayArea.java:392)
06-10 13:51:58.414 523 544 W System.err: at com.android.server.wm.WindowContainer.reduceOnAllTaskDisplayAreas(WindowContainer.java:2018)
06-10 13:51:58.414 523 544 W System.err: at com.android.server.wm.RootWindowContainer.startHomeOnDisplay(RootWindowContainer.java:1505)
06-10 13:51:58.414 523 544 W System.err: at com.android.server.wm.ActivityTaskManagerService$LocalService.startHomeOnDisplay(ActivityTaskManagerService.java:5720)
06-10 13:51:58.414 523 544 W System.err: at com.android.server.policy.PhoneWindowManager.startDockOrHome(PhoneWindowManager.java:5160)
06-10 13:51:58.414 523 544 W System.err: at com.android.server.policy.PhoneWindowManager.startDockOrHome(PhoneWindowManager.java:5165)
06-10 13:51:58.414 523 544 W System.err: at com.android.server.policy.PhoneWindowManager.launchHomeFromHotKey(PhoneWindowManager.java:3281)
06-10 13:51:58.414 523 544 W System.err: at com.android.server.policy.PhoneWindowManager.launchHomeFromHotKey(PhoneWindowManager.java:3238)
06-10 13:51:58.414 523 544 W System.err: at com.android.server.policy.PhoneWindowManager.handleShortPressOnHome(PhoneWindowManager.java:1368)
06-10 13:51:58.414 523 544 W System.err: at com.android.server.policy.PhoneWindowManager.access$2200(PhoneWindowManager.java:245)
06-10 13:51:58.414 523 544 W System.err: at com.android.server.policy.PhoneWindowManager$DisplayHomeButtonHandler.lambda$handleHomeButton$0$PhoneWindowManager$DisplayHomeButtonHandler(PhoneWindowManager.java:1518)
06-10 13:51:58.414 523 544 W System.err: at com.android.server.policy.PhoneWindowManager$DisplayHomeButtonHandler$$ExternalSyntheticLambda0.run(Unknown Source:2)
06-10 13:51:58.414 523 544 W System.err: at android.os.Handler.handleCallback(Handler.java:938)
06-10 13:51:58.414 523 544 W System.err: at android.os.Handler.dispatchMessage(Handler.java:99)
06-10 13:51:58.414 523 544 W System.err: at android.os.Looper.loopOnce(Looper.java:201)
06-10 13:51:58.414 523 544 W System.err: at android.os.Looper.loop(Looper.java:288)
06-10 13:51:58.414 523 544 W System.err: at android.os.HandlerThread.run(HandlerThread.java:67)
06-10 13:51:58.414 523 544 W System.err: at com.android.server.ServiceThread.run(ServiceThread.java:44)
06-10 13:51:58.414 523 544 W System.err: at com.android.server.UiThread.run(UiThread.java:45)
06-10 13:51:58.415 523 544 W System.err: Caused by: java.io.IOException: error=2, No such file or directory
06-10 13:51:58.415 523 544 W System.err: at java.lang.UNIXProcess.forkAndExec(Native Method)
06-10 13:51:58.415 523 544 W System.err: at java.lang.UNIXProcess.(UNIXProcess.java:133)
06-10 13:51:58.415 523 544 W System.err: at java.lang.ProcessImpl.start(ProcessImpl.java:141)
06-10 13:51:58.415 523 544 W System.err: at java.lang.ProcessBuilder.start(ProcessBuilder.java:1029)
06-10 13:51:58.415 523 544 W System.err: ... 39 more
06-10 13:51:58.415 276 276 I AW_PowerHAL: Power setMode: SUSTAINED_PERFORMANCE to: 1
06-10 13:51:58.441 523 1548 D AW_CODE : rotation =0
06-10 13:51:58.446 1165 1165 I hq : 当小贝:::showMessage from=mActivityLifecycleCallbacks
06-10 13:51:58.448 1165 2279 I hq : 当小贝:::showMessage 没有消息需要显示
06-10 13:51:58.456 276 276 W AW_PowerHAL: Could not open nsi-bw: No such file or directory
06-10 13:51:58.456 278 278 D hdmi-cec: cec physical address: 2.0.0.0
06-10 13:51:58.456 276 276 I AW_PowerHAL: cur-mode:PERFORMANCE
06-10 13:51:58.458 278 278 D hdmi-cec: cec physical address: 2.0.0.0
06-10 13:51:58.484 293 293 I BpBinder: onLastStrongRef automatically unlinking death recipients:
06-10 13:51:58.497 2339 2339 I DefaultIMS: onStartInput attribute=android.view.inputmethod.EditorInfo@be7752a restarting=false inputType: 0
06-10 13:51:58.500 1165 1440 D MobclickAgent: 延续上一个会话: 2145BB43EF9F7358A6F6EF375B46F5E5
06-10 13:51:58.510 276 276 I AW_PowerHAL: Power setMode: SUSTAINED_PERFORMANCE to: 0
06-10 13:51:58.512 276 276 I AW_PowerHAL: cur-mode:SCHEDUTIL-Home
06-10 13:51:58.540 1165 1440 W SQLiteLog: (28) double-quoted string literal: "2145BB43EF9F7358A6F6EF375B46F5E5"
06-10 13:51:58.541 1165 1440 W SQLiteLog: (28) double-quoted string literal: ""
06-10 13:51:58.541 1165 1440 W SQLiteLog: (28) double-quoted string literal: "2145BB43EF9F7358A6F6EF375B46F5E5"
06-10 13:51:58.541 1165 1440 W SQLiteLog: (28) double-quoted string literal: "-1"
06-10 13:51:58.548 678 678 D TvPipController: onTaskStackChanged()
06-10 13:51:58.559 1324 1339 D BluetoothAdapterService: cancelDiscovery
06-10 13:51:58.559 1324 1733 I bt_btif_dm: system/bt/btif/src/btif_dm.cc:1884 btif_dm_cancel_discovery: Cancel search
06-10 13:51:58.565 523 927 W InputManager-JNI: Input channel object '3955d1c com.dangbei.haqusetting/com.dangbei.haqusetting.ui.HomeActivity (client)' was disposed without first being removed with the input manager!
06-10 13:51:58.600 278 278 D hdmi-cec: cec physical address: 2.0.0.0
06-10 13:51:58.602 523 523 W Looper : Slow dispatch took 217ms main h=android.os.Handler c=com.android.server.hdmi.WorkSourceUidPreservingRunnable@3df6c4b m=0
06-10 13:51:58.602 523 523 W Looper : Slow delivery took 215ms main h=android.os.Handler c=com.android.server.policy.TvWindowManager$8@6222628 m=0
06-10 13:51:58.604 523 523 W Looper : Drained
06-10 13:51:58.747 523 547 W ActivityTaskManager: Can't find TaskDisplayArea to determine support for multi window. Task id=44 attached=false
06-10 13:51:58.747 523 547 W ActivityTaskManager: Can't find TaskDisplayArea to determine support for multi window. Task id=44 attached=false
06-10 13:51:58.973 523 545 W IorapForwardingService: No service published for: iorapd
06-10 13:51:59.227 278 278 D hdmi-cec: cec physical address: 2.0.0.0
06-10 13:51:59.229 278 278 D hdmi-cec: cec physical address: 2.0.0.0
06-10 13:51:59.230 278 278 D hdmi-cec: cec physical address: 2.0.0.0
06-10 13:51:59.230 278 278 D hdmi-cec: cec physical address: 2.0.0.0
06-10 13:51:59.975 523 545 W IorapForwardingService: No service published for: iorapd
06-10 13:52:00.175 669 669 E WifiHAL : wifi_get_link_stats: requestResponse Error:-5
06-10 13:52:00.177 523 617 E WifiVendorHal: getWifiLinkLayerStats_1_5_Internal(l.1191) failed {.code = ERROR_INVALID_ARGS, .description = }
06-10 13:52:00.978 523 545 W IorapForwardingService: No service published for: iorapd
06-10 13:52:01.476 1324 1733 I bt_stack: [INFO:btsnoop.cc(338)] clear_l2cap_allowlist: Clearing acceptlist from l2cap channel. conn_handle=16 cid=4:4
06-10 13:52:01.477 1324 1733 I bluetooth: system/bt/stack/gap/gap_ble.cc:298 client_connect_cback: No active GAP service found for peer:xx:xx:xx:xx:c0:7d callback:Disconnected
06-10 13:52:01.477 1324 1733 I bt_bta_gattc: system/bt/bta/gatt/bta_gattc_act.cc:1115 bta_gattc_conn_cback: Disconnected att_id:3 transport:le reason:GATT_CONN_TERMINATE_PEER_USER
06-10 13:52:01.477 1324 1733 I bt_bta_gattc: system/bt/bta/gatt/bta_gattc_act.cc:1115 bta_gattc_conn_cback: Disconnected att_id:4 transport:le reason:GATT_CONN_TERMINATE_PEER_USER
06-10 13:52:01.477 1324 1733 I bt_bta_gattc: system/bt/bta/gatt/bta_gattc_act.cc:1115 bta_gattc_conn_cback: Disconnected att_id:5 transport:le reason:GATT_CONN_TERMINATE_PEER_USER
06-10 13:52:01.477 1324 1733 I bt_bta_gattc: system/bt/bta/gatt/bta_gattc_act.cc:1115 bta_gattc_conn_cback: Disconnected att_id:6 transport:le reason:GATT_CONN_TERMINATE_PEER_USER
06-10 13:52:01.477 1324 1733 I bt_bta_gattc: system/bt/bta/gatt/bta_gattc_act.cc:1115 bta_gattc_conn_cback: Disconnected att_id:7 transport:le reason:GATT_CONN_TERMINATE_PEER_USER
06-10 13:52:01.477 1324 1733 I btif_av : system/bt/btif/src/btif_av.cc:3352 btif_av_acl_disconnected: btif_av_acl_disconnected: Peer e4:bb:d3:57:c0:7d : ACL Disconnected
06-10 13:52:01.478 1324 1733 W bt_btif : system/bt/main/bte_logmsg.cc:194 LogMsg: bta_hh_co_close: dev_handle = 16, app_id = 255
06-10 13:52:01.478 1324 1733 W bt_btif : system/bt/main/bte_logmsg.cc:194 LogMsg: bta_hh_co_close: Found an existing device with the same handle dev_status = 0, dev_handle =16
06-10 13:52:01.478 1324 1733 I btif_av : system/bt/btif/src/btif_av.cc:1078 FindOrCreatePeer: BtifAvPeer *BtifAvSource::FindOrCreatePeer(const RawAddress &, tBTA_AV_HNDL): Create peer: peer_address=e4:bb:d3:57:c0:7d bta_handle=0x41 peer_id=0
06-10 13:52:01.478 1324 1733 I btif_av : system/bt/btif/src/btif_av.cc:3279 btif_av_get_peer_sep: No active sink or source peer found
06-10 13:52:01.478 1324 1733 I bt_btif_a2dp_source: system/bt/btif/src/btif_a2dp_source.cc:691 btif_a2dp_source_on_idle: btif_a2dp_source_on_idle: state=STATE_OFF
06-10 13:52:01.478 1324 1733 I btif_av : system/bt/btif/src/btif_av.cc:3279 btif_av_get_peer_sep: No active sink or source peer found
06-10 13:52:01.478 1324 1733 I bt_btif_a2dp_source: system/bt/btif/src/btif_a2dp_source.cc:691 btif_a2dp_source_on_idle: btif_a2dp_source_on_idle: state=STATE_OFF
06-10 13:52:01.478 1324 1733 I btif_av : system/bt/btif/src/btif_av.cc:1123 DeleteIdlePeers: DeleteIdlePeers: Deleting idle peer: e4:bb:d3:57:c0:7d bta_handle=0x41
06-10 13:52:01.478 1090 1119 D BluetoothGatt: onClientConnectionState() - status=0 clientIf=6 device=E4:BB:D3:57:C0:7D
06-10 13:52:01.479 1090 1112 D BluetoothGatt: onClientConnectionState() - status=0 clientIf=7 device=E4:BB:D3:57:C0:7D
06-10 13:52:01.488 335 336 D XM_HIDREAD: remove@ remove@/devices/virtual/misc/uhid/0005:000D:3838.0003/input/input8/event6
06-10 13:52:01.484 341 341 I xiriservice_All: type=1400 audit(0.0:1225): avc: denied { read } for scontext=u:r:init:s0 tcontext=u:r:init:s0 tclass=netlink_kobject_uevent_socket permissive=1
06-10 13:52:01.488 523 606 I EventHub: Removing device Dangbei due to epoll hang-up event.
06-10 13:52:01.489 523 606 I EventHub: Removed device: path=/dev/input/event6 name=Dangbei id=7 fd=364 classes=KEYBOARD | EXTERNAL
06-10 13:52:01.490 335 336 D XM_HIDREAD: remove@ remove@/devices/virtual/wakeup/wakeup30
06-10 13:52:01.493 523 552 I ActivityManager: Killing 1944:com.android.traceur/u0a19 (adj 985): empty #17
06-10 13:52:01.494 523 552 I ActivityManager: Killing 1619:com.android.webview:webview_service/u0a60 (adj 995): empty #18
06-10 13:52:01.508 523 606 I InputReader: Device removed: id=5, eventHubId=7, name='Dangbei', descriptor='5bf61da49c3f961ffea2e2e86eddd822e5631010', sources=0x01000111
06-10 13:52:01.512 523 606 I EventHub: Removing device '/dev/input/event6' due to inotify event
06-10 13:52:01.525 335 336 D XM_HIDREAD: remove@ remove@/devices/virtual/misc/uhid/0005:000D:3838.0003/input/input8
06-10 13:52:01.527 335 336 D XM_HIDREAD: remove@ remove@/devices/virtual/misc/uhid/0005:000D:3838.0003/input/input10/event7
06-10 13:52:01.528 1090 1090 I dangbei111: cccccc on receiver=android.bluetooth.device.action.ACL_DISCONNECTED,mac=E4:BB:D3:57:C0:7D
06-10 13:52:01.530 523 606 I EventHub: Removing device Dangbei Consumer Control due to epoll hang-up event.
06-10 13:52:01.530 523 606 I EventHub: Removed device: path=/dev/input/event7 name=Dangbei Consumer Control id=8 fd=365 classes=KEYBOARD | JOYSTICK | EXTERNAL
06-10 13:52:01.538 259 259 I Zygote : Process 1944 exited due to signal 9 (Killed)
06-10 13:52:01.540 523 554 I libprocessgroup: Successfully killed process cgroup uid 10019 pid 1944 in 45ms
06-10 13:52:01.543 1090 1090 E ccc : cccccc 这里接到ACTION_ACL_DISCONNECTED 开启scan 12
06-10 13:52:01.544 523 554 I libprocessgroup: Successfully killed process cgroup uid 10060 pid 1619 in 2ms
06-10 13:52:01.545 335 336 D XM_HIDREAD: remove@ remove@/devices/virtual/wakeup/wakeup31
06-10 13:52:01.547 1090 1090 E dangbei111: cccccc 开始扫描
06-10 13:52:01.547 1090 1090 D BluetoothAdapter: isLeEnabled(): ON
06-10 13:52:01.548 335 2879 D XM_HIDREAD: poll ret=1, event=18
06-10 13:52:01.548 335 2879 E XM_HIDREAD: (10) thread_io_ready, poll error, event=18
06-10 13:52:01.549 335 336 D XM_HIDREAD: remove@ remove@/devices/virtual/misc/uhid/0005:000D:3838.0003/input/input10
06-10 13:52:01.549 335 2879 D XM_HIDREAD: (10) thread_io_thread, finish
06-10 13:52:01.549 335 336 D XM_HIDREAD: remove@ remove@/devices/virtual/misc/uhid/0005:000D:3838.0003/hidraw/hidraw2
06-10 13:52:01.549 335 336 D XM_HIDREAD: remove@ remove@/devices/virtual/misc/uhid/0005:000D:3838.0003
06-10 13:52:01.550 1324 1324 D BluetoothHidHostService: Connection state E4:BB:D3:57:C0:7D: 2->0
06-10 13:52:01.555 1324 1324 D AdapterProperties: PROFILE_CONNECTION_STATE_CHANGE: profile=4, device=E4:BB:D3:57:C0:7D, 2 -> 0
06-10 13:52:01.559 259 259 I Zygote : Process 1619 exited due to signal 9 (Killed)
06-10 13:52:01.560 1324 1324 W AdapterProperties: PROFILE_CONNECTION_STATE_CHANGE: unexpected transition for profile=4, device=E4:BB:D3:57:C0:7D, 2 -> 0
06-10 13:52:01.563 1324 1324 D AdapterProperties: ADAPTER_CONNECTION_STATE_CHANGE: E4:BB:D3:57:C0:7D: 2 -> 0
06-10 13:52:01.563 1324 1324 W AdapterProperties: ADAPTER_CONNECTION_STATE_CHANGE: unexpected transition for profile=4, device=E4:BB:D3:57:C0:7D, 2 -> 0
06-10 13:52:01.566 678 771 D CachedBluetoothDevice: onProfileStateChanged: profile HID, device Dangbei, newProfileState 0
06-10 13:52:01.568 523 606 I EventHub: Removing device '/dev/input/event7' due to inotify event
06-10 13:52:01.568 523 606 I InputReader: Device removed: id=5, eventHubId=8, name='Dangbei', descriptor='5bf61da49c3f961ffea2e2e86eddd822e5631010', sources=0x01000111
06-10 13:52:01.588 3167 3167 I Thread-2: type=1400 audit(0.0:1226): avc: denied { execute } for name="am" dev="dm-5" ino=1160 scontext=u:r:system_app:s0 tcontext=u:object_r:vendor_file:s0 tclass=file permissive=1
06-10 13:52:01.588 3167 3167 I Thread-2: type=1400 audit(0.0:1227): avc: denied { read open } for path="/vendor/xbin/am" dev="dm-5" ino=1160 scontext=u:r:system_app:s0 tcontext=u:object_r:vendor_file:s0 tclass=file permissive=1
06-10 13:52:01.588 3167 3167 I Thread-2: type=1400 audit(0.0:1228): avc: denied { execute_no_trans } for path="/vendor/xbin/am" dev="dm-5" ino=1160 scontext=u:r:system_app:s0 tcontext=u:object_r:vendor_file:s0 tclass=file permissive=1
06-10 13:52:01.635 1349 1349 D bbb : onStartCommand begin !!!!!!! data分区剩余 20614MB
06-10 13:52:01.636 1347 1347 D aaa : LedStatusService onStartCommand begin
06-10 13:52:01.638 1347 3175 D aaa : topPkg is -------------- :com.dangbei.leard.leradlauncher
06-10 13:52:01.642 1347 3175 D aaa : WiFi is connect
06-10 13:52:01.772 1324 1733 I bluetooth: system/bt/stack/gatt/connection_manager.cc:185 on_connection_complete: Le connection completed to device:e4:bb:d3:57:c0:7d
06-10 13:52:01.772 1324 1733 I bt_btm_ble: system/bt/stack/btm/btm_ble.cc:1699 btm_ble_connected: Updating device record timestamp for existing ble connection
06-10 13:52:01.776 523 1939 E TaskPersister: File error accessing recents directory (directory doesn't exist?).
06-10 13:52:01.861 1324 1733 I bt_stack: [INFO:gatt_attr.cc(880)] gatt_sr_init_cl_status: bda=e4:bb:d3:57:c0:7d, cl_supp_feat=0000, aware=1
06-10 13:52:01.861 1324 1733 I bluetooth: system/bt/stack/gap/gap_ble.cc:298 client_connect_cback: No active GAP service found for peer:xx:xx:xx:xx:c0:7d callback:Connected
06-10 13:52:01.861 1324 1733 I bt_bta_gattc: system/bt/bta/gatt/bta_gattc_act.cc:1110 bta_gattc_conn_cback: Connected att_id:3 transport:le reason:GATT_CONN_OK
06-10 13:52:01.861 1324 1733 I bt_bta_gattc: system/bt/bta/gatt/bta_gattc_act.cc:1110 bta_gattc_conn_cback: Connected att_id:4 transport:le reason:GATT_CONN_OK
06-10 13:52:01.861 1324 1733 I bt_bta_gattc: system/bt/bta/gatt/bta_gattc_act.cc:1110 bta_gattc_conn_cback: Connected att_id:5 transport:le reason:GATT_CONN_OK
06-10 13:52:01.861 1324 1733 I bt_bta_gattc: system/bt/bta/gatt/bta_gattc_act.cc:1110 bta_gattc_conn_cback: Connected att_id:6 transport:le reason:GATT_CONN_OK
06-10 13:52:01.861 1324 1733 I bt_bta_gattc: system/bt/bta/gatt/bta_gattc_act.cc:1110 bta_gattc_conn_cback: Connected att_id:7 transport:le reason:GATT_CONN_OK
06-10 13:52:01.861 1324 1733 I bluetooth: system/bt/stack/gatt/connection_manager.cc:185 on_connection_complete: Le connection completed to device:e4:bb:d3:57:c0:7d
06-10 13:52:01.861 1324 1733 I bt_stack: [INFO:eatt_impl.h(634)] connect device e4:bb:d3:57:c0:7d rolecentral
06-10 13:52:01.862 1324 1733 I bt_btif_dm: system/bt/btif/src/btif_dm.cc:497 btif_update_remote_version_property: Remote version info valid:true [xx:xx:xx:xx:c0:7d]: 9, 1bf, 9
06-10 13:52:01.879 1090 1112 D BluetoothGatt: onClientConnectionState() - status=0 clientIf=6 device=E4:BB:D3:57:C0:7D
06-10 13:52:01.879 1324 1733 W bt_btm : system/bt/main/bte_logmsg.cc:194 LogMsg: Security Manager: BTM_SetEncryption busy, enqueue request
06-10 13:52:01.880 1324 1733 E bt_btif : system/bt/main/bte_logmsg.cc:191 LogMsg: earlier enc was not done for same device
06-10 13:52:01.880 1090 1112 D BluetoothGatt: discoverServices() - device: E4:BB:D3:57:C0:7D
06-10 13:52:01.880 1090 1119 D BluetoothGatt: onClientConnectionState() - status=0 clientIf=7 device=E4:BB:D3:57:C0:7D
06-10 13:52:01.881 1090 1119 D BluetoothGatt: discoverServices() - device: E4:BB:D3:57:C0:7D
06-10 13:52:01.882 1324 1324 E BluetoothPhonePolicy: Received unexpected intent, action=android.bluetooth.device.action.ACL_CONNECTED
06-10 13:52:01.882 1324 1324 I BluetoothPhonePolicy: processDeviceConnected, device=E4:BB:D3:57:C0:7D
06-10 13:52:01.882 1324 1324 D BluetoothDatabase: setConnection: device=E4:BB:D3:57:C0:7D and isA2dpDevice=false
06-10 13:52:01.882 1324 1324 D BluetoothDatabase: Updating last connected time for device: E4:BB:D3:57:C0:7D to 1
06-10 13:52:01.882 1324 1324 D BluetoothDatabase: updateDatabase E4:BB:D3:57:C0:7D
06-10 13:52:01.890 1324 1585 I bt_bta_gattc: system/bt/bta/gatt/bta_gattc_cache.cc:902 bta_gattc_get_gatt_db: bta_gattc_get_gatt_db
06-10 13:52:01.893 1090 1090 I dangbei111: cccccc on receiver=android.bluetooth.device.action.ACL_CONNECTED,mac=E4:BB:D3:57:C0:7D
06-10 13:52:01.893 1090 1090 E dangbei111: cccccc cancelDiscovery begin
06-10 13:52:01.898 1324 1585 I bt_bta_gattc: system/bt/bta/gatt/bta_gattc_cache.cc:902 bta_gattc_get_gatt_db: bta_gattc_get_gatt_db
06-10 13:52:01.899 1090 1119 D BluetoothGatt: onSearchComplete() = Device=E4:BB:D3:57:C0:7D Status=0
06-10 13:52:01.905 1090 1090 E dangbei111: cccccc 检查遥控器是否连接: Dangbei E4:BB:D3:57:C0:7D
06-10 13:52:01.906 1324 1733 W bt_btif : system/bt/main/bte_logmsg.cc:194 LogMsg: btif_gatt_set_encryption_cb() - Encryption failed (1)
06-10 13:52:01.907 1324 1733 E bt_bta_hh: system/bt/bta/hh/bta_hh_le.cc:996 bta_hh_security_cmpl: Encryption failed status:BTA_HH_ERR_SEC btm_status:BTM_FAILED_ON_SECURITY
06-10 13:52:01.907 1324 1733 E bt_stack: [ERROR:bta_gattc_api.cc(729)] BTA_GATTC_DeregisterForNotifications registration not found bd_addr=e4:bb:d3:57:c0:7d
06-10 13:52:01.907 1324 1733 E bt_stack: [ERROR:bta_gattc_api.cc(729)] BTA_GATTC_DeregisterForNotifications registration not found bd_addr=e4:bb:d3:57:c0:7d
06-10 13:52:01.907 1090 1112 D BluetoothGatt: onSearchComplete() = Device=E4:BB:D3:57:C0:7D Status=0
06-10 13:52:01.907 1324 1733 E bt_stack: [ERROR:bta_gattc_api.cc(729)] BTA_GATTC_DeregisterForNotifications registration not found bd_addr=e4:bb:d3:57:c0:7d
06-10 13:52:01.908 1324 1733 I bt_stack: [INFO:gatt_api.cc(1286)] GATT_Disconnect conn_id=0x0004
06-10 13:52:01.908 1324 1733 I bt_stack: [INFO:gatt_api.cc(1231)] GATT_CancelConnect: gatt_if:4, address: e4:bb:d3:57:c0:7d, direct:0
06-10 13:52:01.909 1324 1585 W bt_btif : system/bt/main/bte_logmsg.cc:194 LogMsg: btif_hh_upstreams_evt: BTA_HH_OPN_EVT: handle=16, status =14
06-10 13:52:01.913 1324 1324 W BluetoothHidHostService: no state change: 0
06-10 13:52:01.914 1090 1090 E dangbei111: cccccc 检查遥控器是否连接: 蓝牙的结果 Dangbei E4:BB:D3:57:C0:7D true
06-10 13:52:01.915 1090 1090 E dangbei111: cccccc input中没有遥控器存在
06-10 13:52:01.915 1090 1090 E dangbei111: cccccc 蓝牙状态连接 开启10s check任务
06-10 13:52:01.918 401 401 W hdr10p_Configure: 147 callbacks suppressed
06-10 13:52:01.918 401 401 I : DVI mode selected: packets not configured
06-10 13:52:01.918 401 401 W set_vsif_config: 147 callbacks suppressed
06-10 13:52:01.918 401 401 I : Error: set vsif failed
06-10 13:52:01.919 1090 1090 E dangbei111: cccccc 开始扫描
06-10 13:52:01.920 1090 1090 D BluetoothAdapter: isLeEnabled(): ON
06-10 13:52:01.936 1324 1733 I bt_stack: [INFO:eatt_impl.h(578)] supported_features_cb e4:bb:d3:57:c0:7d is_eatt_supported = 0
06-10 13:52:01.954 401 401 I : DVI mode selected: packets not configured
06-10 13:52:01.954 401 401 I : Error: set vsif failed
06-10 13:52:01.975 401 401 I : DVI mode selected: packets not configured
06-10 13:52:01.975 401 401 I : Error: set vsif failed
06-10 13:52:01.981 523 545 W IorapForwardingService: No service published for: iorapd
06-10 13:52:01.993 401 401 I : DVI mode selected: packets not configured
06-10 13:52:01.993 401 401 I : Error: set vsif failed
06-10 13:52:02.014 401 401 I : DVI mode selected: packets not configured
06-10 13:52:02.014 401 401 I : Error: set vsif failed
06-10 13:52:02.033 401 401 I : DVI mode selected: packets not configured
06-10 13:52:02.033 401 401 I : Error: set vsif failed
06-10 13:52:02.051 401 401 I : DVI mode selected: packets not configured
06-10 13:52:02.051 401 401 I : Error: set vsif failed
06-10 13:52:02.058 401 401 I : DVI mode selected: packets not configured
06-10 13:52:02.058 401 401 I : Error: set vsif failed
06-10 13:52:02.074 401 401 I : DVI mode selected: packets not configured
06-10 13:52:02.074 401 401 I : Error: set vsif failed
06-10 13:52:02.091 401 401 I : DVI mode selected: packets not configured
06-10 13:52:02.091 401 401 I : Error: set vsif failed
06-10 13:52:02.179 360 360 E : Send upper Vendor Specific event.
06-10 13:52:02.760 1324 1733 I bt_stack: [INFO:hearing_aid.cc(1796)] GetDeviceCount: Not initialized yet
06-10 13:52:02.897 1090 1119 D BluetoothGatt: onConnectionUpdated() - Device=E4:BB:D3:57:C0:7D interval=9 latency=99 timeout=500 status=0
06-10 13:52:02.898 1090 1112 D BluetoothGatt: onConnectionUpdated() - Device=E4:BB:D3:57:C0:7D interval=9 latency=99 timeout=500 status=0
06-10 13:52:02.983 523 545 W IorapForwardingService: No service published for: iorapd
06-10 13:52:03.194 669 669 E WifiHAL : wifi_get_link_stats: requestResponse Error:-5
06-10 13:52:03.197 523 617 E WifiVendorHal: getWifiLinkLayerStats_1_5_Internal(l.1191) failed {.code = ERROR_INVALID_ARGS, .description = }
06-10 13:52:03.706 1324 1585 I bt_btif_dm: system/bt/btif/src/btif_dm.cc:548 btif_update_remote_properties: cod from storage is also unclassified
06-10 13:52:03.862 2390 2531 D nStackXCoAP: IsInSameNetwork:[276] :IsInSameNetwork exec
06-10 13:52:03.862 2390 2531 I nStackXDFinder: GetLocalInterfaceDetail:[461] :GetLocalInterfaceDetail in
06-10 13:52:03.862 2390 2531 E nStackXCoAP: IsInSameNetwork:[281] :IsInSameNetwork: not priority process
06-10 13:52:03.862 2390 2531 D nStackXCoAP: ParseServiceDiscover:[330] :new device join
06-10 13:52:03.863 2390 2531 I nStackXDFinder: NotifyDeviceListChanged:[540] :notify callback: device list changed callback is null
06-10 13:52:03.863 2390 2531 E nStackXDFinder: GetLocalIp:[401] :GetLocalIp exec
06-10 13:52:03.949 2390 2531 D nStackXCoAP: IsInSameNetwork:[276] :IsInSameNetwork exec
06-10 13:52:03.949 2390 2531 I nStackXDFinder: GetLocalInterfaceDetail:[461] :GetLocalInterfaceDetail in
06-10 13:52:03.949 2390 2531 E nStackXCoAP: IsInSameNetwork:[281] :IsInSameNetwork: not priority process
06-10 13:52:03.949 2390 2531 D nStackXCoAP: ParseServiceDiscover:[330] :new device join
06-10 13:52:03.949 2390 2531 E nStackXDFinder: GetLocalIp:[401] :GetLocalIp exec
06-10 13:52:03.985 523 545 W IorapForwardingService: No service published for: iorapd
06-10 13:52:04.159 0 0 I [ C0] nf_conntrack: default automatic helper assignment has been turned off for security reasons and CT-based firewall rule not found. Use the iptables CT target to attach helpers instead.
06-10 13:52:04.185 2390 2531 D nStackXCoAP: CoapMessageHandler:[133] :2.01
06-10 13:52:04.209 2390 2531 D nStackXCoAP: CoapMessageHandler:[133] :2.01
06-10 13:52:04.279 2390 2531 D nStackXCoAP: IsInSameNetwork:[276] :IsInSameNetwork exec
06-10 13:52:04.279 2390 2531 I nStackXDFinder: GetLocalInterfaceDetail:[461] :GetLocalInterfaceDetail in
06-10 13:52:04.279 2390 2531 E nStackXCoAP: IsInSameNetwork:[281] :IsInSameNetwork: not priority process
06-10 13:52:04.279 2390 2531 D nStackXCoAP: ParseServiceDiscover:[330] :new device join
06-10 13:52:04.279 2390 2531 E nStackXDFinder: GetLocalIp:[401] :GetLocalIp exec
06-10 13:52:04.297 2390 2531 D nStackXCoAP: CoapMessageHandler:[133] :2.01
06-10 13:52:04.302 2641 2717 D UtilLog : 日志批量上报 进行正常循环 !!!!!!本次有0次请求,共0条数据
06-10 13:52:04.360 2390 2531 D nStackXCoAP: IsInSameNetwork:[276] :IsInSameNetwork exec
06-10 13:52:04.360 2390 2531 I nStackXDFinder: GetLocalInterfaceDetail:[461] :GetLocalInterfaceDetail in
06-10 13:52:04.360 2390 2531 E nStackXCoAP: IsInSameNetwork:[281] :IsInSameNetwork: not priority process
06-10 13:52:04.360 2390 2531 D nStackXCoAP: ParseServiceDiscover:[330] :new device join
06-10 13:52:04.360 2390 2531 E nStackXDFinder: GetLocalIp:[401] :GetLocalIp exec
06-10 13:52:04.373 2390 2531 D nStackXCoAP: CoapMessageHandler:[133] :2.01
06-10 13:52:04.714 360 360 E : Send upper Vendor Specific event.
06-10 13:52:04.768 2390 2531 D nStackXCoAP: IsInSameNetwork:[276] :IsInSameNetwork exec
06-10 13:52:04.768 2390 2531 I nStackXDFinder: GetLocalInterfaceDetail:[461] :GetLocalInterfaceDetail in
06-10 13:52:04.769 2390 2531 E nStackXCoAP: IsInSameNetwork:[281] :IsInSameNetwork: not priority process
06-10 13:52:04.769 2390 2531 D nStackXCoAP: ParseServiceDiscover:[330] :new device join
