06-10 13:51:04.306 523 550 I SystemConfig: Reading permissions from /system/etc/permissions/platform.xml
06-10 13:51:04.306 523 523 D CompatConfig: No directory /system/system_ext/etc/compatconfig, skipping
06-10 13:51:04.308 523 523 D CompatConfig: No directory /apex/com.android.wifi/etc/compatconfig, skipping
06-10 13:51:04.308 523 523 D CompatConfig: No directory /apex/com.android.vndk.v31/etc/compatconfig, skipping
06-10 13:51:04.309 523 523 D CompatConfig: No directory /apex/com.android.tzdata/etc/compatconfig, skipping
06-10 13:51:04.309 523 523 D CompatConfig: No directory /apex/com.android.tethering/etc/compatconfig, skipping
06-10 13:51:04.309 523 523 D CompatConfig: No directory /apex/com.android.sdkext/etc/compatconfig, skipping
06-10 13:51:04.309 523 523 D CompatConfig: No directory /apex/com.android.scheduling/etc/compatconfig, skipping
06-10 13:51:04.309 523 523 D CompatConfig: No directory /apex/com.android.runtime/etc/compatconfig, skipping
06-10 13:51:04.309 523 523 D CompatConfig: No directory /apex/com.android.resolv/etc/compatconfig, skipping
06-10 13:51:04.310 523 523 D CompatConfig: No directory /apex/com.android.permission/etc/compatconfig, skipping
06-10 13:51:04.310 523 523 D CompatConfig: No directory /apex/com.android.os.statsd/etc/compatconfig, skipping
06-10 13:51:04.310 523 523 D CompatConfig: No directory /apex/com.android.neuralnetworks/etc/compatconfig, skipping
06-10 13:51:04.312 523 523 D CompatConfig: Found a config file: /apex/com.android.mediaprovider/etc/compatconfig/media-provider-platform-compat-config.xml
06-10 13:51:04.313 523 550 I SystemConfig: Reading permissions from /vendor/etc/permissions/android.hardware.keystore.app_attest_key.xml
06-10 13:51:04.313 523 523 D CompatConfig: Adding: com.android.server.compat.config.Change@798302d
06-10 13:51:04.314 523 523 D CompatConfig: Adding: com.android.server.compat.config.Change@a486962
06-10 13:51:04.315 523 523 D CompatConfig: Adding: com.android.server.compat.config.Change@4bceaf3
06-10 13:51:04.316 523 550 I SystemConfig: Reading permissions from /vendor/etc/permissions/android.software.backup.xml
06-10 13:51:04.316 523 523 D CompatConfig: Adding: com.android.server.compat.config.Change@e74a229
06-10 13:51:04.316 523 523 D CompatConfig: Adding: com.android.server.compat.config.Change@5c7b9ae
06-10 13:51:04.317 523 523 D CompatConfig: Adding: com.android.server.compat.config.Change@b31434f
06-10 13:51:04.317 523 523 D CompatConfig: Adding: com.android.server.compat.config.Change@495eadc
06-10 13:51:04.318 523 550 I SystemConfig: Reading permissions from /vendor/etc/permissions/android.software.ipsec_tunnels.xml
06-10 13:51:04.318 523 523 D CompatConfig: No directory /apex/com.android.media.swcodec/etc/compatconfig, skipping
06-10 13:51:04.318 523 523 D CompatConfig: No directory /apex/com.android.media/etc/compatconfig, skipping
06-10 13:51:04.318 523 523 D CompatConfig: No directory /apex/com.android.ipsec/etc/compatconfig, skipping
06-10 13:51:04.318 523 523 D CompatConfig: No directory /apex/com.android.i18n/etc/compatconfig, skipping
06-10 13:51:04.318 523 523 D CompatConfig: No directory /apex/com.android.extservices/etc/compatconfig, skipping
06-10 13:51:04.318 523 523 D CompatConfig: No directory /apex/com.android.conscrypt/etc/compatconfig, skipping
06-10 13:51:04.319 523 523 D CompatConfig: Found a config file: /apex/com.android.art/etc/compatconfig/libcore-platform-compat-config.xml
06-10 13:51:04.320 523 550 I SystemConfig: Reading permissions from /vendor/etc/permissions/android.hardware.wifi.passpoint.xml
06-10 13:51:04.321 523 550 I SystemConfig: Reading permissions from /vendor/etc/permissions/android.hardware.wifi.direct.xml
06-10 13:51:04.322 523 523 D CompatConfig: Adding: com.android.server.compat.config.Change@3d15086
06-10 13:51:04.323 523 550 I SystemConfig: Reading permissions from /vendor/etc/permissions/android.hardware.vulkan.level.xml
06-10 13:51:04.327 523 523 D CompatConfig: Adding: com.android.server.compat.config.Change@ff2b974
06-10 13:51:04.330 523 550 I SystemConfig: Reading permissions from /vendor/etc/permissions/android.hardware.usb.accessory.xml
06-10 13:51:04.331 523 523 D CompatConfig: Adding: com.android.server.compat.config.Change@561ef12
06-10 13:51:04.333 523 523 D CompatConfig: Adding: com.android.server.compat.config.Change@3bf8e0
06-10 13:51:04.334 523 550 I SystemConfig: Reading permissions from /vendor/etc/permissions/android.hardware.camera.front.xml
06-10 13:51:04.336 523 523 D CompatConfig: Adding: com.android.server.compat.config.Change@c9d6799
06-10 13:51:04.337 523 550 I SystemConfig: Reading permissions from /vendor/etc/permissions/id.hardware.camera.xml
06-10 13:51:04.340 523 523 D CompatConfig: No directory /apex/com.android.appsearch/etc/compatconfig, skipping
06-10 13:51:04.341 523 550 I SystemConfig: Reading permissions from /vendor/etc/permissions/android.hardware.wifi.xml
06-10 13:51:04.341 523 523 D CompatConfig: No directory /apex/com.android.adbd/etc/compatconfig, skipping
06-10 13:51:04.342 523 550 I SystemConfig: Reading permissions from /vendor/etc/permissions/android.software.verified_boot.xml
06-10 13:51:04.344 523 550 I SystemConfig: Reading permissions from /vendor/etc/permissions/android.hardware.bluetooth.xml
06-10 13:51:04.345 523 523 I SystemServerTiming: StartFileIntegrityService
06-10 13:51:04.345 523 550 I SystemConfig: Reading permissions from /vendor/etc/permissions/android.hardware.ethernet.xml
06-10 13:51:04.345 523 523 I SystemServiceManager: Starting com.android.server.security.FileIntegrityService
06-10 13:51:04.347 523 550 I SystemConfig: Reading permissions from /vendor/etc/permissions/android.software.vulkan.deqp.level.xml
06-10 13:51:04.349 523 550 I SystemConfig: Reading permissions from /vendor/etc/permissions/android.hardware.bluetooth_le.xml
06-10 13:51:04.354 523 550 I SystemConfig: Reading permissions from /vendor/etc/permissions/android.hardware.hardware_keystore.xml
06-10 13:51:04.356 523 550 I SystemConfig: Reading permissions from /vendor/etc/permissions/android.software.opengles.deqp.level.xml
06-10 13:51:04.358 523 550 I SystemConfig: Reading permissions from /vendor/etc/permissions/android.hardware.vulkan.version.xml
06-10 13:51:04.361 523 550 I SystemConfig: Reading permissions from /vendor/etc/permissions/android.hardware.touchscreen.multitouch.xml
06-10 13:51:04.363 523 550 I SystemConfig: Reading permissions from /vendor/etc/permissions/android.hardware.camera.flash-autofocus.xml
06-10 13:51:04.364 523 523 I SystemServerTiming: StartInstaller
06-10 13:51:04.364 523 523 I SystemServiceManager: Starting com.android.server.pm.Installer
06-10 13:51:04.365 523 550 I SystemConfig: Reading permissions from /vendor/etc/permissions/android.hardware.opengles.aep.xml
06-10 13:51:04.367 523 550 I SystemConfig: Reading permissions from /vendor/etc/permissions/android.hardware.usb.host.xml
06-10 13:51:04.369 365 381 D installd: Found quota mount /dev/block/by-name/userdata at /data
06-10 13:51:04.369 523 550 I SystemConfig: Reading permissions from /vendor/etc/permissions/android.software.midi.xml
06-10 13:51:04.369 365 381 D installd: Found quota mount /dev/block/by-name/userdata at /data/user/0
06-10 13:51:04.370 523 550 I SystemConfig: Reading permissions from /vendor/etc/permissions/android.hardware.camera.external.xml
06-10 13:51:04.371 523 523 I SystemServerTiming: DeviceIdentifiersPolicyService
06-10 13:51:04.371 523 523 I SystemServiceManager: Starting com.android.server.os.DeviceIdentifiersPolicyService
06-10 13:51:04.371 523 550 I SystemConfig: Reading permissions from /vendor/etc/permissions/android.hardware.vulkan.compute.xml
06-10 13:51:04.373 523 523 I SystemServerTiming: UriGrantsManagerService
06-10 13:51:04.373 523 523 I SystemServiceManager: Starting com.android.server.uri.UriGrantsManagerService$Lifecycle
06-10 13:51:04.375 523 550 I SystemConfig: Reading permissions from /vendor/etc/permissions/android.hardware.reboot_escrow.xml
06-10 13:51:04.377 523 550 I SystemConfig: Reading permissions from /vendor/etc/permissions/android.software.pppoe.xml
06-10 13:51:04.377 523 523 I SystemServerTiming: StartPowerStatsService
06-10 13:51:04.378 523 523 I SystemServiceManager: Starting com.android.server.powerstats.PowerStatsService
06-10 13:51:04.380 523 550 I SystemConfig: Reading permissions from /vendor/etc/permissions/tv_core_hardware.xml
06-10 13:51:04.380 197 197 E servicemanager: Could not find android.hardware.power.stats.IPowerStats/default in the VINTF manifest.
06-10 13:51:04.384 523 550 I SystemConfig: Reading permissions from /product/etc/sysconfig/preinstalled-packages-platform-handheld-product.xml
06-10 13:51:04.385 198 198 I hwservicemanager: getTransport: Cannot find entry android.hardware.power.stats@1.0::IPowerStats/default in either framework or device VINTF manifest.
06-10 13:51:04.386 523 550 I SystemConfig: Reading permissions from /product/etc/sysconfig/preinstalled-packages-platform-overlays.xml
06-10 13:51:04.387 523 523 E PowerStatsService: Unable to get power.stats HAL service.
06-10 13:51:04.387 523 523 E PowerStatsService: nativeInit failed to connect to power.stats HAL
06-10 13:51:04.388 523 523 I SystemServerTiming: StartIStatsService
06-10 13:51:04.390 198 198 I hwservicemanager: getTransport: Cannot find entry android.frameworks.stats@1.0::IStats/default in either framework or device VINTF manifest.
06-10 13:51:04.390 523 523 E HidlServiceManagement: Service android.frameworks.stats@1.0::IStats/default must be in VINTF manifest in order to register/get.
06-10 13:51:04.390 523 523 W system_server: Cannot register HIDL android.frameworks.stats@1.0::IStats: -2147483648
06-10 13:51:04.391 523 550 I SystemConfig: Reading permissions from /product/etc/permissions/com.android.tv.xml
06-10 13:51:04.392 197 197 I servicemanager: Found android.frameworks.stats.IStats/default in framework VINTF manifest.
06-10 13:51:04.392 523 523 I SystemServerTiming: MemtrackProxyService
06-10 13:51:04.393 523 550 I SystemConfig: Reading permissions from /product/etc/permissions/com.android.settings.intelligence.xml
06-10 13:51:04.393 198 198 I hwservicemanager: getTransport: Cannot find entry android.hardware.memtrack@1.0::IMemtrack/default in either framework or device VINTF manifest.
06-10 13:51:04.395 197 197 E servicemanager: Could not find android.hardware.memtrack.IMemtrack/default in the VINTF manifest.
06-10 13:51:04.396 523 523 I Stability: Interface set with vintf stability wire protocol version 1 downgraded to system stability wire protocol version 1 stability
06-10 13:51:04.397 523 550 W SystemConfig: No directory /system_ext/etc/sysconfig, skipping
06-10 13:51:04.399 523 523 I SystemServerTiming: StartActivityManager
06-10 13:51:04.399 523 523 I SystemServiceManager: Starting com.android.server.wm.ActivityTaskManagerService$Lifecycle
06-10 13:51:04.400 523 550 I SystemConfig: Reading permissions from /system_ext/etc/permissions/com.android.storagemanager.xml
06-10 13:51:04.403 523 550 I SystemConfig: Reading permissions from /system_ext/etc/permissions/com.android.tv.settings.xml
06-10 13:51:04.407 523 550 I SystemConfig: Reading permissions from /system_ext/etc/permissions/com.android.provision.xml
06-10 13:51:04.410 523 550 I SystemConfig: Reading permissions from /system_ext/etc/permissions/com.android.carrierconfig.xml
06-10 13:51:04.413 523 550 I SystemConfig: Reading permissions from /system_ext/etc/permissions/com.android.systemui.xml
06-10 13:51:04.416 523 550 I SystemConfig: Reading permissions from /system_ext/etc/permissions/com.softwinner.screenshot.xml
06-10 13:51:04.418 523 523 I SystemServiceManager: Starting com.android.server.am.ActivityManagerService$Lifecycle
06-10 13:51:04.421 523 550 I SystemConfig: Reading permissions from /system_ext/etc/permissions/privapp-settingssetup.xml
06-10 13:51:04.423 523 550 I SystemConfig: Reading permissions from /system_ext/etc/permissions/provision-permissions.xml
06-10 13:51:04.428 523 550 I SystemConfig: Reading permissions from /apex/com.android.ipsec/etc/permissions/android.net.ipsec.ike.xml
06-10 13:51:04.440 523 523 I ActivityManager: Memory class: 256
06-10 13:51:04.441 523 550 W SystemConfig: Failed to read public libraries file /vendor/etc/public.libraries.txt
06-10 13:51:04.441 523 550 W SystemConfig: java.io.FileNotFoundException: /vendor/etc/public.libraries.txt: open failed: ENOENT (No such file or directory)
06-10 13:51:04.441 523 550 W SystemConfig: at libcore.io.IoBridge.open(IoBridge.java:575)
06-10 13:51:04.441 523 550 W SystemConfig: at java.io.FileInputStream.(FileInputStream.java:160)
06-10 13:51:04.441 523 550 W SystemConfig: at java.io.FileReader.(FileReader.java:72)
06-10 13:51:04.441 523 550 W SystemConfig: at com.android.server.SystemConfig.readPublicLibrariesListFile(SystemConfig.java:1601)
06-10 13:51:04.441 523 550 W SystemConfig: at com.android.server.SystemConfig.readPublicNativeLibrariesList(SystemConfig.java:1583)
06-10 13:51:04.441 523 550 W SystemConfig: at com.android.server.SystemConfig.(SystemConfig.java:484)
06-10 13:51:04.441 523 550 W SystemConfig: at com.android.server.SystemConfig.getInstance(SystemConfig.java:272)
06-10 13:51:04.441 523 550 W SystemConfig: at com.android.server.SystemServer$$ExternalSyntheticLambda7.run(Unknown Source:0)
06-10 13:51:04.441 523 550 W SystemConfig: at com.android.server.SystemServerInitThreadPool.lambda$submitTask$0$SystemServerInitThreadPool(SystemServerInitThreadPool.java:105)
06-10 13:51:04.441 523 550 W SystemConfig: at com.android.server.SystemServerInitThreadPool$$ExternalSyntheticLambda0.run(Unknown Source:6)
06-10 13:51:04.441 523 550 W SystemConfig: at java.util.concurrent.Executors$RunnableAdapter.call(Executors.java:462)
06-10 13:51:04.441 523 550 W SystemConfig: at java.util.concurrent.FutureTask.run(FutureTask.java:266)
06-10 13:51:04.441 523 550 W SystemConfig: at java.util.concurrent.ThreadPoolExecutor.runWorker(ThreadPoolExecutor.java:1167)
06-10 13:51:04.441 523 550 W SystemConfig: at java.util.concurrent.ThreadPoolExecutor$Worker.run(ThreadPoolExecutor.java:641)
06-10 13:51:04.441 523 550 W SystemConfig: at com.android.internal.util.ConcurrentUtils$1$1.run(ConcurrentUtils.java:65)
06-10 13:51:04.441 523 550 W SystemConfig: Caused by: android.system.ErrnoException: open failed: ENOENT (No such file or directory)
06-10 13:51:04.441 523 550 W SystemConfig: at libcore.io.Linux.open(Native Method)
06-10 13:51:04.441 523 550 W SystemConfig: at libcore.io.ForwardingOs.open(ForwardingOs.java:567)
06-10 13:51:04.441 523 550 W SystemConfig: at libcore.io.BlockGuardOs.open(BlockGuardOs.java:273)
06-10 13:51:04.441 523 550 W SystemConfig: at libcore.io.IoBridge.open(IoBridge.java:561)
06-10 13:51:04.441 523 550 W SystemConfig: ... 14 more
06-10 13:51:04.443 523 550 D SystemServerInitThreadPool: Finished executing ReadingSystemConfig
06-10 13:51:04.444 523 552 I Binder : Setting heavy hitter watcher config: false, 0, 0.0
06-10 13:51:04.494 523 523 D BatteryStatsImpl: Reading daily items from /data/system/batterystats-daily.xml
06-10 13:51:04.509 198 198 I hwservicemanager: getTransport: Cannot find entry android.hardware.power.stats@1.0::IPowerStats/default in either framework or device VINTF manifest.
06-10 13:51:04.509 523 559 E BatteryStatsService: Unable to load Power.Stats.HAL. Setting rail availability to false
06-10 13:51:04.511 523 559 E BluetoothAdapter: Bluetooth binder is null
06-10 13:51:04.512 523 559 I KernelCpuUidFreqTimeReader: mPerClusterTimesAvailable=false
06-10 13:51:04.515 523 559 W KernelCpuUidFreqTimeBpfMapReader: Failed to start tracking
06-10 13:51:04.516 523 559 W KernelCpuProcStringReader: File not found. It's normal if not implemented: /proc/uid_time_in_state
06-10 13:51:04.517 523 559 W KernelCpuUidActiveTimeBpfMapReader: Failed to start tracking
06-10 13:51:04.518 523 559 W KernelCpuProcStringReader: File not found. It's normal if not implemented: /proc/uid_concurrent_active_time
06-10 13:51:04.518 523 559 W KernelCpuUidClusterTimeBpfMapReader: Failed to start tracking
06-10 13:51:04.519 523 559 W KernelCpuProcStringReader: File not found. It's normal if not implemented: /proc/uid_concurrent_policy_time
06-10 13:51:04.519 523 559 E KernelCpuSpeedReader: Failed to read cpu-freq: /sys/devices/system/cpu/cpu0/cpufreq/stats/time_in_state: open failed: ENOENT (No such file or directory)
06-10 13:51:04.520 523 559 E system_server: Cannot read thread CPU times for PID 523
06-10 13:51:04.516 220 220 I Binder:220_2: type=1400 audit(0.0:305): avc: denied { read } for name="event_count" dev="sysfs" ino=22115 scontext=u:r:system_suspend:s0 tcontext=u:object_r:sysfs:s0 tclass=file permissive=1
06-10 13:51:04.516 220 220 I Binder:220_2: type=1400 audit(0.0:306): avc: denied { open } for path="/sys/devices/platform/soc@3000000/7040000.s_cir/wakeup/wakeup4/event_count" dev="sysfs" ino=22115 scontext=u:r:system_suspend:s0 tcontext=u:object_r:sysfs:s0 tclass=file permissive=1
06-10 13:51:04.516 220 220 I Binder:220_2: type=1400 audit(0.0:307): avc: denied { getattr } for path="/sys/devices/platform/soc@3000000/7040000.s_cir/wakeup/wakeup4/event_count" dev="sysfs" ino=22115 scontext=u:r:system_suspend:s0 tcontext=u:object_r:sysfs:s0 tclass=file permissive=1
06-10 13:51:04.537 523 559 W KernelMemoryBandwidthStats: No kernel memory bandwidth stats available
06-10 13:51:04.728 523 523 I IntentFirewall: Read new rules (A:0 B:0 S:0)
06-10 13:51:04.748 523 523 E libprocessgroup: Failed to open /dev/memcg/apps: Permission denied
06-10 13:51:04.750 523 523 D AppOps : AppOpsService published
06-10 13:51:04.752 523 523 I SystemServerTiming: StartDataLoaderManagerService
06-10 13:51:04.752 523 523 I SystemServiceManager: Starting com.android.server.pm.DataLoaderManagerService
06-10 13:51:04.756 523 523 I SystemServerTiming: StartIncrementalService
06-10 13:51:04.760 523 523 I incfs-mounts: [incfs] Loaded incremental-fs mount info: 0 instances, 0 mount points
06-10 13:51:04.762 523 523 I SystemServerTiming: StartPowerManager
06-10 13:51:04.762 523 523 I SystemServiceManager: Starting com.android.server.power.PowerManagerService
06-10 13:51:04.774 197 197 I servicemanager: Found android.hardware.power.IPower/default in device VINTF manifest.
06-10 13:51:04.781 198 198 I hw-BpHwBinder: onLastStrongRef automatically unlinking death recipients
06-10 13:51:04.783 276 276 I AW_PowerHAL: Power setMode: INTERACTIVE to: 1
06-10 13:51:04.783 276 276 I AW_PowerHAL: not completed yet, ignore mode request other
06-10 13:51:04.783 276 276 I AW_PowerHAL: check: Mode 0 not Supported ,do nothing
06-10 13:51:04.786 523 523 I SystemServerTiming: StartThermalManager
06-10 13:51:04.786 523 523 I SystemServiceManager: Starting com.android.server.power.ThermalManagerService
06-10 13:51:04.788 523 523 I SystemServerTiming: StartHintManager
06-10 13:51:04.788 523 523 I SystemServiceManager: Starting com.android.server.power.hint.HintManagerService
06-10 13:51:04.790 523 523 E PowerHalController: getHintSessionPreferredRate failed: Status(-129, EX_TRANSACTION_FAILED): 'UNKNOWN_TRANSACTION: '
06-10 13:51:04.791 523 523 I SystemServerTiming: InitPowerManagement
06-10 13:51:04.793 523 523 I SystemServerTiming: StartRecoverySystemService
06-10 13:51:04.794 523 523 I SystemServiceManager: Starting com.android.server.recoverysystem.RecoverySystemService$Lifecycle
06-10 13:51:04.797 523 523 I PackageWatchdog: Syncing state, reason: added new observer
06-10 13:51:04.797 523 523 I PackageWatchdog: Not pruning observers, elapsed time: 0ms
06-10 13:51:04.797 523 523 I PackageWatchdog: Cancelling state sync, nothing to sync
06-10 13:51:04.797 523 551 I PackageWatchdog: Saving observer state to file
06-10 13:51:04.799 523 523 I SystemServerTiming: StartLightsService
06-10 13:51:04.799 523 523 I SystemServiceManager: Starting com.android.server.lights.LightsService
06-10 13:51:04.806 197 197 I servicemanager: Found android.hardware.light.ILights/default in device VINTF manifest.
06-10 13:51:04.809 275 275 I android.hardware.lights-service: Lights reporting supported lights size=1
06-10 13:51:04.813 523 523 I SystemServerTiming: StartSidekickService
06-10 13:51:04.814 523 523 I SystemServerTiming: StartDisplayManager
06-10 13:51:04.814 523 523 I SystemServiceManager: Starting com.android.server.display.DisplayManagerService
06-10 13:51:04.832 293 344 E HWComposer: getSupportedContentTypes: getSupportedContentTypes failed for display 0: Unsupported (8)
06-10 13:51:04.833 523 523 I SystemServerTiming: WaitForDisplay
06-10 13:51:04.833 523 523 I SystemServiceManager: Starting phase 100
06-10 13:51:04.833 523 523 I SystemServerTiming: OnBootPhase_100
06-10 13:51:04.846 523 546 I DisplayDeviceRepository: Display device added: DisplayDeviceInfo{"内置屏幕": uniqueId="local:0", 1920 x 1080, modeId 1, defaultModeId 1, supportedModes [{id=1, width=1920, height=1080, fps=60.000004, alternativeRefreshRates=[]}], colorMode 0, supportedColorModes [0], hdrCapabilities HdrCapabilities{mSupportedHdrTypes=[2, 3], mMaxLuminance=500.0, mMaxAverageLuminance=500.0, mMinLuminance=0.0}, allmSupported false, gameContentTypeSupported false, density 240, 0.16 x 0.16 dpi, appVsyncOff 1000000, presDeadline 16666666, touch INTERNAL, rotation 0, type INTERNAL, address {port=0}, deviceProductInfo null, state UNKNOWN, frameRateOverride , brightnessMinimum 0.0, brightnessMaximum 1.0, brightnessDefault 0.39763778, FLAG_DEFAULT_DISPLAY, FLAG_ROTATES_WITH_CONTENT, FLAG_SECURE, FLAG_SUPPORTS_PROTECTED_BUFFERS}
06-10 13:51:04.848 523 546 I LogicalDisplayMapper: Applying layout: [{addr: {port=0}, dispId: 0(ON)}], Previous layout: null
06-10 13:51:04.850 523 546 I LogicalDisplayMapper: Adding new display: 0: DisplayInfo{"内置屏幕", displayId 0", displayGroupId -1, FLAG_SECURE, FLAG_SUPPORTS_PROTECTED_BUFFERS, FLAG_TRUSTED, real 1920 x 1080, largest app 1920 x 1080, smallest app 1920 x 1080, appVsyncOff 1000000, presDeadline 16666666, mode 1, defaultMode 1, modes [{id=1, width=1920, height=1080, fps=60.000004, alternativeRefreshRates=[]}], hdrCapabilities HdrCapabilities{mSupportedHdrTypes=[2, 3], mMaxLuminance=500.0, mMaxAverageLuminance=500.0, mMinLuminance=0.0}, userDisabledHdrTypes [], minimalPostProcessingSupported false, rotation 0, state UNKNOWN, type INTERNAL, uniqueId "local:0", app 1920 x 1080, density 240 (0.16 x 0.16) dpi, layerStack 0, colorMode 0, supportedColorModes [0], address {port=0}, deviceProductInfo null, removeMode 0, refreshRateOverride 0.0, brightnessMinimum 0.0, brightnessMaximum 1.0, brightnessDefault 0.39763778}
06-10 13:51:04.851 523 546 I LogicalDisplayMapper: Setting new display group 0 for display 0, from previous group: null
06-10 13:51:04.852 523 523 I SystemServerTiming: StartDomainVerificationService
06-10 13:51:04.875 523 523 I SystemServerTiming: StartPackageManagerService
06-10 13:51:04.876 523 523 I Watchdog: Pausing HandlerChecker: main thread for reason: packagemanagermain. Pause count: 1
06-10 13:51:04.885 523 523 I PackageManagerTiming: create package manager
06-10 13:51:04.898 523 523 E PackageManager: /oem/delete.txt not exist
06-10 13:51:04.898 523 523 I PackageManagerTiming: createSubComponents
06-10 13:51:04.936 523 523 I PackageManagerTiming: addSharedUsers
06-10 13:51:04.939 523 523 I PackageManagerTiming: get system config
06-10 13:51:04.943 523 523 D PackageManager: Directories scanned as system partitions: [/system:0, /vendor:524288, /odm:4194304, /oem:262144, /product:1048576, /system/system_ext:2097152, /apex/com.android.wifi:8388608, /apex/com.android.vndk.v31:8388608, /apex/com.android.tzdata:8388608, /apex/com.android.tethering:8388608, /apex/com.android.sdkext:8388608, /apex/com.android.scheduling:8388608, /apex/com.android.runtime:8388608, /apex/com.android.resolv:8388608, /apex/com.android.permission:8388608, /apex/com.android.os.statsd:8388608, /apex/com.android.neuralnetworks:8388608, /apex/com.android.mediaprovider:8388608, /apex/com.android.media.swcodec:8388608, /apex/com.android.media:8388608, /apex/com.android.ipsec:8388608, /apex/com.android.i18n:8388608, /apex/com.android.extservices:8388608, /apex/com.android.conscrypt:8388608, /apex/com.android.art:8388608, /apex/com.android.appsearch:8388608, /apex/com.android.adbd:8388608]
06-10 13:51:04.951 523 523 D SELinuxMMAC: Using policy file /system/etc/selinux/plat_mac_permissions.xml
06-10 13:51:04.957 523 523 D SELinuxMMAC: Using policy file /system_ext/etc/selinux/system_ext_mac_permissions.xml
06-10 13:51:04.959 523 523 D SELinuxMMAC: Using policy file /vendor/etc/selinux/vendor_mac_permissions.xml
06-10 13:51:04.961 523 523 I PackageManagerTiming: loadFallbacks
06-10 13:51:04.963 523 523 D FallbackCategoryProvider: Found 1 fallback categories
06-10 13:51:04.963 523 523 I PackageManagerTiming: read user settings
06-10 13:51:05.090 394 394 I update_engine: [INFO:cleanup_previous_update_action.cc(112)] Executing task 3
06-10 13:51:05.093 394 394 I update_engine: [INFO:cleanup_previous_update_action.cc(124)] CleanupPreviousUpdateAction scheduled task ID 4 for WaitBootCompleted
06-10 13:51:05.113 523 542 D SystemServerInitThreadPool: Finished executing loadPreinstalledSystemFontMap
06-10 13:51:05.173 523 523 W android.permission.PermissionManager: Missing ActivityManager; assuming 1000 holds android.permission.SET_PREFERRED_APPLICATIONS
06-10 13:51:05.174 523 523 W android.permission.PermissionManager: Missing ActivityManager; assuming 1000 holds android.permission.SET_PREFERRED_APPLICATIONS
06-10 13:51:05.175 523 523 W android.permission.PermissionManager: Missing ActivityManager; assuming 1000 holds android.permission.SET_PREFERRED_APPLICATIONS
06-10 13:51:05.175 523 523 W android.permission.PermissionManager: Missing ActivityManager; assuming 1000 holds android.permission.SET_PREFERRED_APPLICATIONS
06-10 13:51:05.175 523 523 W android.permission.PermissionManager: Missing ActivityManager; assuming 1000 holds android.permission.SET_PREFERRED_APPLICATIONS
06-10 13:51:05.175 523 523 W android.permission.PermissionManager: Missing ActivityManager; assuming 1000 holds android.permission.SET_PREFERRED_APPLICATIONS
06-10 13:51:05.176 523 523 W android.permission.PermissionManager: Missing ActivityManager; assuming 1000 holds android.permission.SET_PREFERRED_APPLICATIONS
06-10 13:51:05.176 523 523 W android.permission.PermissionManager: Missing ActivityManager; assuming 1000 holds android.permission.SET_PREFERRED_APPLICATIONS
06-10 13:51:05.176 523 523 W android.permission.PermissionManager: Missing ActivityManager; assuming 1000 holds android.permission.SET_PREFERRED_APPLICATIONS
06-10 13:51:05.176 523 523 W android.permission.PermissionManager: Missing ActivityManager; assuming 1000 holds android.permission.SET_PREFERRED_APPLICATIONS
06-10 13:51:05.176 523 523 W android.permission.PermissionManager: Missing ActivityManager; assuming 1000 holds android.permission.SET_PREFERRED_APPLICATIONS
06-10 13:51:05.177 523 523 W android.permission.PermissionManager: Missing ActivityManager; assuming 1000 holds android.permission.SET_PREFERRED_APPLICATIONS
06-10 13:51:05.177 523 523 W android.permission.PermissionManager: Missing ActivityManager; assuming 1000 holds android.permission.SET_PREFERRED_APPLICATIONS
06-10 13:51:05.177 523 523 W android.permission.PermissionManager: Missing ActivityManager; assuming 1000 holds android.permission.SET_PREFERRED_APPLICATIONS
06-10 13:51:05.177 523 523 W android.permission.PermissionManager: Missing ActivityManager; assuming 1000 holds android.permission.SET_PREFERRED_APPLICATIONS
06-10 13:51:05.177 523 523 W android.permission.PermissionManager: Missing ActivityManager; assuming 1000 holds android.permission.SET_PREFERRED_APPLICATIONS
06-10 13:51:05.178 523 523 W android.permission.PermissionManager: Missing ActivityManager; assuming 1000 holds android.permission.SET_PREFERRED_APPLICATIONS
06-10 13:51:05.178 523 523 W android.permission.PermissionManager: Missing ActivityManager; assuming 1000 holds android.permission.SET_PREFERRED_APPLICATIONS
06-10 13:51:05.178 523 523 W android.permission.PermissionManager: Missing ActivityManager; assuming 1000 holds android.permission.SET_PREFERRED_APPLICATIONS
06-10 13:51:05.178 523 523 W android.permission.PermissionManager: Missing ActivityManager; assuming 1000 holds android.permission.SET_PREFERRED_APPLICATIONS
06-10 13:51:05.179 523 523 W android.permission.PermissionManager: Missing ActivityManager; assuming 1000 holds android.permission.SET_PREFERRED_APPLICATIONS
06-10 13:51:05.179 523 523 W android.permission.PermissionManager: Missing ActivityManager; assuming 1000 holds android.permission.SET_PREFERRED_APPLICATIONS
06-10 13:51:05.179 523 523 W android.permission.PermissionManager: Missing ActivityManager; assuming 1000 holds android.permission.SET_PREFERRED_APPLICATIONS
06-10 13:51:05.179 523 523 W android.permission.PermissionManager: Missing ActivityManager; assuming 1000 holds android.permission.SET_PREFERRED_APPLICATIONS
06-10 13:51:05.180 523 523 W android.permission.PermissionManager: Missing ActivityManager; assuming 1000 holds android.permission.SET_PREFERRED_APPLICATIONS
06-10 13:51:05.180 523 523 W android.permission.PermissionManager: Missing ActivityManager; assuming 1000 holds android.permission.SET_PREFERRED_APPLICATIONS
06-10 13:51:05.180 523 523 W android.permission.PermissionManager: Missing ActivityManager; assuming 1000 holds android.permission.SET_PREFERRED_APPLICATIONS
06-10 13:51:05.180 523 523 W android.permission.PermissionManager: Missing ActivityManager; assuming 1000 holds android.permission.SET_PREFERRED_APPLICATIONS
06-10 13:51:05.180 523 523 W android.permission.PermissionManager: Missing ActivityManager; assuming 1000 holds android.permission.SET_PREFERRED_APPLICATIONS
06-10 13:51:05.181 523 523 W android.permission.PermissionManager: Missing ActivityManager; assuming 1000 holds android.permission.SET_PREFERRED_APPLICATIONS
06-10 13:51:05.181 523 523 W android.permission.PermissionManager: Missing ActivityManager; assuming 1000 holds android.permission.SET_PREFERRED_APPLICATIONS
06-10 13:51:05.181 523 523 W android.permission.PermissionManager: Missing ActivityManager; assuming 1000 holds android.permission.SET_PREFERRED_APPLICATIONS
06-10 13:51:05.181 523 523 W android.permission.PermissionManager: Missing ActivityManager; assuming 1000 holds android.permission.SET_PREFERRED_APPLICATIONS
06-10 13:51:05.181 523 523 W android.permission.PermissionManager: Missing ActivityManager; assuming 1000 holds android.permission.SET_PREFERRED_APPLICATIONS
06-10 13:51:05.182 523 523 W android.permission.PermissionManager: Missing ActivityManager; assuming 1000 holds android.permission.SET_PREFERRED_APPLICATIONS
06-10 13:51:05.182 523 523 W android.permission.PermissionManager: Missing ActivityManager; assuming 1000 holds android.permission.SET_PREFERRED_APPLICATIONS
06-10 13:51:05.182 523 523 W android.permission.PermissionManager: Missing ActivityManager; assuming 1000 holds android.permission.SET_PREFERRED_APPLICATIONS
06-10 13:51:05.182 523 523 W android.permission.PermissionManager: Missing ActivityManager; assuming 1000 holds android.permission.SET_PREFERRED_APPLICATIONS
06-10 13:51:05.183 523 523 W android.permission.PermissionManager: Missing ActivityManager; assuming 1000 holds android.permission.SET_PREFERRED_APPLICATIONS
06-10 13:51:05.183 523 523 W android.permission.PermissionManager: Missing ActivityManager; assuming 1000 holds android.permission.SET_PREFERRED_APPLICATIONS
06-10 13:51:05.183 523 523 W android.permission.PermissionManager: Missing ActivityManager; assuming 1000 holds android.permission.SET_PREFERRED_APPLICATIONS
06-10 13:51:05.184 523 523 W android.permission.PermissionManager: Missing ActivityManager; assuming 1000 holds android.permission.SET_PREFERRED_APPLICATIONS
06-10 13:51:05.184 523 523 W android.permission.PermissionManager: Missing ActivityManager; assuming 1000 holds android.permission.SET_PREFERRED_APPLICATIONS
06-10 13:51:05.184 523 523 W android.permission.PermissionManager: Missing ActivityManager; assuming 1000 holds android.permission.SET_PREFERRED_APPLICATIONS
06-10 13:51:05.184 523 523 W android.permission.PermissionManager: Missing ActivityManager; assuming 1000 holds android.permission.SET_PREFERRED_APPLICATIONS
06-10 13:51:05.184 523 523 W android.permission.PermissionManager: Missing ActivityManager; assuming 1000 holds android.permission.SET_PREFERRED_APPLICATIONS
06-10 13:51:05.185 523 523 W android.permission.PermissionManager: Missing ActivityManager; assuming 1000 holds android.permission.SET_PREFERRED_APPLICATIONS
06-10 13:51:05.185 523 523 W android.permission.PermissionManager: Missing ActivityManager; assuming 1000 holds android.permission.SET_PREFERRED_APPLICATIONS
06-10 13:51:05.185 523 523 W android.permission.PermissionManager: Missing ActivityManager; assuming 1000 holds android.permission.SET_PREFERRED_APPLICATIONS
06-10 13:51:05.185 523 523 W android.permission.PermissionManager: Missing ActivityManager; assuming 1000 holds android.permission.SET_PREFERRED_APPLICATIONS
06-10 13:51:05.185 523 523 W android.permission.PermissionManager: Missing ActivityManager; assuming 1000 holds android.permission.SET_PREFERRED_APPLICATIONS
06-10 13:51:05.186 523 523 W android.permission.PermissionManager: Missing ActivityManager; assuming 1000 holds android.permission.SET_PREFERRED_APPLICATIONS
06-10 13:51:05.186 523 523 W android.permission.PermissionManager: Missing ActivityManager; assuming 1000 holds android.permission.SET_PREFERRED_APPLICATIONS
06-10 13:51:05.186 523 523 W android.permission.PermissionManager: Missing ActivityManager; assuming 1000 holds android.permission.SET_PREFERRED_APPLICATIONS
06-10 13:51:05.186 523 523 W android.permission.PermissionManager: Missing ActivityManager; assuming 1000 holds android.permission.SET_PREFERRED_APPLICATIONS
06-10 13:51:05.187 523 523 W android.permission.PermissionManager: Missing ActivityManager; assuming 1000 holds android.permission.SET_PREFERRED_APPLICATIONS
06-10 13:51:05.187 523 523 W android.permission.PermissionManager: Missing ActivityManager; assuming 1000 holds android.permission.SET_PREFERRED_APPLICATIONS
06-10 13:51:05.187 523 523 W android.permission.PermissionManager: Missing ActivityManager; assuming 1000 holds android.permission.SET_PREFERRED_APPLICATIONS
06-10 13:51:05.187 523 523 W android.permission.PermissionManager: Missing ActivityManager; assuming 1000 holds android.permission.SET_PREFERRED_APPLICATIONS
06-10 13:51:05.187 523 523 W android.permission.PermissionManager: Missing ActivityManager; assuming 1000 holds android.permission.SET_PREFERRED_APPLICATIONS
06-10 13:51:05.188 523 523 W android.permission.PermissionManager: Missing ActivityManager; assuming 1000 holds android.permission.SET_PREFERRED_APPLICATIONS
06-10 13:51:05.188 523 523 W android.permission.PermissionManager: Missing ActivityManager; assuming 1000 holds android.permission.SET_PREFERRED_APPLICATIONS
06-10 13:51:05.188 523 523 W android.permission.PermissionManager: Missing ActivityManager; assuming 1000 holds android.permission.SET_PREFERRED_APPLICATIONS
06-10 13:51:05.188 523 523 W android.permission.PermissionManager: Missing ActivityManager; assuming 1000 holds android.permission.SET_PREFERRED_APPLICATIONS
06-10 13:51:05.189 523 523 W android.permission.PermissionManager: Missing ActivityManager; assuming 1000 holds android.permission.SET_PREFERRED_APPLICATIONS
06-10 13:51:05.189 523 523 W android.permission.PermissionManager: Missing ActivityManager; assuming 1000 holds android.permission.SET_PREFERRED_APPLICATIONS
06-10 13:51:05.189 523 523 W android.permission.PermissionManager: Missing ActivityManager; assuming 1000 holds android.permission.SET_PREFERRED_APPLICATIONS
06-10 13:51:05.189 523 523 W android.permission.PermissionManager: Missing ActivityManager; assuming 1000 holds android.permission.SET_PREFERRED_APPLICATIONS
06-10 13:51:05.190 523 523 W android.permission.PermissionManager: Missing ActivityManager; assuming 1000 holds android.permission.SET_PREFERRED_APPLICATIONS
06-10 13:51:05.190 523 523 W android.permission.PermissionManager: Missing ActivityManager; assuming 1000 holds android.permission.SET_PREFERRED_APPLICATIONS
06-10 13:51:05.190 523 523 W android.permission.PermissionManager: Missing ActivityManager; assuming 1000 holds android.permission.SET_PREFERRED_APPLICATIONS
06-10 13:51:05.190 523 523 W android.permission.PermissionManager: Missing ActivityManager; assuming 1000 holds android.permission.SET_PREFERRED_APPLICATIONS
06-10 13:51:05.190 523 523 W android.permission.PermissionManager: Missing ActivityManager; assuming 1000 holds android.permission.SET_PREFERRED_APPLICATIONS
06-10 13:51:05.191 523 523 W android.permission.PermissionManager: Missing ActivityManager; assuming 1000 holds android.permission.SET_PREFERRED_APPLICATIONS
06-10 13:51:05.191 523 523 W android.permission.PermissionManager: Missing ActivityManager; assuming 1000 holds android.permission.SET_PREFERRED_APPLICATIONS
06-10 13:51:05.191 523 523 W android.permission.PermissionManager: Missing ActivityManager; assuming 1000 holds android.permission.SET_PREFERRED_APPLICATIONS
06-10 13:51:05.191 523 523 W android.permission.PermissionManager: Missing ActivityManager; assuming 1000 holds android.permission.SET_PREFERRED_APPLICATIONS
06-10 13:51:05.192 523 523 W android.permission.PermissionManager: Missing ActivityManager; assuming 1000 holds android.permission.SET_PREFERRED_APPLICATIONS
06-10 13:51:05.192 523 523 W android.permission.PermissionManager: Missing ActivityManager; assuming 1000 holds android.permission.SET_PREFERRED_APPLICATIONS
06-10 13:51:05.192 523 523 W android.permission.PermissionManager: Missing ActivityManager; assuming 1000 holds android.permission.SET_PREFERRED_APPLICATIONS
06-10 13:51:05.192 523 523 W android.permission.PermissionManager: Missing ActivityManager; assuming 1000 holds android.permission.SET_PREFERRED_APPLICATIONS
06-10 13:51:05.192 523 523 W android.permission.PermissionManager: Missing ActivityManager; assuming 1000 holds android.permission.SET_PREFERRED_APPLICATIONS
06-10 13:51:05.193 523 523 W android.permission.PermissionManager: Missing ActivityManager; assuming 1000 holds android.permission.SET_PREFERRED_APPLICATIONS
06-10 13:51:05.193 523 523 W android.permission.PermissionManager: Missing ActivityManager; assuming 1000 holds android.permission.SET_PREFERRED_APPLICATIONS
06-10 13:51:05.193 523 523 W android.permission.PermissionManager: Missing ActivityManager; assuming 1000 holds android.permission.SET_PREFERRED_APPLICATIONS
06-10 13:51:05.193 523 523 W android.permission.PermissionManager: Missing ActivityManager; assuming 1000 holds android.permission.SET_PREFERRED_APPLICATIONS
06-10 13:51:05.193 523 523 W android.permission.PermissionManager: Missing ActivityManager; assuming 1000 holds android.permission.SET_PREFERRED_APPLICATIONS
06-10 13:51:05.194 523 523 W android.permission.PermissionManager: Missing ActivityManager; assuming 1000 holds android.permission.SET_PREFERRED_APPLICATIONS
06-10 13:51:05.194 523 523 W android.permission.PermissionManager: Missing ActivityManager; assuming 1000 holds android.permission.SET_PREFERRED_APPLICATIONS
06-10 13:51:05.194 523 523 W android.permission.PermissionManager: Missing ActivityManager; assuming 1000 holds android.permission.SET_PREFERRED_APPLICATIONS
06-10 13:51:05.195 523 523 W android.permission.PermissionManager: Missing ActivityManager; assuming 1000 holds android.permission.SET_PREFERRED_APPLICATIONS
06-10 13:51:05.195 523 523 W android.permission.PermissionManager: Missing ActivityManager; assuming 1000 holds android.permission.SET_PREFERRED_APPLICATIONS
06-10 13:51:05.196 523 523 W android.permission.PermissionManager: Missing ActivityManager; assuming 1000 holds android.permission.SET_PREFERRED_APPLICATIONS
06-10 13:51:05.197 523 523 W android.permission.PermissionManager: Missing ActivityManager; assuming 1000 holds android.permission.SET_PREFERRED_APPLICATIONS
06-10 13:51:05.198 523 523 W android.permission.PermissionManager: Missing ActivityManager; assuming 1000 holds android.permission.SET_PREFERRED_APPLICATIONS
06-10 13:51:05.200 523 523 W android.permission.PermissionManager: Missing ActivityManager; assuming 1000 holds android.permission.SET_PREFERRED_APPLICATIONS
06-10 13:51:05.201 523 523 W android.permission.PermissionManager: Missing ActivityManager; assuming 1000 holds android.permission.SET_PREFERRED_APPLICATIONS
06-10 13:51:05.203 523 523 W android.permission.PermissionManager: Missing ActivityManager; assuming 1000 holds android.permission.SET_PREFERRED_APPLICATIONS
06-10 13:51:05.204 523 523 W android.permission.PermissionManager: Missing ActivityManager; assuming 1000 holds android.permission.SET_PREFERRED_APPLICATIONS
06-10 13:51:05.206 523 523 W android.permission.PermissionManager: Missing ActivityManager; assuming 1000 holds android.permission.SET_PREFERRED_APPLICATIONS
06-10 13:51:05.206 523 523 W android.permission.PermissionManager: Missing ActivityManager; assuming 1000 holds android.permission.SET_PREFERRED_APPLICATIONS
06-10 13:51:05.207 523 523 W android.permission.PermissionManager: Missing ActivityManager; assuming 1000 holds android.permission.SET_PREFERRED_APPLICATIONS
06-10 13:51:05.207 523 523 W android.permission.PermissionManager: Missing ActivityManager; assuming 1000 holds android.permission.SET_PREFERRED_APPLICATIONS
06-10 13:51:05.207 523 523 W android.permission.PermissionManager: Missing ActivityManager; assuming 1000 holds android.permission.SET_PREFERRED_APPLICATIONS
06-10 13:51:05.207 523 523 W android.permission.PermissionManager: Missing ActivityManager; assuming 1000 holds android.permission.SET_PREFERRED_APPLICATIONS
06-10 13:51:05.207 523 523 W android.permission.PermissionManager: Missing ActivityManager; assuming 1000 holds android.permission.SET_PREFERRED_APPLICATIONS
06-10 13:51:05.208 523 523 W android.permission.PermissionManager: Missing ActivityManager; assuming 1000 holds android.permission.SET_PREFERRED_APPLICATIONS
06-10 13:51:05.208 523 523 W android.permission.PermissionManager: Missing ActivityManager; assuming 1000 holds android.permission.SET_PREFERRED_APPLICATIONS
06-10 13:51:05.208 523 523 W android.permission.PermissionManager: Missing ActivityManager; assuming 1000 holds android.permission.SET_PREFERRED_APPLICATIONS
06-10 13:51:05.208 523 523 W android.permission.PermissionManager: Missing ActivityManager; assuming 1000 holds android.permission.SET_PREFERRED_APPLICATIONS
06-10 13:51:05.209 523 523 W android.permission.PermissionManager: Missing ActivityManager; assuming 1000 holds android.permission.SET_PREFERRED_APPLICATIONS
06-10 13:51:05.209 523 523 W android.permission.PermissionManager: Missing ActivityManager; assuming 1000 holds android.permission.SET_PREFERRED_APPLICATIONS
06-10 13:51:05.209 523 523 W android.permission.PermissionManager: Missing ActivityManager; assuming 1000 holds android.permission.SET_PREFERRED_APPLICATIONS
06-10 13:51:05.232 523 523 W PackageSettings: Missing permission state for package: com.android.cts.priv.ctsshim
06-10 13:51:05.232 523 523 W PackageSettings: Missing permission state for package: com.android.internal.systemui.navbar.gestural_wide_back
06-10 13:51:05.233 523 523 W PackageSettings: Missing permission state for package: com.softwinner.awlogsettings
06-10 13:51:05.233 523 523 W PackageSettings: Missing permission state for package: com.android.htmlviewer
06-10 13:51:05.233 523 523 W PackageSettings: Missing permission state for package: com.android.internal.systemui.onehanded.gestural
06-10 13:51:05.233 523 523 W PackageSettings: Missing permission state for package: com.android.simappdialog
06-10 13:51:05.233 523 523 W PackageSettings: Missing permission state for package: com.android.connectivity.resources
06-10 13:51:05.233 523 523 W PackageSettings: Missing permission state for package: com.android.modulemetadata
06-10 13:51:05.233 523 523 W PackageSettings: Missing permission state for package: com.google.android.apps.searchlite.overlay
06-10 13:51:05.233 523 523 W PackageSettings: Missing permission state for package: com.android.internal.systemui.navbar.threebutton
06-10 13:51:05.233 523 523 W PackageSettings: Missing permission state for package: com.google.android.networkstackconfig
06-10 13:51:05.234 523 523 W PackageSettings: Missing permission state for package: com.android.internal.systemui.navbar.gestural_extra_wide_back
06-10 13:51:05.234 523 523 W PackageSettings: Missing permission state for package: com.android.dreams.basic
06-10 13:51:05.234 523 523 W PackageSettings: Missing permission state for package: android.ext.shared
06-10 13:51:05.234 523 523 W PackageSettings: Missing permission state for package: com.google.android.networkstack.tetheringconfig
06-10 13:51:05.234 523 523 W PackageSettings: Missing permission state for package: com.android.wifi.resources
06-10 13:51:05.234 523 523 W PackageSettings: Missing permission state for package: com.android.theme.font.notoserifsource
06-10 13:51:05.235 523 523 W PackageSettings: Missing permission state for package: com.allwinnertech.packageoverride
06-10 13:51:05.235 523 523 W PackageSettings: Missing permission state for package: com.android.bookmarkprovider
06-10 13:51:05.235 523 523 W PackageSettings: Missing permission state for package: com.android.cts.ctsshim
06-10 13:51:05.235 523 523 W PackageSettings: Missing permission state for package: com.softwinner.theme.icon
06-10 13:51:05.235 523 523 W PackageSettings: Missing permission state for package: com.softwinner.theme.color
06-10 13:51:05.235 523 523 W PackageSettings: Missing permission state for package: com.android.internal.systemui.navbar.gestural
06-10 13:51:05.236 523 523 W PackageSettings: Missing permission state for package: com.android.internal.systemui.navbar.gestural_narrow_back
06-10 13:51:05.236 523 523 W PackageSettings: Missing permission state for package: android.auto_generated_rro_vendor__
06-10 13:51:05.237 523 523 W PackageSettings: Missing permission state for shared user: android.uid.log
06-10 13:51:05.237 523 523 W PackageSettings: Missing permission state for shared user: android.uid.nfc
06-10 13:51:05.237 523 523 W PackageSettings: Missing permission state for shared user: android.uid.uwb
06-10 13:51:05.243 523 523 I PackageManager: Upgrading from Dangbei/raven/raven:12/SP1A.211105.004/20250609.092512:userdebug/release-keys to Dangbei/raven/raven:12/SP1A.211105.004/20250609.114352:user/release-keys
06-10 13:51:05.253 523 523 D PackageManager: Destroying unknown cache 41ec7fd4c53ed6e6b0f7f25e7518ef9369de544e
06-10 13:51:05.279 523 523 D PackageManager: No files in app dir /system/system_ext/overlay
06-10 13:51:05.292 523 523 I PackageManager: /product/overlay/AwAccentColor changed; collecting certs (forced)
06-10 13:51:05.302 523 523 I PackageBackwardCompatibility: Loaded android.content.pm.AndroidTestBaseUpdater
06-10 13:51:05.309 523 523 D CompatibilityChangeReporter: Compat change id reported: 143539591; UID -1; state: ENABLED
06-10 13:51:05.318 523 523 I PackageManager: /product/overlay/TetheringConfig.apk changed; collecting certs (forced)
06-10 13:51:05.331 523 523 I PackageManager: /product/overlay/AwIconShape changed; collecting certs (forced)
06-10 13:51:05.337 523 523 I PackageManager: /product/overlay/NetworkStackConfig.apk changed; collecting certs (forced)
06-10 13:51:05.344 523 523 I PackageManager: /product/overlay/NavigationBarModeGesturalNarrowBack changed; collecting certs (forced)
06-10 13:51:05.351 523 523 I PackageManager: /product/overlay/NavigationBarModeGesturalExtraWideBack changed; collecting certs (forced)
06-10 13:51:05.359 523 523 I PackageManager: /product/overlay/GoogleSearchGoOverlay.apk changed; collecting certs (forced)
06-10 13:51:05.365 523 523 I PackageManager: /product/overlay/NavigationBarModeGestural changed; collecting certs (forced)
06-10 13:51:05.372 523 523 I PackageManager: /product/overlay/FontNotoSerifSource changed; collecting certs (forced)
06-10 13:51:05.379 523 523 I PackageManager: /product/overlay/NavigationBarModeGesturalWideBack changed; collecting certs (forced)
06-10 13:51:05.392 523 523 I PackageManager: /product/overlay/OneHandedModeGestural changed; collecting certs (forced)
06-10 13:51:05.398 523 523 I PackageManager: /product/overlay/NavigationBarMode3Button changed; collecting certs (forced)
06-10 13:51:05.407 523 523 D PackageManager: No files in app dir /oem/overlay
06-10 13:51:05.407 523 523 D PackageManager: No files in app dir /odm/overlay
06-10 13:51:05.415 523 523 I PackageManager: /vendor/overlay/framework-res__auto_generated_rro_vendor.apk changed; collecting certs (forced)
06-10 13:51:05.426 523 523 W PackageManager: Failed to parse /system/framework/arm: Missing base APK in /system/framework/arm
06-10 13:51:05.426 523 523 W PackageManager: Failed to parse /system/framework/oat: Missing base APK in /system/framework/oat/arm
06-10 13:51:05.473 294 316 D Sunxi_PQ: has no clients connectted, close the socket.
06-10 13:51:05.521 523 578 D PackageParsing: homlet: force set orientation: 0
06-10 13:51:05.522 523 578 D PackageParsing: homlet: force set orientation: 0
06-10 13:51:05.523 523 578 D PackageParsing: homlet: force set orientation: 0
06-10 13:51:05.523 523 578 D PackageParsing: homlet: force set orientation: 0
06-10 13:51:05.524 523 578 D PackageParsing: homlet: force set orientation: 0
06-10 13:51:05.524 523 578 D PackageParsing: homlet: force set orientation: 0
06-10 13:51:05.524 523 578 D PackageParsing: homlet: force set orientation: 0
06-10 13:51:05.524 523 578 D PackageParsing: homlet: force set orientation: 0
06-10 13:51:05.525 523 578 D PackageParsing: homlet: force set orientation: 0
06-10 13:51:05.525 523 578 D PackageParsing: homlet: force set orientation: 0
06-10 13:51:05.525 523 578 D PackageParsing: homlet: force set orientation: 0
06-10 13:51:05.525 523 578 D PackageParsing: homlet: force set orientation: 0
