06-10 13:51:37.773 523 628 D NsdService: registerService: 8 name: b42f0315e8b9@当贝投屏A0, type: _raop._tcp, host: null, port: 36799, txtRecord: txtvers=1 am=AppleTV2,1ch=2
06-10 13:51:37.773 523 628 D NsdService: cn=0,1,2,3da=trueet=0,3,5ft=0x527FFFF7,0x1Emd=0,1,2Cpk=b07727d6f6cd6e08b58ede525ec3cdeaa252ad9f683feb212ef8a205246554e7pw=falsesf=0x4sr=44100ss=16sv=falsetp=UDPvn=65537 vs=220.68vv=2 rhd=5.6.0.0
06-10 13:51:37.773 523 628 D NsdService: mdnssd [register, 8, b42f0315e8b9@当贝投屏A0, _raop._tcp, 36799, CXR4dHZlcnM9MQ1hbT1BcHBsZVRWMiwxBGNoPTIKY249MCwxLDIsMwdkYT10cnVlCGV0PTAsMyw1EmZ0PTB4NTI3RkZGRjcsMHgxRQhtZD0wLDEsMkNwaz1iMDc3MjdkNmY2Y2Q2ZTA4YjU4ZWRlNTI1ZWMzY2RlYWEyNTJhZDlmNjgzZmViMjEyZWY4YTIwNTI0NjU1NGU3CHB3PWZhbHNlBnNmPTB4NAhzcj00NDEwMAVzcz0xNghzdj1mYWxzZQZ0cD1VRFAIdm49NjU1MzcJdnM9MjIwLjY4BHZ2PTILcmhkPTUuNi4wLjA=]
06-10 13:51:37.775 523 628 D NsdService: Register 6 8
06-10 13:51:37.777 523 2910 D CCodec : allocate(c2.android.vorbis.decoder)
06-10 13:51:37.777 391 964 V C2Store : in init
06-10 13:51:37.777 391 964 V C2Store : loading dll
06-10 13:51:37.782 523 2910 I CCodec : Created component [c2.android.vorbis.decoder]
06-10 13:51:37.782 523 2910 D CCodecConfig: read media type: audio/vorbis
06-10 13:51:37.785 523 2910 D ReflectedParamUpdater: extent() != 1 for single value type: algo.buffers.max-count.values
06-10 13:51:37.786 523 2910 D ReflectedParamUpdater: extent() != 1 for single value type: output.subscribed-indices.values
06-10 13:51:37.786 523 2910 D ReflectedParamUpdater: extent() != 1 for single value type: input.buffers.allocator-ids.values
06-10 13:51:37.786 523 2910 D ReflectedParamUpdater: extent() != 1 for single value type: output.buffers.allocator-ids.values
06-10 13:51:37.786 523 2910 D ReflectedParamUpdater: extent() != 1 for single value type: algo.buffers.allocator-ids.values
06-10 13:51:37.786 523 2910 D ReflectedParamUpdater: extent() != 1 for single value type: output.buffers.pool-ids.values
06-10 13:51:37.786 523 2910 D ReflectedParamUpdater: extent() != 1 for single value type: algo.buffers.pool-ids.values
06-10 13:51:37.789 523 2910 I CCodecConfig: query failed after returning 7 values (BAD_INDEX)
06-10 13:51:37.789 523 2910 D CCodecConfig: c2 config diff is Dict {
06-10 13:51:37.789 523 2910 D CCodecConfig: c2::u32 coded.bitrate.value = 64000
06-10 13:51:37.789 523 2910 D CCodecConfig: c2::u32 input.buffers.max-size.value = 32768
06-10 13:51:37.789 523 2910 D CCodecConfig: c2::u32 input.delay.value = 0
06-10 13:51:37.789 523 2910 D CCodecConfig: string input.media-type.value = "audio/vorbis"
06-10 13:51:37.789 523 2910 D CCodecConfig: string output.media-type.value = "audio/raw"
06-10 13:51:37.789 523 2910 D CCodecConfig: c2::u32 raw.channel-count.value = 1
06-10 13:51:37.789 523 2910 D CCodecConfig: c2::u32 raw.sample-rate.value = 48000
06-10 13:51:37.789 523 2910 D CCodecConfig: }
06-10 13:51:37.791 523 2910 D CCodec : [c2.android.vorbis.decoder] buffers are bound to CCodec for this session
06-10 13:51:37.791 523 2910 D CCodecConfig: no c2 equivalents for durationUs
06-10 13:51:37.791 523 2910 D CCodecConfig: no c2 equivalents for track-id
06-10 13:51:37.791 523 2910 D CCodecConfig: no c2 equivalents for csd-1
06-10 13:51:37.791 523 2910 D CCodecConfig: no c2 equivalents for channel-mask
06-10 13:51:37.791 523 2910 D CCodecConfig: no c2 equivalents for flags
06-10 13:51:37.792 523 2910 D CCodecConfig: c2 config diff is c2::u32 coded.bitrate.value = 112000
06-10 13:51:37.792 523 2910 D CCodecConfig: c2::u32 raw.channel-count.value = 2
06-10 13:51:37.792 523 2910 D CCodecConfig: c2::u32 raw.sample-rate.value = 44100
06-10 13:51:37.793 523 2910 W Codec2Client: query -- param skipped: index = 1107298332.
06-10 13:51:37.794 523 2910 D CCodec : setup formats input: AMessage(what = 0x00000000) = {
06-10 13:51:37.794 523 2910 D CCodec : int32_t bitrate = 112000
06-10 13:51:37.794 523 2910 D CCodec : int32_t channel-count = 2
06-10 13:51:37.794 523 2910 D CCodec : int32_t max-input-size = 32768
06-10 13:51:37.794 523 2910 D CCodec : string mime = "audio/vorbis"
06-10 13:51:37.794 523 2910 D CCodec : int32_t sample-rate = 44100
06-10 13:51:37.794 523 2910 D CCodec : }
06-10 13:51:37.794 523 2910 D CCodec : setup formats output: AMessage(what = 0x00000000) = {
06-10 13:51:37.794 523 2910 D CCodec : int32_t channel-count = 2
06-10 13:51:37.794 523 2910 D CCodec : string mime = "audio/raw"
06-10 13:51:37.794 523 2910 D CCodec : int32_t sample-rate = 44100
06-10 13:51:37.794 523 2910 D CCodec : int32_t channel-mask = 3
06-10 13:51:37.794 523 2910 D CCodec : }
06-10 13:51:37.794 523 2910 I CCodecConfig: query failed after returning 7 values (BAD_INDEX)
06-10 13:51:37.795 523 2910 W Codec2Client: query -- param skipped: index = 1342179345.
06-10 13:51:37.795 523 2910 W Codec2Client: query -- param skipped: index = 2415921170.
06-10 13:51:37.796 523 2910 D CCodecBufferChannel: [c2.android.vorbis.decoder#787] Created input block pool with allocatorID 16 => poolID 25 - OK (0)
06-10 13:51:37.797 523 2910 I CCodecBufferChannel: [c2.android.vorbis.decoder#787] Created output block pool with allocatorID 16 => poolID 27 - OK
06-10 13:51:37.797 523 2910 D CCodecBufferChannel: [c2.android.vorbis.decoder#787] Configured output block pool ids 27 => OK
06-10 13:51:37.800 391 2911 D SimpleC2Component: Using output block pool with poolID 27 => got 27 - 0
06-10 13:51:37.817 335 2879 D XM_HIDREAD: poll ret=1, event=1
06-10 13:51:37.817 335 2879 D XM_HIDREAD: [9 bytes]:01 00 00 52 00 00 00 00 00
06-10 13:51:37.817 523 606 D TvWindowManager: key event key = KEYCODE_DPAD_UP down = true
06-10 13:51:37.819 523 605 D GpioService: mFlickerEnable = true
06-10 13:51:37.820 2339 2339 I SogouIME: onKeyDown: keyoCode=19
06-10 13:51:37.821 2339 2339 I DefaultIMS: onKeyDown: keyoCode=19
06-10 13:51:37.822 1165 1165 E SecondScreen: FirstScreenLayoutView dispatchKeyEvent 19
06-10 13:51:37.828 2339 2339 I DefaultIMS: onStartInput attribute=android.view.inputmethod.EditorInfo@19ab89a restarting=false inputType: 0
06-10 13:51:37.875 523 2910 D CCodecBufferChannel: [c2.android.vorbis.decoder#787] MediaCodec discarded an unknown buffer
06-10 13:51:37.875 523 2910 D CCodecBufferChannel: [c2.android.vorbis.decoder#787] MediaCodec discarded an unknown buffer
06-10 13:51:37.875 523 2910 D CCodecBufferChannel: [c2.android.vorbis.decoder#787] MediaCodec discarded an unknown buffer
06-10 13:51:37.877 523 2910 I hw-BpHwBinder: onLastStrongRef automatically unlinking death recipients
06-10 13:51:37.877 391 964 I hw-BpHwBinder: onLastStrongRef automatically unlinking death recipients
06-10 13:51:37.881 391 964 V C2Store : in ~ComponentModule
06-10 13:51:37.881 391 964 V C2Store : unloading dll
06-10 13:51:37.918 523 545 W IorapForwardingService: No service published for: iorapd
06-10 13:51:37.966 335 2879 D XM_HIDREAD: poll ret=1, event=1
06-10 13:51:37.967 335 2879 D XM_HIDREAD: [9 bytes]:01 00 00 00 00 00 00 00 00
06-10 13:51:37.967 523 606 D TvWindowManager: key event key = KEYCODE_DPAD_UP down = false
06-10 13:51:37.969 2339 2339 I SogouIME: onKeyUp: keyoCode=19
06-10 13:51:37.969 2339 2339 I DefaultIMS: onKeyUp: keyoCode=19
06-10 13:51:37.970 1165 1165 E SecondScreen: FirstScreenLayoutView dispatchKeyEvent 19
06-10 13:51:38.087 335 2879 D XM_HIDREAD: poll ret=1, event=1
06-10 13:51:38.088 335 2879 D XM_HIDREAD: [9 bytes]:01 00 00 52 00 00 00 00 00
06-10 13:51:38.088 523 606 D TvWindowManager: key event key = KEYCODE_DPAD_UP down = true
06-10 13:51:38.089 523 605 D GpioService: mFlickerEnable = true
06-10 13:51:38.091 2339 2339 I SogouIME: onKeyDown: keyoCode=19
06-10 13:51:38.091 2339 2339 I DefaultIMS: onKeyDown: keyoCode=19
06-10 13:51:38.092 1165 1165 E SecondScreen: FirstScreenLayoutView dispatchKeyEvent 19
06-10 13:51:38.132 1324 1733 I bt_stack: [INFO:hearing_aid.cc(1796)] GetDeviceCount: Not initialized yet
06-10 13:51:38.208 335 2879 D XM_HIDREAD: poll ret=1, event=1
06-10 13:51:38.208 335 2879 D XM_HIDREAD: [9 bytes]:01 00 00 00 00 00 00 00 00
06-10 13:51:38.208 523 606 D TvWindowManager: key event key = KEYCODE_DPAD_UP down = false
06-10 13:51:38.211 2339 2339 I SogouIME: onKeyUp: keyoCode=19
06-10 13:51:38.212 2339 2339 I DefaultIMS: onKeyUp: keyoCode=19
06-10 13:51:38.213 1165 1165 E SecondScreen: FirstScreenLayoutView dispatchKeyEvent 19
06-10 13:51:38.261 523 628 D NsdService: Register service
06-10 13:51:38.261 523 628 D NsdService: registerService: 9 name: 当贝投屏A0, type: _db_cast_screen._tcp, host: null, port: 43967, txtRecord: au=1cV=20830mV=100h265=0maxR=4096-3152model=DBBOX-A2deviceid=20:02:FE:19:C2:0E
06-10 13:51:38.261 523 628 D NsdService: mdnssd [register, 9, 当贝投屏A0, _db_cast_screen._tcp, 43967, BGF1PTEIY1Y9MjA4MzAGbVY9MTAwBmgyNjU9MA5tYXhSPTQwOTYtMzE1Mg5tb2RlbD1EQkJPWC1BMhpkZXZpY2VpZD0yMDowMjpGRToxOTpDMjowRQ==]
06-10 13:51:38.263 523 628 D NsdService: Register 7 9
06-10 13:51:38.292 523 817 D SntpClient: request time failed: java.net.SocketTimeoutException: Poll timed out
06-10 13:51:38.552 523 628 D NsdService: Native daemon message SERVICE_REGISTERED: 606 8 "b42f0315e8b9@当贝投屏A0"
06-10 13:51:38.552 523 628 D NsdService: Native daemon message SERVICE_REGISTERED: 606 7 "当贝投屏A0"
06-10 13:51:38.569 335 2879 D XM_HIDREAD: poll ret=1, event=1
06-10 13:51:38.569 335 2879 D XM_HIDREAD: [9 bytes]:01 00 00 4F 00 00 00 00 00
06-10 13:51:38.569 523 606 D TvWindowManager: key event key = KEYCODE_DPAD_RIGHT down = true
06-10 13:51:38.570 523 605 D GpioService: mFlickerEnable = true
06-10 13:51:38.572 2339 2339 I SogouIME: onKeyDown: keyoCode=22
06-10 13:51:38.572 2339 2339 I DefaultIMS: onKeyDown: keyoCode=22
06-10 13:51:38.572 1089 1220 W MediaProvider: getVolumePath for unknown volume: internal
06-10 13:51:38.573 1165 1165 E SecondScreen: FirstScreenLayoutView dispatchKeyEvent 22
06-10 13:51:38.575 1089 1220 W MediaProvider: getVolumePath for unknown volume: internal
06-10 13:51:38.576 1089 1220 W MediaProvider: getVolumePath for unknown volume: internal
06-10 13:51:38.577 1089 1220 W MediaProvider: getVolumePath for unknown volume: internal
06-10 13:51:38.579 1089 1220 W MediaProvider: getVolumePath for unknown volume: internal
06-10 13:51:38.580 1089 1220 W MediaProvider: getVolumePath for unknown volume: internal
06-10 13:51:38.580 2339 2339 I DefaultIMS: onStartInput attribute=android.view.inputmethod.EditorInfo@aa1a09f restarting=false inputType: 0
06-10 13:51:38.581 1089 1220 W MediaProvider: getVolumePath for unknown volume: internal
06-10 13:51:38.582 1089 1220 W MediaProvider: getVolumePath for unknown volume: internal
06-10 13:51:38.583 1089 1220 W MediaProvider: getVolumePath for unknown volume: internal
06-10 13:51:38.584 1089 1220 W MediaProvider: getVolumePath for unknown volume: internal
06-10 13:51:38.584 1089 1220 W MediaProvider: getVolumePath for unknown volume: internal
06-10 13:51:38.586 1089 1220 W MediaProvider: getVolumePath for unknown volume: internal
06-10 13:51:38.587 1089 1220 W MediaProvider: getVolumePath for unknown volume: internal
06-10 13:51:38.588 1089 1220 W MediaProvider: getVolumePath for unknown volume: internal
06-10 13:51:38.589 1089 1220 W MediaProvider: getVolumePath for unknown volume: internal
06-10 13:51:38.591 1089 1220 W MediaProvider: getVolumePath for unknown volume: internal
06-10 13:51:38.592 1089 1220 W MediaProvider: getVolumePath for unknown volume: internal
06-10 13:51:38.594 1089 1220 W MediaProvider: getVolumePath for unknown volume: internal
06-10 13:51:38.595 1089 1220 W MediaProvider: getVolumePath for unknown volume: internal
06-10 13:51:38.597 1089 1220 W MediaProvider: getVolumePath for unknown volume: internal
06-10 13:51:38.599 1089 1220 W MediaProvider: getVolumePath for unknown volume: internal
06-10 13:51:38.601 1089 1220 W MediaProvider: getVolumePath for unknown volume: internal
06-10 13:51:38.603 1089 1220 W MediaProvider: getVolumePath for unknown volume: internal
06-10 13:51:38.604 1089 1220 W MediaProvider: getVolumePath for unknown volume: internal
06-10 13:51:38.605 1089 1220 W MediaProvider: getVolumePath for unknown volume: internal
06-10 13:51:38.606 1089 1220 W MediaProvider: getVolumePath for unknown volume: internal
06-10 13:51:38.606 1089 1220 W MediaProvider: getVolumePath for unknown volume: internal
06-10 13:51:38.607 1089 1220 W MediaProvider: getVolumePath for unknown volume: internal
06-10 13:51:38.608 1089 1220 W MediaProvider: getVolumePath for unknown volume: internal
06-10 13:51:38.608 1089 1220 W MediaProvider: getVolumePath for unknown volume: internal
06-10 13:51:38.609 1089 1220 W MediaProvider: getVolumePath for unknown volume: internal
06-10 13:51:38.609 1089 1220 W MediaProvider: getVolumePath for unknown volume: internal
06-10 13:51:38.610 1089 1220 W MediaProvider: getVolumePath for unknown volume: internal
06-10 13:51:38.738 335 2879 D XM_HIDREAD: poll ret=1, event=1
06-10 13:51:38.738 335 2879 D XM_HIDREAD: [9 bytes]:01 00 00 00 00 00 00 00 00
06-10 13:51:38.738 523 606 D TvWindowManager: key event key = KEYCODE_DPAD_RIGHT down = false
06-10 13:51:38.740 2339 2339 I SogouIME: onKeyUp: keyoCode=22
06-10 13:51:38.740 2339 2339 I DefaultIMS: onKeyUp: keyoCode=22
06-10 13:51:38.741 1165 1165 E SecondScreen: FirstScreenLayoutView dispatchKeyEvent 22
06-10 13:51:38.775 1278 1816 E accept : myIp:192.168.3.12
06-10 13:51:38.779 1278 1816 E accept : connect error
06-10 13:51:38.780 1278 1816 I UpnpServiceImpl: >>> Starting UPnP service...
06-10 13:51:38.780 1278 1816 I UpnpServiceImpl: Using configuration: org.fourthline.cling.android.AndroidUpnpServiceConfiguration
06-10 13:51:38.781 1278 1816 I Router : Creating Router: org.fourthline.cling.android.AndroidRouter
06-10 13:51:38.783 1278 1816 W Router : enable lock:org.fourthline.cling.android.AndroidRouter@501d603_java.util.concurrent.locks.ReentrantReadWriteLock$WriteLock@a4f3980[Unlocked]
06-10 13:51:38.797 1278 1816 W tworkAddressFactoryImpl: Network interface may not be multicast capable: dummy0
06-10 13:51:38.801 1278 1816 I MulticastReceiver: Creating wildcard socket (for receiving multicast datagrams) on port: 1900
06-10 13:51:38.802 1278 1816 I MulticastReceiver: Joining multicast group: /239.255.255.250:1900 on network interface: wlan0
06-10 13:51:38.803 1278 1816 E accept : Adding connector try: 192.168.3.12/192.168.3.12:40531
06-10 13:51:38.804 1278 1816 E accept : Adding connector result: 192.168.3.12/192.168.3.12:40531
06-10 13:51:38.805 1278 1816 I JettyServletContainer: Registering UPnP servlet under context path: /upnp
06-10 13:51:38.806 1278 1816 I DatagramIO: Creating bound socket (for datagram input/output) on: 192.168.3.12/192.168.3.12
06-10 13:51:38.807 1278 2937 E JettyServletContainer: gogogo
06-10 13:51:38.808 1278 2937 I JettyServletContainer: Starting Jetty server...
06-10 13:51:38.808 1278 2937 W System.err: 2025-06-10 13:51:38.808:INFO:lcaf.p:jetty-8.y.z-SNAPSHOT
06-10 13:51:38.809 1278 1816 I Router : WiFi multicast lock acquired
06-10 13:51:38.810 1278 2937 W System.err: 2025-06-10 13:51:38.809:INFO:lcaf.a:Started @192.168.3.12:40531
06-10 13:51:38.810 523 1548 I WifiService: acquireMulticastLock uid=10015
06-10 13:51:38.814 1278 1816 I Router : WiFi lock acquired
06-10 13:51:38.815 523 1548 I WifiService: acquireWifiLock uid=10015 lockMode=3
06-10 13:51:38.819 1278 1816 W Router : enable unlock:org.fourthline.cling.android.AndroidRouter@501d603
06-10 13:51:38.819 1278 1816 I UpnpServiceImpl: <<< UPnP service started successfully
06-10 13:51:38.852 335 2879 D XM_HIDREAD: poll ret=1, event=1
06-10 13:51:38.852 335 2879 D XM_HIDREAD: [9 bytes]:01 00 00 4F 00 00 00 00 00
06-10 13:51:38.852 523 606 D TvWindowManager: key event key = KEYCODE_DPAD_RIGHT down = true
06-10 13:51:38.853 523 605 D GpioService: mFlickerEnable = true
06-10 13:51:38.857 2339 2339 I SogouIME: onKeyDown: keyoCode=22
06-10 13:51:38.858 2339 2339 I DefaultIMS: onKeyDown: keyoCode=22
06-10 13:51:38.859 1165 1165 E SecondScreen: FirstScreenLayoutView dispatchKeyEvent 22
06-10 13:51:38.865 2339 2339 I DefaultIMS: onStartInput attribute=android.view.inputmethod.EditorInfo@d41316 restarting=false inputType: 0
06-10 13:51:38.920 523 545 W IorapForwardingService: No service published for: iorapd
06-10 13:51:38.940 335 2879 D XM_HIDREAD: poll ret=1, event=1
06-10 13:51:38.940 335 2879 D XM_HIDREAD: [9 bytes]:01 00 00 00 00 00 00 00 00
06-10 13:51:38.941 523 606 D TvWindowManager: key event key = KEYCODE_DPAD_RIGHT down = false
06-10 13:51:38.942 2339 2339 I SogouIME: onKeyUp: keyoCode=22
06-10 13:51:38.942 2339 2339 I DefaultIMS: onKeyUp: keyoCode=22
06-10 13:51:38.943 1165 1165 E SecondScreen: FirstScreenLayoutView dispatchKeyEvent 22
06-10 13:51:38.952 523 628 D NsdService: Native daemon message SERVICE_REGISTERED: 606 9 "当贝投屏A0"
06-10 13:51:38.953 369 480 D mediaserver: Time zone APEX ICU file found: /apex/com.android.tzdata/etc/icu/icu_tzdata.dat
06-10 13:51:38.954 369 480 D mediaserver: I18n APEX ICU file found: /apex/com.android.i18n/etc/icu/icudt68l.dat
06-10 13:51:38.969 1278 1602 I crashsdk: crashsdk uploading logs
06-10 13:51:39.055 669 669 E WifiHAL : wifi_get_link_stats: requestResponse Error:-5
06-10 13:51:39.057 523 617 E WifiVendorHal: getWifiLinkLayerStats_1_5_Internal(l.1191) failed {.code = ERROR_INVALID_ARGS, .description = }
06-10 13:51:39.075 335 2879 D XM_HIDREAD: poll ret=1, event=1
06-10 13:51:39.076 335 2879 D XM_HIDREAD: [9 bytes]:01 00 00 4F 00 00 00 00 00
06-10 13:51:39.076 523 606 D TvWindowManager: key event key = KEYCODE_DPAD_RIGHT down = true
06-10 13:51:39.077 523 605 D GpioService: mFlickerEnable = true
06-10 13:51:39.078 2339 2339 I SogouIME: onKeyDown: keyoCode=22
06-10 13:51:39.078 2339 2339 I DefaultIMS: onKeyDown: keyoCode=22
06-10 13:51:39.080 1165 1165 E SecondScreen: FirstScreenLayoutView dispatchKeyEvent 22
06-10 13:51:39.087 2339 2339 I DefaultIMS: onStartInput attribute=android.view.inputmethod.EditorInfo@1210497 restarting=false inputType: 0
06-10 13:51:39.211 335 2879 D XM_HIDREAD: poll ret=1, event=1
06-10 13:51:39.211 335 2879 D XM_HIDREAD: [9 bytes]:01 00 00 00 00 00 00 00 00
06-10 13:51:39.214 523 606 D TvWindowManager: key event key = KEYCODE_DPAD_RIGHT down = false
06-10 13:51:39.220 2339 2339 I SogouIME: onKeyUp: keyoCode=22
06-10 13:51:39.220 2339 2339 I DefaultIMS: onKeyUp: keyoCode=22
06-10 13:51:39.221 1165 1165 E SecondScreen: FirstScreenLayoutView dispatchKeyEvent 22
06-10 13:51:39.334 335 2879 D XM_HIDREAD: poll ret=1, event=1
06-10 13:51:39.334 335 2879 D XM_HIDREAD: [9 bytes]:01 00 00 4F 00 00 00 00 00
06-10 13:51:39.338 523 606 D TvWindowManager: key event key = KEYCODE_DPAD_RIGHT down = true
06-10 13:51:39.340 523 605 D GpioService: mFlickerEnable = true
06-10 13:51:39.342 2339 2339 I SogouIME: onKeyDown: keyoCode=22
06-10 13:51:39.342 2339 2339 I DefaultIMS: onKeyDown: keyoCode=22
06-10 13:51:39.343 1165 1165 E SecondScreen: FirstScreenLayoutView dispatchKeyEvent 22
06-10 13:51:39.347 2339 2339 I DefaultIMS: onStartInput attribute=android.view.inputmethod.EditorInfo@9126eee restarting=false inputType: 0
06-10 13:51:39.447 335 2879 D XM_HIDREAD: poll ret=1, event=1
06-10 13:51:39.447 335 2879 D XM_HIDREAD: [9 bytes]:01 00 00 00 00 00 00 00 00
06-10 13:51:39.447 523 606 D TvWindowManager: key event key = KEYCODE_DPAD_RIGHT down = false
06-10 13:51:39.449 2339 2339 I SogouIME: onKeyUp: keyoCode=22
06-10 13:51:39.449 2339 2339 I DefaultIMS: onKeyUp: keyoCode=22
06-10 13:51:39.450 1165 1165 E SecondScreen: FirstScreenLayoutView dispatchKeyEvent 22
06-10 13:51:39.448 1090 1090 I DefaultDispatch: type=1400 audit(0.0:1192): avc: denied { read } for name="devices" dev="proc" ino=4026532014 scontext=u:r:system_app:s0 tcontext=u:object_r:proc:s0 tclass=file permissive=1
06-10 13:51:39.448 1090 1090 I DefaultDispatch: type=1400 audit(0.0:1193): avc: denied { open } for path="/proc/bus/input/devices" dev="proc" ino=4026532014 scontext=u:r:system_app:s0 tcontext=u:object_r:proc:s0 tclass=file permissive=1
06-10 13:51:39.448 1090 1090 I DefaultDispatch: type=1400 audit(0.0:1194): avc: denied { getattr } for path="/proc/bus/input/devices" dev="proc" ino=4026532014 scontext=u:r:system_app:s0 tcontext=u:object_r:proc:s0 tclass=file permissive=1
06-10 13:51:39.454 1090 2248 E RCInfo : vid:000d
06-10 13:51:39.455 1090 2248 E RCInfo : pid:3838
06-10 13:51:39.456 1090 2248 E RCInfo : vid:000d
06-10 13:51:39.456 1090 2248 E RCInfo : pid:3838
06-10 13:51:39.468 1090 2248 D BluetoothGatt: connect() - device: E4:BB:D3:57:C0:7D, auto: true
06-10 13:51:39.468 1090 2248 D BluetoothGatt: registerApp()
06-10 13:51:39.468 1090 2248 D BluetoothGatt: registerApp() - UUID=d37f71b5-844b-49ed-ad33-67bdf5fa457a
06-10 13:51:39.472 1324 1733 I bluetooth: system/bt/stack/gatt/gatt_api.cc:1019 GATT_Register: Allocated name:GattClient uuid:2ab392be-4943-1bbb-2c34-2ba4743ce706 gatt_if:6 eatt_support:0
06-10 13:51:39.472 1324 1733 I bt_bta_gattc: system/bt/bta/gatt/bta_gattc_act.cc:1110 bta_gattc_conn_cback: Connected att_id:6 transport:le reason:GATT_CONN_OK
06-10 13:51:39.476 1090 1512 D BluetoothGatt: onClientRegistered() - status=0 clientIf=6
06-10 13:51:39.480 1324 1585 I bt_btif_config: system/bt/btif/src/btif_config.cc:137 btif_get_device_type: Device [e4:bb:d3:57:c0:7d] device type 2
06-10 13:51:39.481 1090 1512 D BluetoothGatt: onClientConnectionState() - status=0 clientIf=6 device=E4:BB:D3:57:C0:7D
06-10 13:51:39.482 1090 1512 D BluetoothGatt: discoverServices() - device: E4:BB:D3:57:C0:7D
06-10 13:51:39.488 1324 1585 I bt_bta_gattc: system/bt/bta/gatt/bta_gattc_cache.cc:902 bta_gattc_get_gatt_db: bta_gattc_get_gatt_db
06-10 13:51:39.494 1090 1512 D BluetoothGatt: onSearchComplete() = Device=E4:BB:D3:57:C0:7D Status=0
06-10 13:51:39.572 1090 1512 E ccc : cccccc hhhhhhhhhh RC version is DB-15B-H5-R0111
06-10 13:51:39.573 1090 1512 E RCInfo : vid:000d
06-10 13:51:39.573 1090 1512 E RCInfo : pid:3838
06-10 13:51:39.574 1090 1512 E RCInfo : vid:000d
06-10 13:51:39.574 1090 1512 E RCInfo : pid:3838
06-10 13:51:39.574 1090 1512 E ccc : cccccc 请求remote实时 DB-15B-H5-R0111
06-10 13:51:39.574 1090 1512 E ccc : cccccc requestRemoteInfoInner factory XIMI version DB-15B-H5-R0111
06-10 13:51:39.598 1090 2248 I okhttp.OkHttpClient: --> POST http://tymsgapi.qun7.com/v1/core/ykota (600-byte body)
06-10 13:51:39.644 1090 2248 I okhttp.OkHttpClient: <-- 200 OK http://tymsgapi.qun7.com/v1/core/ykota (45ms, unknown-length body)
06-10 13:51:39.650 1090 1090 W System.err: java.lang.NullPointerException: Attempt to invoke virtual method 'java.lang.String com.etna.haqu.model.business.bean.db.remote.RemoteUpdateBean.getDownloadId()' on a null object reference
06-10 13:51:39.650 1090 1090 W System.err: at com.dangbei.etna.update.remote.RemoteUpdateHelper$requestRemoteInfoInner$1$2.invoke(RemoteUpdateHelper.kt:178)
06-10 13:51:39.650 1090 1090 W System.err: at com.dangbei.etna.update.remote.RemoteUpdateHelper$requestRemoteInfoInner$1$2.invoke(RemoteUpdateHelper.kt:170)
06-10 13:51:39.650 1090 1090 W System.err: at com.etna.haqu.support.ext.FlowExtKt$safeCollect$3.emit(FlowExt.kt:52)
06-10 13:51:39.650 1090 1090 W System.err: at kotlinx.coroutines.flow.FlowKt__ErrorsKt$catchImpl$2.emit(Errors.kt:158)
06-10 13:51:39.650 1090 1090 W System.err: at kotlinx.coroutines.flow.FlowKt__ChannelsKt.emitAllImpl$FlowKt__ChannelsKt(Channels.kt:62)
06-10 13:51:39.650 1090 1090 W System.err: at kotlinx.coroutines.flow.FlowKt__ChannelsKt.access$emitAllImpl$FlowKt__ChannelsKt(Channels.kt:1)
06-10 13:51:39.651 1090 1090 W System.err: at kotlinx.coroutines.flow.FlowKt__ChannelsKt$emitAllImpl$1.invokeSuspend(Unknown Source:14)
06-10 13:51:39.651 1090 1090 W System.err: at kotlin.coroutines.jvm.internal.BaseContinuationImpl.resumeWith(ContinuationImpl.kt:33)
06-10 13:51:39.651 1090 1090 W System.err: at kotlinx.coroutines.DispatchedTask.run(DispatchedTask.kt:106)
06-10 13:51:39.651 1090 1090 W System.err: at android.os.Handler.handleCallback(Handler.java:938)
06-10 13:51:39.651 1090 1090 W System.err: at android.os.Handler.dispatchMessage(Handler.java:99)
06-10 13:51:39.651 1090 1090 W System.err: at android.os.Looper.loopOnce(Looper.java:201)
06-10 13:51:39.651 1090 1090 W System.err: at android.os.Looper.loop(Looper.java:288)
06-10 13:51:39.651 1090 1090 W System.err: at android.app.ActivityThread.main(ActivityThread.java:7854)
06-10 13:51:39.651 1090 1090 W System.err: at java.lang.reflect.Method.invoke(Native Method)
06-10 13:51:39.651 1090 1090 W System.err: at com.android.internal.os.RuntimeInit$MethodAndArgsCaller.run(RuntimeInit.java:548)
06-10 13:51:39.651 1090 1090 W System.err: at com.android.internal.os.ZygoteInit.main(ZygoteInit.java:1182)
06-10 13:51:39.655 1090 1090 E ccc : cccccc com.dangbei.haqusetting not connect
06-10 13:51:39.655 1090 1090 E ccc : cccccc updateHelper 通知更新
06-10 13:51:39.702 401 401 W hdr10p_Configure: 31 callbacks suppressed
06-10 13:51:39.702 401 401 I : DVI mode selected: packets not configured
06-10 13:51:39.702 401 401 W set_vsif_config: 31 callbacks suppressed
06-10 13:51:39.702 401 401 I : Error: set vsif failed
06-10 13:51:39.785 401 401 I : DVI mode selected: packets not configured
06-10 13:51:39.785 401 401 I : Error: set vsif failed
06-10 13:51:39.922 523 545 W IorapForwardingService: No service published for: iorapd
06-10 13:51:40.422 1089 1220 W MediaProvider: getVolumePath for unknown volume: internal
06-10 13:51:40.432 1089 1220 W MediaProvider: getVolumePath for unknown volume: internal
06-10 13:51:40.433 1089 1220 W MediaProvider: getVolumePath for unknown volume: internal
06-10 13:51:40.434 1089 1220 W MediaProvider: getVolumePath for unknown volume: internal
06-10 13:51:40.435 1089 1220 W MediaProvider: getVolumePath for unknown volume: internal
06-10 13:51:40.436 1089 1220 W MediaProvider: getVolumePath for unknown volume: internal
06-10 13:51:40.438 1089 1220 W MediaProvider: getVolumePath for unknown volume: internal
06-10 13:51:40.439 1089 1220 W MediaProvider: getVolumePath for unknown volume: internal
06-10 13:51:40.457 1089 1220 W MediaProvider: getVolumePath for unknown volume: internal
06-10 13:51:40.458 1089 1220 W MediaProvider: getVolumePath for unknown volume: internal
06-10 13:51:40.459 1089 1220 W MediaProvider: getVolumePath for unknown volume: internal
06-10 13:51:40.460 1089 1220 W MediaProvider: getVolumePath for unknown volume: internal
06-10 13:51:40.465 1089 1220 W MediaProvider: getVolumePath for unknown volume: internal
06-10 13:51:40.466 1089 1220 W MediaProvider: getVolumePath for unknown volume: internal
06-10 13:51:40.467 1089 1220 W MediaProvider: getVolumePath for unknown volume: internal
06-10 13:51:40.468 1089 1220 W MediaProvider: getVolumePath for unknown volume: internal
06-10 13:51:40.470 1089 1220 W MediaProvider: getVolumePath for unknown volume: internal
06-10 13:51:40.470 1089 1113 I FuseDaemon: Background concurrent copying GC freed 498351(20MB) AllocSpace objects, 131(2640KB) LOS objects, 49% free, 2538KB/5076KB, paused 155us total 102.028ms
06-10 13:51:40.472 1089 1220 W MediaProvider: getVolumePath for unknown volume: internal
06-10 13:51:40.473 1089 1220 W MediaProvider: getVolumePath for unknown volume: internal
06-10 13:51:40.474 1089 1220 W MediaProvider: getVolumePath for unknown volume: internal
06-10 13:51:40.475 1089 1220 W MediaProvider: getVolumePath for unknown volume: internal
06-10 13:51:40.475 1089 1220 W MediaProvider: getVolumePath for unknown volume: internal
06-10 13:51:40.476 1089 1220 W MediaProvider: getVolumePath for unknown volume: internal
06-10 13:51:40.476 1089 1220 W MediaProvider: getVolumePath for unknown volume: internal
06-10 13:51:40.477 1089 1220 W MediaProvider: getVolumePath for unknown volume: internal
06-10 13:51:40.478 1089 1220 W MediaProvider: getVolumePath for unknown volume: internal
06-10 13:51:40.480 1089 1220 W MediaProvider: getVolumePath for unknown volume: internal
06-10 13:51:40.480 1089 1220 W MediaProvider: getVolumePath for unknown volume: internal
06-10 13:51:40.481 1089 1220 W MediaProvider: getVolumePath for unknown volume: internal
06-10 13:51:40.481 1089 1220 W MediaProvider: getVolumePath for unknown volume: internal
06-10 13:51:40.482 1089 1220 W MediaProvider: getVolumePath for unknown volume: internal
06-10 13:51:40.483 1089 1220 W MediaProvider: getVolumePath for unknown volume: internal
06-10 13:51:40.483 1089 1220 W MediaProvider: getVolumePath for unknown volume: internal
06-10 13:51:40.567 1089 1220 W MediaProvider: getVolumePath for unknown volume: internal
06-10 13:51:40.568 1089 1220 W MediaProvider: getVolumePath for unknown volume: internal
06-10 13:51:40.569 1089 1220 W MediaProvider: getVolumePath for unknown volume: internal
06-10 13:51:40.706 335 2879 D XM_HIDREAD: poll ret=1, event=1
06-10 13:51:40.707 335 2879 D XM_HIDREAD: [9 bytes]:01 00 00 3F 00 00 00 00 00
06-10 13:51:40.707 523 606 D TvWindowManager: key event key = KEYCODE_F6 down = true
06-10 13:51:40.713 523 606 W ContextImpl: Calling a method in the system process without a qualified user: android.app.ContextImpl.sendBroadcast:1173 com.android.server.policy.TvWindowManager.interceptKeyBeforeQueueing:686 com.android.server.wm.InputManagerCallback.interceptKeyBeforeQueueing:149 com.android.server.input.InputManagerService.interceptKeyBeforeQueueing:2816
06-10 13:51:40.714 523 606 E ActivityManager: Sending non-protected broadcast com.dangbei.specialkey from system 523:system/1000 pkg android
06-10 13:51:40.714 523 606 E ActivityManager: java.lang.Throwable
06-10 13:51:40.714 523 606 E ActivityManager: at com.android.server.am.ActivityManagerService.checkBroadcastFromSystem(ActivityManagerService.java:12816)
06-10 13:51:40.714 523 606 E ActivityManager: at com.android.server.am.ActivityManagerService.broadcastIntentLocked(ActivityManagerService.java:13416)
06-10 13:51:40.714 523 606 E ActivityManager: at com.android.server.am.ActivityManagerService.broadcastIntentLocked(ActivityManagerService.java:12833)
06-10 13:51:40.714 523 606 E ActivityManager: at com.android.server.am.ActivityManagerService.broadcastIntentWithFeature(ActivityManagerService.java:13670)
06-10 13:51:40.714 523 606 E ActivityManager: at android.app.ContextImpl.sendBroadcast(ContextImpl.java:1177)
06-10 13:51:40.714 523 606 E ActivityManager: at com.android.server.policy.TvWindowManager.interceptKeyBeforeQueueing(TvWindowManager.java:686)
06-10 13:51:40.714 523 606 E ActivityManager: at com.android.server.wm.InputManagerCallback.interceptKeyBeforeQueueing(InputManagerCallback.java:149)
06-10 13:51:40.714 523 606 E ActivityManager: at com.android.server.input.InputManagerService.interceptKeyBeforeQueueing(InputManagerService.java:2816)
06-10 13:51:40.715 523 606 E ActivityManager: Sending non-protected broadcast com.dangbei.specialkey from system 523:system/1000 pkg android
06-10 13:51:40.715 523 606 E ActivityManager: java.lang.Throwable
06-10 13:51:40.715 523 606 E ActivityManager: at com.android.server.am.ActivityManagerService.checkBroadcastFromSystem(ActivityManagerService.java:12816)
06-10 13:51:40.715 523 606 E ActivityManager: at com.android.server.am.ActivityManagerService.broadcastIntentLocked(ActivityManagerService.java:13513)
06-10 13:51:40.715 523 606 E ActivityManager: at com.android.server.am.ActivityManagerService.broadcastIntentLocked(ActivityManagerService.java:12833)
06-10 13:51:40.715 523 606 E ActivityManager: at com.android.server.am.ActivityManagerService.broadcastIntentWithFeature(ActivityManagerService.java:13670)
06-10 13:51:40.715 523 606 E ActivityManager: at android.app.ContextImpl.sendBroadcast(ContextImpl.java:1177)
06-10 13:51:40.715 523 606 E ActivityManager: at com.android.server.policy.TvWindowManager.interceptKeyBeforeQueueing(TvWindowManager.java:686)
06-10 13:51:40.715 523 606 E ActivityManager: at com.android.server.wm.InputManagerCallback.interceptKeyBeforeQueueing(InputManagerCallback.java:149)
06-10 13:51:40.715 523 606 E ActivityManager: at com.android.server.input.InputManagerService.interceptKeyBeforeQueueing(InputManagerService.java:2816)
06-10 13:51:40.717 523 552 I DropBoxManagerService: add tag=system_server_wtf isTagEnabled=true flags=0x2
06-10 13:51:40.717 523 605 D GpioService: mFlickerEnable = true
06-10 13:51:40.718 2339 2339 I SogouIME: onKeyDown: keyoCode=136
06-10 13:51:40.718 2339 2339 I DefaultIMS: onKeyDown: keyoCode=136
06-10 13:51:40.719 1165 1165 E SecondScreen: FirstScreenLayoutView dispatchKeyEvent 136
06-10 13:51:40.722 1165 1165 E hq : HomeKeyReceiver:::onReceive com.dangbei.specialkey
06-10 13:51:40.723 523 552 I DropBoxManagerService: add tag=system_server_wtf isTagEnabled=true flags=0x2
06-10 13:51:40.791 401 401 I : DVI mode selected: packets not configured
06-10 13:51:40.791 401 401 I : Error: set vsif failed
06-10 13:51:40.803 1090 1090 E ccc : cccccc LifecycleFrameLayout onAttachedToWindow com.dangbei.etna.setting.ui.side.view.SideLayout{f07fe46 V.E...... ......I. 0,0-0,0}
06-10 13:51:40.808 401 401 I : DVI mode selected: packets not configured
06-10 13:51:40.808 401 401 I : Error: set vsif failed
06-10 13:51:40.815 198 198 I hwservicemanager: getTransport: Cannot find entry android.hardware.graphics.mapper@4.0::IMapper/default in either framework or device VINTF manifest.
06-10 13:51:40.815 1090 1090 I Gralloc4: mapper 4.x is not supported
06-10 13:51:40.816 198 198 I hwservicemanager: getTransport: Cannot find entry android.hardware.graphics.mapper@3.0::IMapper/default in either framework or device VINTF manifest.
06-10 13:51:40.816 1090 1090 W Gralloc3: mapper 3.x is not supported
06-10 13:51:40.823 1090 1090 E gralloc : Arm Module v1.0
06-10 13:51:40.825 401 401 I : DVI mode selected: packets not configured
06-10 13:51:40.825 401 401 I : Error: set vsif failed
06-10 13:51:40.829 198 198 I hwservicemanager: getTransport: Cannot find entry android.hardware.graphics.allocator@4.0::IAllocator/default in either framework or device VINTF manifest.
06-10 13:51:40.829 1090 1090 W Gralloc4: allocator 4.x is not supported
06-10 13:51:40.829 198 198 I hwservicemanager: getTransport: Cannot find entry android.hardware.graphics.allocator@3.0::IAllocator/default in either framework or device VINTF manifest.
06-10 13:51:40.829 1090 1090 W Gralloc3: allocator 3.x is not supported
06-10 13:51:40.831 272 296 I gralloc : alloc buffer:W:1920 H:1080 S:1920 PL[1920 1080] SZ:8294400 fmt:1 if:0 af:1 usg:966 fg:00000004
06-10 13:51:40.832 1090 1090 E ion : ioctl c0044901 failed with code -1: Inappropriate ioctl for device
06-10 13:51:40.842 401 401 I : DVI mode selected: packets not configured
06-10 13:51:40.842 401 401 I : Error: set vsif failed
06-10 13:51:40.842 2339 2339 I SogouIME: onKeyUp: keyoCode=136
06-10 13:51:40.842 2339 2339 I DefaultIMS: onKeyUp: keyoCode=136
06-10 13:51:40.853 1165 1165 E SecondScreen: FirstScreenLayoutView dispatchKeyEvent 136
06-10 13:51:40.876 401 401 I : DVI mode selected: packets not configured
06-10 13:51:40.876 401 401 I : Error: set vsif failed
06-10 13:51:40.876 335 2879 D XM_HIDREAD: poll ret=1, event=1
06-10 13:51:40.876 335 2879 D XM_HIDREAD: [9 bytes]:01 00 00 00 00 00 00 00 00
06-10 13:51:40.876 523 606 D TvWindowManager: key event key = KEYCODE_F6 down = false
06-10 13:51:40.878 523 605 W InputDispatcher: Waiting because no window has focus but ActivityRecord{13f839 u0 com.dangbei.leard.leradlauncher/com.dangbei.launcher.home.LauncherActivity t43} may eventually add a window when it finishes starting up. Will wait for 10000ms
06-10 13:51:40.893 401 401 I : DVI mode selected: packets not configured
06-10 13:51:40.893 401 401 I : Error: set vsif failed
06-10 13:51:40.893 401 401 I : DVI mode selected: packets not configured
06-10 13:51:40.893 401 401 I : Error: set vsif failed
06-10 13:51:40.899 523 764 D WifiNl80211Manager: Scan result ready event
06-10 13:51:40.900 523 764 D WifiNative: Scan result ready event
06-10 13:51:40.910 401 401 I : DVI mode selected: packets not configured
06-10 13:51:40.910 401 401 I : Error: set vsif failed
06-10 13:51:40.925 523 545 W IorapForwardingService: No service published for: iorapd
06-10 13:51:40.944 272 296 I gralloc : alloc buffer:W:1920 H:1080 S:1920 PL[1920 1080] SZ:8294400 fmt:1 if:0 af:1 usg:966 fg:00000004
06-10 13:51:40.955 2339 2339 I DefaultIMS: onStartInput attribute=android.view.inputmethod.EditorInfo@db71a95 restarting=false inputType: 0
06-10 13:51:41.048 523 621 D WificondScannerImpl: Filtering out 16 scan results.
06-10 13:51:41.115 278 303 D hdmi-cec: receive invalid cec message!
06-10 13:51:41.115 278 303 D hdmi-cec: receive poll message [04], skip!
06-10 13:51:41.139 669 669 E WifiHAL : wifi_get_link_stats: requestResponse Error:-5
06-10 13:51:41.144 523 617 E WifiVendorHal: getWifiLinkLayerStats_1_5_Internal(l.1191) failed {.code = ERROR_INVALID_ARGS, .description = }
06-10 13:51:41.149 523 764 D ConnectivityService: requestNetwork for uid/pid:1000/1090 activeRequest: null callbackRequest: 35 [NetworkRequest [ REQUEST id=36, [ Capabilities: INTERNET&NOT_RESTRICTED&TRUSTED&NOT_VCN_MANAGED Uid: 1000 RequestorUid: 1000 RequestorPkg: com.dangbei.lerad.etna.haqu] ]] callback flags: 0 priority: 2147483647
06-10 13:51:41.150 523 624 D ConnectivityService: NetReassign [36 : null → 100]
06-10 13:51:41.156 523 662 D Ethernet: got request NetworkRequest [ REQUEST id=36, [ Capabilities: INTERNET&NOT_RESTRICTED&TRUSTED&NOT_VCN_MANAGED Uid: 1000 RequestorUid: 1000 RequestorPkg: com.dangbei.lerad.etna.haqu] ]
06-10 13:51:41.156 523 662 D EthernetNetworkFactory: acceptRequest, request: NetworkRequest [ REQUEST id=36, [ Capabilities: INTERNET&NOT_RESTRICTED&TRUSTED&NOT_VCN_MANAGED Uid: 1000 RequestorUid: 1000 RequestorPkg: com.dangbei.lerad.etna.haqu] ]
06-10 13:51:41.156 523 662 I EthernetNetworkFactory: networkForRequest, request: NetworkRequest [ REQUEST id=36, [ Capabilities: INTERNET&NOT_RESTRICTED&TRUSTED&NOT_VCN_MANAGED Uid: 1000 RequestorUid: 1000 RequestorPkg: com.dangbei.lerad.etna.haqu] ], network: null
06-10 13:51:41.166 1165 1165 E hq : NetWorkStateReceiver:::NetWorkStateReceiver onReceive: 网络变化广播 >>>> intent.action=android.net.wifi.SCAN_RESULTS
06-10 13:51:41.207 523 617 D WifiNetworkFactory: got request NetworkRequest [ REQUEST id=36, [ Capabilities: INTERNET&NOT_RESTRICTED&TRUSTED&NOT_VCN_MANAGED Uid: 1000 RequestorUid: 1000 RequestorPkg: com.dangbei.lerad.etna.haqu] ]
06-10 13:51:41.211 523 617 D UntrustedWifiNetworkFactory: got request NetworkRequest [ REQUEST id=36, [ Capabilities: INTERNET&NOT_RESTRICTED&TRUSTED&NOT_VCN_MANAGED Uid: 1000 RequestorUid: 1000 RequestorPkg: com.dangbei.lerad.etna.haqu] ]
06-10 13:51:41.211 523 617 D OemPaidWifiNetworkFactory: got request NetworkRequest [ REQUEST id=36, [ Capabilities: INTERNET&NOT_RESTRICTED&TRUSTED&NOT_VCN_MANAGED Uid: 1000 RequestorUid: 1000 RequestorPkg: com.dangbei.lerad.etna.haqu] ]
06-10 13:51:41.213 1165 1165 W eventbuscore: post Event:com.dangbei.leard.base.entity.event.NetWifiRssiEvent
06-10 13:51:41.371 1090 2967 D skia : --- Failed to create image decoder with message 'unimplemented'
06-10 13:51:41.373 1090 2968 D skia : --- Failed to create image decoder with message 'unimplemented'
06-10 13:51:41.377 1090 2969 D skia : --- Failed to create image decoder with message 'unimplemented'
06-10 13:51:41.391 1090 2970 D skia : --- Failed to create image decoder with message 'unimplemented'
06-10 13:51:41.405 335 2879 D XM_HIDREAD: poll ret=1, event=1
06-10 13:51:41.405 335 2879 D XM_HIDREAD: [9 bytes]:01 00 00 28 00 00 00 00 00
06-10 13:51:41.408 523 606 D TvWindowManager: key event key = KEYCODE_DPAD_CENTER down = true
06-10 13:51:41.410 523 605 D GpioService: mFlickerEnable = true
06-10 13:51:41.420 1090 2967 D skia : --- Failed to create image decoder with message 'unimplemented'
06-10 13:51:41.428 1090 2968 D skia : --- Failed to create image decoder with message 'unimplemented'
06-10 13:51:41.429 1090 2967 D skia : --- Failed to create image decoder with message 'unimplemented'
06-10 13:51:41.430 1090 2968 D skia : --- Failed to create image decoder with message 'unimplemented'
06-10 13:51:41.430 1090 2967 D skia : --- Failed to create image decoder with message 'unimplemented'
06-10 13:51:41.430 1090 2968 D skia : --- Failed to create image decoder with message 'unimplemented'
06-10 13:51:41.431 1090 2967 D skia : --- Failed to create image decoder with message 'unimplemented'
06-10 13:51:41.431 1090 2970 D skia : --- Failed to create image decoder with message 'unimplemented'
06-10 13:51:41.431 1090 2967 D skia : --- Failed to create image decoder with message 'unimplemented'
06-10 13:51:41.438 1090 2970 D skia : --- Failed to create image decoder with message 'unimplemented'
06-10 13:51:41.447 1090 2968 D skia : --- Failed to create image decoder with message 'unimplemented'
06-10 13:51:41.459 1090 2969 D skia : --- Failed to create image decoder with message 'unimplemented'
06-10 13:51:41.459 1090 2968 D skia : --- Failed to create image decoder with message 'unimplemented'
06-10 13:51:41.460 1090 2970 D skia : --- Failed to create image decoder with message 'unimplemented'
06-10 13:51:41.462 1090 2970 D skia : --- Failed to create image decoder with message 'unimplemented'
06-10 13:51:41.463 1090 2970 D skia : --- Failed to create image decoder with message 'unimplemented'
06-10 13:51:41.465 1090 2969 D skia : --- Failed to create image decoder with message 'unimplemented'
06-10 13:51:41.466 1090 2969 D skia : --- Failed to create image decoder with message 'unimplemented'
06-10 13:51:41.477 1090 2969 D skia : --- Failed to create image decoder with message 'unimplemented'
06-10 13:51:41.478 1090 2969 D skia : --- Failed to create image decoder with message 'unimplemented'
06-10 13:51:41.507 1090 2968 D skia : --- Failed to create image decoder with message 'unimplemented'
06-10 13:51:41.509 1090 2967 D skia : --- Failed to create image decoder with message 'unimplemented'
06-10 13:51:41.509 1090 2968 D skia : --- Failed to create image decoder with message 'unimplemented'
06-10 13:51:41.510 1090 2967 D skia : --- Failed to create image decoder with message 'unimplemented'
06-10 13:51:41.510 1090 2968 D skia : --- Failed to create image decoder with message 'unimplemented'
06-10 13:51:41.510 1090 2967 D skia : --- Failed to create image decoder with message 'unimplemented'
06-10 13:51:41.510 1090 2968 D skia : --- Failed to create image decoder with message 'unimplemented'
06-10 13:51:41.511 1090 2967 D skia : --- Failed to create image decoder with message 'unimplemented'
06-10 13:51:41.511 1090 2967 D skia : --- Failed to create image decoder with message 'unimplemented'
06-10 13:51:41.512 1090 2967 D skia : --- Failed to create image decoder with message 'unimplemented'
06-10 13:51:41.514 1090 2968 D skia : --- Failed to create image decoder with message 'unimplemented'
06-10 13:51:41.516 1090 2968 D skia : --- Failed to create image decoder with message 'unimplemented'
06-10 13:51:41.525 1090 2969 D skia : --- Failed to create image decoder with message 'unimplemented'
06-10 13:51:41.526 1090 2970 D skia : --- Failed to create image decoder with message 'unimplemented'
06-10 13:51:41.528 335 2879 D XM_HIDREAD: poll ret=1, event=1
06-10 13:51:41.528 335 2879 D XM_HIDREAD: [9 bytes]:01 00 00 00 00 00 00 00 00
06-10 13:51:41.529 523 606 D TvWindowManager: key event key = KEYCODE_DPAD_CENTER down = false
06-10 13:51:41.531 1090 2969 D skia : --- Failed to create image decoder with message 'unimplemented'
06-10 13:51:41.532 1090 2969 D skia : --- Failed to create image decoder with message 'unimplemented'
06-10 13:51:41.534 1090 2969 D skia : --- Failed to create image decoder with message 'unimplemented'
06-10 13:51:41.535 1090 2969 D skia : --- Failed to create image decoder with message 'unimplemented'
06-10 13:51:41.537 1090 2969 D skia : --- Failed to create image decoder with message 'unimplemented'
06-10 13:51:41.541 1090 2970 D skia : --- Failed to create image decoder with message 'unimplemented'
06-10 13:51:41.545 1090 2970 D skia : --- Failed to create image decoder with message 'unimplemented'
06-10 13:51:41.552 1090 2970 D skia : --- Failed to create image decoder with message 'unimplemented'
06-10 13:51:41.553 1090 2970 D skia : --- Failed to create image decoder with message 'unimplemented'
06-10 13:51:41.554 1090 2970 D skia : --- Failed to create image decoder with message 'unimplemented'
06-10 13:51:41.556 523 605 D GpioService: mFlickerEnable = true
06-10 13:51:41.566 2339 2339 I SogouIME: onKeyDown: keyoCode=23
06-10 13:51:41.566 2339 2339 I DefaultIMS: onKeyDown: keyoCode=23
06-10 13:51:41.611 2339 2339 I SogouIME: onKeyUp: keyoCode=23
06-10 13:51:41.611 2339 2339 I DefaultIMS: onKeyUp: keyoCode=23
06-10 13:51:41.619 272 296 I gralloc : alloc buffer:W:1920 H:1080 S:1920 PL[1920 1080] SZ:8294400 fmt:1 if:0 af:1 usg:966 fg:00000004
06-10 13:51:41.620 1090 2248 E ccc : cccccc SideHelper onMessage side_function_tag_pre_setting do
06-10 13:51:41.620 1090 2248 E ccc : cccccc doSetting uri is haqu://setting:8080/home
06-10 13:51:41.621 1090 2248 W ContextImpl: Calling a method in the system process without a qualified user: android.app.ContextImpl.startActivity:1055 android.content.ContextWrapper.startActivity:411 com.dangbei.etna.setting.function.side.SideHelper.doSetting:182 com.dangbei.etna.setting.function.side.SideHelper.onMessage:45 com.dangbei.etna.setting.ui.side.view.SideItemView$onClick$1$1.invokeSuspend:82
06-10 13:51:41.621 1090 2248 W ContextImpl: Calling a method in the system process without a qualified user: android.app.ContextImpl.startActivity:1067 android.app.ContextImpl.startActivity:1056 android.content.ContextWrapper.startActivity:411 com.dangbei.etna.setting.function.side.SideHelper.doSetting:182 com.dangbei.etna.setting.function.side.SideHelper.onMessage:45
06-10 13:51:41.641 523 764 I ActivityStarter: ---START u0 {dat=haqu://setting:8080/home flg=0x10000000 pkg=com.dangbei.haqusetting cmp=com.dangbei.haqusetting/.ui.HomeActivity} from uid 1000
06-10 13:51:41.658 523 764 W ActivityTaskManager: Can't find TaskDisplayArea to determine support for multi window. Task id=44 attached=false
06-10 13:51:41.668 523 764 D CompatibilityChangeReporter: Compat change id reported: 174042980; UID 1000; state: DISABLED
06-10 13:51:41.683 276 276 I AW_PowerHAL: Power setMode: LAUNCH to: 1
06-10 13:51:41.693 523 764 D CompatibilityChangeReporter: Compat change id reported: 168419799; UID 1000; state: DISABLED
06-10 13:51:41.712 523 546 I ActivityManager: com.dangbei.haqusetting is exempt from freezer
06-10 13:51:41.713 523 546 D CompatibilityChangeReporter: Compat change id reported: 135634846; UID 1000; state: DISABLED
06-10 13:51:41.717 276 276 I AW_PowerHAL: cur-mode:LAUNCH
06-10 13:51:41.775 259 259 D Zygote : Forked child process 2977
06-10 13:51:41.777 523 553 W ActivityManager: Slow operation: 66ms so far, now at startProcess: returned from zygote!
06-10 13:51:41.781 523 553 W ActivityManager: Slow operation: 70ms so far, now at startProcess: done updating battery stats
06-10 13:51:41.781 523 553 W ActivityManager: Slow operation: 70ms so far, now at startProcess: building log message
06-10 13:51:41.781 523 553 I ActivityManager: app.processName = com.dangbei.haqusetting
06-10 13:51:41.781 523 553 I ActivityManager: Start proc 2977:com.dangbei.haqusetting/1000 for pre-top-activity {com.dangbei.haqusetting/com.dangbei.haqusetting.ui.HomeActivity}
06-10 13:51:41.781 523 553 W ActivityManager: Slow operation: 70ms so far, now at startProcess: starting to update pids map
06-10 13:51:41.781 523 553 W ActivityManager: Slow operation: 71ms so far, now at startProcess: done updating pids map
06-10 13:51:41.784 293 293 I BpBinder: onLastStrongRef automatically unlinking death recipients:
06-10 13:51:41.783 2977 2977 I Zygote : seccomp disabled by setenforce 0
06-10 13:51:41.800 2210 2210 I rainbow_flow: type=1400 audit(0.0:1195): avc: denied { ioctl } for path="/dev/spidev1.0" dev="tmpfs" ino=6270 ioctlcmd=0x6b00 scontext=u:r:init:s0 tcontext=u:object_r:device:s0 tclass=chr_file permissive=1
06-10 13:51:41.840 1090 1090 E ccc : cccccc LifecycleFrameLayout onDetachedFromWindow
06-10 13:51:41.848 678 678 D TvPipController: onTaskStackChanged()
06-10 13:51:41.844 1278 1278 I cling--ap-1: type=1400 audit(0.0:1196): avc: denied { search } for name="net" dev="sysfs" ino=10442 scontext=u:r:platform_app:s0:c512,c768 tcontext=u:object_r:sysfs_net:s0 tclass=dir permissive=1 app=com.dangbei.screencast
06-10 13:51:41.844 1278 1278 I cling--ap-2: type=1400 audit(0.0:1197): avc: denied { read } for name="address" dev="sysfs" ino=16906 scontext=u:r:platform_app:s0:c512,c768 tcontext=u:object_r:sysfs_net:s0 tclass=file permissive=1 app=com.dangbei.screencast
06-10 13:51:41.844 1278 1278 I cling--ap-1: type=1400 audit(0.0:1198): avc: denied { open } for path="/sys/devices/virtual/net/dummy0/address" dev="sysfs" ino=16906 scontext=u:r:platform_app:s0:c512,c768 tcontext=u:object_r:sysfs_net:s0 tclass=file permissive=1 app=com.dangbei.screencast
06-10 13:51:41.844 1278 1278 I cling--ap-1: type=1400 audit(0.0:1199): avc: denied { getattr } for path="/sys/devices/virtual/net/dummy0/address" dev="sysfs" ino=16906 scontext=u:r:platform_app:s0:c512,c768 tcontext=u:object_r:sysfs_net:s0 tclass=file permissive=1 app=com.dangbei.screencast
06-10 13:51:41.851 523 1818 W InputManager-JNI: Input channel object '882b642 com.dangbei.lerad.etna.haqu (client)' was disposed without first being removed with the input manager!
06-10 13:51:41.856 412 431 I adbd : jdwp connection from 2977
06-10 13:51:41.865 1165 1440 W SQLiteLog: (28) double-quoted string literal: "
06-10 13:51:41.865 1165 1440 W SQLiteLog: (28) double-quoted string literal: "2145BB43EF9F7358A6F6EF375B46F5E5"
06-10 13:51:41.895 2978 2978 W audit : audit_lost=702 audit_rate_limit=5 audit_backlog_limit=64
06-10 13:51:41.895 2978 2978 E audit : rate limit exceeded
06-10 13:51:41.884 1278 1278 I cling--ap-1: type=1400 audit(0.0:1200): avc: denied { read } for name="address" dev="sysfs" ino=28794 scontext=u:r:platform_app:s0:c512,c768 tcontext=u:object_r:sysfs:s0 tclass=file permissive=1 app=com.dangbei.screencast
