06-10 13:51:20.742 1191 1191 D wpa_supplicant: nl80211: Mode IEEE 802.11a: 5170[DISABLED] 5180 5200 5220 5240 5260[RADAR] 5280[RADAR] 5300[RADAR] 5320[RADAR] 5500[DISABLED][RADAR] 5520[DISABLED][RADAR] 5540[DISABLED][RADAR] 5560[DISABLED][RADAR] 5580[DISABLED][RADAR]
06-10 13:51:20.742 1191 1191 D wpa_supplicant: nl80211: Mode IEEE 802.11b: 2412 2417 2422 2427 2432 2437 2442 2447 2452 2457 2462 2467 2472 2484[DISABLED]
06-10 13:51:20.760 1191 1191 D wpa_supplicant: wlan0: Own MAC address: b4:2f:03:15:e8:b9
06-10 13:51:20.760 1191 1191 D wpa_supplicant: wpa_driver_nl80211_set_key: ifindex=14 (wlan0) alg=0 addr=0x0 key_idx=0 set_tx=0 seq_len=0 key_len=0 key_flag=0x10
06-10 13:51:20.760 1191 1191 D wpa_supplicant: nl80211: DEL_KEY
06-10 13:51:20.760 1191 1191 D wpa_supplicant: broadcast key
06-10 13:51:20.761 1191 1191 D wpa_supplicant: wpa_driver_nl80211_set_key: ifindex=14 (wlan0) alg=0 addr=0x0 key_idx=1 set_tx=0 seq_len=0 key_len=0 key_flag=0x10
06-10 13:51:20.761 1191 1191 D wpa_supplicant: nl80211: DEL_KEY
06-10 13:51:20.761 1191 1191 D wpa_supplicant: broadcast key
06-10 13:51:20.761 1191 1191 D wpa_supplicant: wpa_driver_nl80211_set_key: ifindex=14 (wlan0) alg=0 addr=0x0 key_idx=2 set_tx=0 seq_len=0 key_len=0 key_flag=0x10
06-10 13:51:20.761 1191 1191 D wpa_supplicant: nl80211: DEL_KEY
06-10 13:51:20.761 1191 1191 D wpa_supplicant: broadcast key
06-10 13:51:20.761 1191 1191 D wpa_supplicant: wpa_driver_nl80211_set_key: ifindex=14 (wlan0) alg=0 addr=0x0 key_idx=3 set_tx=0 seq_len=0 key_len=0 key_flag=0x10
06-10 13:51:20.761 1191 1191 D wpa_supplicant: nl80211: DEL_KEY
06-10 13:51:20.761 1191 1191 D wpa_supplicant: broadcast key
06-10 13:51:20.761 1191 1191 D wpa_supplicant: wpa_driver_nl80211_set_key: ifindex=14 (wlan0) alg=0 addr=0x0 key_idx=4 set_tx=0 seq_len=0 key_len=0 key_flag=0x10
06-10 13:51:20.761 1191 1191 D wpa_supplicant: nl80211: DEL_KEY
06-10 13:51:20.761 1191 1191 D wpa_supplicant: broadcast key
06-10 13:51:20.762 1191 1191 D wpa_supplicant: wpa_driver_nl80211_set_key: ifindex=14 (wlan0) alg=0 addr=0x0 key_idx=5 set_tx=0 seq_len=0 key_len=0 key_flag=0x10
06-10 13:51:20.762 1191 1191 D wpa_supplicant: nl80211: DEL_KEY
06-10 13:51:20.762 1191 1191 D wpa_supplicant: broadcast key
06-10 13:51:20.762 1191 1191 D wpa_supplicant: wlan0: RSN: flushing PMKID list in the driver
06-10 13:51:20.762 1191 1191 D wpa_supplicant: nl80211: Flush PMKIDs
06-10 13:51:20.764 1191 1191 D wpa_supplicant: wlan0: State: DISCONNECTED -> INACTIVE
06-10 13:51:20.764 1191 1191 D wpa_supplicant: Notifying state change event to hidl control: 2
06-10 13:51:20.780 1090 1090 I MMKV : current API level = 31
06-10 13:51:20.780 1090 1090 I MMKV : version v1.2.8 page size:4096
06-10 13:51:20.783 1090 1090 I MMKV : root dir: /data/user/0/com.dangbei.lerad.etna.haqu/files/mmkv
06-10 13:51:20.791 1238 1238 I CarUiInstaller: CarUiInstaller started for com.android.managedprovisioning
06-10 13:51:20.792 278 278 D hdmi-cec: cec physical address: 2.0.0.0
06-10 13:51:20.800 1191 1191 D wpa_supplicant: TDLS: TDLS operation not supported by driver
06-10 13:51:20.800 1191 1191 D wpa_supplicant: TDLS: Driver uses internal link setup
06-10 13:51:20.800 1191 1191 D wpa_supplicant: TDLS: Driver does not support TDLS channel switching
06-10 13:51:20.804 1191 1191 D wpa_supplicant: wlan0: WPS: UUID based on MAC address: 9c907f24-96c2-56f2-9fdd-752c11c3bef8
06-10 13:51:20.805 1191 1191 D wpa_supplicant: EAPOL: SUPP_PAE entering state DISCONNECTED
06-10 13:51:20.805 1191 1191 D wpa_supplicant: EAPOL: Supplicant port status: Unauthorized
06-10 13:51:20.805 1191 1191 D wpa_supplicant: nl80211: Skip set_supp_port(unauthorized) while not associated
06-10 13:51:20.805 1191 1191 D wpa_supplicant: EAPOL: KEY_RX entering state NO_KEY_RECEIVE
06-10 13:51:20.805 1191 1191 D wpa_supplicant: EAPOL: SUPP_BE entering state INITIALIZE
06-10 13:51:20.805 1191 1191 D wpa_supplicant: EAP: EAP entering state DISABLED
06-10 13:51:20.809 1191 1191 D wpa_supplicant: Using existing control interface directory.
06-10 13:51:20.833 1191 1191 D wpa_supplicant: nl80211: Setting wowlan
06-10 13:51:20.836 1191 1191 D wpa_supplicant: MBO: Update non-preferred channels, non_pref_chan=N/A
06-10 13:51:20.836 1191 1191 D wpa_supplicant: Registering interface to hidl control: wlan0
06-10 13:51:20.836 1191 1191 D wpa_supplicant: wlan0: Added interface wlan0
06-10 13:51:20.836 1191 1191 D wpa_supplicant: wlan0: State: INACTIVE -> DISCONNECTED
06-10 13:51:20.836 1191 1191 D wpa_supplicant: nl80211: Set wlan0 operstate 0->0 (DORMANT)
06-10 13:51:20.836 1191 1191 D wpa_supplicant: netlink: Operstate: ifindex=14 linkmode=-1 (no change), operstate=5 (IF_OPER_DORMANT)
06-10 13:51:20.836 1191 1191 D wpa_supplicant: Notifying state change event to hidl control: 0
06-10 13:51:20.836 1191 1191 D wpa_supplicant: nl80211: Create interface iftype 10 (P2P_DEVICE)
06-10 13:51:20.837 1191 1191 D wpa_supplicant: nl80211: New P2P Device interface p2p-dev-wlan0 (0x3) created
06-10 13:51:20.837 1191 1191 D wpa_supplicant: Override interface parameter: ctrl_interface ('/data/vendor/wifi/wpa/sockets' -> '/data/vendor/wifi/wpa/sockets')
06-10 13:51:20.837 1191 1191 D wpa_supplicant: Initializing interface 'p2p-dev-wlan0' conf '/data/vendor/wifi/wpa/wpa_supplicant.conf' driver 'nl80211' ctrl_interface '/data/vendor/wifi/wpa/sockets' bridge 'N/A'
06-10 13:51:20.837 1191 1191 D wpa_supplicant: Configuration file '/data/vendor/wifi/wpa/wpa_supplicant.conf' -> '/data/vendor/wifi/wpa/wpa_supplicant.conf'
06-10 13:51:20.837 1191 1191 D wpa_supplicant: Reading configuration file '/data/vendor/wifi/wpa/wpa_supplicant.conf'
06-10 13:51:20.837 1191 1191 D wpa_supplicant: update_config=1
06-10 13:51:20.837 1191 1191 D wpa_supplicant: eapol_version=1
06-10 13:51:20.837 1191 1191 D wpa_supplicant: ap_scan=1
06-10 13:51:20.837 1191 1191 D wpa_supplicant: fast_reauth=1
06-10 13:51:20.837 1191 1191 D wpa_supplicant: pmf=1
06-10 13:51:20.837 1191 1191 D wpa_supplicant: p2p_add_cli_chan=1
06-10 13:51:20.837 1191 1191 D wpa_supplicant: oce=1
06-10 13:51:20.837 1191 1191 D wpa_supplicant: sae_pwe=2
06-10 13:51:20.838 1191 1191 D wpa_supplicant: nl80211: Supported cipher 00-0f-ac:1
06-10 13:51:20.838 1191 1191 D wpa_supplicant: nl80211: Supported cipher 00-0f-ac:5
06-10 13:51:20.838 1191 1191 D wpa_supplicant: nl80211: Supported cipher 00-0f-ac:2
06-10 13:51:20.838 1191 1191 D wpa_supplicant: nl80211: Supported cipher 00-0f-ac:4
06-10 13:51:20.838 1191 1191 D wpa_supplicant: nl80211: Supported cipher 00-14-72:1
06-10 13:51:20.838 1191 1191 D wpa_supplicant: nl80211: Supported cipher 00-0f-ac:6
06-10 13:51:20.838 1191 1191 D wpa_supplicant: nl80211: Supported cipher 00-0f-ac:255
06-10 13:51:20.838 1191 1191 D wpa_supplicant: nl80211: Supported vendor command: vendor_id=0x1374 subcmd=9
06-10 13:51:20.838 1191 1191 D wpa_supplicant: nl80211: Supported vendor command: vendor_id=0x1374 subcmd=12
06-10 13:51:20.838 1191 1191 D wpa_supplicant: nl80211: Supported vendor command: vendor_id=0x1374 subcmd=14
06-10 13:51:20.838 1191 1191 D wpa_supplicant: nl80211: Supported vendor command: vendor_id=0x1374 subcmd=15
06-10 13:51:20.839 1191 1191 D wpa_supplicant: nl80211: Supported vendor command: vendor_id=0x1374 subcmd=16
06-10 13:51:20.839 1191 1191 D wpa_supplicant: nl80211: Supported vendor command: vendor_id=0x1374 subcmd=20
06-10 13:51:20.839 1191 1191 D wpa_supplicant: nl80211: Supported vendor command: vendor_id=0x1a11 subcmd=6
06-10 13:51:20.839 1191 1191 D wpa_supplicant: nl80211: Supported vendor command: vendor_id=0x1374 subcmd=21
06-10 13:51:20.839 1191 1191 D wpa_supplicant: nl80211: Supported vendor command: vendor_id=0x1374 subcmd=22
06-10 13:51:20.839 1191 1191 D wpa_supplicant: nl80211: Supported vendor command: vendor_id=0x1374 subcmd=23
06-10 13:51:20.839 1191 1191 D wpa_supplicant: nl80211: Supported vendor command: vendor_id=0x1374 subcmd=24
06-10 13:51:20.839 1191 1191 D wpa_supplicant: nl80211: Supported vendor command: vendor_id=0x1374 subcmd=29
06-10 13:51:20.839 1191 1191 D wpa_supplicant: nl80211: Supported vendor command: vendor_id=0x1374 subcmd=30
06-10 13:51:20.839 1191 1191 D wpa_supplicant: nl80211: Supported vendor command: vendor_id=0x1374 subcmd=32
06-10 13:51:20.839 1191 1191 D wpa_supplicant: nl80211: Supported vendor command: vendor_id=0x1374 subcmd=33
06-10 13:51:20.839 1191 1191 D wpa_supplicant: nl80211: Supported vendor command: vendor_id=0x1374 subcmd=38
06-10 13:51:20.839 1191 1191 D wpa_supplicant: nl80211: Supported vendor command: vendor_id=0x1374 subcmd=39
06-10 13:51:20.839 1191 1191 D wpa_supplicant: nl80211: Supported vendor command: vendor_id=0x1374 subcmd=42
06-10 13:51:20.839 1191 1191 D wpa_supplicant: nl80211: Supported vendor command: vendor_id=0x1374 subcmd=55
06-10 13:51:20.839 1191 1191 D wpa_supplicant: nl80211: Supported vendor command: vendor_id=0x1374 subcmd=61
06-10 13:51:20.839 1191 1191 D wpa_supplicant: nl80211: Supported vendor command: vendor_id=0x1374 subcmd=62
06-10 13:51:20.839 1191 1191 D wpa_supplicant: nl80211: Supported vendor command: vendor_id=0x1374 subcmd=63
06-10 13:51:20.839 1191 1191 D wpa_supplicant: nl80211: Supported vendor command: vendor_id=0x1374 subcmd=64
06-10 13:51:20.839 1191 1191 D wpa_supplicant: nl80211: Supported vendor command: vendor_id=0x1374 subcmd=65
06-10 13:51:20.839 1191 1191 D wpa_supplicant: nl80211: Supported vendor command: vendor_id=0x1374 subcmd=66
06-10 13:51:20.839 1191 1191 D wpa_supplicant: nl80211: Supported vendor command: vendor_id=0x1374 subcmd=69
06-10 13:51:20.839 1191 1191 D wpa_supplicant: nl80211: Supported vendor command: vendor_id=0x1374 subcmd=70
06-10 13:51:20.839 1191 1191 D wpa_supplicant: nl80211: Supported vendor command: vendor_id=0x1374 subcmd=71
06-10 13:51:20.839 1191 1191 D wpa_supplicant: nl80211: Supported vendor command: vendor_id=0x1374 subcmd=76
06-10 13:51:20.839 1191 1191 D wpa_supplicant: nl80211: Supported vendor command: vendor_id=0x1374 subcmd=77
06-10 13:51:20.839 1191 1191 D wpa_supplicant: nl80211: Supported vendor command: vendor_id=0x1374 subcmd=79
06-10 13:51:20.839 1191 1191 D wpa_supplicant: nl80211: Supported vendor command: vendor_id=0x1374 subcmd=80
06-10 13:51:20.839 1191 1191 D wpa_supplicant: nl80211: Supported vendor command: vendor_id=0x1374 subcmd=82
06-10 13:51:20.839 1191 1191 D wpa_supplicant: nl80211: Supported vendor command: vendor_id=0x1374 subcmd=85
06-10 13:51:20.839 1191 1191 D wpa_supplicant: nl80211: Supported vendor command: vendor_id=0x1374 subcmd=146
06-10 13:51:20.839 1191 1191 D wpa_supplicant: nl80211: Supported vendor command: vendor_id=0x1374 subcmd=12
06-10 13:51:20.839 1191 1191 D wpa_supplicant: nl80211: Supported vendor command: vendor_id=0x1374 subcmd=128
06-10 13:51:20.839 1191 1191 D wpa_supplicant: nl80211: Supported vendor command: vendor_id=0x1374 subcmd=129
06-10 13:51:20.839 1191 1191 D wpa_supplicant: nl80211: Supported vendor command: vendor_id=0x1374 subcmd=130
06-10 13:51:20.839 1191 1191 D wpa_supplicant: nl80211: Supported vendor command: vendor_id=0x1374 subcmd=133
06-10 13:51:20.839 1191 1191 D wpa_supplicant: nl80211: Supported vendor command: vendor_id=0x1374 subcmd=176
06-10 13:51:20.839 1191 1191 D wpa_supplicant: nl80211: Supported vendor event: vendor_id=0x1374 subcmd=80
06-10 13:51:20.839 1191 1191 D wpa_supplicant: nl80211: Supported vendor event: vendor_id=0x1374 subcmd=1
06-10 13:51:20.839 1191 1191 D wpa_supplicant: nl80211: Supported vendor event: vendor_id=0x1374 subcmd=1
06-10 13:51:20.839 1191 1191 D wpa_supplicant: nl80211: Supported vendor event: vendor_id=0x1374 subcmd=1
06-10 13:51:20.839 1191 1191 D wpa_supplicant: nl80211: Supported vendor event: vendor_id=0x1374 subcmd=1
06-10 13:51:20.839 1191 1191 D wpa_supplicant: nl80211: Supported vendor event: vendor_id=0x1374 subcmd=1
06-10 13:51:20.839 1191 1191 D wpa_supplicant: nl80211: Supported vendor event: vendor_id=0x1374 subcmd=20
06-10 13:51:20.839 1191 1191 D wpa_supplicant: nl80211: Supported vendor event: vendor_id=0x1374 subcmd=21
06-10 13:51:20.839 1191 1191 D wpa_supplicant: nl80211: Supported vendor event: vendor_id=0x1374 subcmd=23
06-10 13:51:20.839 1191 1191 D wpa_supplicant: nl80211: Supported vendor event: vendor_id=0x1374 subcmd=24
06-10 13:51:20.839 1191 1191 D wpa_supplicant: nl80211: Supported vendor event: vendor_id=0x1374 subcmd=25
06-10 13:51:20.839 1191 1191 D wpa_supplicant: nl80211: Supported vendor event: vendor_id=0x1374 subcmd=26
06-10 13:51:20.839 1191 1191 D wpa_supplicant: nl80211: Supported vendor event: vendor_id=0x1374 subcmd=27
06-10 13:51:20.839 1191 1191 D wpa_supplicant: nl80211: Supported vendor event: vendor_id=0x1374 subcmd=28
06-10 13:51:20.839 1191 1191 D wpa_supplicant: nl80211: Supported vendor event: vendor_id=0x1374 subcmd=41
06-10 13:51:20.839 1191 1191 D wpa_supplicant: nl80211: Supported vendor event: vendor_id=0x1374 subcmd=29
06-10 13:51:20.839 1191 1191 D wpa_supplicant: nl80211: Supported vendor event: vendor_id=0x1374 subcmd=30
06-10 13:51:20.839 1191 1191 D wpa_supplicant: nl80211: Supported vendor event: vendor_id=0x1374 subcmd=31
06-10 13:51:20.839 1191 1191 D wpa_supplicant: nl80211: Supported vendor event: vendor_id=0x1374 subcmd=32
06-10 13:51:20.839 1191 1191 D wpa_supplicant: nl80211: Supported vendor event: vendor_id=0x1374 subcmd=33
06-10 13:51:20.839 1191 1191 D wpa_supplicant: nl80211: Supported vendor event: vendor_id=0x0 subcmd=0
06-10 13:51:20.839 1191 1191 D wpa_supplicant: nl80211: Supported vendor event: vendor_id=0x0 subcmd=0
06-10 13:51:20.839 1191 1191 D wpa_supplicant: nl80211: Supported vendor event: vendor_id=0x0 subcmd=0
06-10 13:51:20.839 1191 1191 D wpa_supplicant: nl80211: Supported vendor event: vendor_id=0x0 subcmd=0
06-10 13:51:20.839 1191 1191 D wpa_supplicant: nl80211: Supported vendor event: vendor_id=0x0 subcmd=0
06-10 13:51:20.839 1191 1191 D wpa_supplicant: nl80211: Supported vendor event: vendor_id=0x0 subcmd=0
06-10 13:51:20.839 1191 1191 D wpa_supplicant: nl80211: Supported vendor event: vendor_id=0x0 subcmd=0
06-10 13:51:20.839 1191 1191 D wpa_supplicant: nl80211: Supported vendor event: vendor_id=0x0 subcmd=0
06-10 13:51:20.839 1191 1191 D wpa_supplicant: nl80211: Supported vendor event: vendor_id=0x0 subcmd=0
06-10 13:51:20.839 1191 1191 D wpa_supplicant: nl80211: Supported vendor event: vendor_id=0x0 subcmd=0
06-10 13:51:20.839 1191 1191 D wpa_supplicant: nl80211: Supported vendor event: vendor_id=0x0 subcmd=0
06-10 13:51:20.839 1191 1191 D wpa_supplicant: nl80211: Supported vendor event: vendor_id=0x0 subcmd=0
06-10 13:51:20.839 1191 1191 D wpa_supplicant: nl80211: Supported vendor event: vendor_id=0x1374 subcmd=5120
06-10 13:51:20.839 1191 1191 D wpa_supplicant: nl80211: Supported vendor event: vendor_id=0x0 subcmd=0
06-10 13:51:20.839 1191 1191 D wpa_supplicant: nl80211: Supported vendor event: vendor_id=0x0 subcmd=0
06-10 13:51:20.839 1191 1191 D wpa_supplicant: nl80211: Supported vendor event: vendor_id=0x0 subcmd=0
06-10 13:51:20.839 1191 1191 D wpa_supplicant: nl80211: Supported vendor event: vendor_id=0x0 subcmd=0
06-10 13:51:20.839 1191 1191 D wpa_supplicant: nl80211: Supported vendor event: vendor_id=0x0 subcmd=0
06-10 13:51:20.840 1191 1191 D wpa_supplicant: nl80211: Supported vendor event: vendor_id=0x0 subcmd=0
06-10 13:51:20.840 1191 1191 D wpa_supplicant: nl80211: Supported vendor event: vendor_id=0x0 subcmd=0
06-10 13:51:20.840 1191 1191 D wpa_supplicant: nl80211: Supported vendor event: vendor_id=0x0 subcmd=0
06-10 13:51:20.840 1191 1191 D wpa_supplicant: nl80211: Supported vendor event: vendor_id=0x0 subcmd=0
06-10 13:51:20.840 1191 1191 D wpa_supplicant: nl80211: Supported vendor event: vendor_id=0x0 subcmd=0
06-10 13:51:20.840 1191 1191 D wpa_supplicant: nl80211: Supported vendor event: vendor_id=0x0 subcmd=0
06-10 13:51:20.840 1191 1191 D wpa_supplicant: nl80211: Supported vendor event: vendor_id=0x0 subcmd=0
06-10 13:51:20.840 1191 1191 D wpa_supplicant: nl80211: Supported vendor event: vendor_id=0x0 subcmd=0
06-10 13:51:20.840 1191 1191 D wpa_supplicant: nl80211: Supported vendor event: vendor_id=0x0 subcmd=0
06-10 13:51:20.840 1191 1191 D wpa_supplicant: nl80211: Supported vendor event: vendor_id=0x0 subcmd=0
06-10 13:51:20.840 1191 1191 D wpa_supplicant: nl80211: Supported vendor event: vendor_id=0x0 subcmd=0
06-10 13:51:20.840 1191 1191 D wpa_supplicant: nl80211: Supported vendor event: vendor_id=0x0 subcmd=0
06-10 13:51:20.840 1191 1191 D wpa_supplicant: nl80211: Supported vendor event: vendor_id=0x0 subcmd=0
06-10 13:51:20.840 1191 1191 D wpa_supplicant: nl80211: Supported vendor event: vendor_id=0x0 subcmd=0
06-10 13:51:20.840 1191 1191 D wpa_supplicant: nl80211: Supported vendor event: vendor_id=0x0 subcmd=0
06-10 13:51:20.840 1191 1191 D wpa_supplicant: nl80211: Supported vendor event: vendor_id=0x0 subcmd=0
06-10 13:51:20.840 1191 1191 D wpa_supplicant: nl80211: Supported vendor event: vendor_id=0x0 subcmd=0
06-10 13:51:20.840 1191 1191 D wpa_supplicant: nl80211: Supported vendor event: vendor_id=0x0 subcmd=0
06-10 13:51:20.840 1191 1191 D wpa_supplicant: nl80211: Supported vendor event: vendor_id=0x0 subcmd=0
06-10 13:51:20.840 1191 1191 D wpa_supplicant: nl80211: Supported vendor event: vendor_id=0x0 subcmd=0
06-10 13:51:20.840 1191 1191 D wpa_supplicant: nl80211: Supported vendor event: vendor_id=0x0 subcmd=0
06-10 13:51:20.840 1191 1191 D wpa_supplicant: nl80211: Supported vendor event: vendor_id=0x0 subcmd=0
06-10 13:51:20.840 1191 1191 D wpa_supplicant: nl80211: Supported vendor event: vendor_id=0x0 subcmd=0
06-10 13:51:20.840 1191 1191 D wpa_supplicant: nl80211: Supported vendor event: vendor_id=0x0 subcmd=0
06-10 13:51:20.840 1191 1191 D wpa_supplicant: nl80211: Supported vendor event: vendor_id=0x0 subcmd=0
06-10 13:51:20.840 1191 1191 D wpa_supplicant: nl80211: Supported vendor event: vendor_id=0x0 subcmd=0
06-10 13:51:20.840 1191 1191 D wpa_supplicant: nl80211: Supported vendor event: vendor_id=0x1374 subcmd=131
06-10 13:51:20.840 1191 1191 D wpa_supplicant: nl80211: Supported vendor event: vendor_id=0x1374 subcmd=132
06-10 13:51:20.840 1191 1191 D wpa_supplicant: nl80211: Supported vendor event: vendor_id=0x0 subcmd=0
06-10 13:51:20.840 1191 1191 D wpa_supplicant: nl80211: Supported vendor event: vendor_id=0x0 subcmd=0
06-10 13:51:20.840 1191 1191 D wpa_supplicant: nl80211: Supported vendor event: vendor_id=0x0 subcmd=0
06-10 13:51:20.840 1191 1191 D wpa_supplicant: nl80211: Supported vendor event: vendor_id=0x0 subcmd=0
06-10 13:51:20.840 1191 1191 D wpa_supplicant: nl80211: Supported vendor event: vendor_id=0x0 subcmd=0
06-10 13:51:20.840 1191 1191 D wpa_supplicant: nl80211: Supported vendor event: vendor_id=0x0 subcmd=0
06-10 13:51:20.840 1191 1191 D wpa_supplicant: nl80211: Supported vendor event: vendor_id=0x1374 subcmd=72
06-10 13:51:20.840 1191 1191 D wpa_supplicant: nl80211: Use separate P2P group interface (driver advertised support)
06-10 13:51:20.840 1191 1191 D wpa_supplicant: nl80211: Enable multi-channel concurrent (driver advertised support)
06-10 13:51:20.840 1191 1191 D wpa_supplicant: nl80211: use P2P_DEVICE support
06-10 13:51:20.840 1191 1191 D wpa_supplicant: nl80211: key_mgmt=0xd0f enc=0x10f auth=0x7 flags=0x100100007a007ac0 rrm_flags=0x0 probe_resp_offloads=0x0 max_stations=10 max_remain_on_chan=5000 max_scan_ssids=12
06-10 13:51:20.840 1191 1191 D wpa_supplicant: nl80211: interface p2p-dev-wlan0 in phy phy0
06-10 13:51:20.840 1191 1191 D wpa_supplicant: nl80211: Set mode ifindex 0 iftype 10 (P2P_DEVICE)
06-10 13:51:20.841 1191 1191 D wpa_supplicant: nl80211: Failed to set interface 0 to mode 10: -22 (Invalid argument)
06-10 13:51:20.841 1191 1191 D wpa_supplicant: nl80211: Subscribe to mgmt frames with non-AP handle 0xe93e9848
06-10 13:51:20.841 1191 1191 D wpa_supplicant: nl80211: Register frame type=0xb0 (WLAN_FC_STYPE_AUTH) nl_handle=0xe93e9848 match=0300 multicast=0
06-10 13:51:20.841 1191 1191 D wpa_supplicant: nl80211: Register frame command failed (type=176): ret=-22 (Invalid argument)
06-10 13:51:20.841 1191 1191 D wpa_supplicant: nl80211: Register frame match - hexdump(len=2): 03 00
06-10 13:51:20.841 1191 1191 D wpa_supplicant: nl80211: Register frame type=0xd0 (WLAN_FC_STYPE_ACTION) nl_handle=0xe93e9848 match=0104 multicast=0
06-10 13:51:20.841 1191 1191 D wpa_supplicant: nl80211: Register frame type=0xd0 (WLAN_FC_STYPE_ACTION) nl_handle=0xe93e9848 match=040a multicast=0
06-10 13:51:20.841 1191 1191 D wpa_supplicant: nl80211: Register frame type=0xd0 (WLAN_FC_STYPE_ACTION) nl_handle=0xe93e9848 match=040b multicast=0
06-10 13:51:20.841 1191 1191 D wpa_supplicant: nl80211: Register frame type=0xd0 (WLAN_FC_STYPE_ACTION) nl_handle=0xe93e9848 match=040c multicast=0
06-10 13:51:20.841 1191 1191 D wpa_supplicant: nl80211: Register frame type=0xd0 (WLAN_FC_STYPE_ACTION) nl_handle=0xe93e9848 match=040d multicast=0
06-10 13:51:20.842 1191 1191 D wpa_supplicant: nl80211: Register frame type=0xd0 (WLAN_FC_STYPE_ACTION) nl_handle=0xe93e9848 match=090a multicast=0
06-10 13:51:20.842 1191 1191 D wpa_supplicant: nl80211: Register frame type=0xd0 (WLAN_FC_STYPE_ACTION) nl_handle=0xe93e9848 match=090b multicast=0
06-10 13:51:20.842 1191 1191 D wpa_supplicant: nl80211: Register frame type=0xd0 (WLAN_FC_STYPE_ACTION) nl_handle=0xe93e9848 match=090c multicast=0
06-10 13:51:20.842 1191 1191 D wpa_supplicant: nl80211: Register frame type=0xd0 (WLAN_FC_STYPE_ACTION) nl_handle=0xe93e9848 match=090d multicast=0
06-10 13:51:20.842 1191 1191 D wpa_supplicant: nl80211: Register frame type=0xd0 (WLAN_FC_STYPE_ACTION) nl_handle=0xe93e9848 match=0409506f9a09 multicast=0
06-10 13:51:20.842 1191 1191 D wpa_supplicant: nl80211: Register frame type=0xd0 (WLAN_FC_STYPE_ACTION) nl_handle=0xe93e9848 match=7f506f9a09 multicast=0
06-10 13:51:20.842 1191 1191 D wpa_supplicant: nl80211: Register frame type=0xd0 (WLAN_FC_STYPE_ACTION) nl_handle=0xe93e9848 match=0409506f9a1a multicast=0
06-10 13:51:20.842 1191 1191 D wpa_supplicant: nl80211: Register frame type=0xd0 (WLAN_FC_STYPE_ACTION) nl_handle=0xe93e9848 match=0801 multicast=0
06-10 13:51:20.842 1191 1191 D wpa_supplicant: nl80211: Register frame type=0xd0 (WLAN_FC_STYPE_ACTION) nl_handle=0xe93e9848 match=06 multicast=0
06-10 13:51:20.842 1191 1191 D wpa_supplicant: nl80211: Register frame type=0xd0 (WLAN_FC_STYPE_ACTION) nl_handle=0xe93e9848 match=0a07 multicast=0
06-10 13:51:20.843 1191 1191 D wpa_supplicant: nl80211: Register frame type=0xd0 (WLAN_FC_STYPE_ACTION) nl_handle=0xe93e9848 match=0a11 multicast=0
06-10 13:51:20.843 1191 1191 D wpa_supplicant: nl80211: Register frame type=0xd0 (WLAN_FC_STYPE_ACTION) nl_handle=0xe93e9848 match=0a0b multicast=0
06-10 13:51:20.843 1191 1191 D wpa_supplicant: nl80211: Register frame type=0xd0 (WLAN_FC_STYPE_ACTION) nl_handle=0xe93e9848 match=0a1a multicast=0
06-10 13:51:20.843 1191 1191 D wpa_supplicant: nl80211: Register frame type=0xd0 (WLAN_FC_STYPE_ACTION) nl_handle=0xe93e9848 match=1101 multicast=0
06-10 13:51:20.843 1191 1191 D wpa_supplicant: nl80211: Register frame type=0xd0 (WLAN_FC_STYPE_ACTION) nl_handle=0xe93e9848 match=1102 multicast=0
06-10 13:51:20.843 1191 1191 D wpa_supplicant: nl80211: Register frame type=0xd0 (WLAN_FC_STYPE_ACTION) nl_handle=0xe93e9848 match=0505 multicast=0
06-10 13:51:20.843 1191 1191 D wpa_supplicant: nl80211: Register frame type=0xd0 (WLAN_FC_STYPE_ACTION) nl_handle=0xe93e9848 match=0500 multicast=0
06-10 13:51:20.843 1191 1191 D wpa_supplicant: nl80211: Register frame type=0xd0 (WLAN_FC_STYPE_ACTION) nl_handle=0xe93e9848 match=1305 multicast=0
06-10 13:51:20.844 1191 1191 I wpa_supplicant: rfkill: Cannot get wiphy information
06-10 13:51:20.844 1191 1191 D wpa_supplicant: nl80211: RFKILL status not available
06-10 13:51:20.847 1191 1191 D wpa_supplicant: nl80211: Start P2P Device p2p-dev-wlan0 (0x3): Success
06-10 13:51:20.849 1191 1191 D wpa_supplicant: Add interface p2p-dev-wlan0 to existing radio phy0
06-10 13:51:20.852 1191 1191 D wpa_supplicant: nl80211: No channel number found for frequency 5920 MHz
06-10 13:51:20.852 1191 1191 D wpa_supplicant: nl80211: No channel number found for frequency 5940 MHz
06-10 13:51:20.852 278 278 D hdmi-cec: cec physical address: 2.0.0.0
06-10 13:51:20.852 1191 1191 D wpa_supplicant: nl80211: Regulatory information - country=CN (DFS-FCC)
06-10 13:51:20.852 1191 1191 D wpa_supplicant: nl80211: 2400-2483 @ 40 MHz 20 mBm
06-10 13:51:20.852 1191 1191 D wpa_supplicant: nl80211: 5150-5350 @ 80 MHz 20 mBm (DFS)
06-10 13:51:20.852 1191 1191 D wpa_supplicant: nl80211: 5725-5850 @ 80 MHz 33 mBm
06-10 13:51:20.852 1191 1191 D wpa_supplicant: nl80211: 57240-59400 @ 2160 MHz 28 mBm
06-10 13:51:20.852 1191 1191 D wpa_supplicant: nl80211: 59400-63720 @ 2160 MHz 44 mBm
06-10 13:51:20.852 1191 1191 D wpa_supplicant: nl80211: 63720-65880 @ 2160 MHz 28 mBm
06-10 13:51:20.853 1191 1191 D wpa_supplicant: nl80211: Added 802.11b mode based on 802.11g information
06-10 13:51:20.853 1191 1191 D wpa_supplicant: nl80211: Mode IEEE 802.11g: 2412 2417 2422 2427 2432 2437 2442 2447 2452 2457 2462 2467 2472 2484[DISABLED]
06-10 13:51:20.853 1191 1191 D wpa_supplicant: nl80211: Mode IEEE 802.11a: 5170[DISABLED] 5180 5200 5220 5240 5260[RADAR] 5280[RADAR] 5300[RADAR] 5320[RADAR] 5500[DISABLED][RADAR] 5520[DISABLED][RADAR] 5540[DISABLED][RADAR] 5560[DISABLED][RADAR] 5580[DISABLED][RADAR]
06-10 13:51:20.853 1191 1191 D wpa_supplicant: nl80211: Mode IEEE 802.11b: 2412 2417 2422 2427 2432 2437 2442 2447 2452 2457 2462 2467 2472 2484[DISABLED]
06-10 13:51:20.853 1191 1191 D wpa_supplicant: p2p-dev-wlan0: Own MAC address: b6:2f:03:15:e8:b9
06-10 13:51:20.853 1191 1191 D wpa_supplicant: p2p-dev-wlan0: RSN: flushing PMKID list in the driver
06-10 13:51:20.853 1191 1191 D wpa_supplicant: nl80211: Flush PMKIDs
06-10 13:51:20.853 1191 1191 D wpa_supplicant: p2p-dev-wlan0: State: DISCONNECTED -> INACTIVE
06-10 13:51:20.853 1191 1191 D wpa_supplicant: p2p-dev-wlan0: WPS: UUID from the first interface: 9c907f24-96c2-56f2-9fdd-752c11c3bef8
06-10 13:51:20.853 1191 1191 D wpa_supplicant: EAPOL: SUPP_PAE entering state DISCONNECTED
06-10 13:51:20.853 1191 1191 D wpa_supplicant: EAPOL: Supplicant port status: Unauthorized
06-10 13:51:20.853 1191 1191 D wpa_supplicant: nl80211: Skip set_supp_port(unauthorized) while not associated
06-10 13:51:20.853 1191 1191 D wpa_supplicant: EAPOL: KEY_RX entering state NO_KEY_RECEIVE
06-10 13:51:20.853 1191 1191 D wpa_supplicant: EAPOL: SUPP_BE entering state INITIALIZE
06-10 13:51:20.853 1191 1191 D wpa_supplicant: EAP: EAP entering state DISABLED
06-10 13:51:20.854 1191 1191 D wpa_supplicant: Using existing control interface directory.
06-10 13:51:20.854 1191 1191 D wpa_supplicant: P2P: Add operating class 81
06-10 13:51:20.854 1191 1191 D wpa_supplicant: P2P: Channels - hexdump(len=13): 01 02 03 04 05 06 07 08 09 0a 0b 0c 0d
06-10 13:51:20.854 1191 1191 D wpa_supplicant: P2P: Add operating class 115
06-10 13:51:20.854 1191 1191 D wpa_supplicant: P2P: Channels - hexdump(len=4): 24 28 2c 30
06-10 13:51:20.854 1191 1191 D wpa_supplicant: P2P: Add operating class 116
06-10 13:51:20.854 1191 1191 D wpa_supplicant: P2P: Channels - hexdump(len=2): 24 2c
06-10 13:51:20.854 1191 1191 D wpa_supplicant: P2P: Add operating class 117
06-10 13:51:20.854 1191 1191 D wpa_supplicant: P2P: Channels - hexdump(len=2): 28 30
06-10 13:51:20.855 1191 1191 D wpa_supplicant: P2P: Add operating class 124
06-10 13:51:20.855 1191 1191 D wpa_supplicant: P2P: Channels - hexdump(len=4): 95 99 9d a1
06-10 13:51:20.855 1191 1191 D wpa_supplicant: P2P: Add operating class 125
06-10 13:51:20.855 1191 1191 D wpa_supplicant: P2P: Channels - hexdump(len=5): 95 99 9d a1 a5
06-10 13:51:20.855 1191 1191 D wpa_supplicant: P2P: Add operating class 126
06-10 13:51:20.855 1191 1191 D wpa_supplicant: P2P: Channels - hexdump(len=2): 95 9d
06-10 13:51:20.855 1191 1191 D wpa_supplicant: P2P: Add operating class 127
06-10 13:51:20.855 1191 1191 D wpa_supplicant: P2P: Channels - hexdump(len=2): 99 a1
06-10 13:51:20.855 1191 1191 D wpa_supplicant: P2P: Add operating class 128
06-10 13:51:20.855 1191 1191 D wpa_supplicant: P2P: Channels - hexdump(len=8): 24 28 2c 30 95 99 9d a1
06-10 13:51:20.855 1191 1191 D wpa_supplicant: P2P: Add operating class 130
06-10 13:51:20.855 1191 1191 D wpa_supplicant: P2P: Channels - hexdump(len=9): 24 28 2c 30 95 99 9d a1 a5
06-10 13:51:20.855 1191 1191 D wpa_supplicant: P2P: Own listen channel: 81:1
06-10 13:51:20.856 1191 1191 D wpa_supplicant: P2P: Random operating channel: 81:1
06-10 13:51:20.856 1191 1191 D wpa_supplicant: P2P: initialized
06-10 13:51:20.856 1191 1191 D wpa_supplicant: P2P: channels: 81:1,2,3,4,5,6,7,8,9,10,11,12,13 115:36,40,44,48 116:36,44 117:40,48 124:149,153,157,161 125:149,153,157,161,165 126:149,157 127:153,161 128:36,40,44,48,149,153,157,161 130:36,40,44,48,149,153,157,161,165
06-10 13:51:20.856 1191 1191 D wpa_supplicant: P2P: cli_channels:
06-10 13:51:20.856 1191 1191 D wpa_supplicant: MBO: Update non-preferred channels, non_pref_chan=N/A
06-10 13:51:20.856 1191 1191 D wpa_supplicant: Registering interface to hidl control: p2p-dev-wlan0
06-10 13:51:20.856 1191 1191 D wpa_supplicant: p2p-dev-wlan0: Added interface p2p-dev-wlan0
06-10 13:51:20.856 1191 1191 D wpa_supplicant: p2p-dev-wlan0: State: INACTIVE -> DISCONNECTED
06-10 13:51:20.856 1191 1191 D wpa_supplicant: nl80211: Set p2p-dev-wlan0 operstate 0->0 (DORMANT)
06-10 13:51:20.856 1191 1191 D wpa_supplicant: netlink: Operstate: ifindex=0 linkmode=-1 (no change), operstate=5 (IF_OPER_DORMANT)
06-10 13:51:20.856 1191 1191 D wpa_supplicant: p2p-dev-wlan0: Determining shared radio frequencies (max len 2)
06-10 13:51:20.856 1191 1191 D wpa_supplicant: p2p-dev-wlan0: Shared frequencies (len=0): completed iteration
06-10 13:51:20.856 1191 1191 D wpa_supplicant: P2P: Add operating class 81
06-10 13:51:20.856 1191 1191 D wpa_supplicant: P2P: Channels - hexdump(len=13): 01 02 03 04 05 06 07 08 09 0a 0b 0c 0d
06-10 13:51:20.856 1191 1191 D wpa_supplicant: P2P: Add operating class 115
06-10 13:51:20.856 1191 1191 D wpa_supplicant: P2P: Channels - hexdump(len=4): 24 28 2c 30
06-10 13:51:20.856 1191 1191 D wpa_supplicant: P2P: Add operating class 116
06-10 13:51:20.856 1191 1191 D wpa_supplicant: P2P: Channels - hexdump(len=2): 24 2c
06-10 13:51:20.856 1191 1191 D wpa_supplicant: P2P: Add operating class 117
06-10 13:51:20.856 1191 1191 D wpa_supplicant: P2P: Channels - hexdump(len=2): 28 30
06-10 13:51:20.856 1191 1191 D wpa_supplicant: P2P: Add operating class 124
06-10 13:51:20.856 1191 1191 D wpa_supplicant: P2P: Channels - hexdump(len=4): 95 99 9d a1
06-10 13:51:20.856 1191 1191 D wpa_supplicant: P2P: Add operating class 125
06-10 13:51:20.857 1191 1191 D wpa_supplicant: P2P: Channels - hexdump(len=5): 95 99 9d a1 a5
06-10 13:51:20.857 1191 1191 D wpa_supplicant: P2P: Add operating class 126
06-10 13:51:20.857 1191 1191 D wpa_supplicant: P2P: Channels - hexdump(len=2): 95 9d
06-10 13:51:20.857 1191 1191 D wpa_supplicant: P2P: Add operating class 127
06-10 13:51:20.857 1191 1191 D wpa_supplicant: P2P: Channels - hexdump(len=2): 99 a1
06-10 13:51:20.857 1191 1191 D wpa_supplicant: P2P: Add operating class 128
06-10 13:51:20.857 1191 1191 D wpa_supplicant: P2P: Channels - hexdump(len=8): 24 28 2c 30 95 99 9d a1
06-10 13:51:20.857 1191 1191 D wpa_supplicant: P2P: Add operating class 130
06-10 13:51:20.857 1191 1191 D wpa_supplicant: P2P: Channels - hexdump(len=9): 24 28 2c 30 95 99 9d a1 a5
06-10 13:51:20.857 1191 1191 D wpa_supplicant: P2P: Update channel list
06-10 13:51:20.857 1191 1191 D wpa_supplicant: P2P: channels: 81:1,2,3,4,5,6,7,8,9,10,11,12,13 115:36,40,44,48 116:36,44 117:40,48 124:149,153,157,161 125:149,153,157,161,165 126:149,157 127:153,161 128:36,40,44,48,149,153,157,161 130:36,40,44,48,149,153,157,161,165
06-10 13:51:20.857 1191 1191 D wpa_supplicant: P2P: cli_channels:
06-10 13:51:20.861 1191 1191 D wpa_supplicant: RTM_NEWLINK: ifi_index=14 ifname=wlan0 operstate=5 linkmode=0 ifi_family=0 ifi_flags=0x11003 ([UP][LOWER_UP])
06-10 13:51:20.861 1191 1191 D wpa_supplicant: RTM_NEWLINK: ifi_index=14 ifname=wlan0 operstate=5 linkmode=1 ifi_family=0 ifi_flags=0x11003 ([UP][LOWER_UP])
06-10 13:51:20.862 523 545 W IorapForwardingService: No service published for: iorapd
06-10 13:51:20.879 523 617 D SupplicantStaIfaceHal: Newer HAL is found, skip V1_3 remaining init flow.
06-10 13:51:20.880 523 617 D SupplicantStaIfaceHal: Newer HAL is found, skip V1_2 remaining init flow.
06-10 13:51:20.880 523 617 D SupplicantStaIfaceHal: Newer HAL is found, skip V1_1 remaining init flow.
06-10 13:51:20.880 523 617 D SupplicantStaIfaceHal: Newer HAL is found, skip V1_0 remaining init flow.
06-10 13:51:20.880 1238 1238 I Thread-2: type=1400 audit(0.0:455): avc: denied { open } for path="/data/data/com.android.managedprovisioning/files/cross_profile_apps/0.xml" dev="mmcblk0p25" ino=1875 scontext=u:r:platform_app:s0:c512,c768 tcontext=u:object_r:app_data_file:s0:c512,c768 tclass=file permissive=1 app=com.android.managedprovisioning
06-10 13:51:20.915 669 669 I ieee80211 phy0: sprdwl_vendor_get_support_feature
06-10 13:51:20.910 669 669 E WifiHAL : wifi_get_logger_supported_feature_set: Error -5 happened.
06-10 13:51:20.913 278 278 D hdmi-cec: cec physical address: 2.0.0.0
06-10 13:51:20.921 669 669 I ieee80211 phy0: sprdwl_vendor_get_support_feature
06-10 13:51:20.916 669 669 E WifiHAL : wifi_get_logger_supported_feature_set: Error -5 happened.
06-10 13:51:20.920 523 657 W HdmiCecController: Failed to send 45:7D with errorCode=1
06-10 13:51:20.925 523 523 W Looper : Slow dispatch took 430ms main h=android.os.Handler c=com.android.server.hdmi.WorkSourceUidPreservingRunnable@2169074 m=0
06-10 13:51:20.943 1191 1191 D wpa_supplicant: Driver capability mask: 0xd
06-10 13:51:20.946 523 617 I WifiNative: Successfully switched to connectivity mode on iface=Iface:{Name=wlan0,Id=0,Type=STA_CONNECTIVITY}
06-10 13:51:20.947 523 617 D WifiClientModeManager[wlan0]: entering ConnectModeState, starting ClientModeImpl
06-10 13:51:20.952 523 588 D CompatibilityChangeReporter: Compat change id reported: 135634846; UID 10015; state: DISABLED
06-10 13:51:20.952 523 553 D CompatibilityChangeReporter: Compat change id reported: 143937733; UID 10015; state: DISABLED
06-10 13:51:20.965 523 523 W Looper : Drained
06-10 13:51:20.972 523 539 I PreBootBroadcaster: Pre-boot of {com.android.providers.calendar/com.android.providers.calendar.CalendarUpgradeReceiver} for user 0
06-10 13:51:20.977 1165 1165 I FrameWorkHelper: userHttps:
06-10 13:51:20.979 523 539 D CompatibilityChangeReporter: Compat change id reported: 135634846; UID 10027; state: DISABLED
06-10 13:51:20.982 523 539 D CompatibilityChangeReporter: Compat change id reported: 177438394; UID 10027; state: DISABLED
06-10 13:51:20.982 523 539 D CompatibilityChangeReporter: Compat change id reported: 135772972; UID 10027; state: DISABLED
06-10 13:51:20.982 523 539 D CompatibilityChangeReporter: Compat change id reported: 135754954; UID 10027; state: ENABLED
06-10 13:51:20.983 259 259 D Zygote : Forked child process 1278
06-10 13:51:20.995 523 617 D WifiScoreReport: setShouldReduceNetworkScore=false mNetworkAgent is null? true
06-10 13:51:20.998 523 617 V WifiClientModeManager[wlan0]: ClientModeManager started in role: Role: ROLE_CLIENT_PRIMARY, RequestorWs: WorkSource{10061 com.android.systemui}, ModeListener: com.android.server.wifi.ActiveModeWarden$ClientListener@cd04e27
06-10 13:51:21.001 523 617 D WifiScanRequestProxy: Sending scan available broadcast: true
06-10 13:51:21.001 1278 1278 I Zygote : seccomp disabled by setenforce 0
06-10 13:51:21.004 523 621 I WifiScanningService: Received a request to enable scanning, UID = 1000
06-10 13:51:21.008 343 343 I rainbow_flow: type=1400 audit(0.0:456): avc: denied { ioctl } for path="/dev/spidev1.0" dev="tmpfs" ino=6270 ioctlcmd=0x6b00 scontext=u:r:init:s0 tcontext=u:object_r:device:s0 tclass=chr_file permissive=1
06-10 13:51:21.016 523 553 W ActivityManager: Slow operation: 65ms so far, now at startProcess: done updating battery stats
06-10 13:51:21.016 523 553 W ActivityManager: Slow operation: 66ms so far, now at startProcess: building log message
06-10 13:51:21.016 523 553 I ActivityManager: app.processName = com.dangbei.screencast
06-10 13:51:21.016 523 553 I ActivityManager: Start proc 1278:com.dangbei.screencast/u0a15 for broadcast {com.dangbei.screencast/com.dangbei.screencast.usb.UsbEventBroadcastReceiver}
06-10 13:51:21.018 523 553 W ActivityManager: Slow operation: 67ms so far, now at startProcess: starting to update pids map
06-10 13:51:21.019 523 553 W ActivityManager: Slow operation: 68ms so far, now at startProcess: done updating pids map
06-10 13:51:21.022 523 553 D CompatibilityChangeReporter: Compat change id reported: 143937733; UID 10027; state: ENABLED
06-10 13:51:21.041 523 617 I WifiScanRequestProxy: Scanning is enabled
06-10 13:51:21.042 523 617 I WifiScanRequestProxy: Scanning for hidden networks is enabled
06-10 13:51:21.049 259 259 D Zygote : Forked child process 1293
06-10 13:51:21.050 523 553 W ActivityManager: Slow operation: 72ms so far, now at startProcess: returned from zygote!
06-10 13:51:21.057 1153 1216 I ProvidersCache: Provider returned no roots. Possibly naughty: com.android.providers.media.documents
06-10 13:51:21.058 523 621 I WifiScanningService: Created a new impl for wlan0
06-10 13:51:21.060 523 621 E WifiBackgroundScanStateMachine: invalid max buckets in scan capabilities 0
06-10 13:51:21.061 523 553 W ActivityManager: Slow operation: 83ms so far, now at startProcess: done updating battery stats
06-10 13:51:21.061 523 553 W ActivityManager: Slow operation: 84ms so far, now at startProcess: building log message
06-10 13:51:21.061 523 553 I ActivityManager: app.processName = com.android.providers.calendar
06-10 13:51:21.061 523 553 I ActivityManager: Start proc 1293:com.android.providers.calendar/u0a27 for broadcast {com.android.providers.calendar/com.android.providers.calendar.CalendarUpgradeReceiver}
06-10 13:51:21.062 523 553 W ActivityManager: Slow operation: 84ms so far, now at startProcess: starting to update pids map
06-10 13:51:21.062 523 553 W ActivityManager: Slow operation: 84ms so far, now at startProcess: done updating pids map
06-10 13:51:21.069 412 431 I adbd : jdwp connection from 1278
06-10 13:51:21.088 523 617 E WifiVendorHal: setMultiStaUseCase(l.3286) failed {.code = ERROR_NOT_SUPPORTED, .description = }
06-10 13:51:21.090 523 539 W StorageManagerService: Reporting emulated;0 unmounted due to system locked
06-10 13:51:21.091 523 617 E WifiVendorHal: setMultiStaPrimaryConnection(l.3252) failed {.code = ERROR_NOT_SUPPORTED, .description = }
06-10 13:51:21.098 1293 1293 I Zygote : seccomp disabled by setenforce 0
06-10 13:51:21.100 523 617 D WifiConnectivityHelper: Firmware supported feature set: d8108a801003d
06-10 13:51:21.103 523 617 D WifiConnectivityHelper: Firmware roaming is not supported
06-10 13:51:21.109 523 1255 D CompatibilityChangeReporter: Compat change id reported: 168419799; UID 10015; state: DISABLED
06-10 13:51:21.132 669 669 E WifiHAL : wifi_get_link_stats: requestResponse Error:-5
06-10 13:51:21.137 412 431 I adbd : jdwp connection from 1293
06-10 13:51:21.139 1278 1278 D CompatibilityChangeReporter: Compat change id reported: 171979766; UID 10015; state: DISABLED
06-10 13:51:21.155 523 539 D CompatibilityChangeReporter: Compat change id reported: 168419799; UID 10027; state: DISABLED
06-10 13:51:21.162 523 617 E WifiVendorHal: getWifiLinkLayerStats_1_5_Internal(l.1191) failed {.code = ERROR_INVALID_ARGS, .description = }
06-10 13:51:21.165 1090 1090 E ccc : cccccc ota-path is cache/recovery/
06-10 13:51:21.167 523 588 W StorageManagerService: Reporting emulated;0 unmounted due to system locked
06-10 13:51:21.173 523 617 D WifiCountryCode: evaluateAllCmmStateAndApplyIfAllReady: {ConcreteClientModeManager{id=26978 iface=wlan0 role=ROLE_CLIENT_PRIMARY}=true}
06-10 13:51:21.174 1278 1278 D ApplicationLoaders: Returning zygote-cached class loader: /system/framework/android.test.base.jar
06-10 13:51:21.174 1278 1278 D ApplicationLoaders: Returning zygote-cached class loader: /system/framework/android.hidl.manager-V1.0-java.jar
06-10 13:51:21.174 1278 1278 D ApplicationLoaders: Returning zygote-cached class loader: /system/framework/android.hidl.base-V1.0-java.jar
06-10 13:51:21.176 523 617 D WifiCountryCode: Reading country code from telephony
06-10 13:51:21.178 523 617 D WifiCountryCode: Set telephony country code to:
06-10 13:51:21.179 523 617 D WifiCountryCode: updateCountryCode to CN
06-10 13:51:21.177 1293 1293 D CompatibilityChangeReporter: Compat change id reported: 171979766; UID 10027; state: ENABLED
06-10 13:51:21.181 1191 1191 D WifiHWInfo: Start to load wireless module hardware info table...
06-10 13:51:21.182 1191 1191 D WifiHWInfo: Entry [01], BUS: SDIO, ID: 0x024C8179, Name: rtl8189es.
06-10 13:51:21.182 1191 1191 D WifiHWInfo: Entry [02], BUS: SDIO, ID: 0x024CB723, Name: rtl8723bs_vq0.
06-10 13:51:21.182 1191 1191 D WifiHWInfo: Entry [03], BUS: SDIO, ID: 0x024CB703, Name: rtl8723cs.
06-10 13:51:21.182 1191 1191 D WifiHWInfo: Entry [04], BUS: SDIO, ID: 0x024CD723, Name: rtl8723ds.
06-10 13:51:21.182 1191 1191 D WifiHWInfo: Entry [05], BUS: SDIO, ID: 0x024CF179, Name: rtl8189fs.
06-10 13:51:21.182 1191 1191 D WifiHWInfo: Entry [06], BUS: SDIO, ID: 0x024CB822, Name: rtl88x2bs.
06-10 13:51:21.182 1191 1191 D WifiHWInfo: Entry [07], BUS: USB, ID: 0x0BDAD723, Name: rtl8723du.
06-10 13:51:21.182 1191 1191 D WifiHWInfo: Entry [08], BUS: USB, ID: 0x0BDA8179, Name: rtl8188etv.
06-10 13:51:21.182 1191 1191 D WifiHWInfo: Entry [09], BUS: USB, ID: 0x0BDA0179, Name: rtl8188eu.
06-10 13:51:21.182 1191 1191 D WifiHWInfo: Entry [10], BUS: USB, ID: 0x0BDA818B, Name: rtl8192eu.
06-10 13:51:21.182 1191 1191 D WifiHWInfo: Entry [11], BUS: USB, ID: 0x0BDAB720, Name: rtl8723bu.
06-10 13:51:21.182 1191 1191 D WifiHWInfo: Entry [12], BUS: USB, ID: 0x0BDAC82C, Name: rtl8822cu.
06-10 13:51:21.182 1191 1191 D WifiHWInfo: Entry [13], BUS: USB, ID: 0x0BDAF179, Name: rtl8188fu.
06-10 13:51:21.182 1191 1191 D WifiHWInfo: Entry [14], BUS: SDIO, ID: 0x02D0A9A6, Name: ap6212.
06-10 13:51:21.182 1191 1191 D WifiHWInfo: Entry [15], BUS: SDIO, ID: 0x02D04330, Name: ap6330.
06-10 13:51:21.182 1191 1191 D WifiHWInfo: Entry [16], BUS: SDIO, ID: 0x02D04356, Name: ap6356s.
06-10 13:51:21.182 1191 1191 D WifiHWInfo: Entry [17], BUS: SDIO, ID: 0x02D0A9BF, Name: ap6255.
06-10 13:51:21.182 1191 1191 D WifiHWInfo: Entry [18], BUS: SDIO, ID: 0x02D04334, Name: bcm43342.
06-10 13:51:21.182 1191 1191 D WifiHWInfo: Entry [19], BUS: SDIO, ID: 0x00202281, Name: xr819.
06-10 13:51:21.182 1191 1191 D WifiHWInfo: Entry [20], BUS: SDIO, ID: 0x0A9E2282, Name: xr829.
06-10 13:51:21.182 1191 1191 D WifiHWInfo: Entry [21], BUS: SDIO, ID: 0x0271050A, Name: qca6174a.
06-10 13:51:21.182 1191 1191 D WifiHWInfo: Entry [22], BUS: SDIO, ID: 0x30303030, Name: ssv6x5x.
06-10 13:51:21.182 1191 1191 D WifiHWInfo: Entry [23], BUS: SDIO, ID: 0x00000000, Name: uwe5621.
06-10 13:51:21.182 1191 1191 D WifiHWInfo: Entry [24], BUS: SDIO, ID: 0x54490145, Name: aic8800.
06-10 13:51:21.182 1191 1191 D WifiHWInfo: Entry [25], BUS: SDIO, ID: 0xC8A1C08D, Name: aic8800.
06-10 13:51:21.182 1191 1191 D WifiHWInfo: Entry [26], BUS: USB, ID: 0xA69C8800, Name: aic8800.
06-10 13:51:21.182 1191 1191 D WifiHWInfo: Entry [27], BUS: USB, ID: 0x007A8888, Name: atbm6023is.
06-10 13:51:21.182 1191 1191 D WifiHWInfo: Entry [28], BUS: SDIO, ID: 0x02E79086, Name: 9012p.
06-10 13:51:21.182 1191 1191 D WifiHWInfo: Entry [29], BUS: SDIO, ID: 0x007A6011, Name: atbm613x_wifi_sdio.
06-10 13:51:21.182 1191 1191 D WifiHWInfo: Entry [30], BUS: SDIO, ID: 0x024CC822, Name: 88x2cs.
06-10 13:51:21.182 1191 1191 D WifiHWInfo: Entry [31], BUS: SDIO, ID: 0x000018F0, Name: dummy.
06-10 13:51:21.182 1191 1191 W wpa_supplicant: check_initialed for nl80211, use sprd wpa_supplicant_8_lib.
06-10 13:51:21.182 1191 1191 W wpa_supplicant: check_initialed found wpa_supplicant_8_lib vendor implement for sprd.
06-10 13:51:21.182 1191 1191 D wpa_supplicant: wlan0: Event CHANNEL_LIST_CHANGED (27) received
06-10 13:51:21.182 1191 1191 I wpa_supplicant: wlan0: CTRL-EVENT-REGDOM-CHANGE init=USER type=COUNTRY alpha2=CN
06-10 13:51:21.182 1191 1191 D wpa_supplicant: p2p-dev-wlan0: Updating hw mode
06-10 13:51:21.184 1191 1191 D wpa_supplicant: nl80211: No channel number found for frequency 5920 MHz
06-10 13:51:21.184 1191 1191 D wpa_supplicant: nl80211: No channel number found for frequency 5940 MHz
06-10 13:51:21.184 1191 1191 D wpa_supplicant: nl80211: Regulatory information - country=CN (DFS-FCC)
06-10 13:51:21.184 1191 1191 D wpa_supplicant: nl80211: 2400-2483 @ 40 MHz 20 mBm
06-10 13:51:21.184 1191 1191 D wpa_supplicant: nl80211: 5150-5350 @ 80 MHz 20 mBm (DFS)
06-10 13:51:21.184 1191 1191 D wpa_supplicant: nl80211: 5725-5850 @ 80 MHz 33 mBm
06-10 13:51:21.185 1191 1191 D wpa_supplicant: nl80211: 57240-59400 @ 2160 MHz 28 mBm
06-10 13:51:21.185 1191 1191 D wpa_supplicant: nl80211: 59400-63720 @ 2160 MHz 44 mBm
06-10 13:51:21.185 1191 1191 D wpa_supplicant: nl80211: 63720-65880 @ 2160 MHz 28 mBm
06-10 13:51:21.185 1191 1191 D wpa_supplicant: nl80211: Added 802.11b mode based on 802.11g information
06-10 13:51:21.185 1191 1191 D wpa_supplicant: nl80211: Mode IEEE 802.11g: 2412 2417 2422 2427 2432 2437 2442 2447 2452 2457 2462 2467 2472 2484[DISABLED]
06-10 13:51:21.185 1191 1191 D wpa_supplicant: nl80211: Mode IEEE 802.11a: 5170[DISABLED] 5180 5200 5220 5240 5260[RADAR] 5280[RADAR] 5300[RADAR] 5320[RADAR] 5500[DISABLED][RADAR] 5520[DISABLED][RADAR] 5540[DISABLED][RADAR] 5560[DISABLED][RADAR] 5580[DISABLED][RADAR]
06-10 13:51:21.185 1191 1191 D wpa_supplicant: nl80211: Mode IEEE 802.11b: 2412 2417 2422 2427 2432 2437 2442 2447 2452 2457 2462 2467 2472 2484[DISABLED]
06-10 13:51:21.185 1191 1191 D wpa_supplicant: wlan0: Updating hw mode
06-10 13:51:21.186 1191 1191 D wpa_supplicant: nl80211: No channel number found for frequency 5920 MHz
06-10 13:51:21.187 1191 1191 D wpa_supplicant: nl80211: No channel number found for frequency 5940 MHz
06-10 13:51:21.187 1191 1191 D wpa_supplicant: nl80211: Regulatory information - country=CN (DFS-FCC)
06-10 13:51:21.187 1191 1191 D wpa_supplicant: nl80211: 2400-2483 @ 40 MHz 20 mBm
06-10 13:51:21.187 1191 1191 D wpa_supplicant: nl80211: 5150-5350 @ 80 MHz 20 mBm (DFS)
06-10 13:51:21.187 1191 1191 D wpa_supplicant: nl80211: 5725-5850 @ 80 MHz 33 mBm
06-10 13:51:21.187 1191 1191 D wpa_supplicant: nl80211: 57240-59400 @ 2160 MHz 28 mBm
06-10 13:51:21.187 1191 1191 D wpa_supplicant: nl80211: 59400-63720 @ 2160 MHz 44 mBm
06-10 13:51:21.187 1191 1191 D wpa_supplicant: nl80211: 63720-65880 @ 2160 MHz 28 mBm
06-10 13:51:21.187 1191 1191 D wpa_supplicant: nl80211: Added 802.11b mode based on 802.11g information
06-10 13:51:21.187 1191 1191 D wpa_supplicant: nl80211: Mode IEEE 802.11g: 2412 2417 2422 2427 2432 2437 2442 2447 2452 2457 2462 2467 2472 2484[DISABLED]
06-10 13:51:21.187 1191 1191 D wpa_supplicant: nl80211: Mode IEEE 802.11a: 5170[DISABLED] 5180 5200 5220 5240 5260[RADAR] 5280[RADAR] 5300[RADAR] 5320[RADAR] 5500[DISABLED][RADAR] 5520[DISABLED][RADAR] 5540[DISABLED][RADAR] 5560[DISABLED][RADAR] 5580[DISABLED][RADAR]
06-10 13:51:21.187 1191 1191 D wpa_supplicant: nl80211: Mode IEEE 802.11b: 2412 2417 2422 2427 2432 2437 2442 2447 2452 2457 2462 2467 2472 2484[DISABLED]
06-10 13:51:21.187 1191 1191 D wpa_supplicant: wlan0: Determining shared radio frequencies (max len 2)
06-10 13:51:21.187 1191 1191 D wpa_supplicant: wlan0: Shared frequencies (len=0): completed iteration
06-10 13:51:21.187 1191 1191 D wpa_supplicant: P2P: Add operating class 81
06-10 13:51:21.187 1191 1191 D wpa_supplicant: P2P: Channels - hexdump(len=13): 01 02 03 04 05 06 07 08 09 0a 0b 0c 0d
06-10 13:51:21.188 1191 1191 D wpa_supplicant: P2P: Add operating class 115
06-10 13:51:21.188 1191 1191 D wpa_supplicant: P2P: Channels - hexdump(len=4): 24 28 2c 30
06-10 13:51:21.188 1191 1191 D wpa_supplicant: P2P: Add operating class 116
06-10 13:51:21.188 1191 1191 D wpa_supplicant: P2P: Channels - hexdump(len=2): 24 2c
06-10 13:51:21.188 1191 1191 D wpa_supplicant: P2P: Add operating class 117
06-10 13:51:21.188 1191 1191 D wpa_supplicant: P2P: Channels - hexdump(len=2): 28 30
06-10 13:51:21.188 1191 1191 D wpa_supplicant: P2P: Add operating class 124
06-10 13:51:21.188 1191 1191 D wpa_supplicant: P2P: Channels - hexdump(len=4): 95 99 9d a1
06-10 13:51:21.188 1191 1191 D wpa_supplicant: P2P: Add operating class 125
06-10 13:51:21.188 1191 1191 D wpa_supplicant: P2P: Channels - hexdump(len=5): 95 99 9d a1 a5
06-10 13:51:21.188 1191 1191 D wpa_supplicant: P2P: Add operating class 126
06-10 13:51:21.188 1191 1191 D wpa_supplicant: P2P: Channels - hexdump(len=2): 95 9d
06-10 13:51:21.188 1191 1191 D wpa_supplicant: P2P: Add operating class 127
06-10 13:51:21.188 1191 1191 D wpa_supplicant: P2P: Channels - hexdump(len=2): 99 a1
06-10 13:51:21.188 1191 1191 D wpa_supplicant: P2P: Add operating class 128
06-10 13:51:21.188 1191 1191 D wpa_supplicant: P2P: Channels - hexdump(len=8): 24 28 2c 30 95 99 9d a1
06-10 13:51:21.188 1191 1191 D wpa_supplicant: P2P: Add operating class 130
06-10 13:51:21.188 1191 1191 D wpa_supplicant: P2P: Channels - hexdump(len=9): 24 28 2c 30 95 99 9d a1 a5
06-10 13:51:21.188 1191 1191 D wpa_supplicant: P2P: Update channel list
06-10 13:51:21.188 1191 1191 D wpa_supplicant: P2P: channels: 81:1,2,3,4,5,6,7,8,9,10,11,12,13 115:36,40,44,48 116:36,44 117:40,48 124:149,153,157,161 125:149,153,157,161,165 126:149,157 127:153,161 128:36,40,44,48,149,153,157,161 130:36,40,44,48,149,153,157,161,165
06-10 13:51:21.188 1191 1191 D wpa_supplicant: P2P: cli_channels:
06-10 13:51:21.188 1191 1191 D wpa_supplicant: sprd_wpa_driver_nl80211_driver_cmd COUNTRY CN len = 0, 10
06-10 13:51:21.192 523 617 D WifiNative: onSetCountryCodeSucceeded: CN
06-10 13:51:21.193 523 617 I WifiCountryCode: Receive onSetCountryCodeSucceeded CN
