06-10 13:52:04.769 2390 2531 E nStackXDFinder: GetLocalIp:[401] :GetLocalIp exec
06-10 13:52:04.784 2390 2531 D nStackXCoAP: CoapMessageHandler:[133] :2.01
06-10 13:52:04.987 523 545 W IorapForwardingService: No service published for: iorapd
06-10 13:52:05.282 2390 2531 D nStackXCoAP: IsInSameNetwork:[276] :IsInSameNetwork exec
06-10 13:52:05.282 2390 2531 I nStackXDFinder: GetLocalInterfaceDetail:[461] :GetLocalInterfaceDetail in
06-10 13:52:05.282 2390 2531 E nStackXCoAP: IsInSameNetwork:[281] :IsInSameNetwork: not priority process
06-10 13:52:05.282 2390 2531 D nStackXCoAP: ParseServiceDiscover:[330] :new device join
06-10 13:52:05.282 2390 2531 E nStackXDFinder: GetLocalIp:[401] :GetLocalIp exec
06-10 13:52:05.335 2390 2531 D nStackXCoAP: CoapMessageHandler:[133] :2.01
06-10 13:52:05.813 2390 2531 D nStackXCoAP: IsInSameNetwork:[276] :IsInSameNetwork exec
06-10 13:52:05.813 2390 2531 I nStackXDFinder: GetLocalInterfaceDetail:[461] :GetLocalInterfaceDetail in
06-10 13:52:05.813 2390 2531 E nStackXCoAP: IsInSameNetwork:[281] :IsInSameNetwork: not priority process
06-10 13:52:05.814 2390 2531 D nStackXCoAP: ParseServiceDiscover:[330] :new device join
06-10 13:52:05.814 2390 2531 E nStackXDFinder: GetLocalIp:[401] :GetLocalIp exec
06-10 13:52:05.860 2390 2531 D nStackXCoAP: CoapMessageHandler:[133] :2.01
06-10 13:52:05.990 523 545 W IorapForwardingService: No service published for: iorapd
06-10 13:52:06.217 669 669 E WifiHAL : wifi_get_link_stats: requestResponse Error:-5
06-10 13:52:06.220 523 617 E WifiVendorHal: getWifiLinkLayerStats_1_5_Internal(l.1191) failed {.code = ERROR_INVALID_ARGS, .description = }
06-10 13:52:06.269 198 198 I hwservicemanager: getTransport: Cannot find entry android.hardware.graphics.mapper@4.0::IMapper/default in either framework or device VINTF manifest.
06-10 13:52:06.270 523 546 I Gralloc4: mapper 4.x is not supported
06-10 13:52:06.271 198 198 I hwservicemanager: getTransport: Cannot find entry android.hardware.graphics.mapper@3.0::IMapper/default in either framework or device VINTF manifest.
06-10 13:52:06.272 523 546 W Gralloc3: mapper 3.x is not supported
06-10 13:52:06.281 523 546 E gralloc : Arm Module v1.0
06-10 13:52:06.284 198 198 I hwservicemanager: getTransport: Cannot find entry android.hardware.graphics.allocator@4.0::IAllocator/default in either framework or device VINTF manifest.
06-10 13:52:06.285 523 546 W Gralloc4: allocator 4.x is not supported
06-10 13:52:06.286 198 198 I hwservicemanager: getTransport: Cannot find entry android.hardware.graphics.allocator@3.0::IAllocator/default in either framework or device VINTF manifest.
06-10 13:52:06.287 523 546 W Gralloc3: allocator 3.x is not supported
06-10 13:52:06.291 272 296 I gralloc : alloc buffer:W:33 H:42 S:48 PL[33 42] SZ:8064 fmt:1 if:0 af:1 usg:966 fg:00000004
06-10 13:52:06.292 523 546 E ion : ioctl c0044901 failed with code -1: Inappropriate ioctl for device
06-10 13:52:06.305 2390 2531 D nStackXCoAP: IsInSameNetwork:[276] :IsInSameNetwork exec
06-10 13:52:06.305 2390 2531 I nStackXDFinder: GetLocalInterfaceDetail:[461] :GetLocalInterfaceDetail in
06-10 13:52:06.305 2390 2531 E nStackXCoAP: IsInSameNetwork:[281] :IsInSameNetwork: not priority process
06-10 13:52:06.305 2390 2531 D nStackXCoAP: ParseServiceDiscover:[330] :new device join
06-10 13:52:06.305 2390 2531 E nStackXDFinder: GetLocalIp:[401] :GetLocalIp exec
06-10 13:52:06.314 2390 2531 D nStackXCoAP: CoapMessageHandler:[133] :2.01
06-10 13:52:06.640 1278 1278 I ModuleDataForwa: type=1400 audit(0.0:1229): avc: denied { write } for name="files" dev="mmcblk0p25" ino=2025 scontext=u:r:platform_app:s0:c512,c768 tcontext=u:object_r:app_data_file:s0:c512,c768 tclass=dir permissive=1 app=com.dangbei.screencast
06-10 13:52:06.640 1278 1278 I ModuleDataForwa: type=1400 audit(0.0:1230): avc: denied { add_name } for name="TD__Env_Synchronous_Lock__" scontext=u:r:platform_app:s0:c512,c768 tcontext=u:object_r:app_data_file:s0:c512,c768 tclass=dir permissive=1 app=com.dangbei.screencast
06-10 13:52:06.640 1278 1278 I ModuleDataForwa: type=1400 audit(0.0:1231): avc: denied { create } for name="TD__Env_Synchronous_Lock__" scontext=u:r:platform_app:s0:c512,c768 tcontext=u:object_r:app_data_file:s0:c512,c768 tclass=file permissive=1 app=com.dangbei.screencast
06-10 13:52:06.644 1278 1278 I ModuleDataForwa: type=1400 audit(0.0:1232): avc: denied { open } for path="/data/user/0/com.dangbei.screencast/files/TD__Env_Synchronous_Lock__" dev="mmcblk0p25" ino=2733 scontext=u:r:platform_app:s0:c512,c768 tcontext=u:object_r:app_data_file:s0:c512,c768 tclass=file permissive=1 app=com.dangbei.screencast
06-10 13:52:06.648 1278 1278 I ModuleDataForwa: type=1400 audit(0.0:1233): avc: denied { lock } for path="/data/user/0/com.dangbei.screencast/files/TD__Env_Synchronous_Lock__" dev="mmcblk0p25" ino=2733 scontext=u:r:platform_app:s0:c512,c768 tcontext=u:object_r:app_data_file:s0:c512,c768 tclass=file permissive=1 app=com.dangbei.screencast
06-10 13:52:06.840 2390 2531 D nStackXCoAP: IsInSameNetwork:[276] :IsInSameNetwork exec
06-10 13:52:06.840 2390 2531 I nStackXDFinder: GetLocalInterfaceDetail:[461] :GetLocalInterfaceDetail in
06-10 13:52:06.840 2390 2531 E nStackXCoAP: IsInSameNetwork:[281] :IsInSameNetwork: not priority process
06-10 13:52:06.840 2390 2531 D nStackXCoAP: ParseServiceDiscover:[330] :new device join
06-10 13:52:06.841 2390 2531 E nStackXDFinder: GetLocalIp:[401] :GetLocalIp exec
06-10 13:52:06.867 2390 2531 D nStackXCoAP: CoapMessageHandler:[133] :2.01
06-10 13:52:06.926 401 401 W hdr10p_Configure: 103 callbacks suppressed
06-10 13:52:06.926 401 401 I : DVI mode selected: packets not configured
06-10 13:52:06.926 401 401 W set_vsif_config: 103 callbacks suppressed
06-10 13:52:06.926 401 401 I : Error: set vsif failed
06-10 13:52:06.926 401 401 I : DVI mode selected: packets not configured
06-10 13:52:06.926 401 401 I : Error: set vsif failed
06-10 13:52:06.943 401 401 I : DVI mode selected: packets not configured
06-10 13:52:06.943 401 401 I : Error: set vsif failed
06-10 13:52:06.943 401 401 I : DVI mode selected: packets not configured
06-10 13:52:06.943 401 401 I : Error: set vsif failed
06-10 13:52:06.940 1278 1278 I ModuleDataForwa: type=1400 audit(0.0:1234): avc: denied { remove_name } for name="TD_IP_CACHE.xml" dev="mmcblk0p25" ino=15528 scontext=u:r:platform_app:s0:c512,c768 tcontext=u:object_r:app_data_file:s0:c512,c768 tclass=dir permissive=1 app=com.dangbei.screencast
06-10 13:52:06.940 1278 1278 I ModuleDataForwa: type=1400 audit(0.0:1235): avc: denied { rename } for name="TD_IP_CACHE.xml" dev="mmcblk0p25" ino=15528 scontext=u:r:platform_app:s0:c512,c768 tcontext=u:object_r:app_data_file:s0:c512,c768 tclass=file permissive=1 app=com.dangbei.screencast
06-10 13:52:06.955 1617 1617 W audit : audit_lost=707 audit_rate_limit=5 audit_backlog_limit=64
06-10 13:52:06.944 1278 1278 I ModuleDataForwa: type=1400 audit(0.0:1236): avc: denied { setattr } for name="TD_IP_CACHE.xml" dev="mmcblk0p25" ino=15564 scontext=u:r:platform_app:s0:c512,c768 tcontext=u:object_r:app_data_file:s0:c512,c768 tclass=file permissive=1 app=com.dangbei.screencast
06-10 13:52:06.955 1617 1617 E audit : rate limit exceeded
06-10 13:52:06.961 401 401 I : DVI mode selected: packets not configured
06-10 13:52:06.961 401 401 I : Error: set vsif failed
06-10 13:52:06.961 401 401 I : DVI mode selected: packets not configured
06-10 13:52:06.961 401 401 I : Error: set vsif failed
06-10 13:52:06.975 401 401 I : DVI mode selected: packets not configured
06-10 13:52:06.975 401 401 I : Error: set vsif failed
06-10 13:52:06.975 401 401 I : DVI mode selected: packets not configured
06-10 13:52:06.975 401 401 I : Error: set vsif failed
06-10 13:52:06.992 401 401 I : DVI mode selected: packets not configured
06-10 13:52:06.992 401 401 I : Error: set vsif failed
06-10 13:52:06.993 401 401 I : DVI mode selected: packets not configured
06-10 13:52:06.993 401 401 I : Error: set vsif failed
06-10 13:52:06.992 523 545 W IorapForwardingService: No service published for: iorapd
06-10 13:52:07.444 2390 2531 D nStackXCoAP: IsInSameNetwork:[276] :IsInSameNetwork exec
06-10 13:52:07.445 2390 2531 I nStackXDFinder: GetLocalInterfaceDetail:[461] :GetLocalInterfaceDetail in
06-10 13:52:07.445 2390 2531 E nStackXCoAP: IsInSameNetwork:[281] :IsInSameNetwork: not priority process
06-10 13:52:07.445 2390 2531 D nStackXCoAP: ParseServiceDiscover:[330] :new device join
06-10 13:52:07.445 2390 2531 E nStackXDFinder: GetLocalIp:[401] :GetLocalIp exec
06-10 13:52:07.479 2390 2531 D nStackXCoAP: CoapMessageHandler:[133] :2.01
06-10 13:52:07.752 1278 1278 I cling--ap-4: type=1400 audit(0.0:1238): avc: denied { search } for name="net" dev="sysfs" ino=10442 scontext=u:r:platform_app:s0:c512,c768 tcontext=u:object_r:sysfs_net:s0 tclass=dir permissive=1 app=com.dangbei.screencast
06-10 13:52:07.842 2390 2531 D nStackXCoAP: IsInSameNetwork:[276] :IsInSameNetwork exec
06-10 13:52:07.843 2390 2531 I nStackXDFinder: GetLocalInterfaceDetail:[461] :GetLocalInterfaceDetail in
06-10 13:52:07.843 2390 2531 E nStackXCoAP: IsInSameNetwork:[281] :IsInSameNetwork: not priority process
06-10 13:52:07.843 2390 2531 D nStackXCoAP: ParseServiceDiscover:[330] :new device join
06-10 13:52:07.843 2390 2531 E nStackXDFinder: GetLocalIp:[401] :GetLocalIp exec
06-10 13:52:07.867 2390 2531 D nStackXCoAP: CoapMessageHandler:[133] :2.01
06-10 13:52:07.952 2390 2390 I ModuleDataForwa: type=1400 audit(0.0:1239): avc: denied { search } for name="com.dangbei.screencast" dev="mmcblk0p25" ino=908 scontext=u:r:platform_app:s0:c512,c768 tcontext=u:object_r:app_data_file:s0:c512,c768 tclass=dir permissive=1 app=com.dangbei.screencast
06-10 13:52:07.952 2390 2390 I ModuleDataForwa: type=1400 audit(0.0:1240): avc: denied { read } for name="td_database2SaaS" dev="mmcblk0p25" ino=2181 scontext=u:r:platform_app:s0:c512,c768 tcontext=u:object_r:app_data_file:s0:c512,c768 tclass=dir permissive=1 app=com.dangbei.screencast
06-10 13:52:07.952 2390 2390 I ModuleDataForwa: type=1400 audit(0.0:1241): avc: denied { open } for path="/data/user/0/com.dangbei.screencast/files/__database_reborn_January_one__/td_database2SaaS" dev="mmcblk0p25" ino=2181 scontext=u:r:platform_app:s0:c512,c768 tcontext=u:object_r:app_data_file:s0:c512,c768 tclass=dir permissive=1 app=com.dangbei.screencast
06-10 13:52:07.994 523 545 W IorapForwardingService: No service published for: iorapd
06-10 13:52:08.238 523 1548 I ActivityStarter: ---START u0 {dat=haqu://setting:8080/home flg=0x10000000 pkg=com.dangbei.haqusetting cmp=com.dangbei.haqusetting/.ui.HomeActivity} from uid 1000
06-10 13:52:08.239 523 1548 W ActivityTaskManager: Can't find TaskDisplayArea to determine support for multi window. Task id=45 attached=false
06-10 13:52:08.246 276 276 I AW_PowerHAL: Power setMode: LAUNCH to: 1
06-10 13:52:08.265 523 927 W ActivityTaskManager: Tried to set launchTime (0) < mLastActivityLaunchTime (49910)
06-10 13:52:08.266 523 927 D AW_CODE : rotation =0
06-10 13:52:08.276 276 276 I AW_PowerHAL: cur-mode:LAUNCH
06-10 13:52:08.307 1165 1440 W SQLiteLog: (28) double-quoted string literal: "
06-10 13:52:08.307 1165 1440 W SQLiteLog: (28) double-quoted string literal: "2145BB43EF9F7358A6F6EF375B46F5E5"
06-10 13:52:08.312 1090 1119 E ccc : cccccc UpdateHelper onMessageReceived com.dangbei.haqusetting com.dangbei.etna.update {"action":"get","functionTag":"leaf_controller_function_controller_dangbei_update","value":0} com.dangbei.lerad.etna.aidl.IEtnaAidlCallback$Stub$Proxy@4d43eb4
06-10 13:52:08.313 1090 1119 E ccc : cccccc 缓存获取遥控器版本 DB-15B-H5-R0111
06-10 13:52:08.314 1090 1112 E ccc : cccccc 请求电量缓存 87
06-10 13:52:08.341 272 296 I gralloc : alloc buffer:W:1920 H:1080 S:1920 PL[1920 1080] SZ:8294400 fmt:1 if:0 af:1 usg:20000b00 fg:00000004
06-10 13:52:08.342 272 296 I gralloc : alloc buffer:W:1920 H:1080 S:1920 PL[1920 1080] SZ:8294400 fmt:1 if:0 af:1 usg:20000b00 fg:00000004
06-10 13:52:08.344 272 296 I gralloc : alloc buffer:W:1920 H:1080 S:1920 PL[1920 1080] SZ:8294400 fmt:1 if:0 af:1 usg:20000b00 fg:00000004
06-10 13:52:08.354 2977 2977 W RecyclerView: No adapter attached; skipping layout
06-10 13:52:08.373 2390 2531 D nStackXCoAP: IsInSameNetwork:[276] :IsInSameNetwork exec
06-10 13:52:08.374 2390 2531 I nStackXDFinder: GetLocalInterfaceDetail:[461] :GetLocalInterfaceDetail in
06-10 13:52:08.374 2390 2531 E nStackXCoAP: IsInSameNetwork:[281] :IsInSameNetwork: not priority process
06-10 13:52:08.374 2390 2531 D nStackXCoAP: ParseServiceDiscover:[330] :new device join
06-10 13:52:08.374 2390 2531 E nStackXDFinder: GetLocalIp:[401] :GetLocalIp exec
06-10 13:52:08.380 276 276 I AW_PowerHAL: Power setMode: LAUNCH to: 0
06-10 13:52:08.383 276 276 I AW_PowerHAL: cur-mode:SCHEDUTIL
06-10 13:52:08.384 523 543 I ActivityTaskManager: +++Displayed com.dangbei.haqusetting/.ui.HomeActivity: +122ms
06-10 13:52:08.393 678 678 D TvPipController: onTaskStackChanged()
06-10 13:52:08.406 2339 2339 I DefaultIMS: onStartInput attribute=android.view.inputmethod.EditorInfo@fbbdf1b restarting=false inputType: 0
06-10 13:52:08.448 2390 2531 D nStackXCoAP: CoapMessageHandler:[133] :2.01
06-10 13:52:08.629 1090 1119 E ccc : cccccc UpdateHelper onMessageReceived com.dangbei.haqusetting com.dangbei.etna.update {"action":"get","functionTag":"leaf_controller_function_controller_dangbei_update","value":0} com.dangbei.lerad.etna.aidl.IEtnaAidlCallback$Stub$Proxy@cb1badd
06-10 13:52:08.631 1090 1112 E ccc : cccccc 请求电量缓存 87
06-10 13:52:08.632 1090 1119 E ccc : cccccc 缓存获取遥控器版本 DB-15B-H5-R0111
06-10 13:52:08.677 523 927 D ConnectivityService: requestNetwork for uid/pid:1000/2977 activeRequest: null callbackRequest: 39 [NetworkRequest [ REQUEST id=40, [ Capabilities: INTERNET&NOT_RESTRICTED&TRUSTED&NOT_VCN_MANAGED Uid: 1000 RequestorUid: 1000 RequestorPkg: com.dangbei.haqusetting] ]] callback flags: 0 priority: 2147483647
06-10 13:52:08.679 523 624 D ConnectivityService: NetReassign [40 : null → 100]
06-10 13:52:08.684 523 662 D Ethernet: got request NetworkRequest [ REQUEST id=40, [ Capabilities: INTERNET&NOT_RESTRICTED&TRUSTED&NOT_VCN_MANAGED Uid: 1000 RequestorUid: 1000 RequestorPkg: com.dangbei.haqusetting] ]
06-10 13:52:08.685 523 662 D EthernetNetworkFactory: acceptRequest, request: NetworkRequest [ REQUEST id=40, [ Capabilities: INTERNET&NOT_RESTRICTED&TRUSTED&NOT_VCN_MANAGED Uid: 1000 RequestorUid: 1000 RequestorPkg: com.dangbei.haqusetting] ]
06-10 13:52:08.685 523 662 I EthernetNetworkFactory: networkForRequest, request: NetworkRequest [ REQUEST id=40, [ Capabilities: INTERNET&NOT_RESTRICTED&TRUSTED&NOT_VCN_MANAGED Uid: 1000 RequestorUid: 1000 RequestorPkg: com.dangbei.haqusetting] ], network: null
06-10 13:52:08.686 523 617 D WifiNetworkFactory: got request NetworkRequest [ REQUEST id=40, [ Capabilities: INTERNET&NOT_RESTRICTED&TRUSTED&NOT_VCN_MANAGED Uid: 1000 RequestorUid: 1000 RequestorPkg: com.dangbei.haqusetting] ]
06-10 13:52:08.690 523 617 D UntrustedWifiNetworkFactory: got request NetworkRequest [ REQUEST id=40, [ Capabilities: INTERNET&NOT_RESTRICTED&TRUSTED&NOT_VCN_MANAGED Uid: 1000 RequestorUid: 1000 RequestorPkg: com.dangbei.haqusetting] ]
06-10 13:52:08.690 523 617 D OemPaidWifiNetworkFactory: got request NetworkRequest [ REQUEST id=40, [ Capabilities: INTERNET&NOT_RESTRICTED&TRUSTED&NOT_VCN_MANAGED Uid: 1000 RequestorUid: 1000 RequestorPkg: com.dangbei.haqusetting] ]
06-10 13:52:08.713 2339 2339 I DefaultIMS: onStartInput attribute=android.view.inputmethod.EditorInfo@ada68b8 restarting=false inputType: 0
06-10 13:52:08.796 1278 1278 I cling--ap-4: type=1400 audit(0.0:1242): avc: denied { read } for name="address" dev="sysfs" ino=16906 scontext=u:r:platform_app:s0:c512,c768 tcontext=u:object_r:sysfs_net:s0 tclass=file permissive=1 app=com.dangbei.screencast
06-10 13:52:08.796 1278 1278 I cling--ap-4: type=1400 audit(0.0:1243): avc: denied { open } for path="/sys/devices/virtual/net/dummy0/address" dev="sysfs" ino=16906 scontext=u:r:platform_app:s0:c512,c768 tcontext=u:object_r:sysfs_net:s0 tclass=file permissive=1 app=com.dangbei.screencast
06-10 13:52:08.796 1278 1278 I cling--ap-4: type=1400 audit(0.0:1244): avc: denied { getattr } for path="/sys/devices/virtual/net/dummy0/address" dev="sysfs" ino=16906 scontext=u:r:platform_app:s0:c512,c768 tcontext=u:object_r:sysfs_net:s0 tclass=file permissive=1 app=com.dangbei.screencast
06-10 13:52:08.854 273 273 D DisplayConfig: virtual Return vendor::display::config::V1_0::implementation::DisplayConfig::getSupportedModes(int32_t, vendor::display::config::V1_0::IDisplayConfig::getSupportedModes_cb): display[0] ret=0, supported modes count(18)
06-10 13:52:08.855 273 273 W displayd: xxxxxxx: hdmi user strategy: 28
06-10 13:52:08.855 273 273 W displayd: xxxxxxx: getHDMINativeMode: use perfect hdmi mode(35) as native mode
06-10 13:52:08.855 1090 1512 D DisplayOutputImpl: getDisplayOutputMode = 10 , 28 , false
06-10 13:52:08.856 1090 1512 E ccc : cccccc current is 1080p 60Hz
06-10 13:52:08.860 1090 1512 E ccc : cccccc ColorHelper current get RGB888_8BIT
06-10 13:52:08.865 273 273 D DisplayConfig: virtual Return vendor::display::config::V1_0::implementation::DisplayConfig::getSupportedModes(int32_t, vendor::display::config::V1_0::IDisplayConfig::getSupportedModes_cb): display[0] ret=0, supported modes count(18)
06-10 13:52:08.867 273 273 W displayd: xxxxxxx: hdmi user strategy: 28
06-10 13:52:08.867 273 273 W displayd: xxxxxxx: getHDMINativeMode: use perfect hdmi mode(35) as native mode
06-10 13:52:08.868 1090 1512 D DisplayOutputImpl: getDisplayOutputMode = 10 , 28 , false
06-10 13:52:08.868 1090 1512 E ccc : cccccc current is 1080p 60Hz
06-10 13:52:08.870 1090 1512 E ccc : cccccc ColorHelper current get RGB888_8BIT
06-10 13:52:08.996 523 545 W IorapForwardingService: No service published for: iorapd
06-10 13:52:09.235 669 669 E WifiHAL : wifi_get_link_stats: requestResponse Error:-5
06-10 13:52:09.236 523 617 E WifiVendorHal: getWifiLinkLayerStats_1_5_Internal(l.1191) failed {.code = ERROR_INVALID_ARGS, .description = }
06-10 13:52:09.703 1347 1347 D aaa : LedStatusService onStartCommand begin
06-10 13:52:09.704 1347 3204 D aaa : topPkg is -------------- :com.dangbei.haqusetting
06-10 13:52:09.710 1349 1349 D bbb : onStartCommand begin !!!!!!! data分区剩余 20615MB
06-10 13:52:09.999 523 545 W IorapForwardingService: No service published for: iorapd
06-10 13:52:11.003 523 545 W IorapForwardingService: No service published for: iorapd
06-10 13:52:11.247 278 303 D hdmi-cec: receive invalid cec message!
06-10 13:52:11.247 278 303 D hdmi-cec: receive poll message [04], skip!
06-10 13:52:11.267 704 727 I PermissionControllerServiceImpl: Updating user sensitive for user 0
06-10 13:52:11.858 523 1939 E TaskPersister: File error accessing recents directory (directory doesn't exist?).
06-10 13:52:11.924 1090 1090 E ccc : cccccc 10s后没有设备 系统出错 进行遥控器移除
06-10 13:52:11.934 1090 1090 E dangbei111: cccccc 取消pair Dangbei E4:BB:D3:57:C0:7D 12
06-10 13:52:11.935 1090 1090 I BluetoothDevice: removeBond() for device E4:BB:D3:57:C0:7D called by pid: 1090 tid: 1090
06-10 13:52:11.945 401 401 W hdr10p_Configure: 483 callbacks suppressed
06-10 13:52:11.945 401 401 I : DVI mode selected: packets not configured
06-10 13:52:11.945 401 401 W set_vsif_config: 483 callbacks suppressed
06-10 13:52:11.945 401 401 I : Error: set vsif failed
06-10 13:52:11.946 401 401 I : DVI mode selected: packets not configured
06-10 13:52:11.946 401 401 I : Error: set vsif failed
06-10 13:52:11.946 401 401 I : DVI mode selected: packets not configured
06-10 13:52:11.946 401 401 I : Error: set vsif failed
06-10 13:52:11.945 1324 1733 I bt_btif_config: system/bt/btif/src/btif_config.cc:137 btif_get_device_type: Device [e4:bb:d3:57:c0:7d] device type 2
06-10 13:52:11.945 1324 1733 I bt_btif_dm: system/bt/btif/src/btif_dm.cc:384 get_cod: get_cod remote_cod = 0x00001f00
06-10 13:52:11.945 1324 1733 E bt_btif : system/bt/main/bte_logmsg.cc:191 LogMsg: btif_hh_virtual_unplug: Error, device e4:bb:d3:57:c0:7d not opened, status = 3
06-10 13:52:11.946 1324 1733 I bt_stack: [INFO:gatt_api.cc(1231)] GATT_CancelConnect: gatt_if:0, address: e4:bb:d3:57:c0:7d, direct:0
06-10 13:52:11.946 1324 1733 E bt_stack: [ERROR:gatt_utils.cc(1400)] gatt_cancel_open: link connected Too late to cancel
06-10 13:52:11.946 1324 1733 E bt_stack: [ERROR:gatt_utils.cc(1400)] gatt_cancel_open: link connected Too late to cancel
06-10 13:52:11.946 1324 1733 I btm_acl : system/bt/stack/acl/btm_acl.cc:185 hci_btsnd_hcic_disconnect: Disconnecting peer:xx:xx:xx:xx:c0:7d reason:Remote Terminated Connection
06-10 13:52:11.948 1324 1646 I BluetoothBondStateMachine: Entering PendingCommandState State
06-10 13:52:11.960 401 401 I : DVI mode selected: packets not configured
06-10 13:52:11.960 401 401 I : Error: set vsif failed
06-10 13:52:11.960 401 401 I : DVI mode selected: packets not configured
06-10 13:52:11.960 401 401 I : Error: set vsif failed
06-10 13:52:11.960 401 401 I : DVI mode selected: packets not configured
06-10 13:52:11.960 401 401 I : Error: set vsif failed
06-10 13:52:11.986 401 401 I : DVI mode selected: packets not configured
06-10 13:52:11.986 401 401 I : Error: set vsif failed
06-10 13:52:11.986 401 401 I : DVI mode selected: packets not configured
06-10 13:52:11.986 401 401 I : Error: set vsif failed
06-10 13:52:11.986 401 401 I : DVI mode selected: packets not configured
06-10 13:52:11.986 401 401 I : Error: set vsif failed
06-10 13:52:12.002 401 401 I : DVI mode selected: packets not configured
06-10 13:52:12.002 401 401 I : Error: set vsif failed
06-10 13:52:12.006 523 545 W IorapForwardingService: No service published for: iorapd
06-10 13:52:12.208 360 360 E : Send upper Vendor Specific event.
06-10 13:52:12.258 669 669 E WifiHAL : wifi_get_link_stats: requestResponse Error:-5
06-10 13:52:12.260 523 617 E WifiVendorHal: getWifiLinkLayerStats_1_5_Internal(l.1191) failed {.code = ERROR_INVALID_ARGS, .description = }
06-10 13:52:13.008 523 545 W IorapForwardingService: No service published for: iorapd
06-10 13:52:13.620 2339 2339 I DefaultIMS: onStartInput attribute=android.view.inputmethod.EditorInfo@136d691 restarting=false inputType: 0
06-10 13:52:13.868 523 1150 D TvWindowManager: key event key = KEYCODE_DPAD_LEFT down = true
06-10 13:52:13.870 523 605 D GpioService: mFlickerEnable = true
06-10 13:52:13.876 2339 2339 I SogouIME: onKeyDown: keyoCode=21
06-10 13:52:13.876 2339 2339 I DefaultIMS: onKeyDown: keyoCode=21
06-10 13:52:13.882 523 1150 D TvWindowManager: key event key = KEYCODE_DPAD_LEFT down = false
06-10 13:52:13.884 2339 2339 I SogouIME: onKeyUp: keyoCode=21
06-10 13:52:13.885 2339 2339 I DefaultIMS: onKeyUp: keyoCode=21
06-10 13:52:13.966 2339 2339 I DefaultIMS: onStartInput attribute=android.view.inputmethod.EditorInfo@edfb9f6 restarting=false inputType: 0
06-10 13:52:14.010 523 545 W IorapForwardingService: No service published for: iorapd
06-10 13:52:14.164 1324 1733 I bt_stack: [INFO:btsnoop.cc(338)] clear_l2cap_allowlist: Clearing acceptlist from l2cap channel. conn_handle=16 cid=4:4
06-10 13:52:14.165 1324 1733 I bt_stack: [INFO:gatt_attr.cc(338)] gatt_connect_cback: remove untrusted client status, bda=e4:bb:d3:57:c0:7d
06-10 13:52:14.165 1324 1733 I bluetooth: system/bt/stack/gap/gap_ble.cc:298 client_connect_cback: No active GAP service found for peer:xx:xx:xx:xx:c0:7d callback:Disconnected
06-10 13:52:14.165 1324 1733 I bt_bta_gattc: system/bt/bta/gatt/bta_gattc_act.cc:1115 bta_gattc_conn_cback: Disconnected att_id:3 transport:le reason:GATT_CONN_TERMINATE_LOCAL_HOST
06-10 13:52:14.165 1324 1733 I bt_bta_gattc: system/bt/bta/gatt/bta_gattc_act.cc:1115 bta_gattc_conn_cback: Disconnected att_id:4 transport:le reason:GATT_CONN_TERMINATE_LOCAL_HOST
06-10 13:52:14.165 1324 1733 I bt_bta_gattc: system/bt/bta/gatt/bta_gattc_act.cc:1115 bta_gattc_conn_cback: Disconnected att_id:5 transport:le reason:GATT_CONN_TERMINATE_LOCAL_HOST
06-10 13:52:14.165 1324 1733 I bt_bta_gattc: system/bt/bta/gatt/bta_gattc_act.cc:1115 bta_gattc_conn_cback: Disconnected att_id:6 transport:le reason:GATT_CONN_TERMINATE_LOCAL_HOST
06-10 13:52:14.165 1324 1733 I bt_bta_gattc: system/bt/bta/gatt/bta_gattc_act.cc:1115 bta_gattc_conn_cback: Disconnected att_id:7 transport:le reason:GATT_CONN_TERMINATE_LOCAL_HOST
06-10 13:52:14.166 1324 1733 I btif_av : system/bt/btif/src/btif_av.cc:3352 btif_av_acl_disconnected: btif_av_acl_disconnected: Peer e4:bb:d3:57:c0:7d : ACL Disconnected
06-10 13:52:14.166 1324 1733 I bt_stack: [INFO:btif_hh.cc(428)] btif_hh_remove_device: bda = e4:bb:d3:57:c0:7d
06-10 13:52:14.167 1324 1733 I bt_btif_storage: system/bt/btif/src/btif_storage.cc:839 btif_storage_remove_bonded_device: Removing bonded device addr:e4:bb:d3:57:c0:7d
06-10 13:52:14.167 1324 1733 I bt_btif_storage: system/bt/btif/src/btif_storage.cc:1138 btif_storage_remove_ble_bonding_keys: Removing bonding keys for bd addr:e4:bb:d3:57:c0:7d
06-10 13:52:14.169 1090 1119 D BluetoothGatt: onClientConnectionState() - status=0 clientIf=7 device=E4:BB:D3:57:C0:7D
06-10 13:52:14.170 1090 1512 D BluetoothGatt: onClientConnectionState() - status=0 clientIf=6 device=E4:BB:D3:57:C0:7D
06-10 13:52:14.177 1324 1733 I bt_btif_config: system/bt/btif/src/btif_config.cc:137 btif_get_device_type: Device [e4:bb:d3:57:c0:7d] device type 2
06-10 13:52:14.177 1324 1733 I bt_btif_dm: system/bt/btif/src/btif_dm.cc:384 get_cod: get_cod remote_cod = 0x00001f00
06-10 13:52:14.177 1324 1733 I bt_btif_dm: system/bt/btif/src/btif_dm.cc:451 bond_state_changed: Bond state changed to state=0 [0:none, 1:bonding, 2:bonded], prev_state=0, sdp_attempts = 0
06-10 13:52:14.177 1324 1733 I bt_btif_config: system/bt/btif/src/btif_config.cc:137 btif_get_device_type: Device [e4:bb:d3:57:c0:7d] device type 2
06-10 13:52:14.178 1324 1733 I btif_av : system/bt/btif/src/btif_av.cc:1078 FindOrCreatePeer: BtifAvPeer *BtifAvSource::FindOrCreatePeer(const RawAddress &, tBTA_AV_HNDL): Create peer: peer_address=e4:bb:d3:57:c0:7d bta_handle=0x41 peer_id=0
06-10 13:52:14.178 1324 1733 I btif_av : system/bt/btif/src/btif_av.cc:3279 btif_av_get_peer_sep: No active sink or source peer found
06-10 13:52:14.178 1324 1733 I bt_btif_a2dp_source: system/bt/btif/src/btif_a2dp_source.cc:691 btif_a2dp_source_on_idle: btif_a2dp_source_on_idle: state=STATE_OFF
06-10 13:52:14.178 1324 1733 I btif_av : system/bt/btif/src/btif_av.cc:3279 btif_av_get_peer_sep: No active sink or source peer found
06-10 13:52:14.178 1324 1733 I bt_btif_a2dp_source: system/bt/btif/src/btif_a2dp_source.cc:691 btif_a2dp_source_on_idle: btif_a2dp_source_on_idle: state=STATE_OFF
06-10 13:52:14.178 1324 1733 E bt_stack: [ERROR:bta_gattc_api.cc(729)] BTA_GATTC_DeregisterForNotifications registration not found bd_addr=e4:bb:d3:57:c0:7d
06-10 13:52:14.178 1324 1733 E bt_stack: [ERROR:bta_gattc_api.cc(729)] BTA_GATTC_DeregisterForNotifications registration not found bd_addr=e4:bb:d3:57:c0:7d
06-10 13:52:14.178 1324 1733 E bt_stack: [ERROR:bta_gattc_api.cc(729)] BTA_GATTC_DeregisterForNotifications registration not found bd_addr=e4:bb:d3:57:c0:7d
06-10 13:52:14.178 1324 1733 I bt_bta_sys_main: system/bt/bta/sys/bta_sys_main.cc:99 bta_sys_event: Ignoring receipt of unregistered event id:HID Human interface device
06-10 13:52:14.178 1324 1733 I btif_av : system/bt/btif/src/btif_av.cc:1123 DeleteIdlePeers: DeleteIdlePeers: Deleting idle peer: e4:bb:d3:57:c0:7d bta_handle=0x41
06-10 13:52:14.185 1324 1324 W BluetoothHidHostService: no state change: 0
06-10 13:52:14.201 1090 1090 I dangbei111: cccccc on receiver=android.bluetooth.device.action.ACL_DISCONNECTED,mac=E4:BB:D3:57:C0:7D
06-10 13:52:14.205 1090 1090 E ccc : cccccc 这里接到ACTION_ACL_DISCONNECTED 开启scan 12
06-10 13:52:14.208 1090 1090 E dangbei111: cccccc 开始扫描
06-10 13:52:14.208 1090 1090 D BluetoothAdapter: isLeEnabled(): ON
06-10 13:52:14.209 2977 2977 E bond : name=Dangbei,state=12,action=android.bluetooth.device.action.ACL_DISCONNECTED
06-10 13:52:14.213 1324 1585 I BluetoothBondStateMachine: bondStateChangeCallback: Status: 0 Address: E4:BB:D3:57:C0:7D newState: 0
06-10 13:52:14.227 1324 1646 D AdapterProperties: Removing bonded device:E4:BB:D3:57:C0:7D
06-10 13:52:14.239 1090 1090 I dangbei111: cccccc on receiver=android.bluetooth.device.action.BOND_STATE_CHANGED,mac=E4:BB:D3:57:C0:7D
06-10 13:52:14.240 1090 1090 I dangbei111: cccccc Wait for auto connection, processBondStateChange: bondState: 12 --> 10
06-10 13:52:14.244 1324 1646 I BluetoothBondStateMachine: Bond State Change Intent:E4:BB:D3:57:C0:7D BOND_BONDED => BOND_NONE
06-10 13:52:14.247 1324 1646 W HeadsetClientService: getHeadsetClientService(): service is null
06-10 13:52:14.249 1324 1646 W PbapClientService: getPbapClientService(): service is null
06-10 13:52:14.253 523 552 W BroadcastQueue: Background execution not allowed: receiving Intent { act=android.bluetooth.device.action.BOND_STATE_CHANGED flg=0x10 (has extras) } to com.dangbei.lerad.etna.haqu/com.dangbei.remotecontroller.RemoteControllerReceiver
06-10 13:52:14.253 1090 1090 E dangbei111: cccccc 开始扫描
06-10 13:52:14.254 1090 1090 D BluetoothAdapter: isLeEnabled(): ON
06-10 13:52:14.256 2977 2977 E bond : name=Dangbei,state=10,action=android.bluetooth.device.action.BOND_STATE_CHANGED
06-10 13:52:14.257 1324 1324 D A2dpService: Bond state changed for device: E4:BB:D3:57:C0:7D state: 10
06-10 13:52:14.257 1324 1646 D A2dpService: Saved connectionPolicy E4:BB:D3:57:C0:7D = -1
06-10 13:52:14.258 1324 1646 I HeadsetService: setConnectionPolicy: device=E4:BB:D3:57:C0:7D, connectionPolicy=-1, uid/pid=1002/1324
06-10 13:52:14.258 1324 1646 I BluetoothBondStateMachine: StableState(): Entering Off State
06-10 13:52:14.265 1324 1339 D BluetoothDatabase: getCustomMeta: device E4:BB:D3:57:C0:7D is not in cache
06-10 13:52:14.270 1324 2043 D BluetoothDatabase: getCustomMeta: device E4:BB:D3:57:C0:7D is not in cache
06-10 13:52:14.275 678 771 W BluetoothEventManager: showUnbondMessage: Not displaying any message for reason: 9
06-10 13:52:14.278 523 1026 W ZramWriteback: Writeback device is not set
06-10 13:52:14.278 523 1026 D ZramWriteback: wait to flush
06-10 13:52:14.316 2641 2717 D UtilLog : 日志批量上报 进行正常循环 !!!!!!本次有0次请求,共0条数据
06-10 13:52:14.612 1278 1278 I efs-base: type=1400 audit(0.0:1245): avc: denied { getattr } for path="/data/user/0/com.dangbei.screencast/app_UApm/5fc60c21094d637f3130af19/ready" dev="mmcblk0p25" ino=2095 scontext=u:r:platform_app:s0:c512,c768 tcontext=u:object_r:app_data_file:s0:c512,c768 tclass=dir permissive=1 app=com.dangbei.screencast
06-10 13:52:15.012 523 545 W IorapForwardingService: No service published for: iorapd
06-10 13:52:15.277 669 669 E WifiHAL : wifi_get_link_stats: requestResponse Error:-5
06-10 13:52:15.280 523 617 E WifiVendorHal: getWifiLinkLayerStats_1_5_Internal(l.1191) failed {.code = ERROR_INVALID_ARGS, .description = }
06-10 13:52:16.015 523 545 W IorapForwardingService: No service published for: iorapd
06-10 13:52:16.960 401 401 W hdr10p_Configure: 371 callbacks suppressed
06-10 13:52:16.960 401 401 I : DVI mode selected: packets not configured
06-10 13:52:16.961 401 401 W set_vsif_config: 371 callbacks suppressed
06-10 13:52:16.961 401 401 I : Error: set vsif failed
06-10 13:52:16.961 401 401 I : DVI mode selected: packets not configured
06-10 13:52:16.961 401 401 I : Error: set vsif failed
06-10 13:52:16.961 401 401 I : DVI mode selected: packets not configured
06-10 13:52:16.961 401 401 I : Error: set vsif failed
06-10 13:52:16.995 401 401 I : DVI mode selected: packets not configured
06-10 13:52:16.995 401 401 I : Error: set vsif failed
06-10 13:52:16.995 401 401 I : DVI mode selected: packets not configured
06-10 13:52:16.995 401 401 I : Error: set vsif failed
06-10 13:52:16.995 401 401 I : DVI mode selected: packets not configured
06-10 13:52:16.995 401 401 I : Error: set vsif failed
06-10 13:52:17.019 523 545 W IorapForwardingService: No service published for: iorapd
06-10 13:52:17.018 401 401 I : DVI mode selected: packets not configured
06-10 13:52:17.018 401 401 I : Error: set vsif failed
06-10 13:52:17.018 401 401 I : DVI mode selected: packets not configured
06-10 13:52:17.018 401 401 I : Error: set vsif failed
06-10 13:52:17.018 401 401 I : DVI mode selected: packets not configured
06-10 13:52:17.018 401 401 I : Error: set vsif failed
06-10 13:52:17.038 401 401 I : DVI mode selected: packets not configured
06-10 13:52:17.038 401 401 I : Error: set vsif failed
06-10 13:52:17.760 1349 1349 D bbb : onStartCommand begin !!!!!!! data分区剩余 20615MB
06-10 13:52:17.762 1347 1347 D aaa : LedStatusService onStartCommand begin
06-10 13:52:17.768 1347 3239 D aaa : topPkg is -------------- :com.dangbei.haqusetting
06-10 13:52:18.021 523 545 W IorapForwardingService: No service published for: iorapd
06-10 13:52:18.304 669 669 E WifiHAL : wifi_get_link_stats: requestResponse Error:-5
06-10 13:52:18.306 523 617 E WifiVendorHal: getWifiLinkLayerStats_1_5_Internal(l.1191) failed {.code = ERROR_INVALID_ARGS, .description = }
06-10 13:52:19.025 523 545 W IorapForwardingService: No service published for: iorapd
06-10 13:52:20.031 523 545 W IorapForwardingService: No service published for: iorapd
06-10 13:52:21.036 523 545 W IorapForwardingService: No service published for: iorapd
06-10 13:52:21.326 669 669 E WifiHAL : wifi_get_link_stats: requestResponse Error:-5
06-10 13:52:21.330 523 617 E WifiVendorHal: getWifiLinkLayerStats_1_5_Internal(l.1191) failed {.code = ERROR_INVALID_ARGS, .description = }
06-10 13:52:22.039 523 545 W IorapForwardingService: No service published for: iorapd
06-10 13:52:22.966 401 401 W hdr10p_Configure: 197 callbacks suppressed
06-10 13:52:22.966 401 401 I : DVI mode selected: packets not configured
06-10 13:52:22.966 401 401 W set_vsif_config: 197 callbacks suppressed
06-10 13:52:22.966 401 401 I : Error: set vsif failed
06-10 13:52:22.966 401 401 I : DVI mode selected: packets not configured
06-10 13:52:22.966 401 401 I : Error: set vsif failed
06-10 13:52:22.966 401 401 I : DVI mode selected: packets not configured
06-10 13:52:22.966 401 401 I : Error: set vsif failed
06-10 13:52:22.996 401 401 I : DVI mode selected: packets not configured
06-10 13:52:22.996 401 401 I : Error: set vsif failed
06-10 13:52:22.996 401 401 I : DVI mode selected: packets not configured
06-10 13:52:22.996 401 401 I : Error: set vsif failed
06-10 13:52:22.996 401 401 I : DVI mode selected: packets not configured
06-10 13:52:22.996 401 401 I : Error: set vsif failed
06-10 13:52:23.015 401 401 I : DVI mode selected: packets not configured
06-10 13:52:23.015 401 401 I : Error: set vsif failed
06-10 13:52:23.015 401 401 I : DVI mode selected: packets not configured
06-10 13:52:23.015 401 401 I : Error: set vsif failed
06-10 13:52:23.015 401 401 I : DVI mode selected: packets not configured
06-10 13:52:23.015 401 401 I : Error: set vsif failed
06-10 13:52:23.039 401 401 I : DVI mode selected: packets not configured
06-10 13:52:23.039 401 401 I : Error: set vsif failed
06-10 13:52:23.042 523 545 W IorapForwardingService: No service published for: iorapd
06-10 13:52:24.045 523 545 W IorapForwardingService: No service published for: iorapd
06-10 13:52:24.306 2641 2717 D UtilLog : 日志批量上报 进行正常循环 !!!!!!本次有0次请求,共0条数据
06-10 13:52:24.347 669 669 E WifiHAL : wifi_get_link_stats: requestResponse Error:-5
06-10 13:52:24.350 523 617 E WifiVendorHal: getWifiLinkLayerStats_1_5_Internal(l.1191) failed {.code = ERROR_INVALID_ARGS, .description = }
06-10 13:52:24.350 1278 1700 I efs.base: lt=event`ev_ct=efs_core`ev_ac=req_succ_rate`tm=2025-06-10 13:52:34`dn=1053c25c-e63d-40dd-9dd6-747a3e690b60`ps=com.dangbei.screencast`um_os=android`stime=1749534683625`pid=1278`fr=android`pkg=com.dangbei.screencast`vcode=20830`dsp_w=1920`path=https://errlog.umeng.com/apm_cc`uid=1053c25c-e63d-40dd-9dd6-747a3e690b60`rom=12`wid=1053c25c-e63d-40dd-9dd6-747a3e690b60`um_app_carrier=`um_access=unknow`um_app_channel=os`um_crash_sdk_version=1.4.0`ctime=1749534744`model=dbbox-a2`lang=zh`net=wifi`brand=dangbei`dsp_h=1080`um_network_type=0`ver=v2.8.3`cnt=1`rep_code=200`px_code=0`build_model=DBBOX-A2`w_tm=1749534744`appid=5fc60c21094d637f3130af19`um_umid_header=ai6e86a2be12b6bb7416d7fb9e42b09755`sdk=31`tzone=Asia/Shanghai`sdk_ver=1.3.6.umeng
06-10 13:52:24.424 1278 1278 I efs-base: type=1400 audit(0.0:1246): avc: denied { open } for path="/data/user/0/com.dangbei.screencast/app_UApm/5fc60c21094d637f3130af19/ready/1278/wa_none_1_1_1278_4812_1749534684387" dev="mmcblk0p25" ino=15461 scontext=u:r:platform_app:s0:c512,c768 tcontext=u:object_r:app_data_file:s0:c512,c768 tclass=file permissive=1 app=com.dangbei.screencast
06-10 13:52:24.428 1278 1278 I efs-base: type=1400 audit(0.0:1247): avc: denied { write } for name="upload" dev="mmcblk0p25" ino=2390 scontext=u:r:platform_app:s0:c512,c768 tcontext=u:object_r:app_data_file:s0:c512,c768 tclass=dir permissive=1 app=com.dangbei.screencast
06-10 13:52:24.428 1278 1278 I efs-base: type=1400 audit(0.0:1248): avc: denied { add_name } for name="wa_gzip_1_1_1278_2108_1749534744432" scontext=u:r:platform_app:s0:c512,c768 tcontext=u:object_r:app_data_file:s0:c512,c768 tclass=dir permissive=1 app=com.dangbei.screencast
06-10 13:52:24.428 1278 1278 I efs-base: type=1400 audit(0.0:1249): avc: denied { create } for name="wa_gzip_1_1_1278_2108_1749534744432" scontext=u:r:platform_app:s0:c512,c768 tcontext=u:object_r:app_data_file:s0:c512,c768 tclass=file permissive=1 app=com.dangbei.screencast
06-10 13:52:24.428 1278 1278 I efs-base: type=1400 audit(0.0:1250): avc: denied { remove_name } for name="wa_none_1_1_1278_4812_1749534684387" dev="mmcblk0p25" ino=15461 scontext=u:r:platform_app:s0:c512,c768 tcontext=u:object_r:app_data_file:s0:c512,c768 tclass=dir permissive=1 app=com.dangbei.screencast
06-10 13:52:24.428 1278 1278 I efs-base: type=1400 audit(0.0:1251): avc: denied { unlink } for name="wa_none_1_1_1278_4812_1749534684387" dev="mmcblk0p25" ino=15461 scontext=u:r:platform_app:s0:c512,c768 tcontext=u:object_r:app_data_file:s0:c512,c768 tclass=file permissive=1 app=com.dangbei.screencast
06-10 13:52:24.973 1278 1700 I efs.base: wa upload succ, HttpResponse {succ=true, code=200, data='暂不支持该服务', extra={req_url=https://errlog.umeng.com/api/crashsdk/logcollect}}
06-10 13:52:25.047 523 545 W IorapForwardingService: No service published for: iorapd
06-10 13:52:25.785 1347 1347 D aaa : LedStatusService onStartCommand begin
06-10 13:52:25.787 1347 3255 D aaa : topPkg is -------------- :com.dangbei.haqusetting
06-10 13:52:25.792 1349 1349 D bbb : onStartCommand begin !!!!!!! data分区剩余 20615MB
06-10 13:52:25.840 1278 1278 I gbei.screencast: type=1400 audit(0.0:1252): avc: denied { rename } for name="screencast.xml" dev="mmcblk0p25" ino=15538 scontext=u:r:platform_app:s0:c512,c768 tcontext=u:object_r:app_data_file:s0:c512,c768 tclass=file permissive=1 app=com.dangbei.screencast
06-10 13:52:25.844 1278 1278 I gbei.screencast: type=1400 audit(0.0:1253): avc: denied { setattr } for name="screencast.xml" dev="mmcblk0p25" ino=15572 scontext=u:r:platform_app:s0:c512,c768 tcontext=u:object_r:app_data_file:s0:c512,c768 tclass=file permissive=1 app=com.dangbei.screencast
06-10 13:52:26.013 523 1255 I ActivityManager: Background started FGS: Allowed [callingPackage: com.dangbei.screencast; callingUid: 10015; uidState: FGS ; intent: Intent { cmp=com.dangbei.screencast/.startup.GuardService }; code:PROC_STATE_FGS; tempAllowListReason:; targetSdkVersion:28; callerTargetSdkVersion:28; startForegroundCount:0; bindFromPackage:null]
06-10 13:52:26.017 523 1255 D CompatibilityChangeReporter: Compat change id reported: 135634846; UID 10015; state: DISABLED
06-10 13:52:26.022 523 553 D CompatibilityChangeReporter: Compat change id reported: 143937733; UID 10015; state: DISABLED
06-10 13:52:26.051 523 545 W IorapForwardingService: No service published for: iorapd
06-10 13:52:26.071 523 628 D NsdService: unregister service
06-10 13:52:26.072 523 628 D NsdService: mdnssd [stop-register, 8]
06-10 13:52:26.077 258 306 W netd : dnssd_clientstub DNSServiceProcessResult called with NULL DNSServiceRef
06-10 13:52:26.081 1278 2855 W System.err: java.net.SocketException: Socket closed
06-10 13:52:26.081 1278 2855 W System.err: at java.net.PlainSocketImpl.socketAccept(PlainSocketImpl.java:213)
06-10 13:52:26.081 1278 2855 W System.err: at java.net.AbstractPlainSocketImpl.accept(AbstractPlainSocketImpl.java:451)
06-10 13:52:26.081 1278 2855 W System.err: at java.net.ServerSocket.implAccept(ServerSocket.java:547)
06-10 13:52:26.081 1278 2855 W System.err: at java.net.ServerSocket.accept(ServerSocket.java:515)
06-10 13:52:26.081 1278 2855 W System.err: at b.f.f.t.f.run(Unknown Source:40)
06-10 13:52:26.081 1278 2855 W System.err: at java.lang.Thread.run(Thread.java:920)
06-10 13:52:26.085 523 628 D NsdService: unregister service
06-10 13:52:26.086 523 628 D NsdService: mdnssd [stop-register, 7]
06-10 13:52:26.086 259 259 D Zygote : Forked child process 3268
06-10 13:52:26.087 258 306 W netd : dnssd_clientstub DNSServiceProcessResult called with NULL DNSServiceRef
06-10 13:52:26.092 523 553 W ActivityManager: Slow operation: 76ms so far, now at startProcess: returned from zygote!
06-10 13:52:26.094 523 628 D NsdService: unregister service
06-10 13:52:26.094 523 628 D NsdService: mdnssd [stop-register, 9]
06-10 13:52:26.094 523 553 W ActivityManager: Slow operation: 78ms so far, now at startProcess: done updating battery stats
06-10 13:52:26.095 523 553 W ActivityManager: Slow operation: 79ms so far, now at startProcess: building log message
06-10 13:52:26.096 258 306 W netd : dnssd_clientstub DNSServiceProcessResult called with NULL DNSServiceRef
06-10 13:52:26.096 523 553 I ActivityManager: app.processName = com.dangbei.screencast:bg_guard
06-10 13:52:26.096 523 553 I ActivityManager: Start proc 3268:com.dangbei.screencast:bg_guard/u0a15 for service {com.dangbei.screencast/com.dangbei.screencast.startup.GuardService}
06-10 13:52:26.096 523 553 W ActivityManager: Slow operation: 80ms so far, now at startProcess: starting to update pids map
06-10 13:52:26.097 523 553 W ActivityManager: Slow operation: 81ms so far, now at startProcess: done updating pids map
06-10 13:52:26.108 3268 3268 I Zygote : seccomp disabled by setenforce 0
06-10 13:52:26.109 1278 2912 W AbstractChannel: Can't invoke task later as EventLoop rejected it
06-10 13:52:26.109 1278 2912 W AbstractChannel: java.util.concurrent.RejectedExecutionException: event executor terminated
06-10 13:52:26.109 1278 2912 W AbstractChannel: at io.netty.util.concurrent.SingleThreadEventExecutor.reject(Unknown Source:4)
06-10 13:52:26.109 1278 2912 W AbstractChannel: at io.netty.util.concurrent.SingleThreadEventExecutor.offerTask(Unknown Source:6)
06-10 13:52:26.109 1278 2912 W AbstractChannel: at io.netty.util.concurrent.SingleThreadEventExecutor.addTask(Unknown Source:5)
06-10 13:52:26.109 1278 2912 W AbstractChannel: at io.netty.util.concurrent.SingleThreadEventExecutor.execute(Unknown Source:4)
06-10 13:52:26.109 1278 2912 W AbstractChannel: at io.netty.util.concurrent.SingleThreadEventExecutor.execute(Unknown Source:18)
06-10 13:52:26.109 1278 2912 W AbstractChannel: at io.netty.channel.AbstractChannel$AbstractUnsafe.invokeLater(Unknown Source:6)
06-10 13:52:26.109 1278 2912 W AbstractChannel: at io.netty.channel.AbstractChannel$AbstractUnsafe.deregister(Unknown Source:24)
06-10 13:52:26.109 1278 2912 W AbstractChannel: at io.netty.channel.AbstractChannel$AbstractUnsafe.fireChannelInactiveAndDeregister(Unknown Source:17)
06-10 13:52:26.109 1278 2912 W AbstractChannel: at io.netty.channel.AbstractChannel$AbstractUnsafe.close(Unknown Source:112)
06-10 13:52:26.109 1278 2912 W AbstractChannel: at io.netty.channel.AbstractChannel$AbstractUnsafe.close(Unknown Source:12)
06-10 13:52:26.109 1278 2912 W AbstractChannel: at io.netty.channel.nio.NioEventLoop.closeAll(Unknown Source:86)
06-10 13:52:26.109 1278 2912 W AbstractChannel: at io.netty.channel.nio.NioEventLoop.run(Unknown Source:202)
06-10 13:52:26.109 1278 2912 W AbstractChannel: at io.netty.util.concurrent.SingleThreadEventExecutor$4.run(Unknown Source:41)
06-10 13:52:26.109 1278 2912 W AbstractChannel: at io.netty.util.internal.ThreadExecutorMap$2.run(Unknown Source:8)
06-10 13:52:26.109 1278 2912 W AbstractChannel: at io.netty.util.concurrent.FastThreadLocalRunnable.run(Unknown Source:2)
06-10 13:52:26.109 1278 2912 W AbstractChannel: at java.lang.Thread.run(Thread.java:920)
06-10 13:52:26.116 2210 2210 I rainbow_flow: type=1400 audit(0.0:1254): avc: denied { ioctl } for path="/dev/spidev1.0" dev="tmpfs" ino=6270 ioctlcmd=0x6b00 scontext=u:r:init:s0 tcontext=u:object_r:device:s0 tclass=chr_file permissive=1
06-10 13:52:26.146 1278 1807 E raop : httpd_stop running 1 joined 0
06-10 13:52:26.146 1278 1807 E raop : httpd_stop connection->socket_fd=0
06-10 13:52:26.146 1278 1807 E raop : httpd_stop connection->socket_fd=0
06-10 13:52:26.146 1278 1807 E raop : httpd_stop connection->socket_fd=0
06-10 13:52:26.146 1278 1807 E raop : httpd_stop connection->socket_fd=0
06-10 13:52:26.146 1278 1807 E raop : httpd_stop connection->socket_fd=0
06-10 13:52:26.147 1278 1807 E raop : httpd_stop connection->socket_fd=0
06-10 13:52:26.147 1278 1807 E raop : httpd_stop connection->socket_fd=0
06-10 13:52:26.147 1278 1807 E raop : httpd_stop connection->socket_fd=0
06-10 13:52:26.147 1278 1807 E raop : httpd_stop connection->socket_fd=0
06-10 13:52:26.148 1278 1807 E raop : httpd_stop connection->socket_fd=0
06-10 13:52:26.160 412 431 I adbd : jdwp connection from 3268
06-10 13:52:26.178 1278 3290 W UpnpServiceImpl: >>> Shutting down UPnP service...
06-10 13:52:26.188 1278 1278 I cling--ap-8: type=1400 audit(0.0:1255): avc: denied { read } for name="address" dev="sysfs" ino=28794 scontext=u:r:platform_app:s0:c512,c768 tcontext=u:object_r:sysfs:s0 tclass=file permissive=1 app=com.dangbei.screencast
06-10 13:52:26.192 1278 1278 I cling--ap-8: type=1400 audit(0.0:1256): avc: denied { open } for path="/sys/devices/platform/unisoc_wifi/net/wlan1/address" dev="sysfs" ino=28794 scontext=u:r:platform_app:s0:c512,c768 tcontext=u:object_r:sysfs:s0 tclass=file permissive=1 app=com.dangbei.screencast
06-10 13:52:26.192 1278 1278 I cling--ap-8: type=1400 audit(0.0:1257): avc: denied { getattr } for path="/sys/devices/platform/unisoc_wifi/net/wlan1/address" dev="sysfs" ino=28794 scontext=u:r:platform_app:s0:c512,c768 tcontext=u:object_r:sysfs:s0 tclass=file permissive=1 app=com.dangbei.screencast
06-10 13:52:26.217 523 1255 D CompatibilityChangeReporter: Compat change id reported: 168419799; UID 10015; state: DISABLED
06-10 13:52:26.263 3268 3268 D CompatibilityChangeReporter: Compat change id reported: 171979766; UID 10015; state: DISABLED
06-10 13:52:26.283 278 303 D hdmi-cec: receive invalid cec message!
06-10 13:52:26.284 278 303 D hdmi-cec: receive poll message [04], skip!
06-10 13:52:26.290 303 303 W audit : audit_lost=708 audit_rate_limit=5 audit_backlog_limit=64
06-10 13:52:26.290 303 303 E audit : rate limit exceeded
06-10 13:52:26.324 3268 3268 D ApplicationLoaders: Returning zygote-cached class loader: /system/framework/android.test.base.jar
06-10 13:52:26.325 3268 3268 D ApplicationLoaders: Returning zygote-cached class loader: /system/framework/android.hidl.manager-V1.0-java.jar
06-10 13:52:26.325 3268 3268 D ApplicationLoaders: Returning zygote-cached class loader: /system/framework/android.hidl.base-V1.0-java.jar
06-10 13:52:26.442 3268 3268 V GraphicsEnvironment: ANGLE Developer option for 'com.dangbei.screencast' set to: 'default'
06-10 13:52:26.443 3268 3268 V GraphicsEnvironment: Neither updatable production driver nor prerelease driver is supported.
06-10 13:52:26.445 3268 3268 D NetworkSecurityConfig: Using Network Security Config from resource network_security_config debugBuild: false
06-10 13:52:26.450 3268 3268 D NetworkSecurityConfig: Using Network Security Config from resource network_security_config debugBuild: false
06-10 13:52:26.453 3268 3268 I MultiDex: VM with version 2.1.0 has multidex support
06-10 13:52:26.453 3268 3268 I MultiDex: Installing application
06-10 13:52:26.453 3268 3268 I MultiDex: VM has multidex support, MultiDex support library is disabled.
06-10 13:52:26.577 3268 3315 I crashsdk: version unique build id: 6230cced
06-10 13:52:26.588 3268 3319 D crashsdk: Native log stat thread 3319 setup, waiting
06-10 13:52:26.593 3268 3303 I crashsdk: begin hack android.os.Process
06-10 13:52:26.593 3268 3303 I crashsdk: end hack android.os.Process
06-10 13:52:26.629 3268 3303 I Matrix.AnrTracer: anrTrace, final mAnrBeatTime:400, mAnrBeatRate:400
06-10 13:52:26.630 3268 3323 W efs.send_log: tryFileLock start!
06-10 13:52:26.631 1278 3290 W Router : disable lock:org.fourthline.cling.android.AndroidRouter@501d603_java.util.concurrent.locks.ReentrantReadWriteLock$WriteLock@a4f3980[Unlocked]
06-10 13:52:26.632 1278 3290 I Router : WiFi multicast lock released
06-10 13:52:26.632 523 1150 I WifiService: releaseMulticastLock uid=10015
06-10 13:52:26.640 1278 3290 I Router : WiFi lock released
06-10 13:52:26.641 523 1255 I WifiService: releaseWifiLock uid=10015
06-10 13:52:26.641 3268 3303 E LaunchManager: Non main process !
06-10 13:52:26.642 3268 3303 W System.err: java.lang.NullPointerException: Attempt to invoke virtual method 'boolean com.efs.sdk.launch.LaunchConfigManager.enableTracer()' on a null object reference
06-10 13:52:26.643 3268 3303 W System.err: at com.umeng.umcrash.UMCrash.init(Unknown Source:403)
06-10 13:52:26.643 3268 3303 W System.err: at java.lang.reflect.Method.invoke(Native Method)
06-10 13:52:26.643 3268 3303 W System.err: at com.umeng.commonsdk.UMConfigure.init(Unknown Source:811)
06-10 13:52:26.643 3268 3303 W System.err: at b.f.f.b.a(:4)
06-10 13:52:26.643 3268 3303 W System.err: at h.o.a.run(Unknown Source:2)
06-10 13:52:26.650 3268 3323 I efs.config: --->>> 删除旧的配置文件 false
06-10 13:52:26.672 1278 3290 I JettyServletContainer: No more connectors, stopping Jetty server
06-10 13:52:26.672 1278 3290 I JettyServletContainer: Stopping Jetty server...
