06-10 13:51:25.893 1278 1278 D HiSight-HiSightManager: ITaskBinder registerCallback.
06-10 13:51:25.893 1278 1278 D HiSight-CallbackManager: addNewCallback. com.dangbei.screencast.huaweicast.service.HuaweiCastService$a@677af9f
06-10 13:51:25.895 259 259 D Zygote : Forked child process 1884
06-10 13:51:25.897 523 553 I ActivityManager: app.processName = com.android.providers.tv
06-10 13:51:25.897 523 553 I ActivityManager: Start proc 1884:com.android.providers.tv/u0a28 for broadcast {com.android.providers.tv/com.android.providers.tv.TvProviderUpgradeReceiver}
06-10 13:51:25.899 1278 1278 E HuaweiCastService: eventId: 4001
06-10 13:51:25.900 1278 1278 E HuaweiCastService: mPlayerClient is null.
06-10 13:51:25.901 1278 1278 D HiSight-HiSightManager: check capability vbr range not setting, using default value
06-10 13:51:25.901 1278 1278 E HuaweiCastService: mPlayerClient is null.
06-10 13:51:25.901 1278 1278 D HiSight-SinkService: setAuthMode
06-10 13:51:25.901 1278 1278 W HiSight-ConnectionManager: mSinkId is empty
06-10 13:51:25.920 1884 1884 I Zygote : seccomp disabled by setenforce 0
06-10 13:51:25.950 412 431 I adbd : jdwp connection from 1884
06-10 13:51:25.966 1883 1883 W audit : audit_lost=152 audit_rate_limit=5 audit_backlog_limit=64
06-10 13:51:25.966 1883 1883 E audit : rate limit exceeded
06-10 13:51:25.968 523 1255 D BluetoothManagerService: enable(com.dangbei.lerad.etna.haqu): mBluetooth =android.bluetooth.IBluetooth$Stub$Proxy@204a702 mBinding = false mState = BLE_TURNING_ON
06-10 13:51:25.969 523 1255 D BluetoothManagerService: enable returning
06-10 13:51:25.986 523 1818 D CompatibilityChangeReporter: Compat change id reported: 168419799; UID 10028; state: DISABLED
06-10 13:51:26.009 1884 1884 D CompatibilityChangeReporter: Compat change id reported: 171979766; UID 10028; state: ENABLED
06-10 13:51:26.019 523 617 D WifiScoreReport: setShouldReduceNetworkScore=false mNetworkAgent is null? true
06-10 13:51:26.022 1165 1165 W eventbuscore: post Event:com.dangbei.leard.base.entity.event.NetWifiRssiEvent
06-10 13:51:26.027 523 617 D WifiClientModeImpl[wlan0]: CMD_START_CONNECT my state DisconnectedState nid=0 roam=false
06-10 13:51:26.049 1165 1165 I Choreographer: Skipped 66 frames! The application may be doing too much work on its main thread.
06-10 13:51:26.077 278 303 D hdmi-cec: receive invalid cec message!
06-10 13:51:26.077 278 303 D hdmi-cec: receive poll message [04], skip!
06-10 13:51:26.078 523 617 W LastMileLogger: Failed to open free_buffer pseudo-file: /sys/kernel/debug/tracing/instances/wifi/free_buffer: open failed: ENOENT (No such file or directory)
06-10 13:51:26.080 523 617 W LastMileLogger: Failed to arm fail-safe.
06-10 13:51:26.083 523 617 I WifiClientModeImpl[wlan0]: Connecting with b4:2f:03:15:e8:b9 as the mac address
06-10 13:51:26.084 380 380 W wificond: Scan is not started. Ignore abort request
06-10 13:51:26.098 523 617 D SupplicantStaIfaceHal: connectToNetwork "DZNB"WPA_PSK
06-10 13:51:26.104 523 617 I SupplicantStaIfaceHal: addSupplicantStaNetwork via HIDL
06-10 13:51:26.137 1884 1884 V GraphicsEnvironment: ANGLE Developer option for 'com.android.providers.tv' set to: 'default'
06-10 13:51:26.137 1884 1884 V GraphicsEnvironment: Neither updatable production driver nor prerelease driver is supported.
06-10 13:51:26.139 1884 1884 D NetworkSecurityConfig: No Network Security Config specified, using platform default
06-10 13:51:26.140 1884 1884 D NetworkSecurityConfig: No Network Security Config specified, using platform default
06-10 13:51:26.149 1884 1884 D CompatibilityChangeReporter: Compat change id reported: 160794467; UID 10028; state: ENABLED
06-10 13:51:26.150 523 534 I system_server: Background concurrent copying GC freed 173616(7379KB) AllocSpace objects, 23(540KB) LOS objects, 49% free, 9825KB/19MB, paused 756us total 1.314s
06-10 13:51:26.154 523 617 D SupplicantStaNetworkHal: The target security params: Security Parameters:
06-10 13:51:26.154 523 617 D SupplicantStaNetworkHal: Type: 2
06-10 13:51:26.154 523 617 D SupplicantStaNetworkHal: Enabled: true
06-10 13:51:26.154 523 617 D SupplicantStaNetworkHal: KeyMgmt: WPA_PSK
06-10 13:51:26.154 523 617 D SupplicantStaNetworkHal: Protocols: WPA RSN
06-10 13:51:26.154 523 617 D SupplicantStaNetworkHal: AuthAlgorithms:
06-10 13:51:26.154 523 617 D SupplicantStaNetworkHal: PairwiseCiphers: TKIP CCMP
06-10 13:51:26.154 523 617 D SupplicantStaNetworkHal: GroupCiphers: WEP40 WEP104 TKIP CCMP
06-10 13:51:26.154 523 617 D SupplicantStaNetworkHal: GroupMgmtCiphers:
06-10 13:51:26.154 523 617 D SupplicantStaNetworkHal: SuiteBCiphers:
06-10 13:51:26.154 523 617 D SupplicantStaNetworkHal: RequirePmf: false
06-10 13:51:26.154 523 617 D SupplicantStaNetworkHal: IsAddedByAutoUpgrade: false
06-10 13:51:26.154 523 617 D SupplicantStaNetworkHal: IsSaeH2eOnlyMode: false
06-10 13:51:26.154 523 617 D SupplicantStaNetworkHal: IsSaePkOnlyMode: false
06-10 13:51:26.199 1165 1659 D wenhc : getScreenInfo uri = content://com.dangbei.screencast.parts.info/screen_cast
06-10 13:51:26.214 523 543 I AppWidgetServiceImpl: Processing of handleUserUnlocked u0 took 7 ms
06-10 13:51:26.224 1681 1681 I net_disconnect.: type=1400 audit(0.0:597): avc: denied { execute } for name="rgb_led_ctl" dev="dm-5" ino=188 scontext=u:r:init:s0 tcontext=u:object_r:vendor_file:s0 tclass=file permissive=1
06-10 13:51:26.234 523 1818 I ActivityManager: Posting BOOT_COMPLETED user #0
06-10 13:51:26.236 523 552 I SystemServerTimingAsync: ssm.UnlockedUser-0
06-10 13:51:26.236 523 552 I SystemServiceManager: Calling onUnlockedUser 0
06-10 13:51:26.237 523 552 I LaunchParamsPersister: Didn't find launch param folder for user 0
06-10 13:51:26.238 523 1939 E TaskPersister: File error accessing recents directory (directory doesn't exist?).
06-10 13:51:26.232 1278 1278 I locHandlerThrea: type=1400 audit(0.0:598): avc: denied { search } for name="com.dangbei.screencast" dev="mmcblk0p25" ino=908 scontext=u:r:platform_app:s0:c512,c768 tcontext=u:object_r:app_data_file:s0:c512,c768 tclass=dir permissive=1 app=com.dangbei.screencast
06-10 13:51:26.232 1938 1938 I net_disconnect.: type=1400 audit(0.0:599): avc: denied { execute_no_trans } for path="/vendor/bin/rgb_led_ctl" dev="dm-5" ino=188 scontext=u:r:init:s0 tcontext=u:object_r:vendor_file:s0 tclass=file permissive=1
06-10 13:51:26.258 523 1818 D CompatibilityChangeReporter: Compat change id reported: 135634846; UID 10019; state: DISABLED
06-10 13:51:26.260 523 1818 D CompatibilityChangeReporter: Compat change id reported: 177438394; UID 10019; state: DISABLED
06-10 13:51:26.256 1278 1278 I SharedPreferenc: type=1400 audit(0.0:600): avc: denied { open } for path="/data/user/0/com.dangbei.screencast/shared_prefs/tdid.xml" dev="mmcblk0p25" ino=2142 scontext=u:r:platform_app:s0:c512,c768 tcontext=u:object_r:app_data_file:s0:c512,c768 tclass=file permissive=1 app=com.dangbei.screencast
06-10 13:51:26.261 523 1818 D CompatibilityChangeReporter: Compat change id reported: 135772972; UID 10019; state: DISABLED
06-10 13:51:26.262 523 1818 D CompatibilityChangeReporter: Compat change id reported: 135754954; UID 10019; state: ENABLED
06-10 13:51:26.262 523 553 D CompatibilityChangeReporter: Compat change id reported: 143937733; UID 10019; state: ENABLED
06-10 13:51:26.269 1191 1191 I wpa_supplicant: wlan0: Trying to associate with 58:c7:ac:78:f0:02 (SSID='DZNB' freq=5260 MHz)
06-10 13:51:26.285 523 523 D CompatibilityChangeReporter: Compat change id reported: 175319604; UID 10075; state: DISABLED
06-10 13:51:26.290 523 552 W ActivityManager: UserLifecycleEvent 6 received without an active userJourneySession.
06-10 13:51:26.294 259 259 D Zygote : Forked child process 1944
06-10 13:51:26.296 523 553 I ActivityManager: app.processName = com.android.traceur
06-10 13:51:26.296 523 553 I ActivityManager: Start proc 1944:com.android.traceur/u0a19 for broadcast {com.android.traceur/com.android.traceur.Receiver}
06-10 13:51:26.302 523 617 D WifiCountryCode: evaluateAllCmmStateAndApplyIfAllReady: {ConcreteClientModeManager{id=26978 iface=wlan0 role=ROLE_CLIENT_PRIMARY}=false}
06-10 13:51:26.305 523 617 D WifiClientModeImpl[wlan0]: Start Connecting Watchdog 1
06-10 13:51:26.316 1944 1944 I Zygote : seccomp disabled by setenforce 0
06-10 13:51:26.334 1532 1532 D RockyReceiver: action: android.net.wifi.STATE_CHANGE
06-10 13:51:26.336 523 1679 E ConnectivityService: Exception = android.content.pm.PackageManager$NameNotFoundException: android.net.cts
06-10 13:51:26.349 412 431 I adbd : jdwp connection from 1944
06-10 13:51:26.368 1956 1956 I cmd : type=1400 audit(0.0:601): avc: denied { call } for scontext=u:r:preinstall:s0 tcontext=u:r:servicemanager:s0 tclass=binder permissive=1
06-10 13:51:26.375 523 1679 D CompatibilityChangeReporter: Compat change id reported: 168419799; UID 10019; state: DISABLED
06-10 13:51:26.391 1944 1944 D CompatibilityChangeReporter: Compat change id reported: 171979766; UID 10019; state: ENABLED
06-10 13:51:26.392 1165 1658 D AppManager: checkLocalAppsIsValid:
06-10 13:51:26.412 1089 1967 I MediaProvider: Begin Intent { act=com.android.providers.media.action.SCAN_VOLUME (has extras) }
06-10 13:51:26.436 1165 1659 E hq : ErrorCoroutineExceptionHandler:::runTry error:java.net.UnknownHostException: Unable to resolve host "ottdbui-tyapiqun7.yysh.mgtv.com": No address associated with hostname from=requestAppUpdateInfo 2
06-10 13:51:26.491 1324 1580 I bt_core_module: system/bt/btcore/src/module.cc:90 module_start_up: module_start_up Started module "controller_module"
06-10 13:51:26.491 1324 1580 I bt_btm_pm: system/bt/stack/acl/btm_pm.cc:392 btm_pm_reset: reset pm
06-10 13:51:26.492 1324 1580 I btm_acl : system/bt/stack/acl/btm_acl.cc:654 check_link_policy: hold not supported (settings: 0x000d)
06-10 13:51:26.492 1324 1580 I btm_acl : system/bt/stack/acl/btm_acl.cc:664 check_link_policy: park not supported (settings: 0x0005)
06-10 13:51:26.492 1324 1580 I bt_btm_sec: system/bt/stack/btm/btm_sec.cc:226 BTM_SecRegister: BTM_SecRegister p_cb_info->p_le_callback == 0x0xc0a246c1
06-10 13:51:26.492 1324 1580 I bt_btm_sec: system/bt/stack/btm/btm_sec.cc:241 BTM_SecRegister: BTM_SecRegister btm_cb.api.p_le_callback = 0x0xc0a246c1
06-10 13:51:26.492 1324 1733 I bluetooth: system/bt/stack/gatt/gatt_api.cc:1019 GATT_Register: Allocated name:GattClient uuid:f9c6bec4-aff4-7571-6979-a7b99b5dc745 gatt_if:3 eatt_support:0
06-10 13:51:26.520 380 380 I wificond: Regulatory domain changed to country: CN on wiphy_index: 0
06-10 13:51:26.521 523 1818 D WifiNl80211Manager: OnRegDomainChanged CN
06-10 13:51:26.521 523 1818 D WifiNative: onCountryCodeChanged: CN
06-10 13:51:26.521 523 1818 I WifiCountryCode: Receive onDriverCountryCodeChanged CN
06-10 13:51:26.521 1191 1191 I wpa_supplicant: wlan0: Associated with 58:c7:ac:78:f0:02
06-10 13:51:26.521 1191 1191 I wpa_supplicant: wlan0: CTRL-EVENT-SUBNET-STATUS-UPDATE status=0
06-10 13:51:26.522 523 617 I WifiService: onDriverCountryCodeChanged CN
06-10 13:51:26.524 1324 1733 I bt_stack: [INFO:ble_advertiser_hci_interface.cc(767)] Extended advertising will be in use
06-10 13:51:26.524 1191 1191 I wpa_supplicant: wlan0: CTRL-EVENT-REGDOM-CHANGE init=COUNTRY_IE type=COUNTRY alpha2=CN
06-10 13:51:26.527 380 380 I wificond: 2.4Ghz frequencies: 2412 2417 2422 2427 2432 2437 2442 2447 2452 2457 2462 2467 2472
06-10 13:51:26.527 380 380 I wificond: 5Ghz non-DFS frequencies: 5180 5200 5220 5240 5745 5765 5785 5805 5825
06-10 13:51:26.527 380 380 I wificond: 5Ghz DFS frequencies: 5260 5280 5300 5320
06-10 13:51:26.527 380 380 I wificond: 6Ghz frequencies:
06-10 13:51:26.527 380 380 I wificond: 60Ghz frequencies:
06-10 13:51:26.528 1324 1733 E bt_btif_storage: system/bt/btif/src/btif_storage.cc:632 btif_storage_get_adapter_property: btif_storage_get_adapter_property: Controller ready!
06-10 13:51:26.528 1324 1733 I bt_btif_storage: system/bt/btif/src/btif_storage.cc:661 btif_storage_get_adapter_property: btif_storage_get_adapter_property service_mask:0x20000000
06-10 13:51:26.528 1324 1733 I bt_stack: [INFO:btif_bqr.cc(229)] EnableBtQualityReport: is_enable: true
06-10 13:51:26.528 1324 1733 W bt_stack: [WARNING:btif_bqr.cc(237)] EnableBtQualityReport: Bluetooth Quality Report is disabled. bqr_prop_evtmask: , bqr_prop_interval_ms:
06-10 13:51:26.529 1324 1978 I bt_osi_thread: system/bt/osi/src/thread.cc:209 run_thread: run_thread: thread id 1978, thread name btif_sock started
06-10 13:51:26.529 1324 1733 I bt_bte_conf: system/bt/main/bte_conf.cc:84 bte_load_did_conf: Device ID record 1 : primary
06-10 13:51:26.529 1324 1733 I bt_bte_conf: system/bt/main/bte_conf.cc:85 bte_load_did_conf: vendorId = 00e0
06-10 13:51:26.529 1324 1733 I bt_bte_conf: system/bt/main/bte_conf.cc:86 bte_load_did_conf: vendorIdSource = 0001
06-10 13:51:26.529 1324 1733 I bt_bte_conf: system/bt/main/bte_conf.cc:87 bte_load_did_conf: product = 1200
06-10 13:51:26.529 1324 1733 I bt_bte_conf: system/bt/main/bte_conf.cc:88 bte_load_did_conf: version = 1436
06-10 13:51:26.530 1324 1733 I bt_bte_conf: system/bt/main/bte_conf.cc:89 bte_load_did_conf: clientExecutableURL =
06-10 13:51:26.530 1324 1733 I bt_bte_conf: system/bt/main/bte_conf.cc:90 bte_load_did_conf: serviceDescription =
06-10 13:51:26.530 1324 1733 I bt_bte_conf: system/bt/main/bte_conf.cc:91 bte_load_did_conf: documentationURL =
06-10 13:51:26.530 1324 1733 I bt_bta_dm: system/bt/bta/dm/bta_dm_act.cc:3191 bta_dm_eir_update_uuid: EIR Adding UUID=0x1200 into extended inquiry response
06-10 13:51:26.530 1324 1733 I bt_bta_dm: system/bt/bta/dm/bta_dm_act.cc:2890 bta_dm_set_eir: Generating extended inquiry response packet EIR
06-10 13:51:26.530 1324 1733 I bt_bte_conf: system/bt/main/bte_conf.cc:47 bte_load_did_conf: bte_load_did_conf no section named DID2.
06-10 13:51:26.530 1324 1733 I bt_btif_core: system/bt/btif/src/btif_core.cc:312 btif_enable_bluetooth_evt: Bluetooth enable event completed
06-10 13:51:26.530 1324 1733 I bt_bta_dm: system/bt/bta/dm/bta_dm_act.cc:2890 bta_dm_set_eir: Generating extended inquiry response packet EIR
06-10 13:51:26.530 1324 1580 I bt_stack_manager: system/bt/btif/src/stack_manager.cc:311 event_start_up_stack: event_start_up_stack finished
06-10 13:51:26.537 1191 1191 I wpa_supplicant: wlan0: WPA: RX message 1 of 4-Way Handshake from 58:c7:ac:78:f0:02 (ver=2)
06-10 13:51:26.538 1191 1191 I wpa_supplicant: wlan0: WPA: Sending EAPOL-Key 2/4
06-10 13:51:26.544 1191 1191 I wpa_supplicant: wlan0: WPA: RX message 3 of 4-Way Handshake from 58:c7:ac:78:f0:02 (ver=2)
06-10 13:51:26.544 1191 1191 I wpa_supplicant: wlan0: WPA: Sending EAPOL-Key 4/4
06-10 13:51:26.550 1324 1585 D AdapterProperties: BT_PROPERTY_LOCAL_LE_FEATURES: update from BT controller mNumOfAdvertisementInstancesSupported = 0 mRpaOffloadSupported = false mNumOfOffloadedIrkSupported = 0 mNumOfOffloadedScanFilterSupported = 0 mOffloadedScanResultStorageBytes= 0 mIsActivityAndEnergyReporting = false mVersSupported = 0 mTotNumOfTrackableAdv = 0 mIsExtendedScanSupported = false mIsDebugLogSupported = false mIsLe2MPhySupported = true mIsLeCodedPhySupported = true mIsLeExtendedAdvertisingSupported = true mIsLePeriodicAdvertisingSupported = true mLeMaximumAdvertisingDataLength = 1650 mDynamicAudioBufferSizeSupportedCodecsGroup1 = 0 mDynamicAudioBufferSizeSupportedCodecsGroup2 = 0
06-10 13:51:26.552 1191 1191 I wpa_supplicant: wlan0: WPA: Key negotiation completed with 58:c7:ac:78:f0:02 [PTK=CCMP GTK=TKIP]
06-10 13:51:26.552 1191 1191 I wpa_supplicant: wlan0: CTRL-EVENT-CONNECTED - Connection to 58:c7:ac:78:f0:02 completed [id=0 id_str=%7B%22configKey%22%3A%22%5C%22DZNB%5C%22WPA_PSK%22%2C%22creatorUid%22%3A%221000%22%7D]
06-10 13:51:26.557 523 543 W PppoeNetworkFactory: interfaceLinkStateChanged
06-10 13:51:26.557 523 543 D PppoeNetworkFactory: updateInterface: mIface: mPhyIface:eth0 iface:wlan0 link:up
06-10 13:51:26.557 523 543 D PppoeNetworkFactory: not tracker interface
06-10 13:51:26.557 523 543 I EthernetTracker: interfaceLinkStateChanged, iface: wlan0, up: true
06-10 13:51:26.569 523 523 D BluetoothManagerService: Bluetooth Adapter address changed to B4:2F:03:15:73:2F
06-10 13:51:26.571 1324 1585 D AdapterProperties: Name is: DBBOX-A2
06-10 13:51:26.572 523 523 D BluetoothManagerService: Stored Bluetoothaddress: B4:2F:03:15:73:2F
06-10 13:51:26.572 523 523 D BluetoothManagerService: Bluetooth Adapter name changed to DBBOX-A2 by android
06-10 13:51:26.572 523 523 D BluetoothManagerService: Stored Bluetooth name: DBBOX-A2
06-10 13:51:26.574 1324 1585 D AdapterProperties: Scan Mode:20
06-10 13:51:26.574 1324 1585 D AdapterProperties: Discoverable Timeout:120
06-10 13:51:26.576 1324 1585 D AdapterProperties: Adding bonded device:E4:BB:D3:57:C0:7D
06-10 13:51:26.603 1089 1967 V MediaProvider: onConfigure() for internal.db
06-10 13:51:26.623 1532 1532 D RockyReceiver: action: android.net.wifi.STATE_CHANGE
06-10 13:51:26.625 523 1818 E ConnectivityService: Exception = android.content.pm.PackageManager$NameNotFoundException: android.net.cts
06-10 13:51:26.631 1324 1514 I AdapterState: BLE_ON : entered
06-10 13:51:26.631 1324 1514 D AdapterProperties: Setting state to BLE_ON
06-10 13:51:26.632 1324 1514 D BluetoothAdapterService: updateAdapterState() - Broadcasting state BLE_ON to 1 receivers.
06-10 13:51:26.633 523 545 D BluetoothManagerService: MESSAGE_BLUETOOTH_STATE_CHANGE: BLE_TURNING_ON > BLE_ON
06-10 13:51:26.633 523 545 D BluetoothManagerService: Bluetooth is in LE only mode
06-10 13:51:26.633 523 545 D BluetoothManagerService: Binding Bluetooth GATT service
06-10 13:51:26.639 523 545 D BluetoothManagerService: Sending BLE State Change: BLE_TURNING_ON > BLE_ON
06-10 13:51:26.640 1532 1532 D RockyReceiver: action: android.net.wifi.STATE_CHANGE
06-10 13:51:26.642 523 545 W BluetoothManagerService: bluetooth is recovered from error
06-10 13:51:26.643 523 523 D BluetoothManagerService: BluetoothServiceConnection: com.android.bluetooth.gatt.GattService
06-10 13:51:26.644 523 798 E ConnectivityService: Exception = android.content.pm.PackageManager$NameNotFoundException: android.net.cts
06-10 13:51:26.648 523 545 D BluetoothManagerService: MESSAGE_BLUETOOTH_SERVICE_CONNECTED: 2
06-10 13:51:26.648 523 545 D BluetoothManagerService: continueFromBleOnState()
06-10 13:51:26.647 1165 1658 D AppManager: checkLocalAppsIsValid: success
06-10 13:51:26.652 1324 1514 I AdapterState: TURNING_ON : entered
06-10 13:51:26.652 1324 1514 D AdapterProperties: Setting state to TURNING_ON
06-10 13:51:26.653 1324 1514 D BluetoothAdapterService: updateAdapterState() - Broadcasting state TURNING_ON to 1 receivers.
06-10 13:51:26.660 523 545 D BluetoothManagerService: Persisting Bluetooth Setting: 1
06-10 13:51:26.664 1324 1514 D BluetoothAdapterService: startCoreServices()
06-10 13:51:26.670 523 545 D BluetoothManagerService: MESSAGE_BLUETOOTH_STATE_CHANGE: BLE_ON > TURNING_ON
06-10 13:51:26.670 523 545 D BluetoothManagerService: Sending BLE State Change: BLE_ON > TURNING_ON
06-10 13:51:26.673 523 545 D BluetoothManagerService: Sending State Change: OFF > TURNING_ON
06-10 13:51:26.674 1324 1324 I HeadsetService: create()
06-10 13:51:26.688 523 617 D ConnectivityService: registerNetworkAgent NetworkAgentInfo{network{100} handle{432902426637} ni{WIFI CONNECTING extra: } Score(60 ; KeepConnected : 0 ; Policies : IS_UNMETERED) lp{{LinkAddresses: [ ] DnsAddresses: [ ] Domains: null MTU: 0 Routes: [ ]}} nc{[ Transports: WIFI Capabilities: NOT_METERED&INTERNET&NOT_RESTRICTED&TRUSTED&NOT_VPN&NOT_ROAMING&FOREGROUND&NOT_CONGESTED&NOT_SUSPENDED&NOT_VCN_MANAGED LinkUpBandwidth>=866000Kbps LinkDnBandwidth>=866000Kbps Specifier: TransportInfo: OwnerUid: 1000 AdminUids: [1000] SSID: "DZNB"]}}
06-10 13:51:26.696 1191 1191 E wpa_supplicant: nl80211: kernel reports: unexpected nested data
06-10 13:51:26.699 1324 1324 I HeadsetService: start()
06-10 13:51:26.709 1532 1532 D RockyReceiver: action: android.net.wifi.STATE_CHANGE
06-10 13:51:26.710 523 1818 E ConnectivityService: Exception = android.content.pm.PackageManager$NameNotFoundException: android.net.cts
06-10 13:51:26.744 1324 1324 I BluetoothHeadsetServiceJni: classInitNative: succeeds
06-10 13:51:26.744 1324 1324 I bt_btif : system/bt/btif/src/bluetooth.cc:417 get_profile_interface: get_profile_interface: id = handsfree
06-10 13:51:26.748 669 669 E WifiHAL : wifi_get_packet_filter_capabilities: requestResponse() error: -3
06-10 13:51:26.748 669 669 I WifiHAL : Packet filtering is not supprted
06-10 13:51:26.749 1324 1324 I bt_stack: [INFO:btif_hf.cc(1491)] GetInterface
06-10 13:51:26.749 1324 1324 I bt_btif_storage: system/bt/btif/src/btif_storage.cc:661 btif_storage_get_adapter_property: btif_storage_get_adapter_property service_mask:0x20000040
06-10 13:51:26.749 1324 1733 I bt_bta_dm: system/bt/bta/dm/bta_dm_act.cc:3191 bta_dm_eir_update_uuid: EIR Adding UUID=0x1112 into extended inquiry response
06-10 13:51:26.749 1324 1733 I bt_bta_dm: system/bt/bta/dm/bta_dm_act.cc:2890 bta_dm_set_eir: Generating extended inquiry response packet EIR
06-10 13:51:26.749 1324 1733 I bt_bta_dm: system/bt/bta/dm/bta_dm_act.cc:3191 bta_dm_eir_update_uuid: EIR Adding UUID=0x111F into extended inquiry response
06-10 13:51:26.749 1324 1733 I bt_bta_dm: system/bt/bta/dm/bta_dm_act.cc:2890 bta_dm_set_eir: Generating extended inquiry response packet EIR
06-10 13:51:26.750 1324 1733 I bt_stack: [INFO:port_api.cc(234)] RFCOMM_CreateConnection: bd_addr=ff:ff:ff:ff:ff:ff, scn=2, is_server=1, mtu=256, uuid=0x1112, dlci=4, signal_state=0x0b, p_port=0xc0f2e524
06-10 13:51:26.750 1324 1733 I bt_stack: [INFO:port_api.cc(234)] RFCOMM_CreateConnection: bd_addr=ff:ff:ff:ff:ff:ff, scn=3, is_server=1, mtu=256, uuid=0x111f, dlci=6, signal_state=0x0b, p_port=0xc0f2e5ac
06-10 13:51:26.750 1324 1733 I bt_stack: [INFO:port_api.cc(234)] RFCOMM_CreateConnection: bd_addr=ff:ff:ff:ff:ff:ff, scn=2, is_server=1, mtu=256, uuid=0x1112, dlci=4, signal_state=0x0b, p_port=0xc0f2e634
06-10 13:51:26.750 1324 1733 I bt_stack: [INFO:port_api.cc(234)] RFCOMM_CreateConnection: bd_addr=ff:ff:ff:ff:ff:ff, scn=3, is_server=1, mtu=256, uuid=0x111f, dlci=6, signal_state=0x0b, p_port=0xc0f2e6bc
06-10 13:51:26.750 1324 1585 I bt_stack: [INFO:btif_hf.cc(289)] btif_hf_upstreams_evt: AG enable/disable event 0
06-10 13:51:26.757 1324 1324 I A2dpService: create()
06-10 13:51:26.764 523 523 D BluetoothA2dp: Proxy object connected
06-10 13:51:26.764 523 523 D BluetoothA2dp: Proxy object connected
06-10 13:51:26.764 523 523 D BluetoothA2dp: Proxy object connected
06-10 13:51:26.773 669 669 E WifiHAL : wifi_get_link_stats: requestResponse Error:-5
06-10 13:51:26.774 1089 1967 V MediaProvider: onOpen() for internal.db
06-10 13:51:26.774 1089 1967 V MediaProvider: onOpen() finished for internal.db
06-10 13:51:26.778 523 617 E WifiVendorHal: getWifiLinkLayerStats_1_5_Internal(l.1191) failed {.code = ERROR_INVALID_ARGS, .description = }
06-10 13:51:26.788 1324 1733 I bt_stack: [INFO:port_api.cc(234)] RFCOMM_CreateConnection: bd_addr=ff:ff:ff:ff:ff:ff, scn=2, is_server=1, mtu=256, uuid=0x1112, dlci=4, signal_state=0x0b, p_port=0xc0f2e744
06-10 13:51:26.788 1324 1733 I bt_stack: [INFO:port_api.cc(234)] RFCOMM_CreateConnection: bd_addr=ff:ff:ff:ff:ff:ff, scn=3, is_server=1, mtu=256, uuid=0x111f, dlci=6, signal_state=0x0b, p_port=0xc0f2e7cc
06-10 13:51:26.788 1324 1733 I bt_stack: [INFO:port_api.cc(234)] RFCOMM_CreateConnection: bd_addr=ff:ff:ff:ff:ff:ff, scn=2, is_server=1, mtu=256, uuid=0x1112, dlci=4, signal_state=0x0b, p_port=0xc0f2e854
06-10 13:51:26.788 1324 1733 I bt_stack: [INFO:port_api.cc(234)] RFCOMM_CreateConnection: bd_addr=ff:ff:ff:ff:ff:ff, scn=3, is_server=1, mtu=256, uuid=0x111f, dlci=6, signal_state=0x0b, p_port=0xc0f2e8dc
06-10 13:51:26.788 1324 1733 I bt_stack: [INFO:port_api.cc(234)] RFCOMM_CreateConnection: bd_addr=ff:ff:ff:ff:ff:ff, scn=2, is_server=1, mtu=256, uuid=0x1112, dlci=4, signal_state=0x0b, p_port=0xc0f2e964
06-10 13:51:26.788 1324 1324 I A2dpService: start()
06-10 13:51:26.788 1324 1733 I bt_stack: [INFO:port_api.cc(234)] RFCOMM_CreateConnection: bd_addr=ff:ff:ff:ff:ff:ff, scn=3, is_server=1, mtu=256, uuid=0x111f, dlci=6, signal_state=0x0b, p_port=0xc0f2e9ec
06-10 13:51:26.789 1324 1733 I bt_stack: [INFO:port_api.cc(234)] RFCOMM_CreateConnection: bd_addr=ff:ff:ff:ff:ff:ff, scn=2, is_server=1, mtu=256, uuid=0x1112, dlci=4, signal_state=0x0b, p_port=0xc0f2ea74
06-10 13:51:26.789 1324 1324 I BluetoothA2dpServiceJni: classInitNative: succeeds
06-10 13:51:26.789 1324 1733 I bt_stack: [INFO:port_api.cc(234)] RFCOMM_CreateConnection: bd_addr=ff:ff:ff:ff:ff:ff, scn=3, is_server=1, mtu=256, uuid=0x111f, dlci=6, signal_state=0x0b, p_port=0xc0f2eafc
06-10 13:51:26.796 1324 1324 I A2dpService: Max connected audio devices set to 5
06-10 13:51:26.799 1324 1324 I bt_btif : system/bt/btif/src/bluetooth.cc:417 get_profile_interface: get_profile_interface: id = a2dp
06-10 13:51:26.799 1324 1324 I btif_av : system/bt/btif/src/btif_av.cc:965 Init: bt_status_t BtifAvSource::Init(btav_source_callbacks_t *, int, const std::vector &, const std::vector &): max_connected_audio_devices=5
06-10 13:51:26.799 1324 1324 I a2dp_codec: system/bt/stack/a2dp/a2dp_codec_config.cc:569 init: init
06-10 13:51:26.799 1324 1324 I a2dp_codec: system/bt/stack/a2dp/a2dp_codec_config.cc:113 createCodec: createCodec: codec SBC
06-10 13:51:26.799 1324 1324 I a2dp_codec: system/bt/stack/a2dp/a2dp_codec_config.cc:633 init: init: updated SBC codec priority to 1001
06-10 13:51:26.799 1324 1324 I a2dp_codec: system/bt/stack/a2dp/a2dp_codec_config.cc:113 createCodec: createCodec: codec AAC
06-10 13:51:26.799 1324 1324 I a2dp_codec: system/bt/stack/a2dp/a2dp_codec_config.cc:633 init: init: updated AAC codec priority to 2001
06-10 13:51:26.800 1324 1324 I a2dp_codec: system/bt/stack/a2dp/a2dp_codec_config.cc:113 createCodec: createCodec: codec aptX
06-10 13:51:26.801 1324 1324 E a2dp_vendor_aptx_encoder: system/bt/stack/a2dp/a2dp_vendor_aptx_encoder.cc:123 A2DP_VendorLoadEncoderAptx: A2DP_VendorLoadEncoderAptx: cannot open aptX encoder library libaptX_encoder.so: dlopen failed: library "libaptX_encoder.so" not found
06-10 13:51:26.801 1324 1324 E a2dp_vendor_aptx: system/bt/stack/a2dp/a2dp_vendor_aptx.cc:465 init: init: cannot load the encoder
06-10 13:51:26.801 1324 1324 I a2dp_codec: system/bt/stack/a2dp/a2dp_codec_config.cc:113 createCodec: createCodec: codec aptX-HD
06-10 13:51:26.802 1324 1324 E a2dp_vendor_aptx_hd_encoder: system/bt/stack/a2dp/a2dp_vendor_aptx_hd_encoder.cc:123 A2DP_VendorLoadEncoderAptxHd: A2DP_VendorLoadEncoderAptxHd: cannot open aptX-HD encoder library libaptXHD_encoder.so: dlopen failed: library "libaptXHD_encoder.so" not found
06-10 13:51:26.802 1324 1324 E a2dp_vendor_aptx_hd: system/bt/stack/a2dp/a2dp_vendor_aptx_hd.cc:483 init: init: cannot load the encoder
06-10 13:51:26.802 1324 1324 I a2dp_codec: system/bt/stack/a2dp/a2dp_codec_config.cc:113 createCodec: createCodec: codec LDAC
06-10 13:51:26.804 669 669 E WifiHAL : wifi_get_link_stats: requestResponse Error:-5
06-10 13:51:26.807 523 617 E WifiVendorHal: getWifiLinkLayerStats_1_5_Internal(l.1191) failed {.code = ERROR_INVALID_ARGS, .description = }
06-10 13:51:26.809 523 624 D ConnectivityService: [100 WIFI] EVENT_NETWORK_INFO_CHANGED, going from CONNECTING to CONNECTING
06-10 13:51:26.816 523 1818 D CompatibilityChangeReporter: Compat change id reported: 171306433; UID 1073; state: ENABLED
06-10 13:51:26.832 1944 1944 V GraphicsEnvironment: ANGLE Developer option for 'com.android.traceur' set to: 'default'
06-10 13:51:26.832 1944 1944 V GraphicsEnvironment: Neither updatable production driver nor prerelease driver is supported.
06-10 13:51:26.833 1944 1944 D NetworkSecurityConfig: No Network Security Config specified, using platform default
06-10 13:51:26.834 1944 1944 D NetworkSecurityConfig: No Network Security Config specified, using platform default
06-10 13:51:26.838 1324 1324 I a2dp_codec: system/bt/stack/a2dp/a2dp_codec_config.cc:633 init: init: updated LDAC codec priority to 5001
06-10 13:51:26.838 1324 1324 I a2dp_codec: system/bt/stack/a2dp/a2dp_codec_config.cc:113 createCodec: createCodec: codec SBC SINK
06-10 13:51:26.838 1324 1324 I a2dp_codec: system/bt/stack/a2dp/a2dp_codec_config.cc:113 createCodec: createCodec: codec AAC SINK
06-10 13:51:26.838 1324 1324 I a2dp_codec: system/bt/stack/a2dp/a2dp_codec_config.cc:113 createCodec: createCodec: codec LDAC SINK
06-10 13:51:26.843 1324 1324 E a2dp_vendor_ldac_decoder: system/bt/stack/a2dp/a2dp_vendor_ldac_decoder.cc:134 A2DP_VendorLoadDecoderLdac: A2DP_VendorLoadDecoderLdac: cannot open LDAC decoder library libldacBT_bco.so: dlopen failed: library "libldacBT_bco.so" not found
06-10 13:51:26.844 1324 1324 E a2dp_vendor_ldac: system/bt/stack/a2dp/a2dp_vendor_ldac.cc:1418 init: init: cannot load the decoder
06-10 13:51:26.844 1324 1324 I a2dp_codec: system/bt/stack/a2dp/a2dp_codec_config.cc:658 init: init: initialized Source codec LDAC
06-10 13:51:26.844 1324 1324 I a2dp_codec: system/bt/stack/a2dp/a2dp_codec_config.cc:658 init: init: initialized Source codec AAC
06-10 13:51:26.844 1324 1324 I a2dp_codec: system/bt/stack/a2dp/a2dp_codec_config.cc:658 init: init: initialized Source codec SBC
06-10 13:51:26.844 1324 1324 I a2dp_codec: system/bt/stack/a2dp/a2dp_codec_config.cc:665 init: init: initialized Sink codec AAC SINK
06-10 13:51:26.844 1324 1324 I a2dp_codec: system/bt/stack/a2dp/a2dp_codec_config.cc:665 init: init: initialized Sink codec SBC SINK
06-10 13:51:26.844 1324 1324 I a2dp_codec: system/bt/stack/a2dp/a2dp_codec_config.cc:569 init: init
06-10 13:51:26.844 1324 1324 I a2dp_codec: system/bt/stack/a2dp/a2dp_codec_config.cc:113 createCodec: createCodec: codec SBC
06-10 13:51:26.844 1324 1324 I a2dp_codec: system/bt/stack/a2dp/a2dp_codec_config.cc:633 init: init: updated SBC codec priority to 1001
06-10 13:51:26.844 1324 1324 I a2dp_codec: system/bt/stack/a2dp/a2dp_codec_config.cc:113 createCodec: createCodec: codec AAC
06-10 13:51:26.844 1324 1324 I a2dp_codec: system/bt/stack/a2dp/a2dp_codec_config.cc:633 init: init: updated AAC codec priority to 2001
06-10 13:51:26.844 1324 1324 I a2dp_codec: system/bt/stack/a2dp/a2dp_codec_config.cc:113 createCodec: createCodec: codec aptX
06-10 13:51:26.845 1324 1324 E a2dp_vendor_aptx_encoder: system/bt/stack/a2dp/a2dp_vendor_aptx_encoder.cc:123 A2DP_VendorLoadEncoderAptx: A2DP_VendorLoadEncoderAptx: cannot open aptX encoder library libaptX_encoder.so: dlopen failed: library "libaptX_encoder.so" not found
06-10 13:51:26.845 1324 1324 E a2dp_vendor_aptx: system/bt/stack/a2dp/a2dp_vendor_aptx.cc:465 init: init: cannot load the encoder
06-10 13:51:26.845 1324 1324 I a2dp_codec: system/bt/stack/a2dp/a2dp_codec_config.cc:113 createCodec: createCodec: codec aptX-HD
06-10 13:51:26.846 1324 1324 E a2dp_vendor_aptx_hd_encoder: system/bt/stack/a2dp/a2dp_vendor_aptx_hd_encoder.cc:123 A2DP_VendorLoadEncoderAptxHd: A2DP_VendorLoadEncoderAptxHd: cannot open aptX-HD encoder library libaptXHD_encoder.so: dlopen failed: library "libaptXHD_encoder.so" not found
06-10 13:51:26.846 1324 1324 E a2dp_vendor_aptx_hd: system/bt/stack/a2dp/a2dp_vendor_aptx_hd.cc:483 init: init: cannot load the encoder
06-10 13:51:26.846 1324 1324 I a2dp_codec: system/bt/stack/a2dp/a2dp_codec_config.cc:113 createCodec: createCodec: codec LDAC
06-10 13:51:26.846 1324 1324 I a2dp_codec: system/bt/stack/a2dp/a2dp_codec_config.cc:633 init: init: updated LDAC codec priority to 5001
06-10 13:51:26.846 1324 1324 I a2dp_codec: system/bt/stack/a2dp/a2dp_codec_config.cc:113 createCodec: createCodec: codec SBC SINK
06-10 13:51:26.846 1324 1324 I a2dp_codec: system/bt/stack/a2dp/a2dp_codec_config.cc:113 createCodec: createCodec: codec AAC SINK
06-10 13:51:26.846 1324 1324 I a2dp_codec: system/bt/stack/a2dp/a2dp_codec_config.cc:113 createCodec: createCodec: codec LDAC SINK
06-10 13:51:26.847 1324 1324 E a2dp_vendor_ldac_decoder: system/bt/stack/a2dp/a2dp_vendor_ldac_decoder.cc:134 A2DP_VendorLoadDecoderLdac: A2DP_VendorLoadDecoderLdac: cannot open LDAC decoder library libldacBT_bco.so: dlopen failed: library "libldacBT_bco.so" not found
06-10 13:51:26.847 1324 1324 E a2dp_vendor_ldac: system/bt/stack/a2dp/a2dp_vendor_ldac.cc:1418 init: init: cannot load the decoder
06-10 13:51:26.847 1324 1324 I a2dp_codec: system/bt/stack/a2dp/a2dp_codec_config.cc:658 init: init: initialized Source codec LDAC
06-10 13:51:26.847 1324 1324 I a2dp_codec: system/bt/stack/a2dp/a2dp_codec_config.cc:658 init: init: initialized Source codec AAC
06-10 13:51:26.847 1324 1324 I a2dp_codec: system/bt/stack/a2dp/a2dp_codec_config.cc:658 init: init: initialized Source codec SBC
06-10 13:51:26.847 1324 1324 I a2dp_codec: system/bt/stack/a2dp/a2dp_codec_config.cc:665 init: init: initialized Sink codec AAC SINK
06-10 13:51:26.847 1324 1324 I a2dp_codec: system/bt/stack/a2dp/a2dp_codec_config.cc:665 init: init: initialized Sink codec SBC SINK
06-10 13:51:26.847 1324 1324 I a2dp_codec: system/bt/stack/a2dp/a2dp_codec_config.cc:569 init: init
06-10 13:51:26.847 1324 1324 I a2dp_codec: system/bt/stack/a2dp/a2dp_codec_config.cc:113 createCodec: createCodec: codec SBC
06-10 13:51:26.847 1324 1324 I a2dp_codec: system/bt/stack/a2dp/a2dp_codec_config.cc:633 init: init: updated SBC codec priority to 1001
06-10 13:51:26.847 1324 1324 I a2dp_codec: system/bt/stack/a2dp/a2dp_codec_config.cc:113 createCodec: createCodec: codec AAC
06-10 13:51:26.847 1324 1324 I a2dp_codec: system/bt/stack/a2dp/a2dp_codec_config.cc:633 init: init: updated AAC codec priority to 2001
06-10 13:51:26.847 1324 1324 I a2dp_codec: system/bt/stack/a2dp/a2dp_codec_config.cc:113 createCodec: createCodec: codec aptX
06-10 13:51:26.852 1324 1324 E a2dp_vendor_aptx_encoder: system/bt/stack/a2dp/a2dp_vendor_aptx_encoder.cc:123 A2DP_VendorLoadEncoderAptx: A2DP_VendorLoadEncoderAptx: cannot open aptX encoder library libaptX_encoder.so: dlopen failed: library "libaptX_encoder.so" not found
06-10 13:51:26.853 1324 1324 E a2dp_vendor_aptx: system/bt/stack/a2dp/a2dp_vendor_aptx.cc:465 init: init: cannot load the encoder
06-10 13:51:26.853 1324 1324 I a2dp_codec: system/bt/stack/a2dp/a2dp_codec_config.cc:113 createCodec: createCodec: codec aptX-HD
06-10 13:51:26.855 1324 1324 E a2dp_vendor_aptx_hd_encoder: system/bt/stack/a2dp/a2dp_vendor_aptx_hd_encoder.cc:123 A2DP_VendorLoadEncoderAptxHd: A2DP_VendorLoadEncoderAptxHd: cannot open aptX-HD encoder library libaptXHD_encoder.so: dlopen failed: library "libaptXHD_encoder.so" not found
06-10 13:51:26.855 1324 1324 E a2dp_vendor_aptx_hd: system/bt/stack/a2dp/a2dp_vendor_aptx_hd.cc:483 init: init: cannot load the encoder
06-10 13:51:26.855 1324 1324 I a2dp_codec: system/bt/stack/a2dp/a2dp_codec_config.cc:113 createCodec: createCodec: codec LDAC
06-10 13:51:26.855 1324 1324 I a2dp_codec: system/bt/stack/a2dp/a2dp_codec_config.cc:633 init: init: updated LDAC codec priority to 5001
06-10 13:51:26.855 1324 1324 I a2dp_codec: system/bt/stack/a2dp/a2dp_codec_config.cc:113 createCodec: createCodec: codec SBC SINK
06-10 13:51:26.855 1324 1324 I a2dp_codec: system/bt/stack/a2dp/a2dp_codec_config.cc:113 createCodec: createCodec: codec AAC SINK
06-10 13:51:26.855 1324 1324 I a2dp_codec: system/bt/stack/a2dp/a2dp_codec_config.cc:113 createCodec: createCodec: codec LDAC SINK
06-10 13:51:26.856 1324 1324 E a2dp_vendor_ldac_decoder: system/bt/stack/a2dp/a2dp_vendor_ldac_decoder.cc:134 A2DP_VendorLoadDecoderLdac: A2DP_VendorLoadDecoderLdac: cannot open LDAC decoder library libldacBT_bco.so: dlopen failed: library "libldacBT_bco.so" not found
06-10 13:51:26.856 1324 1324 E a2dp_vendor_ldac: system/bt/stack/a2dp/a2dp_vendor_ldac.cc:1418 init: init: cannot load the decoder
06-10 13:51:26.856 1324 1324 I a2dp_codec: system/bt/stack/a2dp/a2dp_codec_config.cc:658 init: init: initialized Source codec LDAC
06-10 13:51:26.856 1324 1324 I a2dp_codec: system/bt/stack/a2dp/a2dp_codec_config.cc:658 init: init: initialized Source codec AAC
06-10 13:51:26.856 1324 1324 I a2dp_codec: system/bt/stack/a2dp/a2dp_codec_config.cc:658 init: init: initialized Source codec SBC
06-10 13:51:26.856 1324 1324 I a2dp_codec: system/bt/stack/a2dp/a2dp_codec_config.cc:665 init: init: initialized Sink codec AAC SINK
06-10 13:51:26.856 1324 1324 I a2dp_codec: system/bt/stack/a2dp/a2dp_codec_config.cc:665 init: init: initialized Sink codec SBC SINK
06-10 13:51:26.856 1324 1324 I a2dp_codec: system/bt/stack/a2dp/a2dp_codec_config.cc:569 init: init
06-10 13:51:26.857 1324 1324 I a2dp_codec: system/bt/stack/a2dp/a2dp_codec_config.cc:113 createCodec: createCodec: codec SBC
06-10 13:51:26.857 1324 1324 I a2dp_codec: system/bt/stack/a2dp/a2dp_codec_config.cc:633 init: init: updated SBC codec priority to 1001
06-10 13:51:26.857 1324 1324 I a2dp_codec: system/bt/stack/a2dp/a2dp_codec_config.cc:113 createCodec: createCodec: codec AAC
06-10 13:51:26.857 1324 1324 I a2dp_codec: system/bt/stack/a2dp/a2dp_codec_config.cc:633 init: init: updated AAC codec priority to 2001
06-10 13:51:26.857 1324 1324 I a2dp_codec: system/bt/stack/a2dp/a2dp_codec_config.cc:113 createCodec: createCodec: codec aptX
06-10 13:51:26.858 1324 1324 E a2dp_vendor_aptx_encoder: system/bt/stack/a2dp/a2dp_vendor_aptx_encoder.cc:123 A2DP_VendorLoadEncoderAptx: A2DP_VendorLoadEncoderAptx: cannot open aptX encoder library libaptX_encoder.so: dlopen failed: library "libaptX_encoder.so" not found
06-10 13:51:26.858 1324 1324 E a2dp_vendor_aptx: system/bt/stack/a2dp/a2dp_vendor_aptx.cc:465 init: init: cannot load the encoder
06-10 13:51:26.858 1324 1324 I a2dp_codec: system/bt/stack/a2dp/a2dp_codec_config.cc:113 createCodec: createCodec: codec aptX-HD
06-10 13:51:26.859 1324 1324 E a2dp_vendor_aptx_hd_encoder: system/bt/stack/a2dp/a2dp_vendor_aptx_hd_encoder.cc:123 A2DP_VendorLoadEncoderAptxHd: A2DP_VendorLoadEncoderAptxHd: cannot open aptX-HD encoder library libaptXHD_encoder.so: dlopen failed: library "libaptXHD_encoder.so" not found
06-10 13:51:26.859 1324 1324 E a2dp_vendor_aptx_hd: system/bt/stack/a2dp/a2dp_vendor_aptx_hd.cc:483 init: init: cannot load the encoder
06-10 13:51:26.859 1324 1324 I a2dp_codec: system/bt/stack/a2dp/a2dp_codec_config.cc:113 createCodec: createCodec: codec LDAC
06-10 13:51:26.859 1324 1324 I a2dp_codec: system/bt/stack/a2dp/a2dp_codec_config.cc:633 init: init: updated LDAC codec priority to 5001
06-10 13:51:26.859 1324 1324 I a2dp_codec: system/bt/stack/a2dp/a2dp_codec_config.cc:113 createCodec: createCodec: codec SBC SINK
06-10 13:51:26.859 1324 1324 I a2dp_codec: system/bt/stack/a2dp/a2dp_codec_config.cc:113 createCodec: createCodec: codec AAC SINK
06-10 13:51:26.859 1324 1324 I a2dp_codec: system/bt/stack/a2dp/a2dp_codec_config.cc:113 createCodec: createCodec: codec LDAC SINK
06-10 13:51:26.876 523 624 D ConnectivityService: NetReassign [no changes]
06-10 13:51:26.884 523 545 W IorapForwardingService: No service published for: iorapd
06-10 13:51:26.886 523 617 E WifiVendorHal: configureNeighborDiscoveryOffload(l.2704) failed {.code = ERROR_INVALID_ARGS, .description = }
06-10 13:51:26.896 523 624 D ConnectivityService: NetReassign [no changes]
06-10 13:51:26.894 1324 1324 E a2dp_vendor_ldac_decoder: system/bt/stack/a2dp/a2dp_vendor_ldac_decoder.cc:134 A2DP_VendorLoadDecoderLdac: A2DP_VendorLoadDecoderLdac: cannot open LDAC decoder library libldacBT_bco.so: dlopen failed: library "libldacBT_bco.so" not found
06-10 13:51:26.906 1324 1324 E a2dp_vendor_ldac: system/bt/stack/a2dp/a2dp_vendor_ldac.cc:1418 init: init: cannot load the decoder
06-10 13:51:26.906 1324 1324 I a2dp_codec: system/bt/stack/a2dp/a2dp_codec_config.cc:658 init: init: initialized Source codec LDAC
06-10 13:51:26.906 1324 1324 I a2dp_codec: system/bt/stack/a2dp/a2dp_codec_config.cc:658 init: init: initialized Source codec AAC
06-10 13:51:26.906 1324 1324 I a2dp_codec: system/bt/stack/a2dp/a2dp_codec_config.cc:658 init: init: initialized Source codec SBC
06-10 13:51:26.906 1324 1324 I a2dp_codec: system/bt/stack/a2dp/a2dp_codec_config.cc:665 init: init: initialized Sink codec AAC SINK
06-10 13:51:26.906 1324 1324 I a2dp_codec: system/bt/stack/a2dp/a2dp_codec_config.cc:665 init: init: initialized Sink codec SBC SINK
06-10 13:51:26.906 1324 1324 I a2dp_codec: system/bt/stack/a2dp/a2dp_codec_config.cc:569 init: init
06-10 13:51:26.906 1324 1324 I a2dp_codec: system/bt/stack/a2dp/a2dp_codec_config.cc:113 createCodec: createCodec: codec SBC
06-10 13:51:26.906 1324 1324 I a2dp_codec: system/bt/stack/a2dp/a2dp_codec_config.cc:633 init: init: updated SBC codec priority to 1001
06-10 13:51:26.906 1324 1324 I a2dp_codec: system/bt/stack/a2dp/a2dp_codec_config.cc:113 createCodec: createCodec: codec AAC
06-10 13:51:26.906 1324 1324 I a2dp_codec: system/bt/stack/a2dp/a2dp_codec_config.cc:633 init: init: updated AAC codec priority to 2001
06-10 13:51:26.906 1324 1324 I a2dp_codec: system/bt/stack/a2dp/a2dp_codec_config.cc:113 createCodec: createCodec: codec aptX
06-10 13:51:26.911 1324 1324 E a2dp_vendor_aptx_encoder: system/bt/stack/a2dp/a2dp_vendor_aptx_encoder.cc:123 A2DP_VendorLoadEncoderAptx: A2DP_VendorLoadEncoderAptx: cannot open aptX encoder library libaptX_encoder.so: dlopen failed: library "libaptX_encoder.so" not found
06-10 13:51:26.912 1324 1324 E a2dp_vendor_aptx: system/bt/stack/a2dp/a2dp_vendor_aptx.cc:465 init: init: cannot load the encoder
06-10 13:51:26.912 1324 1324 I a2dp_codec: system/bt/stack/a2dp/a2dp_codec_config.cc:113 createCodec: createCodec: codec aptX-HD
06-10 13:51:26.914 1324 1324 E a2dp_vendor_aptx_hd_encoder: system/bt/stack/a2dp/a2dp_vendor_aptx_hd_encoder.cc:123 A2DP_VendorLoadEncoderAptxHd: A2DP_VendorLoadEncoderAptxHd: cannot open aptX-HD encoder library libaptXHD_encoder.so: dlopen failed: library "libaptXHD_encoder.so" not found
06-10 13:51:26.914 1324 1324 E a2dp_vendor_aptx_hd: system/bt/stack/a2dp/a2dp_vendor_aptx_hd.cc:483 init: init: cannot load the encoder
06-10 13:51:26.914 1324 1324 I a2dp_codec: system/bt/stack/a2dp/a2dp_codec_config.cc:113 createCodec: createCodec: codec LDAC
06-10 13:51:26.914 1324 1324 I a2dp_codec: system/bt/stack/a2dp/a2dp_codec_config.cc:633 init: init: updated LDAC codec priority to 5001
06-10 13:51:26.914 1324 1324 I a2dp_codec: system/bt/stack/a2dp/a2dp_codec_config.cc:113 createCodec: createCodec: codec SBC SINK
06-10 13:51:26.914 1324 1324 I a2dp_codec: system/bt/stack/a2dp/a2dp_codec_config.cc:113 createCodec: createCodec: codec AAC SINK
06-10 13:51:26.914 1324 1324 I a2dp_codec: system/bt/stack/a2dp/a2dp_codec_config.cc:113 createCodec: createCodec: codec LDAC SINK
06-10 13:51:26.915 1324 1324 E a2dp_vendor_ldac_decoder: system/bt/stack/a2dp/a2dp_vendor_ldac_decoder.cc:134 A2DP_VendorLoadDecoderLdac: A2DP_VendorLoadDecoderLdac: cannot open LDAC decoder library libldacBT_bco.so: dlopen failed: library "libldacBT_bco.so" not found
06-10 13:51:26.915 1324 1324 E a2dp_vendor_ldac: system/bt/stack/a2dp/a2dp_vendor_ldac.cc:1418 init: init: cannot load the decoder
06-10 13:51:26.915 1324 1324 I a2dp_codec: system/bt/stack/a2dp/a2dp_codec_config.cc:658 init: init: initialized Source codec LDAC
06-10 13:51:26.915 1324 1324 I a2dp_codec: system/bt/stack/a2dp/a2dp_codec_config.cc:658 init: init: initialized Source codec AAC
06-10 13:51:26.915 1324 1324 I a2dp_codec: system/bt/stack/a2dp/a2dp_codec_config.cc:658 init: init: initialized Source codec SBC
06-10 13:51:26.915 1324 1324 I a2dp_codec: system/bt/stack/a2dp/a2dp_codec_config.cc:665 init: init: initialized Sink codec AAC SINK
06-10 13:51:26.915 1324 1324 I a2dp_codec: system/bt/stack/a2dp/a2dp_codec_config.cc:665 init: init: initialized Sink codec SBC SINK
06-10 13:51:26.915 1324 1324 I a2dp_codec: system/bt/stack/a2dp/a2dp_codec_config.cc:569 init: init
06-10 13:51:26.915 1324 1324 I a2dp_codec: system/bt/stack/a2dp/a2dp_codec_config.cc:113 createCodec: createCodec: codec SBC
06-10 13:51:26.915 1324 1324 I a2dp_codec: system/bt/stack/a2dp/a2dp_codec_config.cc:633 init: init: updated SBC codec priority to 1001
06-10 13:51:26.915 1324 1324 I a2dp_codec: system/bt/stack/a2dp/a2dp_codec_config.cc:113 createCodec: createCodec: codec AAC
06-10 13:51:26.915 1324 1324 I a2dp_codec: system/bt/stack/a2dp/a2dp_codec_config.cc:633 init: init: updated AAC codec priority to 2001
06-10 13:51:26.915 1324 1324 I a2dp_codec: system/bt/stack/a2dp/a2dp_codec_config.cc:113 createCodec: createCodec: codec aptX
06-10 13:51:26.917 1324 1324 E a2dp_vendor_aptx_encoder: system/bt/stack/a2dp/a2dp_vendor_aptx_encoder.cc:123 A2DP_VendorLoadEncoderAptx: A2DP_VendorLoadEncoderAptx: cannot open aptX encoder library libaptX_encoder.so: dlopen failed: library "libaptX_encoder.so" not found
06-10 13:51:26.917 1324 1324 E a2dp_vendor_aptx: system/bt/stack/a2dp/a2dp_vendor_aptx.cc:465 init: init: cannot load the encoder
06-10 13:51:26.917 1324 1324 I a2dp_codec: system/bt/stack/a2dp/a2dp_codec_config.cc:113 createCodec: createCodec: codec aptX-HD
06-10 13:51:26.918 1324 1324 E a2dp_vendor_aptx_hd_encoder: system/bt/stack/a2dp/a2dp_vendor_aptx_hd_encoder.cc:123 A2DP_VendorLoadEncoderAptxHd: A2DP_VendorLoadEncoderAptxHd: cannot open aptX-HD encoder library libaptXHD_encoder.so: dlopen failed: library "libaptXHD_encoder.so" not found
06-10 13:51:26.918 1324 1324 E a2dp_vendor_aptx_hd: system/bt/stack/a2dp/a2dp_vendor_aptx_hd.cc:483 init: init: cannot load the encoder
06-10 13:51:26.918 1324 1324 I a2dp_codec: system/bt/stack/a2dp/a2dp_codec_config.cc:113 createCodec: createCodec: codec LDAC
06-10 13:51:26.918 1324 1324 I a2dp_codec: system/bt/stack/a2dp/a2dp_codec_config.cc:633 init: init: updated LDAC codec priority to 5001
06-10 13:51:26.918 1324 1324 I a2dp_codec: system/bt/stack/a2dp/a2dp_codec_config.cc:113 createCodec: createCodec: codec SBC SINK
06-10 13:51:26.918 1324 1324 I a2dp_codec: system/bt/stack/a2dp/a2dp_codec_config.cc:113 createCodec: createCodec: codec AAC SINK
06-10 13:51:26.918 1324 1324 I a2dp_codec: system/bt/stack/a2dp/a2dp_codec_config.cc:113 createCodec: createCodec: codec LDAC SINK
06-10 13:51:26.919 1324 1324 E a2dp_vendor_ldac_decoder: system/bt/stack/a2dp/a2dp_vendor_ldac_decoder.cc:134 A2DP_VendorLoadDecoderLdac: A2DP_VendorLoadDecoderLdac: cannot open LDAC decoder library libldacBT_bco.so: dlopen failed: library "libldacBT_bco.so" not found
06-10 13:51:26.919 1324 1324 E a2dp_vendor_ldac: system/bt/stack/a2dp/a2dp_vendor_ldac.cc:1418 init: init: cannot load the decoder
06-10 13:51:26.919 1324 1324 I a2dp_codec: system/bt/stack/a2dp/a2dp_codec_config.cc:658 init: init: initialized Source codec LDAC
06-10 13:51:26.919 1324 1324 I a2dp_codec: system/bt/stack/a2dp/a2dp_codec_config.cc:658 init: init: initialized Source codec AAC
06-10 13:51:26.919 1324 1324 I a2dp_codec: system/bt/stack/a2dp/a2dp_codec_config.cc:658 init: init: initialized Source codec SBC
06-10 13:51:26.919 1324 1324 I a2dp_codec: system/bt/stack/a2dp/a2dp_codec_config.cc:665 init: init: initialized Sink codec AAC SINK
06-10 13:51:26.919 1324 1324 I a2dp_codec: system/bt/stack/a2dp/a2dp_codec_config.cc:665 init: init: initialized Sink codec SBC SINK
06-10 13:51:26.919 1324 1324 I bt_btif_a2dp_source: system/bt/btif/src/btif_a2dp_source.cc:325 btif_a2dp_source_init: btif_a2dp_source_init
06-10 13:51:26.921 1324 2009 I bt_stack: [INFO:message_loop_thread.cc(224)] Run: message loop starting for thread bt_a2dp_source_worker_thread
06-10 13:51:26.922 1944 1944 I Traceur : Received BOOT_COMPLETE
06-10 13:51:26.922 1324 1324 I bt_btif_storage: system/bt/btif/src/btif_storage.cc:661 btif_storage_get_adapter_property: btif_storage_get_adapter_property service_mask:0x20000048
06-10 13:51:26.923 1324 1733 I bt_bta_av: system/bt/bta/av/bta_av_main.cc:418 bta_av_api_register: bta_av_api_register: AVRCP version used for sdp: "avrcp15"
06-10 13:51:26.923 1324 1733 I bt_l2cap: system/bt/stack/l2cap/l2c_api.cc:134 L2CA_Register: L2CAP Registered service classic PSM: 0x0019
06-10 13:51:26.923 1324 1733 I bt_l2cap: system/bt/stack/l2cap/l2c_api.cc:134 L2CA_Register: L2CAP Registered service classic PSM: 0x0017
06-10 13:51:26.923 1324 1733 I bt_l2cap: system/bt/stack/l2cap/l2c_api.cc:134 L2CA_Register: L2CAP Registered service classic PSM: 0x001b
06-10 13:51:26.923 1324 1324 D A2dpService: A2DP offload flag set to false
06-10 13:51:26.923 1324 1733 I bt_bta_dm: system/bt/bta/dm/bta_dm_act.cc:3191 bta_dm_eir_update_uuid: EIR Adding UUID=0x110A into extended inquiry response
06-10 13:51:26.923 1324 1733 I bt_bta_dm: system/bt/bta/dm/bta_dm_act.cc:2890 bta_dm_set_eir: Generating extended inquiry response packet EIR
06-10 13:51:26.923 1324 1733 I bt_bta_av: system/bt/bta/av/bta_av_act.cc:304 bta_av_rc_create: Skipping RC creation for the old AVRCP profile
06-10 13:51:26.923 1324 1733 I bt_bta_dm: system/bt/bta/dm/bta_dm_act.cc:3191 bta_dm_eir_update_uuid: EIR Adding UUID=0x110E into extended inquiry response
06-10 13:51:26.923 1324 1733 I bt_bta_dm: system/bt/bta/dm/bta_dm_act.cc:2890 bta_dm_set_eir: Generating extended inquiry response packet EIR
06-10 13:51:26.923 1324 1733 I bt_bta_av: system/bt/bta/av/bta_av_main.cc:418 bta_av_api_register: bta_av_api_register: AVRCP version used for sdp: "avrcp15"
06-10 13:51:26.923 1324 1733 I bt_bta_av: system/bt/bta/av/bta_av_main.cc:418 bta_av_api_register: bta_av_api_register: AVRCP version used for sdp: "avrcp15"
06-10 13:51:26.923 1324 1733 I bt_bta_av: system/bt/bta/av/bta_av_main.cc:418 bta_av_api_register: bta_av_api_register: AVRCP version used for sdp: "avrcp15"
06-10 13:51:26.923 1324 1733 I bt_bta_av: system/bt/bta/av/bta_av_main.cc:418 bta_av_api_register: bta_av_api_register: AVRCP version used for sdp: "avrcp15"
06-10 13:51:26.923 1324 1733 I bt_bta_av: system/bt/bta/av/bta_av_main.cc:418 bta_av_api_register: bta_av_api_register: AVRCP version used for sdp: "avrcp15"
06-10 13:51:26.934 1324 1324 D A2dpService: setA2dpService(): set to: com.android.bluetooth.a2dp.A2dpService@194fa3e
06-10 13:51:26.934 1324 1600 D BluetoothActiveDeviceManager: handleMessage(MESSAGE_ADAPTER_ACTION_STATE_CHANGED): newState=11
06-10 13:51:26.939 1324 1324 I BluetoothHidHostServiceJni: classInitNative: succeeds
