06-10 13:51:18.824 677 677 W BtGatt.ScanManager: java.lang.IllegalArgumentException: Listener not registered: com.android.bluetooth.gatt.ScanManager$2@d93edaf
06-10 13:51:18.824 677 677 W BtGatt.ScanManager: at android.app.ActivityManager.removeOnUidImportanceListener(ActivityManager.java:3591)
06-10 13:51:18.824 677 677 W BtGatt.ScanManager: at com.android.bluetooth.gatt.ScanManager.cleanup(ScanManager.java:165)
06-10 13:51:18.824 677 677 W BtGatt.ScanManager: at com.android.bluetooth.gatt.GattService.cleanup(GattService.java:313)
06-10 13:51:18.824 677 677 W BtGatt.ScanManager: at com.android.bluetooth.btservice.ProfileService.onDestroy(ProfileService.java:253)
06-10 13:51:18.824 677 677 W BtGatt.ScanManager: at android.app.ActivityThread.handleStopService(ActivityThread.java:4669)
06-10 13:51:18.824 677 677 W BtGatt.ScanManager: at android.app.ActivityThread.access$2100(ActivityThread.java:247)
06-10 13:51:18.824 677 677 W BtGatt.ScanManager: at android.app.ActivityThread$H.handleMessage(ActivityThread.java:2096)
06-10 13:51:18.824 677 677 W BtGatt.ScanManager: at android.os.Handler.dispatchMessage(Handler.java:106)
06-10 13:51:18.824 677 677 W BtGatt.ScanManager: at android.os.Looper.loopOnce(Looper.java:201)
06-10 13:51:18.824 677 677 W BtGatt.ScanManager: at android.os.Looper.loop(Looper.java:288)
06-10 13:51:18.824 677 677 W BtGatt.ScanManager: at android.app.ActivityThread.main(ActivityThread.java:7854)
06-10 13:51:18.824 677 677 W BtGatt.ScanManager: at java.lang.reflect.Method.invoke(Native Method)
06-10 13:51:18.824 677 677 W BtGatt.ScanManager: at com.android.internal.os.RuntimeInit$MethodAndArgsCaller.run(RuntimeInit.java:548)
06-10 13:51:18.824 677 677 W BtGatt.ScanManager: at com.android.internal.os.ZygoteInit.main(ZygoteInit.java:1182)
06-10 13:51:18.830 523 523 W HDMI : [1]:Unhandled cec command: 04:46
06-10 13:51:18.830 523 649 D BackupManagerService: [UserID:0] Started thread backup-0
06-10 13:51:18.831 523 523 W HDMI : [1]:Unhandled cec command: 04:8C
06-10 13:51:18.834 523 592 D ExplicitHealthCheckController: Getting health check requested packages
06-10 13:51:18.838 335 336 D XM_HIDREAD: add@ add@/devices/virtual/bdi/0:47
06-10 13:51:18.838 523 617 D WakeupConfigStoreData: WifiWake user data has been read
06-10 13:51:18.840 677 677 W BtGatt.ScanManager: exception when invoking unregisterReceiver(mLocationReceiver)
06-10 13:51:18.840 677 677 W BtGatt.ScanManager: java.lang.IllegalArgumentException: Receiver not registered: com.android.bluetooth.gatt.ScanManager$3@ec1b5bc
06-10 13:51:18.840 677 677 W BtGatt.ScanManager: at android.app.LoadedApk.forgetReceiverDispatcher(LoadedApk.java:1555)
06-10 13:51:18.840 677 677 W BtGatt.ScanManager: at android.app.ContextImpl.unregisterReceiver(ContextImpl.java:1789)
06-10 13:51:18.840 677 677 W BtGatt.ScanManager: at android.content.ContextWrapper.unregisterReceiver(ContextWrapper.java:769)
06-10 13:51:18.840 677 677 W BtGatt.ScanManager: at com.android.bluetooth.gatt.ScanManager.cleanup(ScanManager.java:186)
06-10 13:51:18.840 677 677 W BtGatt.ScanManager: at com.android.bluetooth.gatt.GattService.cleanup(GattService.java:313)
06-10 13:51:18.840 677 677 W BtGatt.ScanManager: at com.android.bluetooth.btservice.ProfileService.onDestroy(ProfileService.java:253)
06-10 13:51:18.840 677 677 W BtGatt.ScanManager: at android.app.ActivityThread.handleStopService(ActivityThread.java:4669)
06-10 13:51:18.840 677 677 W BtGatt.ScanManager: at android.app.ActivityThread.access$2100(ActivityThread.java:247)
06-10 13:51:18.840 677 677 W BtGatt.ScanManager: at android.app.ActivityThread$H.handleMessage(ActivityThread.java:2096)
06-10 13:51:18.840 677 677 W BtGatt.ScanManager: at android.os.Handler.dispatchMessage(Handler.java:106)
06-10 13:51:18.840 677 677 W BtGatt.ScanManager: at android.os.Looper.loopOnce(Looper.java:201)
06-10 13:51:18.840 677 677 W BtGatt.ScanManager: at android.os.Looper.loop(Looper.java:288)
06-10 13:51:18.840 677 677 W BtGatt.ScanManager: at android.app.ActivityThread.main(ActivityThread.java:7854)
06-10 13:51:18.840 677 677 W BtGatt.ScanManager: at java.lang.reflect.Method.invoke(Native Method)
06-10 13:51:18.840 677 677 W BtGatt.ScanManager: at com.android.internal.os.RuntimeInit$MethodAndArgsCaller.run(RuntimeInit.java:548)
06-10 13:51:18.840 677 677 W BtGatt.ScanManager: at com.android.internal.os.ZygoteInit.main(ZygoteInit.java:1182)
06-10 13:51:18.840 523 588 I ExplicitHealthCheckController: Explicit health check requested packages []
06-10 13:51:18.841 523 588 I ExplicitHealthCheckController: No more health check requests, unbinding...
06-10 13:51:18.841 523 552 D AutofillManagerServiceImpl: Reset component for user 0:
06-10 13:51:18.848 205 205 I vold : Bind mounting /data/media to /mnt/pass_through/0/emulated
06-10 13:51:18.853 523 611 I StorageSessionController: On volume mount VolumeInfo{emulated;0}:
06-10 13:51:18.853 523 611 I StorageSessionController: type=EMULATED diskId=null partGuid= mountFlags=PRIMARY|VISIBLE
06-10 13:51:18.853 523 611 I StorageSessionController: mountUserId=0 state=CHECKING
06-10 13:51:18.853 523 611 I StorageSessionController: fsType=null fsUuid=null fsLabel=null
06-10 13:51:18.853 523 611 I StorageSessionController: path=/storage/emulated internalPath=/data/media
06-10 13:51:18.856 523 611 I StorageSessionController: Creating connection for user: 0
06-10 13:51:18.857 523 611 I StorageSessionController: Creating and starting session with id: emulated;0
06-10 13:51:18.858 523 611 I StorageUserConnection: Binding to the ExternalStorageService for user 0
06-10 13:51:18.863 523 617 D WifiConfigStore: Reading from user stores completed in 63 ms.
06-10 13:51:18.884 523 798 D CompatibilityChangeReporter: Compat change id reported: 168419799; UID 1000; state: DISABLED
06-10 13:51:18.888 523 552 D FieldClassificationStrategy: reset(): service is not bound. Do nothing.
06-10 13:51:18.889 523 552 W AppBindingService: [Default SMS app] u0 Target package not found
06-10 13:51:18.891 523 552 I ActivityTaskManager: Loading recents for user 0 into memory.
06-10 13:51:18.892 677 803 D AdapterProperties: Scan Mode:20
06-10 13:51:18.914 884 884 W ContextImpl: Calling a method in the system process without a qualified user: android.app.ContextImpl.startService:1816 android.content.ContextWrapper.startService:774 android.content.ContextWrapper.startService:774 com.android.tv.settings.users.UserSwitchListenerService$BootReceiver.onReceive:50 android.app.ActivityThread.handleReceiver:4308
06-10 13:51:18.915 523 1085 I AppSearchUserInstanceMa: Creating new AppSearch instance at: /data/system_ce/0/appsearch/icing
06-10 13:51:18.917 677 773 I AdapterState: BLE_TURNING_OFF : Unhandled message - BLE_STARTED
06-10 13:51:18.917 677 773 E AdapterState: BLE_TURNING_OFF : BLE_STOP_TIMEOUT
06-10 13:51:18.917 677 773 I AdapterState: OFF : entered
06-10 13:51:18.917 677 773 D AdapterProperties: Setting state to OFF
06-10 13:51:18.912 678 678 I queued-work-loo: type=1400 audit(0.0:420): avc: denied { write } for name="shared_prefs" dev="mmcblk0p25" ino=1639 scontext=u:r:platform_app:s0:c512,c768 tcontext=u:object_r:app_data_file:s0:c512,c768 tclass=dir permissive=1 app=com.softwinner.screenshot
06-10 13:51:18.918 677 773 D BluetoothAdapterService: updateAdapterState() - Broadcasting state OFF to 1 receivers.
06-10 13:51:18.912 678 678 I queued-work-loo: type=1400 audit(0.0:421): avc: denied { remove_name } for name="com.android.systemui.xml" dev="mmcblk0p25" ino=15020 scontext=u:r:platform_app:s0:c512,c768 tcontext=u:object_r:app_data_file:s0:c512,c768 tclass=dir permissive=1 app=com.softwinner.screenshot
06-10 13:51:18.919 523 545 D BluetoothManagerService: MESSAGE_BLUETOOTH_STATE_CHANGE: BLE_TURNING_OFF > OFF
06-10 13:51:18.919 523 545 D BluetoothManagerService: Bluetooth is complete send Service Down
06-10 13:51:18.920 523 545 D BluetoothManagerService: Broadcasting onBluetoothServiceDown() to 3 receivers.
06-10 13:51:18.920 523 545 D BluetoothAdapter: onBluetoothServiceDown
06-10 13:51:18.920 677 718 D BluetoothAdapter: onBluetoothServiceDown
06-10 13:51:18.920 678 989 D BluetoothAdapter: onBluetoothServiceDown
06-10 13:51:18.916 678 678 I queued-work-loo: type=1400 audit(0.0:422): avc: denied { rename } for name="com.android.systemui.xml" dev="mmcblk0p25" ino=15020 scontext=u:r:platform_app:s0:c512,c768 tcontext=u:object_r:app_data_file:s0:c512,c768 tclass=file permissive=1 app=com.softwinner.screenshot
06-10 13:51:18.923 523 551 I UsageStatsService: User[0] Rollover scheduled @ 2025-06-11 10:51:51(1749610311994)
06-10 13:51:18.923 523 545 D BluetoothManagerService: unbindAndFinish(): android.bluetooth.IBluetooth$Stub$Proxy@35dddd1 mBinding = false mUnbinding = false
06-10 13:51:18.923 523 551 D AppStandbyController: Initializing defaults for system apps on user 0, appIdleEnabled=false
06-10 13:51:18.927 523 552 V PackageConfigPersister: loadPackages: empty list files from /data/system_ce/0/package_configs
06-10 13:51:18.927 523 552 W ActivityManager: UserLifecycleEvent 5 received without an active userJourneySession.
06-10 13:51:18.927 523 552 W ActivityManager: UserLifecycleEvent 6 received without an active userJourneySession.
06-10 13:51:18.928 523 552 I ActivityManager: User 0 state changed from RUNNING_UNLOCKING to RUNNING_UNLOCKED
06-10 13:51:18.930 523 552 D SystemServerTiming: SystemUserUnlock took to complete: 4624ms
06-10 13:51:18.932 523 611 D CompatibilityChangeReporter: Compat change id reported: 135634846; UID 10074; state: DISABLED
06-10 13:51:18.932 523 553 D CompatibilityChangeReporter: Compat change id reported: 143937733; UID 10074; state: ENABLED
06-10 13:51:18.939 523 611 I StorageUserConnection: Bound to the ExternalStorageService for user 0
06-10 13:51:18.942 677 677 D BluetoothAdapterService: onUnbind() - calling cleanup
06-10 13:51:18.943 677 677 D BluetoothAdapterService: cleanup()
06-10 13:51:18.945 523 545 D BluetoothManagerService: Sending BLE State Change: BLE_TURNING_OFF > OFF
06-10 13:51:18.946 523 552 I ActivityManager: com.dangbei.lerad.etna.haqu is exempt from freezer
06-10 13:51:18.947 523 552 D CompatibilityChangeReporter: Compat change id reported: 135634846; UID 1000; state: DISABLED
06-10 13:51:18.947 523 544 D AutofillUI: destroySaveUiUiThread(): already destroyed
06-10 13:51:18.949 523 545 D BluetoothManagerService: Entering STATE_OFF but mEnabled is true; restarting.
06-10 13:51:18.957 523 545 E BluetoothManagerService: waitForState [10] time out
06-10 13:51:18.957 523 588 I ExplicitHealthCheckController: Explicit health check service is unbound
06-10 13:51:18.962 523 551 I UsageStatsService: User[0] Flushing usage stats to disk
06-10 13:51:18.971 677 677 W BluetoothSdpJni: Cleaning up Bluetooth SDP Interface...
06-10 13:51:18.971 677 677 W BluetoothSdpJni: Cleaning up Bluetooth SDP object
06-10 13:51:18.972 677 677 D BluetoothKeystoreService: cleanup
06-10 13:51:18.972 677 677 D BluetoothKeystoreService: setBluetoothKeystoreService(): set to: null
06-10 13:51:18.972 677 677 D BluetoothAdapterService: cleanup() - Cleaning up adapter native
06-10 13:51:18.978 523 649 I SELinux : SELinux: Loaded file_contexts
06-10 13:51:18.981 523 552 I PreBootBroadcaster: Pre-boot of {com.android.documentsui/com.android.documentsui.PreBootReceiver} for user 0
06-10 13:51:18.983 259 259 D Zygote : Forked child process 1089
06-10 13:51:18.984 523 553 W ActivityManager: Slow operation: 53ms so far, now at startProcess: returned from zygote!
06-10 13:51:18.984 523 523 W InputMethodUtils: Found no fallback locale. imis=[InputMethodInfo{com.sohu.inputmethod.sogou.tv/.SogouIME, settings: com.sohu.inputmethod.sogou.SogouIMESettingsLauncher}]
06-10 13:51:18.985 523 553 W ActivityManager: Slow operation: 54ms so far, now at startProcess: done updating battery stats
06-10 13:51:18.985 523 553 I Watchdog: Interesting Java process com.android.providers.media.module started. Pid 1089
06-10 13:51:18.985 523 553 W ActivityManager: Slow operation: 54ms so far, now at startProcess: building log message
06-10 13:51:18.985 523 553 I ActivityManager: app.processName = com.android.providers.media.module
06-10 13:51:18.985 523 553 I ActivityManager: Start proc 1089:com.android.providers.media.module/u0a74 for service {com.android.providers.media.module/com.android.providers.media.fuse.ExternalStorageServiceImpl}
06-10 13:51:18.985 523 553 W ActivityManager: Slow operation: 54ms so far, now at startProcess: starting to update pids map
06-10 13:51:18.985 523 553 W ActivityManager: Slow operation: 54ms so far, now at startProcess: done updating pids map
06-10 13:51:18.990 523 649 E BackupPasswordManager: Unable to read backup pw version
06-10 13:51:18.991 523 649 E BackupPasswordManager: Unable to read saved backup pw hash
06-10 13:51:18.998 523 523 W InputMethodUtils: No software keyboard is found. imis=[InputMethodInfo{com.sohu.inputmethod.sogou.tv/.SogouIME, settings: com.sohu.inputmethod.sogou.SogouIMESettingsLauncher}] systemLocale=zh_CN fallbackLocale=null
06-10 13:51:19.005 523 552 D CompatibilityChangeReporter: Compat change id reported: 135634846; UID 10014; state: DISABLED
06-10 13:51:19.005 523 552 D CompatibilityChangeReporter: Compat change id reported: 177438394; UID 10014; state: DISABLED
06-10 13:51:19.005 523 552 D CompatibilityChangeReporter: Compat change id reported: 135772972; UID 10014; state: DISABLED
06-10 13:51:19.005 523 552 D CompatibilityChangeReporter: Compat change id reported: 135754954; UID 10014; state: ENABLED
06-10 13:51:19.012 259 259 D Zygote : Forked child process 1090
06-10 13:51:19.013 523 553 W ActivityManager: Slow operation: 67ms so far, now at startProcess: returned from zygote!
06-10 13:51:19.015 523 617 D WifiConfigStore: Writing to stores completed in 144 ms.
06-10 13:51:19.015 523 617 D WifiActiveModeWarden: Starting primary ClientModeManager in connect mode
06-10 13:51:19.016 884 884 D FallbackHome: User unlocked and real home found; let's go!
06-10 13:51:19.025 1089 1089 I Zygote : seccomp disabled by setenforce 0
06-10 13:51:19.030 1090 1090 I Zygote : seccomp disabled by setenforce 0
06-10 13:51:19.062 412 431 I adbd : jdwp connection from 1089
06-10 13:51:19.066 523 617 D WifiController: DisabledState.exit()
06-10 13:51:19.066 523 617 D WifiController: EnabledState.enter()
06-10 13:51:19.066 523 617 D WifiClientModeManager[unknown]: entering IdleState
06-10 13:51:19.071 523 523 I NotificationHistory: Attempted to unlock gone/disabled user 0
06-10 13:51:19.072 412 431 I adbd : jdwp connection from 1090
06-10 13:51:19.073 523 523 D BluetoothManagerService: Bluetooth Adapter address changed to B4:2F:03:15:73:2F
06-10 13:51:19.073 523 523 D BluetoothManagerService: Stored Bluetoothaddress: B4:2F:03:15:73:2F
06-10 13:51:19.076 523 552 D CompatibilityChangeReporter: Compat change id reported: 135634846; UID 10018; state: DISABLED
06-10 13:51:19.076 523 552 D CompatibilityChangeReporter: Compat change id reported: 177438394; UID 10018; state: DISABLED
06-10 13:51:19.076 523 552 D CompatibilityChangeReporter: Compat change id reported: 135772972; UID 10018; state: DISABLED
06-10 13:51:19.076 523 552 D CompatibilityChangeReporter: Compat change id reported: 135754954; UID 10018; state: ENABLED
06-10 13:51:19.077 523 552 W ActivityManager: Slow operation: 65ms so far, now at startProcess: done starting proc!
06-10 13:51:19.077 523 553 W ActivityManager: Slow operation: 132ms so far, now at startProcess: done updating battery stats
06-10 13:51:19.078 523 553 W ActivityManager: Slow operation: 132ms so far, now at startProcess: building log message
06-10 13:51:19.078 523 553 I ActivityManager: app.processName = com.dangbei.lerad.etna.haqu
06-10 13:51:19.078 523 553 I ActivityManager: Start proc 1090:com.dangbei.lerad.etna.haqu/1000 for added application com.dangbei.lerad.etna.haqu
06-10 13:51:19.080 523 553 W ActivityManager: Slow operation: 134ms so far, now at startProcess: starting to update pids map
06-10 13:51:19.080 523 553 W ActivityManager: Slow operation: 134ms so far, now at startProcess: done updating pids map
06-10 13:51:19.080 669 669 D WifiHWInfo: Start to load wireless module hardware info table...
06-10 13:51:19.081 523 553 W ActivityManager: Slow operation: 77ms so far, now at startProcess: asking zygote to start proc
06-10 13:51:19.081 523 553 D CompatibilityChangeReporter: Compat change id reported: 143937733; UID 10014; state: ENABLED
06-10 13:51:19.083 293 293 I BpBinder: onLastStrongRef automatically unlinking death recipients:
06-10 13:51:19.105 669 669 D WifiHWInfo: Entry [01], BUS: SDIO, ID: 0x024C8179, Name: rtl8189es.
06-10 13:51:19.108 669 669 D WifiHWInfo: Entry [02], BUS: SDIO, ID: 0x024CB723, Name: rtl8723bs_vq0.
06-10 13:51:19.109 669 669 D WifiHWInfo: Entry [03], BUS: SDIO, ID: 0x024CB703, Name: rtl8723cs.
06-10 13:51:19.109 669 669 D WifiHWInfo: Entry [04], BUS: SDIO, ID: 0x024CD723, Name: rtl8723ds.
06-10 13:51:19.109 669 669 D WifiHWInfo: Entry [05], BUS: SDIO, ID: 0x024CF179, Name: rtl8189fs.
06-10 13:51:19.109 669 669 D WifiHWInfo: Entry [06], BUS: SDIO, ID: 0x024CB822, Name: rtl88x2bs.
06-10 13:51:19.109 669 669 D WifiHWInfo: Entry [07], BUS: USB, ID: 0x0BDAD723, Name: rtl8723du.
06-10 13:51:19.109 669 669 D WifiHWInfo: Entry [08], BUS: USB, ID: 0x0BDA8179, Name: rtl8188etv.
06-10 13:51:19.110 669 669 D WifiHWInfo: Entry [09], BUS: USB, ID: 0x0BDA0179, Name: rtl8188eu.
06-10 13:51:19.110 669 669 D WifiHWInfo: Entry [10], BUS: USB, ID: 0x0BDA818B, Name: rtl8192eu.
06-10 13:51:19.110 669 669 D WifiHWInfo: Entry [11], BUS: USB, ID: 0x0BDAB720, Name: rtl8723bu.
06-10 13:51:19.110 669 669 D WifiHWInfo: Entry [12], BUS: USB, ID: 0x0BDAC82C, Name: rtl8822cu.
06-10 13:51:19.110 669 669 D WifiHWInfo: Entry [13], BUS: USB, ID: 0x0BDAF179, Name: rtl8188fu.
06-10 13:51:19.110 669 669 D WifiHWInfo: Entry [14], BUS: SDIO, ID: 0x02D0A9A6, Name: ap6212.
06-10 13:51:19.110 669 669 D WifiHWInfo: Entry [15], BUS: SDIO, ID: 0x02D04330, Name: ap6330.
06-10 13:51:19.110 669 669 D WifiHWInfo: Entry [16], BUS: SDIO, ID: 0x02D04356, Name: ap6356s.
06-10 13:51:19.110 669 669 D WifiHWInfo: Entry [17], BUS: SDIO, ID: 0x02D0A9BF, Name: ap6255.
06-10 13:51:19.110 669 669 D WifiHWInfo: Entry [18], BUS: SDIO, ID: 0x02D04334, Name: bcm43342.
06-10 13:51:19.110 669 669 D WifiHWInfo: Entry [19], BUS: SDIO, ID: 0x00202281, Name: xr819.
06-10 13:51:19.110 669 669 D WifiHWInfo: Entry [20], BUS: SDIO, ID: 0x0A9E2282, Name: xr829.
06-10 13:51:19.110 669 669 D WifiHWInfo: Entry [21], BUS: SDIO, ID: 0x0271050A, Name: qca6174a.
06-10 13:51:19.110 669 669 D WifiHWInfo: Entry [22], BUS: SDIO, ID: 0x30303030, Name: ssv6x5x.
06-10 13:51:19.110 669 669 D WifiHWInfo: Entry [23], BUS: SDIO, ID: 0x00000000, Name: uwe5621.
06-10 13:51:19.110 669 669 D WifiHWInfo: Entry [24], BUS: SDIO, ID: 0x54490145, Name: aic8800.
06-10 13:51:19.110 669 669 D WifiHWInfo: Entry [25], BUS: SDIO, ID: 0xC8A1C08D, Name: aic8800.
06-10 13:51:19.110 669 669 D WifiHWInfo: Entry [26], BUS: USB, ID: 0xA69C8800, Name: aic8800.
06-10 13:51:19.110 669 669 D WifiHWInfo: Entry [27], BUS: USB, ID: 0x007A8888, Name: atbm6023is.
06-10 13:51:19.110 669 669 D WifiHWInfo: Entry [28], BUS: SDIO, ID: 0x02E79086, Name: 9012p.
06-10 13:51:19.110 669 669 D WifiHWInfo: Entry [29], BUS: SDIO, ID: 0x007A6011, Name: atbm613x_wifi_sdio.
06-10 13:51:19.110 669 669 D WifiHWInfo: Entry [30], BUS: SDIO, ID: 0x024CC822, Name: 88x2cs.
06-10 13:51:19.110 669 669 D WifiHWInfo: Entry [31], BUS: SDIO, ID: 0x000018F0, Name: dummy.
06-10 13:51:19.110 669 669 W android.hardware.wifi@1.0-service-lazy: DRIVER_MODULE_TAG: sprdwl_ng : Success
06-10 13:51:19.111 669 669 I android.hardware.wifi@1.0-service-lazy: driver_module_path: /vendor/lib/modules/sprdwl_ng.ko
06-10 13:51:19.111 669 669 I android.hardware.wifi@1.0-service-lazy: driver_module_arg:
06-10 13:51:19.111 523 588 I ActivityStarter: ---START u0 {act=android.intent.action.MAIN cat=[android.intent.category.HOME] flg=0x10000100 cmp=com.dangbei.leard.leradlauncher/com.dangbei.launcher.home.LauncherActivity (has extras)} from uid 0
06-10 13:51:19.114 523 1085 W UnsafeUtil: platform method missing - proto runtime falling back to safer methods: java.lang.NoSuchMethodException: sun.misc.Unsafe.copyMemory [class java.lang.Object, long, class java.lang.Object, long, long]
06-10 13:51:19.119 523 523 D BluetoothManagerService: Bluetooth Adapter name changed to DBBOX-A2 by android
06-10 13:51:19.119 523 523 D BluetoothManagerService: Stored Bluetooth name: DBBOX-A2
06-10 13:51:19.119 259 259 D Zygote : Forked child process 1124
06-10 13:51:19.130 523 553 W ActivityManager: Slow operation: 126ms so far, now at startProcess: returned from zygote!
06-10 13:51:19.130 523 649 V BackupManagerService: [UserID:0] No ancestral data
06-10 13:51:19.160 335 336 D XM_HIDREAD: add@ add@/bus/platform/drivers/unisoc_wifi
06-10 13:51:19.160 335 336 D XM_HIDREAD: add@ add@/devices/platform/unisoc_wifi
06-10 13:51:19.164 342 342 W audit : audit_lost=23 audit_rate_limit=5 audit_backlog_limit=64
06-10 13:51:19.164 342 342 E audit : rate limit exceeded
06-10 13:51:19.166 669 669 I WCN : start_marlin [MARLIN_WIFI]
06-10 13:51:19.170 669 669 D : CPU: 0 PID: 669 Comm: wifi@1.0-servic Tainted: G O 5.4.125+ #9
06-10 13:51:19.170 669 669 D Hardware name: sun50iw9 (DT)
06-10 13:51:19.170 669 669 D Call trace:
06-10 13:51:19.170 669 669 D : dump_backtrace.cfi_jt+0x0/0x4
06-10 13:51:19.170 669 669 D : dump_stack+0xbc/0x104
06-10 13:51:19.170 669 669 D : marlin_set_power+0x2c/0x78c [uwe5621_bsp_sdio]
06-10 13:51:19.170 669 669 D : start_marlin+0xbc/0x14c [uwe5621_bsp_sdio]
06-10 13:51:19.170 669 669 D : sprdwl_probe+0x28/0x3f4 [sprdwl_ng]
06-10 13:51:19.170 669 669 D : platform_drv_probe+0xac/0xf0
06-10 13:51:19.170 669 669 D : really_probe+0x340/0x8f8
06-10 13:51:19.171 669 669 D : driver_probe_device+0x70/0x144
06-10 13:51:19.171 669 669 D : __device_attach_driver+0x14c/0x210
06-10 13:51:19.171 669 669 D : bus_for_each_drv+0x98/0x10c
06-10 13:51:19.171 669 669 D : __device_attach.llvm.14547616182355937686+0x108/0x1a8
06-10 13:51:19.171 669 669 D : bus_probe_device+0x3c/0xdc
06-10 13:51:19.171 669 669 D : device_add+0x950/0xb78
06-10 13:51:19.171 669 669 D : platform_device_add+0x90/0x260
06-10 13:51:19.171 669 669 D : init_module+0x48/0xfc4 [sprdwl_ng]
06-10 13:51:19.171 669 669 D : do_one_initcall+0xc4/0x238
06-10 13:51:19.171 669 669 D : do_init_module+0x58/0x2e0
06-10 13:51:19.171 669 669 D : load_module+0x31b8/0x3a40
06-10 13:51:19.171 669 669 D : __arm64_sys_finit_module+0xbc/0x120
06-10 13:51:19.171 669 669 D : el0_svc_common+0xb8/0x1cc
06-10 13:51:19.171 669 669 D : el0_svc_compat_handler+0x1c/0x28
06-10 13:51:19.171 669 669 D : el0_svc_compat+0x8/0x24
06-10 13:51:19.171 669 669 I WCN : marlin power state:1, subsys: [MARLIN_WIFI] power 1
06-10 13:51:19.171 669 669 I WCN : marlin have open, GNSS is closed
06-10 13:51:19.187 335 336 D XM_HIDREAD: add@ add@/devices/platform/unisoc_wifi/wakeup/wakeup29
06-10 13:51:19.196 523 1082 V BackupManagerConstants: getKeyValueBackupIntervalMilliseconds(...) returns 14400000
06-10 13:51:19.196 523 1082 V BackupManagerConstants: getKeyValueBackupFuzzMilliseconds(...) returns 600000
06-10 13:51:19.196 523 1082 V BackupManagerConstants: getKeyValueBackupRequiredNetworkType(...) returns 1
06-10 13:51:19.196 523 1082 V BackupManagerConstants: getKeyValueBackupRequireCharging(...) returns true
06-10 13:51:19.196 523 1082 V KeyValueBackupJob: Scheduling k/v pass in 241 minutes
06-10 13:51:19.211 669 669 E sprdwl : __sprdwl_cmd_getbuf cant't get vif, ctx_id: 0
06-10 13:51:19.214 1 1 I init : Service 'gmsopt' (pid 1044) exited with status 0 oneshot service took 4.234000 seconds in background
06-10 13:51:19.219 1 1 I init : Sending signal 9 to service 'gmsopt' (pid 1044) process group...
06-10 13:51:19.220 1 1 I libprocessgroup: Successfully killed process cgroup uid 0 pid 1044 in 0ms
06-10 13:51:19.221 360 360 I WCN : WCND at cmd read:3
06-10 13:51:19.222 1 1 I init : Service 'appsdisable' (pid 1040) exited with status 0 oneshot service took 4.292000 seconds in background
06-10 13:51:19.222 1 1 I init : Sending signal 9 to service 'appsdisable' (pid 1040) process group...
06-10 13:51:19.223 1 1 I libprocessgroup: Successfully killed process cgroup uid 0 pid 1040 in 0ms
06-10 13:51:19.239 394 394 W ServiceManager: Waited one second for gsiservice (is service started? are binder threads started and available?)
06-10 13:51:19.241 669 669 I WCN : get_board_ant_num [three_ant]
06-10 13:51:19.241 669 669 E : wifi ini path = /vendor/etc/wifi_56630001_3ant.ini
06-10 13:51:19.259 669 669 E sprdwl : __sprdwl_cmd_getbuf cant't get vif, ctx_id: 0
06-10 13:51:19.268 669 669 E sprdwl : __sprdwl_cmd_getbuf cant't get vif, ctx_id: 0
06-10 13:51:19.281 669 669 E sprdwl : sprdwl_get_fw_info, drv_version=1, fw_version=2, compat_ver=0
06-10 13:51:19.290 669 669 E sprdwl : chip_model:0x2355, chip_ver:0x0
06-10 13:51:19.297 669 669 E sprdwl : fw_ver:0, fw_std:0x53, fw_capa:0x120f4f
06-10 13:51:19.304 669 669 E sprdwl : mac_addr:b4:2f:03:15:e8:b9
06-10 13:51:19.302 1124 1124 I Zygote : seccomp disabled by setenforce 0
06-10 13:51:19.310 669 669 E sprdwl : credit_capa:TX_WITH_CREDIT, extend_feature:0x1
06-10 13:51:19.318 669 669 E sprdwl : ott support:1
06-10 13:51:19.319 335 336 D XM_HIDREAD: add@ add@/devices/platform/unisoc_wifi/ieee80211/phy0
06-10 13:51:19.324 335 336 D XM_HIDREAD: add@ add@/devices/platform/unisoc_wifi/ieee80211/phy0/rfkill2
06-10 13:51:19.330 523 588 D CompatibilityChangeReporter: Compat change id reported: 174042980; UID 1000; state: DISABLED
06-10 13:51:19.330 669 669 E sprdwl : __sprdwl_cmd_getbuf cant't get vif, ctx_id: 0
06-10 13:51:19.341 523 588 D ActivityTaskManager: isHomeLauncher info= ActivityInfo{3383e7e com.dangbei.launcher.home.LauncherActivity}
06-10 13:51:19.349 412 431 I adbd : jdwp connection from 1124
06-10 13:51:19.355 523 543 W PppoeNetworkFactory: interfaceLinkStateChanged
06-10 13:51:19.357 523 543 D PppoeNetworkFactory: updateInterface: mIface: mPhyIface:eth0 iface:wlan0 link:down
06-10 13:51:19.358 523 543 D PppoeNetworkFactory: not tracker interface
06-10 13:51:19.359 523 543 I EthernetTracker: interfaceLinkStateChanged, iface: wlan0, up: false
06-10 13:51:19.359 523 543 W PppoeNetworkFactory: interfaceLinkStateChanged
06-10 13:51:19.359 523 543 D PppoeNetworkFactory: updateInterface: mIface: mPhyIface:eth0 iface:wlan1 link:down
06-10 13:51:19.359 523 543 D PppoeNetworkFactory: not tracker interface
06-10 13:51:19.359 523 543 I EthernetTracker: interfaceLinkStateChanged, iface: wlan1, up: false
06-10 13:51:19.360 335 336 D XM_HIDREAD: add@ add@/devices/platform/unisoc_wifi/net/wlan0
06-10 13:51:19.360 335 336 D XM_HIDREAD: add@ add@/devices/platform/unisoc_wifi/net/wlan0/queues/rx-0
06-10 13:51:19.360 335 336 D XM_HIDREAD: add@ add@/devices/platform/unisoc_wifi/net/wlan0/queues/tx-0
06-10 13:51:19.360 335 336 D XM_HIDREAD: add@ add@/devices/platform/unisoc_wifi/net/wlan1
06-10 13:51:19.360 335 336 D XM_HIDREAD: add@ add@/devices/platform/unisoc_wifi/net/wlan1/queues/rx-0
06-10 13:51:19.360 335 336 D XM_HIDREAD: add@ add@/devices/platform/unisoc_wifi/net/wlan1/queues/tx-0
06-10 13:51:19.354 669 669 W unisoc_wifi wlan0: mixed HW and IP checksum settings.
06-10 13:51:19.355 669 669 W unisoc_wifi wlan1: mixed HW and IP checksum settings.
06-10 13:51:19.356 669 669 E unisoc_wifi wlan1: netif_napi_add() called with weight 128
06-10 13:51:19.368 523 545 D BluetoothManagerService: MESSAGE_RESTART_BLUETOOTH_SERVICE: retry count=1
06-10 13:51:19.368 523 588 W System.err: java.io.IOException: Cannot run program "su": error=2, No such file or directory
06-10 13:51:19.369 523 545 D BluetoothManagerService: binding Bluetooth service
06-10 13:51:19.369 523 588 W System.err: at java.lang.ProcessBuilder.start(ProcessBuilder.java:1050)
06-10 13:51:19.370 523 588 W System.err: at java.lang.Runtime.exec(Runtime.java:694)
06-10 13:51:19.370 523 588 W System.err: at java.lang.Runtime.exec(Runtime.java:524)
06-10 13:51:19.370 523 588 W System.err: at java.lang.Runtime.exec(Runtime.java:421)
06-10 13:51:19.370 523 588 W System.err: at com.android.server.wm.ActivityRecord.executeCMD(ActivityRecord.java:5940)
06-10 13:51:19.370 523 588 W System.err: at com.android.server.wm.ActivityRecord.isHomeLauncher(ActivityRecord.java:2431)
06-10 13:51:19.370 523 588 W System.err: at com.android.server.wm.RootWindowContainer.startPowerModeLaunchIfNeeded(RootWindowContainer.java:3653)
06-10 13:51:19.370 523 588 W System.err: at com.android.server.wm.ActivityStarter.startActivityInner(ActivityStarter.java:1786)
06-10 13:51:19.370 523 588 W System.err: at com.android.server.wm.ActivityStarter.startActivityUnchecked(ActivityStarter.java:1579)
06-10 13:51:19.370 523 588 W System.err: at com.android.server.wm.ActivityStarter.executeRequest(ActivityStarter.java:1186)
06-10 13:51:19.370 523 588 W System.err: at com.android.server.wm.ActivityStarter.execute(ActivityStarter.java:667)
06-10 13:51:19.370 523 588 W System.err: at com.android.server.wm.ActivityStartController.startHomeActivity(ActivityStartController.java:177)
06-10 13:51:19.370 523 588 W System.err: at com.android.server.wm.RootWindowContainer.startHomeOnTaskDisplayArea(RootWindowContainer.java:1565)
06-10 13:51:19.370 523 588 W System.err: at com.android.server.wm.RootWindowContainer.resumeHomeActivity(RootWindowContainer.java:1699)
06-10 13:51:19.370 523 588 W System.err: at com.android.server.wm.Task.resumeNextFocusableActivityWhenRootTaskIsEmpty(Task.java:6574)
06-10 13:51:19.370 523 588 W System.err: at com.android.server.wm.Task.resumeTopActivityInnerLocked(Task.java:6184)
06-10 13:51:19.370 523 588 W System.err: at com.android.server.wm.Task.resumeTopActivityUncheckedLocked(Task.java:6112)
06-10 13:51:19.370 523 588 W System.err: at com.android.server.wm.Task.resumeTopActivityUncheckedLocked(Task.java:6125)
06-10 13:51:19.370 523 588 W System.err: at com.android.server.wm.Task.resumeTopActivityUncheckedLocked(Task.java:6157)
06-10 13:51:19.371 523 588 W System.err: at com.android.server.wm.RootWindowContainer.resumeFocusedTasksTopActivities(RootWindowContainer.java:2387)
06-10 13:51:19.371 523 588 W System.err: at com.android.server.wm.RootWindowContainer.resumeFocusedTasksTopActivities(RootWindowContainer.java:2334)
06-10 13:51:19.371 523 588 W System.err: at com.android.server.wm.RootWindowContainer.resumeFocusedTasksTopActivities(RootWindowContainer.java:2329)
06-10 13:51:19.371 523 588 W System.err: at com.android.server.wm.ActivityRecord.addToFinishingAndWaitForIdle(ActivityRecord.java:3293)
06-10 13:51:19.371 523 588 W System.err: at com.android.server.wm.ActivityRecord.completeFinishing(ActivityRecord.java:3213)
06-10 13:51:19.371 523 588 W System.err: at com.android.server.wm.Task.completePauseLocked(Task.java:5864)
06-10 13:51:19.371 523 588 W System.err: at com.android.server.wm.ActivityRecord.activityPaused(ActivityRecord.java:5541)
06-10 13:51:19.371 523 588 W System.err: at com.android.server.wm.ActivityClientController.activityPaused(ActivityClientController.java:165)
06-10 13:51:19.371 523 588 W System.err: at android.app.IActivityClientController$Stub.onTransact(IActivityClientController.java:540)
06-10 13:51:19.373 523 588 W System.err: at com.android.server.wm.ActivityClientController.onTransact(ActivityClientController.java:111)
06-10 13:51:19.373 523 588 W System.err: at android.os.Binder.execTransactInternal(Binder.java:1179)
06-10 13:51:19.373 523 588 W System.err: at android.os.Binder.execTransact(Binder.java:1143)
06-10 13:51:19.373 523 588 W System.err: Caused by: java.io.IOException: error=2, No such file or directory
06-10 13:51:19.373 523 588 W System.err: at java.lang.UNIXProcess.forkAndExec(Native Method)
06-10 13:51:19.374 523 588 W System.err: at java.lang.UNIXProcess.(UNIXProcess.java:133)
06-10 13:51:19.374 523 588 W System.err: at java.lang.ProcessImpl.start(ProcessImpl.java:141)
06-10 13:51:19.374 523 588 W System.err: at java.lang.ProcessBuilder.start(ProcessBuilder.java:1029)
06-10 13:51:19.374 523 588 W System.err: ... 30 more
06-10 13:51:19.374 335 336 D XM_HIDREAD: add@ add@/module/sprdwl_ng
06-10 13:51:19.374 276 276 I AW_PowerHAL: Power setMode: SUSTAINED_PERFORMANCE to: 1
06-10 13:51:19.375 669 669 D wifi_hal-auto-detect: libwifi hal name: libwifi-hal-sprd.so
06-10 13:51:19.377 523 1083 E system_server: No package ID 7f found for ID 0x7f070090.
06-10 13:51:19.377 523 1083 E system_server: No package ID 7f found for ID 0x7f10009b.
06-10 13:51:19.386 523 543 W PppoeNetworkFactory: interfaceAdded
06-10 13:51:19.388 816 931 I Tethering: adding IpServer for: wlan0
06-10 13:51:19.391 523 544 W Looper : Slow dispatch took 379ms android.ui h=com.android.server.am.ActivityManagerService$UiHandler c=null m=68
06-10 13:51:19.392 523 543 W PppoeNetworkFactory: interfaceAdded
06-10 13:51:19.392 523 544 W Looper : Slow delivery took 374ms android.ui h=com.android.server.wm.DisplayPolicy$PolicyHandler c=com.android.server.wm.DisplayPolicy$2$$ExternalSyntheticLambda0@ae2eafb m=0
06-10 13:51:19.396 523 544 W Looper : Drained
06-10 13:51:19.399 523 1082 D ConnectivityService: requestNetwork for uid/pid:1000/523 activeRequest: null callbackRequest: 22 [NetworkRequest [ REQUEST id=23, [ Capabilities: INTERNET&NOT_RESTRICTED&TRUSTED&NOT_VCN_MANAGED Uid: 1000 RequestorUid: 1000 RequestorPkg: android] ]] callback flags: 0 priority: 2147483647
06-10 13:51:19.400 276 276 W AW_PowerHAL: Could not open nsi-bw: No such file or directory
06-10 13:51:19.400 276 276 I AW_PowerHAL: cur-mode:PERFORMANCE
06-10 13:51:19.401 523 587 D CompatibilityChangeReporter: Compat change id reported: 168419799; UID 10074; state: DISABLED
06-10 13:51:19.402 523 624 D ConnectivityService: NetReassign [no changes]
06-10 13:51:19.409 523 662 D Ethernet: got request NetworkRequest [ REQUEST id=23, [ Capabilities: INTERNET&NOT_RESTRICTED&TRUSTED&NOT_VCN_MANAGED Uid: 1000 RequestorUid: 1000 RequestorPkg: android] ]
06-10 13:51:19.409 523 662 D EthernetNetworkFactory: acceptRequest, request: NetworkRequest [ REQUEST id=23, [ Capabilities: INTERNET&NOT_RESTRICTED&TRUSTED&NOT_VCN_MANAGED Uid: 1000 RequestorUid: 1000 RequestorPkg: android] ]
06-10 13:51:19.409 523 662 I EthernetNetworkFactory: networkForRequest, request: NetworkRequest [ REQUEST id=23, [ Capabilities: INTERNET&NOT_RESTRICTED&TRUSTED&NOT_VCN_MANAGED Uid: 1000 RequestorUid: 1000 RequestorPkg: android] ], network: null
06-10 13:51:19.410 523 663 D PPPOE : got request NetworkRequest [ REQUEST id=23, [ Capabilities: INTERNET&NOT_RESTRICTED&TRUSTED&NOT_VCN_MANAGED Uid: 1000 RequestorUid: 1000 RequestorPkg: android] ]
06-10 13:51:19.418 523 523 W Looper : Slow dispatch took 297ms main h=android.os.Handler c= m=1
06-10 13:51:19.419 1089 1089 D CompatibilityChangeReporter: Compat change id reported: 171979766; UID 10074; state: DISABLED
06-10 13:51:19.420 523 553 W ActivityManager: Slow operation: 416ms so far, now at startProcess: done updating battery stats
06-10 13:51:19.420 523 553 W ActivityManager: Slow operation: 416ms so far, now at startProcess: building log message
06-10 13:51:19.420 523 553 I ActivityManager: app.processName = android.process.media
06-10 13:51:19.420 523 553 I ActivityManager: Start proc 1124:android.process.media/u0a14 for broadcast {com.android.mtp/com.android.mtp.UsbIntentReceiver}
06-10 13:51:19.420 523 553 W ActivityManager: Slow operation: 417ms so far, now at startProcess: starting to update pids map
06-10 13:51:19.421 523 553 W ActivityManager: Slow operation: 417ms so far, now at startProcess: done updating pids map
06-10 13:51:19.421 523 553 W ActivityManager: Slow operation: 407ms so far, now at startProcess: asking zygote to start proc
06-10 13:51:19.431 197 197 I BpBinder: onLastStrongRef automatically unlinking death recipients:
06-10 13:51:19.430 523 553 D CompatibilityChangeReporter: Compat change id reported: 143937733; UID 10018; state: ENABLED
06-10 13:51:19.433 523 544 D AW_CODE : rotation =0
06-10 13:51:19.438 523 544 D AW_CODE : rotation =0
06-10 13:51:19.446 335 336 D XM_HIDREAD: remove@ remove@/devices/virtual/block/dm-10
06-10 13:51:19.449 278 278 D hdmi-cec: cec physical address: 2.0.0.0
06-10 13:51:19.449 278 278 D hdmi-cec: cec physical address: 2.0.0.0
06-10 13:51:19.450 278 278 D hdmi-cec: cec physical address: 2.0.0.0
06-10 13:51:19.451 278 278 D hdmi-cec: addLogicalAddress (4)
06-10 13:51:19.452 335 336 D XM_HIDREAD: remove@ remove@/devices/virtual/bdi/253:10
06-10 13:51:19.452 335 336 D XM_HIDREAD: remove@ remove@/devices/virtual/block/dm-10
06-10 13:51:19.453 669 669 I android.hardware.wifi@1.0-service-lazy: Wifi HAL started
06-10 13:51:19.456 523 617 I WifiVendorHal: Vendor Hal started successfully
06-10 13:51:19.460 523 592 D CompatibilityChangeReporter: Compat change id reported: 168419799; UID 10014; state: DISABLED
06-10 13:51:19.466 259 259 D Zygote : Forked child process 1153
06-10 13:51:19.466 1090 1090 D CompatibilityChangeReporter: Compat change id reported: 171979766; UID 1000; state: DISABLED
06-10 13:51:19.475 523 553 W ActivityManager: Slow operation: 461ms so far, now at startProcess: returned from zygote!
06-10 13:51:19.482 669 669 W android.hardware.wifi@1.0-service-lazy: No active wlan interfaces in use! Using default
06-10 13:51:19.482 669 669 E android.hardware.wifi@1.0-service-lazy: Unknown iface name: wlan0
06-10 13:51:19.482 669 669 E android.hardware.wifi@1.0-service-lazy: Unknown iface name: wlan0
06-10 13:51:19.486 1124 1124 D CompatibilityChangeReporter: Compat change id reported: 171979766; UID 10014; state: ENABLED
06-10 13:51:19.488 394 394 I update_engine: CheckTargetMergeState for vendor_dlkm_b returned: 5
06-10 13:51:19.493 523 545 D CompatibilityChangeReporter: Compat change id reported: 168419799; UID 1002; state: DISABLED
06-10 13:51:19.495 1153 1153 I Zygote : seccomp disabled by setenforce 0
06-10 13:51:19.503 523 546 I ActivityManager: com.dangbei.leard.leradlauncher is exempt from freezer
06-10 13:51:19.504 523 546 D CompatibilityChangeReporter: Compat change id reported: 135634846; UID 1000; state: DISABLED
06-10 13:51:19.513 816 931 I Tethering: adding IpServer for: wlan1
06-10 13:51:19.518 523 553 W ActivityManager: Slow operation: 504ms so far, now at startProcess: done updating battery stats
06-10 13:51:19.518 523 553 W ActivityManager: Slow operation: 505ms so far, now at startProcess: building log message
06-10 13:51:19.518 523 553 I ActivityManager: app.processName = com.android.documentsui
06-10 13:51:19.518 523 553 I ActivityManager: Start proc 1153:com.android.documentsui/u0a18 for broadcast {com.android.documentsui/com.android.documentsui.PreBootReceiver}
06-10 13:51:19.519 523 553 W ActivityManager: Slow operation: 505ms so far, now at startProcess: starting to update pids map
06-10 13:51:19.519 523 553 W ActivityManager: Slow operation: 505ms so far, now at startProcess: done updating pids map
06-10 13:51:19.528 1090 1090 D ApplicationLoaders: Returning zygote-cached class loader: /system/framework/android.test.base.jar
06-10 13:51:19.528 1090 1090 D ApplicationLoaders: Returning zygote-cached class loader: /system/framework/android.hidl.manager-V1.0-java.jar
06-10 13:51:19.528 1090 1090 D ApplicationLoaders: Returning zygote-cached class loader: /system/framework/android.hidl.base-V1.0-java.jar
06-10 13:51:19.529 523 859 D BufferPoolAccessor2.0: bufferpool2 0xec8d0398 : 0(0 size) total buffers - 0(0 size) used buffers - 2/7 (recycle/alloc) - 5/68 (fetch/transfer)
06-10 13:51:19.529 523 859 D BufferPoolAccessor2.0: bufferpool2 0xec8cef98 : 0(0 size) total buffers - 0(0 size) used buffers - 2/7 (recycle/alloc) - 9/76 (fetch/transfer)
06-10 13:51:19.529 523 859 D BufferPoolAccessor2.0: evictor expired: 2, evicted: 2
06-10 13:51:19.536 391 755 D BufferPoolAccessor2.0: bufferpool2 0xe904d2d8 : 0(0 size) total buffers - 0(0 size) used buffers - 29/36 (recycle/alloc) - 7/35 (fetch/transfer)
06-10 13:51:19.536 523 543 W PppoeNetworkFactory: interfaceLinkStateChanged
06-10 13:51:19.536 523 543 D PppoeNetworkFactory: updateInterface: mIface: mPhyIface:eth0 iface:wlan0 link:up
06-10 13:51:19.536 523 543 D PppoeNetworkFactory: not tracker interface
06-10 13:51:19.536 523 543 I EthernetTracker: interfaceLinkStateChanged, iface: wlan0, up: true
06-10 13:51:19.537 391 755 D BufferPoolAccessor2.0: bufferpool2 0xe904e1d8 : 0(0 size) total buffers - 0(0 size) used buffers - 28/32 (recycle/alloc) - 4/31 (fetch/transfer)
06-10 13:51:19.537 391 755 D BufferPoolAccessor2.0: evictor expired: 2, evicted: 2
06-10 13:51:19.537 669 669 I WifiHAL : Initializing wifi
06-10 13:51:19.551 259 259 D Zygote : Forked child process 1165
06-10 13:51:19.553 523 553 W ActivityManager: Slow operation: 51ms so far, now at startProcess: returned from zygote!
06-10 13:51:19.555 669 669 E WifiHAL : wifi_get_logger_supported_feature_set: Error -5 happened.
06-10 13:51:19.555 669 669 E WifiHAL : Failed to get supported logger feature set: -5
06-10 13:51:19.559 669 669 I ieee80211 phy0: sprdwl_vendor_get_support_feature
06-10 13:51:19.559 669 669 E WifiHAL : wifi_get_firmware_version: Error -5 happened.
06-10 13:51:19.559 669 669 E WifiHAL : Failed to get supported logger feature set: -5
06-10 13:51:19.561 523 551 W Searchables: No global search activity found
06-10 13:51:19.562 669 669 E WifiHAL : get_firmware_bus_max_size_supported: requestResponse Error:-3
06-10 13:51:19.563 669 669 E WifiHAL : Failed to get supported bus size, error : -3
06-10 13:51:19.563 669 669 E WifiHAL : wifi_logger_ring_buffers_init: Ring buffer logging feature not supported 0
06-10 13:51:19.563 669 669 E WifiHAL : Wifi Logger Ring Initialization Failed
06-10 13:51:19.563 669 669 E WifiHAL : wifiGetCapabilities: Failed to send request, Error:-5
06-10 13:51:19.563 669 669 E WifiHAL : Failed to get wifi Capabilities, error: -5
06-10 13:51:19.563 523 553 W ActivityManager: Slow operation: 61ms so far, now at startProcess: done updating battery stats
06-10 13:51:19.564 523 553 W ActivityManager: Slow operation: 62ms so far, now at startProcess: building log message
06-10 13:51:19.564 1165 1165 I Zygote : seccomp disabled by setenforce 0
06-10 13:51:19.564 523 553 I ActivityManager: app.processName = com.dangbei.leard.leradlauncher
06-10 13:51:19.564 523 553 I ActivityManager: Start proc 1165:com.dangbei.leard.leradlauncher/1000 for top-activity {com.dangbei.leard.leradlauncher/com.dangbei.launcher.home.LauncherActivity}
06-10 13:51:19.565 523 553 W ActivityManager: Slow operation: 63ms so far, now at startProcess: starting to update pids map
06-10 13:51:19.564 678 678 D TvPipController: onTaskStackChanged()
06-10 13:51:19.565 523 553 W ActivityManager: Slow operation: 63ms so far, now at startProcess: done updating pids map
06-10 13:51:19.565 669 669 I android.hardware.wifi@1.0-service-lazy: Adding interface handle for wlan1
06-10 13:51:19.565 669 669 I android.hardware.wifi@1.0-service-lazy: Adding interface handle for wlan0
06-10 13:51:19.565 669 669 W android.hardware.wifi@1.0-service-lazy: No active wlan interfaces in use! Using default
06-10 13:51:19.566 669 669 W android.hardware.wifi@1.0-service-lazy: No active wlan interfaces in use! Using default
06-10 13:51:19.566 669 669 E WifiHAL : wifi_get_driver_version: Error -5 happened.
06-10 13:51:19.566 669 669 E android.hardware.wifi@1.0-service-lazy: Failed to get driver version: INVALID_ARGS
06-10 13:51:19.566 669 669 I android.hardware.wifi@1.0-service-lazy: Configured chip in mode 3
06-10 13:51:19.566 669 669 W android.hardware.wifi@1.0-service-lazy: No active wlan interfaces in use! Using default
06-10 13:51:19.568 523 617 D HalDevMgr: updateRttController: no one is interested in RTT controllers
06-10 13:51:19.570 669 669 D WifiHAL : wifi_virtual_interface_create: ifname=wlan0 create
06-10 13:51:19.570 669 669 I android.hardware.wifi@1.0-service-lazy: Adding interface handle for wlan1
06-10 13:51:19.570 669 669 I android.hardware.wifi@1.0-service-lazy: Adding interface handle for wlan0
06-10 13:51:19.571 669 669 E android.hardware.wifi@1.0-service-lazy: Failed to set DFS flag; DFS channels may be unavailable.
06-10 13:51:19.573 523 538 I WifiService: updateInterfaceIpState uid=1073
06-10 13:51:19.573 412 431 I adbd : jdwp connection from 1153
06-10 13:51:19.575 523 538 I WifiService: updateInterfaceIpState uid=1073
06-10 13:51:19.577 523 649 I BackupManagerService: isBackupEnabled() => false due to absent settings file
06-10 13:51:19.577 523 649 D BackupManagerService: user:0 readBackupEnableState enabled:false
06-10 13:51:19.577 523 649 I BackupManagerService: [UserID:0] Backup enabled => false
06-10 13:51:19.577 523 551 I system_server: Using smaps_rollup for pss collection
06-10 13:51:19.581 394 394 I update_engine: CheckTargetMergeState for product_b returned: 3
06-10 13:51:19.589 523 614 W BestClock: java.time.DateTimeException: Missing NTP fix
06-10 13:51:19.595 412 431 I adbd : jdwp connection from 1165
06-10 13:51:19.597 523 538 D CompatibilityChangeReporter: Compat change id reported: 168419799; UID 10018; state: DISABLED
06-10 13:51:19.600 278 278 D hdmi-cec: cec physical address: 2.0.0.0
06-10 13:51:19.601 278 278 D hdmi-cec: cec physical address: 2.0.0.0
06-10 13:51:19.609 1153 1153 D CompatibilityChangeReporter: Compat change id reported: 171979766; UID 10018; state: DISABLED
06-10 13:51:19.628 669 669 I WifiHAL : mpdu_size_threshold : 128, aggressive_statistics_gathering : 0
06-10 13:51:19.629 669 669 E WifiHAL : wifi_set_link_stats: requestResponse Error:-5
06-10 13:51:19.632 523 1082 V BackupManagerConstants: getKeyValueBackupIntervalMilliseconds(...) returns 14400000
06-10 13:51:19.632 523 1082 V BackupManagerConstants: getKeyValueBackupFuzzMilliseconds(...) returns 600000
06-10 13:51:19.632 523 1082 V BackupManagerConstants: getKeyValueBackupRequiredNetworkType(...) returns 1
06-10 13:51:19.635 523 617 E WifiVendorHal: enableLinkLayerStats(l.1461) failed {.code = ERROR_INVALID_ARGS, .description = }
06-10 13:51:19.635 523 617 E WifiVendorHal: unable to enable link layer stats collection
06-10 13:51:19.636 523 588 D AW_CODE : rotation =0
06-10 13:51:19.640 523 617 D WifiNl80211Manager: Setting up interface for client mode: wlan0
06-10 13:51:19.643 523 1082 V BackupManagerConstants: getKeyValueBackupRequireCharging(...) returns true
06-10 13:51:19.644 523 1082 V KeyValueBackupJob: Scheduling k/v pass in 249 minutes
06-10 13:51:19.647 523 614 W BestClock: java.time.DateTimeException: Missing NTP fix
06-10 13:51:19.648 380 380 I wificond: createClientInterface: wiphy_index 0 iface_name wlan0
06-10 13:51:19.651 523 588 D CompatibilityChangeReporter: Compat change id reported: 174042980; UID 1000; state: DISABLED
06-10 13:51:19.658 380 380 I wificond: create scanner for interface with index: 14
06-10 13:51:19.658 380 380 I wificond: subscribe scan result for interface with index: 14
06-10 13:51:19.666 523 614 W BestClock: java.time.DateTimeException: Missing NTP fix
06-10 13:51:19.667 1165 1165 D CompatibilityChangeReporter: Compat change id reported: 171979766; UID 1000; state: DISABLED
06-10 13:51:19.686 380 380 I wificond: add channel type 0 support at wiphy index: 0
06-10 13:51:19.686 380 380 I wificond: add channel type 1 support at wiphy index: 0
06-10 13:51:19.695 1090 1090 E lerad.etna.haq: Dex checksum does not match for dex: /system/priv-app/dangbei-etna-service/dangbei-etna-service.apk.Expected: 3515138170, actual: 4233525070
06-10 13:51:19.696 1165 1165 D ApplicationLoaders: Returning zygote-cached class loader: /system/framework/android.test.base.jar
06-10 13:51:19.697 1165 1165 D ApplicationLoaders: Returning zygote-cached class loader: /system/framework/android.hidl.manager-V1.0-java.jar
06-10 13:51:19.697 1165 1165 D ApplicationLoaders: Returning zygote-cached class loader: /system/framework/android.hidl.base-V1.0-java.jar
06-10 13:51:19.704 523 617 I WifiNative: Interface state changed on Iface:{Name=wlan0,Id=0,Type=STA_SCAN}, isUp=true
06-10 13:51:19.704 523 617 I WifiNative: Successfully setup Iface:{Name=wlan0,Id=0,Type=STA_SCAN}
06-10 13:51:19.705 523 617 E SupplicantStaIfaceHal: checkHalVersionByInterfaceName: called but mServiceManager is null
06-10 13:51:19.705 523 617 E SupplicantStaIfaceHal: checkHalVersionByInterfaceName: called but mServiceManager is null
06-10 13:51:19.705 523 617 E SupplicantStaIfaceHal: Method getKeyMgmtCapabilities is not supported in existing HAL
06-10 13:51:19.705 523 617 E SupplicantStaIfaceHal: checkHalVersionByInterfaceName: called but mServiceManager is null
06-10 13:51:19.708 523 614 W BestClock: java.time.DateTimeException: Missing NTP fix
06-10 13:51:19.709 669 669 E WifiHAL : wifi_get_logger_supported_feature_set: Error -5 happened.
06-10 13:51:19.712 394 394 I update_engine: CheckMergeState for snapshots returned: 3
06-10 13:51:19.713 523 615 W BestClock: java.time.DateTimeException: Missing NTP fix
06-10 13:51:19.713 523 615 W BestClock: java.time.DateTimeException: Missing NTP fix
06-10 13:51:19.714 669 669 E WifiHAL : wifi_get_logger_supported_feature_set: Error -5 happened.
06-10 13:51:19.717 523 615 W BestClock: java.time.DateTimeException: Missing NTP fix
06-10 13:51:19.718 523 615 W BestClock: java.time.DateTimeException: Missing NTP fix
06-10 13:51:19.722 669 669 E WifiHAL : wifi_get_logger_supported_feature_set: Error -5 happened.
06-10 13:51:19.714 669 669 I ieee80211 phy0: sprdwl_vendor_get_support_feature
06-10 13:51:19.719 669 669 I ieee80211 phy0: sprdwl_vendor_get_support_feature
06-10 13:51:19.727 669 669 I ieee80211 phy0: sprdwl_vendor_get_support_feature
06-10 13:51:19.728 523 617 E SupplicantStaIfaceHal: checkHalVersionByInterfaceName: called but mServiceManager is null
06-10 13:51:19.728 523 617 E SupplicantStaIfaceHal: checkHalVersionByInterfaceName: called but mServiceManager is null
06-10 13:51:19.728 523 617 I SupplicantStaIfaceHal: Method getWpaDriverFeatureSet is not supported in existing HAL
06-10 13:51:19.730 523 617 D WifiClientModeManager[wlan0]: entering StartedState
