06-10 13:51:34.752 2641 2641 I Thread-5: type=1400 audit(0.0:1003): avc: denied { read } for name="address" dev="sysfs" ino=28794 scontext=u:r:system_app:s0 tcontext=u:object_r:sysfs:s0 tclass=file permissive=1
06-10 13:51:34.756 2641 2641 I ThreadPoolUtils: type=1400 audit(0.0:1005): avc: denied { read } for name="cache" dev="dm-2" ino=17 scontext=u:r:system_app:s0 tcontext=u:object_r:cache_file:s0 tclass=lnk_file permissive=1
06-10 13:51:34.756 2641 2641 I Thread-5: type=1400 audit(0.0:1004): avc: denied { open } for path="/sys/devices/platform/unisoc_wifi/net/wlan1/address" dev="sysfs" ino=28794 scontext=u:r:system_app:s0 tcontext=u:object_r:sysfs:s0 tclass=file permissive=1
06-10 13:51:34.763 1278 1816 I MulticastReceiver: Joining multicast group: /239.255.255.250:1900 on network interface: wlan0
06-10 13:51:34.787 1278 1278 D HiSight-SinkService: setDiscoverable true
06-10 13:51:34.787 1278 1278 D HiSight-Discovery: set deviceInfo type:46
06-10 13:51:34.787 1278 1278 D HiSight-Discovery: startAdvertise 3
06-10 13:51:34.787 1278 1278 D HiSight-Discovery: stopAdvertise.
06-10 13:51:34.787 1278 1278 D NearFieldManager: StopListen moduleId: CastPlusDiscoveryModule
06-10 13:51:34.788 2390 2404 D NearFieldManagerImpl: stopListen: moduleId: CastPlusDiscoveryModule
06-10 13:51:34.788 2390 2404 D NearFieldManagerImpl: registerCapability() called with: capabilityBitmapNum = 1, capabilityBitmap = [0]
06-10 13:51:34.788 2390 2404 I HicomNf_java_to_c: registerCapability, capabilityBitmapNum: 1
06-10 13:51:34.788 2390 2404 I HicomNfMainCtrlManager: RegisterCapability: 1, 0
06-10 13:51:34.788 2390 2404 D NearFieldManagerImpl: Register capability succeed with capabilityBitmapNum = 1, capabilityBitmap = [0]
06-10 13:51:34.788 1278 1278 D HiSight-Discovery: nearFieldStartListen deviceType 46
06-10 13:51:34.789 1165 2262 D wenhc : getScreenInfo uri = content://com.dangbei.screencast.parts.info/screen_cast
06-10 13:51:34.789 2390 2404 D NearFieldManagerImpl: setServiceData, sServiceData=[32], serviceData=[32]
06-10 13:51:34.789 2390 2404 E NearFieldManagerImpl: setServiceData, serviceData exists
06-10 13:51:34.791 1278 1278 E NearFieldManager: setIdnNetworkPriority: networkPortPriority is empty
06-10 13:51:34.791 1278 1278 D NearFieldManager: StartListen moduleId: CastPlusDiscoveryModule
06-10 13:51:34.791 2390 2404 D NearFieldManagerImpl: startListen: moduleId: CastPlusDiscoveryModule
06-10 13:51:34.791 2390 2404 D NearFieldUtils: getPreferredIpAddress exec
06-10 13:51:34.791 2390 2404 D NearFieldUtils: getPreferredIpAddress by custom priority
06-10 13:51:34.791 2390 2404 D NearFieldUtils: getIpByInterfaceSetting customIdnNetworkPriority:[]
06-10 13:51:34.791 2390 2404 D NearFieldUtils: getPreferredIpAddress by default priority
06-10 13:51:34.829 1278 1816 E accept : Adding connector try: 192.168.3.12/192.168.3.12:40531
06-10 13:51:34.841 1278 1816 E accept : Adding connector result: 192.168.3.12/192.168.3.12:40531
06-10 13:51:34.846 2390 2404 D NearFieldUtils: to get wlan0 ip address
06-10 13:51:34.846 2390 2404 D NearFieldUtils: get wlan0 IP succeed.
06-10 13:51:34.846 2390 2404 D NearFieldManagerImpl: sDeviceType: 46
06-10 13:51:34.846 2390 2404 D NearFieldManagerImpl: registerDevice() is called.
06-10 13:51:34.846 2390 2404 I HicomNfMainCtrlManager: NSTACKX_RegisterDevice is called
06-10 13:51:34.847 2390 2531 I nStackXDFinder: UpdateLocalNetworkInterface:[472] :UpdateLocalNetworkInterface exec,initerfaceName:wlan0
06-10 13:51:34.847 2390 2531 E nStackXDFinder: GetLocalIp:[401] :GetLocalIp exec
06-10 13:51:34.847 2390 2531 I nStackXDFinder: UpdateLocalNetworkInterface:[498] :UpdateLocalNetworkInterface copy ip value in default process
06-10 13:51:34.847 2390 2531 E nStackXDFinder: GetLocalIp:[401] :GetLocalIp exec
06-10 13:51:34.847 2390 2531 I nStackXDFinder: UpdateLocalNetworkInterface:[505] :UpdateLocalNetworkInterface: ip not change
06-10 13:51:34.847 2390 2404 D NearFieldManagerImpl: Register device success.
06-10 13:51:34.847 2390 2404 I NearFieldManagerImpl: serviceName is castPlus
06-10 13:51:34.847 2390 2404 D NearFieldManagerImpl: registerCapability() called with: capabilityBitmapNum = 1, capabilityBitmap = [8]
06-10 13:51:34.847 2390 2404 I HicomNf_java_to_c: registerCapability, capabilityBitmapNum: 1
06-10 13:51:34.847 2390 2404 I HicomNfMainCtrlManager: RegisterCapability: 1, 8
06-10 13:51:34.847 2390 2404 D NearFieldManagerImpl: Register capability succeed with capabilityBitmapNum = 1, capabilityBitmap = [8]
06-10 13:51:34.847 2390 2404 D NearFieldManagerImpl: registerServiceData() called with: serviceData = 32
06-10 13:51:34.847 2390 2531 I nStackXDFinder: RegisterServiceData:[728] :RegisterServiceData, serviceData=[32]
06-10 13:51:34.847 2390 2404 D NearFieldManagerImpl: registerModule() called with: packageModuleName = com.huawei.connection+CastPlusDiscoveryModule
06-10 13:51:34.848 2390 2404 D NearFieldManagerImpl: registerModule, registered before
06-10 13:51:34.848 2390 2404 I HicomNf_java_to_c: registerModule, moduleName: com.huawei.connection+CastPlusDiscoveryModule
06-10 13:51:34.848 2390 2404 I HicomNfMainCtrlManager: Enter RegisterModule
06-10 13:51:34.848 2390 2404 I HicomNfRegManager: RegisterModule OK, already registered com.huawei.connection+CastPlusDiscoveryModule
06-10 13:51:34.848 1278 1278 E HuaweiCastService: onStartCommand in 0
06-10 13:51:34.848 2728 2728 V GraphicsEnvironment: ANGLE Developer option for 'com.softwinner.timerswitch' set to: 'default'
06-10 13:51:34.853 2728 2728 V GraphicsEnvironment: Neither updatable production driver nor prerelease driver is supported.
06-10 13:51:34.856 2728 2728 D NetworkSecurityConfig: No Network Security Config specified, using platform default
06-10 13:51:34.866 2728 2728 D NetworkSecurityConfig: No Network Security Config specified, using platform default
06-10 13:51:34.912 523 545 W IorapForwardingService: No service published for: iorapd
06-10 13:51:34.965 2728 2728 D TAG_AlarmReceiver: receive broadcast, curTime : 2025-06-10 13:51:34
06-10 13:51:34.966 2728 2728 D TAG_AlarmReceiver: ********receive system bootUp broadcast*********
06-10 13:51:35.032 1278 1816 I JettyServletContainer: Registering UPnP servlet under context path: /upnp
06-10 13:51:35.044 1278 1816 I DatagramIO: Creating bound socket (for datagram input/output) on: 192.168.3.12/192.168.3.12
06-10 13:51:35.052 1278 2808 E JettyServletContainer: gogogo
06-10 13:51:35.053 1278 2808 I JettyServletContainer: Starting Jetty server...
06-10 13:51:35.055 1278 2808 W System.err: 2025-06-10 13:51:35.054:INFO:lcaf.p:jetty-8.y.z-SNAPSHOT
06-10 13:51:35.062 1278 1816 I Router : WiFi multicast lock acquired
06-10 13:51:35.063 523 764 I WifiService: acquireMulticastLock uid=10015
06-10 13:51:35.117 1278 1816 I Router : WiFi lock acquired
06-10 13:51:35.120 523 798 I WifiService: acquireWifiLock uid=10015 lockMode=3
06-10 13:51:35.137 1278 1816 W Router : enable unlock:org.fourthline.cling.android.AndroidRouter@ff90463
06-10 13:51:35.140 1278 1816 I UpnpServiceImpl: <<< UPnP service started successfully
06-10 13:51:35.155 523 798 I ActivityManager: Finished processing BOOT_COMPLETED for u0
06-10 13:51:35.156 523 798 W BroadcastQueue: Background execution not allowed: receiving Intent { act=android.bluetooth.adapter.action.STATE_CHANGED flg=0x4000010 (has extras) } to com.dangbei.lerad.etna.haqu/com.dangbei.remotecontroller.RemoteControllerReceiver
06-10 13:51:35.157 523 798 I ActivityManager: Killing 1219:com.android.externalstorage/u0a21 (adj 985): empty #17
06-10 13:51:35.162 523 552 W BroadcastQueue: Background execution not allowed: receiving Intent { act=android.bluetooth.adapter.action.STATE_CHANGED flg=0x4000010 (has extras) } to com.dangbei.lerad.etna.haqu/com.dangbei.remotecontroller.RemoteControllerReceiver
06-10 13:51:35.163 523 552 W BroadcastQueue: Target SDK mismatch: receiver ActivityInfo{7f91ef com.dangbei.screencast.startup.BootReceiver} targets 28 but delivery restricted to [0, 23] broadcasting Intent { act=android.net.conn.CONNECTIVITY_CHANGE flg=0x4200010 (has extras) } from android (pid=523, uid=1000) to com.dangbei.screencast/.startup.BootReceiver
06-10 13:51:35.163 523 552 W BroadcastQueue: Target SDK mismatch: receiver ActivityInfo{2a224fc com.dangbei.euthenia.receiver.NetworkChangeReceiver} targets 26 but delivery restricted to [0, 23] broadcasting Intent { act=android.net.conn.CONNECTIVITY_CHANGE flg=0x4200010 (has extras) } from android (pid=523, uid=1000) to com.dangbei.lerad.videoposter/com.dangbei.euthenia.receiver.NetworkChangeReceiver
06-10 13:51:35.163 523 552 W BroadcastQueue: Target SDK mismatch: receiver ActivityInfo{d36b785 com.dangbei.screencast.startup.BootReceiver} targets 28 but delivery restricted to [0, 23] broadcasting Intent { act=android.net.conn.CONNECTIVITY_CHANGE flg=0x4200010 (has extras) } from android (pid=523, uid=1000) to com.dangbei.screencast/.startup.BootReceiver
06-10 13:51:35.163 523 552 W BroadcastQueue: Target SDK mismatch: receiver ActivityInfo{214d9da com.dangbei.euthenia.receiver.NetworkChangeReceiver} targets 26 but delivery restricted to [0, 23] broadcasting Intent { act=android.net.conn.CONNECTIVITY_CHANGE flg=0x4200010 (has extras) } from android (pid=523, uid=1000) to com.dangbei.lerad.videoposter/com.dangbei.euthenia.receiver.NetworkChangeReceiver
06-10 13:51:35.191 1278 1288 I gbei.screencas: Background young concurrent copying GC freed 14752(1426KB) AllocSpace objects, 10(584KB) LOS objects, 0% free, 7459KB/7459KB, paused 246us total 292.262ms
06-10 13:51:35.208 523 554 I libprocessgroup: Successfully killed process cgroup uid 10021 pid 1219 in 46ms
06-10 13:51:35.249 2641 2817 I System.out: true
06-10 13:51:35.293 1278 2808 W System.err: 2025-06-10 13:51:35.280:INFO:lcaf.a:Started @192.168.3.12:40531
06-10 13:51:35.363 1278 1816 E g : channel :os
06-10 13:51:35.371 259 259 I Zygote : Process 1219 exited due to signal 9 (Killed)
06-10 13:51:35.418 1278 2826 W UpnpServiceImpl: >>> Shutting down UPnP service...
06-10 13:51:35.436 2641 2692 I System.out: true
06-10 13:51:35.490 1278 1288 I gbei.screencas: Background concurrent copying GC freed 67679(4200KB) AllocSpace objects, 14(1268KB) LOS objects, 49% free, 4301KB/8602KB, paused 10.494ms total 290.925ms
06-10 13:51:35.490 523 523 W NotificationHistory: Attempted to add notif for locked/gone/disabled user 0
06-10 13:51:35.500 678 678 V TvNotificationHandler: Notification not added because it isn't relevant for tv
06-10 13:51:35.532 1278 1807 E raop : httpd_stop running 0 joined 1
06-10 13:51:35.664 2641 2703 I TDLog : TalkingData App Analytics SDK init...
06-10 13:51:35.664 2641 2703 I TDLog : SDK_VERSION is: Android+TD+V4.0.22 gp Type:Native Build_Num:712
06-10 13:51:35.664 2641 2703 I TDLog : App ID is: 219DEBE67C3B47D799EED1190DEACA09
06-10 13:51:35.664 2641 2703 I TDLog : App Channel is: statisticSDK
06-10 13:51:35.664 2641 2703 I TDLog : SDK_OVC is: TDOVC+a004ba0d7e569531a3ac013fd19b4443+SaaS
06-10 13:51:35.758 1278 1807 E raop : JavaCallback init
06-10 13:51:35.807 523 764 I WifiService: startScan uid=1000
06-10 13:51:35.836 1278 1278 I shutdown-name: type=1400 audit(0.0:1165): avc: denied { read } for name="address" dev="sysfs" ino=16906 scontext=u:r:platform_app:s0:c512,c768 tcontext=u:object_r:sysfs_net:s0 tclass=file permissive=1 app=com.dangbei.screencast
06-10 13:51:35.836 1278 1278 I shutdown-name: type=1400 audit(0.0:1166): avc: denied { open } for path="/sys/devices/virtual/net/dummy0/address" dev="sysfs" ino=16906 scontext=u:r:platform_app:s0:c512,c768 tcontext=u:object_r:sysfs_net:s0 tclass=file permissive=1 app=com.dangbei.screencast
06-10 13:51:35.836 1278 1278 I shutdown-name: type=1400 audit(0.0:1167): avc: denied { getattr } for path="/sys/devices/virtual/net/dummy0/address" dev="sysfs" ino=16906 scontext=u:r:platform_app:s0:c512,c768 tcontext=u:object_r:sysfs_net:s0 tclass=file permissive=1 app=com.dangbei.screencast
06-10 13:51:35.865 2641 2652 W System : A resource failed to call close.
06-10 13:51:35.914 523 545 W IorapForwardingService: No service published for: iorapd
06-10 13:51:35.942 401 401 I : DVI mode selected: packets not configured
06-10 13:51:35.942 401 401 I : Error: set vsif failed
06-10 13:51:35.995 401 401 I : DVI mode selected: packets not configured
06-10 13:51:35.995 401 401 I : Error: set vsif failed
06-10 13:51:36.033 669 669 E WifiHAL : wifi_get_link_stats: requestResponse Error:-5
06-10 13:51:36.035 523 617 E WifiVendorHal: getWifiLinkLayerStats_1_5_Internal(l.1191) failed {.code = ERROR_INVALID_ARGS, .description = }
06-10 13:51:36.076 401 401 I : DVI mode selected: packets not configured
06-10 13:51:36.076 401 401 I : Error: set vsif failed
06-10 13:51:36.092 401 401 I : DVI mode selected: packets not configured
06-10 13:51:36.092 401 401 I : Error: set vsif failed
06-10 13:51:36.108 401 401 I : DVI mode selected: packets not configured
06-10 13:51:36.108 401 401 I : Error: set vsif failed
06-10 13:51:36.130 401 401 I : DVI mode selected: packets not configured
06-10 13:51:36.130 401 401 I : Error: set vsif failed
06-10 13:51:36.146 401 401 I : DVI mode selected: packets not configured
06-10 13:51:36.146 401 401 I : Error: set vsif failed
06-10 13:51:36.161 401 401 I : DVI mode selected: packets not configured
06-10 13:51:36.161 401 401 I : Error: set vsif failed
06-10 13:51:36.174 401 401 I : DVI mode selected: packets not configured
06-10 13:51:36.174 401 401 I : Error: set vsif failed
06-10 13:51:36.176 1278 2826 W Router : disable lock:org.fourthline.cling.android.AndroidRouter@ff90463_java.util.concurrent.locks.ReentrantReadWriteLock$WriteLock@3ef3860[Unlocked]
06-10 13:51:36.176 1278 2826 I Router : WiFi multicast lock released
06-10 13:51:36.177 523 798 I WifiService: releaseMulticastLock uid=10015
06-10 13:51:36.178 1278 2826 I Router : WiFi lock released
06-10 13:51:36.179 523 764 I WifiService: releaseWifiLock uid=10015
06-10 13:51:36.199 1278 2826 I JettyServletContainer: No more connectors, stopping Jetty server
06-10 13:51:36.200 1278 2826 I JettyServletContainer: Stopping Jetty server...
06-10 13:51:36.200 1278 2818 E JettyServletContainer: error:java.net.SocketException: Socket closed
06-10 13:51:36.201 1278 2818 W System.err: java.net.SocketException: Socket closed
06-10 13:51:36.201 1278 2818 W System.err: at java.net.PlainSocketImpl.socketAccept(PlainSocketImpl.java:213)
06-10 13:51:36.201 1278 2818 W System.err: at java.net.AbstractPlainSocketImpl.accept(AbstractPlainSocketImpl.java:451)
06-10 13:51:36.201 1278 2818 W System.err: at java.net.ServerSocket.implAccept(ServerSocket.java:547)
06-10 13:51:36.201 1278 2818 W System.err: at java.net.ServerSocket.accept(ServerSocket.java:515)
06-10 13:51:36.201 1278 2818 W System.err: at l.c.a.f.w.a.accept(Unknown Source:2)
06-10 13:51:36.201 1278 2818 W System.err: at org.fourthline.cling.transport.impl.jetty.JettyServletContainer$2.accept(Unknown Source:1)
06-10 13:51:36.201 1278 2818 W System.err: at l.c.a.f.a$a.run(Unknown Source:113)
06-10 13:51:36.201 1278 2818 W System.err: at java.util.concurrent.ThreadPoolExecutor.runWorker(ThreadPoolExecutor.java:1167)
06-10 13:51:36.201 1278 2818 W System.err: at java.util.concurrent.ThreadPoolExecutor$Worker.run(ThreadPoolExecutor.java:641)
06-10 13:51:36.201 1278 2818 W System.err: at java.lang.Thread.run(Thread.java:920)
06-10 13:51:36.203 1278 2826 W System.err: 2025-06-10 13:51:36.201:INFO:lcaf.p:Graceful shutdown l.c.a.g.d{/upnp,null}
06-10 13:51:36.448 2728 2745 W System : A resource failed to call close.
06-10 13:51:36.448 2728 2745 W System : A resource failed to call close.
06-10 13:51:36.455 2728 2745 W System : A resource failed to call close.
06-10 13:51:36.455 2728 2745 W System : A resource failed to call close.
06-10 13:51:36.489 523 764 W TelephonyPermissions: reportAccessDeniedToReadIdentifiers:com.dangbei.screencast:getSerial:-1
06-10 13:51:36.520 1278 1278 I ModuleDataForwa: type=1400 audit(0.0:1168): avc: denied { search } for name="com.dangbei.screencast" dev="mmcblk0p25" ino=908 scontext=u:r:platform_app:s0:c512,c768 tcontext=u:object_r:app_data_file:s0:c512,c768 tclass=dir permissive=1 app=com.dangbei.screencast
06-10 13:51:36.524 1278 1278 I SharedPreferenc: type=1400 audit(0.0:1169): avc: denied { open } for path="/data/user/0/com.dangbei.screencast/shared_prefs/TD_IP_CACHE.xml" dev="mmcblk0p25" ino=13538 scontext=u:r:platform_app:s0:c512,c768 tcontext=u:object_r:app_data_file:s0:c512,c768 tclass=file permissive=1 app=com.dangbei.screencast
06-10 13:51:36.539 2859 2859 W audit : audit_lost=685 audit_rate_limit=5 audit_backlog_limit=64
06-10 13:51:36.539 2859 2859 E audit : rate limit exceeded
06-10 13:51:36.582 2390 2490 V NFC : this device does not have NFC support
06-10 13:51:36.715 523 798 I WifiService: startScan uid=10015
06-10 13:51:36.777 1089 1220 W MediaProvider: getVolumePath for unknown volume: internal
06-10 13:51:36.788 1089 1220 W MediaProvider: getVolumePath for unknown volume: internal
06-10 13:51:36.790 1089 1220 W MediaProvider: getVolumePath for unknown volume: internal
06-10 13:51:36.791 1089 1220 W MediaProvider: getVolumePath for unknown volume: internal
06-10 13:51:36.793 1089 1220 W MediaProvider: getVolumePath for unknown volume: internal
06-10 13:51:36.794 1089 1220 W MediaProvider: getVolumePath for unknown volume: internal
06-10 13:51:36.795 1089 1220 W MediaProvider: getVolumePath for unknown volume: internal
06-10 13:51:36.796 1089 1220 W MediaProvider: getVolumePath for unknown volume: internal
06-10 13:51:36.797 1089 1220 W MediaProvider: getVolumePath for unknown volume: internal
06-10 13:51:36.798 1089 1220 W MediaProvider: getVolumePath for unknown volume: internal
06-10 13:51:36.799 1089 1220 W MediaProvider: getVolumePath for unknown volume: internal
06-10 13:51:36.800 1089 1220 W MediaProvider: getVolumePath for unknown volume: internal
06-10 13:51:36.803 523 798 D WifiNl80211Manager: Scan result ready event
06-10 13:51:36.803 1089 1220 W MediaProvider: getVolumePath for unknown volume: internal
06-10 13:51:36.803 523 798 D WifiNative: Scan result ready event
06-10 13:51:36.805 1089 1220 W MediaProvider: getVolumePath for unknown volume: internal
06-10 13:51:36.807 1089 1220 W MediaProvider: getVolumePath for unknown volume: internal
06-10 13:51:36.809 1089 1220 W MediaProvider: getVolumePath for unknown volume: internal
06-10 13:51:36.811 1089 1220 W MediaProvider: getVolumePath for unknown volume: internal
06-10 13:51:36.813 1089 1220 W MediaProvider: getVolumePath for unknown volume: internal
06-10 13:51:36.814 1089 1220 W MediaProvider: getVolumePath for unknown volume: internal
06-10 13:51:36.815 1089 1220 W MediaProvider: getVolumePath for unknown volume: internal
06-10 13:51:36.817 1089 1220 W MediaProvider: getVolumePath for unknown volume: internal
06-10 13:51:36.818 1089 1220 W MediaProvider: getVolumePath for unknown volume: internal
06-10 13:51:36.819 1089 1220 W MediaProvider: getVolumePath for unknown volume: internal
06-10 13:51:36.820 1089 1220 W MediaProvider: getVolumePath for unknown volume: internal
06-10 13:51:36.822 1089 1220 W MediaProvider: getVolumePath for unknown volume: internal
06-10 13:51:36.824 1089 1220 W MediaProvider: getVolumePath for unknown volume: internal
06-10 13:51:36.826 1089 1220 W MediaProvider: getVolumePath for unknown volume: internal
06-10 13:51:36.828 1089 1220 W MediaProvider: getVolumePath for unknown volume: internal
06-10 13:51:36.830 1089 1220 W MediaProvider: getVolumePath for unknown volume: internal
06-10 13:51:36.832 1089 1220 W MediaProvider: getVolumePath for unknown volume: internal
06-10 13:51:36.834 1089 1220 W MediaProvider: getVolumePath for unknown volume: internal
06-10 13:51:36.836 1089 1220 W MediaProvider: getVolumePath for unknown volume: internal
06-10 13:51:36.837 1089 1220 W MediaProvider: getVolumePath for unknown volume: internal
06-10 13:51:36.874 523 621 D WificondScannerImpl: Filtering out 19 scan results.
06-10 13:51:36.898 1165 1165 E hq : NetWorkStateReceiver:::NetWorkStateReceiver onReceive: 网络变化广播 >>>> intent.action=android.net.wifi.SCAN_RESULTS
06-10 13:51:36.916 523 545 W IorapForwardingService: No service published for: iorapd
06-10 13:51:36.918 669 669 E WifiHAL : wifi_get_link_stats: requestResponse Error:-5
06-10 13:51:36.919 523 617 E WifiVendorHal: getWifiLinkLayerStats_1_5_Internal(l.1191) failed {.code = ERROR_INVALID_ARGS, .description = }
06-10 13:51:36.942 1165 1165 W eventbuscore: post Event:com.dangbei.leard.base.entity.event.NetWifiRssiEvent
06-10 13:51:37.140 523 1851 I WifiService: startScan uid=1000
06-10 13:51:37.143 1324 1733 I bluetooth: system/bt/stack/gatt/connection_manager.cc:185 on_connection_complete: Le connection completed to device:e4:bb:d3:57:c0:7d
06-10 13:51:37.143 265 265 E bt_upio : upio_set : /proc/bluetooth/sleep/btwrite(-1) incorrent
06-10 13:51:37.143 1324 1733 I bt_btm_ble: system/bt/stack/btm/btm_ble.cc:1699 btm_ble_connected: Updating device record timestamp for existing ble connection
06-10 13:51:37.204 1278 2826 W System.err: 2025-06-10 13:51:37.204:INFO:lcafx.c:stopped l.c.a.g.d{/upnp,null}
06-10 13:51:37.206 1278 2826 W Router : disable unlock:org.fourthline.cling.android.AndroidRouter@ff90463
06-10 13:51:37.208 1278 2826 W UpnpServiceImpl: <<< UPnP service shutdown completed
06-10 13:51:37.247 1324 1733 I bt_stack: [INFO:gatt_attr.cc(880)] gatt_sr_init_cl_status: bda=e4:bb:d3:57:c0:7d, cl_supp_feat=0000, aware=1
06-10 13:51:37.247 1324 1733 I bluetooth: system/bt/stack/gap/gap_ble.cc:298 client_connect_cback: No active GAP service found for peer:xx:xx:xx:xx:c0:7d callback:Connected
06-10 13:51:37.247 1324 1733 I bt_bta_gattc: system/bt/bta/gatt/bta_gattc_act.cc:1110 bta_gattc_conn_cback: Connected att_id:3 transport:le reason:GATT_CONN_OK
06-10 13:51:37.247 1324 1733 I bt_bta_gattc: system/bt/bta/gatt/bta_gattc_act.cc:1110 bta_gattc_conn_cback: Connected att_id:4 transport:le reason:GATT_CONN_OK
06-10 13:51:37.247 1324 1733 I bt_bta_gattc: system/bt/bta/gatt/bta_gattc_act.cc:1110 bta_gattc_conn_cback: Connected att_id:5 transport:le reason:GATT_CONN_OK
06-10 13:51:37.247 1324 1733 I bluetooth: system/bt/stack/gatt/connection_manager.cc:185 on_connection_complete: Le connection completed to device:e4:bb:d3:57:c0:7d
06-10 13:51:37.247 1324 1733 I bt_stack: [INFO:eatt_impl.h(634)] connect device e4:bb:d3:57:c0:7d rolecentral
06-10 13:51:37.248 1324 1733 I bt_btif_dm: system/bt/btif/src/btif_dm.cc:497 btif_update_remote_version_property: Remote version info valid:true [xx:xx:xx:xx:c0:7d]: 9, 1bf, 9
06-10 13:51:37.276 1324 1324 E BluetoothPhonePolicy: Received unexpected intent, action=android.bluetooth.device.action.ACL_CONNECTED
06-10 13:51:37.276 1324 1324 I BluetoothPhonePolicy: processDeviceConnected, device=E4:BB:D3:57:C0:7D
06-10 13:51:37.277 1324 1733 I bt_stack: [INFO:eatt_impl.h(578)] supported_features_cb e4:bb:d3:57:c0:7d is_eatt_supported = 0
06-10 13:51:37.277 1324 1324 D BluetoothDatabase: setConnection: device=E4:BB:D3:57:C0:7D and isA2dpDevice=false
06-10 13:51:37.277 1324 1324 D BluetoothDatabase: Updating last connected time for device: E4:BB:D3:57:C0:7D to 0
06-10 13:51:37.277 1324 1324 D BluetoothDatabase: updateDatabase E4:BB:D3:57:C0:7D
06-10 13:51:37.283 1090 1090 I dangbei111: cccccc on receiver=android.bluetooth.device.action.ACL_CONNECTED,mac=E4:BB:D3:57:C0:7D
06-10 13:51:37.284 1090 1090 E dangbei111: cccccc cancelDiscovery begin
06-10 13:51:37.288 1090 1090 E dangbei111: cccccc 检查遥控器是否连接: Dangbei E4:BB:D3:57:C0:7D
06-10 13:51:37.293 1090 1090 E dangbei111: cccccc 检查遥控器是否连接: 蓝牙的结果 Dangbei E4:BB:D3:57:C0:7D true
06-10 13:51:37.299 1090 1090 E dangbei111: cccccc input中没有遥控器存在
06-10 13:51:37.300 1090 1090 E dangbei111: cccccc 蓝牙状态连接 开启10s check任务
06-10 13:51:37.303 1090 1090 E dangbei111: cccccc 开始扫描
06-10 13:51:37.303 1090 1090 D BluetoothAdapter: isLeEnabled(): ON
06-10 13:51:37.352 1324 1733 W bt_stack: [WARNING:bta_gattc_api.cc(659)] notification already registered
06-10 13:51:37.352 1324 1733 W bt_stack: [WARNING:bta_gattc_api.cc(659)] notification already registered
06-10 13:51:37.352 1324 1733 W bt_stack: [WARNING:bta_gattc_api.cc(659)] notification already registered
06-10 13:51:37.353 1324 1585 W bt_btif : system/bt/main/bte_logmsg.cc:194 LogMsg: btif_hh_upstreams_evt: BTA_HH_OPN_EVT: handle=16, status =0
06-10 13:51:37.353 1324 1585 W bt_btif : system/bt/main/bte_logmsg.cc:194 LogMsg: BTA_HH_OPEN_EVT: Found device...Getting dscp info for handle ... 16
06-10 13:51:37.353 1324 1585 I bt_btif_dm: system/bt/btif/src/btif_dm.cc:384 get_cod: get_cod remote_cod = 0x00001f00
06-10 13:51:37.353 1324 1585 I bt_btif_dm: system/bt/btif/src/btif_dm.cc:384 get_cod: get_cod remote_cod = 0x00001f00
06-10 13:51:37.354 1324 1585 W bt_btif : system/bt/main/bte_logmsg.cc:194 LogMsg: btif_hh_upstreams_evt: name = Dangbei
06-10 13:51:37.354 1324 1585 W bt_btif : system/bt/main/bte_logmsg.cc:194 LogMsg: bta_hh_co_send_hid_info: fd = 207, name = [Dangbei], dscp_len = 80
06-10 13:51:37.354 1324 1585 W bt_btif : system/bt/main/bte_logmsg.cc:194 LogMsg: bta_hh_co_send_hid_info: vendor_id = 0x000d, product_id = 0x3838, version= 0x0000,ctry_code=0x00
06-10 13:51:37.352 341 341 I xiriservice_All: type=1400 audit(0.0:1181): avc: denied { read } for scontext=u:r:init:s0 tcontext=u:r:init:s0 tclass=netlink_kobject_uevent_socket permissive=1
06-10 13:51:37.356 335 336 D XM_HIDREAD: add@ add@/devices/virtual/misc/uhid/0005:000D:3838.0003
06-10 13:51:37.359 335 336 D XM_HIDREAD: add@ add@/devices/virtual/misc/uhid/0005:000D:3838.0003/input/input8
06-10 13:51:37.359 1324 1585 W bt_btif : system/bt/main/bte_logmsg.cc:194 LogMsg: bta_hh_co_send_hid_info: wrote descriptor to fd = 207, dscp_len = 80, result = 0
06-10 13:51:37.359 1324 1585 W bt_stack: [WARNING:btif_hh.cc(397)] Device e4:bb:d3:57:c0:7d already added
06-10 13:51:37.359 1324 1585 W bt_btif : system/bt/main/bte_logmsg.cc:194 LogMsg: btif_hh_upstreams_evt: Device already added
06-10 13:51:37.352 2210 2210 I rainbow_flow: type=1400 audit(0.0:1182): avc: denied { ioctl } for path="/dev/spidev1.0" dev="tmpfs" ino=6270 ioctlcmd=0x6b00 scontext=u:r:init:s0 tcontext=u:object_r:device:s0 tclass=chr_file permissive=1
06-10 13:51:37.361 1324 1324 D BluetoothAdapterService: isQuetModeEnabled() - Enabled = false
06-10 13:51:37.361 1324 1324 V BluetoothDatabase: getProfileConnectionPolicy: E4:BB:D3:57:C0:7D, profile=4, connectionPolicy = 100
06-10 13:51:37.363 1324 1324 D BluetoothHidHostService: Connection state E4:BB:D3:57:C0:7D: 0->2
06-10 13:51:37.365 22 22 I input : Dangbei as /devices/virtual/misc/uhid/0005:000D:3838.0003/input/input8
06-10 13:51:37.365 335 336 D XM_HIDREAD: add@ add@/devices/virtual/misc/uhid/0005:000D:3838.0003/input/input8/event6
06-10 13:51:37.365 335 336 D XM_HIDREAD: add@ add@/devices/virtual/misc/uhid/0005:000D:3838.0003/input/input10
06-10 13:51:37.366 335 336 D XM_HIDREAD: add@ add@/devices/virtual/misc/uhid/0005:000D:3838.0003/input/input10/event7
06-10 13:51:37.366 335 336 D XM_HIDREAD: add@ add@/devices/virtual/misc/uhid/0005:000D:3838.0003/hidraw/hidraw2
06-10 13:51:37.366 335 336 D XM_HIDREAD: ready open:/dev/hidraw2
06-10 13:51:37.366 335 336 D XM_HIDREAD: open:/dev/hidraw2 resultFD:-1
06-10 13:51:37.366 335 336 E XM_HIDREAD: open hidraw error: No such file or directory, wait to retry...
06-10 13:51:37.366 1324 1733 I bt_stack: [INFO:gatt_sr.cc(815)] MTU request PDU with MTU size 247
06-10 13:51:37.367 1324 1733 W bt_stack: [WARNING:gatt_utils.cc(790)] Call back not found for application conn_id=3
06-10 13:51:37.367 1324 1733 W bt_stack: [WARNING:gatt_utils.cc(790)] Call back not found for application conn_id=4
06-10 13:51:37.367 1324 1733 W bt_stack: [WARNING:gatt_utils.cc(790)] Call back not found for application conn_id=5
06-10 13:51:37.371 22 22 I input : Dangbei Consumer Control as /devices/virtual/misc/uhid/0005:000D:3838.0003/input/input10
06-10 13:51:37.372 22 22 I hid-generic 0005: 000D:3838.0003: input,hidraw2: BLUETOOTH HID v0.00 Keyboard [Dangbei] on
06-10 13:51:37.373 1324 1324 D AdapterProperties: PROFILE_CONNECTION_STATE_CHANGE: profile=4, device=E4:BB:D3:57:C0:7D, 0 -> 2
06-10 13:51:37.375 1324 1324 W AdapterProperties: PROFILE_CONNECTION_STATE_CHANGE: unexpected transition for profile=4, device=E4:BB:D3:57:C0:7D, 0 -> 2
06-10 13:51:37.380 1324 1324 D AdapterProperties: ADAPTER_CONNECTION_STATE_CHANGE: E4:BB:D3:57:C0:7D: 0 -> 2
06-10 13:51:37.380 523 606 D EventHub: No input device configuration file found for device 'Dangbei'.
06-10 13:51:37.380 1324 1324 W AdapterProperties: ADAPTER_CONNECTION_STATE_CHANGE: unexpected transition for profile=4, device=E4:BB:D3:57:C0:7D, 0 -> 2
06-10 13:51:37.386 341 342 E DONGLE_SERVICE: xhk open hidraw error: No such file or directory, wait to retry...
06-10 13:51:37.389 678 771 D CachedBluetoothDevice: onProfileStateChanged: profile HID, device Dangbei, newProfileState 2
06-10 13:51:37.390 523 606 I EventHub: usingClockIoctl=true
06-10 13:51:37.391 523 606 I EventHub: New device: id=7, fd=364, path='/dev/input/event6', name='Dangbei', classes=KEYBOARD | EXTERNAL, configuration='', keyLayout='/system/usr/keylayout/Vendor_000d_Product_3838.kl', keyCharacterMap='/system/usr/keychars/Generic.kcm', builtinKeyboard=false,
06-10 13:51:37.391 523 606 I InputReader: Device added: id=5, eventHubId=7, name='Dangbei', descriptor='5bf61da49c3f961ffea2e2e86eddd822e5631010',sources=0x00000101
06-10 13:51:37.394 523 606 D EventHub: No input device configuration file found for device 'Dangbei Consumer Control'.
06-10 13:51:37.400 523 606 W EventHub: Unable to disable kernel key repeat for /dev/input/event7: Function not implemented
06-10 13:51:37.400 523 606 I EventHub: usingClockIoctl=true
06-10 13:51:37.400 523 606 I EventHub: New device: id=8, fd=365, path='/dev/input/event7', name='Dangbei Consumer Control', classes=KEYBOARD | JOYSTICK | EXTERNAL, configuration='', keyLayout='/system/usr/keylayout/Vendor_000d_Product_3838.kl', keyCharacterMap='/system/usr/keychars/Generic.kcm', builtinKeyboard=false,
06-10 13:51:37.401 523 606 I InputReader: Device added: id=5, eventHubId=8, name='Dangbei Consumer Control', descriptor='5bf61da49c3f961ffea2e2e86eddd822e5631010',sources=0x01000111
06-10 13:51:37.456 2877 2877 I Thread-2: type=1400 audit(0.0:1183): avc: denied { execute } for name="am" dev="dm-5" ino=1160 scontext=u:r:system_app:s0 tcontext=u:object_r:vendor_file:s0 tclass=file permissive=1
06-10 13:51:37.456 2877 2877 I Thread-2: type=1400 audit(0.0:1184): avc: denied { read open } for path="/vendor/xbin/am" dev="dm-5" ino=1160 scontext=u:r:system_app:s0 tcontext=u:object_r:vendor_file:s0 tclass=file permissive=1
06-10 13:51:37.456 2877 2877 I Thread-2: type=1400 audit(0.0:1185): avc: denied { execute_no_trans } for path="/vendor/xbin/am" dev="dm-5" ino=1160 scontext=u:r:system_app:s0 tcontext=u:object_r:vendor_file:s0 tclass=file permissive=1
06-10 13:51:37.467 335 336 E XM_HIDREAD: trying to reopen hidraw: /dev/hidraw2
06-10 13:51:37.467 335 336 D XM_HIDREAD: ready open:/dev/hidraw2
06-10 13:51:37.467 335 336 D XM_HIDREAD: open:/dev/hidraw2 resultFD:10
06-10 13:51:37.467 335 336 D XM_HIDREAD: 1 ready ioctl hidrawFD 10
06-10 13:51:37.467 335 336 D XM_HIDREAD: 2 ready ioctl hidrawFD 10
06-10 13:51:37.467 335 336 D XM_HIDREAD: 3 ready ioctl hidrawFD 10
06-10 13:51:37.467 335 336 D XM_HIDREAD: 4 ready ioctl hidrawFD 10
06-10 13:51:37.467 335 336 D XM_HIDREAD: ioctl hidrawFD HIDIOCGRDESC ret 0
06-10 13:51:37.467 335 336 D XM_HIDREAD: dinfo.vendor:13,dinfo.product:14392
06-10 13:51:37.467 335 336 D XM_HIDREAD: m_pid:0x3838,m_vid:0x000d
06-10 13:51:37.467 335 336 D XM_HIDREAD: /dev/hidraw2 open succussfully!
06-10 13:51:37.468 335 336 D XM_HIDREAD: add@ add@/devices/virtual/wakeup/wakeup30
06-10 13:51:37.468 335 336 D XM_HIDREAD: add@ add@/devices/virtual/wakeup/wakeup31
06-10 13:51:37.487 341 342 E DONGLE_SERVICE: xhk trying to reopen hidraw: /dev/hidraw2
06-10 13:51:37.487 341 342 D DONGLE_SERVICE: check_smartctrl_hidraw_node, vid=13, pid =14392
06-10 13:51:37.487 341 342 E DONGLE_SERVICE: not supported: /dev/hidraw2
06-10 13:51:37.512 1347 1347 D aaa : LedStatusService onStartCommand begin
06-10 13:51:37.513 1347 2886 D aaa : topPkg is -------------- :com.dangbei.leard.leradlauncher
06-10 13:51:37.516 1347 2886 D aaa : WiFi is connect
06-10 13:51:37.523 1349 1349 D bbb : onStartCommand begin !!!!!!! data分区剩余 20614MB
06-10 13:51:37.526 523 1818 D CompatibilityChangeReporter: Compat change id reported: 171306433; UID 1000; state: ENABLED
06-10 13:51:37.577 335 2879 D XM_HIDREAD: poll ret=1, event=1
06-10 13:51:37.577 335 2879 D XM_HIDREAD: [9 bytes]:01 00 00 52 00 00 00 00 00
06-10 13:51:37.578 523 606 D TvWindowManager: key event key = KEYCODE_DPAD_UP down = true
06-10 13:51:37.579 523 606 W SoundPool: Use of stream types is deprecated for operations other than volume control
06-10 13:51:37.579 523 606 W SoundPool: See the documentation of SoundPool() for what to use instead with android.media.AudioAttributes to qualify your playback use case
06-10 13:51:37.584 523 605 D GpioService: mFlickerEnable = true
06-10 13:51:37.587 2339 2339 I SogouIME: onKeyDown: keyoCode=19
06-10 13:51:37.587 2339 2339 I DefaultIMS: onKeyDown: keyoCode=19
06-10 13:51:37.600 1165 1165 E SecondScreen: FirstScreenLayoutView dispatchKeyEvent 19
06-10 13:51:37.606 303 303 W audit : audit_lost=698 audit_rate_limit=5 audit_backlog_limit=64
06-10 13:51:37.606 523 2887 D MediaCodecList: codecHandlesFormat: no format, so no extra checks
06-10 13:51:37.606 303 303 E audit : rate limit exceeded
06-10 13:51:37.609 523 2888 D MediaCodecList: codecHandlesFormat: no format, so no extra checks
06-10 13:51:37.613 523 2893 D CCodec : allocate(c2.android.vorbis.decoder)
06-10 13:51:37.613 391 795 V C2Store : in init
06-10 13:51:37.613 391 795 V C2Store : loading dll
06-10 13:51:37.614 2339 2339 I DefaultIMS: onStartInput attribute=android.view.inputmethod.EditorInfo@941d945 restarting=false inputType: 0
06-10 13:51:37.620 1165 2082 W ActivityThread: ClassLoader.loadClass: The class loader returned by Thread.getContextClassLoader() may fail for processes that host multiple applications. You should explicitly specify a context class loader. For example: Thread.setContextClassLoader(getClass().getClassLoader());
06-10 13:51:37.621 523 2892 D CCodec : allocate(c2.android.vorbis.decoder)
06-10 13:51:37.621 523 2893 I CCodec : Created component [c2.android.vorbis.decoder]
06-10 13:51:37.622 523 2893 D CCodecConfig: read media type: audio/vorbis
06-10 13:51:37.625 523 2893 D ReflectedParamUpdater: extent() != 1 for single value type: algo.buffers.max-count.values
06-10 13:51:37.626 523 2893 D ReflectedParamUpdater: extent() != 1 for single value type: output.subscribed-indices.values
06-10 13:51:37.626 523 2893 D ReflectedParamUpdater: extent() != 1 for single value type: input.buffers.allocator-ids.values
06-10 13:51:37.626 523 2893 D ReflectedParamUpdater: extent() != 1 for single value type: output.buffers.allocator-ids.values
06-10 13:51:37.626 523 2893 D ReflectedParamUpdater: extent() != 1 for single value type: algo.buffers.allocator-ids.values
06-10 13:51:37.626 523 2893 D ReflectedParamUpdater: extent() != 1 for single value type: output.buffers.pool-ids.values
06-10 13:51:37.626 523 2893 D ReflectedParamUpdater: extent() != 1 for single value type: algo.buffers.pool-ids.values
06-10 13:51:37.631 523 2893 I CCodecConfig: query failed after returning 7 values (BAD_INDEX)
06-10 13:51:37.631 523 2893 D CCodecConfig: c2 config diff is Dict {
06-10 13:51:37.631 523 2893 D CCodecConfig: c2::u32 coded.bitrate.value = 64000
06-10 13:51:37.631 523 2893 D CCodecConfig: c2::u32 input.buffers.max-size.value = 32768
06-10 13:51:37.631 523 2893 D CCodecConfig: c2::u32 input.delay.value = 0
06-10 13:51:37.631 523 2893 D CCodecConfig: string input.media-type.value = "audio/vorbis"
06-10 13:51:37.631 523 2893 D CCodecConfig: string output.media-type.value = "audio/raw"
06-10 13:51:37.631 523 2893 D CCodecConfig: c2::u32 raw.channel-count.value = 1
06-10 13:51:37.631 523 2893 D CCodecConfig: c2::u32 raw.sample-rate.value = 48000
06-10 13:51:37.631 523 2893 D CCodecConfig: }
06-10 13:51:37.636 523 2893 D CCodec : [c2.android.vorbis.decoder] buffers are bound to CCodec for this session
06-10 13:51:37.636 523 2893 D CCodecConfig: no c2 equivalents for durationUs
06-10 13:51:37.636 523 2893 D CCodecConfig: no c2 equivalents for track-id
06-10 13:51:37.636 523 2893 D CCodecConfig: no c2 equivalents for csd-1
06-10 13:51:37.636 523 2893 D CCodecConfig: no c2 equivalents for channel-mask
06-10 13:51:37.636 523 2893 D CCodecConfig: no c2 equivalents for flags
06-10 13:51:37.636 523 1851 D AccountManagerService: bind attempt failed for Session: expectLaunch false, connected false, stats (0/0/0), lifetime 0.001, addAccount, accountType com.jym.gcmall, requiredFeatures null
06-10 13:51:37.638 523 2893 D CCodecConfig: c2 config diff is c2::u32 coded.bitrate.value = 112000
06-10 13:51:37.638 523 2893 D CCodecConfig: c2::u32 raw.channel-count.value = 2
06-10 13:51:37.638 523 2893 D CCodecConfig: c2::u32 raw.sample-rate.value = 44100
06-10 13:51:37.641 523 2893 W Codec2Client: query -- param skipped: index = 1107298332.
06-10 13:51:37.641 523 2893 D CCodec : setup formats input: AMessage(what = 0x00000000) = {
06-10 13:51:37.641 523 2893 D CCodec : int32_t bitrate = 112000
06-10 13:51:37.641 523 2893 D CCodec : int32_t channel-count = 2
06-10 13:51:37.641 523 2893 D CCodec : int32_t max-input-size = 32768
06-10 13:51:37.641 523 2893 D CCodec : string mime = "audio/vorbis"
06-10 13:51:37.641 523 2893 D CCodec : int32_t sample-rate = 44100
06-10 13:51:37.641 523 2893 D CCodec : }
06-10 13:51:37.641 523 2893 D CCodec : setup formats output: AMessage(what = 0x00000000) = {
06-10 13:51:37.641 523 2893 D CCodec : int32_t channel-count = 2
06-10 13:51:37.641 523 2893 D CCodec : string mime = "audio/raw"
06-10 13:51:37.641 523 2893 D CCodec : int32_t sample-rate = 44100
06-10 13:51:37.641 523 2893 D CCodec : int32_t channel-mask = 3
06-10 13:51:37.641 523 2893 D CCodec : }
06-10 13:51:37.642 523 2893 I CCodecConfig: query failed after returning 7 values (BAD_INDEX)
06-10 13:51:37.642 523 2892 I CCodec : Created component [c2.android.vorbis.decoder]
06-10 13:51:37.643 523 2892 D CCodecConfig: read media type: audio/vorbis
06-10 13:51:37.648 523 2893 W Codec2Client: query -- param skipped: index = 1342179345.
06-10 13:51:37.648 523 2893 W Codec2Client: query -- param skipped: index = 2415921170.
06-10 13:51:37.651 391 795 D BufferPoolAccessor2.0: bufferpool2 0xe904cb58 : 0(0 size) total buffers - 0(0 size) used buffers - 141/145 (recycle/alloc) - 4/144 (fetch/transfer)
06-10 13:51:37.652 391 839 D BufferPoolAccessor2.0: bufferpool2 0xe904cf18 : 0(0 size) total buffers - 0(0 size) used buffers - 13/19 (recycle/alloc) - 6/18 (fetch/transfer)
06-10 13:51:37.653 391 795 D BufferPoolAccessor2.0: Destruction - bufferpool2 0xe904cb58 cached: 0/0M, 0/0% in use; allocs: 145, 97% recycled; transfers: 144, 97% unfetched
06-10 13:51:37.653 391 839 D BufferPoolAccessor2.0: Destruction - bufferpool2 0xe904cf18 cached: 0/0M, 0/0% in use; allocs: 19, 68% recycled; transfers: 18, 67% unfetched
06-10 13:51:37.653 391 415 D BufferPoolAccessor2.0: bufferpool2 0xe904d2d8 : 0(0 size) total buffers - 0(0 size) used buffers - 29/36 (recycle/alloc) - 7/35 (fetch/transfer)
06-10 13:51:37.653 391 415 D BufferPoolAccessor2.0: Destruction - bufferpool2 0xe904d2d8 cached: 0/0M, 0/0% in use; allocs: 36, 81% recycled; transfers: 35, 80% unfetched
06-10 13:51:37.653 391 839 D BufferPoolAccessor2.0: bufferpool2 0xe904ebd8 : 0(0 size) total buffers - 0(0 size) used buffers - 18/21 (recycle/alloc) - 3/20 (fetch/transfer)
06-10 13:51:37.653 523 2893 D CCodecBufferChannel: [c2.android.vorbis.decoder#727] Created input block pool with allocatorID 16 => poolID 23 - OK (0)
06-10 13:51:37.653 391 839 D BufferPoolAccessor2.0: Destruction - bufferpool2 0xe904ebd8 cached: 0/0M, 0/0% in use; allocs: 21, 86% recycled; transfers: 20, 85% unfetched
06-10 13:51:37.653 391 415 D BufferPoolAccessor2.0: bufferpool2 0xe904e1d8 : 0(0 size) total buffers - 0(0 size) used buffers - 28/32 (recycle/alloc) - 4/31 (fetch/transfer)
06-10 13:51:37.653 391 415 D BufferPoolAccessor2.0: Destruction - bufferpool2 0xe904e1d8 cached: 0/0M, 0/0% in use; allocs: 32, 88% recycled; transfers: 31, 87% unfetched
06-10 13:51:37.654 523 2892 D ReflectedParamUpdater: extent() != 1 for single value type: algo.buffers.max-count.values
06-10 13:51:37.655 523 2892 D ReflectedParamUpdater: extent() != 1 for single value type: output.subscribed-indices.values
06-10 13:51:37.655 523 645 D BufferPoolAccessor2.0: bufferpool2 0xeb46a598 : 0(0 size) total buffers - 0(0 size) used buffers - 1/7 (recycle/alloc) - 6/294 (fetch/transfer)
06-10 13:51:37.656 523 568 D BufferPoolAccessor2.0: bufferpool2 0xec5f85d8 : 0(0 size) total buffers - 0(0 size) used buffers - 2/7 (recycle/alloc) - 5/46 (fetch/transfer)
06-10 13:51:37.656 523 568 D BufferPoolAccessor2.0: Destruction - bufferpool2 0xec5f85d8 cached: 0/0M, 0/0% in use; allocs: 7, 29% recycled; transfers: 46, 89% unfetched
06-10 13:51:37.656 523 2892 D ReflectedParamUpdater: extent() != 1 for single value type: input.buffers.allocator-ids.values
06-10 13:51:37.656 523 2892 D ReflectedParamUpdater: extent() != 1 for single value type: output.buffers.allocator-ids.values
06-10 13:51:37.656 523 568 D BufferPoolAccessor2.0: bufferpool2 0xec8cef98 : 0(0 size) total buffers - 0(0 size) used buffers - 2/7 (recycle/alloc) - 9/76 (fetch/transfer)
06-10 13:51:37.656 523 568 D BufferPoolAccessor2.0: Destruction - bufferpool2 0xec8cef98 cached: 0/0M, 0/0% in use; allocs: 7, 29% recycled; transfers: 76, 88% unfetched
06-10 13:51:37.656 523 2892 D ReflectedParamUpdater: extent() != 1 for single value type: algo.buffers.allocator-ids.values
06-10 13:51:37.656 884 952 D BufferPoolAccessor2.0: bufferpool2 0xec5f7d18 : 0(0 size) total buffers - 0(0 size) used buffers - 1/7 (recycle/alloc) - 7/92 (fetch/transfer)
06-10 13:51:37.656 884 952 D BufferPoolAccessor2.0: Destruction - bufferpool2 0xec5f7d18 cached: 0/0M, 0/0% in use; allocs: 7, 14% recycled; transfers: 92, 92% unfetched
06-10 13:51:37.656 523 2892 D ReflectedParamUpdater: extent() != 1 for single value type: output.buffers.pool-ids.values
06-10 13:51:37.656 523 568 D BufferPoolAccessor2.0: bufferpool2 0xec8d0398 : 0(0 size) total buffers - 0(0 size) used buffers - 2/7 (recycle/alloc) - 5/68 (fetch/transfer)
06-10 13:51:37.656 523 568 D BufferPoolAccessor2.0: Destruction - bufferpool2 0xec8d0398 cached: 0/0M, 0/0% in use; allocs: 7, 29% recycled; transfers: 68, 93% unfetched
06-10 13:51:37.656 884 952 D BufferPoolAccessor2.0: bufferpool2 0xec5f8718 : 0(0 size) total buffers - 0(0 size) used buffers - 1/7 (recycle/alloc) - 10/96 (fetch/transfer)
06-10 13:51:37.656 884 952 D BufferPoolAccessor2.0: Destruction - bufferpool2 0xec5f8718 cached: 0/0M, 0/0% in use; allocs: 7, 14% recycled; transfers: 96, 90% unfetched
06-10 13:51:37.656 523 2893 I CCodecBufferChannel: [c2.android.vorbis.decoder#727] Created output block pool with allocatorID 16 => poolID 25 - OK
06-10 13:51:37.657 523 2893 D CCodecBufferChannel: [c2.android.vorbis.decoder#727] Configured output block pool ids 25 => OK
06-10 13:51:37.657 523 881 D BufferPoolAccessor2.0: bufferpool2 0xeb468b58 : 0(0 size) total buffers - 0(0 size) used buffers - 1/7 (recycle/alloc) - 14/42 (fetch/transfer)
06-10 13:51:37.657 523 881 D BufferPoolAccessor2.0: Destruction - bufferpool2 0xeb468b58 cached: 0/0M, 0/0% in use; allocs: 7, 14% recycled; transfers: 42, 67% unfetched
06-10 13:51:37.658 523 2892 D ReflectedParamUpdater: extent() != 1 for single value type: algo.buffers.pool-ids.values
06-10 13:51:37.658 523 645 D BufferPoolAccessor2.0: Destruction - bufferpool2 0xeb46a598 cached: 0/0M, 0/0% in use; allocs: 7, 14% recycled; transfers: 294, 98% unfetched
06-10 13:51:37.658 523 645 D BufferPoolAccessor2.0: bufferpool2 0xeb46a6d8 : 0(0 size) total buffers - 0(0 size) used buffers - 1/7 (recycle/alloc) - 6/294 (fetch/transfer)
06-10 13:51:37.658 523 645 D BufferPoolAccessor2.0: Destruction - bufferpool2 0xeb46a6d8 cached: 0/0M, 0/0% in use; allocs: 7, 14% recycled; transfers: 294, 98% unfetched
06-10 13:51:37.659 391 795 D BufferPoolAccessor2.0: bufferpool2 0xe904d198 : 0(0 size) total buffers - 0(0 size) used buffers - 141/145 (recycle/alloc) - 4/144 (fetch/transfer)
06-10 13:51:37.659 391 795 D BufferPoolAccessor2.0: Destruction - bufferpool2 0xe904d198 cached: 0/0M, 0/0% in use; allocs: 145, 97% recycled; transfers: 144, 97% unfetched
06-10 13:51:37.661 523 2892 I CCodecConfig: query failed after returning 7 values (BAD_INDEX)
06-10 13:51:37.661 523 2892 D CCodecConfig: c2 config diff is Dict {
06-10 13:51:37.661 523 2892 D CCodecConfig: c2::u32 coded.bitrate.value = 64000
06-10 13:51:37.661 523 2892 D CCodecConfig: c2::u32 input.buffers.max-size.value = 32768
06-10 13:51:37.661 523 2892 D CCodecConfig: c2::u32 input.delay.value = 0
06-10 13:51:37.661 523 2892 D CCodecConfig: string input.media-type.value = "audio/vorbis"
06-10 13:51:37.661 523 2892 D CCodecConfig: string output.media-type.value = "audio/raw"
06-10 13:51:37.661 523 2892 D CCodecConfig: c2::u32 raw.channel-count.value = 1
06-10 13:51:37.661 523 2892 D CCodecConfig: c2::u32 raw.sample-rate.value = 48000
06-10 13:51:37.661 523 2892 D CCodecConfig: }
06-10 13:51:37.662 391 2898 D SimpleC2Component: Using output block pool with poolID 25 => got 25 - 0
06-10 13:51:37.663 523 2892 D CCodec : [c2.android.vorbis.decoder] buffers are bound to CCodec for this session
06-10 13:51:37.663 523 2892 D CCodecConfig: no c2 equivalents for durationUs
06-10 13:51:37.663 523 2892 D CCodecConfig: no c2 equivalents for track-id
06-10 13:51:37.663 523 2892 D CCodecConfig: no c2 equivalents for csd-1
06-10 13:51:37.664 523 2892 D CCodecConfig: no c2 equivalents for channel-mask
06-10 13:51:37.664 523 2892 D CCodecConfig: no c2 equivalents for flags
06-10 13:51:37.665 1165 2082 E d.leradlaunche: Invalid ID 0x00000000.
06-10 13:51:37.665 523 2892 D CCodecConfig: c2 config diff is c2::u32 coded.bitrate.value = 112000
06-10 13:51:37.665 523 2892 D CCodecConfig: c2::u32 raw.channel-count.value = 2
06-10 13:51:37.665 523 2892 D CCodecConfig: c2::u32 raw.sample-rate.value = 44100
06-10 13:51:37.667 523 2892 W Codec2Client: query -- param skipped: index = 1107298332.
06-10 13:51:37.667 523 2892 D CCodec : setup formats input: AMessage(what = 0x00000000) = {
06-10 13:51:37.667 523 2892 D CCodec : int32_t bitrate = 112000
06-10 13:51:37.667 523 2892 D CCodec : int32_t channel-count = 2
06-10 13:51:37.667 523 2892 D CCodec : int32_t max-input-size = 32768
06-10 13:51:37.667 523 2892 D CCodec : string mime = "audio/vorbis"
06-10 13:51:37.667 523 2892 D CCodec : int32_t sample-rate = 44100
06-10 13:51:37.667 523 2892 D CCodec : }
06-10 13:51:37.667 523 2892 D CCodec : setup formats output: AMessage(what = 0x00000000) = {
06-10 13:51:37.667 523 2892 D CCodec : int32_t channel-count = 2
06-10 13:51:37.667 523 2892 D CCodec : string mime = "audio/raw"
06-10 13:51:37.667 523 2892 D CCodec : int32_t sample-rate = 44100
06-10 13:51:37.667 523 2892 D CCodec : int32_t channel-mask = 3
06-10 13:51:37.667 523 2892 D CCodec : }
06-10 13:51:37.668 523 2892 I CCodecConfig: query failed after returning 7 values (BAD_INDEX)
06-10 13:51:37.669 523 2892 W Codec2Client: query -- param skipped: index = 1342179345.
06-10 13:51:37.669 523 2892 W Codec2Client: query -- param skipped: index = 2415921170.
06-10 13:51:37.670 523 2892 D CCodecBufferChannel: [c2.android.vorbis.decoder#951] Created input block pool with allocatorID 16 => poolID 24 - OK (0)
06-10 13:51:37.672 523 2892 I CCodecBufferChannel: [c2.android.vorbis.decoder#951] Created output block pool with allocatorID 16 => poolID 26 - OK
06-10 13:51:37.672 523 2892 D CCodecBufferChannel: [c2.android.vorbis.decoder#951] Configured output block pool ids 26 => OK
06-10 13:51:37.678 391 2899 D SimpleC2Component: Using output block pool with poolID 26 => got 26 - 0
06-10 13:51:37.697 335 2879 D XM_HIDREAD: poll ret=1, event=1
06-10 13:51:37.697 335 2879 D XM_HIDREAD: [9 bytes]:01 00 00 00 00 00 00 00 00
06-10 13:51:37.697 523 606 D TvWindowManager: key event key = KEYCODE_DPAD_UP down = false
06-10 13:51:37.699 2339 2339 I SogouIME: onKeyUp: keyoCode=19
06-10 13:51:37.700 2339 2339 I DefaultIMS: onKeyUp: keyoCode=19
06-10 13:51:37.701 1165 1165 E SecondScreen: FirstScreenLayoutView dispatchKeyEvent 19
06-10 13:51:37.742 523 2893 D CCodecBufferChannel: [c2.android.vorbis.decoder#727] MediaCodec discarded an unknown buffer
06-10 13:51:37.745 523 2907 I hw-BpHwBinder: onLastStrongRef automatically unlinking death recipients
06-10 13:51:37.754 523 2892 I hw-BpHwBinder: onLastStrongRef automatically unlinking death recipients
06-10 13:51:37.755 391 2901 I hw-BpHwBinder: onLastStrongRef automatically unlinking death recipients
06-10 13:51:37.755 391 2901 V C2Store : in ~ComponentModule
06-10 13:51:37.755 391 2901 V C2Store : unloading dll
06-10 13:51:37.762 523 628 D NsdService: Register service
06-10 13:51:37.763 523 628 D NsdService: registerService: 7 name: 当贝投屏A0, type: _airplay._tcp, host: null, port: 40195, txtRecord: srcvers=220.68features=0x527FFFF7,0x1E'pi=2e388006-13ba-4041-9a67-25dd4a43d536Cpk=b07727d6f6cd6e08b58ede525ec3cdeaa252ad9f683feb212ef8a205246554e7vv=2 flags=0x4model=AppleTV2,1deviceid=b4:2f:03:15:e8:b9
06-10 13:51:37.763 523 628 D NsdService: mdnssd [register, 7, 当贝投屏A0, _airplay._tcp, 40195, DnNyY3ZlcnM9MjIwLjY4GGZlYXR1cmVzPTB4NTI3RkZGRjcsMHgxRSdwaT0yZTM4ODAwNi0xM2JhLTQwNDEtOWE2Ny0yNWRkNGE0M2Q1MzZDcGs9YjA3NzI3ZDZmNmNkNmUwOGI1OGVkZTUyNWVjM2NkZWFhMjUyYWQ5ZjY4M2ZlYjIxMmVmOGEyMDUyNDY1NTRlNwR2dj0yCWZsYWdzPTB4NBBtb2RlbD1BcHBsZVRWMiwxGmRldmljZWlkPWI0OjJmOjAzOjE1OmU4OmI5]
06-10 13:51:37.765 523 628 D NsdService: Register 5 7
06-10 13:51:37.770 523 2887 D MediaCodecList: codecHandlesFormat: no format, so no extra checks
06-10 13:51:37.773 523 628 D NsdService: Register service
