06-10 13:51:22.993 197 197 E SELinux : avc: denied { find } for pid=1347 uid=1000 name=MyLedService scontext=u:r:system_app:s0 tcontext=u:object_r:default_android_service:s0 tclass=service_manager permissive=1
06-10 13:51:22.996 1349 1349 D NetworkSecurityConfig: No Network Security Config specified, using platform default
06-10 13:51:22.997 1090 1504 W ContextImpl: Calling a method in the system process without a qualified user: android.app.ContextImpl.bindService:1895 android.content.ContextWrapper.bindService:810 com.dangbei.lerad.etna.lib.client.EtnaClient.bindServer:138 com.dangbei.lerad.etna.lib.client.EtnaClient.access$600:29 com.dangbei.lerad.etna.lib.client.EtnaClient$3.call:205
06-10 13:51:22.998 197 197 E SELinux : avc: denied { add } for pid=1347 uid=1000 name=MyLedService scontext=u:r:system_app:s0 tcontext=u:object_r:default_android_service:s0 tclass=service_manager permissive=1
06-10 13:51:23.032 523 927 D CompatibilityChangeReporter: Compat change id reported: 168419799; UID 10042; state: DISABLED
06-10 13:51:23.034 1090 1090 E ccc : cccccc etnaService addListener com.dangbei.lerad.etna.lib.client.EtnaServerListener@347cdc0 com.dangbei.etna.update
06-10 13:51:23.034 1090 1090 E ccc : cccccc UpdateHelper onServerConnected
06-10 13:51:23.062 1090 1090 E ccc : cccccc etnaService addListener com.dangbei.lerad.etna.lib.client.EtnaServerListener@8c34af9 com.dangbei.etna.setting
06-10 13:51:23.062 1090 1090 E ccc : cccccc SettingHelper onServerConnected
06-10 13:51:23.063 1483 1483 D CompatibilityChangeReporter: Compat change id reported: 171979766; UID 10042; state: DISABLED
06-10 13:51:23.065 1090 1314 W ContextImpl: Calling a method in the system process without a qualified user: android.app.ContextImpl.bindService:1895 android.content.ContextWrapper.bindService:810 com.dangbei.lerad.etna.lib.client.EtnaClient.bindServer:138 com.dangbei.lerad.etna.lib.client.EtnaClient.access$600:29 com.dangbei.lerad.etna.lib.client.EtnaClient$3.call:205
06-10 13:51:23.067 1090 1346 W ContextImpl: Calling a method in the system process without a qualified user: android.app.ContextImpl.bindService:1895 android.content.ContextWrapper.bindService:810 com.dangbei.lerad.etna.lib.client.EtnaClient.bindServer:138 com.dangbei.lerad.etna.lib.client.EtnaClient.access$600:29 com.dangbei.lerad.etna.lib.client.EtnaClient$3.call:205
06-10 13:51:23.071 523 552 I DropBoxManagerService: add tag=system_server_wtf isTagEnabled=true flags=0x2
06-10 13:51:23.072 1090 1090 E ccc : cccccc etnaService addListener com.dangbei.lerad.etna.lib.client.EtnaServerListener@d649db5 com.dangbei.lerad.etna.haqu.andes
06-10 13:51:23.068 278 278 I EventThread: type=1400 audit(0.0:489): avc: denied { search } for name="extcon" dev="sysfs" ino=18109 scontext=u:r:hal_tv_cec_default:s0 tcontext=u:object_r:sysfs_extcon:s0 tclass=dir permissive=1
06-10 13:51:23.075 1349 1349 D bbb : onCreate()
06-10 13:51:23.081 1483 1483 D ApplicationLoaders: Returning zygote-cached class loader: /system/framework/android.test.base.jar
06-10 13:51:23.082 1165 1408 E FactoryResetOperateImpl: isFirstBoot 2
06-10 13:51:23.083 1165 1408 E FactoryResetOperateImpl: isFirstBoot 2
06-10 13:51:23.090 1324 1324 D AdapterState: make() - Creating AdapterState
06-10 13:51:23.100 1090 1341 E ccc : cccccc sendCycleCheckBootGuideStatusMessage
06-10 13:51:23.109 1090 1341 W ContextImpl: Calling a method in the system process without a qualified user: android.app.ContextImpl.startService:1816 android.content.ContextWrapper.startService:774 com.dangbei.etna.setting.core.SettingHelper.startRocky:260 com.dangbei.etna.setting.core.SettingHelper.sendCycleCheckBootGuideStatusMessage:206 com.dangbei.etna.setting.core.SettingHelper.startLoop:195
06-10 13:51:23.119 523 628 D NsdService: New client listening to asynchronous messages
06-10 13:51:23.120 523 628 D NsdService: New client, channel: com.android.internal.util.AsyncChannel@6b9b8c9 messenger: android.os.Messenger@7d71bce
06-10 13:51:23.122 523 1255 I ActivityManager: com.dangbei.lerad.rocky is exempt from freezer
06-10 13:51:23.123 523 1255 D CompatibilityChangeReporter: Compat change id reported: 135634846; UID 1000; state: DISABLED
06-10 13:51:23.132 1090 1090 D CompatibilityChangeReporter: Compat change id reported: 191844585; UID 1000; state: DISABLED
06-10 13:51:23.145 523 539 D ConnectivityService: requestNetwork for uid/pid:1000/1165 activeRequest: null callbackRequest: 26 [NetworkRequest [ REQUEST id=27, [ Capabilities: INTERNET&NOT_RESTRICTED&TRUSTED&NOT_VCN_MANAGED Uid: 1000 RequestorUid: 1000 RequestorPkg: com.dangbei.leard.leradlauncher] ]] callback flags: 0 priority: 2147483647
06-10 13:51:23.147 1349 1349 D CompatibilityChangeReporter: Compat change id reported: 160794467; UID 1000; state: ENABLED
06-10 13:51:23.151 523 624 D ConnectivityService: NetReassign [no changes]
06-10 13:51:23.152 523 663 D PPPOE : got request NetworkRequest [ REQUEST id=27, [ Capabilities: INTERNET&NOT_RESTRICTED&TRUSTED&NOT_VCN_MANAGED Uid: 1000 RequestorUid: 1000 RequestorPkg: com.dangbei.leard.leradlauncher] ]
06-10 13:51:23.153 523 662 D Ethernet: got request NetworkRequest [ REQUEST id=27, [ Capabilities: INTERNET&NOT_RESTRICTED&TRUSTED&NOT_VCN_MANAGED Uid: 1000 RequestorUid: 1000 RequestorPkg: com.dangbei.leard.leradlauncher] ]
06-10 13:51:23.153 523 628 D NsdService: mdnssd [start-service]
06-10 13:51:23.153 523 662 D EthernetNetworkFactory: acceptRequest, request: NetworkRequest [ REQUEST id=27, [ Capabilities: INTERNET&NOT_RESTRICTED&TRUSTED&NOT_VCN_MANAGED Uid: 1000 RequestorUid: 1000 RequestorPkg: com.dangbei.leard.leradlauncher] ]
06-10 13:51:23.153 523 662 I EthernetNetworkFactory: networkForRequest, request: NetworkRequest [ REQUEST id=27, [ Capabilities: INTERNET&NOT_RESTRICTED&TRUSTED&NOT_VCN_MANAGED Uid: 1000 RequestorUid: 1000 RequestorPkg: com.dangbei.leard.leradlauncher] ], network: null
06-10 13:51:23.155 1324 1514 I AdapterState: OFF : entered
06-10 13:51:23.155 1324 1514 D AdapterProperties: Setting state to OFF
06-10 13:51:23.156 523 617 D WifiNetworkFactory: got request NetworkRequest [ REQUEST id=27, [ Capabilities: INTERNET&NOT_RESTRICTED&TRUSTED&NOT_VCN_MANAGED Uid: 1000 RequestorUid: 1000 RequestorPkg: com.dangbei.leard.leradlauncher] ]
06-10 13:51:23.156 523 617 D UntrustedWifiNetworkFactory: got request NetworkRequest [ REQUEST id=27, [ Capabilities: INTERNET&NOT_RESTRICTED&TRUSTED&NOT_VCN_MANAGED Uid: 1000 RequestorUid: 1000 RequestorPkg: com.dangbei.leard.leradlauncher] ]
06-10 13:51:23.156 523 617 D OemPaidWifiNetworkFactory: got request NetworkRequest [ REQUEST id=27, [ Capabilities: INTERNET&NOT_RESTRICTED&TRUSTED&NOT_VCN_MANAGED Uid: 1000 RequestorUid: 1000 RequestorPkg: com.dangbei.leard.leradlauncher] ]
06-10 13:51:23.160 1324 1324 D BluetoothKeystoreService: new BluetoothKeystoreService isCommonCriteriaMode: false
06-10 13:51:23.161 1324 1324 D BluetoothKeystoreService: start
06-10 13:51:23.170 1324 1324 I droid.bluetoot: [0610/135123.170046:INFO:com_android_bluetooth_btservice_BluetoothKeystore.cpp(97)] classInitNative: succeeds
06-10 13:51:23.170 1324 1324 D BluetoothKeystoreService: setBluetoothKeystoreService(): set to: com.android.bluetooth.btservice.bluetoothkeystore.BluetoothKeystoreService@9a6ca30
06-10 13:51:23.170 523 628 E NsdService: Failed to execute mdnssd [start-service]
06-10 13:51:23.170 523 628 E NsdService: com.android.server.NativeDaemonConnector$NativeDaemonFailureException: command '1 mdnssd start-service' failed with '402 1 Service already running'
06-10 13:51:23.170 523 628 E NsdService: at com.android.server.NativeDaemonConnector.executeForList(NativeDaemonConnector.java:516)
06-10 13:51:23.170 523 628 E NsdService: at com.android.server.NativeDaemonConnector.execute(NativeDaemonConnector.java:412)
06-10 13:51:23.170 523 628 E NsdService: at com.android.server.NativeDaemonConnector.execute(NativeDaemonConnector.java:407)
06-10 13:51:23.170 523 628 E NsdService: at com.android.server.NsdService$DaemonConnection.execute(NsdService.java:743)
06-10 13:51:23.170 523 628 E NsdService: at com.android.server.NsdService$DaemonConnection.maybeStart(NsdService.java:758)
06-10 13:51:23.170 523 628 E NsdService: at com.android.server.NsdService$NsdStateMachine.maybeStartDaemon(NsdService.java:100)
06-10 13:51:23.170 523 628 E NsdService: at com.android.server.NsdService$NsdStateMachine.access$1600(NsdService.java:88)
06-10 13:51:23.170 523 628 E NsdService: at com.android.server.NsdService$NsdStateMachine$DefaultState.processMessage(NsdService.java:223)
06-10 13:51:23.170 523 628 E NsdService: at com.android.internal.util.StateMachine$SmHandler.processMsg(StateMachine.java:993)
06-10 13:51:23.170 523 628 E NsdService: at com.android.internal.util.StateMachine$SmHandler.handleMessage(StateMachine.java:810)
06-10 13:51:23.170 523 628 E NsdService: at android.os.Handler.dispatchMessage(Handler.java:106)
06-10 13:51:23.170 523 628 E NsdService: at android.os.Looper.loopOnce(Looper.java:201)
06-10 13:51:23.170 523 628 E NsdService: at android.os.Looper.loop(Looper.java:288)
06-10 13:51:23.170 523 628 E NsdService: at android.os.HandlerThread.run(HandlerThread.java:67)
06-10 13:51:23.172 523 1255 W ActivityManager: Slow operation: 56ms so far, now at startProcess: done starting proc!
06-10 13:51:23.178 1165 1523 W ContextImpl: Calling a method in the system process without a qualified user: android.app.ContextImpl.bindService:1895 android.content.ContextWrapper.bindService:810 ce.b.h:57 ce.b$c.call:3 ee.c$a.run:5
06-10 13:51:23.180 1090 1341 E ccc : cccccc sendCycleCheckBroadcast
06-10 13:51:23.181 1090 1341 W ContextImpl: Calling a method in the system process without a qualified user: android.app.ContextImpl.sendBroadcast:1173 android.content.ContextWrapper.sendBroadcast:479 com.dangbei.etna.setting.core.SettingHelper.sendCycleToProjector:250 com.dangbei.etna.setting.core.SettingHelper.sendCycleCheckBroadcast:219 com.dangbei.etna.setting.core.SettingHelper.sendCycleCheckBootGuideStatusMessage:207
06-10 13:51:23.182 523 523 I TransportClient: LocalTransportService#0: Notifying [TransportManager.registerTransport()] transport = IBackupTransport
06-10 13:51:23.202 1090 1341 W ContextImpl: Calling a method in the system process without a qualified user: android.app.ContextImpl.sendBroadcast:1173 android.content.ContextWrapper.sendBroadcast:479 com.dangbei.etna.setting.core.SettingHelper.sendCycleToVoice:235 com.dangbei.etna.setting.core.SettingHelper.sendCycleCheckBroadcast:220 com.dangbei.etna.setting.core.SettingHelper.sendCycleCheckBootGuideStatusMessage:207
06-10 13:51:23.209 523 764 E ActivityManager: Sending non-protected broadcast com.dangbei.etna.setting.action_cycle_check_broadcast from system 1090:com.dangbei.lerad.etna.haqu/1000 pkg com.dangbei.lerad.etna.haqu
06-10 13:51:23.209 523 764 E ActivityManager: java.lang.Throwable
06-10 13:51:23.209 523 764 E ActivityManager: at com.android.server.am.ActivityManagerService.checkBroadcastFromSystem(ActivityManagerService.java:12816)
06-10 13:51:23.209 523 764 E ActivityManager: at com.android.server.am.ActivityManagerService.broadcastIntentLocked(ActivityManagerService.java:13513)
06-10 13:51:23.209 523 764 E ActivityManager: at com.android.server.am.ActivityManagerService.broadcastIntentLocked(ActivityManagerService.java:12833)
06-10 13:51:23.209 523 764 E ActivityManager: at com.android.server.am.ActivityManagerService.broadcastIntentWithFeature(ActivityManagerService.java:13670)
06-10 13:51:23.209 523 764 E ActivityManager: at android.app.IActivityManager$Stub.onTransact(IActivityManager.java:2326)
06-10 13:51:23.209 523 764 E ActivityManager: at com.android.server.am.ActivityManagerService.onTransact(ActivityManagerService.java:2509)
06-10 13:51:23.209 523 764 E ActivityManager: at android.os.Binder.execTransactInternal(Binder.java:1179)
06-10 13:51:23.209 523 764 E ActivityManager: at android.os.Binder.execTransact(Binder.java:1143)
06-10 13:51:23.210 259 259 D Zygote : Forked child process 1532
06-10 13:51:23.222 1090 1090 D WanCommander: handleConnection:
06-10 13:51:23.229 1532 1532 I Zygote : seccomp disabled by setenforce 0
06-10 13:51:23.208 1324 1324 D BluetoothKeystoreService: loadConfigData
06-10 13:51:23.248 523 553 W ActivityManager: Slow operation: 89ms so far, now at startProcess: returned from zygote!
06-10 13:51:23.244 1278 1278 I SharedPreferenc: type=1400 audit(0.0:490): avc: denied { search } for name="com.dangbei.screencast" dev="mmcblk0p25" ino=908 scontext=u:r:platform_app:s0:c512,c768 tcontext=u:object_r:app_data_file:s0:c512,c768 tclass=dir permissive=1 app=com.dangbei.screencast
06-10 13:51:23.253 523 811 W WindowManager: Failed looking up window session=Session{bd429e8 1165:1000} callers=com.android.server.wm.WindowManagerService.windowForClientLocked:5702 com.android.server.wm.Session.insetsModified:629 android.view.IWindowSession$Stub.onTransact:1151
06-10 13:51:23.260 523 1082 D BackupTransportManager: Transport com.android.localtransport/.LocalTransportService registered
06-10 13:51:23.260 523 1082 D BackupManagerService: [UserID:0] Transport com.android.localtransport/.LocalTransport registered 4143ms after first request (delay = 3000ms)
06-10 13:51:23.261 1347 1347 D aaa : LedStatusService onStartCommand begin
06-10 13:51:23.260 1278 1278 I SharedPreferenc: type=1400 audit(0.0:491): avc: denied { open } for path="/data/user/0/com.dangbei.screencast/shared_prefs/TDpref_longtime.xml" dev="mmcblk0p25" ino=9668 scontext=u:r:platform_app:s0:c512,c768 tcontext=u:object_r:app_data_file:s0:c512,c768 tclass=file permissive=1 app=com.dangbei.screencast
06-10 13:51:23.282 401 401 W hdr10p_Configure: 365 callbacks suppressed
06-10 13:51:23.282 401 401 I : DVI mode selected: packets not configured
06-10 13:51:23.282 401 401 W set_vsif_config: 365 callbacks suppressed
06-10 13:51:23.282 401 401 I : Error: set vsif failed
06-10 13:51:23.282 401 401 I : DVI mode selected: packets not configured
06-10 13:51:23.282 401 401 I : Error: set vsif failed
06-10 13:51:23.282 401 401 I : DVI mode selected: packets not configured
06-10 13:51:23.282 401 401 I : Error: set vsif failed
06-10 13:51:23.285 523 552 I DropBoxManagerService: add tag=system_server_wtf isTagEnabled=true flags=0x2
06-10 13:51:23.292 401 401 I : DVI mode selected: packets not configured
06-10 13:51:23.292 401 401 I : Error: set vsif failed
06-10 13:51:23.292 401 401 I : DVI mode selected: packets not configured
06-10 13:51:23.292 401 401 I : Error: set vsif failed
06-10 13:51:23.292 401 401 I : DVI mode selected: packets not configured
06-10 13:51:23.292 401 401 I : Error: set vsif failed
06-10 13:51:23.288 1165 1165 I Choreographer: Skipped 145 frames! The application may be doing too much work on its main thread.
06-10 13:51:23.301 523 553 W ActivityManager: Slow operation: 180ms so far, now at startProcess: done updating battery stats
06-10 13:51:23.302 1347 1546 D aaa : topPkg is -------------- :com.android.tv.settings
06-10 13:51:23.315 401 401 I : DVI mode selected: packets not configured
06-10 13:51:23.315 401 401 I : Error: set vsif failed
06-10 13:51:23.315 401 401 I : DVI mode selected: packets not configured
06-10 13:51:23.315 401 401 I : Error: set vsif failed
06-10 13:51:23.315 401 401 I : DVI mode selected: packets not configured
06-10 13:51:23.315 401 401 I : Error: set vsif failed
06-10 13:51:23.302 412 431 I adbd : jdwp connection from 1532
06-10 13:51:23.308 1165 1296 E hq : LookupControler:::startLookupControllerTimer
06-10 13:51:23.310 523 553 W ActivityManager: Slow operation: 189ms so far, now at startProcess: building log message
06-10 13:51:23.310 523 553 I ActivityManager: app.processName = com.dangbei.lerad.rocky
06-10 13:51:23.310 523 553 I ActivityManager: Start proc 1532:com.dangbei.lerad.rocky/1000 for service {com.dangbei.lerad.rocky/com.dangbei.rocky.RockyService}
06-10 13:51:23.310 523 553 W ActivityManager: Slow operation: 190ms so far, now at startProcess: starting to update pids map
06-10 13:51:23.312 523 553 W ActivityManager: Slow operation: 191ms so far, now at startProcess: done updating pids map
06-10 13:51:23.314 1090 1090 E EtnaListener: onServerConnected
06-10 13:51:23.315 1090 1090 E ccc : cccccc etnaService addListener com.dangbei.lerad.etna.lib.client.EtnaServerListener@1210497 com.dangbei.etna.setting
06-10 13:51:23.315 1090 1090 E ccc : cccccc SettingHelper onServerConnected
06-10 13:51:23.331 1349 1349 D bbb : onStartCommand begin !!!!!!! data分区剩余 19951MB
06-10 13:51:23.352 1090 1090 E ccc : cccccc etnaService addListener com.dangbei.lerad.etna.lib.client.EtnaServerListener@e3f2684 com.dangbei.etna.update
06-10 13:51:23.352 1090 1090 E ccc : cccccc UpdateHelper onServerConnected
06-10 13:51:23.361 1090 1341 E ccc : cccccc sendCycleCheckBootGuideStatusMessage
06-10 13:51:23.366 401 401 I : DVI mode selected: packets not configured
06-10 13:51:23.366 401 401 I : Error: set vsif failed
06-10 13:51:23.362 1090 1341 W ContextImpl: Calling a method in the system process without a qualified user: android.app.ContextImpl.startService:1816 android.content.ContextWrapper.startService:774 com.dangbei.etna.setting.core.SettingHelper.startRocky:260 com.dangbei.etna.setting.core.SettingHelper.sendCycleCheckBootGuideStatusMessage:206 com.dangbei.etna.setting.core.SettingHelper.startLoop:195
06-10 13:51:23.389 1165 1295 E hq : ErrorCoroutineExceptionHandler:::runTry error:java.net.UnknownHostException: Unable to resolve host "ottdbui-tyapiqun7.yysh.mgtv.com": No address associated with hostname from=requestAppBarData_loadData
06-10 13:51:23.395 523 588 D CompatibilityChangeReporter: Compat change id reported: 171306433; UID 1000; state: ENABLED
06-10 13:51:23.426 198 198 I hwservicemanager: getTransport: Cannot find entry android.hardware.configstore@1.0::ISurfaceFlingerConfigs/default in either framework or device VINTF manifest.
06-10 13:51:23.432 1383 1473 I ContactLocale: AddressBook Labels [[zh_CN]]: […, A, B, C, D, E, F, G, H, I, J, K, L, M, N, O, P, Q, R, S, T, U, V, W, X, Y, Z, Α, Β, Γ, Δ, Ε, Ζ, Η, Θ, Ι, Κ, Λ, Μ, Ν, Ξ, Ο, Π, Ρ, Σ, Τ, Υ, Φ, Χ, Ψ, Ω, …, А, Б, В, Г, Д, Ђ, Е, Є, Ж, З, И, І, Й, Ј, К, Л, Љ, М, Н, Њ, О, П, Р, С, Т, Ћ, У, Ф, Х, Ц, Ч, Џ, Ш, Щ, Ю, Я, …, א, ב, ג, ד, ה, ו, ז, ח, ט, י, כ, ל, מ, נ, ס, ע, פ, צ, ק, ר, ש, ת, …, ا, ب, ت, ث, ج, ح, خ, د, ذ, ر, ز, س, ش, ص, ض, ط, ظ, ع, غ, ف, ق, ك, ل, م, ن, ه, و, ي, …, ก, ข, ฃ, ค, ฅ, ฆ, ง, จ, ฉ, ช, ซ, ฌ, ญ, ฎ, ฏ, ฐ, ฑ, ฒ, ณ, ด, ต, ถ, ท, ธ, น, บ, ป, ผ, ฝ, พ, ฟ, ภ, ม, ย, ร, ฤ, ล, ฦ, ว, ศ, ษ, ส, ห, ฬ, อ, ฮ, …, ㄱ, ㄴ, ㄷ, ㄹ, ㅁ, ㅂ, ㅅ, ㅇ, ㅈ, ㅊ, ㅋ, ㅌ, ㅍ, ㅎ, …, あ, か, さ, た, な, は, ま, や, ら, わ, #, …]
06-10 13:51:23.438 1324 1324 I droid.bluetoot: [0610/135123.438138:INFO:com_android_bluetooth_btservice_ActivityAttribution.cpp(96)] classInitNative: succeeds
06-10 13:51:23.439 1324 1324 D BluetoothKeystoreService: getCompareResult: 0
06-10 13:51:23.448 1483 1483 V GraphicsEnvironment: ANGLE Developer option for 'com.tv.filemanager.os' set to: 'default'
06-10 13:51:23.449 1483 1483 V GraphicsEnvironment: Neither updatable production driver nor prerelease driver is supported.
06-10 13:51:23.457 1483 1483 D NetworkSecurityConfig: No Network Security Config specified, using platform default
06-10 13:51:23.459 1483 1483 D NetworkSecurityConfig: No Network Security Config specified, using platform default
06-10 13:51:23.460 1483 1483 I MultiDex: VM with version 2.1.0 has multidex support
06-10 13:51:23.460 1483 1483 I MultiDex: Installing application
06-10 13:51:23.460 1483 1483 I MultiDex: VM has multidex support, MultiDex support library is disabled.
06-10 13:51:23.476 1278 1278 I Thread-4: type=1400 audit(0.0:492): avc: denied { getattr } for path="/data/user/0/com.dangbei.screencast/crashsdk/logs" dev="mmcblk0p25" ino=2041 scontext=u:r:platform_app:s0:c512,c768 tcontext=u:object_r:app_data_file:s0:c512,c768 tclass=dir permissive=1 app=com.dangbei.screencast
06-10 13:51:23.485 1324 1324 I bt_btif : system/bt/btif/src/bluetooth.cc:162 init: init: start restricted = 0 ; common criteria mode = 0, config compare result = 0
06-10 13:51:23.487 1324 1324 I bt : bt_common::init_flags: Flags loaded: gd_core=false gd_advertising=false gd_scanning=false gd_security=false gd_acl=false gd_l2cap=false gd_hci=false gd_controller=false gatt_robust_caching=false btaa_hci=false gd_rust=false gd_link_policy=false
06-10 13:51:23.488 1324 1580 I droid.bluetoot: [0610/135123.487693:INFO:message_loop_thread.cc(224)] Run: message loop starting for thread bt_stack_manager_thread
06-10 13:51:23.489 1324 1580 I bt_stack_manager: system/bt/btif/src/stack_manager.cc:200 event_init_stack: is initializing the stack
06-10 13:51:23.502 1324 1583 I bt_osi_thread: system/bt/osi/src/thread.cc:209 run_thread: run_thread: thread id 1583, thread name alarm_default_ca started
06-10 13:51:23.508 1324 1584 I bt_osi_thread: system/bt/osi/src/thread.cc:209 run_thread: run_thread: thread id 1584, thread name alarm_dispatcher started
06-10 13:51:23.508 1324 1580 I bt_btif_core: system/bt/btif/src/btif_core.cc:235 btif_init_bluetooth: btif_init_bluetooth entered
06-10 13:51:23.512 1324 1585 I droid.bluetoot: [0610/135123.512078:INFO:message_loop_thread.cc(224)] Run: message loop starting for thread bt_jni_thread
06-10 13:51:23.512 1324 1580 I bt_btif_core: system/bt/btif/src/btif_core.cc:239 btif_init_bluetooth: btif_init_bluetooth finished
06-10 13:51:23.513 1324 1580 I bt_stack_config: system/bt/main/stack_config.cc:51 init: init attempt to load stack conf from /etc/bluetooth/bt_stack.conf
06-10 13:51:23.514 1324 1580 I bt_stack_manager: system/bt/btif/src/stack_manager.cc:223 event_init_stack: finished
06-10 13:51:23.514 1324 1324 I bt_osi_wakelock: system/bt/osi/src/wakelock.cc:98 wakelock_set_os_callouts: wakelock_set_os_callouts set to non-native
06-10 13:51:23.514 1324 1324 I bt_btif : system/bt/btif/src/bluetooth.cc:417 get_profile_interface: get_profile_interface: id = socket
06-10 13:51:23.514 1324 1324 E droid.bluetoot: [0610/135123.514652:ERROR:message_loop_thread.cc(102)] DoInThreadDelayed: message loop is null for thread bt_main_thread(-1), from pc:0xc0a952fb
06-10 13:51:23.514 1324 1324 E droid.bluetoot: [0610/135123.514851:ERROR:btu_task.cc(94)] do_in_main_thread: failed from pc:0xc0a952fb
06-10 13:51:23.514 1324 1324 E droid.bluetoot: [0610/135123.514923:ERROR:message_loop_thread.cc(102)] DoInThreadDelayed: message loop is null for thread bt_main_thread(-1), from pc:0xc0a952fb
06-10 13:51:23.515 1324 1324 E droid.bluetoot: [0610/135123.514978:ERROR:btu_task.cc(94)] do_in_main_thread: failed from pc:0xc0a952fb
06-10 13:51:23.515 1324 1324 E droid.bluetoot: [0610/135123.515185:ERROR:message_loop_thread.cc(102)] DoInThreadDelayed: message loop is null for thread bt_main_thread(-1), from pc:0xc0a952fb
06-10 13:51:23.515 1324 1324 E droid.bluetoot: [0610/135123.515241:ERROR:btu_task.cc(94)] do_in_main_thread: failed from pc:0xc0a952fb
06-10 13:51:23.517 293 838 E HWComposer: getSupportedContentTypes: getSupportedContentTypes failed for display 0: Unsupported (8)
06-10 13:51:23.521 198 198 I hwservicemanager: getTransport: Cannot find entry android.hardware.graphics.mapper@4.0::IMapper/default in either framework or device VINTF manifest.
06-10 13:51:23.521 1324 1324 D BluetoothKeystoreService: initJni()
06-10 13:51:23.522 1324 1324 I bt_btif : system/bt/btif/src/bluetooth.cc:417 get_profile_interface: get_profile_interface: id = bluetooth_keystore
06-10 13:51:23.523 1324 1324 I bt_btif : system/bt/btif/src/bluetooth.cc:417 get_profile_interface: get_profile_interface: id = sdp
06-10 13:51:23.530 1165 1587 I Gralloc4: mapper 4.x is not supported
06-10 13:51:23.537 198 198 I hwservicemanager: getTransport: Cannot find entry android.hardware.graphics.mapper@3.0::IMapper/default in either framework or device VINTF manifest.
06-10 13:51:23.539 1165 1587 W Gralloc3: mapper 3.x is not supported
06-10 13:51:23.542 1090 1341 E ccc : cccccc sendCycleCheckBroadcast
06-10 13:51:23.543 1090 1341 W ContextImpl: Calling a method in the system process without a qualified user: android.app.ContextImpl.sendBroadcast:1173 android.content.ContextWrapper.sendBroadcast:479 com.dangbei.etna.setting.core.SettingHelper.sendCycleToProjector:250 com.dangbei.etna.setting.core.SettingHelper.sendCycleCheckBroadcast:219 com.dangbei.etna.setting.core.SettingHelper.sendCycleCheckBootGuideStatusMessage:207
06-10 13:51:23.562 523 1082 I BackupManagerService: [UserID:0] Found 37 stale backup journal(s), scheduling.
06-10 13:51:23.568 1165 1587 E gralloc : Arm Module v1.0
06-10 13:51:23.576 198 198 I hwservicemanager: getTransport: Cannot find entry android.hardware.graphics.allocator@4.0::IAllocator/default in either framework or device VINTF manifest.
06-10 13:51:23.576 1165 1587 W Gralloc4: allocator 4.x is not supported
06-10 13:51:23.579 1165 1459 W System.err: java.net.UnknownHostException: Unable to resolve host "utoken.umeng.com": No address associated with hostname
06-10 13:51:23.579 1165 1459 W System.err: at java.net.Inet6AddressImpl.lookupHostByName(Inet6AddressImpl.java:156)
06-10 13:51:23.579 1165 1459 W System.err: at java.net.Inet6AddressImpl.lookupAllHostAddr(Inet6AddressImpl.java:103)
06-10 13:51:23.580 1165 1459 W System.err: at java.net.InetAddress.getAllByName(InetAddress.java:1152)
06-10 13:51:23.580 1165 1459 W System.err: at com.android.okhttp.Dns$1.lookup(Dns.java:41)
06-10 13:51:23.580 1165 1459 W System.err: at com.android.okhttp.internal.http.RouteSelector.resetNextInetSocketAddress(RouteSelector.java:178)
06-10 13:51:23.580 1165 1459 W System.err: at com.android.okhttp.internal.http.RouteSelector.nextProxy(RouteSelector.java:144)
06-10 13:51:23.580 1165 1459 W System.err: at com.android.okhttp.internal.http.RouteSelector.next(RouteSelector.java:86)
06-10 13:51:23.580 1165 1459 W System.err: at com.android.okhttp.internal.http.StreamAllocation.findConnection(StreamAllocation.java:176)
06-10 13:51:23.580 1165 1459 W System.err: at com.android.okhttp.internal.http.StreamAllocation.findHealthyConnection(StreamAllocation.java:128)
06-10 13:51:23.580 1165 1459 W System.err: at com.android.okhttp.internal.http.StreamAllocation.newStream(StreamAllocation.java:97)
06-10 13:51:23.580 1165 1459 W System.err: at com.android.okhttp.internal.http.HttpEngine.connect(HttpEngine.java:289)
06-10 13:51:23.580 1165 1459 W System.err: at com.android.okhttp.internal.http.HttpEngine.sendRequest(HttpEngine.java:232)
06-10 13:51:23.580 1165 1459 W System.err: at com.android.okhttp.internal.huc.HttpURLConnectionImpl.execute(HttpURLConnectionImpl.java:465)
06-10 13:51:23.580 1165 1459 W System.err: at com.android.okhttp.internal.huc.HttpURLConnectionImpl.connect(HttpURLConnectionImpl.java:131)
06-10 13:51:23.580 1165 1459 W System.err: at com.android.okhttp.internal.huc.HttpURLConnectionImpl.getOutputStream(HttpURLConnectionImpl.java:262)
06-10 13:51:23.580 1165 1459 W System.err: at com.android.okhttp.internal.huc.DelegatingHttpsURLConnection.getOutputStream(DelegatingHttpsURLConnection.java:219)
06-10 13:51:23.580 1165 1459 W System.err: at com.android.okhttp.internal.huc.HttpsURLConnectionImpl.getOutputStream(HttpsURLConnectionImpl.java:30)
06-10 13:51:23.580 1165 1459 W System.err: at com.umeng.umzid.a.a(SourceFile:80)
06-10 13:51:23.580 1165 1459 W System.err: at com.umeng.umzid.ZIDManager.b(SourceFile:298)
06-10 13:51:23.580 1165 1459 W System.err: at com.umeng.umzid.ZIDManager$b.run(Unknown Source:4)
06-10 13:51:23.580 1165 1459 W System.err: at java.util.concurrent.Executors$RunnableAdapter.call(Executors.java:462)
06-10 13:51:23.580 1165 1459 W System.err: at java.util.concurrent.FutureTask.run(FutureTask.java:266)
06-10 13:51:23.580 1165 1459 W System.err: at java.util.concurrent.ScheduledThreadPoolExecutor$ScheduledFutureTask.run(ScheduledThreadPoolExecutor.java:301)
06-10 13:51:23.580 1165 1459 W System.err: at java.util.concurrent.ThreadPoolExecutor.runWorker(ThreadPoolExecutor.java:1167)
06-10 13:51:23.580 1165 1459 W System.err: at java.util.concurrent.ThreadPoolExecutor$Worker.run(ThreadPoolExecutor.java:641)
06-10 13:51:23.580 1165 1459 W System.err: at java.lang.Thread.run(Thread.java:920)
06-10 13:51:23.580 1165 1459 W System.err: Caused by: android.system.GaiException: android_getaddrinfo failed: EAI_NODATA (No address associated with hostname)
06-10 13:51:23.580 1165 1459 W System.err: at libcore.io.Linux.android_getaddrinfo(Native Method)
06-10 13:51:23.581 1165 1459 W System.err: at libcore.io.ForwardingOs.android_getaddrinfo(ForwardingOs.java:136)
06-10 13:51:23.581 1165 1459 W System.err: at libcore.io.BlockGuardOs.android_getaddrinfo(BlockGuardOs.java:221)
06-10 13:51:23.581 1165 1459 W System.err: at libcore.io.ForwardingOs.android_getaddrinfo(ForwardingOs.java:136)
06-10 13:51:23.581 1165 1459 W System.err: at java.net.Inet6AddressImpl.lookupHostByName(Inet6AddressImpl.java:135)
06-10 13:51:23.581 1165 1459 W System.err: ... 25 more
06-10 13:51:23.583 1090 1341 W ContextImpl: Calling a method in the system process without a qualified user: android.app.ContextImpl.sendBroadcast:1173 android.content.ContextWrapper.sendBroadcast:479 com.dangbei.etna.setting.core.SettingHelper.sendCycleToVoice:235 com.dangbei.etna.setting.core.SettingHelper.sendCycleCheckBroadcast:220 com.dangbei.etna.setting.core.SettingHelper.sendCycleCheckBootGuideStatusMessage:207
06-10 13:51:23.585 1324 1324 D BluetoothDatabase: start()
06-10 13:51:23.589 523 1150 E ActivityManager: Sending non-protected broadcast com.dangbei.etna.setting.action_cycle_check_broadcast from system 1090:com.dangbei.lerad.etna.haqu/1000 pkg com.dangbei.lerad.etna.haqu
06-10 13:51:23.589 523 1150 E ActivityManager: java.lang.Throwable
06-10 13:51:23.589 523 1150 E ActivityManager: at com.android.server.am.ActivityManagerService.checkBroadcastFromSystem(ActivityManagerService.java:12816)
06-10 13:51:23.589 523 1150 E ActivityManager: at com.android.server.am.ActivityManagerService.broadcastIntentLocked(ActivityManagerService.java:13513)
06-10 13:51:23.589 523 1150 E ActivityManager: at com.android.server.am.ActivityManagerService.broadcastIntentLocked(ActivityManagerService.java:12833)
06-10 13:51:23.589 523 1150 E ActivityManager: at com.android.server.am.ActivityManagerService.broadcastIntentWithFeature(ActivityManagerService.java:13670)
06-10 13:51:23.589 523 1150 E ActivityManager: at android.app.IActivityManager$Stub.onTransact(IActivityManager.java:2326)
06-10 13:51:23.589 523 1150 E ActivityManager: at com.android.server.am.ActivityManagerService.onTransact(ActivityManagerService.java:2509)
06-10 13:51:23.589 523 1150 E ActivityManager: at android.os.Binder.execTransactInternal(Binder.java:1179)
06-10 13:51:23.589 523 1150 E ActivityManager: at android.os.Binder.execTransact(Binder.java:1143)
06-10 13:51:23.592 198 198 I hwservicemanager: getTransport: Cannot find entry android.hardware.graphics.allocator@3.0::IAllocator/default in either framework or device VINTF manifest.
06-10 13:51:23.592 1165 1587 W Gralloc3: allocator 3.x is not supported
06-10 13:51:23.593 523 552 I DropBoxManagerService: add tag=system_server_wtf isTagEnabled=true flags=0x2
06-10 13:51:23.596 1383 1473 D ContactsDatabaseHelper: WAL enabled for profile.db: true
06-10 13:51:23.600 1324 1324 D BluetoothDatabase: Load Database
06-10 13:51:23.601 1324 1324 I BluetoothAdapterService: Phone policy enabled
06-10 13:51:23.613 272 272 I gralloc : alloc buffer:W:1920 H:1080 S:1920 PL[1920 1080] SZ:8294400 fmt:1 if:0 af:1 usg:20000b00 fg:00000004
06-10 13:51:23.615 1165 1587 E ion : ioctl c0044901 failed with code -1: Inappropriate ioctl for device
06-10 13:51:23.617 1324 1324 D BluetoothActiveDeviceManager: start()
06-10 13:51:23.620 1278 1278 I gbei.screencast: type=1400 audit(0.0:493): avc: denied { write } for name="files" dev="mmcblk0p25" ino=2025 scontext=u:r:platform_app:s0:c512,c768 tcontext=u:object_r:app_data_file:s0:c512,c768 tclass=dir permissive=1 app=com.dangbei.screencast
06-10 13:51:23.625 272 272 I gralloc : alloc buffer:W:1920 H:1080 S:1920 PL[1920 1080] SZ:8294400 fmt:1 if:0 af:1 usg:20000b00 fg:00000004
06-10 13:51:23.630 1532 1532 D CompatibilityChangeReporter: Compat change id reported: 171979766; UID 1000; state: DISABLED
06-10 13:51:23.631 272 296 I gralloc : alloc buffer:W:1920 H:1080 S:1920 PL[1920 1080] SZ:8294400 fmt:1 if:0 af:1 usg:20000b00 fg:00000004
06-10 13:51:23.631 1278 1278 W audit : audit_lost=69 audit_rate_limit=5 audit_backlog_limit=64
06-10 13:51:23.631 1278 1278 E audit : rate limit exceeded
06-10 13:51:23.677 1324 1600 D BluetoothActiveDeviceManager: onAudioDevicesAdded
06-10 13:51:23.678 1324 1600 D BluetoothActiveDeviceManager: Audio device added: DBBOX-A2 type: 2
06-10 13:51:23.678 1324 1600 D BluetoothActiveDeviceManager: Audio device added: DBBOX-A2 type: 15
06-10 13:51:23.678 1324 1600 D BluetoothActiveDeviceManager: Audio device added: DBBOX-A2 type: 25
06-10 13:51:23.680 1165 1294 E hq : ErrorCoroutineExceptionHandler:::runTry error:java.net.UnknownHostException: Unable to resolve host "ottdbui-tyapiqun7.yysh.mgtv.com": No address associated with hostname from=requestUserAgreement
06-10 13:51:23.681 1165 1294 E UserProtocolInterceptorImpl: isAgree: 20210615 20210615 true
06-10 13:51:23.684 1165 1571 W ContextImpl: Calling a method in the system process without a qualified user: android.app.ContextImpl.bindService:1895 android.content.ContextWrapper.bindService:810 android.content.ContextWrapper.bindService:810 Am0.run:15 java.lang.Thread.run:920
06-10 13:51:23.696 1165 1294 E UserProtocolInterceptorImpl: version===>0
06-10 13:51:23.701 1324 1324 D BluetoothAdapterService: setAdapterService() - trying to set service to com.android.bluetooth.btservice.AdapterService@f9f73f5
06-10 13:51:23.710 523 1082 I BackupManagerService: [UserID:0] Stale backup journals: Scheduled 8 package(s) total
06-10 13:51:23.717 1165 1440 W SQLiteLog: (28) double-quoted string literal: "1749534208121"
06-10 13:51:23.720 1165 1440 W SQLiteLog: (28) double-quoted string literal: "7AD98FE1C40F556F3E0691650FD63F71"
06-10 13:51:23.736 1483 1483 I MultiDex: Installing application
06-10 13:51:23.737 1483 1483 I MultiDex: VM has multidex support, MultiDex support library is disabled.
06-10 13:51:23.739 523 764 D CompatibilityChangeReporter: Compat change id reported: 135634846; UID 10060; state: DISABLED
06-10 13:51:23.744 523 553 D CompatibilityChangeReporter: Compat change id reported: 143937733; UID 10060; state: ENABLED
06-10 13:51:23.746 1483 1483 W .filemanager.o: Accessing hidden field Landroid/app/ActivityThread;->mHiddenApiWarningShown:Z (max-target-o, reflection, denied)
06-10 13:51:23.747 1483 1483 W System.err: java.lang.NoSuchFieldException: No field mHiddenApiWarningShown in class Landroid/app/ActivityThread; (declaration of 'android.app.ActivityThread' appears in /system/framework/framework.jar)
06-10 13:51:23.747 1483 1483 W System.err: at java.lang.Class.getDeclaredField(Native Method)
06-10 13:51:23.747 1483 1483 W System.err: at com.dangbei.lerad.filemanager.application.App.disableAPIDialog(App.java:166)
06-10 13:51:23.747 1483 1483 W System.err: at com.dangbei.lerad.filemanager.application.App.onCreate(App.java:95)
06-10 13:51:23.747 1483 1483 W System.err: at android.app.Instrumentation.callApplicationOnCreate(Instrumentation.java:1211)
06-10 13:51:23.747 1483 1483 W System.err: at android.app.ActivityThread.handleBindApplication(ActivityThread.java:6740)
06-10 13:51:23.747 1483 1483 W System.err: at android.app.ActivityThread.access$1500(ActivityThread.java:247)
06-10 13:51:23.748 1483 1483 W System.err: at android.app.ActivityThread$H.handleMessage(ActivityThread.java:2053)
06-10 13:51:23.748 1324 1324 D BluetoothAdapterService: onBind()
06-10 13:51:23.748 1483 1483 W System.err: at android.os.Handler.dispatchMessage(Handler.java:106)
06-10 13:51:23.748 1483 1483 W System.err: at android.os.Looper.loopOnce(Looper.java:201)
06-10 13:51:23.748 1483 1483 W System.err: at android.os.Looper.loop(Looper.java:288)
06-10 13:51:23.748 1483 1483 W System.err: at android.app.ActivityThread.main(ActivityThread.java:7854)
06-10 13:51:23.748 1483 1483 W System.err: at java.lang.reflect.Method.invoke(Native Method)
06-10 13:51:23.748 1483 1483 W System.err: at com.android.internal.os.RuntimeInit$MethodAndArgsCaller.run(RuntimeInit.java:548)
06-10 13:51:23.748 1483 1483 W System.err: at com.android.internal.os.ZygoteInit.main(ZygoteInit.java:1182)
06-10 13:51:23.749 523 523 D BluetoothManagerService: BluetoothServiceConnection: com.android.bluetooth.btservice.AdapterService
06-10 13:51:23.749 523 545 D BluetoothManagerService: MESSAGE_BLUETOOTH_SERVICE_CONNECTED: 1
06-10 13:51:23.758 523 545 D BluetoothManagerService: Broadcasting onBluetoothServiceUp() to 4 receivers.
06-10 13:51:23.759 1324 1339 D BluetoothAdapter: onBluetoothServiceUp: com.android.bluetooth.btservice.AdapterService$AdapterServiceBinder@d71d6bf
06-10 13:51:23.761 523 545 D BluetoothAdapter: onBluetoothServiceUp: android.bluetooth.IBluetooth$Stub$Proxy@204a702
06-10 13:51:23.763 678 989 D BluetoothAdapter: onBluetoothServiceUp: android.bluetooth.IBluetooth$Stub$Proxy@5be3a05
06-10 13:51:23.763 1090 1512 D BluetoothAdapter: onBluetoothServiceUp: android.bluetooth.IBluetooth$Stub$Proxy@cb7ce6d
06-10 13:51:23.766 1324 1339 D BluetoothAdapterService: enable() - Enable called with quiet mode status = false
06-10 13:51:23.767 1324 1514 I AdapterState: BLE_TURNING_ON : entered
06-10 13:51:23.767 1324 1514 D AdapterProperties: Setting state to BLE_TURNING_ON
06-10 13:51:23.768 1324 1514 D BluetoothAdapterService: updateAdapterState() - Broadcasting state BLE_TURNING_ON to 1 receivers.
06-10 13:51:23.780 523 545 D BluetoothManagerService: MESSAGE_BLUETOOTH_STATE_CHANGE: OFF > BLE_TURNING_ON
06-10 13:51:23.780 523 545 D BluetoothManagerService: Sending BLE State Change: OFF > BLE_TURNING_ON
06-10 13:51:23.781 1483 1483 E ActivityThread: Failed to find provider info for lerad.provider.etna
06-10 13:51:23.779 1278 1278 I TDLog : setReportUncaughtExceptions: true
06-10 13:51:23.782 1278 1602 I crashsdk: version unique build id: 6230cced
06-10 13:51:23.784 1532 1532 D ApplicationLoaders: Returning zygote-cached class loader: /system/framework/android.test.base.jar
06-10 13:51:23.784 1165 1294 D hq : NetWorkStateReceiver:::检查网络,并且持续更新 isConnect=false
06-10 13:51:23.785 1165 1571 W ContextImpl: Calling a method in the system process without a qualified user: android.app.ContextImpl.bindService:1895 android.content.ContextWrapper.bindService:810 android.content.ContextWrapper.bindService:810 Am0.run:22 java.lang.Thread.run:920
06-10 13:51:23.787 1532 1532 D ApplicationLoaders: Returning zygote-cached class loader: /system/framework/android.hidl.manager-V1.0-java.jar
06-10 13:51:23.788 1532 1532 D ApplicationLoaders: Returning zygote-cached class loader: /system/framework/android.hidl.base-V1.0-java.jar
06-10 13:51:23.797 259 259 D Zygote : Forked child process 1619
06-10 13:51:23.801 523 553 W ActivityManager: Slow operation: 66ms so far, now at startProcess: returned from zygote!
06-10 13:51:23.811 523 553 W ActivityManager: Slow operation: 76ms so far, now at startProcess: done updating battery stats
06-10 13:51:23.811 523 553 W ActivityManager: Slow operation: 76ms so far, now at startProcess: building log message
06-10 13:51:23.811 523 553 I ActivityManager: app.processName = com.android.webview:webview_service
06-10 13:51:23.811 523 553 I ActivityManager: Start proc 1619:com.android.webview:webview_service/u0a60 for service {com.android.webview/org.chromium.android_webview.services.VariationsSeedServer}
06-10 13:51:23.811 523 553 W ActivityManager: Slow operation: 76ms so far, now at startProcess: starting to update pids map
06-10 13:51:23.811 523 553 W ActivityManager: Slow operation: 76ms so far, now at startProcess: done updating pids map
06-10 13:51:23.812 1278 1278 E Application: onCreate:Version:v2.8.3/20830/883432e
06-10 13:51:23.817 523 617 D chongyuzhao: reconnect again
06-10 13:51:23.818 1324 1514 D BluetoothAdapterService: bleOnProcessStart()
06-10 13:51:23.819 1324 1514 I AdapterProperties: init(), maxConnectedAudioDevices, default=5, propertyOverlayed=5, finalValue=5
06-10 13:51:23.832 1619 1619 I Zygote : seccomp disabled by setenforce 0
06-10 13:51:23.869 523 545 W IorapForwardingService: No service published for: iorapd
06-10 13:51:23.878 1278 1626 D crashsdk: Native log stat thread 1626 setup, waiting
06-10 13:51:23.898 412 431 I adbd : jdwp connection from 1619
06-10 13:51:23.905 1483 1483 D USBReceiver: usb > onReceive: action = android.intent.action.MEDIA_MOUNTED
06-10 13:51:23.909 1324 1514 D BluetoothAdapterService: bleOnProcessStart() - Make Bond State Machine
06-10 13:51:23.909 1324 1514 D BluetoothBondStateMachine: make
06-10 13:51:23.912 1278 1482 I crashsdk: begin hack android.os.Process
06-10 13:51:23.913 1278 1482 I crashsdk: end hack android.os.Process
06-10 13:51:23.915 523 811 D BluetoothManagerService: enable(com.dangbei.lerad.etna.haqu): mBluetooth =android.bluetooth.IBluetooth$Stub$Proxy@204a702 mBinding = false mState = BLE_TURNING_ON
06-10 13:51:23.915 523 811 D BluetoothManagerService: enable returning
06-10 13:51:23.927 523 545 D BluetoothManagerService: MESSAGE_ENABLE(0): mBluetooth = android.bluetooth.IBluetooth$Stub$Proxy@204a702
06-10 13:51:23.937 1324 1646 I BluetoothBondStateMachine: StableState(): Entering Off State
06-10 13:51:23.994 1165 1165 E xxxxxxxxxxxxxxx: onReceive:mIsHDMIPlugged = false
06-10 13:51:23.995 1165 1165 E hq : USBReceiver:::USBReceiver onReceive: action=android.intent.action.MEDIA_MOUNTED
06-10 13:51:23.995 1165 1165 E hq : USBReceiver:::USBReceiver onReceive: action=android.intent.action.MEDIA_MOUNTED
06-10 13:51:23.995 1324 1324 I BtGatt.JNI: classInitNative(L1073): classInitNative: Success!
06-10 13:51:23.997 1324 1596 D BluetoothDatabase: compactLastConnectionTime: Compacting metadata after load
06-10 13:51:23.997 1324 1596 I BluetoothDatabase: cacheMetadata
06-10 13:51:23.997 1324 1596 V BluetoothDatabase: cacheMetadata: found device LocalStorage
06-10 13:51:23.997 1324 1596 V BluetoothDatabase: cacheMetadata: found device E4:BB:D3:57:C0:7D
06-10 13:51:23.997 1324 1596 I BluetoothDatabase: cacheMetadata: Database is ready
06-10 13:51:24.004 1165 1165 I Choreographer: Skipped 36 frames! The application may be doing too much work on its main thread.
06-10 13:51:24.005 1165 1165 E hq : AdHelper:::启动延迟检查,支持广告的最长播放时间:25000 isLoadAd=false
06-10 13:51:24.007 1165 1165 D OsInitLaunch: send cache: launchAd, playAd, start, null
06-10 13:51:24.007 1324 1324 D BtGatt.DebugUtils: handleDebugAction() action=null
06-10 13:51:24.008 1165 1165 I dangbei ad sdk: ADSDK::play splash ad
06-10 13:51:24.009 1165 1165 I dangbei ad sdk: AdSplashView::show offline ad
06-10 13:51:24.017 1165 1405 I UtilCommon: 未开启蓝牙
06-10 13:51:24.024 523 547 E ActivityRecord: real home.....com.dangbei.leard.leradlauncher/com.dangbei.launcher.home.LauncherActivity
06-10 13:51:24.024 523 547 E +++ActivityRecord: pre led_switch = 1
06-10 13:51:24.034 1 1 I init : processing action (vendor.led_switch=*) from (/vendor/etc/init/hw/init.oranth.rc:139)
06-10 13:51:24.046 1278 1278 E UsbEventBroadcastReceiver: onReceive: android.hardware.usb.action.USB_DEVICE_ATTACHED
06-10 13:51:24.065 1090 1512 E ccc : cccccc etnaService addListener com.dangbei.lerad.etna.aidl.IEtnaAidlListener$Stub$Proxy@8675333 com.dangbei.leard.leradlauncher
06-10 13:51:24.066 1165 1165 E hq : Etna:::etnaClient connectState=true
06-10 13:51:24.066 1165 1165 E getHdmiStatus: sourceInputStatus=null mEtnaAdapter=com.dangbei.launcher.etna.EtnaAdapter@31f3a2e
06-10 13:51:24.075 1165 1165 E hq : AdHelper:::notFetchAd: main
06-10 13:51:24.075 1165 1165 E hq : AdHelper:::onComplete:main
06-10 13:51:24.075 1165 1165 E hq : AdHelper:::adFinish: com.dangbei.launcher.home.callback.LauncherCallback$onAttach$1$1@1cc5548
06-10 13:51:24.076 1165 1165 E hq : LauncherCallback:::onDetach
06-10 13:51:24.076 1165 1165 E hq : AdHelper:::handleFinishAd: true
06-10 13:51:24.072 1653 1653 I led_switch.sh: type=1400 audit(0.0:508): avc: denied { write } for name="tmp" dev="mmcblk0p25" ino=85 scontext=u:r:init:s0 tcontext=u:object_r:shell_data_file:s0 tclass=dir permissive=1 bug=b/77873135
06-10 13:51:24.077 1278 1278 E z : isUsbCastSupport getModel:DBBOX-A2
06-10 13:51:24.079 1278 1278 E UsbEventBroadcastReceiver: return USB_CAST_SWITCH false
06-10 13:51:24.072 1653 1653 I led_switch.sh: type=1400 audit(0.0:509): avc: denied { add_name } for name="led_swith.txt" scontext=u:r:init:s0 tcontext=u:object_r:shell_data_file:s0 tclass=dir permissive=1 bug=b/77873135
06-10 13:51:24.072 1653 1653 I led_switch.sh: type=1400 audit(0.0:510): avc: denied { create } for name="led_swith.txt" scontext=u:r:init:s0 tcontext=u:object_r:shell_data_file:s0 tclass=file permissive=1 bug=b/77873135
06-10 13:51:24.076 1653 1653 I led_switch.sh: type=1400 audit(0.0:511): avc: denied { write } for name="led_swith.txt" dev="mmcblk0p25" ino=228 scontext=u:r:init:s0 tcontext=u:object_r:shell_data_file:s0 tclass=file permissive=1 bug=b/77873135
06-10 13:51:24.090 508 513 D BootAnimation: BootAnimationStopTiming start time: 32027ms
06-10 13:51:24.093 1165 1405 I UtilCommon: bluetoothMac=null
06-10 13:51:24.076 1653 1653 I led_switch.sh: type=1400 audit(0.0:512): avc: denied { open } for path="/data/local/tmp/led_swith.txt" dev="mmcblk0p25" ino=228 scontext=u:r:init:s0 tcontext=u:object_r:shell_data_file:s0 tclass=file permissive=1 bug=b/77873135
06-10 13:51:24.094 1165 1405 E wangli : env: 0_false
06-10 13:51:24.096 1278 1278 I crashsdk: Catcher mask: 5000, 20480
06-10 13:51:24.097 1278 1278 I crashsdk: Catcher thread 1284
06-10 13:51:24.097 1278 1278 D crashsdk: Register ANR handler ...
06-10 13:51:24.103 523 547 W System.err: java.io.IOException: Cannot run program "su": error=2, No such file or directory
06-10 13:51:24.104 523 547 W System.err: at java.lang.ProcessBuilder.start(ProcessBuilder.java:1050)
06-10 13:51:24.104 523 547 W System.err: at java.lang.Runtime.exec(Runtime.java:694)
06-10 13:51:24.104 523 547 W System.err: at java.lang.Runtime.exec(Runtime.java:524)
06-10 13:51:24.104 523 547 W System.err: at java.lang.Runtime.exec(Runtime.java:421)
06-10 13:51:24.104 523 547 W System.err: at com.android.server.wm.ActivityRecord.executeCMD(ActivityRecord.java:5940)
06-10 13:51:24.104 523 547 W System.err: at com.android.server.wm.ActivityRecord.onWindowsDrawn(ActivityRecord.java:5992)
06-10 13:51:24.104 523 547 W System.err: at com.android.server.wm.ActivityRecord.updateReportedVisibilityLocked(ActivityRecord.java:6126)
06-10 13:51:24.104 523 547 W System.err: at com.android.server.wm.AppTransitionController.handleOpeningApps(AppTransitionController.java:757)
06-10 13:51:24.104 523 547 W System.err: at com.android.server.wm.AppTransitionController.handleAppTransitionReady(AppTransitionController.java:227)
06-10 13:51:24.104 523 547 W System.err: at com.android.server.wm.RootWindowContainer.checkAppTransitionReady(RootWindowContainer.java:1045)
06-10 13:51:24.105 523 547 W System.err: at com.android.server.wm.RootWindowContainer.performSurfacePlacementNoTrace(RootWindowContainer.java:884)
06-10 13:51:24.105 523 547 W System.err: at com.android.server.wm.RootWindowContainer.performSurfacePlacement(RootWindowContainer.java:820)
06-10 13:51:24.105 523 547 W System.err: at com.android.server.wm.WindowSurfacePlacer.performSurfacePlacementLoop(WindowSurfacePlacer.java:177)
06-10 13:51:24.105 523 547 W System.err: at com.android.server.wm.WindowSurfacePlacer.performSurfacePlacement(WindowSurfacePlacer.java:126)
06-10 13:51:24.105 523 547 W System.err: at com.android.server.wm.WindowSurfacePlacer.performSurfacePlacement(WindowSurfacePlacer.java:115)
06-10 13:51:24.105 523 547 W System.err: at com.android.server.wm.WindowSurfacePlacer$Traverser.run(WindowSurfacePlacer.java:57)
06-10 13:51:24.105 523 547 W System.err: at android.os.Handler.handleCallback(Handler.java:938)
06-10 13:51:24.105 523 547 W System.err: at android.os.Handler.dispatchMessage(Handler.java:99)
06-10 13:51:24.105 523 547 W System.err: at android.os.Looper.loopOnce(Looper.java:201)
06-10 13:51:24.105 523 547 W System.err: at android.os.Looper.loop(Looper.java:288)
06-10 13:51:24.105 523 547 W System.err: at android.os.HandlerThread.run(HandlerThread.java:67)
06-10 13:51:24.105 523 547 W System.err: at com.android.server.ServiceThread.run(ServiceThread.java:44)
06-10 13:51:24.105 523 547 W System.err: Caused by: java.io.IOException: error=2, No such file or directory
06-10 13:51:24.105 523 547 W System.err: at java.lang.UNIXProcess.forkAndExec(Native Method)
06-10 13:51:24.105 523 547 W System.err: at java.lang.UNIXProcess.(UNIXProcess.java:133)
06-10 13:51:24.105 523 547 W System.err: at java.lang.ProcessImpl.start(ProcessImpl.java:141)
06-10 13:51:24.105 523 547 W System.err: at java.lang.ProcessBuilder.start(ProcessBuilder.java:1029)
06-10 13:51:24.105 523 547 W System.err: ... 21 more
06-10 13:51:24.111 1165 1165 E DangXiaoBeiManager: setMessageList: false
06-10 13:51:24.111 1165 1165 E hq : 当小贝:::显示消息type=SIMPLE_TEXT ,data.isShowInCur=false ,delay=60000 ,message.mandatoryMessage=null , message=null
06-10 13:51:24.111 1165 1165 E hq : 当小贝:::当前显示了消息,不显示新消息
06-10 13:51:24.121 523 547 W System.err: java.io.IOException: Cannot run program "su": error=2, No such file or directory
06-10 13:51:24.122 523 547 W System.err: at java.lang.ProcessBuilder.start(ProcessBuilder.java:1050)
06-10 13:51:24.122 523 547 W System.err: at java.lang.Runtime.exec(Runtime.java:694)
06-10 13:51:24.122 523 547 W System.err: at java.lang.Runtime.exec(Runtime.java:524)
06-10 13:51:24.122 523 547 W System.err: at java.lang.Runtime.exec(Runtime.java:421)
06-10 13:51:24.122 523 547 W System.err: at com.android.server.wm.ActivityRecord.executeCMD(ActivityRecord.java:5940)
06-10 13:51:24.122 523 547 W System.err: at com.android.server.wm.ActivityRecord.onWindowsDrawn(ActivityRecord.java:6001)
