06-10 13:51:41.884 1278 1278 I cling--ap-1: type=1400 audit(0.0:1201): avc: denied { open } for path="/sys/devices/platform/unisoc_wifi/net/wlan1/address" dev="sysfs" ino=28794 scontext=u:r:platform_app:s0:c512,c768 tcontext=u:object_r:sysfs:s0 tclass=file permissive=1 app=com.dangbei.screencast
06-10 13:51:41.931 523 545 W IorapForwardingService: No service published for: iorapd
06-10 13:51:41.939 2339 2339 I DefaultIMS: onStartInput attribute=android.view.inputmethod.EditorInfo@8b836e4 restarting=false inputType: 0
06-10 13:51:41.961 523 1851 D AW_CODE : rotation =0
06-10 13:51:41.973 523 1851 D CompatibilityChangeReporter: Compat change id reported: 181136395; UID 1000; state: DISABLED
06-10 13:51:41.974 523 1851 D CompatibilityChangeReporter: Compat change id reported: 174042936; UID 1000; state: DISABLED
06-10 13:51:41.988 2977 2977 D CompatibilityChangeReporter: Compat change id reported: 171979766; UID 1000; state: ENABLED
06-10 13:51:42.073 669 669 E WifiHAL : wifi_get_link_stats: requestResponse Error:-5
06-10 13:51:42.074 523 617 E WifiVendorHal: getWifiLinkLayerStats_1_5_Internal(l.1191) failed {.code = ERROR_INVALID_ARGS, .description = }
06-10 13:51:42.178 2977 2977 V GraphicsEnvironment: ANGLE Developer option for 'com.dangbei.haqusetting' set to: 'default'
06-10 13:51:42.179 2977 2977 V GraphicsEnvironment: Neither updatable production driver nor prerelease driver is supported.
06-10 13:51:42.181 2977 2977 D NetworkSecurityConfig: No Network Security Config specified, using platform default
06-10 13:51:42.182 2977 2977 D NetworkSecurityConfig: No Network Security Config specified, using platform default
06-10 13:51:42.227 221 788 I keystore2: keystore2::watchdog: Watchdog thread idle -> terminating. Have a great day.
06-10 13:51:42.287 2977 2977 I MultiDex: VM with version 2.1.0 has multidex support
06-10 13:51:42.287 2977 2977 I MultiDex: Installing application
06-10 13:51:42.287 2977 2977 I MultiDex: VM has multidex support, MultiDex support library is disabled.
06-10 13:51:42.374 2977 2977 E ccc : cccccc HaquSettingApplication app onCreate start
06-10 13:51:42.396 1089 1220 W MediaProvider: getVolumePath for unknown volume: internal
06-10 13:51:42.398 1089 1220 W MediaProvider: getVolumePath for unknown volume: internal
06-10 13:51:42.399 1089 1220 W MediaProvider: getVolumePath for unknown volume: internal
06-10 13:51:42.400 1089 1220 W MediaProvider: getVolumePath for unknown volume: internal
06-10 13:51:42.401 1089 1220 W MediaProvider: getVolumePath for unknown volume: internal
06-10 13:51:42.402 1089 1220 W MediaProvider: getVolumePath for unknown volume: internal
06-10 13:51:42.403 1089 1220 W MediaProvider: getVolumePath for unknown volume: internal
06-10 13:51:42.404 1089 1220 W MediaProvider: getVolumePath for unknown volume: internal
06-10 13:51:42.405 1089 1220 W MediaProvider: getVolumePath for unknown volume: internal
06-10 13:51:42.406 1089 1220 W MediaProvider: getVolumePath for unknown volume: internal
06-10 13:51:42.406 1089 1220 W MediaProvider: getVolumePath for unknown volume: internal
06-10 13:51:42.407 1089 1220 W MediaProvider: getVolumePath for unknown volume: internal
06-10 13:51:42.407 1089 1220 W MediaProvider: getVolumePath for unknown volume: internal
06-10 13:51:42.408 1089 1220 W MediaProvider: getVolumePath for unknown volume: internal
06-10 13:51:42.409 1089 1220 W MediaProvider: getVolumePath for unknown volume: internal
06-10 13:51:42.409 1089 1220 W MediaProvider: getVolumePath for unknown volume: internal
06-10 13:51:42.410 1089 1220 W MediaProvider: getVolumePath for unknown volume: internal
06-10 13:51:42.411 1089 1220 W MediaProvider: getVolumePath for unknown volume: internal
06-10 13:51:42.412 1089 1220 W MediaProvider: getVolumePath for unknown volume: internal
06-10 13:51:42.413 1089 1220 W MediaProvider: getVolumePath for unknown volume: internal
06-10 13:51:42.413 1089 1220 W MediaProvider: getVolumePath for unknown volume: internal
06-10 13:51:42.414 1089 1220 W MediaProvider: getVolumePath for unknown volume: internal
06-10 13:51:42.415 1089 1220 W MediaProvider: getVolumePath for unknown volume: internal
06-10 13:51:42.415 1089 1220 W MediaProvider: getVolumePath for unknown volume: internal
06-10 13:51:42.483 2977 2977 E ccc : cccccc HaquSettingApplication app onCreate end
06-10 13:51:42.512 2977 3007 W ContextImpl: Calling a method in the system process without a qualified user: android.app.ContextImpl.bindService:1895 android.content.ContextWrapper.bindService:810 com.dangbei.lerad.etna.lib.client.EtnaClient.bindServer:138 com.dangbei.lerad.etna.lib.client.EtnaClient.access$600:29 com.dangbei.lerad.etna.lib.client.EtnaClient$3.call:205
06-10 13:51:42.639 1090 1512 E ccc : cccccc etnaService addListener com.dangbei.lerad.etna.aidl.IEtnaAidlListener$Stub$Proxy@a092c25 com.dangbei.haqusetting
06-10 13:51:42.640 2977 2977 E ccc : cccccc etna-haqu-connected
06-10 13:51:42.650 523 859 D BufferPoolAccessor2.0: bufferpool2 0xbd80ad58 : 0(0 size) total buffers - 0(0 size) used buffers - 0/7 (recycle/alloc) - 6/60 (fetch/transfer)
06-10 13:51:42.650 523 859 D BufferPoolAccessor2.0: evictor expired: 1, evicted: 1
06-10 13:51:42.654 391 755 D BufferPoolAccessor2.0: evictor expired: 5, evicted: 0
06-10 13:51:42.740 198 198 I hwservicemanager: getTransport: Cannot find entry android.hardware.configstore@1.0::ISurfaceFlingerConfigs/default in either framework or device VINTF manifest.
06-10 13:51:42.762 293 344 E HWComposer: getSupportedContentTypes: getSupportedContentTypes failed for display 0: Unsupported (8)
06-10 13:51:42.765 198 198 I hwservicemanager: getTransport: Cannot find entry android.hardware.graphics.mapper@4.0::IMapper/default in either framework or device VINTF manifest.
06-10 13:51:42.766 2977 3019 I Gralloc4: mapper 4.x is not supported
06-10 13:51:42.766 198 198 I hwservicemanager: getTransport: Cannot find entry android.hardware.graphics.mapper@3.0::IMapper/default in either framework or device VINTF manifest.
06-10 13:51:42.766 2977 3019 W Gralloc3: mapper 3.x is not supported
06-10 13:51:42.772 2977 3019 E gralloc : Arm Module v1.0
06-10 13:51:42.774 198 198 I hwservicemanager: getTransport: Cannot find entry android.hardware.graphics.allocator@4.0::IAllocator/default in either framework or device VINTF manifest.
06-10 13:51:42.775 2977 3019 W Gralloc4: allocator 4.x is not supported
06-10 13:51:42.775 198 198 I hwservicemanager: getTransport: Cannot find entry android.hardware.graphics.allocator@3.0::IAllocator/default in either framework or device VINTF manifest.
06-10 13:51:42.775 2977 3019 W Gralloc3: allocator 3.x is not supported
06-10 13:51:42.777 272 296 I gralloc : alloc buffer:W:1920 H:1080 S:1920 PL[1920 1080] SZ:8294400 fmt:1 if:0 af:1 usg:20000b00 fg:00000004
06-10 13:51:42.778 2977 3019 E ion : ioctl c0044901 failed with code -1: Inappropriate ioctl for device
06-10 13:51:42.779 272 296 I gralloc : alloc buffer:W:1920 H:1080 S:1920 PL[1920 1080] SZ:8294400 fmt:1 if:0 af:1 usg:20000b00 fg:00000004
06-10 13:51:42.780 272 296 I gralloc : alloc buffer:W:1920 H:1080 S:1920 PL[1920 1080] SZ:8294400 fmt:1 if:0 af:1 usg:20000b00 fg:00000004
06-10 13:51:42.856 884 951 D BufferPoolAccessor2.0: evictor expired: 2, evicted: 0
06-10 13:51:42.857 2977 2977 W RecyclerView: No adapter attached; skipping layout
06-10 13:51:42.884 523 543 I ActivityTaskManager: +++Displayed com.dangbei.haqusetting/.ui.HomeActivity: +1s211ms
06-10 13:51:42.891 276 276 I AW_PowerHAL: Power setMode: LAUNCH to: 0
06-10 13:51:42.892 276 276 I AW_PowerHAL: cur-mode:SCHEDUTIL
06-10 13:51:42.912 2339 2339 I DefaultIMS: onStartInput attribute=android.view.inputmethod.EditorInfo@d46616f restarting=false inputType: 0
06-10 13:51:42.933 523 545 W IorapForwardingService: No service published for: iorapd
06-10 13:51:43.006 1090 1512 E ccc : cccccc UpdateHelper onMessageReceived com.dangbei.haqusetting com.dangbei.etna.update {"action":"get","functionTag":"leaf_controller_function_controller_dangbei_update","value":0} com.dangbei.lerad.etna.aidl.IEtnaAidlCallback$Stub$Proxy@af941fa
06-10 13:51:43.016 1090 1512 E ccc : cccccc 缓存获取遥控器版本 DB-15B-H5-R0111
06-10 13:51:43.025 1090 1119 D BluetoothGatt: connect() - device: E4:BB:D3:57:C0:7D, auto: true
06-10 13:51:43.025 1090 1119 D BluetoothGatt: registerApp()
06-10 13:51:43.025 1090 1119 D BluetoothGatt: registerApp() - UUID=318d5ccc-0739-4e52-88d5-88ed8cc0ebcc
06-10 13:51:43.029 1324 1733 I bluetooth: system/bt/stack/gatt/gatt_api.cc:1019 GATT_Register: Allocated name:GattClient uuid:5bf816f5-eb51-fa7f-385c-0fb0b6438c40 gatt_if:7 eatt_support:0
06-10 13:51:43.029 1324 1733 I bt_bta_gattc: system/bt/bta/gatt/bta_gattc_act.cc:1110 bta_gattc_conn_cback: Connected att_id:7 transport:le reason:GATT_CONN_OK
06-10 13:51:43.029 1090 1112 D BluetoothGatt: onClientRegistered() - status=0 clientIf=7
06-10 13:51:43.031 1324 1585 I bt_btif_config: system/bt/btif/src/btif_config.cc:137 btif_get_device_type: Device [e4:bb:d3:57:c0:7d] device type 2
06-10 13:51:43.031 1090 1119 E ccc : cccccc 请求电量实时 -1
06-10 13:51:43.032 1090 1112 D BluetoothGatt: onClientConnectionState() - status=0 clientIf=7 device=E4:BB:D3:57:C0:7D
06-10 13:51:43.032 1090 1112 D BluetoothGatt: discoverServices() - device: E4:BB:D3:57:C0:7D
06-10 13:51:43.037 1324 1585 I bt_bta_gattc: system/bt/bta/gatt/bta_gattc_cache.cc:902 bta_gattc_get_gatt_db: bta_gattc_get_gatt_db
06-10 13:51:43.042 1090 1112 D BluetoothGatt: onSearchComplete() = Device=E4:BB:D3:57:C0:7D Status=0
06-10 13:51:43.203 523 1818 D ConnectivityService: requestNetwork for uid/pid:1000/2977 activeRequest: null callbackRequest: 37 [NetworkRequest [ REQUEST id=38, [ Capabilities: INTERNET&NOT_RESTRICTED&TRUSTED&NOT_VCN_MANAGED Uid: 1000 RequestorUid: 1000 RequestorPkg: com.dangbei.haqusetting] ]] callback flags: 0 priority: 2147483647
06-10 13:51:43.205 523 624 D ConnectivityService: NetReassign [38 : null → 100]
06-10 13:51:43.217 523 662 D Ethernet: got request NetworkRequest [ REQUEST id=38, [ Capabilities: INTERNET&NOT_RESTRICTED&TRUSTED&NOT_VCN_MANAGED Uid: 1000 RequestorUid: 1000 RequestorPkg: com.dangbei.haqusetting] ]
06-10 13:51:43.218 523 662 D EthernetNetworkFactory: acceptRequest, request: NetworkRequest [ REQUEST id=38, [ Capabilities: INTERNET&NOT_RESTRICTED&TRUSTED&NOT_VCN_MANAGED Uid: 1000 RequestorUid: 1000 RequestorPkg: com.dangbei.haqusetting] ]
06-10 13:51:43.218 523 662 I EthernetNetworkFactory: networkForRequest, request: NetworkRequest [ REQUEST id=38, [ Capabilities: INTERNET&NOT_RESTRICTED&TRUSTED&NOT_VCN_MANAGED Uid: 1000 RequestorUid: 1000 RequestorPkg: com.dangbei.haqusetting] ], network: null
06-10 13:51:43.219 523 617 D WifiNetworkFactory: got request NetworkRequest [ REQUEST id=38, [ Capabilities: INTERNET&NOT_RESTRICTED&TRUSTED&NOT_VCN_MANAGED Uid: 1000 RequestorUid: 1000 RequestorPkg: com.dangbei.haqusetting] ]
06-10 13:51:43.219 523 617 D UntrustedWifiNetworkFactory: got request NetworkRequest [ REQUEST id=38, [ Capabilities: INTERNET&NOT_RESTRICTED&TRUSTED&NOT_VCN_MANAGED Uid: 1000 RequestorUid: 1000 RequestorPkg: com.dangbei.haqusetting] ]
06-10 13:51:43.219 523 617 D OemPaidWifiNetworkFactory: got request NetworkRequest [ REQUEST id=38, [ Capabilities: INTERNET&NOT_RESTRICTED&TRUSTED&NOT_VCN_MANAGED Uid: 1000 RequestorUid: 1000 RequestorPkg: com.dangbei.haqusetting] ]
06-10 13:51:43.300 523 817 D SntpClient: request time failed: java.net.SocketTimeoutException: Poll timed out
06-10 13:51:43.331 2339 2339 I DefaultIMS: onStartInput attribute=android.view.inputmethod.EditorInfo@3817e7c restarting=false inputType: 0
06-10 13:51:43.389 1090 1112 E ccc : cccccc settingHelper resetManager
06-10 13:51:43.391 1090 1112 D DisplayOutputImpl: updateSupportModes type = 4
06-10 13:51:43.394 273 273 D DisplayConfig: virtual Return vendor::display::config::V1_0::implementation::DisplayConfig::getSupportedModes(int32_t, vendor::display::config::V1_0::IDisplayConfig::getSupportedModes_cb): display[0] ret=0, supported modes count(18)
06-10 13:51:43.399 273 273 D DisplayConfig: virtual Return vendor::display::config::V1_0::implementation::DisplayConfig::getSupportedModes(int32_t, vendor::display::config::V1_0::IDisplayConfig::getSupportedModes_cb): display[0] ret=0, supported modes count(18)
06-10 13:51:43.400 273 273 W displayd: xxxxxxx: hdmi user strategy: 28
06-10 13:51:43.401 273 273 W displayd: xxxxxxx: getHDMINativeMode: use perfect hdmi mode(35) as native mode
06-10 13:51:43.402 1090 1112 D DisplayOutputImpl: updateSupportModes = 10 , 28 , false
06-10 13:51:43.403 1090 1112 V HdmiDisplayManager: H618
06-10 13:51:43.405 273 273 D DisplayConfig: virtual Return vendor::display::config::V1_0::implementation::DisplayConfig::getSupportedModes(int32_t, vendor::display::config::V1_0::IDisplayConfig::getSupportedModes_cb): display[0] ret=0, supported modes count(18)
06-10 13:51:43.406 273 273 W displayd: xxxxxxx: hdmi user strategy: 28
06-10 13:51:43.406 273 273 W displayd: xxxxxxx: getHDMINativeMode: use perfect hdmi mode(35) as native mode
06-10 13:51:43.407 1090 1112 D DisplayOutputImpl: getDisplayOutputMode = 10 , 28 , false
06-10 13:51:43.408 273 273 D DisplayConfig: virtual Return vendor::display::config::V1_0::implementation::DisplayConfig::getSupportedModes(int32_t, vendor::display::config::V1_0::IDisplayConfig::getSupportedModes_cb): display[0] ret=0, supported modes count(18)
06-10 13:51:43.410 273 273 W displayd: xxxxxxx: hdmi user strategy: 28
06-10 13:51:43.410 273 273 W displayd: xxxxxxx: getHDMINativeMode: use perfect hdmi mode(35) as native mode
06-10 13:51:43.410 1090 1112 D DisplayOutputImpl: getDisplayOutputMode = 10 , 28 , false
06-10 13:51:43.410 1090 1112 E ccc : cccccc current is 1080p 60Hz
06-10 13:51:43.410 1090 1112 D DisplayOutputImpl: updateSupportModes type = 4
06-10 13:51:43.413 273 273 D DisplayConfig: virtual Return vendor::display::config::V1_0::implementation::DisplayConfig::getSupportedModes(int32_t, vendor::display::config::V1_0::IDisplayConfig::getSupportedModes_cb): display[0] ret=0, supported modes count(18)
06-10 13:51:43.416 273 273 D DisplayConfig: virtual Return vendor::display::config::V1_0::implementation::DisplayConfig::getSupportedModes(int32_t, vendor::display::config::V1_0::IDisplayConfig::getSupportedModes_cb): display[0] ret=0, supported modes count(18)
06-10 13:51:43.417 273 273 W displayd: xxxxxxx: hdmi user strategy: 28
06-10 13:51:43.417 273 273 W displayd: xxxxxxx: getHDMINativeMode: use perfect hdmi mode(35) as native mode
06-10 13:51:43.417 1090 1112 D DisplayOutputImpl: updateSupportModes = 10 , 28 , false
06-10 13:51:43.421 1090 1112 E ccc : cccccc ColorFormatManager reset
06-10 13:51:43.423 1090 1112 E ccc : cccccc ColorHelper current get RGB888_8BIT
06-10 13:51:43.434 273 273 D DisplayConfig: virtual Return vendor::display::config::V1_0::implementation::DisplayConfig::getSupportedModes(int32_t, vendor::display::config::V1_0::IDisplayConfig::getSupportedModes_cb): display[0] ret=0, supported modes count(18)
06-10 13:51:43.435 273 273 W displayd: xxxxxxx: hdmi user strategy: 28
06-10 13:51:43.435 273 273 W displayd: xxxxxxx: getHDMINativeMode: use perfect hdmi mode(35) as native mode
06-10 13:51:43.436 1090 1112 D DisplayOutputImpl: getDisplayOutputMode = 10 , 28 , false
06-10 13:51:43.436 1090 1112 E ccc : cccccc current is 1080p 60Hz
06-10 13:51:43.438 1090 1112 E ccc : cccccc ColorHelper current get RGB888_8BIT
06-10 13:51:43.651 523 859 D BufferPoolAccessor2.0: bufferpool2 0xec5f85d8 : 0(0 size) total buffers - 0(0 size) used buffers - 2/7 (recycle/alloc) - 5/42 (fetch/transfer)
06-10 13:51:43.651 523 859 D BufferPoolAccessor2.0: bufferpool2 0xec8d0398 : 0(0 size) total buffers - 0(0 size) used buffers - 2/7 (recycle/alloc) - 5/50 (fetch/transfer)
06-10 13:51:43.651 523 859 D BufferPoolAccessor2.0: evictor expired: 8, evicted: 2
06-10 13:51:43.655 391 755 D BufferPoolAccessor2.0: bufferpool2 0xe904d198 : 0(0 size) total buffers - 0(0 size) used buffers - 20/23 (recycle/alloc) - 3/22 (fetch/transfer)
06-10 13:51:43.655 391 755 D BufferPoolAccessor2.0: bufferpool2 0xe904cf18 : 0(0 size) total buffers - 0(0 size) used buffers - 25/28 (recycle/alloc) - 3/27 (fetch/transfer)
06-10 13:51:43.655 391 755 D BufferPoolAccessor2.0: bufferpool2 0xe904d2d8 : 0(0 size) total buffers - 0(0 size) used buffers - 15/19 (recycle/alloc) - 4/18 (fetch/transfer)
06-10 13:51:43.655 391 755 D BufferPoolAccessor2.0: evictor expired: 4, evicted: 3
06-10 13:51:43.935 523 545 W IorapForwardingService: No service published for: iorapd
06-10 13:51:44.100 1278 1278 I cling--ap-2: type=1400 audit(0.0:1204): avc: denied { search } for name="net" dev="sysfs" ino=10442 scontext=u:r:platform_app:s0:c512,c768 tcontext=u:object_r:sysfs_net:s0 tclass=dir permissive=1 app=com.dangbei.screencast
06-10 13:51:44.100 1278 1278 I cling--ap-2: type=1400 audit(0.0:1205): avc: denied { read } for name="address" dev="sysfs" ino=16906 scontext=u:r:platform_app:s0:c512,c768 tcontext=u:object_r:sysfs_net:s0 tclass=file permissive=1 app=com.dangbei.screencast
06-10 13:51:44.100 1278 1278 I cling--ap-2: type=1400 audit(0.0:1206): avc: denied { open } for path="/sys/devices/virtual/net/dummy0/address" dev="sysfs" ino=16906 scontext=u:r:platform_app:s0:c512,c768 tcontext=u:object_r:sysfs_net:s0 tclass=file permissive=1 app=com.dangbei.screencast
06-10 13:51:44.100 1278 1278 I cling--ap-2: type=1400 audit(0.0:1207): avc: denied { getattr } for path="/sys/devices/virtual/net/dummy0/address" dev="sysfs" ino=16906 scontext=u:r:platform_app:s0:c512,c768 tcontext=u:object_r:sysfs_net:s0 tclass=file permissive=1 app=com.dangbei.screencast
06-10 13:51:44.107 2641 2681 D UtilLog : 日志批量上报 进行正常循环 !!!!!!本次有0次请求,共0条数据
06-10 13:51:44.206 335 2879 D XM_HIDREAD: poll ret=1, event=1
06-10 13:51:44.206 335 2879 D XM_HIDREAD: [9 bytes]:01 00 00 50 00 00 00 00 00
06-10 13:51:44.207 523 606 D TvWindowManager: key event key = KEYCODE_DPAD_LEFT down = true
06-10 13:51:44.208 523 605 D GpioService: mFlickerEnable = true
06-10 13:51:44.211 2339 2339 I SogouIME: onKeyDown: keyoCode=21
06-10 13:51:44.211 2339 2339 I DefaultIMS: onKeyDown: keyoCode=21
06-10 13:51:44.249 2339 2339 I DefaultIMS: onStartInput attribute=android.view.inputmethod.EditorInfo@294d305 restarting=false inputType: 0
06-10 13:51:44.249 1278 2947 W ServiceDescriptorBinder: UPnP specification violation: Not producing element to be compatible with WMP12: (ActionArgument, OUT) ConnectionIDs
06-10 13:51:44.277 523 1026 W ZramWriteback: Writeback device is not set
06-10 13:51:44.277 523 1026 D ZramWriteback: wait to flush
06-10 13:51:44.318 2641 2717 D UtilLog : 日志批量上报 进行正常循环 !!!!!!本次有0次请求,共0条数据
06-10 13:51:44.340 1278 1288 I gbei.screencas: Background young concurrent copying GC freed 42319(3466KB) AllocSpace objects, 0(0B) LOS objects, 36% free, 5432KB/8602KB, paused 278us total 214.547ms
06-10 13:51:44.352 335 2879 D XM_HIDREAD: poll ret=1, event=1
06-10 13:51:44.352 335 2879 D XM_HIDREAD: [9 bytes]:01 00 00 00 00 00 00 00 00
06-10 13:51:44.353 523 606 D TvWindowManager: key event key = KEYCODE_DPAD_LEFT down = false
06-10 13:51:44.390 2339 2339 I SogouIME: onKeyUp: keyoCode=21
06-10 13:51:44.390 2339 2339 I DefaultIMS: onKeyUp: keyoCode=21
06-10 13:51:44.428 1278 1278 I efs-base: type=1400 audit(0.0:1208): avc: denied { search } for name="com.dangbei.screencast" dev="mmcblk0p25" ino=908 scontext=u:r:platform_app:s0:c512,c768 tcontext=u:object_r:app_data_file:s0:c512,c768 tclass=dir permissive=1 app=com.dangbei.screencast
06-10 13:51:44.439 1668 1668 W audit : audit_lost=704 audit_rate_limit=5 audit_backlog_limit=64
06-10 13:51:44.439 1668 1668 E audit : rate limit exceeded
06-10 13:51:44.532 1278 2947 W ServiceDescriptorBinder: UPnP specification violation: Not producing element to be compatible with WMP12: (ActionArgument, OUT) CurrentMute
06-10 13:51:44.532 1278 2947 W ServiceDescriptorBinder: UPnP specification violation: Not producing element to be compatible with WMP12: (ActionArgument, OUT) CurrentVolume
06-10 13:51:44.533 1278 2947 W ServiceDescriptorBinder: UPnP specification violation: Not producing element to be compatible with WMP12: (ActionArgument, OUT) CurrentPresetNameList
06-10 13:51:44.533 1278 2947 W ServiceDescriptorBinder: UPnP specification violation: Not producing element to be compatible with WMP12: (ActionArgument, OUT) CurrentLoudness
06-10 13:51:44.533 1278 2947 W ServiceDescriptorBinder: UPnP specification violation: Not producing element to be compatible with WMP12: (ActionArgument, OUT) CurrentVolume
06-10 13:51:44.606 1278 2947 W ServiceDescriptorBinder: UPnP specification violation: Not producing element to be compatible with WMP12: (ActionArgument, OUT) Actions
06-10 13:51:44.657 1089 1220 W MediaProvider: getVolumePath for unknown volume: internal
06-10 13:51:44.661 1089 1220 W MediaProvider: getVolumePath for unknown volume: internal
06-10 13:51:44.662 1089 1220 W MediaProvider: getVolumePath for unknown volume: internal
06-10 13:51:44.663 1089 1220 W MediaProvider: getVolumePath for unknown volume: internal
06-10 13:51:44.664 1089 1220 W MediaProvider: getVolumePath for unknown volume: internal
06-10 13:51:44.665 1089 1220 W MediaProvider: getVolumePath for unknown volume: internal
06-10 13:51:44.666 1089 1220 W MediaProvider: getVolumePath for unknown volume: internal
06-10 13:51:44.667 1089 1220 W MediaProvider: getVolumePath for unknown volume: internal
06-10 13:51:44.668 1089 1220 W MediaProvider: getVolumePath for unknown volume: internal
06-10 13:51:44.668 1089 1220 W MediaProvider: getVolumePath for unknown volume: internal
06-10 13:51:44.669 1089 1220 W MediaProvider: getVolumePath for unknown volume: internal
06-10 13:51:44.670 1089 1220 W MediaProvider: getVolumePath for unknown volume: internal
06-10 13:51:44.671 1089 1220 W MediaProvider: getVolumePath for unknown volume: internal
06-10 13:51:44.672 1089 1220 W MediaProvider: getVolumePath for unknown volume: internal
06-10 13:51:44.674 1089 1220 W MediaProvider: getVolumePath for unknown volume: internal
06-10 13:51:44.674 1089 1220 W MediaProvider: getVolumePath for unknown volume: internal
06-10 13:51:44.675 1089 1220 W MediaProvider: getVolumePath for unknown volume: internal
06-10 13:51:44.676 1089 1220 W MediaProvider: getVolumePath for unknown volume: internal
06-10 13:51:44.677 1089 1220 W MediaProvider: getVolumePath for unknown volume: internal
06-10 13:51:44.678 1089 1220 W MediaProvider: getVolumePath for unknown volume: internal
06-10 13:51:44.679 1089 1220 W MediaProvider: getVolumePath for unknown volume: internal
06-10 13:51:44.680 1089 1220 W MediaProvider: getVolumePath for unknown volume: internal
06-10 13:51:44.681 1089 1220 W MediaProvider: getVolumePath for unknown volume: internal
06-10 13:51:44.682 1089 1220 W MediaProvider: getVolumePath for unknown volume: internal
06-10 13:51:44.684 1089 1220 W MediaProvider: getVolumePath for unknown volume: internal
06-10 13:51:44.686 1089 1220 W MediaProvider: getVolumePath for unknown volume: internal
06-10 13:51:44.687 1089 1220 W MediaProvider: getVolumePath for unknown volume: internal
06-10 13:51:44.688 1089 1220 W MediaProvider: getVolumePath for unknown volume: internal
06-10 13:51:44.689 1089 1220 W MediaProvider: getVolumePath for unknown volume: internal
06-10 13:51:44.690 1089 1220 W MediaProvider: getVolumePath for unknown volume: internal
06-10 13:51:44.690 1089 1220 W MediaProvider: getVolumePath for unknown volume: internal
06-10 13:51:44.691 1089 1220 W MediaProvider: getVolumePath for unknown volume: internal
06-10 13:51:44.692 1089 1220 W MediaProvider: getVolumePath for unknown volume: internal
06-10 13:51:44.825 335 2879 D XM_HIDREAD: poll ret=1, event=1
06-10 13:51:44.825 335 2879 D XM_HIDREAD: [9 bytes]:01 00 00 4F 00 00 00 00 00
06-10 13:51:44.825 523 606 D TvWindowManager: key event key = KEYCODE_DPAD_RIGHT down = true
06-10 13:51:44.827 523 605 D GpioService: mFlickerEnable = true
06-10 13:51:44.828 2339 2339 I SogouIME: onKeyDown: keyoCode=22
06-10 13:51:44.828 2339 2339 I DefaultIMS: onKeyDown: keyoCode=22
06-10 13:51:44.836 2339 2339 I DefaultIMS: onStartInput attribute=android.view.inputmethod.EditorInfo@f149a81 restarting=false inputType: 0
06-10 13:51:44.843 1278 1288 I gbei.screencas: Background concurrent copying GC freed 49965(3160KB) AllocSpace objects, 24(576KB) LOS objects, 49% free, 4903KB/9807KB, paused 249us total 134.423ms
06-10 13:51:44.875 401 401 W hdr10p_Configure: 206 callbacks suppressed
06-10 13:51:44.875 401 401 I : DVI mode selected: packets not configured
06-10 13:51:44.875 401 401 W set_vsif_config: 206 callbacks suppressed
06-10 13:51:44.875 401 401 I : Error: set vsif failed
06-10 13:51:44.875 401 401 I : DVI mode selected: packets not configured
06-10 13:51:44.875 401 401 I : Error: set vsif failed
06-10 13:51:44.891 401 401 I : DVI mode selected: packets not configured
06-10 13:51:44.892 401 401 I : Error: set vsif failed
06-10 13:51:44.892 401 401 I : DVI mode selected: packets not configured
06-10 13:51:44.892 401 401 I : Error: set vsif failed
06-10 13:51:44.908 401 401 I : DVI mode selected: packets not configured
06-10 13:51:44.908 401 401 I : Error: set vsif failed
06-10 13:51:44.908 401 401 I : DVI mode selected: packets not configured
06-10 13:51:44.908 401 401 I : Error: set vsif failed
06-10 13:51:44.925 401 401 I : DVI mode selected: packets not configured
06-10 13:51:44.925 401 401 I : Error: set vsif failed
06-10 13:51:44.925 401 401 I : DVI mode selected: packets not configured
06-10 13:51:44.925 401 401 I : Error: set vsif failed
06-10 13:51:44.939 523 545 W IorapForwardingService: No service published for: iorapd
06-10 13:51:44.942 401 401 I : DVI mode selected: packets not configured
06-10 13:51:44.942 401 401 I : Error: set vsif failed
06-10 13:51:44.942 401 401 I : DVI mode selected: packets not configured
06-10 13:51:44.942 401 401 I : Error: set vsif failed
06-10 13:51:44.981 335 2879 D XM_HIDREAD: poll ret=1, event=1
06-10 13:51:44.982 335 2879 D XM_HIDREAD: [9 bytes]:01 00 00 00 00 00 00 00 00
06-10 13:51:44.982 523 606 D TvWindowManager: key event key = KEYCODE_DPAD_RIGHT down = false
06-10 13:51:44.984 2339 2339 I SogouIME: onKeyUp: keyoCode=22
06-10 13:51:44.984 2339 2339 I DefaultIMS: onKeyUp: keyoCode=22
06-10 13:51:45.068 2641 2719 I TDLog : [APP] New data found, Submitting...
06-10 13:51:45.086 669 669 E WifiHAL : wifi_get_link_stats: requestResponse Error:-5
06-10 13:51:45.089 523 617 E WifiVendorHal: getWifiLinkLayerStats_1_5_Internal(l.1191) failed {.code = ERROR_INVALID_ARGS, .description = }
06-10 13:51:45.103 2641 2719 I TDLog : [APP] Failed to submit data!
06-10 13:51:45.112 523 1818 I WifiService: startScan uid=1000
06-10 13:51:45.284 523 1939 E TaskPersister: File error accessing recents directory (directory doesn't exist?).
06-10 13:51:45.500 3059 3059 I Thread-2: type=1400 audit(0.0:1212): avc: denied { execute } for name="am" dev="dm-5" ino=1160 scontext=u:r:system_app:s0 tcontext=u:object_r:vendor_file:s0 tclass=file permissive=1
06-10 13:51:45.500 3059 3059 I Thread-2: type=1400 audit(0.0:1213): avc: denied { read open } for path="/vendor/xbin/am" dev="dm-5" ino=1160 scontext=u:r:system_app:s0 tcontext=u:object_r:vendor_file:s0 tclass=file permissive=1
06-10 13:51:45.500 3059 3059 I Thread-2: type=1400 audit(0.0:1214): avc: denied { execute_no_trans } for path="/vendor/xbin/am" dev="dm-5" ino=1160 scontext=u:r:system_app:s0 tcontext=u:object_r:vendor_file:s0 tclass=file permissive=1
06-10 13:51:45.544 335 2879 D XM_HIDREAD: poll ret=1, event=1
06-10 13:51:45.545 335 2879 D XM_HIDREAD: [9 bytes]:01 00 00 51 00 00 00 00 00
06-10 13:51:45.545 523 606 D TvWindowManager: key event key = KEYCODE_DPAD_DOWN down = true
06-10 13:51:45.546 523 605 D GpioService: mFlickerEnable = true
06-10 13:51:45.573 1349 1349 D bbb : onStartCommand begin !!!!!!! data分区剩余 20614MB
06-10 13:51:45.580 1347 1347 D aaa : LedStatusService onStartCommand begin
06-10 13:51:45.582 1347 3068 D aaa : topPkg is -------------- :com.dangbei.haqusetting
06-10 13:51:45.694 523 605 D GpioService: mFlickerEnable = true
06-10 13:51:45.696 2339 2339 I SogouIME: onKeyDown: keyoCode=20
06-10 13:51:45.696 2339 2339 I DefaultIMS: onKeyDown: keyoCode=20
06-10 13:51:45.702 335 2879 D XM_HIDREAD: poll ret=1, event=1
06-10 13:51:45.702 335 2879 D XM_HIDREAD: [9 bytes]:01 00 00 00 00 00 00 00 00
06-10 13:51:45.702 523 606 D TvWindowManager: key event key = KEYCODE_DPAD_DOWN down = false
06-10 13:51:45.707 2339 2339 I SogouIME: onKeyUp: keyoCode=20
06-10 13:51:45.707 2339 2339 I DefaultIMS: onKeyUp: keyoCode=20
06-10 13:51:45.712 2339 2339 I DefaultIMS: onStartInput attribute=android.view.inputmethod.EditorInfo@8b8845f restarting=false inputType: 0
06-10 13:51:45.792 335 2879 D XM_HIDREAD: poll ret=1, event=1
06-10 13:51:45.792 335 2879 D XM_HIDREAD: [9 bytes]:01 00 00 51 00 00 00 00 00
06-10 13:51:45.792 523 606 D TvWindowManager: key event key = KEYCODE_DPAD_DOWN down = true
06-10 13:51:45.793 523 605 D GpioService: mFlickerEnable = true
06-10 13:51:45.927 335 2879 D XM_HIDREAD: poll ret=1, event=1
06-10 13:51:45.928 335 2879 D XM_HIDREAD: [9 bytes]:01 00 00 00 00 00 00 00 00
06-10 13:51:45.928 523 606 D TvWindowManager: key event key = KEYCODE_DPAD_DOWN down = false
06-10 13:51:45.931 523 1548 I WifiService: startScan uid=1000
06-10 13:51:45.936 523 1818 I WifiService: startScan uid=1000
06-10 13:51:45.942 523 545 W IorapForwardingService: No service published for: iorapd
06-10 13:51:45.943 523 605 D GpioService: mFlickerEnable = true
06-10 13:51:45.969 523 1548 I WifiService: startScan uid=1000
06-10 13:51:45.972 2339 2339 I SogouIME: onKeyDown: keyoCode=20
06-10 13:51:45.972 2339 2339 I DefaultIMS: onKeyDown: keyoCode=20
06-10 13:51:45.996 1089 1220 W MediaProvider: getVolumePath for unknown volume: internal
06-10 13:51:45.999 1089 1220 W MediaProvider: getVolumePath for unknown volume: internal
06-10 13:51:46.001 1089 1220 W MediaProvider: getVolumePath for unknown volume: internal
06-10 13:51:46.002 1089 1220 W MediaProvider: getVolumePath for unknown volume: internal
06-10 13:51:46.003 1089 1220 W MediaProvider: getVolumePath for unknown volume: internal
06-10 13:51:46.004 1089 1220 W MediaProvider: getVolumePath for unknown volume: internal
06-10 13:51:46.005 1089 1220 W MediaProvider: getVolumePath for unknown volume: internal
06-10 13:51:46.006 1089 1220 W MediaProvider: getVolumePath for unknown volume: internal
06-10 13:51:46.008 1089 1220 W MediaProvider: getVolumePath for unknown volume: internal
06-10 13:51:46.010 1089 1220 W MediaProvider: getVolumePath for unknown volume: internal
06-10 13:51:46.011 1089 1220 W MediaProvider: getVolumePath for unknown volume: internal
06-10 13:51:46.013 1089 1220 W MediaProvider: getVolumePath for unknown volume: internal
06-10 13:51:46.017 1089 1220 W MediaProvider: getVolumePath for unknown volume: internal
06-10 13:51:46.020 2339 2339 I SogouIME: onKeyUp: keyoCode=20
06-10 13:51:46.021 2339 2339 I DefaultIMS: onKeyUp: keyoCode=20
06-10 13:51:46.022 1089 1220 W MediaProvider: getVolumePath for unknown volume: internal
06-10 13:51:46.024 1089 1220 W MediaProvider: getVolumePath for unknown volume: internal
06-10 13:51:46.026 1089 1220 W MediaProvider: getVolumePath for unknown volume: internal
06-10 13:51:46.028 335 2879 D XM_HIDREAD: poll ret=1, event=1
06-10 13:51:46.028 335 2879 D XM_HIDREAD: [9 bytes]:01 00 00 51 00 00 00 00 00
06-10 13:51:46.029 1089 1220 W MediaProvider: getVolumePath for unknown volume: internal
06-10 13:51:46.029 523 606 D TvWindowManager: key event key = KEYCODE_DPAD_DOWN down = true
06-10 13:51:46.032 523 605 D GpioService: mFlickerEnable = true
06-10 13:51:46.032 1089 1220 W MediaProvider: getVolumePath for unknown volume: internal
06-10 13:51:46.038 1089 1220 W MediaProvider: getVolumePath for unknown volume: internal
06-10 13:51:46.040 1089 1220 W MediaProvider: getVolumePath for unknown volume: internal
06-10 13:51:46.041 1089 1220 W MediaProvider: getVolumePath for unknown volume: internal
06-10 13:51:46.043 1089 1220 W MediaProvider: getVolumePath for unknown volume: internal
06-10 13:51:46.045 1089 1220 W MediaProvider: getVolumePath for unknown volume: internal
06-10 13:51:46.047 1089 1220 W MediaProvider: getVolumePath for unknown volume: internal
06-10 13:51:46.049 1089 1220 W MediaProvider: getVolumePath for unknown volume: internal
06-10 13:51:46.051 1089 1220 W MediaProvider: getVolumePath for unknown volume: internal
06-10 13:51:46.053 1089 1220 W MediaProvider: getVolumePath for unknown volume: internal
06-10 13:51:46.055 1089 1220 W MediaProvider: getVolumePath for unknown volume: internal
06-10 13:51:46.057 1089 1220 W MediaProvider: getVolumePath for unknown volume: internal
06-10 13:51:46.058 1089 1220 W MediaProvider: getVolumePath for unknown volume: internal
06-10 13:51:46.061 2977 3077 D skia : --- Failed to create image decoder with message 'unimplemented'
06-10 13:51:46.062 2977 3077 D skia : --- Failed to create image decoder with message 'unimplemented'
06-10 13:51:46.063 2977 3077 D skia : --- Failed to create image decoder with message 'unimplemented'
06-10 13:51:46.064 1089 1220 W MediaProvider: getVolumePath for unknown volume: internal
06-10 13:51:46.065 2977 3077 D skia : --- Failed to create image decoder with message 'unimplemented'
06-10 13:51:46.066 1089 1220 W MediaProvider: getVolumePath for unknown volume: internal
06-10 13:51:46.066 2977 3077 D skia : --- Failed to create image decoder with message 'unimplemented'
06-10 13:51:46.066 2977 3077 D skia : --- Failed to create image decoder with message 'unimplemented'
06-10 13:51:46.067 1089 1220 W MediaProvider: getVolumePath for unknown volume: internal
06-10 13:51:46.078 2977 3076 D skia : --- Failed to create image decoder with message 'unimplemented'
06-10 13:51:46.089 2977 3076 D skia : --- Failed to create image decoder with message 'unimplemented'
06-10 13:51:46.091 2977 3076 D skia : --- Failed to create image decoder with message 'unimplemented'
06-10 13:51:46.092 2977 3076 D skia : --- Failed to create image decoder with message 'unimplemented'
06-10 13:51:46.093 2977 3076 D skia : --- Failed to create image decoder with message 'unimplemented'
06-10 13:51:46.095 2977 3076 D skia : --- Failed to create image decoder with message 'unimplemented'
06-10 13:51:46.121 2339 2339 I DefaultIMS: onStartInput attribute=android.view.inputmethod.EditorInfo@f5f7eac restarting=false inputType: 0
06-10 13:51:46.180 523 605 D GpioService: mFlickerEnable = true
06-10 13:51:46.186 335 2879 D XM_HIDREAD: poll ret=1, event=1
06-10 13:51:46.186 335 2879 D XM_HIDREAD: [9 bytes]:01 00 00 00 00 00 00 00 00
06-10 13:51:46.186 523 606 D TvWindowManager: key event key = KEYCODE_DPAD_DOWN down = false
06-10 13:51:46.305 2339 2339 I SogouIME: onKeyDown: keyoCode=20
06-10 13:51:46.305 2339 2339 I DefaultIMS: onKeyDown: keyoCode=20
06-10 13:51:46.319 2339 2339 I SogouIME: onKeyUp: keyoCode=20
06-10 13:51:46.320 2339 2339 I DefaultIMS: onKeyUp: keyoCode=20
06-10 13:51:46.330 2339 2339 I DefaultIMS: onStartInput attribute=android.view.inputmethod.EditorInfo@640f744 restarting=false inputType: 0
06-10 13:51:46.395 1089 1220 W MediaProvider: getVolumePath for unknown volume: internal
06-10 13:51:46.397 1089 1220 W MediaProvider: getVolumePath for unknown volume: internal
06-10 13:51:46.397 1089 1967 I MediaProvider: Scanned internal due to REASON_MOUNTED, found 230 items in 17210ms, 0 inserts 224 updates 0 deletes
06-10 13:51:46.398 1089 1220 W MediaProvider: getVolumePath for unknown volume: internal
06-10 13:51:46.399 1089 1220 W MediaProvider: getVolumePath for unknown volume: internal
06-10 13:51:46.400 1089 1220 W MediaProvider: getVolumePath for unknown volume: internal
06-10 13:51:46.405 1089 1220 W MediaProvider: getVolumePath for unknown volume: internal
06-10 13:51:46.406 1089 1220 W MediaProvider: getVolumePath for unknown volume: internal
06-10 13:51:46.407 1089 1220 W MediaProvider: getVolumePath for unknown volume: internal
06-10 13:51:46.408 1089 1220 W MediaProvider: getVolumePath for unknown volume: internal
06-10 13:51:46.556 1090 1112 E ccc : cccccc led current is 100 标准
06-10 13:51:46.552 1090 1090 I Binder:1090_1: type=1400 audit(0.0:1215): avc: denied { open } for path="/dev/__properties__/u:object_r:vendor_default_prop:s0" dev="tmpfs" ino=2333 scontext=u:r:system_app:s0 tcontext=u:object_r:vendor_default_prop:s0 tclass=file permissive=1
06-10 13:51:46.552 1090 1090 I Binder:1090_1: type=1400 audit(0.0:1216): avc: denied { getattr } for path="/dev/__properties__/u:object_r:vendor_default_prop:s0" dev="tmpfs" ino=2333 scontext=u:r:system_app:s0 tcontext=u:object_r:vendor_default_prop:s0 tclass=file permissive=1
06-10 13:51:46.552 1090 1090 I Binder:1090_1: type=1400 audit(0.0:1217): avc: denied { map } for path="/dev/__properties__/u:object_r:vendor_default_prop:s0" dev="tmpfs" ino=2333 scontext=u:r:system_app:s0 tcontext=u:object_r:vendor_default_prop:s0 tclass=file permissive=1
06-10 13:51:46.582 1090 1119 E ccc : cccccc led current is 100 标准
06-10 13:51:46.611 1089 1113 I FuseDaemon: Background concurrent copying GC freed 50409(2207KB) AllocSpace objects, 2(40KB) LOS objects, 49% free, 1657KB/3313KB, paused 198us total 108.646ms
06-10 13:51:46.613 335 2879 D XM_HIDREAD: poll ret=1, event=1
06-10 13:51:46.613 335 2879 D XM_HIDREAD: [9 bytes]:01 00 00 51 00 00 00 00 00
06-10 13:51:46.614 523 606 D TvWindowManager: key event key = KEYCODE_DPAD_DOWN down = true
06-10 13:51:46.615 523 605 D GpioService: mFlickerEnable = true
06-10 13:51:46.620 1089 1967 I MediaProvider: Scanned external_primary due to REASON_MOUNTED, found 48 items in 205ms, 0 inserts 10 updates 0 deletes
06-10 13:51:46.624 1089 1967 I MediaProvider: End Intent { act=com.android.providers.media.action.SCAN_VOLUME (has extras) }
06-10 13:51:46.625 1089 1967 I MediaProvider: Begin Intent { act=android.intent.action.MEDIA_MOUNTED dat=file:///storage/emulated/0 flg=0x5000010 cmp=com.android.providers.media.module/com.android.providers.media.MediaService (has extras) }
06-10 13:51:46.626 1089 1967 I MediaProvider: Volume MediaVolume name: [external_primary] id: [emulated;0] user: [UserHandle{0}] path: [/storage/emulated/0] already attached
06-10 13:51:46.627 1089 1967 I MediaProvider: End Intent { act=android.intent.action.MEDIA_MOUNTED dat=file:///storage/emulated/0 flg=0x5000010 cmp=com.android.providers.media.module/com.android.providers.media.MediaService (has extras) }
06-10 13:51:46.628 1089 1967 I MediaProvider: Begin Intent { act=android.intent.action.MEDIA_MOUNTED dat=file:///storage/emulated/0 flg=0x5000010 cmp=com.android.providers.media.module/com.android.providers.media.MediaService (has extras) }
06-10 13:51:46.628 1089 1967 I MediaProvider: Volume MediaVolume name: [external_primary] id: [emulated;0] user: [UserHandle{0}] path: [/storage/emulated/0] already attached
06-10 13:51:46.628 1089 1967 I MediaProvider: End Intent { act=android.intent.action.MEDIA_MOUNTED dat=file:///storage/emulated/0 flg=0x5000010 cmp=com.android.providers.media.module/com.android.providers.media.MediaService (has extras) }
06-10 13:51:46.725 335 2879 D XM_HIDREAD: poll ret=1, event=1
06-10 13:51:46.725 335 2879 D XM_HIDREAD: [9 bytes]:01 00 00 00 00 00 00 00 00
06-10 13:51:46.726 523 606 D TvWindowManager: key event key = KEYCODE_DPAD_DOWN down = false
06-10 13:51:46.764 523 605 D GpioService: mFlickerEnable = true
06-10 13:51:46.766 2339 2339 I SogouIME: onKeyDown: keyoCode=20
06-10 13:51:46.766 2339 2339 I DefaultIMS: onKeyDown: keyoCode=20
06-10 13:51:46.770 2339 2339 I SogouIME: onKeyUp: keyoCode=20
06-10 13:51:46.770 2339 2339 I DefaultIMS: onKeyUp: keyoCode=20
06-10 13:51:46.791 2339 2339 I DefaultIMS: onStartInput attribute=android.view.inputmethod.EditorInfo@b31434f restarting=false inputType: 0
06-10 13:51:46.944 523 545 W IorapForwardingService: No service published for: iorapd
06-10 13:51:47.306 1090 1090 E ccc : cccccc 有设备 取消移除任务
06-10 13:51:47.738 335 2879 D XM_HIDREAD: poll ret=1, event=1
06-10 13:51:47.738 335 2879 D XM_HIDREAD: [9 bytes]:01 00 00 50 00 00 00 00 00
06-10 13:51:47.738 523 606 D TvWindowManager: key event key = KEYCODE_DPAD_LEFT down = true
06-10 13:51:47.741 523 605 D GpioService: mFlickerEnable = true
06-10 13:51:47.742 2339 2339 I SogouIME: onKeyDown: keyoCode=21
06-10 13:51:47.742 2339 2339 I DefaultIMS: onKeyDown: keyoCode=21
06-10 13:51:47.749 2339 2339 I DefaultIMS: onStartInput attribute=android.view.inputmethod.EditorInfo@3bf8e0 restarting=false inputType: 0
06-10 13:51:47.929 335 2879 D XM_HIDREAD: poll ret=1, event=1
06-10 13:51:47.929 335 2879 D XM_HIDREAD: [9 bytes]:01 00 00 00 00 00 00 00 00
06-10 13:51:47.930 523 606 D TvWindowManager: key event key = KEYCODE_DPAD_LEFT down = false
06-10 13:51:47.932 2339 2339 I SogouIME: onKeyUp: keyoCode=21
06-10 13:51:47.932 2339 2339 I DefaultIMS: onKeyUp: keyoCode=21
06-10 13:51:47.946 523 545 W IorapForwardingService: No service published for: iorapd
06-10 13:51:48.106 669 669 E WifiHAL : wifi_get_link_stats: requestResponse Error:-5
06-10 13:51:48.108 523 617 E WifiVendorHal: getWifiLinkLayerStats_1_5_Internal(l.1191) failed {.code = ERROR_INVALID_ARGS, .description = }
06-10 13:51:48.233 335 2879 D XM_HIDREAD: poll ret=1, event=1
06-10 13:51:48.233 335 2879 D XM_HIDREAD: [9 bytes]:01 00 00 28 00 00 00 00 00
06-10 13:51:48.233 523 606 D TvWindowManager: key event key = KEYCODE_DPAD_CENTER down = true
06-10 13:51:48.234 523 605 D GpioService: mFlickerEnable = true
06-10 13:51:48.312 523 817 D SntpClient: request time failed: java.net.SocketTimeoutException: Poll timed out
06-10 13:51:48.313 523 817 D SntpClient: request time failed
06-10 13:51:48.334 335 2879 D XM_HIDREAD: poll ret=1, event=1
06-10 13:51:48.334 335 2879 D XM_HIDREAD: [9 bytes]:01 00 00 00 00 00 00 00 00
06-10 13:51:48.335 523 606 D TvWindowManager: key event key = KEYCODE_DPAD_CENTER down = false
06-10 13:51:48.384 523 605 D GpioService: mFlickerEnable = true
06-10 13:51:48.389 2339 2339 I SogouIME: onKeyDown: keyoCode=23
06-10 13:51:48.389 2339 2339 I DefaultIMS: onKeyDown: keyoCode=23
06-10 13:51:48.392 2339 2339 I SogouIME: onKeyUp: keyoCode=23
06-10 13:51:48.392 2339 2339 I DefaultIMS: onKeyUp: keyoCode=23
06-10 13:51:48.409 1090 1119 E ccc : cccccc SystemUpdateHelper systemUpdate {"launcherCodeLocal":0,"launcherCodeNet":0,"otaCodeLocal":5009,"otaCodeNet":5555,"otaVersionLocal":"5.0.0.9","otaVersionNet":"5.0.0.9","remoteNeedUpdate":false}
06-10 13:51:48.411 1090 1119 E ccc : cccccc SystemUpdateHelper launcherUpdate {"launcherCodeLocal":102941,"launcherCodeNet":0,"launcherVersionLocal":"2.9.4.1","launcherVersionNet":"","otaCodeLocal":0,"otaCodeNet":0,"remoteNeedUpdate":false,"updateType":""}
06-10 13:51:48.435 2977 2977 W View : requestLayout() improperly called by android.widget.LinearLayout{bd60690 V.E...... ......ID 200,0-460,100} during layout: running second layout pass
06-10 13:51:48.435 2977 2977 W View : requestLayout() improperly called by com.dangbei.haqusetting.ui.base.atom.LeafUpdateItemView{380db89 VFE...C.. .F....ID 0,0-480,100} during layout: running second layout pass
06-10 13:51:48.435 2977 2977 W View : requestLayout() improperly called by com.google.android.material.textview.MaterialTextView{5b7678e V.ED..... ..S...ID 220,30-220,70 #7f0901e9 app:id/leaf_update_item_sub_tv} during layout: running second layout pass
06-10 13:51:48.445 2339 2339 I DefaultIMS: onStartInput attribute=android.view.inputmethod.EditorInfo@17c30c restarting=false inputType: 0
06-10 13:51:48.786 523 817 D SntpClient: round trip: 398ms, clock offset: 994ms
06-10 13:51:48.949 523 545 W IorapForwardingService: No service published for: iorapd
06-10 13:51:49.090 523 764 D WifiNl80211Manager: Scan result ready event
06-10 13:51:49.091 523 764 D WifiNative: Scan result ready event
06-10 13:51:49.154 523 621 D WificondScannerImpl: Filtering out 19 scan results.
06-10 13:51:49.186 2977 3072 E ccc : cccccc SCAN_RESULTS_AVAILABLE_ACTION hhhh
06-10 13:51:49.187 1165 1165 E hq : NetWorkStateReceiver:::NetWorkStateReceiver onReceive: 网络变化广播 >>>> intent.action=android.net.wifi.SCAN_RESULTS
06-10 13:51:49.199 669 669 E WifiHAL : wifi_get_link_stats: requestResponse Error:-5
06-10 13:51:49.202 523 617 E WifiVendorHal: getWifiLinkLayerStats_1_5_Internal(l.1191) failed {.code = ERROR_INVALID_ARGS, .description = }
06-10 13:51:49.239 1165 1165 W eventbuscore: post Event:com.dangbei.leard.base.entity.event.NetWifiRssiEvent
06-10 13:51:49.392 335 2879 D XM_HIDREAD: poll ret=1, event=1
06-10 13:51:49.392 335 2879 D XM_HIDREAD: [9 bytes]:01 00 00 29 00 00 00 00 00
06-10 13:51:49.392 523 606 D TvWindowManager: key event key = KEYCODE_BACK down = true
06-10 13:51:49.393 523 605 D GpioService: mFlickerEnable = true
06-10 13:51:49.505 335 2879 D XM_HIDREAD: poll ret=1, event=1
06-10 13:51:49.505 335 2879 D XM_HIDREAD: [9 bytes]:01 00 00 00 00 00 00 00 00
06-10 13:51:49.505 523 606 D TvWindowManager: key event key = KEYCODE_BACK down = false
06-10 13:51:49.507 523 544 D AutofillManagerService: onBackKeyPressed()
06-10 13:51:49.507 523 544 D AutofillManagerServiceImpl: Reset component for user 0:
06-10 13:51:49.509 523 544 D AutofillUI: destroySaveUiUiThread(): already destroyed
06-10 13:51:49.543 523 605 D GpioService: mFlickerEnable = true
06-10 13:51:49.546 2339 2339 I SogouIME: onKeyDown: keyoCode=4
06-10 13:51:49.546 2339 2339 I DefaultIMS: onKeyDown: keyoCode=4
06-10 13:51:49.549 2339 2339 I SogouIME: onKeyUp: keyoCode=4
06-10 13:51:49.549 2339 2339 I DefaultIMS: onKeyUp: keyoCode=4
06-10 13:51:49.716 2390 2531 D nStackXCoAP: IsInSameNetwork:[276] :IsInSameNetwork exec
06-10 13:51:49.716 2390 2531 I nStackXDFinder: GetLocalInterfaceDetail:[461] :GetLocalInterfaceDetail in
06-10 13:51:49.716 2390 2531 E nStackXCoAP: IsInSameNetwork:[281] :IsInSameNetwork: not priority process
06-10 13:51:49.716 2390 2531 D nStackXCoAP: ParseServiceDiscover:[330] :new device join
06-10 13:51:49.716 2390 2531 I nStackXDFinder: NotifyDeviceListChanged:[540] :notify callback: device list changed callback is null
06-10 13:51:49.716 2390 2531 E nStackXDFinder: GetLocalIp:[401] :GetLocalIp exec
06-10 13:51:49.744 2390 2531 D nStackXCoAP: CoapMessageHandler:[133] :2.01
06-10 13:51:49.816 2390 2531 D nStackXCoAP: IsInSameNetwork:[276] :IsInSameNetwork exec
06-10 13:51:49.816 2390 2531 I nStackXDFinder: GetLocalInterfaceDetail:[461] :GetLocalInterfaceDetail in
06-10 13:51:49.816 2390 2531 E nStackXCoAP: IsInSameNetwork:[281] :IsInSameNetwork: not priority process
06-10 13:51:49.816 2390 2531 D nStackXCoAP: ParseServiceDiscover:[330] :new device join
06-10 13:51:49.816 2390 2531 E nStackXDFinder: GetLocalIp:[401] :GetLocalIp exec
06-10 13:51:49.833 2390 2531 D nStackXCoAP: CoapMessageHandler:[133] :2.01
06-10 13:51:49.905 401 401 W hdr10p_Configure: 158 callbacks suppressed
06-10 13:51:49.906 401 401 I : DVI mode selected: packets not configured
06-10 13:51:49.906 401 401 W set_vsif_config: 158 callbacks suppressed
06-10 13:51:49.906 401 401 I : Error: set vsif failed
06-10 13:51:49.906 401 401 I : DVI mode selected: packets not configured
06-10 13:51:49.906 401 401 I : Error: set vsif failed
06-10 13:51:49.928 401 401 I : DVI mode selected: packets not configured
06-10 13:51:49.928 401 401 I : Error: set vsif failed
06-10 13:51:49.928 401 401 I : DVI mode selected: packets not configured
06-10 13:51:49.928 401 401 I : Error: set vsif failed
06-10 13:51:49.948 401 401 I : DVI mode selected: packets not configured
06-10 13:51:49.948 401 401 I : Error: set vsif failed
06-10 13:51:49.948 401 401 I : DVI mode selected: packets not configured
06-10 13:51:49.948 401 401 I : Error: set vsif failed
06-10 13:51:49.952 523 545 W IorapForwardingService: No service published for: iorapd
06-10 13:51:49.968 401 401 I : DVI mode selected: packets not configured
06-10 13:51:49.968 401 401 I : Error: set vsif failed
06-10 13:51:49.968 401 401 I : DVI mode selected: packets not configured
06-10 13:51:49.968 401 401 I : Error: set vsif failed
06-10 13:51:49.975 401 401 I : DVI mode selected: packets not configured
06-10 13:51:49.975 401 401 I : Error: set vsif failed
06-10 13:51:49.976 401 401 I : DVI mode selected: packets not configured
06-10 13:51:49.976 401 401 I : Error: set vsif failed
06-10 13:51:50.067 335 2879 D XM_HIDREAD: poll ret=1, event=1
06-10 13:51:50.067 335 2879 D XM_HIDREAD: [9 bytes]:01 00 00 51 00 00 00 00 00
06-10 13:51:50.067 523 606 D TvWindowManager: key event key = KEYCODE_DPAD_DOWN down = true
06-10 13:51:50.070 523 605 D GpioService: mFlickerEnable = true
06-10 13:51:50.132 2390 2531 D nStackXCoAP: IsInSameNetwork:[276] :IsInSameNetwork exec
06-10 13:51:50.132 2390 2531 I nStackXDFinder: GetLocalInterfaceDetail:[461] :GetLocalInterfaceDetail in
06-10 13:51:50.132 2390 2531 E nStackXCoAP: IsInSameNetwork:[281] :IsInSameNetwork: not priority process
06-10 13:51:50.132 2390 2531 D nStackXCoAP: ParseServiceDiscover:[330] :new device join
06-10 13:51:50.132 2390 2531 E nStackXDFinder: GetLocalIp:[401] :GetLocalIp exec
06-10 13:51:50.202 2390 2531 D nStackXCoAP: CoapMessageHandler:[133] :2.01
06-10 13:51:50.217 523 605 D GpioService: mFlickerEnable = true
06-10 13:51:50.221 2339 2339 I SogouIME: onKeyDown: keyoCode=20
06-10 13:51:50.221 2339 2339 I DefaultIMS: onKeyDown: keyoCode=20
06-10 13:51:50.225 335 2879 D XM_HIDREAD: poll ret=1, event=1
06-10 13:51:50.225 335 2879 D XM_HIDREAD: [9 bytes]:01 00 00 00 00 00 00 00 00
06-10 13:51:50.226 523 606 D TvWindowManager: key event key = KEYCODE_DPAD_DOWN down = false
06-10 13:51:50.230 2339 2339 I SogouIME: onKeyUp: keyoCode=20
06-10 13:51:50.230 2339 2339 I DefaultIMS: onKeyUp: keyoCode=20
06-10 13:51:50.246 2339 2339 I DefaultIMS: onStartInput attribute=android.view.inputmethod.EditorInfo@198073c restarting=false inputType: 0
06-10 13:51:50.347 2390 2531 D nStackXCoAP: IsInSameNetwork:[276] :IsInSameNetwork exec
06-10 13:51:50.347 2390 2531 I nStackXDFinder: GetLocalInterfaceDetail:[461] :GetLocalInterfaceDetail in
