06-10 13:53:38.185 1347 3824 D aaa : topPkg is -------------- :com.dangbei.haqusetting
06-10 13:53:38.193 3563 3659 D nStackXCoAP: CoapMessageHandler:[133] :2.01
06-10 13:53:38.256 523 545 W IorapForwardingService: No service published for: iorapd
06-10 13:53:38.377 3563 3659 D nStackXCoAP: IsInSameNetwork:[276] :IsInSameNetwork exec
06-10 13:53:38.378 3563 3659 I nStackXDFinder: GetLocalInterfaceDetail:[461] :GetLocalInterfaceDetail in
06-10 13:53:38.378 3563 3659 E nStackXCoAP: IsInSameNetwork:[281] :IsInSameNetwork: not priority process
06-10 13:53:38.378 3563 3659 D nStackXCoAP: ParseServiceDiscover:[330] :new device join
06-10 13:53:38.378 3563 3659 E nStackXDFinder: GetLocalIp:[401] :GetLocalIp exec
06-10 13:53:38.406 3563 3659 D nStackXCoAP: CoapMessageHandler:[133] :2.01
06-10 13:53:38.470 3563 3659 D nStackXCoAP: IsInSameNetwork:[276] :IsInSameNetwork exec
06-10 13:53:38.470 3563 3659 I nStackXDFinder: GetLocalInterfaceDetail:[461] :GetLocalInterfaceDetail in
06-10 13:53:38.470 3563 3659 E nStackXCoAP: IsInSameNetwork:[281] :IsInSameNetwork: not priority process
06-10 13:53:38.470 3563 3659 D nStackXCoAP: ParseServiceDiscover:[330] :new device join
06-10 13:53:38.470 3563 3659 E nStackXDFinder: GetLocalIp:[401] :GetLocalIp exec
06-10 13:53:38.489 3563 3659 D nStackXCoAP: CoapMessageHandler:[133] :2.01
06-10 13:53:38.695 3563 3659 D nStackXCoAP: IsInSameNetwork:[276] :IsInSameNetwork exec
06-10 13:53:38.695 3563 3659 I nStackXDFinder: GetLocalInterfaceDetail:[461] :GetLocalInterfaceDetail in
06-10 13:53:38.695 3563 3659 E nStackXCoAP: IsInSameNetwork:[281] :IsInSameNetwork: not priority process
06-10 13:53:38.695 3563 3659 D nStackXCoAP: ParseServiceDiscover:[330] :new device join
06-10 13:53:38.696 3563 3659 E nStackXDFinder: GetLocalIp:[401] :GetLocalIp exec
06-10 13:53:38.749 3563 3659 D nStackXCoAP: CoapMessageHandler:[133] :2.01
06-10 13:53:38.770 3563 3659 D nStackXCoAP: IsInSameNetwork:[276] :IsInSameNetwork exec
06-10 13:53:38.770 3563 3659 I nStackXDFinder: GetLocalInterfaceDetail:[461] :GetLocalInterfaceDetail in
06-10 13:53:38.770 3563 3659 E nStackXCoAP: IsInSameNetwork:[281] :IsInSameNetwork: not priority process
06-10 13:53:38.770 3563 3659 D nStackXCoAP: ParseServiceDiscover:[330] :new device join
06-10 13:53:38.770 3563 3659 E nStackXDFinder: GetLocalIp:[401] :GetLocalIp exec
06-10 13:53:38.795 3563 3659 D nStackXCoAP: CoapMessageHandler:[133] :2.01
06-10 13:53:38.874 3563 3659 D nStackXCoAP: IsInSameNetwork:[276] :IsInSameNetwork exec
06-10 13:53:38.874 3563 3659 I nStackXDFinder: GetLocalInterfaceDetail:[461] :GetLocalInterfaceDetail in
06-10 13:53:38.874 3563 3659 E nStackXCoAP: IsInSameNetwork:[281] :IsInSameNetwork: not priority process
06-10 13:53:38.874 3563 3659 D nStackXCoAP: ParseServiceDiscover:[330] :new device join
06-10 13:53:38.874 3563 3659 E nStackXDFinder: GetLocalIp:[401] :GetLocalIp exec
06-10 13:53:38.902 3563 3659 D nStackXCoAP: CoapMessageHandler:[133] :2.01
06-10 13:53:39.080 3563 3659 D nStackXCoAP: IsInSameNetwork:[276] :IsInSameNetwork exec
06-10 13:53:39.080 3563 3659 I nStackXDFinder: GetLocalInterfaceDetail:[461] :GetLocalInterfaceDetail in
06-10 13:53:39.080 3563 3659 E nStackXCoAP: IsInSameNetwork:[281] :IsInSameNetwork: not priority process
06-10 13:53:39.080 3563 3659 D nStackXCoAP: ParseServiceDiscover:[330] :new device join
06-10 13:53:39.081 3563 3659 E nStackXDFinder: GetLocalIp:[401] :GetLocalIp exec
06-10 13:53:39.117 3563 3659 D nStackXCoAP: CoapMessageHandler:[133] :2.01
06-10 13:53:39.191 3563 3659 D nStackXCoAP: IsInSameNetwork:[276] :IsInSameNetwork exec
06-10 13:53:39.191 3563 3659 I nStackXDFinder: GetLocalInterfaceDetail:[461] :GetLocalInterfaceDetail in
06-10 13:53:39.191 3563 3659 E nStackXCoAP: IsInSameNetwork:[281] :IsInSameNetwork: not priority process
06-10 13:53:39.191 3563 3659 D nStackXCoAP: ParseServiceDiscover:[330] :new device join
06-10 13:53:39.191 3563 3659 E nStackXDFinder: GetLocalIp:[401] :GetLocalIp exec
06-10 13:53:39.220 3563 3659 D nStackXCoAP: CoapMessageHandler:[133] :2.01
06-10 13:53:39.259 523 545 W IorapForwardingService: No service published for: iorapd
06-10 13:53:39.302 3563 3659 D nStackXCoAP: IsInSameNetwork:[276] :IsInSameNetwork exec
06-10 13:53:39.302 3563 3659 I nStackXDFinder: GetLocalInterfaceDetail:[461] :GetLocalInterfaceDetail in
06-10 13:53:39.302 3563 3659 E nStackXCoAP: IsInSameNetwork:[281] :IsInSameNetwork: not priority process
06-10 13:53:39.302 3563 3659 D nStackXCoAP: ParseServiceDiscover:[330] :new device join
06-10 13:53:39.302 3563 3659 E nStackXDFinder: GetLocalIp:[401] :GetLocalIp exec
06-10 13:53:39.392 3563 3659 D nStackXCoAP: IsInSameNetwork:[276] :IsInSameNetwork exec
06-10 13:53:39.392 3563 3659 I nStackXDFinder: GetLocalInterfaceDetail:[461] :GetLocalInterfaceDetail in
06-10 13:53:39.392 3563 3659 E nStackXCoAP: IsInSameNetwork:[281] :IsInSameNetwork: not priority process
06-10 13:53:39.392 3563 3659 D nStackXCoAP: ParseServiceDiscover:[330] :new device join
06-10 13:53:39.393 3563 3659 E nStackXDFinder: GetLocalIp:[401] :GetLocalIp exec
06-10 13:53:39.407 3563 3659 D nStackXCoAP: CoapMessageHandler:[133] :2.01
06-10 13:53:39.430 3563 3659 D nStackXCoAP: CoapMessageHandler:[133] :2.01
06-10 13:53:39.593 3563 3659 D nStackXCoAP: IsInSameNetwork:[276] :IsInSameNetwork exec
06-10 13:53:39.593 3563 3659 I nStackXDFinder: GetLocalInterfaceDetail:[461] :GetLocalInterfaceDetail in
06-10 13:53:39.593 3563 3659 E nStackXCoAP: IsInSameNetwork:[281] :IsInSameNetwork: not priority process
06-10 13:53:39.593 3563 3659 D nStackXCoAP: ParseServiceDiscover:[330] :new device join
06-10 13:53:39.593 3563 3659 E nStackXDFinder: GetLocalIp:[401] :GetLocalIp exec
06-10 13:53:39.653 3563 3659 D nStackXCoAP: CoapMessageHandler:[133] :2.01
06-10 13:53:39.754 3563 3659 D nStackXCoAP: IsInSameNetwork:[276] :IsInSameNetwork exec
06-10 13:53:39.754 3563 3659 I nStackXDFinder: GetLocalInterfaceDetail:[461] :GetLocalInterfaceDetail in
06-10 13:53:39.754 3563 3659 E nStackXCoAP: IsInSameNetwork:[281] :IsInSameNetwork: not priority process
06-10 13:53:39.754 3563 3659 D nStackXCoAP: ParseServiceDiscover:[330] :new device join
06-10 13:53:39.755 3563 3659 E nStackXDFinder: GetLocalIp:[401] :GetLocalIp exec
06-10 13:53:39.839 669 669 E WifiHAL : wifi_get_link_stats: requestResponse Error:-5
06-10 13:53:39.841 523 617 E WifiVendorHal: getWifiLinkLayerStats_1_5_Internal(l.1191) failed {.code = ERROR_INVALID_ARGS, .description = }
06-10 13:53:39.869 3563 3659 D nStackXCoAP: CoapMessageHandler:[133] :2.01
06-10 13:53:39.908 3563 3659 D nStackXCoAP: IsInSameNetwork:[276] :IsInSameNetwork exec
06-10 13:53:39.908 3563 3659 I nStackXDFinder: GetLocalInterfaceDetail:[461] :GetLocalInterfaceDetail in
06-10 13:53:39.908 3563 3659 E nStackXCoAP: IsInSameNetwork:[281] :IsInSameNetwork: not priority process
06-10 13:53:39.908 3563 3659 D nStackXCoAP: ParseServiceDiscover:[330] :new device join
06-10 13:53:39.908 3563 3659 E nStackXDFinder: GetLocalIp:[401] :GetLocalIp exec
06-10 13:53:40.000 3563 3659 D nStackXCoAP: IsInSameNetwork:[276] :IsInSameNetwork exec
06-10 13:53:40.000 3563 3659 I nStackXDFinder: GetLocalInterfaceDetail:[461] :GetLocalInterfaceDetail in
06-10 13:53:40.000 3563 3659 E nStackXCoAP: IsInSameNetwork:[281] :IsInSameNetwork: not priority process
06-10 13:53:40.000 3563 3659 D nStackXCoAP: ParseServiceDiscover:[330] :new device join
06-10 13:53:40.000 3563 3659 E nStackXDFinder: GetLocalIp:[401] :GetLocalIp exec
06-10 13:53:40.025 3563 3659 D nStackXCoAP: CoapMessageHandler:[133] :2.01
06-10 13:53:40.041 3563 3659 D nStackXCoAP: CoapMessageHandler:[133] :2.01
06-10 13:53:40.135 3563 3659 D nStackXCoAP: IsInSameNetwork:[276] :IsInSameNetwork exec
06-10 13:53:40.136 3563 3659 I nStackXDFinder: GetLocalInterfaceDetail:[461] :GetLocalInterfaceDetail in
06-10 13:53:40.136 3563 3659 E nStackXCoAP: IsInSameNetwork:[281] :IsInSameNetwork: not priority process
06-10 13:53:40.136 3563 3659 D nStackXCoAP: ParseServiceDiscover:[330] :new device join
06-10 13:53:40.136 3563 3659 E nStackXDFinder: GetLocalIp:[401] :GetLocalIp exec
06-10 13:53:40.147 3563 3659 D nStackXCoAP: CoapMessageHandler:[133] :2.01
06-10 13:53:40.261 523 545 W IorapForwardingService: No service published for: iorapd
06-10 13:53:40.306 3563 3659 D nStackXCoAP: IsInSameNetwork:[276] :IsInSameNetwork exec
06-10 13:53:40.306 3563 3659 I nStackXDFinder: GetLocalInterfaceDetail:[461] :GetLocalInterfaceDetail in
06-10 13:53:40.306 3563 3659 E nStackXCoAP: IsInSameNetwork:[281] :IsInSameNetwork: not priority process
06-10 13:53:40.306 3563 3659 D nStackXCoAP: ParseServiceDiscover:[330] :new device join
06-10 13:53:40.306 3563 3659 E nStackXDFinder: GetLocalIp:[401] :GetLocalIp exec
06-10 13:53:40.328 3563 3659 D nStackXCoAP: CoapMessageHandler:[133] :2.01
06-10 13:53:40.413 3563 3659 D nStackXCoAP: IsInSameNetwork:[276] :IsInSameNetwork exec
06-10 13:53:40.413 3563 3659 I nStackXDFinder: GetLocalInterfaceDetail:[461] :GetLocalInterfaceDetail in
06-10 13:53:40.413 3563 3659 E nStackXCoAP: IsInSameNetwork:[281] :IsInSameNetwork: not priority process
06-10 13:53:40.413 3563 3659 D nStackXCoAP: ParseServiceDiscover:[330] :new device join
06-10 13:53:40.413 3563 3659 E nStackXDFinder: GetLocalIp:[401] :GetLocalIp exec
06-10 13:53:40.427 3563 3659 D nStackXCoAP: CoapMessageHandler:[133] :2.01
06-10 13:53:40.728 3563 3659 D nStackXCoAP: IsInSameNetwork:[276] :IsInSameNetwork exec
06-10 13:53:40.728 3563 3659 I nStackXDFinder: GetLocalInterfaceDetail:[461] :GetLocalInterfaceDetail in
06-10 13:53:40.728 3563 3659 E nStackXCoAP: IsInSameNetwork:[281] :IsInSameNetwork: not priority process
06-10 13:53:40.728 3563 3659 D nStackXCoAP: ParseServiceDiscover:[330] :new device join
06-10 13:53:40.728 3563 3659 E nStackXDFinder: GetLocalIp:[401] :GetLocalIp exec
06-10 13:53:40.738 3563 3659 D nStackXCoAP: IsInSameNetwork:[276] :IsInSameNetwork exec
06-10 13:53:40.738 3563 3659 I nStackXDFinder: GetLocalInterfaceDetail:[461] :GetLocalInterfaceDetail in
06-10 13:53:40.739 3563 3659 E nStackXCoAP: IsInSameNetwork:[281] :IsInSameNetwork: not priority process
06-10 13:53:40.739 3563 3659 D nStackXCoAP: ParseServiceDiscover:[330] :new device join
06-10 13:53:40.739 3563 3659 I nStackXDFinder: NotifyDeviceListChanged:[540] :notify callback: device list changed callback is null
06-10 13:53:40.739 3563 3659 E nStackXDFinder: GetLocalIp:[401] :GetLocalIp exec
06-10 13:53:40.742 3563 3659 D nStackXCoAP: IsInSameNetwork:[276] :IsInSameNetwork exec
06-10 13:53:40.742 3563 3659 I nStackXDFinder: GetLocalInterfaceDetail:[461] :GetLocalInterfaceDetail in
06-10 13:53:40.742 3563 3659 E nStackXCoAP: IsInSameNetwork:[281] :IsInSameNetwork: not priority process
06-10 13:53:40.742 3563 3659 D nStackXCoAP: ParseServiceDiscover:[330] :new device join
06-10 13:53:40.742 3563 3659 E nStackXDFinder: GetLocalIp:[401] :GetLocalIp exec
06-10 13:53:40.751 3563 3659 D nStackXCoAP: CoapMessageHandler:[133] :2.01
06-10 13:53:40.756 3563 3659 D nStackXCoAP: CoapMessageHandler:[133] :2.01
06-10 13:53:40.758 3563 3659 D nStackXCoAP: CoapMessageHandler:[133] :2.01
06-10 13:53:40.813 523 539 I WifiService: startScan uid=1000
06-10 13:53:40.920 3563 3659 D nStackXCoAP: IsInSameNetwork:[276] :IsInSameNetwork exec
06-10 13:53:40.920 3563 3659 I nStackXDFinder: GetLocalInterfaceDetail:[461] :GetLocalInterfaceDetail in
06-10 13:53:40.920 3563 3659 E nStackXCoAP: IsInSameNetwork:[281] :IsInSameNetwork: not priority process
06-10 13:53:40.920 3563 3659 D nStackXCoAP: ParseServiceDiscover:[330] :new device join
06-10 13:53:40.920 3563 3659 E nStackXDFinder: GetLocalIp:[401] :GetLocalIp exec
06-10 13:53:40.923 3563 3659 D nStackXCoAP: IsInSameNetwork:[276] :IsInSameNetwork exec
06-10 13:53:40.923 3563 3659 I nStackXDFinder: GetLocalInterfaceDetail:[461] :GetLocalInterfaceDetail in
06-10 13:53:40.923 3563 3659 E nStackXCoAP: IsInSameNetwork:[281] :IsInSameNetwork: not priority process
06-10 13:53:40.923 3563 3659 D nStackXCoAP: ParseServiceDiscover:[330] :new device join
06-10 13:53:40.923 3563 3659 E nStackXDFinder: GetLocalIp:[401] :GetLocalIp exec
06-10 13:53:41.024 3563 3659 D nStackXCoAP: IsInSameNetwork:[276] :IsInSameNetwork exec
06-10 13:53:41.024 3563 3659 I nStackXDFinder: GetLocalInterfaceDetail:[461] :GetLocalInterfaceDetail in
06-10 13:53:41.024 3563 3659 E nStackXCoAP: IsInSameNetwork:[281] :IsInSameNetwork: not priority process
06-10 13:53:41.024 3563 3659 D nStackXCoAP: ParseServiceDiscover:[330] :new device join
06-10 13:53:41.025 3563 3659 E nStackXDFinder: GetLocalIp:[401] :GetLocalIp exec
06-10 13:53:41.028 3563 3659 D nStackXCoAP: IsInSameNetwork:[276] :IsInSameNetwork exec
06-10 13:53:41.028 3563 3659 I nStackXDFinder: GetLocalInterfaceDetail:[461] :GetLocalInterfaceDetail in
06-10 13:53:41.028 3563 3659 E nStackXCoAP: IsInSameNetwork:[281] :IsInSameNetwork: not priority process
06-10 13:53:41.028 3563 3659 D nStackXCoAP: ParseServiceDiscover:[330] :new device join
06-10 13:53:41.028 3563 3659 E nStackXDFinder: GetLocalIp:[401] :GetLocalIp exec
06-10 13:53:41.121 401 401 W hdr10p_Configure: 134 callbacks suppressed
06-10 13:53:41.121 401 401 I : DVI mode selected: packets not configured
06-10 13:53:41.121 401 401 W set_vsif_config: 134 callbacks suppressed
06-10 13:53:41.121 401 401 I : Error: set vsif failed
06-10 13:53:41.121 401 401 I : DVI mode selected: packets not configured
06-10 13:53:41.121 401 401 I : Error: set vsif failed
06-10 13:53:41.154 401 401 I : DVI mode selected: packets not configured
06-10 13:53:41.154 401 401 I : Error: set vsif failed
06-10 13:53:41.154 401 401 I : DVI mode selected: packets not configured
06-10 13:53:41.154 401 401 I : Error: set vsif failed
06-10 13:53:41.177 401 401 I : DVI mode selected: packets not configured
06-10 13:53:41.177 401 401 I : Error: set vsif failed
06-10 13:53:41.177 401 401 I : DVI mode selected: packets not configured
06-10 13:53:41.177 401 401 I : Error: set vsif failed
06-10 13:53:41.193 401 401 I : DVI mode selected: packets not configured
06-10 13:53:41.193 401 401 I : Error: set vsif failed
06-10 13:53:41.193 401 401 I : DVI mode selected: packets not configured
06-10 13:53:41.193 401 401 I : Error: set vsif failed
06-10 13:53:41.210 401 401 I : DVI mode selected: packets not configured
06-10 13:53:41.210 401 401 I : Error: set vsif failed
06-10 13:53:41.210 401 401 I : DVI mode selected: packets not configured
06-10 13:53:41.210 401 401 I : Error: set vsif failed
06-10 13:53:41.223 3563 3659 D nStackXCoAP: CoapMessageHandler:[133] :2.01
06-10 13:53:41.225 3563 3659 D nStackXCoAP: CoapMessageHandler:[133] :2.01
06-10 13:53:41.225 3563 3659 D nStackXCoAP: CoapMessageHandler:[133] :2.01
06-10 13:53:41.225 3563 3659 D nStackXCoAP: CoapMessageHandler:[133] :2.01
06-10 13:53:41.229 3563 3659 D nStackXCoAP: IsInSameNetwork:[276] :IsInSameNetwork exec
06-10 13:53:41.230 3563 3659 I nStackXDFinder: GetLocalInterfaceDetail:[461] :GetLocalInterfaceDetail in
06-10 13:53:41.230 3563 3659 E nStackXCoAP: IsInSameNetwork:[281] :IsInSameNetwork: not priority process
06-10 13:53:41.230 3563 3659 D nStackXCoAP: ParseServiceDiscover:[330] :new device join
06-10 13:53:41.230 3563 3659 E nStackXDFinder: GetLocalIp:[401] :GetLocalIp exec
06-10 13:53:41.263 523 545 W IorapForwardingService: No service published for: iorapd
06-10 13:53:41.326 3563 3659 D nStackXCoAP: CoapMessageHandler:[133] :2.01
06-10 13:53:41.330 3563 3659 D nStackXCoAP: IsInSameNetwork:[276] :IsInSameNetwork exec
06-10 13:53:41.330 3563 3659 I nStackXDFinder: GetLocalInterfaceDetail:[461] :GetLocalInterfaceDetail in
06-10 13:53:41.330 3563 3659 E nStackXCoAP: IsInSameNetwork:[281] :IsInSameNetwork: not priority process
06-10 13:53:41.330 3563 3659 D nStackXCoAP: ParseServiceDiscover:[330] :new device join
06-10 13:53:41.330 3563 3659 E nStackXDFinder: GetLocalIp:[401] :GetLocalIp exec
06-10 13:53:41.435 3563 3659 D nStackXCoAP: IsInSameNetwork:[276] :IsInSameNetwork exec
06-10 13:53:41.435 3563 3659 I nStackXDFinder: GetLocalInterfaceDetail:[461] :GetLocalInterfaceDetail in
06-10 13:53:41.436 3563 3659 E nStackXCoAP: IsInSameNetwork:[281] :IsInSameNetwork: not priority process
06-10 13:53:41.436 3563 3659 D nStackXCoAP: ParseServiceDiscover:[330] :new device join
06-10 13:53:41.436 3563 3659 E nStackXDFinder: GetLocalIp:[401] :GetLocalIp exec
06-10 13:53:41.437 278 303 D hdmi-cec: receive invalid cec message!
06-10 13:53:41.438 278 303 D hdmi-cec: receive poll message [04], skip!
06-10 13:53:41.527 3563 3659 D nStackXCoAP: CoapMessageHandler:[133] :2.01
06-10 13:53:41.530 3563 3659 D nStackXCoAP: CoapMessageHandler:[133] :2.01
06-10 13:53:41.547 3563 3659 D nStackXCoAP: IsInSameNetwork:[276] :IsInSameNetwork exec
06-10 13:53:41.547 3563 3659 I nStackXDFinder: GetLocalInterfaceDetail:[461] :GetLocalInterfaceDetail in
06-10 13:53:41.547 3563 3659 E nStackXCoAP: IsInSameNetwork:[281] :IsInSameNetwork: not priority process
06-10 13:53:41.547 3563 3659 D nStackXCoAP: ParseServiceDiscover:[330] :new device join
06-10 13:53:41.548 3563 3659 E nStackXDFinder: GetLocalIp:[401] :GetLocalIp exec
06-10 13:53:41.648 3563 3659 D nStackXCoAP: IsInSameNetwork:[276] :IsInSameNetwork exec
06-10 13:53:41.648 3563 3659 I nStackXDFinder: GetLocalInterfaceDetail:[461] :GetLocalInterfaceDetail in
06-10 13:53:41.648 3563 3659 E nStackXCoAP: IsInSameNetwork:[281] :IsInSameNetwork: not priority process
06-10 13:53:41.648 3563 3659 D nStackXCoAP: ParseServiceDiscover:[330] :new device join
06-10 13:53:41.648 3563 3659 E nStackXDFinder: GetLocalIp:[401] :GetLocalIp exec
06-10 13:53:41.729 3563 3659 D nStackXCoAP: CoapMessageHandler:[133] :2.01
06-10 13:53:41.742 3563 3659 D nStackXCoAP: IsInSameNetwork:[276] :IsInSameNetwork exec
06-10 13:53:41.742 3563 3659 I nStackXDFinder: GetLocalInterfaceDetail:[461] :GetLocalInterfaceDetail in
06-10 13:53:41.742 3563 3659 E nStackXCoAP: IsInSameNetwork:[281] :IsInSameNetwork: not priority process
06-10 13:53:41.742 3563 3659 D nStackXCoAP: ParseServiceDiscover:[330] :new device join
06-10 13:53:41.742 3563 3659 E nStackXDFinder: GetLocalIp:[401] :GetLocalIp exec
06-10 13:53:41.953 3563 3659 D nStackXCoAP: IsInSameNetwork:[276] :IsInSameNetwork exec
06-10 13:53:41.953 3563 3659 I nStackXDFinder: GetLocalInterfaceDetail:[461] :GetLocalInterfaceDetail in
06-10 13:53:41.953 3563 3659 E nStackXCoAP: IsInSameNetwork:[281] :IsInSameNetwork: not priority process
06-10 13:53:41.953 3563 3659 D nStackXCoAP: ParseServiceDiscover:[330] :new device join
06-10 13:53:41.953 3563 3659 E nStackXDFinder: GetLocalIp:[401] :GetLocalIp exec
06-10 13:53:42.053 3563 3659 D nStackXCoAP: CoapMessageHandler:[133] :2.01
06-10 13:53:42.054 3563 3659 D nStackXCoAP: CoapMessageHandler:[133] :2.01
06-10 13:53:42.056 3373 3432 I efs.base: wa upload succ, HttpResponse {succ=true, code=200, data='暂不支持该服务', extra={req_url=https://errlog.umeng.com/api/crashsdk/logcollect}}
06-10 13:53:42.149 3563 3659 D nStackXCoAP: IsInSameNetwork:[276] :IsInSameNetwork exec
06-10 13:53:42.149 3563 3659 I nStackXDFinder: GetLocalInterfaceDetail:[461] :GetLocalInterfaceDetail in
06-10 13:53:42.149 3563 3659 E nStackXCoAP: IsInSameNetwork:[281] :IsInSameNetwork: not priority process
06-10 13:53:42.149 3563 3659 D nStackXCoAP: ParseServiceDiscover:[330] :new device join
06-10 13:53:42.149 3563 3659 E nStackXDFinder: GetLocalIp:[401] :GetLocalIp exec
06-10 13:53:42.155 3563 3659 D nStackXCoAP: IsInSameNetwork:[276] :IsInSameNetwork exec
06-10 13:53:42.155 3563 3659 I nStackXDFinder: GetLocalInterfaceDetail:[461] :GetLocalInterfaceDetail in
06-10 13:53:42.155 3563 3659 E nStackXCoAP: IsInSameNetwork:[281] :IsInSameNetwork: not priority process
06-10 13:53:42.155 3563 3659 D nStackXCoAP: ParseServiceDiscover:[330] :new device join
06-10 13:53:42.156 3563 3659 E nStackXDFinder: GetLocalIp:[401] :GetLocalIp exec
06-10 13:53:42.160 3563 3659 D nStackXCoAP: CoapMessageHandler:[133] :2.01
06-10 13:53:42.244 3563 3659 D nStackXCoAP: CoapMessageHandler:[133] :2.01
06-10 13:53:42.265 523 545 W IorapForwardingService: No service published for: iorapd
06-10 13:53:42.345 3563 3659 D nStackXCoAP: CoapMessageHandler:[133] :2.01
06-10 13:53:42.466 3563 3659 D nStackXCoAP: IsInSameNetwork:[276] :IsInSameNetwork exec
06-10 13:53:42.466 3563 3659 I nStackXDFinder: GetLocalInterfaceDetail:[461] :GetLocalInterfaceDetail in
06-10 13:53:42.466 3563 3659 E nStackXCoAP: IsInSameNetwork:[281] :IsInSameNetwork: not priority process
06-10 13:53:42.466 3563 3659 D nStackXCoAP: ParseServiceDiscover:[330] :new device join
06-10 13:53:42.466 3563 3659 E nStackXDFinder: GetLocalIp:[401] :GetLocalIp exec
06-10 13:53:42.652 3563 3659 D nStackXCoAP: CoapMessageHandler:[133] :2.01
06-10 13:53:42.856 669 669 E WifiHAL : wifi_get_link_stats: requestResponse Error:-5
06-10 13:53:42.858 523 617 E WifiVendorHal: getWifiLinkLayerStats_1_5_Internal(l.1191) failed {.code = ERROR_INVALID_ARGS, .description = }
06-10 13:53:43.267 523 545 W IorapForwardingService: No service published for: iorapd
06-10 13:53:43.689 3563 3659 D nStackXCoAP: IsInSameNetwork:[276] :IsInSameNetwork exec
06-10 13:53:43.690 3563 3659 I nStackXDFinder: GetLocalInterfaceDetail:[461] :GetLocalInterfaceDetail in
06-10 13:53:43.690 3563 3659 E nStackXCoAP: IsInSameNetwork:[281] :IsInSameNetwork: not priority process
06-10 13:53:43.690 3563 3659 D nStackXCoAP: ParseServiceDiscover:[330] :new device join
06-10 13:53:43.690 3563 3659 E nStackXDFinder: GetLocalIp:[401] :GetLocalIp exec
06-10 13:53:43.882 3563 3659 D nStackXCoAP: CoapMessageHandler:[133] :2.01
06-10 13:53:44.269 523 545 W IorapForwardingService: No service published for: iorapd
06-10 13:53:44.285 523 1026 W ZramWriteback: Writeback device is not set
06-10 13:53:44.285 523 1026 D ZramWriteback: wait to flush
06-10 13:53:44.320 2641 2717 D UtilLog : 日志批量上报 进行正常循环 !!!!!!本次有0次请求,共0条数据
06-10 13:53:44.803 523 539 D WifiNl80211Manager: Scan result ready event
06-10 13:53:44.803 523 539 D WifiNative: Scan result ready event
06-10 13:53:44.811 3563 3659 D nStackXCoAP: IsInSameNetwork:[276] :IsInSameNetwork exec
06-10 13:53:44.811 3563 3659 I nStackXDFinder: GetLocalInterfaceDetail:[461] :GetLocalInterfaceDetail in
06-10 13:53:44.812 3563 3659 E nStackXCoAP: IsInSameNetwork:[281] :IsInSameNetwork: not priority process
06-10 13:53:44.812 3563 3659 D nStackXCoAP: ParseServiceDiscover:[330] :new device join
06-10 13:53:44.812 3563 3659 E nStackXDFinder: GetLocalIp:[401] :GetLocalIp exec
06-10 13:53:44.842 3563 3659 D nStackXCoAP: CoapMessageHandler:[133] :2.01
06-10 13:53:44.856 523 621 D WificondScannerImpl: Filtering out 12 scan results.
06-10 13:53:44.874 2977 3072 E ccc : cccccc SCAN_RESULTS_AVAILABLE_ACTION hhhh
06-10 13:53:44.874 1165 1165 E hq : NetWorkStateReceiver:::NetWorkStateReceiver onReceive: 网络变化广播 >>>> intent.action=android.net.wifi.SCAN_RESULTS
06-10 13:53:44.882 669 669 E WifiHAL : wifi_get_link_stats: requestResponse Error:-5
06-10 13:53:44.884 523 617 E WifiVendorHal: getWifiLinkLayerStats_1_5_Internal(l.1191) failed {.code = ERROR_INVALID_ARGS, .description = }
06-10 13:53:44.921 1165 1165 W eventbuscore: post Event:com.dangbei.leard.base.entity.event.NetWifiRssiEvent
06-10 13:53:45.179 3563 3659 D nStackXCoAP: IsInSameNetwork:[276] :IsInSameNetwork exec
06-10 13:53:45.180 3563 3659 I nStackXDFinder: GetLocalInterfaceDetail:[461] :GetLocalInterfaceDetail in
06-10 13:53:45.180 3563 3659 E nStackXCoAP: IsInSameNetwork:[281] :IsInSameNetwork: not priority process
06-10 13:53:45.180 3563 3659 D nStackXCoAP: ParseServiceDiscover:[330] :new device join
06-10 13:53:45.180 3563 3659 E nStackXDFinder: GetLocalIp:[401] :GetLocalIp exec
06-10 13:53:45.190 3563 3659 D nStackXCoAP: CoapMessageHandler:[133] :2.01
06-10 13:53:45.273 523 545 W IorapForwardingService: No service published for: iorapd
06-10 13:53:45.869 669 669 E WifiHAL : wifi_get_link_stats: requestResponse Error:-5
06-10 13:53:45.871 523 617 E WifiVendorHal: getWifiLinkLayerStats_1_5_Internal(l.1191) failed {.code = ERROR_INVALID_ARGS, .description = }
06-10 13:53:46.193 1349 1349 D bbb : onStartCommand begin !!!!!!! data分区剩余 20615MB
06-10 13:53:46.195 1347 1347 D aaa : LedStatusService onStartCommand begin
06-10 13:53:46.199 1347 3837 D aaa : topPkg is -------------- :com.dangbei.haqusetting
06-10 13:53:46.276 523 545 W IorapForwardingService: No service published for: iorapd
06-10 13:53:47.145 401 401 W hdr10p_Configure: 138 callbacks suppressed
06-10 13:53:47.145 401 401 I : DVI mode selected: packets not configured
06-10 13:53:47.145 401 401 W set_vsif_config: 138 callbacks suppressed
06-10 13:53:47.145 401 401 I : Error: set vsif failed
06-10 13:53:47.145 401 401 I : DVI mode selected: packets not configured
06-10 13:53:47.145 401 401 I : Error: set vsif failed
06-10 13:53:47.167 401 401 I : DVI mode selected: packets not configured
06-10 13:53:47.167 401 401 I : Error: set vsif failed
06-10 13:53:47.167 401 401 I : DVI mode selected: packets not configured
06-10 13:53:47.167 401 401 I : Error: set vsif failed
06-10 13:53:47.184 401 401 I : DVI mode selected: packets not configured
06-10 13:53:47.184 401 401 I : Error: set vsif failed
06-10 13:53:47.184 401 401 I : DVI mode selected: packets not configured
06-10 13:53:47.184 401 401 I : Error: set vsif failed
06-10 13:53:47.200 401 401 I : DVI mode selected: packets not configured
06-10 13:53:47.200 401 401 I : Error: set vsif failed
06-10 13:53:47.201 401 401 I : DVI mode selected: packets not configured
06-10 13:53:47.201 401 401 I : Error: set vsif failed
06-10 13:53:47.209 401 401 I : DVI mode selected: packets not configured
06-10 13:53:47.209 401 401 I : Error: set vsif failed
06-10 13:53:47.210 401 401 I : DVI mode selected: packets not configured
06-10 13:53:47.210 401 401 I : Error: set vsif failed
06-10 13:53:47.278 523 545 W IorapForwardingService: No service published for: iorapd
06-10 13:53:48.281 523 545 W IorapForwardingService: No service published for: iorapd
06-10 13:53:48.886 669 669 E WifiHAL : wifi_get_link_stats: requestResponse Error:-5
06-10 13:53:48.889 523 617 E WifiVendorHal: getWifiLinkLayerStats_1_5_Internal(l.1191) failed {.code = ERROR_INVALID_ARGS, .description = }
06-10 13:53:49.283 523 545 W IorapForwardingService: No service published for: iorapd
06-10 13:53:50.286 523 545 W IorapForwardingService: No service published for: iorapd
06-10 13:53:51.289 523 545 W IorapForwardingService: No service published for: iorapd
06-10 13:53:51.369 3563 3659 D nStackXCoAP: IsInSameNetwork:[276] :IsInSameNetwork exec
06-10 13:53:51.369 3563 3659 I nStackXDFinder: GetLocalInterfaceDetail:[461] :GetLocalInterfaceDetail in
06-10 13:53:51.369 3563 3659 E nStackXCoAP: IsInSameNetwork:[281] :IsInSameNetwork: not priority process
06-10 13:53:51.369 3563 3659 D nStackXCoAP: ParseServiceDiscover:[330] :new device join
06-10 13:53:51.369 3563 3659 E nStackXDFinder: GetLocalIp:[401] :GetLocalIp exec
06-10 13:53:51.399 3563 3659 D nStackXCoAP: CoapMessageHandler:[133] :2.01
06-10 13:53:51.574 3563 3659 D nStackXCoAP: IsInSameNetwork:[276] :IsInSameNetwork exec
06-10 13:53:51.574 3563 3659 I nStackXDFinder: GetLocalInterfaceDetail:[461] :GetLocalInterfaceDetail in
06-10 13:53:51.574 3563 3659 E nStackXCoAP: IsInSameNetwork:[281] :IsInSameNetwork: not priority process
06-10 13:53:51.574 3563 3659 D nStackXCoAP: ParseServiceDiscover:[330] :new device join
06-10 13:53:51.575 3563 3659 E nStackXDFinder: GetLocalIp:[401] :GetLocalIp exec
06-10 13:53:51.615 3563 3659 D nStackXCoAP: CoapMessageHandler:[133] :2.01
06-10 13:53:51.675 3563 3659 D nStackXCoAP: IsInSameNetwork:[276] :IsInSameNetwork exec
06-10 13:53:51.676 3563 3659 I nStackXDFinder: GetLocalInterfaceDetail:[461] :GetLocalInterfaceDetail in
06-10 13:53:51.676 3563 3659 E nStackXCoAP: IsInSameNetwork:[281] :IsInSameNetwork: not priority process
06-10 13:53:51.676 3563 3659 D nStackXCoAP: ParseServiceDiscover:[330] :new device join
06-10 13:53:51.676 3563 3659 E nStackXDFinder: GetLocalIp:[401] :GetLocalIp exec
06-10 13:53:51.748 3563 3659 D nStackXCoAP: CoapMessageHandler:[133] :2.01
06-10 13:53:51.796 3563 3659 D nStackXCoAP: IsInSameNetwork:[276] :IsInSameNetwork exec
06-10 13:53:51.797 3563 3659 I nStackXDFinder: GetLocalInterfaceDetail:[461] :GetLocalInterfaceDetail in
06-10 13:53:51.797 3563 3659 E nStackXCoAP: IsInSameNetwork:[281] :IsInSameNetwork: not priority process
06-10 13:53:51.797 3563 3659 D nStackXCoAP: ParseServiceDiscover:[330] :new device join
06-10 13:53:51.797 3563 3659 E nStackXDFinder: GetLocalIp:[401] :GetLocalIp exec
06-10 13:53:51.869 3563 3659 D nStackXCoAP: CoapMessageHandler:[133] :2.01
06-10 13:53:51.903 669 669 E WifiHAL : wifi_get_link_stats: requestResponse Error:-5
06-10 13:53:51.905 523 617 E WifiVendorHal: getWifiLinkLayerStats_1_5_Internal(l.1191) failed {.code = ERROR_INVALID_ARGS, .description = }
06-10 13:53:51.979 3563 3659 D nStackXCoAP: IsInSameNetwork:[276] :IsInSameNetwork exec
06-10 13:53:51.979 3563 3659 I nStackXDFinder: GetLocalInterfaceDetail:[461] :GetLocalInterfaceDetail in
06-10 13:53:51.979 3563 3659 E nStackXCoAP: IsInSameNetwork:[281] :IsInSameNetwork: not priority process
06-10 13:53:51.979 3563 3659 D nStackXCoAP: ParseServiceDiscover:[330] :new device join
06-10 13:53:51.979 3563 3659 E nStackXDFinder: GetLocalIp:[401] :GetLocalIp exec
06-10 13:53:52.006 3563 3659 D nStackXCoAP: CoapMessageHandler:[133] :2.01
06-10 13:53:52.083 3563 3659 D nStackXCoAP: IsInSameNetwork:[276] :IsInSameNetwork exec
06-10 13:53:52.083 3563 3659 I nStackXDFinder: GetLocalInterfaceDetail:[461] :GetLocalInterfaceDetail in
06-10 13:53:52.083 3563 3659 E nStackXCoAP: IsInSameNetwork:[281] :IsInSameNetwork: not priority process
06-10 13:53:52.083 3563 3659 D nStackXCoAP: ParseServiceDiscover:[330] :new device join
06-10 13:53:52.083 3563 3659 E nStackXDFinder: GetLocalIp:[401] :GetLocalIp exec
06-10 13:53:52.115 3563 3659 D nStackXCoAP: CoapMessageHandler:[133] :2.01
06-10 13:53:52.194 3563 3659 D nStackXCoAP: IsInSameNetwork:[276] :IsInSameNetwork exec
06-10 13:53:52.194 3563 3659 I nStackXDFinder: GetLocalInterfaceDetail:[461] :GetLocalInterfaceDetail in
06-10 13:53:52.194 3563 3659 E nStackXCoAP: IsInSameNetwork:[281] :IsInSameNetwork: not priority process
06-10 13:53:52.194 3563 3659 D nStackXCoAP: ParseServiceDiscover:[330] :new device join
06-10 13:53:52.194 3563 3659 E nStackXDFinder: GetLocalIp:[401] :GetLocalIp exec
06-10 13:53:52.204 3563 3659 D nStackXCoAP: CoapMessageHandler:[133] :2.01
06-10 13:53:52.291 523 545 W IorapForwardingService: No service published for: iorapd
06-10 13:53:52.393 3563 3659 D nStackXCoAP: IsInSameNetwork:[276] :IsInSameNetwork exec
06-10 13:53:52.393 3563 3659 I nStackXDFinder: GetLocalInterfaceDetail:[461] :GetLocalInterfaceDetail in
06-10 13:53:52.393 3563 3659 E nStackXCoAP: IsInSameNetwork:[281] :IsInSameNetwork: not priority process
06-10 13:53:52.393 3563 3659 D nStackXCoAP: ParseServiceDiscover:[330] :new device join
06-10 13:53:52.394 3563 3659 E nStackXDFinder: GetLocalIp:[401] :GetLocalIp exec
06-10 13:53:52.419 3563 3659 D nStackXCoAP: CoapMessageHandler:[133] :2.01
06-10 13:53:52.492 3563 3659 D nStackXCoAP: IsInSameNetwork:[276] :IsInSameNetwork exec
06-10 13:53:52.493 3563 3659 I nStackXDFinder: GetLocalInterfaceDetail:[461] :GetLocalInterfaceDetail in
06-10 13:53:52.493 3563 3659 E nStackXCoAP: IsInSameNetwork:[281] :IsInSameNetwork: not priority process
06-10 13:53:52.493 3563 3659 D nStackXCoAP: ParseServiceDiscover:[330] :new device join
06-10 13:53:52.493 3563 3659 E nStackXDFinder: GetLocalIp:[401] :GetLocalIp exec
06-10 13:53:52.505 3563 3659 D nStackXCoAP: CoapMessageHandler:[133] :2.01
06-10 13:53:52.602 816 1315 D DhcpClient: Received packet: 82:c8:b8:a5:a3:3e ACK: your new IP /192.168.3.47, netmask /255.255.254.0, gateways [/192.168.3.1] DNS servers: /202.96.134.133 /202.96.128.166 , lease time 3600
06-10 13:53:52.697 3563 3659 D nStackXCoAP: IsInSameNetwork:[276] :IsInSameNetwork exec
06-10 13:53:52.698 3563 3659 I nStackXDFinder: GetLocalInterfaceDetail:[461] :GetLocalInterfaceDetail in
06-10 13:53:52.698 3563 3659 E nStackXCoAP: IsInSameNetwork:[281] :IsInSameNetwork: not priority process
06-10 13:53:52.698 3563 3659 D nStackXCoAP: ParseServiceDiscover:[330] :new device join
06-10 13:53:52.698 3563 3659 E nStackXDFinder: GetLocalIp:[401] :GetLocalIp exec
06-10 13:53:52.708 3563 3659 D nStackXCoAP: CoapMessageHandler:[133] :2.01
06-10 13:53:52.799 3563 3659 D nStackXCoAP: IsInSameNetwork:[276] :IsInSameNetwork exec
06-10 13:53:52.800 3563 3659 I nStackXDFinder: GetLocalInterfaceDetail:[461] :GetLocalInterfaceDetail in
06-10 13:53:52.800 3563 3659 E nStackXCoAP: IsInSameNetwork:[281] :IsInSameNetwork: not priority process
06-10 13:53:52.800 3563 3659 D nStackXCoAP: ParseServiceDiscover:[330] :new device join
06-10 13:53:52.800 3563 3659 E nStackXDFinder: GetLocalIp:[401] :GetLocalIp exec
06-10 13:53:52.808 3563 3659 D nStackXCoAP: CoapMessageHandler:[133] :2.01
06-10 13:53:52.904 3563 3659 D nStackXCoAP: IsInSameNetwork:[276] :IsInSameNetwork exec
06-10 13:53:52.904 3563 3659 I nStackXDFinder: GetLocalInterfaceDetail:[461] :GetLocalInterfaceDetail in
06-10 13:53:52.904 3563 3659 E nStackXCoAP: IsInSameNetwork:[281] :IsInSameNetwork: not priority process
06-10 13:53:52.904 3563 3659 D nStackXCoAP: ParseServiceDiscover:[330] :new device join
06-10 13:53:52.904 3563 3659 E nStackXDFinder: GetLocalIp:[401] :GetLocalIp exec
06-10 13:53:52.924 3563 3659 D nStackXCoAP: CoapMessageHandler:[133] :2.01
06-10 13:53:53.108 3563 3659 D nStackXCoAP: IsInSameNetwork:[276] :IsInSameNetwork exec
06-10 13:53:53.108 3563 3659 I nStackXDFinder: GetLocalInterfaceDetail:[461] :GetLocalInterfaceDetail in
06-10 13:53:53.108 3563 3659 E nStackXCoAP: IsInSameNetwork:[281] :IsInSameNetwork: not priority process
06-10 13:53:53.108 3563 3659 D nStackXCoAP: ParseServiceDiscover:[330] :new device join
06-10 13:53:53.109 3563 3659 E nStackXDFinder: GetLocalIp:[401] :GetLocalIp exec
06-10 13:53:53.163 401 401 W hdr10p_Configure: 136 callbacks suppressed
06-10 13:53:53.163 401 401 I : DVI mode selected: packets not configured
06-10 13:53:53.163 401 401 W set_vsif_config: 136 callbacks suppressed
06-10 13:53:53.163 401 401 I : Error: set vsif failed
06-10 13:53:53.163 401 401 I : DVI mode selected: packets not configured
06-10 13:53:53.163 401 401 I : Error: set vsif failed
06-10 13:53:53.186 401 401 I : DVI mode selected: packets not configured
06-10 13:53:53.186 401 401 I : Error: set vsif failed
06-10 13:53:53.187 401 401 I : DVI mode selected: packets not configured
06-10 13:53:53.187 401 401 I : Error: set vsif failed
06-10 13:53:53.193 3563 3659 D nStackXCoAP: CoapMessageHandler:[133] :2.01
06-10 13:53:53.203 401 401 I : DVI mode selected: packets not configured
06-10 13:53:53.203 401 401 I : Error: set vsif failed
06-10 13:53:53.203 401 401 I : DVI mode selected: packets not configured
06-10 13:53:53.203 401 401 I : Error: set vsif failed
06-10 13:53:53.220 401 401 I : DVI mode selected: packets not configured
06-10 13:53:53.220 401 401 I : Error: set vsif failed
06-10 13:53:53.220 401 401 I : DVI mode selected: packets not configured
06-10 13:53:53.220 401 401 I : Error: set vsif failed
06-10 13:53:53.251 401 401 I : DVI mode selected: packets not configured
06-10 13:53:53.251 401 401 I : Error: set vsif failed
06-10 13:53:53.251 401 401 I : DVI mode selected: packets not configured
06-10 13:53:53.251 401 401 I : Error: set vsif failed
06-10 13:53:53.251 3563 3659 D nStackXCoAP: IsInSameNetwork:[276] :IsInSameNetwork exec
06-10 13:53:53.252 3563 3659 I nStackXDFinder: GetLocalInterfaceDetail:[461] :GetLocalInterfaceDetail in
06-10 13:53:53.252 3563 3659 E nStackXCoAP: IsInSameNetwork:[281] :IsInSameNetwork: not priority process
06-10 13:53:53.252 3563 3659 D nStackXCoAP: ParseServiceDiscover:[330] :new device join
06-10 13:53:53.252 3563 3659 E nStackXDFinder: GetLocalIp:[401] :GetLocalIp exec
06-10 13:53:53.293 523 545 W IorapForwardingService: No service published for: iorapd
06-10 13:53:53.299 3563 3659 D nStackXCoAP: CoapMessageHandler:[133] :2.01
06-10 13:53:53.414 3563 3659 D nStackXCoAP: IsInSameNetwork:[276] :IsInSameNetwork exec
06-10 13:53:53.414 3563 3659 I nStackXDFinder: GetLocalInterfaceDetail:[461] :GetLocalInterfaceDetail in
06-10 13:53:53.414 3563 3659 E nStackXCoAP: IsInSameNetwork:[281] :IsInSameNetwork: not priority process
06-10 13:53:53.414 3563 3659 D nStackXCoAP: ParseServiceDiscover:[330] :new device join
06-10 13:53:53.414 3563 3659 E nStackXDFinder: GetLocalIp:[401] :GetLocalIp exec
06-10 13:53:53.425 3563 3659 D nStackXCoAP: CoapMessageHandler:[133] :2.01
06-10 13:53:53.563 3563 3659 D nStackXCoAP: IsInSameNetwork:[276] :IsInSameNetwork exec
06-10 13:53:53.563 3563 3659 I nStackXDFinder: GetLocalInterfaceDetail:[461] :GetLocalInterfaceDetail in
06-10 13:53:53.564 3563 3659 E nStackXCoAP: IsInSameNetwork:[281] :IsInSameNetwork: not priority process
06-10 13:53:53.564 3563 3659 D nStackXCoAP: ParseServiceDiscover:[330] :new device join
06-10 13:53:53.564 3563 3659 E nStackXDFinder: GetLocalIp:[401] :GetLocalIp exec
06-10 13:53:53.662 3563 3659 D nStackXCoAP: IsInSameNetwork:[276] :IsInSameNetwork exec
06-10 13:53:53.662 3563 3659 I nStackXDFinder: GetLocalInterfaceDetail:[461] :GetLocalInterfaceDetail in
06-10 13:53:53.662 3563 3659 E nStackXCoAP: IsInSameNetwork:[281] :IsInSameNetwork: not priority process
06-10 13:53:53.662 3563 3659 D nStackXCoAP: ParseServiceDiscover:[330] :new device join
06-10 13:53:53.663 3563 3659 E nStackXDFinder: GetLocalIp:[401] :GetLocalIp exec
06-10 13:53:53.665 3563 3659 D nStackXCoAP: CoapMessageHandler:[133] :2.01
06-10 13:53:53.685 3563 3659 D nStackXCoAP: CoapMessageHandler:[133] :2.01
06-10 13:53:53.834 3563 3659 D nStackXCoAP: IsInSameNetwork:[276] :IsInSameNetwork exec
06-10 13:53:53.834 3563 3659 I nStackXDFinder: GetLocalInterfaceDetail:[461] :GetLocalInterfaceDetail in
06-10 13:53:53.834 3563 3659 E nStackXCoAP: IsInSameNetwork:[281] :IsInSameNetwork: not priority process
06-10 13:53:53.834 3563 3659 D nStackXCoAP: ParseServiceDiscover:[330] :new device join
06-10 13:53:53.835 3563 3659 E nStackXDFinder: GetLocalIp:[401] :GetLocalIp exec
06-10 13:53:53.837 816 1315 D DhcpClient: Received packet: 82:c8:b8:a5:a3:3e ACK: your new IP /192.168.3.47, netmask /255.255.254.0, gateways [/192.168.3.1] DNS servers: /202.96.134.133 /202.96.128.166 , lease time 3600
06-10 13:53:53.848 3563 3659 D nStackXCoAP: CoapMessageHandler:[133] :2.01
06-10 13:53:53.951 3563 3659 D nStackXCoAP: IsInSameNetwork:[276] :IsInSameNetwork exec
06-10 13:53:53.951 3563 3659 I nStackXDFinder: GetLocalInterfaceDetail:[461] :GetLocalInterfaceDetail in
06-10 13:53:53.951 3563 3659 E nStackXCoAP: IsInSameNetwork:[281] :IsInSameNetwork: not priority process
06-10 13:53:53.951 3563 3659 D nStackXCoAP: ParseServiceDiscover:[330] :new device join
06-10 13:53:53.951 3563 3659 E nStackXDFinder: GetLocalIp:[401] :GetLocalIp exec
06-10 13:53:54.122 3563 3659 D nStackXCoAP: CoapMessageHandler:[133] :2.01
06-10 13:53:54.129 3563 3659 D nStackXCoAP: IsInSameNetwork:[276] :IsInSameNetwork exec
06-10 13:53:54.129 3563 3659 I nStackXDFinder: GetLocalInterfaceDetail:[461] :GetLocalInterfaceDetail in
06-10 13:53:54.129 3563 3659 E nStackXCoAP: IsInSameNetwork:[281] :IsInSameNetwork: not priority process
06-10 13:53:54.129 3563 3659 D nStackXCoAP: ParseServiceDiscover:[330] :new device join
06-10 13:53:54.129 3563 3659 E nStackXDFinder: GetLocalIp:[401] :GetLocalIp exec
06-10 13:53:54.150 3563 3659 D nStackXCoAP: CoapMessageHandler:[133] :2.01
06-10 13:53:54.198 1347 1347 D aaa : LedStatusService onStartCommand begin
06-10 13:53:54.202 1347 3849 D aaa : topPkg is -------------- :com.dangbei.haqusetting
06-10 13:53:54.202 1349 1349 D bbb : onStartCommand begin !!!!!!! data分区剩余 20615MB
06-10 13:53:54.238 3563 3659 D nStackXCoAP: IsInSameNetwork:[276] :IsInSameNetwork exec
06-10 13:53:54.238 3563 3659 I nStackXDFinder: GetLocalInterfaceDetail:[461] :GetLocalInterfaceDetail in
06-10 13:53:54.238 3563 3659 E nStackXCoAP: IsInSameNetwork:[281] :IsInSameNetwork: not priority process
06-10 13:53:54.238 3563 3659 D nStackXCoAP: ParseServiceDiscover:[330] :new device join
06-10 13:53:54.238 3563 3659 E nStackXDFinder: GetLocalIp:[401] :GetLocalIp exec
06-10 13:53:54.269 3563 3659 D nStackXCoAP: CoapMessageHandler:[133] :2.01
06-10 13:53:54.295 523 545 W IorapForwardingService: No service published for: iorapd
06-10 13:53:54.318 2641 2717 D UtilLog : 日志批量上报 进行正常循环 !!!!!!本次有0次请求,共0条数据
06-10 13:53:54.353 3563 3659 D nStackXCoAP: IsInSameNetwork:[276] :IsInSameNetwork exec
06-10 13:53:54.353 3563 3659 I nStackXDFinder: GetLocalInterfaceDetail:[461] :GetLocalInterfaceDetail in
06-10 13:53:54.353 3563 3659 E nStackXCoAP: IsInSameNetwork:[281] :IsInSameNetwork: not priority process
06-10 13:53:54.353 3563 3659 D nStackXCoAP: ParseServiceDiscover:[330] :new device join
06-10 13:53:54.353 3563 3659 E nStackXDFinder: GetLocalIp:[401] :GetLocalIp exec
06-10 13:53:54.391 3563 3659 D nStackXCoAP: CoapMessageHandler:[133] :2.01
06-10 13:53:54.541 3563 3659 D nStackXCoAP: IsInSameNetwork:[276] :IsInSameNetwork exec
06-10 13:53:54.541 3563 3659 I nStackXDFinder: GetLocalInterfaceDetail:[461] :GetLocalInterfaceDetail in
06-10 13:53:54.541 3563 3659 E nStackXCoAP: IsInSameNetwork:[281] :IsInSameNetwork: not priority process
06-10 13:53:54.541 3563 3659 D nStackXCoAP: ParseServiceDiscover:[330] :new device join
06-10 13:53:54.541 3563 3659 E nStackXDFinder: GetLocalIp:[401] :GetLocalIp exec
06-10 13:53:54.566 3563 3659 D nStackXCoAP: CoapMessageHandler:[133] :2.01
06-10 13:53:54.662 3563 3659 D nStackXCoAP: IsInSameNetwork:[276] :IsInSameNetwork exec
06-10 13:53:54.662 3563 3659 I nStackXDFinder: GetLocalInterfaceDetail:[461] :GetLocalInterfaceDetail in
06-10 13:53:54.662 3563 3659 E nStackXCoAP: IsInSameNetwork:[281] :IsInSameNetwork: not priority process
06-10 13:53:54.662 3563 3659 D nStackXCoAP: ParseServiceDiscover:[330] :new device join
06-10 13:53:54.662 3563 3659 E nStackXDFinder: GetLocalIp:[401] :GetLocalIp exec
06-10 13:53:54.687 3563 3659 D nStackXCoAP: CoapMessageHandler:[133] :2.01
06-10 13:53:54.766 3563 3659 D nStackXCoAP: IsInSameNetwork:[276] :IsInSameNetwork exec
06-10 13:53:54.766 3563 3659 I nStackXDFinder: GetLocalInterfaceDetail:[461] :GetLocalInterfaceDetail in
06-10 13:53:54.766 3563 3659 E nStackXCoAP: IsInSameNetwork:[281] :IsInSameNetwork: not priority process
06-10 13:53:54.766 3563 3659 D nStackXCoAP: ParseServiceDiscover:[330] :new device join
06-10 13:53:54.766 3563 3659 E nStackXDFinder: GetLocalIp:[401] :GetLocalIp exec
06-10 13:53:54.776 3563 3659 D nStackXCoAP: CoapMessageHandler:[133] :2.01
06-10 13:53:54.923 669 669 E WifiHAL : wifi_get_link_stats: requestResponse Error:-5
06-10 13:53:54.925 523 617 E WifiVendorHal: getWifiLinkLayerStats_1_5_Internal(l.1191) failed {.code = ERROR_INVALID_ARGS, .description = }
06-10 13:53:54.950 3563 3659 D nStackXCoAP: IsInSameNetwork:[276] :IsInSameNetwork exec
06-10 13:53:54.951 3563 3659 I nStackXDFinder: GetLocalInterfaceDetail:[461] :GetLocalInterfaceDetail in
06-10 13:53:54.951 3563 3659 E nStackXCoAP: IsInSameNetwork:[281] :IsInSameNetwork: not priority process
06-10 13:53:54.951 3563 3659 D nStackXCoAP: ParseServiceDiscover:[330] :new device join
06-10 13:53:54.951 3563 3659 E nStackXDFinder: GetLocalIp:[401] :GetLocalIp exec
06-10 13:53:55.059 3563 3659 D nStackXCoAP: IsInSameNetwork:[276] :IsInSameNetwork exec
06-10 13:53:55.060 3563 3659 I nStackXDFinder: GetLocalInterfaceDetail:[461] :GetLocalInterfaceDetail in
06-10 13:53:55.060 3563 3659 E nStackXCoAP: IsInSameNetwork:[281] :IsInSameNetwork: not priority process
06-10 13:53:55.060 3563 3659 D nStackXCoAP: ParseServiceDiscover:[330] :new device join
06-10 13:53:55.060 3563 3659 E nStackXDFinder: GetLocalIp:[401] :GetLocalIp exec
06-10 13:53:55.258 3563 3659 D nStackXCoAP: IsInSameNetwork:[276] :IsInSameNetwork exec
06-10 13:53:55.258 3563 3659 I nStackXDFinder: GetLocalInterfaceDetail:[461] :GetLocalInterfaceDetail in
06-10 13:53:55.258 3563 3659 E nStackXCoAP: IsInSameNetwork:[281] :IsInSameNetwork: not priority process
06-10 13:53:55.258 3563 3659 D nStackXCoAP: ParseServiceDiscover:[330] :new device join
06-10 13:53:55.258 3563 3659 E nStackXDFinder: GetLocalIp:[401] :GetLocalIp exec
06-10 13:53:55.283 3563 3659 D nStackXCoAP: CoapMessageHandler:[133] :2.01
06-10 13:53:55.298 523 545 W IorapForwardingService: No service published for: iorapd
06-10 13:53:55.358 3563 3659 D nStackXCoAP: IsInSameNetwork:[276] :IsInSameNetwork exec
06-10 13:53:55.358 3563 3659 I nStackXDFinder: GetLocalInterfaceDetail:[461] :GetLocalInterfaceDetail in
06-10 13:53:55.358 3563 3659 E nStackXCoAP: IsInSameNetwork:[281] :IsInSameNetwork: not priority process
06-10 13:53:55.358 3563 3659 D nStackXCoAP: ParseServiceDiscover:[330] :new device join
06-10 13:53:55.358 3563 3659 E nStackXDFinder: GetLocalIp:[401] :GetLocalIp exec
06-10 13:53:55.381 3563 3659 D nStackXCoAP: CoapMessageHandler:[133] :2.01
06-10 13:53:55.575 3563 3659 D nStackXCoAP: IsInSameNetwork:[276] :IsInSameNetwork exec
06-10 13:53:55.575 3563 3659 I nStackXDFinder: GetLocalInterfaceDetail:[461] :GetLocalInterfaceDetail in
06-10 13:53:55.575 3563 3659 E nStackXCoAP: IsInSameNetwork:[281] :IsInSameNetwork: not priority process
06-10 13:53:55.575 3563 3659 D nStackXCoAP: ParseServiceDiscover:[330] :new device join
06-10 13:53:55.575 3563 3659 E nStackXDFinder: GetLocalIp:[401] :GetLocalIp exec
06-10 13:53:55.658 3563 3659 D nStackXCoAP: CoapMessageHandler:[133] :2.01
06-10 13:53:55.668 3563 3659 D nStackXCoAP: IsInSameNetwork:[276] :IsInSameNetwork exec
06-10 13:53:55.668 3563 3659 I nStackXDFinder: GetLocalInterfaceDetail:[461] :GetLocalInterfaceDetail in
06-10 13:53:55.668 3563 3659 E nStackXCoAP: IsInSameNetwork:[281] :IsInSameNetwork: not priority process
06-10 13:53:55.668 3563 3659 D nStackXCoAP: ParseServiceDiscover:[330] :new device join
06-10 13:53:55.668 3563 3659 E nStackXDFinder: GetLocalIp:[401] :GetLocalIp exec
06-10 13:53:55.796 3563 3659 D nStackXCoAP: IsInSameNetwork:[276] :IsInSameNetwork exec
06-10 13:53:55.796 3563 3659 I nStackXDFinder: GetLocalInterfaceDetail:[461] :GetLocalInterfaceDetail in
06-10 13:53:55.796 3563 3659 E nStackXCoAP: IsInSameNetwork:[281] :IsInSameNetwork: not priority process
06-10 13:53:55.796 3563 3659 D nStackXCoAP: ParseServiceDiscover:[330] :new device join
06-10 13:53:55.796 3563 3659 E nStackXDFinder: GetLocalIp:[401] :GetLocalIp exec
06-10 13:53:55.798 3563 3659 D nStackXCoAP: CoapMessageHandler:[133] :2.01
06-10 13:53:55.814 3563 3659 D nStackXCoAP: CoapMessageHandler:[133] :2.01
06-10 13:53:55.973 3563 3659 D nStackXCoAP: IsInSameNetwork:[276] :IsInSameNetwork exec
06-10 13:53:55.973 3563 3659 I nStackXDFinder: GetLocalInterfaceDetail:[461] :GetLocalInterfaceDetail in
06-10 13:53:55.973 3563 3659 E nStackXCoAP: IsInSameNetwork:[281] :IsInSameNetwork: not priority process
06-10 13:53:55.973 3563 3659 D nStackXCoAP: ParseServiceDiscover:[330] :new device join
06-10 13:53:55.973 3563 3659 E nStackXDFinder: GetLocalIp:[401] :GetLocalIp exec
06-10 13:53:56.013 3563 3659 D nStackXCoAP: CoapMessageHandler:[133] :2.01
06-10 13:53:56.082 3563 3659 D nStackXCoAP: IsInSameNetwork:[276] :IsInSameNetwork exec
06-10 13:53:56.083 3563 3659 I nStackXDFinder: GetLocalInterfaceDetail:[461] :GetLocalInterfaceDetail in
06-10 13:53:56.083 3563 3659 E nStackXCoAP: IsInSameNetwork:[281] :IsInSameNetwork: not priority process
06-10 13:53:56.083 3563 3659 D nStackXCoAP: ParseServiceDiscover:[330] :new device join
06-10 13:53:56.083 3563 3659 E nStackXDFinder: GetLocalIp:[401] :GetLocalIp exec
06-10 13:53:56.111 3563 3659 D nStackXCoAP: CoapMessageHandler:[133] :2.01
06-10 13:53:56.280 3563 3659 D nStackXCoAP: IsInSameNetwork:[276] :IsInSameNetwork exec
06-10 13:53:56.280 3563 3659 I nStackXDFinder: GetLocalInterfaceDetail:[461] :GetLocalInterfaceDetail in
06-10 13:53:56.280 3563 3659 E nStackXCoAP: IsInSameNetwork:[281] :IsInSameNetwork: not priority process
06-10 13:53:56.280 3563 3659 D nStackXCoAP: ParseServiceDiscover:[330] :new device join
06-10 13:53:56.280 3563 3659 E nStackXDFinder: GetLocalIp:[401] :GetLocalIp exec
06-10 13:53:56.301 523 545 W IorapForwardingService: No service published for: iorapd
06-10 13:53:56.357 3563 3659 D nStackXCoAP: CoapMessageHandler:[133] :2.01
06-10 13:53:56.464 278 303 D hdmi-cec: receive invalid cec message!
06-10 13:53:56.465 278 303 D hdmi-cec: receive poll message [04], skip!
06-10 13:53:56.498 3563 3659 D nStackXCoAP: IsInSameNetwork:[276] :IsInSameNetwork exec
06-10 13:53:56.498 3563 3659 I nStackXDFinder: GetLocalInterfaceDetail:[461] :GetLocalInterfaceDetail in
06-10 13:53:56.499 3563 3659 E nStackXCoAP: IsInSameNetwork:[281] :IsInSameNetwork: not priority process
06-10 13:53:56.499 3563 3659 D nStackXCoAP: ParseServiceDiscover:[330] :new device join
06-10 13:53:56.499 3563 3659 E nStackXDFinder: GetLocalIp:[401] :GetLocalIp exec
06-10 13:53:56.600 3563 3659 D nStackXCoAP: CoapMessageHandler:[133] :2.01
06-10 13:53:57.305 523 545 W IorapForwardingService: No service published for: iorapd
06-10 13:53:57.942 669 669 E WifiHAL : wifi_get_link_stats: requestResponse Error:-5
06-10 13:53:57.945 523 617 E WifiVendorHal: getWifiLinkLayerStats_1_5_Internal(l.1191) failed {.code = ERROR_INVALID_ARGS, .description = }
06-10 13:53:58.308 523 545 W IorapForwardingService: No service published for: iorapd
06-10 13:53:58.372 3373 3383 I gbei.screencas: Background concurrent copying GC freed 47055(4348KB) AllocSpace objects, 4(80KB) LOS objects, 49% free, 4388KB/8776KB, paused 615us total 133.410ms
06-10 13:53:59.168 401 401 W hdr10p_Configure: 134 callbacks suppressed
06-10 13:53:59.168 401 401 I : DVI mode selected: packets not configured
06-10 13:53:59.168 401 401 W set_vsif_config: 134 callbacks suppressed
06-10 13:53:59.168 401 401 I : Error: set vsif failed
06-10 13:53:59.168 401 401 I : DVI mode selected: packets not configured
06-10 13:53:59.168 401 401 I : Error: set vsif failed
06-10 13:53:59.193 401 401 I : DVI mode selected: packets not configured
