06-10 13:51:11.366 523 523 W DefaultPermGrantPolicy: Permission not found: android.permission.PROCESS_PHONE_ACCOUNT_REGISTRATION
06-10 13:51:11.366 523 523 W DefaultPermGrantPolicy: Permission not found: com.google.android.setupwizard.SETUP_COMPAT_SERVICE
06-10 13:51:11.371 523 523 E DefaultPermGrantPolicy: Package not found: org.xbmc.kodi
06-10 13:51:11.371 523 523 W DefaultPermGrantPolicy: No such package:org.xbmc.kodi
06-10 13:51:11.372 523 523 E DefaultPermGrantPolicy: Package not found: cm.aptoidetv.pt
06-10 13:51:11.372 523 523 W DefaultPermGrantPolicy: No such package:cm.aptoidetv.pt
06-10 13:51:11.372 523 523 E DefaultPermGrantPolicy: Package not found: com.softwinner.TvdFileManager
06-10 13:51:11.372 523 523 W DefaultPermGrantPolicy: No such package:com.softwinner.TvdFileManager
06-10 13:51:11.372 523 523 E DefaultPermGrantPolicy: Package not found: com.softwinner.TvdVideo
06-10 13:51:11.372 523 523 W DefaultPermGrantPolicy: No such package:com.softwinner.TvdVideo
06-10 13:51:11.372 523 523 E DefaultPermGrantPolicy: Package not found: com.android.chrome
06-10 13:51:11.372 523 523 W DefaultPermGrantPolicy: No such package:com.android.chrome
06-10 13:51:11.372 523 523 E DefaultPermGrantPolicy: Package not found: com.android.vending
06-10 13:51:11.372 523 523 W DefaultPermGrantPolicy: No such package:com.android.vending
06-10 13:51:11.372 523 523 E DefaultPermGrantPolicy: Package not found: com.google.android.tts
06-10 13:51:11.372 523 523 W DefaultPermGrantPolicy: No such package:com.google.android.tts
06-10 13:51:11.372 523 523 E DefaultPermGrantPolicy: Package not found: com.google.android.youtube.tv
06-10 13:51:11.372 523 523 W DefaultPermGrantPolicy: No such package:com.google.android.youtube.tv
06-10 13:51:11.372 523 523 E DefaultPermGrantPolicy: Package not found: com.google.android.katniss
06-10 13:51:11.372 523 523 W DefaultPermGrantPolicy: No such package:com.google.android.katniss
06-10 13:51:11.373 523 523 E DefaultPermGrantPolicy: Package not found: com.google.android.gms
06-10 13:51:11.373 523 523 W DefaultPermGrantPolicy: No such package:com.google.android.gms
06-10 13:51:11.378 523 523 I SystemServerTiming: MakeDisplayManagerServiceReady
06-10 13:51:11.380 523 546 E DisplayModeDirector: Asked about unknown display, returning empty display mode specs!(id=0)
06-10 13:51:11.380 523 546 E DisplayModeDirector: Asked about unknown display, returning empty display mode specs!(id=0)
06-10 13:51:11.383 523 523 I SystemServerTiming: StartDeviceSpecificServices
06-10 13:51:11.383 523 523 I SystemServerTiming: GameManagerService
06-10 13:51:11.383 523 523 I SystemServiceManager: Starting com.android.server.app.GameManagerService$Lifecycle
06-10 13:51:11.388 523 523 I SystemServerTiming: StartBootPhaseDeviceSpecificServicesReady
06-10 13:51:11.388 523 523 I SystemServiceManager: Starting phase 520
06-10 13:51:11.388 523 523 I SystemServerTiming: OnBootPhase_520
06-10 13:51:11.389 523 523 D SoundTriggerService: onBootPhase: 520 : false
06-10 13:51:11.389 523 523 I SystemServerTiming: AppSearchManagerService
06-10 13:51:11.396 523 523 I SystemServiceManager: Starting com.android.server.appsearch.AppSearchManagerService
06-10 13:51:11.399 523 523 I SystemServerTiming: StartMediaCommunicationService
06-10 13:51:11.400 523 523 I SystemServiceManager: Starting com.android.server.media.MediaCommunicationService
06-10 13:51:11.402 523 523 I SystemServerTiming: PhaseActivityManagerReady
06-10 13:51:11.402 523 523 I SystemServerTiming: controllersReady
06-10 13:51:11.407 523 542 I SystemServerTimingAsync: InitThreadPoolExec:Update app-ops uidState in case package com.dangbei.hqmedia changed
06-10 13:51:11.407 523 589 I SystemServerTimingAsync: InitThreadPoolExec:Update app-ops uidState in case package com.android.providers.media.module changed
06-10 13:51:11.407 523 550 I SystemServerTimingAsync: InitThreadPoolExec:Update app-ops uidState in case package com.android.systemui changed
06-10 13:51:11.407 523 582 I SystemServerTimingAsync: InitThreadPoolExec:Update app-ops uidState in case package com.android.webview changed
06-10 13:51:11.407 523 542 D SystemServerInitThreadPool: Started executing Update app-ops uidState in case package com.dangbei.hqmedia changed
06-10 13:51:11.407 523 589 D SystemServerInitThreadPool: Started executing Update app-ops uidState in case package com.android.providers.media.module changed
06-10 13:51:11.407 523 550 D SystemServerInitThreadPool: Started executing Update app-ops uidState in case package com.android.systemui changed
06-10 13:51:11.407 523 582 D SystemServerInitThreadPool: Started executing Update app-ops uidState in case package com.android.webview changed
06-10 13:51:11.407 523 589 D SystemServerInitThreadPool: Finished executing Update app-ops uidState in case package com.android.providers.media.module changed
06-10 13:51:11.407 523 542 D SystemServerInitThreadPool: Finished executing Update app-ops uidState in case package com.dangbei.hqmedia changed
06-10 13:51:11.407 523 589 I SystemServerTimingAsync: InitThreadPoolExec:Update app-ops uidState in case package com.android.tv changed
06-10 13:51:11.407 523 582 D SystemServerInitThreadPool: Finished executing Update app-ops uidState in case package com.android.webview changed
06-10 13:51:11.407 523 550 D SystemServerInitThreadPool: Finished executing Update app-ops uidState in case package com.android.systemui changed
06-10 13:51:11.408 523 582 I SystemServerTimingAsync: InitThreadPoolExec:Update app-ops uidState in case package com.android.music changed
06-10 13:51:11.408 523 550 I SystemServerTimingAsync: InitThreadPoolExec:Update app-ops uidState in case package com.sohu.inputmethod.sogou.tv changed
06-10 13:51:11.408 523 550 D SystemServerInitThreadPool: Started executing Update app-ops uidState in case package com.sohu.inputmethod.sogou.tv changed
06-10 13:51:11.408 523 550 D SystemServerInitThreadPool: Finished executing Update app-ops uidState in case package com.sohu.inputmethod.sogou.tv changed
06-10 13:51:11.408 523 550 I SystemServerTimingAsync: InitThreadPoolExec:Update app-ops uidState in case package com.dangbei.hqguide changed
06-10 13:51:11.408 523 550 D SystemServerInitThreadPool: Started executing Update app-ops uidState in case package com.dangbei.hqguide changed
06-10 13:51:11.408 523 550 D SystemServerInitThreadPool: Finished executing Update app-ops uidState in case package com.dangbei.hqguide changed
06-10 13:51:11.408 523 550 I SystemServerTimingAsync: InitThreadPoolExec:Update app-ops uidState in case package com.android.providers.tv changed
06-10 13:51:11.408 523 550 D SystemServerInitThreadPool: Started executing Update app-ops uidState in case package com.android.providers.tv changed
06-10 13:51:11.408 523 550 D SystemServerInitThreadPool: Finished executing Update app-ops uidState in case package com.android.providers.tv changed
06-10 13:51:11.408 523 550 I SystemServerTimingAsync: InitThreadPoolExec:Update app-ops uidState in case package com.android.providers.calendar changed
06-10 13:51:11.408 523 550 D SystemServerInitThreadPool: Started executing Update app-ops uidState in case package com.android.providers.calendar changed
06-10 13:51:11.408 523 550 D SystemServerInitThreadPool: Finished executing Update app-ops uidState in case package com.android.providers.calendar changed
06-10 13:51:11.408 523 550 I SystemServerTimingAsync: InitThreadPoolExec:Update app-ops uidState in case package com.android.providers.contacts changed
06-10 13:51:11.408 523 550 D SystemServerInitThreadPool: Started executing Update app-ops uidState in case package com.android.providers.contacts changed
06-10 13:51:11.408 523 550 D SystemServerInitThreadPool: Finished executing Update app-ops uidState in case package com.android.providers.contacts changed
06-10 13:51:11.408 523 550 I SystemServerTimingAsync: InitThreadPoolExec:Update app-ops uidState in case package com.dangbei.screencast changed
06-10 13:51:11.408 523 550 D SystemServerInitThreadPool: Started executing Update app-ops uidState in case package com.dangbei.screencast changed
06-10 13:51:11.408 523 550 D SystemServerInitThreadPool: Finished executing Update app-ops uidState in case package com.dangbei.screencast changed
06-10 13:51:11.408 523 550 I SystemServerTimingAsync: InitThreadPoolExec:Update app-ops uidState in case package com.android.providers.downloads changed
06-10 13:51:11.408 523 550 D SystemServerInitThreadPool: Started executing Update app-ops uidState in case package com.android.providers.downloads changed
06-10 13:51:11.408 523 550 D SystemServerInitThreadPool: Finished executing Update app-ops uidState in case package com.android.providers.downloads changed
06-10 13:51:11.408 523 550 I SystemServerTimingAsync: InitThreadPoolExec:Update app-ops uidState in case package com.android.bluetooth changed
06-10 13:51:11.408 523 550 D SystemServerInitThreadPool: Started executing Update app-ops uidState in case package com.android.bluetooth changed
06-10 13:51:11.408 523 550 D SystemServerInitThreadPool: Finished executing Update app-ops uidState in case package com.android.bluetooth changed
06-10 13:51:11.408 523 550 I SystemServerTimingAsync: InitThreadPoolExec:Update app-ops uidState in case package com.dangbei.lerad.rocky changed
06-10 13:51:11.408 523 550 D SystemServerInitThreadPool: Started executing Update app-ops uidState in case package com.dangbei.lerad.rocky changed
06-10 13:51:11.409 523 550 D SystemServerInitThreadPool: Finished executing Update app-ops uidState in case package com.dangbei.lerad.rocky changed
06-10 13:51:11.409 523 550 I SystemServerTimingAsync: InitThreadPoolExec:Update app-ops uidState in case package com.android.tv.settings changed
06-10 13:51:11.409 523 550 D SystemServerInitThreadPool: Started executing Update app-ops uidState in case package com.android.tv.settings changed
06-10 13:51:11.409 523 550 D SystemServerInitThreadPool: Finished executing Update app-ops uidState in case package com.android.tv.settings changed
06-10 13:51:11.409 523 550 I SystemServerTimingAsync: InitThreadPoolExec:Update app-ops uidState in case package com.oranth.factory changed
06-10 13:51:11.409 523 550 D SystemServerInitThreadPool: Started executing Update app-ops uidState in case package com.oranth.factory changed
06-10 13:51:11.409 523 550 D SystemServerInitThreadPool: Finished executing Update app-ops uidState in case package com.oranth.factory changed
06-10 13:51:11.409 523 550 I SystemServerTimingAsync: InitThreadPoolExec:Update app-ops uidState in case package com.dangbei.zhushou.os changed
06-10 13:51:11.409 523 550 D SystemServerInitThreadPool: Started executing Update app-ops uidState in case package com.dangbei.zhushou.os changed
06-10 13:51:11.409 523 550 D SystemServerInitThreadPool: Finished executing Update app-ops uidState in case package com.dangbei.zhushou.os changed
06-10 13:51:11.409 523 550 I SystemServerTimingAsync: InitThreadPoolExec:Update app-ops uidState in case package com.oranth.ledstatus changed
06-10 13:51:11.409 523 550 D SystemServerInitThreadPool: Started executing Update app-ops uidState in case package com.oranth.ledstatus changed
06-10 13:51:11.409 523 550 D SystemServerInitThreadPool: Finished executing Update app-ops uidState in case package com.oranth.ledstatus changed
06-10 13:51:11.409 523 550 I SystemServerTimingAsync: InitThreadPoolExec:Update app-ops uidState in case package android changed
06-10 13:51:11.409 523 550 D SystemServerInitThreadPool: Started executing Update app-ops uidState in case package android changed
06-10 13:51:11.409 523 550 D SystemServerInitThreadPool: Finished executing Update app-ops uidState in case package android changed
06-10 13:51:11.409 523 550 I SystemServerTimingAsync: InitThreadPoolExec:Update app-ops uidState in case package com.dangbei.leard.leradlauncher changed
06-10 13:51:11.409 523 550 D SystemServerInitThreadPool: Started executing Update app-ops uidState in case package com.dangbei.leard.leradlauncher changed
06-10 13:51:11.409 523 550 D SystemServerInitThreadPool: Finished executing Update app-ops uidState in case package com.dangbei.leard.leradlauncher changed
06-10 13:51:11.409 523 550 I SystemServerTimingAsync: InitThreadPoolExec:Update app-ops uidState in case package com.android.providers.settings changed
06-10 13:51:11.409 523 550 D SystemServerInitThreadPool: Started executing Update app-ops uidState in case package com.android.providers.settings changed
06-10 13:51:11.409 523 550 D SystemServerInitThreadPool: Finished executing Update app-ops uidState in case package com.android.providers.settings changed
06-10 13:51:11.409 523 550 I SystemServerTimingAsync: InitThreadPoolExec:Update app-ops uidState in case package com.android.inputdevices changed
06-10 13:51:11.409 523 550 D SystemServerInitThreadPool: Started executing Update app-ops uidState in case package com.android.inputdevices changed
06-10 13:51:11.409 523 550 D SystemServerInitThreadPool: Finished executing Update app-ops uidState in case package com.android.inputdevices changed
06-10 13:51:11.409 523 550 I SystemServerTimingAsync: InitThreadPoolExec:Update app-ops uidState in case package com.oranth.inputmacsn changed
06-10 13:51:11.409 523 550 D SystemServerInitThreadPool: Started executing Update app-ops uidState in case package com.oranth.inputmacsn changed
06-10 13:51:11.409 523 523 I SystemServerTiming: killProcesses
06-10 13:51:11.409 523 582 D SystemServerInitThreadPool: Started executing Update app-ops uidState in case package com.android.music changed
06-10 13:51:11.410 523 542 I SystemServerTimingAsync: InitThreadPoolExec:Update app-ops uidState in case package com.dangbei.lerad.screensaver changed
06-10 13:51:11.410 523 542 D SystemServerInitThreadPool: Started executing Update app-ops uidState in case package com.dangbei.lerad.screensaver changed
06-10 13:51:11.410 523 542 D SystemServerInitThreadPool: Finished executing Update app-ops uidState in case package com.dangbei.lerad.screensaver changed
06-10 13:51:11.410 523 582 D SystemServerInitThreadPool: Finished executing Update app-ops uidState in case package com.android.music changed
06-10 13:51:11.410 523 542 I SystemServerTimingAsync: InitThreadPoolExec:Update app-ops uidState in case package com.android.keychain changed
06-10 13:51:11.410 523 542 D SystemServerInitThreadPool: Started executing Update app-ops uidState in case package com.android.keychain changed
06-10 13:51:11.410 523 582 I SystemServerTimingAsync: InitThreadPoolExec:Update app-ops uidState in case package com.oranth.usbopenft changed
06-10 13:51:11.410 523 542 D SystemServerInitThreadPool: Finished executing Update app-ops uidState in case package com.android.keychain changed
06-10 13:51:11.410 523 523 I ActivityManager: System now ready
06-10 13:51:11.410 523 542 I SystemServerTimingAsync: InitThreadPoolExec:Update app-ops uidState in case package com.dangbei.lerad.etna.haqu changed
06-10 13:51:11.410 523 542 D SystemServerInitThreadPool: Started executing Update app-ops uidState in case package com.dangbei.lerad.etna.haqu changed
06-10 13:51:11.410 523 542 D SystemServerInitThreadPool: Finished executing Update app-ops uidState in case package com.dangbei.lerad.etna.haqu changed
06-10 13:51:11.410 523 542 I SystemServerTimingAsync: InitThreadPoolExec:Update app-ops uidState in case package com.oranth.powerwindow changed
06-10 13:51:11.410 523 542 D SystemServerInitThreadPool: Started executing Update app-ops uidState in case package com.oranth.powerwindow changed
06-10 13:51:11.410 523 542 D SystemServerInitThreadPool: Finished executing Update app-ops uidState in case package com.oranth.powerwindow changed
06-10 13:51:11.410 523 542 I SystemServerTimingAsync: InitThreadPoolExec:Update app-ops uidState in case package com.android.wallpaperbackup changed
06-10 13:51:11.410 523 542 D SystemServerInitThreadPool: Started executing Update app-ops uidState in case package com.android.wallpaperbackup changed
06-10 13:51:11.410 523 542 D SystemServerInitThreadPool: Finished executing Update app-ops uidState in case package com.android.wallpaperbackup changed
06-10 13:51:11.410 523 523 I SystemServerTiming: updateTopComponentForFactoryTest
06-10 13:51:11.410 523 582 D SystemServerInitThreadPool: Started executing Update app-ops uidState in case package com.oranth.usbopenft changed
06-10 13:51:11.410 523 582 D SystemServerInitThreadPool: Finished executing Update app-ops uidState in case package com.oranth.usbopenft changed
06-10 13:51:11.410 523 523 I SystemServerTiming: registerActivityLaunchObserver
06-10 13:51:11.410 523 582 I SystemServerTimingAsync: InitThreadPoolExec:Update app-ops uidState in case package com.android.location.fused changed
06-10 13:51:11.410 523 582 D SystemServerInitThreadPool: Started executing Update app-ops uidState in case package com.android.location.fused changed
06-10 13:51:11.410 523 582 D SystemServerInitThreadPool: Finished executing Update app-ops uidState in case package com.android.location.fused changed
06-10 13:51:11.410 523 582 I SystemServerTimingAsync: InitThreadPoolExec:Update app-ops uidState in case package com.dangbei.haqusetting changed
06-10 13:51:11.410 523 582 D SystemServerInitThreadPool: Started executing Update app-ops uidState in case package com.dangbei.haqusetting changed
06-10 13:51:11.410 523 523 I SystemServerTiming: watchDeviceProvisioning
06-10 13:51:11.410 523 582 D SystemServerInitThreadPool: Finished executing Update app-ops uidState in case package com.dangbei.haqusetting changed
06-10 13:51:11.411 523 582 I SystemServerTimingAsync: InitThreadPoolExec:Update app-ops uidState in case package com.softwinner.miracastReceiver changed
06-10 13:51:11.411 523 582 D SystemServerInitThreadPool: Started executing Update app-ops uidState in case package com.softwinner.miracastReceiver changed
06-10 13:51:11.411 523 582 D SystemServerInitThreadPool: Finished executing Update app-ops uidState in case package com.softwinner.miracastReceiver changed
06-10 13:51:11.411 523 542 I SystemServerTimingAsync: InitThreadPoolExec:Update app-ops uidState in case package com.oranth.storage changed
06-10 13:51:11.411 523 542 D SystemServerInitThreadPool: Started executing Update app-ops uidState in case package com.oranth.storage changed
06-10 13:51:11.411 523 542 D SystemServerInitThreadPool: Finished executing Update app-ops uidState in case package com.oranth.storage changed
06-10 13:51:11.411 523 550 D SystemServerInitThreadPool: Finished executing Update app-ops uidState in case package com.oranth.inputmacsn changed
06-10 13:51:11.412 523 589 D SystemServerInitThreadPool: Started executing Update app-ops uidState in case package com.android.tv changed
06-10 13:51:11.412 523 589 D SystemServerInitThreadPool: Finished executing Update app-ops uidState in case package com.android.tv changed
06-10 13:51:11.417 523 523 I SystemServerTiming: retrieveSettings
06-10 13:51:11.419 523 523 I ActivityTaskManager: Config changes=10000000 {1.0 ?mcc?mnc [zh_CN] ldltr sw720dp w1280dp h696dp 240dpi xlrg long land television -touch qwerty/v/v dpad/v winConfig={ mBounds=Rect(0, 0 - 1920, 1080) mAppBounds=Rect(0, 0 - 1920, 1080) mMaxBounds=Rect(0, 0 - 1920, 1080) mWindowingMode=fullscreen mDisplayWindowingMode=fullscreen mActivityType=undefined mAlwaysOnTop=undefined mRotation=ROTATION_0} s.6 fontWeightAdjustment=0}
06-10 13:51:11.420 523 523 I WindowManager: Override config changes=10000000 {1.0 ?mcc?mnc [zh_CN] ldltr sw720dp w1280dp h696dp 240dpi xlrg long land television -touch qwerty/v/v dpad/v winConfig={ mBounds=Rect(0, 0 - 1920, 1080) mAppBounds=Rect(0, 0 - 1920, 1080) mMaxBounds=Rect(0, 0 - 1920, 1080) mWindowingMode=fullscreen mDisplayWindowingMode=fullscreen mActivityType=undefined mAlwaysOnTop=undefined mRotation=ROTATION_0} s.6 fontWeightAdjustment=0} for displayId=0
06-10 13:51:11.424 523 523 I SystemServerTiming: Ugm.onSystemReady
06-10 13:51:11.424 523 523 I SystemServerTiming: updateForceBackgroundCheck
06-10 13:51:11.425 523 523 I SystemServer: Making services ready
06-10 13:51:11.425 523 523 I SystemServerTiming: StartActivityManagerReadyPhase
06-10 13:51:11.425 523 523 I SystemServiceManager: Starting phase 550
06-10 13:51:11.425 523 523 I SystemServerTiming: OnBootPhase_550
06-10 13:51:11.427 198 198 I hwservicemanager: getTransport: Cannot find entry android.hardware.thermal@2.0::IThermal/default in either framework or device VINTF manifest.
06-10 13:51:11.427 523 523 E ThermalHalWrapper: Thermal HAL 2.0 service not connected.
06-10 13:51:11.428 198 198 I hwservicemanager: getTransport: Cannot find entry android.hardware.thermal@1.1::IThermal/default in either framework or device VINTF manifest.
06-10 13:51:11.428 523 523 E ThermalHalWrapper: Thermal HAL 1.1 service not connected.
06-10 13:51:11.428 198 198 I hwservicemanager: getTransport: Cannot find entry android.hardware.thermal@1.0::IThermal/default in either framework or device VINTF manifest.
06-10 13:51:11.429 523 523 E ThermalHalWrapper: Thermal HAL 1.0 service not connected.
06-10 13:51:11.429 523 523 W ThermalManagerService: No Thermal HAL service on this device
06-10 13:51:11.432 523 523 W ActivityManager: Unable to start service Intent { act=com.android.ITelecomService cmp=com.android.server.telecom/.components.TelecomService } U=0: not found
06-10 13:51:11.432 523 523 D BluetoothManagerService: Bluetooth boot completed
06-10 13:51:11.433 523 523 D BluetoothManagerService: Auto-enabling Bluetooth.
06-10 13:51:11.433 523 545 D BluetoothManagerService: MESSAGE_ENABLE(0): mBluetooth = null
06-10 13:51:11.434 523 545 D BluetoothManagerService: binding Bluetooth service
06-10 13:51:11.435 523 523 D BluetoothA2dp: Binding service...
06-10 13:51:11.438 523 523 I BluetoothAirplaneModeListener: start
06-10 13:51:11.441 523 545 D CompatibilityChangeReporter: Compat change id reported: 135634846; UID 1002; state: DISABLED
06-10 13:51:11.436 278 278 I EventThread: type=1400 audit(0.0:338): avc: denied { search } for name="extcon" dev="sysfs" ino=18109 scontext=u:r:hal_tv_cec_default:s0 tcontext=u:object_r:sysfs_extcon:s0 tclass=dir permissive=1
06-10 13:51:11.449 523 523 W InputMethodUtils: Found no fallback locale. imis=[InputMethodInfo{com.sohu.inputmethod.sogou.tv/.SogouIME, settings: com.sohu.inputmethod.sogou.SogouIMESettingsLauncher}]
06-10 13:51:11.450 523 523 W InputMethodUtils: No software keyboard is found. imis=[InputMethodInfo{com.sohu.inputmethod.sogou.tv/.SogouIME, settings: com.sohu.inputmethod.sogou.SogouIMESettingsLauncher}] systemLocale=zh_CN fallbackLocale=null
06-10 13:51:11.453 523 523 I RebootEscrowManager: No reboot escrow data found for users, skipping loading escrow data
06-10 13:51:11.454 259 259 D Zygote : Forked child process 677
06-10 13:51:11.456 523 553 I ActivityManager: app.processName = com.android.bluetooth
06-10 13:51:11.456 523 553 I ActivityManager: Start proc 677:com.android.bluetooth/1002 for service {com.android.bluetooth/com.android.bluetooth.btservice.AdapterService}
06-10 13:51:11.457 523 523 I WallpaperManagerService: No static wallpaper imagery; defaults will be shown
06-10 13:51:11.457 523 523 V WallpaperManagerService: bindWallpaperComponentLocked: componentName=ComponentInfo{com.android.systemui/com.android.systemui.ImageWallpaper}
06-10 13:51:11.462 523 523 D CompatibilityChangeReporter: Compat change id reported: 135634846; UID 10061; state: DISABLED
06-10 13:51:11.463 523 523 D CompatibilityChangeReporter: Compat change id reported: 177438394; UID 10061; state: DISABLED
06-10 13:51:11.463 523 523 D CompatibilityChangeReporter: Compat change id reported: 135772972; UID 10061; state: DISABLED
06-10 13:51:11.463 677 677 I Zygote : seccomp disabled by setenforce 0
06-10 13:51:11.463 523 523 D CompatibilityChangeReporter: Compat change id reported: 135754954; UID 10061; state: ENABLED
06-10 13:51:11.463 523 553 D CompatibilityChangeReporter: Compat change id reported: 143937733; UID 10061; state: ENABLED
06-10 13:51:11.475 259 259 D Zygote : Forked child process 678
06-10 13:51:11.478 523 553 I ActivityManager: app.processName = com.android.systemui
06-10 13:51:11.478 523 553 I ActivityManager: Start proc 678:com.android.systemui/u0a61 for service {com.android.systemui/com.android.systemui.ImageWallpaper}
06-10 13:51:11.481 523 523 E BitmapFactory: Unable to decode stream: java.io.FileNotFoundException: /data/system/users/0/wallpaper_orig: open failed: ENOENT (No such file or directory)
06-10 13:51:11.481 523 523 W WallpaperManagerService: Invalid wallpaper data
06-10 13:51:11.481 523 523 E WallpaperManagerService: Unable to apply new wallpaper
06-10 13:51:11.482 412 431 I adbd : jdwp connection from 677
06-10 13:51:11.484 523 523 D AdbService: systemReady
06-10 13:51:11.486 523 523 D SoundTriggerService: onBootPhase: 550 : false
06-10 13:51:11.486 523 582 I SystemServerTimingAsync: InitThreadPoolExec:UsbService$Lifecycle#onBootPhase
06-10 13:51:11.486 523 582 D SystemServerInitThreadPool: Started executing UsbService$Lifecycle#onBootPhase
06-10 13:51:11.487 523 582 D SystemServerInitThreadPool: Finished executing UsbService$Lifecycle#onBootPhase
06-10 13:51:11.487 279 279 E android.hardware.usb@1.0-service: Failed to open /sys/class/typec
06-10 13:51:11.488 264 322 V audio_hw_primary: adev_set_parameters, A2dpSuspended=false
06-10 13:51:11.488 523 645 E UsbPortManager: port status enquiry failed
06-10 13:51:11.488 678 678 I Zygote : seccomp disabled by setenforce 0
06-10 13:51:11.490 523 635 D BluetoothManagerService: Trying to bind to profile: 1, while Bluetooth was disabled
06-10 13:51:11.490 523 523 I AppBindingService: Updating constants with: null
06-10 13:51:11.491 523 635 D BluetoothA2dp: Binding service...
06-10 13:51:11.495 523 543 D CompatibilityChangeReporter: Compat change id reported: 135634846; UID 10073; state: DISABLED
06-10 13:51:11.495 264 322 D audio_hw_primary: Mic get_audio_devices_active:
06-10 13:51:11.496 264 322 D audio_hw_primary: get_audio_devices_active: AUDIO_HDMI
06-10 13:51:11.496 523 543 D CompatibilityChangeReporter: Compat change id reported: 177438394; UID 10073; state: DISABLED
06-10 13:51:11.496 523 543 D CompatibilityChangeReporter: Compat change id reported: 135772972; UID 10073; state: DISABLED
06-10 13:51:11.496 523 543 D CompatibilityChangeReporter: Compat change id reported: 135754954; UID 10073; state: DISABLED
06-10 13:51:11.496 264 322 D xm_audio: adev_get_parameters
06-10 13:51:11.496 287 650 I hash_map_utils: system/bt/osi/src/hash_map_utils.cc:81 hash_map_utils_dump_string_keys_string_values: key: 'audio_devices_out_active' value: ''
06-10 13:51:11.497 523 553 D CompatibilityChangeReporter: Compat change id reported: 143937733; UID 10073; state: DISABLED
06-10 13:51:11.502 264 322 V audio_hw_primary: adev_set_parameters, BT_SCO=off
06-10 13:51:11.504 523 636 I AS.AudioDeviceInventory: removePreferredDevicesForStrategySync, strategy: 14
06-10 13:51:11.506 264 322 V audio_hw_primary: adev_set_parameters, mediasw.sft.rawdata=HDMI_RAW
06-10 13:51:11.504 1 1 I /system/bin/init: type=1107 audit(0.0:339): uid=0 auid=4294967295 ses=4294967295 subj=u:r:init:s0 msg='avc: denied { set } for property=vendor.mediasw.sft.rawdata pid=264 uid=1041 gid=1005 scontext=u:r:hal_audio_default:s0 tcontext=u:object_r:vendor_audio_prop:s0 tclass=property_service permissive=1'
06-10 13:51:11.510 412 431 I adbd : jdwp connection from 678
06-10 13:51:11.510 523 592 D CompatibilityChangeReporter: Compat change id reported: 168419799; UID 1002; state: DISABLED
06-10 13:51:11.512 259 259 D Zygote : Forked child process 704
06-10 13:51:11.513 287 650 I AudioFlinger: systemReady
06-10 13:51:11.516 523 635 D AS.AudioService: No vibrator found
06-10 13:51:11.521 704 704 I Zygote : seccomp disabled by setenforce 0
06-10 13:51:11.524 343 343 I rainbow_flow: type=1400 audit(0.0:340): avc: denied { ioctl } for path="/dev/spidev1.0" dev="tmpfs" ino=6270 ioctlcmd=0x6b00 scontext=u:r:init:s0 tcontext=u:object_r:device:s0 tclass=chr_file permissive=1
06-10 13:51:11.535 523 553 I ActivityManager: app.processName = com.android.permissioncontroller
06-10 13:51:11.535 523 553 I ActivityManager: Start proc 704:com.android.permissioncontroller/u0a73 for service {com.android.permissioncontroller/com.android.permissioncontroller.permission.service.PermissionControllerServiceImpl}
06-10 13:51:11.536 677 677 D CompatibilityChangeReporter: Compat change id reported: 171979766; UID 1002; state: ENABLED
06-10 13:51:11.538 523 592 D CompatibilityChangeReporter: Compat change id reported: 168419799; UID 10061; state: DISABLED
06-10 13:51:11.543 412 431 I adbd : jdwp connection from 704
06-10 13:51:11.556 369 480 D MediaCodecList: Allowing all OMX codecs
06-10 13:51:11.558 678 678 D CompatibilityChangeReporter: Compat change id reported: 171979766; UID 10061; state: ENABLED
06-10 13:51:11.559 369 480 E cutils-trace: Error opening trace file: No such file or directory (2)
06-10 13:51:11.560 523 538 D CompatibilityChangeReporter: Compat change id reported: 168419799; UID 10073; state: DISABLED
06-10 13:51:11.565 369 480 I OMXClient: IOmx service obtained
06-10 13:51:11.566 385 385 I OMXStore: makeComponentInstance(OMX.allwinner.video.decoder.avc) in android.hardwar process
06-10 13:51:11.570 704 704 D CompatibilityChangeReporter: Compat change id reported: 171979766; UID 10073; state: DISABLED
06-10 13:51:11.575 385 385 I omx_vdec_aw: : OmxDecoderCreate.
06-10 13:51:11.577 385 385 W omx_vdec: <__AwOmxVdecSetParameter:1561>: Set Parameter called in valid state
06-10 13:51:11.577 385 385 W omx_vdec: : pParamProfileLevel->nProfileIndex[0x3] error!
06-10 13:51:11.577 385 385 E OMXNodeInstance: getParameter(0xf56f1000:allwinner.decoder.avc, ParamVideoProfileLevelQuerySupported(0x600000f)) ERROR: BadParameter(0x80001005)
06-10 13:51:11.578 385 385 W omx_vdec: <__AwOmxVdecGetExtensionIndex:1737>: GetExtensionIndex OMX.google.android.index.describeColorFormat, err [0x80001001].
06-10 13:51:11.578 385 385 W omx_vdec: <__AwOmxVdecGetExtensionIndex:1737>: GetExtensionIndex OMX.google.android.index.describeColorFormat2, err [0x80001001].
06-10 13:51:11.578 385 385 E omx_vdec: : erro: pParamData->nIndex > m_sPortFormatType.nIndex
06-10 13:51:11.578 385 385 W omx_vdec: <__AwOmxVdecGetExtensionIndex:1737>: GetExtensionIndex OMX.google.android.index.describeColorFormat, err [0x80001001].
06-10 13:51:11.578 385 385 W omx_vdec: <__AwOmxVdecGetExtensionIndex:1737>: GetExtensionIndex OMX.google.android.index.describeColorFormat2, err [0x80001001].
06-10 13:51:11.578 385 385 E omx_vdec: : erro: pParamData->nIndex > m_sPortFormatType.nIndex
06-10 13:51:11.579 385 385 W omx_vdec: <__AwOmxVdecGetExtensionIndex:1737>: GetExtensionIndex OMX.google.android.index.describeColorFormat, err [0x80001001].
06-10 13:51:11.579 385 385 W omx_vdec: <__AwOmxVdecGetExtensionIndex:1737>: GetExtensionIndex OMX.google.android.index.describeColorFormat2, err [0x80001001].
06-10 13:51:11.579 385 385 E omx_vdec: : erro: pParamData->nIndex > m_sPortFormatType.nIndex
06-10 13:51:11.579 385 385 W omx_vdec: <__AwOmxVdecGetExtensionIndex:1737>: GetExtensionIndex OMX.google.android.index.describeColorFormat, err [0x80001001].
06-10 13:51:11.579 385 385 W omx_vdec: <__AwOmxVdecGetExtensionIndex:1737>: GetExtensionIndex OMX.google.android.index.describeColorFormat2, err [0x80001001].
06-10 13:51:11.579 385 385 E omx_vdec: : erro: pParamData->nIndex > m_sPortFormatType.nIndex
06-10 13:51:11.579 385 385 W omx_vdec: <__AwOmxVdecGetExtensionIndex:1737>: GetExtensionIndex OMX.google.android.index.describeColorFormat, err [0x80001001].
06-10 13:51:11.580 385 385 W omx_vdec: <__AwOmxVdecGetExtensionIndex:1737>: GetExtensionIndex OMX.google.android.index.describeColorFormat2, err [0x80001001].
06-10 13:51:11.580 385 385 E omx_vdec: : erro: pParamData->nIndex > m_sPortFormatType.nIndex
06-10 13:51:11.580 385 385 W omx_vdec: <__AwOmxVdecGetExtensionIndex:1737>: GetExtensionIndex OMX.google.android.index.describeColorFormat, err [0x80001001].
06-10 13:51:11.580 385 385 W omx_vdec: <__AwOmxVdecGetExtensionIndex:1737>: GetExtensionIndex OMX.google.android.index.describeColorFormat2, err [0x80001001].
06-10 13:51:11.580 385 385 E omx_vdec: : erro: pParamData->nIndex > m_sPortFormatType.nIndex
06-10 13:51:11.580 385 385 W omx_vdec: <__AwOmxVdecGetExtensionIndex:1737>: GetExtensionIndex OMX.google.android.index.describeColorFormat, err [0x80001001].
06-10 13:51:11.580 385 385 W omx_vdec: <__AwOmxVdecGetExtensionIndex:1737>: GetExtensionIndex OMX.google.android.index.describeColorFormat2, err [0x80001001].
06-10 13:51:11.581 385 385 E omx_vdec: : erro: pParamData->nIndex > m_sPortFormatType.nIndex
06-10 13:51:11.581 385 385 W omx_vdec: <__AwOmxVdecGetExtensionIndex:1737>: GetExtensionIndex OMX.google.android.index.describeColorFormat, err [0x80001001].
06-10 13:51:11.581 385 385 W omx_vdec: <__AwOmxVdecGetExtensionIndex:1737>: GetExtensionIndex OMX.google.android.index.describeColorFormat2, err [0x80001001].
06-10 13:51:11.581 385 385 E omx_vdec: : erro: pParamData->nIndex > m_sPortFormatType.nIndex
06-10 13:51:11.581 385 385 W omx_vdec: <__AwOmxVdecGetExtensionIndex:1737>: GetExtensionIndex OMX.google.android.index.describeColorFormat, err [0x80001001].
06-10 13:51:11.581 385 385 W omx_vdec: <__AwOmxVdecGetExtensionIndex:1737>: GetExtensionIndex OMX.google.android.index.describeColorFormat2, err [0x80001001].
06-10 13:51:11.581 385 385 E omx_vdec: : erro: pParamData->nIndex > m_sPortFormatType.nIndex
06-10 13:51:11.581 385 385 W omx_vdec: <__AwOmxVdecGetExtensionIndex:1737>: GetExtensionIndex OMX.google.android.index.describeColorFormat, err [0x80001001].
06-10 13:51:11.582 385 385 W omx_vdec: <__AwOmxVdecGetExtensionIndex:1737>: GetExtensionIndex OMX.google.android.index.describeColorFormat2, err [0x80001001].
06-10 13:51:11.582 385 385 E omx_vdec: : erro: pParamData->nIndex > m_sPortFormatType.nIndex
06-10 13:51:11.582 385 385 W omx_vdec: <__AwOmxVdecGetExtensionIndex:1737>: GetExtensionIndex OMX.google.android.index.describeColorFormat, err [0x80001001].
06-10 13:51:11.582 385 385 W omx_vdec: <__AwOmxVdecGetExtensionIndex:1737>: GetExtensionIndex OMX.google.android.index.describeColorFormat2, err [0x80001001].
06-10 13:51:11.582 385 385 E omx_vdec: : erro: pParamData->nIndex > m_sPortFormatType.nIndex
06-10 13:51:11.582 385 385 W omx_vdec: <__AwOmxVdecGetExtensionIndex:1737>: GetExtensionIndex OMX.google.android.index.describeColorFormat, err [0x80001001].
06-10 13:51:11.582 385 385 W omx_vdec: <__AwOmxVdecGetExtensionIndex:1737>: GetExtensionIndex OMX.google.android.index.describeColorFormat2, err [0x80001001].
06-10 13:51:11.582 385 385 E omx_vdec: : erro: pParamData->nIndex > m_sPortFormatType.nIndex
06-10 13:51:11.582 385 385 W omx_vdec: <__AwOmxVdecGetExtensionIndex:1737>: GetExtensionIndex OMX.google.android.index.describeColorFormat, err [0x80001001].
06-10 13:51:11.582 385 385 W omx_vdec: <__AwOmxVdecGetExtensionIndex:1737>: GetExtensionIndex OMX.google.android.index.describeColorFormat2, err [0x80001001].
06-10 13:51:11.582 385 385 E omx_vdec: : erro: pParamData->nIndex > m_sPortFormatType.nIndex
06-10 13:51:11.583 385 385 W omx_vdec: <__AwOmxVdecGetExtensionIndex:1737>: GetExtensionIndex OMX.google.android.index.describeColorFormat, err [0x80001001].
06-10 13:51:11.583 385 385 W omx_vdec: <__AwOmxVdecGetExtensionIndex:1737>: GetExtensionIndex OMX.google.android.index.describeColorFormat2, err [0x80001001].
06-10 13:51:11.583 385 385 E omx_vdec: : erro: pParamData->nIndex > m_sPortFormatType.nIndex
06-10 13:51:11.583 385 385 W omx_vdec: <__AwOmxVdecGetExtensionIndex:1737>: GetExtensionIndex OMX.google.android.index.describeColorFormat, err [0x80001001].
06-10 13:51:11.583 385 385 W omx_vdec: <__AwOmxVdecGetExtensionIndex:1737>: GetExtensionIndex OMX.google.android.index.describeColorFormat2, err [0x80001001].
06-10 13:51:11.583 385 385 E omx_vdec: : erro: pParamData->nIndex > m_sPortFormatType.nIndex
06-10 13:51:11.583 385 385 W omx_vdec: <__AwOmxVdecGetExtensionIndex:1737>: GetExtensionIndex OMX.google.android.index.describeColorFormat, err [0x80001001].
06-10 13:51:11.583 385 385 W omx_vdec: <__AwOmxVdecGetExtensionIndex:1737>: GetExtensionIndex OMX.google.android.index.describeColorFormat2, err [0x80001001].
06-10 13:51:11.584 385 385 E omx_vdec: : erro: pParamData->nIndex > m_sPortFormatType.nIndex
06-10 13:51:11.584 385 385 W omx_vdec: <__AwOmxVdecGetExtensionIndex:1737>: GetExtensionIndex OMX.google.android.index.describeColorFormat, err [0x80001001].
06-10 13:51:11.584 385 385 W omx_vdec: <__AwOmxVdecGetExtensionIndex:1737>: GetExtensionIndex OMX.google.android.index.describeColorFormat2, err [0x80001001].
06-10 13:51:11.584 385 385 E omx_vdec: : erro: pParamData->nIndex > m_sPortFormatType.nIndex
06-10 13:51:11.584 385 385 W omx_vdec: <__AwOmxVdecGetExtensionIndex:1737>: GetExtensionIndex OMX.google.android.index.describeColorFormat, err [0x80001001].
06-10 13:51:11.584 385 385 W omx_vdec: <__AwOmxVdecGetExtensionIndex:1737>: GetExtensionIndex OMX.google.android.index.describeColorFormat2, err [0x80001001].
06-10 13:51:11.584 385 385 E omx_vdec: : erro: pParamData->nIndex > m_sPortFormatType.nIndex
06-10 13:51:11.584 385 385 W omx_vdec: <__AwOmxVdecGetExtensionIndex:1737>: GetExtensionIndex OMX.google.android.index.describeColorFormat, err [0x80001001].
06-10 13:51:11.584 385 385 W omx_vdec: <__AwOmxVdecGetExtensionIndex:1737>: GetExtensionIndex OMX.google.android.index.describeColorFormat2, err [0x80001001].
06-10 13:51:11.585 385 385 E omx_vdec: : erro: pParamData->nIndex > m_sPortFormatType.nIndex
06-10 13:51:11.586 704 704 D ApplicationLoaders: Returning zygote-cached class loader: /system/framework/android.test.base.jar
06-10 13:51:11.586 385 385 W omx_vdec: <__AwOmxVdecGetExtensionIndex:1737>: GetExtensionIndex OMX.google.android.index.describeColorFormat, err [0x80001001].
06-10 13:51:11.586 385 385 W omx_vdec: <__AwOmxVdecGetExtensionIndex:1737>: GetExtensionIndex OMX.google.android.index.describeColorFormat2, err [0x80001001].
06-10 13:51:11.586 385 385 E omx_vdec: : erro: pParamData->nIndex > m_sPortFormatType.nIndex
06-10 13:51:11.586 385 385 W omx_vdec: <__AwOmxVdecGetExtensionIndex:1737>: GetExtensionIndex OMX.google.android.index.describeColorFormat, err [0x80001001].
06-10 13:51:11.586 385 385 W omx_vdec: <__AwOmxVdecGetExtensionIndex:1737>: GetExtensionIndex OMX.google.android.index.describeColorFormat2, err [0x80001001].
06-10 13:51:11.587 385 385 E omx_vdec: : erro: pParamData->nIndex > m_sPortFormatType.nIndex
06-10 13:51:11.587 385 385 W omx_vdec: <__AwOmxVdecGetExtensionIndex:1737>: GetExtensionIndex OMX.google.android.index.describeColorFormat, err [0x80001001].
06-10 13:51:11.587 385 385 W omx_vdec: <__AwOmxVdecGetExtensionIndex:1737>: GetExtensionIndex OMX.google.android.index.describeColorFormat2, err [0x80001001].
06-10 13:51:11.587 385 385 E omx_vdec: : erro: pParamData->nIndex > m_sPortFormatType.nIndex
06-10 13:51:11.587 385 385 W omx_vdec: <__AwOmxVdecGetExtensionIndex:1737>: GetExtensionIndex OMX.google.android.index.describeColorFormat, err [0x80001001].
06-10 13:51:11.587 385 385 W omx_vdec: <__AwOmxVdecGetExtensionIndex:1737>: GetExtensionIndex OMX.google.android.index.describeColorFormat2, err [0x80001001].
06-10 13:51:11.587 385 385 E omx_vdec: : erro: pParamData->nIndex > m_sPortFormatType.nIndex
06-10 13:51:11.588 385 385 W omx_vdec: <__AwOmxVdecGetExtensionIndex:1737>: GetExtensionIndex OMX.google.android.index.describeColorFormat, err [0x80001001].
06-10 13:51:11.588 385 385 W omx_vdec: <__AwOmxVdecGetExtensionIndex:1737>: GetExtensionIndex OMX.google.android.index.describeColorFormat2, err [0x80001001].
06-10 13:51:11.588 385 385 E omx_vdec: : erro: pParamData->nIndex > m_sPortFormatType.nIndex
06-10 13:51:11.588 385 385 W omx_vdec: <__AwOmxVdecGetExtensionIndex:1737>: GetExtensionIndex OMX.google.android.index.describeColorFormat, err [0x80001001].
06-10 13:51:11.588 385 385 W omx_vdec: <__AwOmxVdecGetExtensionIndex:1737>: GetExtensionIndex OMX.google.android.index.describeColorFormat2, err [0x80001001].
06-10 13:51:11.588 385 385 E omx_vdec: : erro: pParamData->nIndex > m_sPortFormatType.nIndex
06-10 13:51:11.588 385 385 W omx_vdec: <__AwOmxVdecGetExtensionIndex:1737>: GetExtensionIndex OMX.google.android.index.describeColorFormat, err [0x80001001].
06-10 13:51:11.588 385 385 W omx_vdec: <__AwOmxVdecGetExtensionIndex:1737>: GetExtensionIndex OMX.google.android.index.describeColorFormat2, err [0x80001001].
06-10 13:51:11.589 385 385 E omx_vdec: : erro: pParamData->nIndex > m_sPortFormatType.nIndex
06-10 13:51:11.589 385 385 W omx_vdec: <__AwOmxVdecGetExtensionIndex:1737>: GetExtensionIndex OMX.google.android.index.describeColorFormat, err [0x80001001].
06-10 13:51:11.589 385 385 W omx_vdec: <__AwOmxVdecGetExtensionIndex:1737>: GetExtensionIndex OMX.google.android.index.describeColorFormat2, err [0x80001001].
06-10 13:51:11.589 385 385 E omx_vdec: : erro: pParamData->nIndex > m_sPortFormatType.nIndex
06-10 13:51:11.589 385 385 W omx_vdec: <__AwOmxVdecGetExtensionIndex:1737>: GetExtensionIndex OMX.google.android.index.describeColorFormat, err [0x80001001].
06-10 13:51:11.589 385 385 W omx_vdec: <__AwOmxVdecGetExtensionIndex:1737>: GetExtensionIndex OMX.google.android.index.describeColorFormat2, err [0x80001001].
06-10 13:51:11.589 385 385 E omx_vdec: : erro: pParamData->nIndex > m_sPortFormatType.nIndex
06-10 13:51:11.589 385 385 W omx_vdec: <__AwOmxVdecGetExtensionIndex:1737>: GetExtensionIndex OMX.google.android.index.describeColorFormat, err [0x80001001].
06-10 13:51:11.589 385 385 W omx_vdec: <__AwOmxVdecGetExtensionIndex:1737>: GetExtensionIndex OMX.google.android.index.describeColorFormat2, err [0x80001001].
06-10 13:51:11.589 385 385 E omx_vdec: : erro: pParamData->nIndex > m_sPortFormatType.nIndex
06-10 13:51:11.590 385 385 W omx_vdec: <__AwOmxVdecGetExtensionIndex:1737>: GetExtensionIndex OMX.google.android.index.describeColorFormat, err [0x80001001].
06-10 13:51:11.590 385 385 W omx_vdec: <__AwOmxVdecGetExtensionIndex:1737>: GetExtensionIndex OMX.google.android.index.describeColorFormat2, err [0x80001001].
06-10 13:51:11.590 385 385 E omx_vdec: : erro: pParamData->nIndex > m_sPortFormatType.nIndex
06-10 13:51:11.590 385 385 W omx_vdec: <__AwOmxVdecGetExtensionIndex:1737>: GetExtensionIndex OMX.google.android.index.describeColorFormat, err [0x80001001].
06-10 13:51:11.590 385 385 W omx_vdec: <__AwOmxVdecGetExtensionIndex:1737>: GetExtensionIndex OMX.google.android.index.describeColorFormat2, err [0x80001001].
06-10 13:51:11.590 385 385 E omx_vdec: : erro: pParamData->nIndex > m_sPortFormatType.nIndex
06-10 13:51:11.590 385 385 W omx_vdec: <__AwOmxVdecGetExtensionIndex:1737>: GetExtensionIndex OMX.google.android.index.describeColorFormat, err [0x80001001].
06-10 13:51:11.590 385 385 W omx_vdec: <__AwOmxVdecGetExtensionIndex:1737>: GetExtensionIndex OMX.google.android.index.describeColorFormat2, err [0x80001001].
06-10 13:51:11.590 385 385 E omx_vdec: : erro: pParamData->nIndex > m_sPortFormatType.nIndex
06-10 13:51:11.590 385 385 W omx_vdec: <__AwOmxVdecGetExtensionIndex:1737>: GetExtensionIndex OMX.google.android.index.describeColorFormat, err [0x80001001].
06-10 13:51:11.591 385 385 W omx_vdec: <__AwOmxVdecGetExtensionIndex:1737>: GetExtensionIndex OMX.google.android.index.describeColorFormat2, err [0x80001001].
06-10 13:51:11.591 369 480 W ACodec : [OMX.allwinner.video.decoder.avc] stopping checking formats after 32: COLOR_FormatYUV420Planar(13)
06-10 13:51:11.591 385 385 W omx_vdec: <__AwOmxVdecGetExtensionIndex:1737>: GetExtensionIndex OMX.google.android.index.configureVideoTunnelMode, err [0x80001001].
06-10 13:51:11.591 385 385 E OMXNodeInstance: getExtensionIndex(0xf56f1000:allwinner.decoder.avc, OMX.google.android.index.configureVideoTunnelMode) ERROR: Undefined(0x80001001)
06-10 13:51:11.591 369 480 D MediaCodecInfo: detail feature-tunneled-playback wasn't present to remove
06-10 13:51:11.591 385 385 W omx_vdec: <__AwOmxVdecGetExtensionIndex:1737>: GetExtensionIndex OMX.google.android.index.storeANWBufferInMetadata, err [0x80001001].
06-10 13:51:11.591 385 385 W omx_vdec_aw: <__anSetExtPara:3011>: Setparameter: unknown param 2131755011
06-10 13:51:11.591 385 385 W OMXNodeInstance: [0xf56f1000:allwinner.decoder.avc] component does not support metadata mode; using fallback
06-10 13:51:11.592 385 734 W libc : invalid pthread_t (0) passed to pthread_join
06-10 13:51:11.592 385 734 W libc : invalid pthread_t (0) passed to pthread_join
06-10 13:51:11.592 385 734 W libc : invalid pthread_t (0) passed to pthread_join
06-10 13:51:11.598 369 480 I OMXClient: IOmx service obtained
06-10 13:51:11.598 385 385 I OMXStore: makeComponentInstance(OMX.allwinner.video.decoder.avc.secure) in android.hardwar process
06-10 13:51:11.603 385 385 E omx_vdec: : This platform does not support secure video playback
06-10 13:51:11.603 385 385 E omx_sem : : handle is null
06-10 13:51:11.603 385 385 E omx_sem : : handle is null
06-10 13:51:11.603 385 385 E omx_sem : : handle is null
06-10 13:51:11.603 385 385 E omx_sem : : handle is null
06-10 13:51:11.603 385 385 E omx_sem : : handle is null
06-10 13:51:11.603 385 385 W omx_vdec_aw: : pdec is null
06-10 13:51:11.603 385 385 E android.hardware.media.omx@1.0-service: Failed to allocate omx component 'OMX.allwinner.video.decoder.avc.secure' err=InvalidComponentName(0x80001002)
06-10 13:51:11.608 369 480 W OmxInfoBuilder: Fail to add media type video/avc to codec OMX.allwinner.video.decoder.avc.secure
06-10 13:51:11.609 369 480 I OMXClient: IOmx service obtained
06-10 13:51:11.610 385 385 I OMXStore: makeComponentInstance(OMX.allwinner.video.decoder.hevc) in android.hardwar process
06-10 13:51:11.611 385 385 I omx_vdec_aw: : OmxDecoderCreate.
06-10 13:51:11.612 385 385 W omx_vdec: <__AwOmxVdecSetParameter:1561>: Set Parameter called in valid state
06-10 13:51:11.612 385 385 W omx_vdec: : pParamProfileLevel->nProfileIndex[0x1] error!
06-10 13:51:11.612 385 385 E OMXNodeInstance: getParameter(0xf56f1000:allwinner.decoder.hevc, ParamVideoProfileLevelQuerySupported(0x600000f)) ERROR: BadParameter(0x80001005)
06-10 13:51:11.612 385 385 W omx_vdec: <__AwOmxVdecGetExtensionIndex:1737>: GetExtensionIndex OMX.google.android.index.describeColorFormat, err [0x80001001].
06-10 13:51:11.612 385 385 W omx_vdec: <__AwOmxVdecGetExtensionIndex:1737>: GetExtensionIndex OMX.google.android.index.describeColorFormat2, err [0x80001001].
06-10 13:51:11.612 385 385 E omx_vdec: : erro: pParamData->nIndex > m_sPortFormatType.nIndex
06-10 13:51:11.612 385 385 W omx_vdec: <__AwOmxVdecGetExtensionIndex:1737>: GetExtensionIndex OMX.google.android.index.describeColorFormat, err [0x80001001].
06-10 13:51:11.612 385 385 W omx_vdec: <__AwOmxVdecGetExtensionIndex:1737>: GetExtensionIndex OMX.google.android.index.describeColorFormat2, err [0x80001001].
06-10 13:51:11.612 385 385 E omx_vdec: : erro: pParamData->nIndex > m_sPortFormatType.nIndex
06-10 13:51:11.613 385 385 W omx_vdec: <__AwOmxVdecGetExtensionIndex:1737>: GetExtensionIndex OMX.google.android.index.describeColorFormat, err [0x80001001].
06-10 13:51:11.613 385 385 W omx_vdec: <__AwOmxVdecGetExtensionIndex:1737>: GetExtensionIndex OMX.google.android.index.describeColorFormat2, err [0x80001001].
06-10 13:51:11.613 385 385 E omx_vdec: : erro: pParamData->nIndex > m_sPortFormatType.nIndex
06-10 13:51:11.613 385 385 W omx_vdec: <__AwOmxVdecGetExtensionIndex:1737>: GetExtensionIndex OMX.google.android.index.describeColorFormat, err [0x80001001].
06-10 13:51:11.613 385 385 W omx_vdec: <__AwOmxVdecGetExtensionIndex:1737>: GetExtensionIndex OMX.google.android.index.describeColorFormat2, err [0x80001001].
06-10 13:51:11.613 385 385 E omx_vdec: : erro: pParamData->nIndex > m_sPortFormatType.nIndex
06-10 13:51:11.614 385 385 W omx_vdec: <__AwOmxVdecGetExtensionIndex:1737>: GetExtensionIndex OMX.google.android.index.describeColorFormat, err [0x80001001].
06-10 13:51:11.614 385 385 W omx_vdec: <__AwOmxVdecGetExtensionIndex:1737>: GetExtensionIndex OMX.google.android.index.describeColorFormat2, err [0x80001001].
06-10 13:51:11.614 385 385 E omx_vdec: : erro: pParamData->nIndex > m_sPortFormatType.nIndex
06-10 13:51:11.616 385 385 W omx_vdec: <__AwOmxVdecGetExtensionIndex:1737>: GetExtensionIndex OMX.google.android.index.describeColorFormat, err [0x80001001].
06-10 13:51:11.616 385 385 W omx_vdec: <__AwOmxVdecGetExtensionIndex:1737>: GetExtensionIndex OMX.google.android.index.describeColorFormat2, err [0x80001001].
06-10 13:51:11.616 385 385 E omx_vdec: : erro: pParamData->nIndex > m_sPortFormatType.nIndex
06-10 13:51:11.616 385 385 W omx_vdec: <__AwOmxVdecGetExtensionIndex:1737>: GetExtensionIndex OMX.google.android.index.describeColorFormat, err [0x80001001].
06-10 13:51:11.608 678 678 I ndroid.systemui: type=1400 audit(0.0:341): avc: denied { getattr } for path="/data/user_de/0/com.android.systemui" dev="mmcblk0p25" ino=506 scontext=u:r:platform_app:s0:c512,c768 tcontext=u:object_r:app_data_file:s0:c512,c768 tclass=dir permissive=1 app=com.softwinner.screenshot
06-10 13:51:11.616 385 385 W omx_vdec: <__AwOmxVdecGetExtensionIndex:1737>: GetExtensionIndex OMX.google.android.index.describeColorFormat2, err [0x80001001].
06-10 13:51:11.616 385 385 E omx_vdec: : erro: pParamData->nIndex > m_sPortFormatType.nIndex
06-10 13:51:11.617 385 385 W omx_vdec: <__AwOmxVdecGetExtensionIndex:1737>: GetExtensionIndex OMX.google.android.index.describeColorFormat, err [0x80001001].
06-10 13:51:11.617 385 385 W omx_vdec: <__AwOmxVdecGetExtensionIndex:1737>: GetExtensionIndex OMX.google.android.index.describeColorFormat2, err [0x80001001].
06-10 13:51:11.617 385 385 E omx_vdec: : erro: pParamData->nIndex > m_sPortFormatType.nIndex
06-10 13:51:11.617 385 385 W omx_vdec: <__AwOmxVdecGetExtensionIndex:1737>: GetExtensionIndex OMX.google.android.index.describeColorFormat, err [0x80001001].
