06-10 13:51:14.253 523 617 D UntrustedWifiNetworkFactory: got request NetworkRequest [ REQUEST id=17, [ Capabilities: INTERNET&NOT_RESTRICTED&TRUSTED&NOT_VCN_MANAGED Uid: 1000 RequestorUid: 1000 RequestorPkg: android] ]
06-10 13:51:14.253 523 617 D UntrustedWifiNetworkFactory: got request NetworkRequest [ REQUEST id=1, [ Capabilities: INTERNET&NOT_RESTRICTED&TRUSTED&NOT_VPN&NOT_VCN_MANAGED RequestorUid: 1000 RequestorPkg: android] ]
06-10 13:51:14.254 523 617 D UntrustedWifiNetworkFactory: got request NetworkRequest [ REQUEST id=10, [ Capabilities: INTERNET&NOT_RESTRICTED&TRUSTED&NOT_VCN_MANAGED Uid: 1000 RequestorUid: 1000 RequestorPkg: android] ]
06-10 13:51:14.254 523 617 D UntrustedWifiNetworkFactory: got request NetworkRequest [ REQUEST id=19, [ Capabilities: INTERNET&NOT_RESTRICTED&TRUSTED&NOT_VCN_MANAGED Uid: 1073 RequestorUid: 1073 RequestorPkg: com.android.networkstack] ]
06-10 13:51:14.254 523 617 D UntrustedWifiNetworkFactory: got request NetworkRequest [ REQUEST id=3, [ Transports: WIFI Capabilities: INTERNET&NOT_RESTRICTED&TRUSTED&NOT_VPN&NOT_VCN_MANAGED RequestorUid: 1000 RequestorPkg: android] ]
06-10 13:51:14.254 523 617 D OemPaidWifiNetworkFactory: got request NetworkRequest [ REQUEST id=17, [ Capabilities: INTERNET&NOT_RESTRICTED&TRUSTED&NOT_VCN_MANAGED Uid: 1000 RequestorUid: 1000 RequestorPkg: android] ]
06-10 13:51:14.254 523 617 D OemPaidWifiNetworkFactory: got request NetworkRequest [ REQUEST id=1, [ Capabilities: INTERNET&NOT_RESTRICTED&TRUSTED&NOT_VPN&NOT_VCN_MANAGED RequestorUid: 1000 RequestorPkg: android] ]
06-10 13:51:14.254 523 617 D OemPaidWifiNetworkFactory: got request NetworkRequest [ REQUEST id=10, [ Capabilities: INTERNET&NOT_RESTRICTED&TRUSTED&NOT_VCN_MANAGED Uid: 1000 RequestorUid: 1000 RequestorPkg: android] ]
06-10 13:51:14.254 523 617 D OemPaidWifiNetworkFactory: got request NetworkRequest [ REQUEST id=19, [ Capabilities: INTERNET&NOT_RESTRICTED&TRUSTED&NOT_VCN_MANAGED Uid: 1073 RequestorUid: 1073 RequestorPkg: com.android.networkstack] ]
06-10 13:51:14.254 523 617 D OemPaidWifiNetworkFactory: got request NetworkRequest [ REQUEST id=3, [ Transports: WIFI Capabilities: INTERNET&NOT_RESTRICTED&TRUSTED&NOT_VPN&NOT_VCN_MANAGED RequestorUid: 1000 RequestorPkg: android] ]
06-10 13:51:14.248 132 132 I sunxi-mmc 4021000.sdmmc: *****retry:start*****
06-10 13:51:14.248 132 132 I sunxi-mmc 4021000.sdmmc: REG_DRV_DL: 0x00010000
06-10 13:51:14.248 132 132 I sunxi-mmc 4021000.sdmmc: REG_SD_NTSR: 0x81710000
06-10 13:51:14.248 132 132 I sunxi-mmc 4021000.sdmmc: *****retry:re-send cmd*****
06-10 13:51:14.248 0 0 E : [ C0] sunxi-mmc 4021000.sdmmc: smc 2 p1 err, cmd 53, WR DCE !!
06-10 13:51:14.256 132 132 I sunxi-mmc 4021000.sdmmc: *****retry:start*****
06-10 13:51:14.256 132 132 I sunxi-mmc 4021000.sdmmc: REG_DRV_DL: 0x00010000
06-10 13:51:14.256 132 132 I sunxi-mmc 4021000.sdmmc: REG_SD_NTSR: 0x81710000
06-10 13:51:14.256 132 132 I sunxi-mmc 4021000.sdmmc: *****retry:re-send cmd*****
06-10 13:51:14.256 0 0 E : [ C0] sunxi-mmc 4021000.sdmmc: smc 2 p1 err, cmd 53, WR DCE !!
06-10 13:51:14.261 523 546 D AppSearchStatsCollector: atoms registered
06-10 13:51:14.261 523 546 D ActivityManagerTiming: TotalBootTime took to complete: 10427ms
06-10 13:51:14.261 523 546 D SystemServerInitThreadPool: Shutdown requested
06-10 13:51:14.261 523 546 I SystemServerTiming: WaitInitThreadPoolShutdown
06-10 13:51:14.263 523 546 D SystemServerInitThreadPool: Shutdown successful
06-10 13:51:14.265 523 546 D ActivityManager: refreshZramWriteback
06-10 13:51:14.265 523 546 D ActivityManager: real start flush
06-10 13:51:14.265 678 905 V WallpaperService: Setting wallpaper dimming: 0.05
06-10 13:51:14.266 523 546 D ActivityManager: set persist.sys.boot.first to false
06-10 13:51:14.265 132 132 I sunxi-mmc 4021000.sdmmc: *****retry:start*****
06-10 13:51:14.265 132 132 I sunxi-mmc 4021000.sdmmc: REG_DRV_DL: 0x00010000
06-10 13:51:14.265 132 132 I sunxi-mmc 4021000.sdmmc: REG_SD_NTSR: 0x81710000
06-10 13:51:14.265 132 132 I sunxi-mmc 4021000.sdmmc: *****retry:re-send cmd*****
06-10 13:51:14.265 0 0 E : [ C0] sunxi-mmc 4021000.sdmmc: smc 2 p1 err, cmd 53, WR DCE !!
06-10 13:51:14.270 1 1 I init : processing action (sys.boot_completed=1) from (/system/etc/init/hw/init.rc:1130)
06-10 13:51:14.273 132 132 I sunxi-mmc 4021000.sdmmc: *****retry:start*****
06-10 13:51:14.273 132 132 I sunxi-mmc 4021000.sdmmc: REG_DRV_DL: 0x00030000
06-10 13:51:14.273 132 132 I sunxi-mmc 4021000.sdmmc: REG_SD_NTSR: 0x81710110
06-10 13:51:14.273 132 132 I sunxi-mmc 4021000.sdmmc: *****retry:re-send cmd*****
06-10 13:51:14.273 0 0 D : [ C0] 4,end
06-10 13:51:14.267 523 1026 W ZramWriteback: Writeback device is not set
06-10 13:51:14.267 523 1026 D ZramWriteback: wait to flush
06-10 13:51:14.278 1 1 I init : starting service 'exec 16 (/bin/rm -rf /data/per_boot)'...
06-10 13:51:14.287 523 546 I ActivityManager: User 0 state changed from BOOTING to RUNNING_LOCKED
06-10 13:51:14.292 1 1 I init : SVC_EXEC service 'exec 16 (/bin/rm -rf /data/per_boot)' pid 1027 (uid 1000 gid 1000+0 context default) started; waiting...
06-10 13:51:14.292 523 546 W ActivityManager: UserLifecycleEvent 4 received without an active userJourneySession.
06-10 13:51:14.304 523 546 D StorageManagerService: unlockUserKey: 0 isFileEncryptedNativeOrEmulated: false hasToken: false hasSecret: false
06-10 13:51:14.305 523 546 W ActivityManager: UserLifecycleEvent 5 received without an active userJourneySession.
06-10 13:51:14.306 198 198 I hwservicemanager: getTransport: Cannot find entry android.hardware.graphics.mapper@4.0::IMapper/default in either framework or device VINTF manifest.
06-10 13:51:14.306 523 546 D ActivityManager: Started unlocking user 0
06-10 13:51:14.306 523 546 D ActivityManager: Unlocking user 0 progress 0
06-10 13:51:14.306 523 546 D ActivityManager: Unlocking user 0 progress 5
06-10 13:51:14.306 678 905 I Gralloc4: mapper 4.x is not supported
06-10 13:51:14.307 205 205 D vold : fscrypt_prepare_user_storage for volume null, user 0, serial 0, flags 2
06-10 13:51:14.307 205 205 D vold : Preparing: /data/system_ce/0
06-10 13:51:14.307 205 205 D vold : Preparing: /data/misc_ce/0
06-10 13:51:14.307 205 205 D vold : Preparing: /data/vendor_ce/0
06-10 13:51:14.307 198 198 I hwservicemanager: getTransport: Cannot find entry android.hardware.graphics.mapper@3.0::IMapper/default in either framework or device VINTF manifest.
06-10 13:51:14.307 678 905 W Gralloc3: mapper 3.x is not supported
06-10 13:51:14.307 205 205 D vold : Preparing: /data/media/0
06-10 13:51:14.308 278 278 D hdmi-cec: cec physical address: 2.0.0.0
06-10 13:51:14.308 205 205 D vold : Preparing: /data/data
06-10 13:51:14.308 205 205 D vold : Starting restorecon of /data/system_ce/0
06-10 13:51:14.314 205 205 D vold : Finished restorecon of /data/system_ce/0
06-10 13:51:14.314 205 205 D vold : Starting restorecon of /data/vendor_ce/0
06-10 13:51:14.319 1028 1028 I selinux : SELinux: Skipping restorecon on directory(/data/system_ce/0)
06-10 13:51:14.319 1028 1028 I selinux :
06-10 13:51:14.317 678 905 E gralloc : Arm Module v1.0
06-10 13:51:14.318 198 198 I hwservicemanager: getTransport: Cannot find entry android.hardware.graphics.allocator@4.0::IAllocator/default in either framework or device VINTF manifest.
06-10 13:51:14.319 678 905 W Gralloc4: allocator 4.x is not supported
06-10 13:51:14.319 198 198 I hwservicemanager: getTransport: Cannot find entry android.hardware.graphics.allocator@3.0::IAllocator/default in either framework or device VINTF manifest.
06-10 13:51:14.320 205 205 D vold : Finished restorecon of /data/vendor_ce/0
06-10 13:51:14.324 1029 1029 I selinux : SELinux: Skipping restorecon on directory(/data/vendor_ce/0)
06-10 13:51:14.320 205 205 D vold : Starting restorecon of /data/misc_ce/0
06-10 13:51:14.324 1029 1029 I selinux :
06-10 13:51:14.320 678 905 W Gralloc3: allocator 3.x is not supported
06-10 13:51:14.323 205 205 D vold : Finished restorecon of /data/misc_ce/0
06-10 13:51:14.323 205 205 D vold : /system/bin/vold_prepare_subdirs
06-10 13:51:14.323 205 205 D vold : prepare
06-10 13:51:14.323 205 205 D vold :
06-10 13:51:14.323 205 205 D vold : 0
06-10 13:51:14.324 205 205 D vold : 2
06-10 13:51:14.328 1030 1030 I selinux : SELinux: Skipping restorecon on directory(/data/misc_ce/0)
06-10 13:51:14.328 272 296 I gralloc : alloc buffer:W:1920 H:1080 S:1920 PL[1920 1080] SZ:8294400 fmt:43 if:0 af:43 usg:20000b00 fg:00000004
06-10 13:51:14.329 678 905 E ion : ioctl c0044901 failed with code -1: Inappropriate ioctl for device
06-10 13:51:14.352 17 17 I WCN : combin_img 4 marlin_firmware_write finish and successful
06-10 13:51:14.352 17 17 I WCN : marlin_start_run read reset reg val:0x180008
06-10 13:51:14.352 17 17 I WCN : after do marlin_start_run reset reg val:0x80008
06-10 13:51:14.350 272 296 I gralloc : alloc buffer:W:1920 H:1080 S:1920 PL[1920 1080] SZ:8294400 fmt:43 if:0 af:43 usg:20000b00 fg:00000004
06-10 13:51:14.352 273 273 W sunxihwc: computeLayerMemoryFootprint: Unknown pixelformat(-1)
06-10 13:51:14.352 17 17 I WCN : s_marlin_bootup_time=22288979080
06-10 13:51:14.357 17 17 I WCN : clock mode: TCXO, outside clock
06-10 13:51:14.357 17 17 I WCN : marlin_write_cali_data sync init_state:0x0
06-10 13:51:14.385 17 17 I WCN : marlin_write_cali_data sync init_state:0x0
06-10 13:51:14.386 1031 1031 D vold_prepare_subdirs: Setting up mode 771 uid 1000 gid 1000 context u:object_r:system_data_file:s0:c512,c768 on path: /data/data
06-10 13:51:14.388 1031 1031 D vold_prepare_subdirs: Setting up mode 700 uid 0 gid 0 context u:object_r:vold_data_file:s0 on path: /data/misc_ce/0/vold
06-10 13:51:14.389 1031 1031 D vold_prepare_subdirs: Setting up mode 700 uid 0 gid 0 context u:object_r:storaged_data_file:s0 on path: /data/misc_ce/0/storaged
06-10 13:51:14.390 1031 1031 D vold_prepare_subdirs: Setting up mode 700 uid 0 gid 0 context u:object_r:rollback_data_file:s0 on path: /data/misc_ce/0/rollback
06-10 13:51:14.391 1031 1031 D vold_prepare_subdirs: Setting up mode 700 uid 0 gid 0 context u:object_r:apex_rollback_data_file:s0 on path: /data/misc_ce/0/apexrollback
06-10 13:51:14.392 1031 1031 D vold_prepare_subdirs: Setting up mode 711 uid 0 gid 0 context u:object_r:apex_module_data_file:s0 on path: /data/misc_ce/0/apexdata
06-10 13:51:14.393 1031 1031 D vold_prepare_subdirs: Setting up mode 771 uid 0 gid 1000 context u:object_r:apex_wifi_data_file:s0 on path: /data/misc_ce/0/apexdata/com.android.wifi
06-10 13:51:14.395 1031 1031 D vold_prepare_subdirs: Setting up mode 771 uid 0 gid 1000 context u:object_r:apex_module_data_file:s0 on path: /data/misc_ce/0/apexdata/com.android.vndk.v31
06-10 13:51:14.396 1031 1031 D vold_prepare_subdirs: Setting up mode 771 uid 0 gid 1000 context u:object_r:apex_module_data_file:s0 on path: /data/misc_ce/0/apexdata/com.android.tzdata
06-10 13:51:14.397 1031 1031 D vold_prepare_subdirs: Setting up mode 771 uid 0 gid 1000 context u:object_r:apex_module_data_file:s0 on path: /data/misc_ce/0/apexdata/com.android.tethering
06-10 13:51:14.398 1031 1031 D vold_prepare_subdirs: Setting up mode 771 uid 0 gid 1000 context u:object_r:apex_module_data_file:s0 on path: /data/misc_ce/0/apexdata/com.android.sdkext
06-10 13:51:14.399 1031 1031 D vold_prepare_subdirs: Setting up mode 771 uid 0 gid 1000 context u:object_r:apex_module_data_file:s0 on path: /data/misc_ce/0/apexdata/com.android.scheduling
06-10 13:51:14.399 1031 1031 D vold_prepare_subdirs: Setting up mode 771 uid 0 gid 1000 context u:object_r:apex_module_data_file:s0 on path: /data/misc_ce/0/apexdata/com.android.runtime
06-10 13:51:14.400 1031 1031 D vold_prepare_subdirs: Setting up mode 771 uid 0 gid 1000 context u:object_r:apex_module_data_file:s0 on path: /data/misc_ce/0/apexdata/com.android.resolv
06-10 13:51:14.401 1031 1031 D vold_prepare_subdirs: Setting up mode 771 uid 0 gid 1000 context u:object_r:apex_permission_data_file:s0 on path: /data/misc_ce/0/apexdata/com.android.permission
06-10 13:51:14.402 1031 1031 D vold_prepare_subdirs: Setting up mode 771 uid 0 gid 1000 context u:object_r:apex_module_data_file:s0 on path: /data/misc_ce/0/apexdata/com.android.os.statsd
06-10 13:51:14.403 1031 1031 D vold_prepare_subdirs: Setting up mode 771 uid 0 gid 1000 context u:object_r:apex_module_data_file:s0 on path: /data/misc_ce/0/apexdata/com.android.neuralnetworks
06-10 13:51:14.404 1031 1031 D vold_prepare_subdirs: Setting up mode 771 uid 0 gid 1000 context u:object_r:apex_module_data_file:s0 on path: /data/misc_ce/0/apexdata/com.android.mediaprovider
06-10 13:51:14.408 1031 1031 D vold_prepare_subdirs: Setting up mode 771 uid 0 gid 1000 context u:object_r:apex_module_data_file:s0 on path: /data/misc_ce/0/apexdata/com.android.media.swcodec
06-10 13:51:14.411 1031 1031 D vold_prepare_subdirs: Setting up mode 771 uid 0 gid 1000 context u:object_r:apex_module_data_file:s0 on path: /data/misc_ce/0/apexdata/com.android.media
06-10 13:51:14.414 17 17 I WCN : marlin_write_cali_data sync init_state:0x0
06-10 13:51:14.413 1031 1031 D vold_prepare_subdirs: Setting up mode 771 uid 0 gid 1000 context u:object_r:apex_module_data_file:s0 on path: /data/misc_ce/0/apexdata/com.android.ipsec
06-10 13:51:14.414 1031 1031 D vold_prepare_subdirs: Setting up mode 771 uid 0 gid 1000 context u:object_r:apex_module_data_file:s0 on path: /data/misc_ce/0/apexdata/com.android.i18n
06-10 13:51:14.415 1031 1031 D vold_prepare_subdirs: Setting up mode 771 uid 0 gid 1000 context u:object_r:apex_module_data_file:s0 on path: /data/misc_ce/0/apexdata/com.android.extservices
06-10 13:51:14.416 1031 1031 D vold_prepare_subdirs: Setting up mode 771 uid 0 gid 1000 context u:object_r:apex_module_data_file:s0 on path: /data/misc_ce/0/apexdata/com.android.conscrypt
06-10 13:51:14.419 1031 1031 D vold_prepare_subdirs: Setting up mode 771 uid 0 gid 1000 context u:object_r:apex_module_data_file:s0 on path: /data/misc_ce/0/apexdata/com.android.art
06-10 13:51:14.422 1031 1031 D vold_prepare_subdirs: Setting up mode 771 uid 0 gid 1000 context u:object_r:apex_appsearch_data_file:s0 on path: /data/misc_ce/0/apexdata/com.android.appsearch
06-10 13:51:14.424 1031 1031 D vold_prepare_subdirs: Setting up mode 771 uid 0 gid 1000 context u:object_r:apex_module_data_file:s0 on path: /data/misc_ce/0/apexdata/com.android.adbd
06-10 13:51:14.424 1031 1031 D vold_prepare_subdirs: Setting up mode 700 uid 1000 gid 1000 context u:object_r:backup_data_file:s0 on path: /data/system_ce/0/backup
06-10 13:51:14.425 1031 1031 D vold_prepare_subdirs: Setting up mode 700 uid 1000 gid 1000 context u:object_r:backup_data_file:s0 on path: /data/system_ce/0/backup_stage
06-10 13:51:14.426 1031 1031 D vold_prepare_subdirs: Setting up mode 700 uid 1000 gid 1000 context u:object_r:face_vendor_data_file:s0 on path: /data/vendor_ce/0/facedata
06-10 13:51:14.429 523 546 V UserDataPreparer: Found /data/user/0 with serial number 0
06-10 13:51:14.429 523 546 V UserDataPreparer: Found /data/system_ce/0 with serial number 0
06-10 13:51:14.430 523 546 D UserDataPreparer: Setting property: sys.user.0.ce_available=true
06-10 13:51:14.431 523 546 V PackageManager: reconcileAppsData for null u0 0x2 migrateAppData=true
06-10 13:51:14.453 17 17 I WCN : marlin_write_cali_data sync init_state:0xf0f0f0f1
06-10 13:51:14.453 17 17 I WCN : sdio_config bt_wake_host trigger:[high]
06-10 13:51:14.453 17 17 I WCN : sdio_config irq:[inband]
06-10 13:51:14.453 17 17 I WCN : sdio_config wake_host_level_duration_time:[20ms]
06-10 13:51:14.453 17 17 I WCN : sdio_config wake_host_data_separation:[bt/wifi reuse]
06-10 13:51:14.453 17 17 I WCN : marlin_send_sdio_config_to_cp sdio_config:0x80f01 (enable config)
06-10 13:51:14.453 17 17 I WCN : marlin_write_cali_data finish
06-10 13:51:14.453 17 17 I WCN : check_cp_ready sync val:0xf0f0f0f2, prj_type val:0xe0e0e0e0
06-10 13:51:14.480 278 278 D hdmi-cec: cec physical address: 2.0.0.0
06-10 13:51:14.481 523 523 W Looper : Slow dispatch took 370ms main h=android.os.Handler c=com.android.server.hdmi.WorkSourceUidPreservingRunnable@4655454 m=0
06-10 13:51:14.483 523 523 I ExplicitHealthCheckController: Explicit health check service is connected ComponentInfo{android.ext.services/android.ext.services.watchdog.ExplicitHealthCheckServiceImpl}
06-10 13:51:14.485 17 17 I WCN : check_cp_ready sync val:0xf0f0f0f2, prj_type val:0xe0e0e0e0
06-10 13:51:14.484 523 523 I ExplicitHealthCheckController: Service initialized, syncing requests
06-10 13:51:14.484 343 343 I rainbow_flow: type=1400 audit(0.0:365): avc: denied { ioctl } for path="/dev/spidev1.0" dev="tmpfs" ino=6270 ioctlcmd=0x6b00 scontext=u:r:init:s0 tcontext=u:object_r:device:s0 tclass=chr_file permissive=1
06-10 13:51:14.493 264 322 V audio_hw_primary: adev_set_parameters, A2dpSuspended=false
06-10 13:51:14.495 264 322 V audio_hw_primary: adev_set_parameters, BT_SCO=off
06-10 13:51:14.498 523 636 I AS.AudioDeviceInventory: removePreferredDevicesForStrategySync, strategy: 14
06-10 13:51:14.514 17 17 I WCN : check_cp_ready sync val:0xf0f0f0f2, prj_type val:0xe0e0e0e0
06-10 13:51:14.541 17 17 I WCN : check_cp_ready sync val:0xf0f0f0f2, prj_type val:0xe0e0e0e0
06-10 13:51:14.569 17 17 I WCN : check_cp_ready sync val:0xf0f0f0ff, prj_type val:0xe0e0e0e0
06-10 13:51:14.569 17 17 I sdiohal : sdiohal_runtime_get entry
06-10 13:51:14.569 17 17 D : [xw] before reg = 0x1
06-10 13:51:14.569 17 17 D : [xw] after reg = 0x3
06-10 13:51:14.569 17 17 I WCN : get_cp2_version entry!
06-10 13:51:14.571 360 360 I WCN : WCND at cmd read:WCN_VER:Platform Version:MARLIN3E_20A_W25.16.1~Project Version:uwe5623_marlin3E_ott~04-14-2025 17:37:38~
06-10 13:51:14.571 17 17 I WCN : switch_cp2_log - close entry!
06-10 13:51:14.572 360 360 I WCN : WCND at cmd read:OK
06-10 13:51:14.572 265 265 I WCN : then marlin download finished and run ok
06-10 13:51:14.572 265 265 E bluetooth_set_power: end_block=0
06-10 13:51:14.573 265 265 I bt_userial_vendor: device fd = 5 open
06-10 13:51:14.573 265 265 I bt_chip_vendor: marlin3_pskey_preload
06-10 13:51:14.573 265 265 D bt_vnd_hci: sprd_vnd_send_hci_vsc a0 fc b0 00 1f 00 00 bf fe 8d fe db 3d 7b 87 ff a7 ff 7f 00 e0 f7 3e ae 6e 99 39 66 8b ec 01 01 01 ff 00 ff ff 00 02 00 00 00 00 00 00 00 00 00 00 00 00 00 00 00 00 00 00 00 00 00 00 00 00 00 00 00 00 00 00 00 00 4d 00 66 00 9b 00 66 00 00 00 00 00 00 00 00 00 00 00 00 00 01 01 01 00 00 00 00 00 00 00 00 00 28 00 00 00 06 08 0c 22 00 00 00 00 00 00 00 00 00 ff 00 00 00 00 00 00 00 00 00 00 00 00 00 00 00 00 00 00 e2 04 40 1f 20 00 c8 00 0a 00 00 00 00 00 00 00 00 00 00 00 00 00 00 00 00 00 00 00 00 00 00 00 00 00 00 00 00 00 00 00
06-10 13:51:14.574 265 265 E bt_upio : upio_set : /proc/bluetooth/sleep/btwrite(-1) incorrent
06-10 13:51:14.576 265 1037 I bt_chip_vendor: Bluetooth Firmware Node: 4069 Date: 2015-04-08
06-10 13:51:14.572 1 1 I /system/bin/init: type=1107 audit(0.0:366): uid=0 auid=4294967295 ses=4294967295 subj=u:r:init:s0 msg='avc: denied { set } for property=rw.vendor.bluetooth.fw.ver pid=265 uid=1002 gid=1002 scontext=u:r:hal_bluetooth_default:s0 tcontext=u:object_r:default_prop:s0 tclass=property_service permissive=1'
06-10 13:51:14.578 265 1037 I bt_chip_vendor: yujian.qin marlin3_rf_preload
06-10 13:51:14.578 265 1037 D bt_vnd_hci: sprd_vnd_send_hci_vsc a2 fc fc 00 e0 00 e0 00 e0 00 e0 00 e0 00 e0 15 41 15 3a 15 34 15 2e 15 27 15 21 15 1a 15 13 15 0d 15 07 15 3b 15 37 15 33 15 2f 15 2b 15 27 15 23 15 1f 15 1b 15 17 15 13 15 0f 15 0b 15 08 15 04 15 00 15 09 15 09 15 08 15 08 15 08 15 08 15 07 15 07 15 0d 15 0d 15 0c 15 0c 15 0b 15 0b 15 0b 15 0b 15 10 15 10 15 0f 15 0f 15 0f 15 0f 15 0f 15 0f 00 e0 00 e0 00 e0 00 e0 00 e0 00 e0 15 4d 15 46 15 3d 15 36 15 2d 15 26 15 1f 15 18 15 0f 15 08 15 4b 15 4b 15 4b 15 4b 15 4b 15 46 15 40 15 3b 15 36 15 30 15 2b 15 26 15 20 15 1a 15 14 15 0e 15 09 15 09 15 08 15 08 15 08 15 08 15 07 15 07 15 0d 15 0d 15 0c 15 0c 15 0b 15 0b 15 0b 15 0b 15 10 15 10 15 0f 15 0f 15 0f 15 0f 15 0f 15 0f 00 00 ff ff 01 00 00 55 44 43 5f 55 55 c8 55 55 55 55 55 55 55 55 55 55 55 55 55 55
06-10 13:51:14.599 265 1037 I bt_chip_vendor: hw_rf_cback hw_core_cback response: [0xFCA2, 0x0000, 0x00]
06-10 13:51:14.599 265 1037 I bt_chip_vendor: hw_core_enable
06-10 13:51:14.599 265 1037 I bt_chip_vendor: hw_core_enable : 1
06-10 13:51:14.599 265 1037 E bt_upio : upio_set : /proc/bluetooth/sleep/btwrite(-1) incorrent
06-10 13:51:14.601 265 1037 I bt_chip_vendor: hw_core_cback hw_core_cback response: [0xFCA1, 0x0000, 0x01]
06-10 13:51:14.601 265 1037 D android.hardware.bluetooth@1.0-impl: OnFirmwareConfigured result: 0
06-10 13:51:14.601 265 1037 I android.hardware.bluetooth@1.0-impl: Firmware configured in 0.028s
06-10 13:51:14.601 677 1001 I bt_hci : system/bt/hci/src/hci_layer.cc:367 event_finish_startup: event_finish_startup
06-10 13:51:14.601 265 1037 I android.hardware.bluetooth@1.0-impl: OnFirmwareConfigured: lpm_timeout_ms 1500
06-10 13:51:14.602 265 1037 D android.hardware.bluetooth@1.0-impl: low_power_mode_cb result: 0
06-10 13:51:14.602 265 1037 D android.hardware.bluetooth@1.0-impl: OnFirmwareConfigured Calling StartLowPowerWatchdog()
06-10 13:51:14.602 677 797 I bt_core_module: system/bt/btcore/src/module.cc:90 module_start_up: module_start_up Started module "hci_module"
06-10 13:51:14.603 677 797 I bt_l2cap: system/bt/stack/l2cap/l2c_api.cc:134 L2CA_Register: L2CAP Registered service classic PSM: 0x0001
06-10 13:51:14.604 677 797 I bt_l2cap: system/bt/stack/l2cap/l2c_api.cc:134 L2CA_Register: L2CAP Registered service classic PSM: 0x001f
06-10 13:51:14.604 677 797 I bluetooth: system/bt/stack/gatt/gatt_api.cc:1019 GATT_Register: Allocated name:GattProfileDb uuid:81818181-8181-8181-8181-818181818181 gatt_if:1 eatt_support:0
06-10 13:51:14.604 677 797 I droid.bluetoot: [0610/135114.604727:INFO:gatt_api.cc(179)] GATTS_AddService
06-10 13:51:14.605 677 797 I droid.bluetoot: [0610/135114.605011:INFO:gatt_api.cc(288)] GATTS_AddService: service parsed correctly, now starting
06-10 13:51:14.605 677 797 I droid.bluetoot: [0610/135114.605137:INFO:gatt_sr_hash.cc(124)] gatts_calculate_database_hash: hash=80AEB10BC70DCCEFA207489DCED98FED
06-10 13:51:14.605 677 797 I bt_l2cap: system/bt/stack/l2cap/l2c_api.cc:434 L2CA_RegisterLECoc: Registered service LE COC PSM: 0x0027
06-10 13:51:14.605 677 797 I bt_l2cap: system/bt/stack/l2cap/l2c_api.cc:134 L2CA_Register: L2CAP Registered service classic PSM: 0x0003
06-10 13:51:14.606 677 797 I bluetooth: system/bt/stack/gatt/gatt_api.cc:1019 GATT_Register: Allocated name:Gap uuid:82828282-8282-8282-8282-828282828282 gatt_if:2 eatt_support:0
06-10 13:51:14.606 677 797 I droid.bluetoot: [0610/135114.606535:INFO:gatt_api.cc(179)] GATTS_AddService
06-10 13:51:14.606 677 797 I droid.bluetoot: [0610/135114.606636:INFO:gatt_api.cc(288)] GATTS_AddService: service parsed correctly, now starting
06-10 13:51:14.606 677 797 I droid.bluetoot: [0610/135114.606740:INFO:gatt_sr_hash.cc(124)] gatts_calculate_database_hash: hash=8991C462EBE9D90B9EA0DA3E16D0F513
06-10 13:51:14.607 677 797 I bt_bte : system/bt/main/bte_logmsg.cc:248 load_levels_from_config: BTE_InitTraceLevels -- TRC_HCI : Level 2
06-10 13:51:14.607 677 797 I bt_bte : system/bt/main/bte_logmsg.cc:248 load_levels_from_config: BTE_InitTraceLevels -- TRC_L2CAP : Level 2
06-10 13:51:14.607 677 797 I bt_bte : system/bt/main/bte_logmsg.cc:248 load_levels_from_config: BTE_InitTraceLevels -- TRC_RFCOMM : Level 2
06-10 13:51:14.607 677 797 I bt_bte : system/bt/main/bte_logmsg.cc:248 load_levels_from_config: BTE_InitTraceLevels -- TRC_AVDT : Level 2
06-10 13:51:14.607 677 797 I bt_bte : system/bt/main/bte_logmsg.cc:248 load_levels_from_config: BTE_InitTraceLevels -- TRC_AVRC : Level 2
06-10 13:51:14.607 677 797 I bt_bte : system/bt/main/bte_logmsg.cc:248 load_levels_from_config: BTE_InitTraceLevels -- TRC_A2D : Level 2
06-10 13:51:14.607 677 797 I bt_bte : system/bt/main/bte_logmsg.cc:248 load_levels_from_config: BTE_InitTraceLevels -- TRC_BNEP : Level 2
06-10 13:51:14.607 677 797 I bt_bte : system/bt/main/bte_logmsg.cc:248 load_levels_from_config: BTE_InitTraceLevels -- TRC_BTM : Level 2
06-10 13:51:14.607 677 797 I bt_bte : system/bt/main/bte_logmsg.cc:248 load_levels_from_config: BTE_InitTraceLevels -- TRC_HID_HOST : Level 2
06-10 13:51:14.607 677 797 I bt_bte : system/bt/main/bte_logmsg.cc:248 load_levels_from_config: BTE_InitTraceLevels -- TRC_PAN : Level 2
06-10 13:51:14.607 677 797 I bt_bte : system/bt/main/bte_logmsg.cc:248 load_levels_from_config: BTE_InitTraceLevels -- TRC_SDP : Level 2
06-10 13:51:14.607 677 797 I bt_bte : system/bt/main/bte_logmsg.cc:248 load_levels_from_config: BTE_InitTraceLevels -- TRC_SMP : Level 2
06-10 13:51:14.607 677 797 I bt_bte : system/bt/main/bte_logmsg.cc:248 load_levels_from_config: BTE_InitTraceLevels -- TRC_HID_DEV : Level 2
06-10 13:51:14.607 677 797 I bt_bte : system/bt/main/bte_logmsg.cc:248 load_levels_from_config: BTE_InitTraceLevels -- TRC_BTAPP : Level 2
06-10 13:51:14.607 677 797 I bt_bte : system/bt/main/bte_logmsg.cc:248 load_levels_from_config: BTE_InitTraceLevels -- TRC_BTIF : Level 2
06-10 13:51:14.608 677 1038 I bt_stack: [INFO:message_loop_thread.cc(224)] Run: message loop starting for thread bt_main_thread
06-10 13:51:14.610 677 797 I bt_core_module: system/bt/btcore/src/module.cc:85 module_start_up: module_start_up Starting module "controller_module"
06-10 13:51:14.643 360 360 E : recv_kernel_event address b4:2f:03:15:73:2f
06-10 13:51:14.652 523 545 W IorapForwardingService: No service published for: iorapd
06-10 13:51:14.733 328 328 D XiriService: check file name: /data/data/com.android.cts.priv.ctsshim/lib
06-10 13:51:14.728 328 328 I xiriservice_All: type=1400 audit(0.0:367): avc: denied { search } for name="com.android.cts.priv.ctsshim" dev="mmcblk0p25" ino=589 scontext=u:r:init:s0 tcontext=u:object_r:privapp_data_file:s0:c512,c768 tclass=dir permissive=1
06-10 13:51:14.732 328 328 I xiriservice_All: type=1400 audit(0.0:368): avc: denied { read } for name="lib" dev="mmcblk0p25" ino=15191 scontext=u:r:init:s0 tcontext=u:object_r:privapp_data_file:s0:c512,c768 tclass=lnk_file permissive=1
06-10 13:51:14.741 328 328 D XiriService: check file name: /data/data/com.android.cts.priv.ctsshim/lib
06-10 13:51:14.746 328 328 D XiriService: check file name: /data/data/com.android.cts.priv.ctsshim/lib
06-10 13:51:14.746 328 328 D XiriService: check file name: /data/data/com.android.cts.priv.ctsshim/lib
06-10 13:51:14.746 328 328 D XiriService: check file name: /data/data/com.android.cts.priv.ctsshim/lib
06-10 13:51:14.746 328 328 D XiriService: check file name: /data/data/com.android.cts.priv.ctsshim/lib
06-10 13:51:14.749 328 328 D XiriService: check file name: /data/data/com.android.dynsystem/lib
06-10 13:51:14.744 328 328 I xiriservice_All: type=1400 audit(0.0:369): avc: denied { search } for name="com.android.dynsystem" dev="mmcblk0p25" ino=597 scontext=u:r:init:s0 tcontext=u:object_r:system_app_data_file:s0 tclass=dir permissive=1
06-10 13:51:14.744 328 328 I xiriservice_All: type=1400 audit(0.0:370): avc: denied { read } for name="lib" dev="mmcblk0p25" ino=15193 scontext=u:r:init:s0 tcontext=u:object_r:system_app_data_file:s0 tclass=lnk_file permissive=1
06-10 13:51:14.752 328 328 D XiriService: check file name: /data/data/com.android.dynsystem/lib
06-10 13:51:14.756 328 328 D XiriService: check file name: /data/data/com.android.dynsystem/lib
06-10 13:51:14.756 328 328 D XiriService: check file name: /data/data/com.android.dynsystem/lib
06-10 13:51:14.756 328 328 D XiriService: check file name: /data/data/com.android.dynsystem/lib
06-10 13:51:14.756 328 328 D XiriService: check file name: /data/data/com.android.dynsystem/lib
06-10 13:51:14.758 328 328 D XiriService: check file name: /data/data/com.dangbei.lerad.rocky/lib
06-10 13:51:14.760 328 328 D XiriService: check file name: /data/data/com.dangbei.lerad.rocky/lib
06-10 13:51:14.765 328 328 D XiriService: check file name: /data/data/com.dangbei.lerad.rocky/lib
06-10 13:51:14.765 328 328 D XiriService: check file name: /data/data/com.dangbei.lerad.rocky/lib
06-10 13:51:14.765 328 328 D XiriService: check file name: /data/data/com.dangbei.lerad.rocky/lib
06-10 13:51:14.765 328 328 D XiriService: check file name: /data/data/com.dangbei.lerad.rocky/lib
06-10 13:51:14.775 328 328 D XiriService: check file name: /data/data/com.android.tv.settings/lib
06-10 13:51:14.777 328 328 D XiriService: check file name: /data/data/com.android.tv.settings/lib
06-10 13:51:14.781 328 328 D XiriService: check file name: /data/data/com.android.tv.settings/lib
06-10 13:51:14.782 328 328 D XiriService: check file name: /data/data/com.android.tv.settings/lib
06-10 13:51:14.782 328 328 D XiriService: check file name: /data/data/com.android.tv.settings/lib
06-10 13:51:14.782 328 328 D XiriService: check file name: /data/data/com.android.tv.settings/lib
06-10 13:51:14.796 328 328 D XiriService: check file name: /data/data/com.oranth.factory/lib
06-10 13:51:14.798 328 328 D XiriService: check file name: /data/data/com.oranth.factory/lib
06-10 13:51:14.811 328 328 D XiriService: check file name: /data/data/com.oranth.factory/lib
06-10 13:51:14.818 198 198 I hwservicemanager: Notifying android.hardware.wifi@1.5::IWifi/default they have clients: 1
06-10 13:51:14.812 278 278 I EventThread: type=1400 audit(0.0:371): avc: denied { search } for name="extcon" dev="sysfs" ino=18109 scontext=u:r:hal_tv_cec_default:s0 tcontext=u:object_r:sysfs_extcon:s0 tclass=dir permissive=1
06-10 13:51:14.819 669 669 I HidlLazyUtils: Process has 1 (of 1 available) client(s) in use after notification android.hardware.wifi@1.5::IWifi/default has clients: 1
06-10 13:51:14.827 181 181 I init (181): drop_caches: 3
06-10 13:51:14.820 181 181 I init : type=1400 audit(0.0:372): avc: denied { write } for name="dirty_expire_centisecs" dev="proc" ino=15508 scontext=u:r:vendor_init:s0 tcontext=u:object_r:proc_dirty:s0 tclass=file permissive=1
06-10 13:51:14.824 328 328 D XiriService: check file name: /data/data/com.dangbei.zhushou.os/lib
06-10 13:51:14.826 328 328 D XiriService: check file name: /data/data/com.dangbei.zhushou.os/lib
06-10 13:51:14.832 328 328 D XiriService: check file name: /data/data/com.dangbei.zhushou.os/lib
06-10 13:51:14.832 328 328 D XiriService: check file name: /data/data/com.dangbei.zhushou.os/lib
06-10 13:51:14.833 328 328 D XiriService: check file name: /data/data/com.dangbei.zhushou.os/lib
06-10 13:51:14.833 328 328 D XiriService: check file name: /data/data/com.dangbei.zhushou.os/lib
06-10 13:51:14.834 335 336 D XM_HIDREAD: add@ add@/kernel/slab/:0000008
06-10 13:51:14.828 341 341 I xiriservice_All: type=1400 audit(0.0:373): avc: denied { read } for scontext=u:r:init:s0 tcontext=u:r:init:s0 tclass=netlink_kobject_uevent_socket permissive=1
06-10 13:51:14.843 1 1 I zram0 : detected capacity change from 0 to 1541578752
06-10 13:51:14.864 328 328 D XiriService: check file name: /data/data/com.sohu.inputmethod.sogou.tv/lib
06-10 13:51:14.860 328 328 I xiriservice_All: type=1400 audit(0.0:374): avc: denied { search } for name="com.sohu.inputmethod.sogou.tv" dev="mmcblk0p25" ino=1429 scontext=u:r:init:s0 tcontext=u:object_r:app_data_file:s0:c38,c256,c512,c768 tclass=dir permissive=1
06-10 13:51:14.860 328 328 I xiriservice_All: type=1400 audit(0.0:375): avc: denied { read } for name="lib" dev="mmcblk0p25" ino=15205 scontext=u:r:init:s0 tcontext=u:object_r:app_data_file:s0:c38,c256,c512,c768 tclass=lnk_file permissive=1
06-10 13:51:14.865 328 328 D XiriService: check file name: /data/data/com.sohu.inputmethod.sogou.tv/lib
06-10 13:51:14.872 328 328 D XiriService: check file name: /data/data/com.sohu.inputmethod.sogou.tv/lib
06-10 13:51:14.872 328 328 D XiriService: check file name: /data/data/com.sohu.inputmethod.sogou.tv/lib
06-10 13:51:14.873 328 328 D XiriService: check file name: /data/data/com.sohu.inputmethod.sogou.tv/lib
06-10 13:51:14.873 328 328 D XiriService: check file name: /data/data/com.sohu.inputmethod.sogou.tv/lib
06-10 13:51:14.900 1 1 I mkswap : Swapspace size: 1505444k, UUID=02432cb3-9b59-4f7c-a103-f6a743c8eb71
06-10 13:51:14.918 328 328 D XiriService: check file name: /data/data/com.oranth.ledstatus/lib
06-10 13:51:14.918 328 328 D XiriService: check file name: /data/data/com.oranth.ledstatus/lib
06-10 13:51:14.923 328 328 D XiriService: check file name: /data/data/com.oranth.ledstatus/lib
06-10 13:51:14.923 328 328 D XiriService: check file name: /data/data/com.oranth.ledstatus/lib
06-10 13:51:14.925 1 1 I : Adding 1505444k swap on /dev/block/zram0. Priority:-2 extents:1 across:1505444k SS
06-10 13:51:14.924 328 328 D XiriService: check file name: /data/data/com.oranth.ledstatus/lib
06-10 13:51:14.924 328 328 D XiriService: check file name: /data/data/com.oranth.ledstatus/lib
06-10 13:51:14.926 328 328 D XiriService: check file name: /data/data/com.dangbei.lerad.videoposter/lib
06-10 13:51:14.920 328 328 I xiriservice_All: type=1400 audit(0.0:376): avc: denied { search } for name="com.dangbei.lerad.videoposter" dev="mmcblk0p25" ino=762 scontext=u:r:init:s0 tcontext=u:object_r:app_data_file:s0:c512,c768 tclass=dir permissive=1
06-10 13:51:14.920 328 328 I xiriservice_All: type=1400 audit(0.0:377): avc: denied { read } for name="lib" dev="mmcblk0p25" ino=15209 scontext=u:r:init:s0 tcontext=u:object_r:app_data_file:s0:c512,c768 tclass=lnk_file permissive=1
06-10 13:51:14.928 328 328 D XiriService: check file name: /data/data/com.dangbei.lerad.videoposter/lib
06-10 13:51:14.924 1040 1040 I init : type=1400 audit(0.0:378): avc: denied { entrypoint } for path="/system/bin/appsdisable" dev="dm-2" ino=892 scontext=u:r:shell:s0 tcontext=u:object_r:system_file:s0 tclass=file permissive=1
06-10 13:51:14.936 328 328 D XiriService: check file name: /data/data/com.dangbei.lerad.videoposter/lib
06-10 13:51:14.936 328 328 D XiriService: check file name: /data/data/com.dangbei.lerad.videoposter/lib
06-10 13:51:14.937 328 328 D XiriService: check file name: /data/data/com.dangbei.lerad.videoposter/lib
06-10 13:51:14.937 328 328 D XiriService: check file name: /data/data/com.dangbei.lerad.videoposter/lib
06-10 13:51:14.937 523 657 W HdmiCecController: Failed to send 45:7D with errorCode=1
06-10 13:51:14.968 328 328 D XiriService: check file name: /data/data/com.android.networkstack/lib
06-10 13:51:14.964 328 328 I xiriservice_All: type=1400 audit(0.0:379): avc: denied { read } for name="lib" dev="mmcblk0p25" ino=15211 scontext=u:r:init:s0 tcontext=u:object_r:radio_data_file:s0 tclass=lnk_file permissive=1
06-10 13:51:14.972 328 328 D XiriService: check file name: /data/data/com.android.networkstack/lib
06-10 13:51:14.981 328 328 D XiriService: check file name: /data/data/com.android.networkstack/lib
06-10 13:51:14.981 328 328 D XiriService: check file name: /data/data/com.android.networkstack/lib
06-10 13:51:14.982 328 328 D XiriService: check file name: /data/data/com.android.networkstack/lib
06-10 13:51:14.982 328 328 D XiriService: check file name: /data/data/com.android.networkstack/lib
06-10 13:51:15.020 1041 1041 I bootstat: Service started: /system/bin/bootstat --record_boot_complete --record_boot_reason --record_time_since_factory_reset -l
06-10 13:51:15.024 1041 1041 I bootstat: Canonical boot reason: reboot,ota
06-10 13:51:15.030 1041 1041 E bootstat: Failed to read /data/misc/bootstat/post_decrypt_time_elapsed: No such file or directory
06-10 13:51:15.030 1041 1041 E bootstat: Failed to parse boot time record: /data/misc/bootstat/post_decrypt_time_elapsed
06-10 13:51:15.042 1041 1041 W bootstat: LogBootEvents, atomInfo not defined for events:last_boot_time_utc,build_date,ro.boottime.init.cold_boot_wait,boot_reason,system_boot_reason,time_since_last_boot
06-10 13:51:15.052 328 328 D XiriService: check file name: /data/data/android/lib
06-10 13:51:15.048 328 328 I xiriservice_All: type=1400 audit(0.0:380): avc: denied { search } for name="android" dev="mmcblk0p25" ino=527 scontext=u:r:init:s0 tcontext=u:object_r:system_app_data_file:s0 tclass=dir permissive=1
06-10 13:51:15.048 328 328 I xiriservice_All: type=1400 audit(0.0:381): avc: denied { read } for name="lib" dev="mmcblk0p25" ino=15177 scontext=u:r:init:s0 tcontext=u:object_r:system_app_data_file:s0 tclass=lnk_file permissive=1
06-10 13:51:15.054 328 328 D XiriService: check file name: /data/data/android/lib
06-10 13:51:15.055 328 328 D XiriService: check file name: /data/data/android/lib
06-10 13:51:15.064 328 328 D XiriService: check file name: /data/data/android/lib
06-10 13:51:15.064 328 328 D XiriService: check file name: /data/data/android/lib
06-10 13:51:15.065 328 328 D XiriService: check file name: /data/data/android/lib
06-10 13:51:15.065 328 328 D XiriService: check file name: /data/data/android/lib
06-10 13:51:15.085 335 336 D XM_HIDREAD: add@ add@/class/hci_reg
06-10 13:51:15.086 335 336 D XM_HIDREAD: add@ add@/module/sunxi_hci
06-10 13:51:15.084 1048 1048 I runin.sh: type=1400 audit(0.0:382): avc: denied { dac_read_search } for capability=2 scontext=u:r:shell:s0 tcontext=u:r:shell:s0 tclass=capability permissive=1
06-10 13:51:15.129 181 181 W sunxi-ehci: EHCI SUNXI driver
06-10 13:51:15.131 181 181 W : sunxi ehci0-controller don't init wakeup source
06-10 13:51:15.131 181 181 W [sunxi-ehci0]: probe, pdev->name: 5101000.ehci0-controller, sunxi_ehci: 0xffffffc008f8f018, 0x:ffffffc012135000, irq_no:32
06-10 13:51:15.126 335 336 D XM_HIDREAD: add@ add@/devices/virtual/devlink/regulator.8--5101000.ehci0-controller
06-10 13:51:15.128 394 394 I update_engine: [INFO:cleanup_previous_update_action.cc(112)] Executing task 8
06-10 13:51:15.131 394 394 I update_engine: [INFO:cleanup_previous_update_action.cc(189)] Boot completed, waiting on markBootSuccessful()
06-10 13:51:15.131 328 328 D XiriService: check file name: /data/data/com.dangbei.screencast/lib
06-10 13:51:15.134 181 181 I sunxi-ehci 5101000.ehci0-controller: EHCI Host Controller
06-10 13:51:15.135 181 181 I sunxi-ehci 5101000.ehci0-controller: new USB bus registered, assigned bus number 1
06-10 13:51:15.135 181 181 I sunxi-ehci 5101000.ehci0-controller: irq 50, io mem 0x05101000
06-10 13:51:15.124 328 328 I xiriservice_All: type=1400 audit(0.0:383): avc: denied { search } for name="com.dangbei.screencast" dev="mmcblk0p25" ino=908 scontext=u:r:init:s0 tcontext=u:object_r:app_data_file:s0:c512,c768 tclass=dir permissive=1
06-10 13:51:15.128 328 328 I xiriservice_All: type=1400 audit(0.0:384): avc: denied { read } for name="lib" dev="mmcblk0p25" ino=15213 scontext=u:r:init:s0 tcontext=u:object_r:app_data_file:s0:c512,c768 tclass=lnk_file permissive=1
06-10 13:51:15.133 328 328 D XiriService: check file name: /data/data/com.dangbei.screencast/lib
06-10 13:51:15.134 394 394 I update_engine: EnsureMetadataMounted does nothing in Android mode.
06-10 13:51:15.137 394 394 I update_engine: Read merge statistics file failed: No such file or directory
06-10 13:51:15.139 328 328 D XiriService: check file name: /data/data/com.dangbei.screencast/lib
06-10 13:51:15.139 328 328 D XiriService: check file name: /data/data/com.dangbei.screencast/lib
06-10 13:51:15.141 328 328 D XiriService: check file name: /data/data/com.dangbei.screencast/lib
06-10 13:51:15.141 328 328 D XiriService: check file name: /data/data/com.dangbei.screencast/lib
06-10 13:51:15.142 394 394 I update_engine: [INFO:cleanup_previous_update_action.cc(261)] Waiting for any previous merge request to complete. This can take up to several minutes.
06-10 13:51:15.146 335 336 D XM_HIDREAD: add@ add@/devices/platform/soc@3000000/5101000.ehci0-controller/usb1
06-10 13:51:15.146 335 336 D XM_HIDREAD: add@ add@/devices/platform/soc@3000000/5101000.ehci0-controller/usb1/1-0:1.0
06-10 13:51:15.149 181 181 I sunxi-ehci 5101000.ehci0-controller: USB 2.0 started, EHCI 1.00
06-10 13:51:15.150 181 181 I usb1 : New USB device found, idVendor=1d6b, idProduct=0002, bcdDevice= 5.04
06-10 13:51:15.150 181 181 I usb1 : New USB device strings: Mfr=3, Product=2, SerialNumber=1
06-10 13:51:15.150 181 181 I usb1 : Product: EHCI Host Controller
06-10 13:51:15.150 181 181 I usb1 : Manufacturer: Linux 5.4.125+ ehci_hcd
06-10 13:51:15.150 181 181 I usb1 : SerialNumber: sunxi-ehci
06-10 13:51:15.152 181 181 I hub 1-0 : 1.0: USB hub found
06-10 13:51:15.152 181 181 I hub 1-0 : 1.0: 1 port detected
06-10 13:51:15.152 394 394 I update_engine: type=1400 audit(0.0:385): avc: denied { read } for name="bootconfig" dev="proc" ino=4026532054 scontext=u:r:update_engine:s0 tcontext=u:object_r:proc_bootconfig:s0 tclass=file permissive=1
06-10 13:51:15.152 394 394 I update_engine: type=1400 audit(0.0:386): avc: denied { open } for path="/proc/bootconfig" dev="proc" ino=4026532054 scontext=u:r:update_engine:s0 tcontext=u:object_r:proc_bootconfig:s0 tclass=file permissive=1
06-10 13:51:15.152 394 394 I update_engine: type=1400 audit(0.0:387): avc: denied { getattr } for path="/proc/bootconfig" dev="proc" ino=4026532054 scontext=u:r:update_engine:s0 tcontext=u:object_r:proc_bootconfig:s0 tclass=file permissive=1
06-10 13:51:15.161 335 336 D XM_HIDREAD: add@ add@/devices/virtual/devlink/regulator.8--5200000.ehci1-controller
06-10 13:51:15.165 181 181 W : sunxi ehci1-controller don't init wakeup source
06-10 13:51:15.165 181 181 W [sunxi-ehci1]: probe, pdev->name: 5200000.ehci1-controller, sunxi_ehci: 0xffffffc008f8f6d8, 0x:ffffffc0121a5000, irq_no:34
06-10 13:51:15.168 181 181 I sunxi-ehci 5200000.ehci1-controller: EHCI Host Controller
06-10 13:51:15.168 181 181 I sunxi-ehci 5200000.ehci1-controller: new USB bus registered, assigned bus number 2
06-10 13:51:15.168 181 181 I sunxi-ehci 5200000.ehci1-controller: irq 52, io mem 0x05200000
06-10 13:51:15.166 328 328 D XiriService: check file name: /data/data/com.dangbei.leard.leradlauncher/lib
06-10 13:51:15.166 328 328 D XiriService: check file name: /data/data/com.dangbei.leard.leradlauncher/lib
06-10 13:51:15.167 394 394 I update_engine: Update state is being processed while booting at target slot, taking no action.
06-10 13:51:15.168 394 394 I update_engine: CheckMergeState for snapshots returned: 2
06-10 13:51:15.170 394 394 I update_engine: ProcessUpdateState handling state: 2
06-10 13:51:15.171 394 394 I update_engine: [INFO:cleanup_previous_update_action.cc(397)] Attempting to initiate merge.
06-10 13:51:15.171 328 328 D XiriService: check file name: /data/data/com.dangbei.leard.leradlauncher/lib
06-10 13:51:15.171 328 328 D XiriService: check file name: /data/data/com.dangbei.leard.leradlauncher/lib
06-10 13:51:15.171 328 328 D XiriService: check file name: /data/data/com.dangbei.leard.leradlauncher/lib
06-10 13:51:15.171 328 328 D XiriService: check file name: /data/data/com.dangbei.leard.leradlauncher/lib
06-10 13:51:15.173 328 328 D XiriService: check file name: /data/data/com.android.providers.settings/lib
06-10 13:51:15.174 328 328 D XiriService: check file name: /data/data/com.android.providers.settings/lib
06-10 13:51:15.178 328 328 D XiriService: check file name: /data/data/com.android.providers.settings/lib
06-10 13:51:15.179 328 328 D XiriService: check file name: /data/data/com.android.providers.settings/lib
06-10 13:51:15.179 328 328 D XiriService: check file name: /data/data/com.android.providers.settings/lib
06-10 13:51:15.179 328 328 D XiriService: check file name: /data/data/com.android.providers.settings/lib
06-10 13:51:15.181 181 181 I sunxi-ehci 5200000.ehci1-controller: USB 2.0 started, EHCI 1.00
06-10 13:51:15.181 181 181 E debugfs : Directory 'sunxi-ehci' with parent 'ehci' already present!
06-10 13:51:15.190 181 181 I usb2 : New USB device found, idVendor=1d6b, idProduct=0002, bcdDevice= 5.04
06-10 13:51:15.190 181 181 I usb2 : New USB device strings: Mfr=3, Product=2, SerialNumber=1
06-10 13:51:15.190 181 181 I usb2 : Product: EHCI Host Controller
06-10 13:51:15.190 181 181 I usb2 : Manufacturer: Linux 5.4.125+ ehci_hcd
06-10 13:51:15.190 181 181 I usb2 : SerialNumber: sunxi-ehci
06-10 13:51:15.188 335 336 D XM_HIDREAD: add@ add@/devices/platform/soc@3000000/5200000.ehci1-controller/usb2
06-10 13:51:15.189 335 336 D XM_HIDREAD: add@ add@/devices/platform/soc@3000000/5200000.ehci1-controller/usb2/2-0:1.0
06-10 13:51:15.195 181 181 I hub 2-0 : 1.0: USB hub found
06-10 13:51:15.195 181 181 I hub 2-0 : 1.0: 1 port detected
06-10 13:51:15.200 181 181 W : sunxi ehci2-controller don't init wakeup source
06-10 13:51:15.200 181 181 W [sunxi-ehci2]: probe, pdev->name: 5310000.ehci2-controller, sunxi_ehci: 0xffffffc008f8fd98, 0x:ffffffc012265000, irq_no:36
06-10 13:51:15.201 181 181 I sunxi-ehci 5310000.ehci2-controller: EHCI Host Controller
06-10 13:51:15.201 181 181 I sunxi-ehci 5310000.ehci2-controller: new USB bus registered, assigned bus number 3
06-10 13:51:15.196 335 336 D XM_HIDREAD: add@ add@/devices/virtual/devlink/regulator.8--5310000.ehci2-controller
06-10 13:51:15.197 205 216 D vold : Disk at 253:5 changed
06-10 13:51:15.197 205 216 D vold : Disk at 253:5 changed
06-10 13:51:15.197 394 394 I update_engine: Successfully switched snapshot device to a merge target: vendor_b
06-10 13:51:15.201 181 181 I sunxi-ehci 5310000.ehci2-controller: irq 54, io mem 0x05310000
06-10 13:51:15.209 328 328 D XiriService: check file name: /data/data/com.android.printspooler/lib
06-10 13:51:15.204 328 328 I xiriservice_All: type=1400 audit(0.0:388): avc: denied { search } for name="com.android.printspooler" dev="mmcblk0p25" ino=951 scontext=u:r:init:s0 tcontext=u:object_r:app_data_file:s0:c37,c256,c512,c768 tclass=dir permissive=1
06-10 13:51:15.217 181 181 I sunxi-ehci 5310000.ehci2-controller: USB 2.0 started, EHCI 1.00
06-10 13:51:15.217 181 181 E debugfs : Directory 'sunxi-ehci' with parent 'ehci' already present!
06-10 13:51:15.222 205 216 D vold : Disk at 253:2 changed
06-10 13:51:15.222 205 216 D vold : Disk at 253:2 changed
06-10 13:51:15.222 335 336 D XM_HIDREAD: add@ add@/devices/platform/soc@3000000/5310000.ehci2-controller/usb3
06-10 13:51:15.223 335 336 D XM_HIDREAD: add@ add@/devices/platform/soc@3000000/5310000.ehci2-controller/usb3/3-0:1.0
06-10 13:51:15.216 328 328 I xiriservice_All: type=1400 audit(0.0:389): avc: denied { read } for name="lib" dev="mmcblk0p25" ino=15217 scontext=u:r:init:s0 tcontext=u:object_r:app_data_file:s0:c37,c256,c512,c768 tclass=lnk_file permissive=1
06-10 13:51:15.226 181 181 I usb3 : New USB device found, idVendor=1d6b, idProduct=0002, bcdDevice= 5.04
06-10 13:51:15.226 181 181 I usb3 : New USB device strings: Mfr=3, Product=2, SerialNumber=1
06-10 13:51:15.226 181 181 I usb3 : Product: EHCI Host Controller
06-10 13:51:15.226 181 181 I usb3 : Manufacturer: Linux 5.4.125+ ehci_hcd
06-10 13:51:15.226 181 181 I usb3 : SerialNumber: sunxi-ehci
06-10 13:51:15.228 181 181 I hub 3-0 : 1.0: USB hub found
06-10 13:51:15.228 181 181 I hub 3-0 : 1.0: 1 port detected
06-10 13:51:15.236 181 181 W : sunxi ehci3-controller don't init wakeup source
06-10 13:51:15.236 181 181 W [sunxi-ehci3]: probe, pdev->name: 5311000.ehci3-controller, sunxi_ehci: 0xffffffc008f90458, 0x:ffffffc012284000, irq_no:38
06-10 13:51:15.232 335 336 D XM_HIDREAD: add@ add@/devices/virtual/devlink/regulator.8--5311000.ehci3-controller
06-10 13:51:15.233 394 394 I update_engine: Successfully switched snapshot device to a merge target: system_b
06-10 13:51:15.238 181 181 I sunxi-ehci 5311000.ehci3-controller: EHCI Host Controller
06-10 13:51:15.238 181 181 I sunxi-ehci 5311000.ehci3-controller: new USB bus registered, assigned bus number 4
06-10 13:51:15.238 181 181 I sunxi-ehci 5311000.ehci3-controller: irq 56, io mem 0x05311000
06-10 13:51:15.238 328 328 D XiriService: check file name: /data/data/com.android.printspooler/lib
06-10 13:51:15.239 328 328 D XiriService: check file name: /data/data/com.android.printspooler/lib
06-10 13:51:15.257 181 181 I sunxi-ehci 5311000.ehci3-controller: USB 2.0 started, EHCI 1.00
06-10 13:51:15.257 181 181 E debugfs : Directory 'sunxi-ehci' with parent 'ehci' already present!
06-10 13:51:15.262 335 336 D XM_HIDREAD: add@ add@/devices/platform/soc@3000000/5311000.ehci3-controller/usb4
06-10 13:51:15.263 335 336 D XM_HIDREAD: add@ add@/devices/platform/soc@3000000/5311000.ehci3-controller/usb4/4-0:1.0
06-10 13:51:15.266 181 181 I usb4 : New USB device found, idVendor=1d6b, idProduct=0002, bcdDevice= 5.04
06-10 13:51:15.266 181 181 I usb4 : New USB device strings: Mfr=3, Product=2, SerialNumber=1
06-10 13:51:15.266 181 181 I usb4 : Product: EHCI Host Controller
06-10 13:51:15.266 181 181 I usb4 : Manufacturer: Linux 5.4.125+ ehci_hcd
06-10 13:51:15.266 181 181 I usb4 : SerialNumber: sunxi-ehci
06-10 13:51:15.268 181 181 I hub 4-0 : 1.0: USB hub found
06-10 13:51:15.268 181 181 I hub 4-0 : 1.0: 1 port detected
06-10 13:51:15.267 335 336 D XM_HIDREAD: add@ add@/bus/platform/drivers/sunxi-ehci
06-10 13:51:15.267 335 336 D XM_HIDREAD: add@ add@/module/ehci_sunxi
06-10 13:51:15.277 205 216 D vold : Disk at 253:11 changed
06-10 13:51:15.278 205 216 D vold : Disk at 253:11 changed
06-10 13:51:15.279 394 394 I update_engine: Successfully switched snapshot device to a merge target: vendor_dlkm_b
06-10 13:51:15.338 205 216 D vold : Disk at 253:8 changed
06-10 13:51:15.340 205 216 D vold : Disk at 253:8 changed
06-10 13:51:15.341 394 394 I update_engine: Successfully switched snapshot device to a merge target: product_b
06-10 13:51:15.350 335 336 D XM_HIDREAD: add@ add@/devices/virtual/devlink/regulator.8--5101400.ohci0-controller
06-10 13:51:15.353 181 181 W sunxi-ohci: OHCI SUNXI driver
06-10 13:51:15.355 181 181 W : sunxi ohci0-controller don't init wakeup source
06-10 13:51:15.355 181 181 W [sunxi-ohci0]: probe, pdev->name: 5101400.ohci0-controller, sunxi_ohci: 0xffffffc008f8f378
06-10 13:51:15.356 181 181 I sunxi-ohci 5101400.ohci0-controller: OHCI Host Controller
06-10 13:51:15.356 181 181 I sunxi-ohci 5101400.ohci0-controller: new USB bus registered, assigned bus number 5
06-10 13:51:15.356 181 181 I sunxi-ohci 5101400.ohci0-controller: irq 51, io mem 0x05101400
06-10 13:51:15.409 328 328 D XiriService: check file name: /data/data/com.android.printspooler/lib
06-10 13:51:15.409 328 328 D XiriService: check file name: /data/data/com.android.printspooler/lib
