06-09 11:43:21.229 677 677 I a2dp_codec: system/bt/stack/a2dp/a2dp_codec_config.cc:658 init: init: initialized Source codec AAC
06-09 11:43:21.229 677 677 I a2dp_codec: system/bt/stack/a2dp/a2dp_codec_config.cc:658 init: init: initialized Source codec SBC
06-09 11:43:21.229 677 677 I a2dp_codec: system/bt/stack/a2dp/a2dp_codec_config.cc:665 init: init: initialized Sink codec AAC SINK
06-09 11:43:21.229 677 677 I a2dp_codec: system/bt/stack/a2dp/a2dp_codec_config.cc:665 init: init: initialized Sink codec SBC SINK
06-09 11:43:21.230 677 677 I a2dp_codec: system/bt/stack/a2dp/a2dp_codec_config.cc:569 init: init
06-09 11:43:21.230 677 677 I a2dp_codec: system/bt/stack/a2dp/a2dp_codec_config.cc:113 createCodec: createCodec: codec SBC
06-09 11:43:21.230 677 677 I a2dp_codec: system/bt/stack/a2dp/a2dp_codec_config.cc:633 init: init: updated SBC codec priority to 1001
06-09 11:43:21.230 677 677 I a2dp_codec: system/bt/stack/a2dp/a2dp_codec_config.cc:113 createCodec: createCodec: codec AAC
06-09 11:43:21.230 677 677 I a2dp_codec: system/bt/stack/a2dp/a2dp_codec_config.cc:633 init: init: updated AAC codec priority to 2001
06-09 11:43:21.230 677 677 I a2dp_codec: system/bt/stack/a2dp/a2dp_codec_config.cc:113 createCodec: createCodec: codec aptX
06-09 11:43:21.230 1189 1189 W ContextImpl: Calling a method in the system process without a qualified user: android.app.ContextImpl.startService:1816 android.content.ContextWrapper.startService:774 android.content.ContextWrapper.startService:774 com.oranth.storage.BootCompletedReceiver.onReceive:15 android.app.ActivityThread.handleReceiver:4308
06-09 11:43:21.237 487 620 I SupplicantStaIfaceHal: Starting supplicant using HIDL
06-09 11:43:21.244 677 677 E a2dp_vendor_aptx_encoder: system/bt/stack/a2dp/a2dp_vendor_aptx_encoder.cc:123 A2DP_VendorLoadEncoderAptx: A2DP_VendorLoadEncoderAptx: cannot open aptX encoder library libaptX_encoder.so: dlopen failed: library "libaptX_encoder.so" not found
06-09 11:43:21.244 677 677 E a2dp_vendor_aptx: system/bt/stack/a2dp/a2dp_vendor_aptx.cc:465 init: init: cannot load the encoder
06-09 11:43:21.244 677 677 I a2dp_codec: system/bt/stack/a2dp/a2dp_codec_config.cc:113 createCodec: createCodec: codec aptX-HD
06-09 11:43:21.248 197 197 I hwservicemanager: Since android.hardware.wifi.supplicant@1.0::ISupplicant/default is not registered, trying to start it as a lazy HAL.
06-09 11:43:21.251 487 620 D SupplicantStaIfaceHal: Successfully triggered start of supplicant using HIDL
06-09 11:43:21.251 1189 1189 D bbb : onCreate()
06-09 11:43:21.252 487 627 D ConnectivityService: NetReassign [no changes]
06-09 11:43:21.253 684 684 V SystemUIService: BOOT_COMPLETED received
06-09 11:43:21.254 677 677 E a2dp_vendor_aptx_hd_encoder: system/bt/stack/a2dp/a2dp_vendor_aptx_hd_encoder.cc:123 A2DP_VendorLoadEncoderAptxHd: A2DP_VendorLoadEncoderAptxHd: cannot open aptX-HD encoder library libaptXHD_encoder.so: dlopen failed: library "libaptXHD_encoder.so" not found
06-09 11:43:21.254 677 677 E a2dp_vendor_aptx_hd: system/bt/stack/a2dp/a2dp_vendor_aptx_hd.cc:483 init: init: cannot load the encoder
06-09 11:43:21.254 677 677 I a2dp_codec: system/bt/stack/a2dp/a2dp_codec_config.cc:113 createCodec: createCodec: codec LDAC
06-09 11:43:21.254 677 677 I a2dp_codec: system/bt/stack/a2dp/a2dp_codec_config.cc:633 init: init: updated LDAC codec priority to 5001
06-09 11:43:21.254 677 677 I a2dp_codec: system/bt/stack/a2dp/a2dp_codec_config.cc:113 createCodec: createCodec: codec SBC SINK
06-09 11:43:21.254 677 677 I a2dp_codec: system/bt/stack/a2dp/a2dp_codec_config.cc:113 createCodec: createCodec: codec AAC SINK
06-09 11:43:21.254 677 677 I a2dp_codec: system/bt/stack/a2dp/a2dp_codec_config.cc:113 createCodec: createCodec: codec LDAC SINK
06-09 11:43:21.255 1189 1189 D CompatibilityChangeReporter: Compat change id reported: 160794467; UID 1000; state: ENABLED
06-09 11:43:21.255 684 684 D SystemUIBootTiming: SystemUIService: bootcomplete com.android.systemui.util.NotificationChannels took 0 ms
06-09 11:43:21.255 684 684 D SystemUIService: loading: com.android.systemui.volume.VolumeUI
06-09 11:43:21.255 677 677 E a2dp_vendor_ldac_decoder: system/bt/stack/a2dp/a2dp_vendor_ldac_decoder.cc:134 A2DP_VendorLoadDecoderLdac: A2DP_VendorLoadDecoderLdac: cannot open LDAC decoder library libldacBT_bco.so: dlopen failed: library "libldacBT_bco.so" not found
06-09 11:43:21.255 677 677 E a2dp_vendor_ldac: system/bt/stack/a2dp/a2dp_vendor_ldac.cc:1418 init: init: cannot load the decoder
06-09 11:43:21.255 677 677 I a2dp_codec: system/bt/stack/a2dp/a2dp_codec_config.cc:658 init: init: initialized Source codec LDAC
06-09 11:43:21.255 677 677 I a2dp_codec: system/bt/stack/a2dp/a2dp_codec_config.cc:658 init: init: initialized Source codec AAC
06-09 11:43:21.255 677 677 I a2dp_codec: system/bt/stack/a2dp/a2dp_codec_config.cc:658 init: init: initialized Source codec SBC
06-09 11:43:21.255 677 677 I a2dp_codec: system/bt/stack/a2dp/a2dp_codec_config.cc:665 init: init: initialized Sink codec AAC SINK
06-09 11:43:21.256 677 677 I a2dp_codec: system/bt/stack/a2dp/a2dp_codec_config.cc:665 init: init: initialized Sink codec SBC SINK
06-09 11:43:21.256 677 677 I bt_btif_a2dp_source: system/bt/btif/src/btif_a2dp_source.cc:325 btif_a2dp_source_init: btif_a2dp_source_init
06-09 11:43:21.256 677 1227 I bt_stack: [INFO:message_loop_thread.cc(224)] Run: message loop starting for thread bt_a2dp_source_worker_thread
06-09 11:43:21.261 684 684 I vol.Events: writeEvent collection_started
06-09 11:43:21.262 1189 1189 D bbb : onStartCommand begin !!!!!!! data分区剩余 20615MB
06-09 11:43:21.267 487 627 D ConnectivityService: NetReassign [no changes]
06-09 11:43:21.269 1050 1224 W ContextImpl: Calling a method in the system process without a qualified user: android.app.ContextImpl.bindService:1895 android.content.ContextWrapper.bindService:810 com.dangbei.lerad.etna.lib.client.EtnaClient.bindServer:138 com.dangbei.lerad.etna.lib.client.EtnaClient.access$600:29 com.dangbei.lerad.etna.lib.client.EtnaClient$3.call:205
06-09 11:43:21.271 487 976 D CompatibilityChangeReporter: Compat change id reported: 171306433; UID 1000; state: ENABLED
06-09 11:43:21.276 487 532 W IorapForwardingService: No service published for: iorapd
06-09 11:43:21.277 487 848 D CompatibilityChangeReporter: Compat change id reported: 135634846; UID 10015; state: DISABLED
06-09 11:43:21.278 487 549 D CompatibilityChangeReporter: Compat change id reported: 143937733; UID 10015; state: DISABLED
06-09 11:43:21.280 337 337 I rainbow_flow: type=1400 audit(0.0:438): avc: denied { ioctl } for path="/dev/spidev1.0" dev="tmpfs" ino=6881 ioctlcmd=0x6b00 scontext=u:r:init:s0 tcontext=u:object_r:device:s0 tclass=chr_file permissive=1
06-09 11:43:21.308 677 1227 I bt_btif_a2dp_source: system/bt/btif/src/btif_a2dp_source.cc:335 btif_a2dp_source_init_delayed: btif_a2dp_source_init_delayed
06-09 11:43:21.309 677 677 I bt_btif_storage: system/bt/btif/src/btif_storage.cc:661 btif_storage_get_adapter_property: btif_storage_get_adapter_property service_mask:0x20000048
06-09 11:43:21.309 677 1005 I bt_bta_av: system/bt/bta/av/bta_av_main.cc:418 bta_av_api_register: bta_av_api_register: AVRCP version used for sdp: "avrcp15"
06-09 11:43:21.309 677 1005 I bt_l2cap: system/bt/stack/l2cap/l2c_api.cc:134 L2CA_Register: L2CAP Registered service classic PSM: 0x0019
06-09 11:43:21.309 677 1005 I bt_l2cap: system/bt/stack/l2cap/l2c_api.cc:134 L2CA_Register: L2CAP Registered service classic PSM: 0x0017
06-09 11:43:21.309 677 1005 I bt_l2cap: system/bt/stack/l2cap/l2c_api.cc:134 L2CA_Register: L2CAP Registered service classic PSM: 0x001b
06-09 11:43:21.309 677 1005 I bt_bta_dm: system/bt/bta/dm/bta_dm_act.cc:3191 bta_dm_eir_update_uuid: EIR Adding UUID=0x110A into extended inquiry response
06-09 11:43:21.309 677 1005 I bt_bta_dm: system/bt/bta/dm/bta_dm_act.cc:2890 bta_dm_set_eir: Generating extended inquiry response packet EIR
06-09 11:43:21.309 677 1005 I bt_bta_av: system/bt/bta/av/bta_av_act.cc:304 bta_av_rc_create: Skipping RC creation for the old AVRCP profile
06-09 11:43:21.309 677 1005 I bt_bta_dm: system/bt/bta/dm/bta_dm_act.cc:3191 bta_dm_eir_update_uuid: EIR Adding UUID=0x110E into extended inquiry response
06-09 11:43:21.309 677 1005 I bt_bta_dm: system/bt/bta/dm/bta_dm_act.cc:2890 bta_dm_set_eir: Generating extended inquiry response packet EIR
06-09 11:43:21.309 677 1005 I bt_bta_av: system/bt/bta/av/bta_av_main.cc:418 bta_av_api_register: bta_av_api_register: AVRCP version used for sdp: "avrcp15"
06-09 11:43:21.309 677 1005 I bt_bta_av: system/bt/bta/av/bta_av_main.cc:418 bta_av_api_register: bta_av_api_register: AVRCP version used for sdp: "avrcp15"
06-09 11:43:21.310 677 677 D A2dpService: A2DP offload flag set to false
06-09 11:43:21.310 677 1005 I bt_bta_av: system/bt/bta/av/bta_av_main.cc:418 bta_av_api_register: bta_av_api_register: AVRCP version used for sdp: "avrcp15"
06-09 11:43:21.310 677 1005 I bt_bta_av: system/bt/bta/av/bta_av_main.cc:418 bta_av_api_register: bta_av_api_register: AVRCP version used for sdp: "avrcp15"
06-09 11:43:21.310 677 1005 I bt_bta_av: system/bt/bta/av/bta_av_main.cc:418 bta_av_api_register: bta_av_api_register: AVRCP version used for sdp: "avrcp15"
06-09 11:43:21.316 257 257 D Zygote : Forked child process 1232
06-09 11:43:21.326 487 549 W ActivityManager: Slow operation: 64ms so far, now at startProcess: returned from zygote!
06-09 11:43:21.327 487 549 W ActivityManager: Slow operation: 65ms so far, now at startProcess: done updating battery stats
06-09 11:43:21.328 487 549 W ActivityManager: Slow operation: 66ms so far, now at startProcess: building log message
06-09 11:43:21.328 487 549 I ActivityManager: app.processName = com.dangbei.screencast
06-09 11:43:21.328 487 549 I ActivityManager: Start proc 1232:com.dangbei.screencast/u0a15 for broadcast {com.dangbei.screencast/com.dangbei.screencast.usb.UsbEventBroadcastReceiver}
06-09 11:43:21.328 487 549 W ActivityManager: Slow operation: 66ms so far, now at startProcess: starting to update pids map
06-09 11:43:21.328 487 549 W ActivityManager: Slow operation: 66ms so far, now at startProcess: done updating pids map
06-09 11:43:21.331 1232 1232 I Zygote : seccomp disabled by setenforce 0
06-09 11:43:21.336 677 677 D A2dpService: setA2dpService(): set to: com.android.bluetooth.a2dp.A2dpService@fdba82
06-09 11:43:21.339 677 677 I BluetoothHidHostServiceJni: classInitNative: succeeds
06-09 11:43:21.364 677 677 I bt_btif : system/bt/btif/src/bluetooth.cc:417 get_profile_interface: get_profile_interface: id = hidhost
06-09 11:43:21.364 677 1005 I bt_l2cap: system/bt/stack/l2cap/l2c_api.cc:134 L2CA_Register: L2CAP Registered service classic PSM: 0x0011
06-09 11:43:21.364 677 1005 I bt_l2cap: system/bt/stack/l2cap/l2c_api.cc:134 L2CA_Register: L2CAP Registered service classic PSM: 0x0013
06-09 11:43:21.364 677 1005 I bluetooth: system/bt/stack/gatt/gatt_api.cc:1019 GATT_Register: Allocated name:GattClient uuid:2996d7fd-1f4b-1113-9b41-52950641b870 gatt_if:4 eatt_support:0
06-09 11:43:21.365 677 857 W bt_stack: [WARNING:btif_hh.cc(403)] Added device e4:bb:d3:57:c0:7d
06-09 11:43:21.365 677 857 W bt_btif : system/bt/main/bte_logmsg.cc:194 LogMsg: BTA_HH_ADD_DEV_EVT: status = 0, handle = 16
06-09 11:43:21.366 677 677 I bt_btif_storage: system/bt/btif/src/btif_storage.cc:661 btif_storage_get_adapter_property: btif_storage_get_adapter_property service_mask:0x20100048
06-09 11:43:21.370 393 408 I adbd : jdwp connection from 1232
06-09 11:43:21.372 677 677 I BluetoothPanServiceJni: classInitNative(L110): succeeds
06-09 11:43:21.380 677 677 D BluetoothPanServiceJni: initializeNative(L115): pan
06-09 11:43:21.380 677 677 I bt_btif : system/bt/btif/src/bluetooth.cc:417 get_profile_interface: get_profile_interface: id = pan
06-09 11:43:21.381 677 1005 I bt_l2cap: system/bt/stack/l2cap/l2c_api.cc:134 L2CA_Register: L2CAP Registered service classic PSM: 0x000f
06-09 11:43:21.381 677 1005 I bt_bta_dm: system/bt/bta/dm/bta_dm_act.cc:3191 bta_dm_eir_update_uuid: EIR Adding UUID=0x1116 into extended inquiry response
06-09 11:43:21.381 677 1005 I bt_bta_dm: system/bt/bta/dm/bta_dm_act.cc:2890 bta_dm_set_eir: Generating extended inquiry response packet EIR
06-09 11:43:21.381 677 1005 I bt_bta_dm: system/bt/bta/dm/bta_dm_act.cc:3191 bta_dm_eir_update_uuid: EIR Adding UUID=0x1115 into extended inquiry response
06-09 11:43:21.381 677 1005 I bt_bta_dm: system/bt/bta/dm/bta_dm_act.cc:2890 bta_dm_set_eir: Generating extended inquiry response packet EIR
06-09 11:43:21.381 677 1005 I bt_bta_dm: system/bt/bta/dm/bta_dm_act.cc:3191 bta_dm_eir_update_uuid: EIR Adding UUID=0x1116 into extended inquiry response
06-09 11:43:21.381 677 1005 I bt_bta_dm: system/bt/bta/dm/bta_dm_act.cc:2890 bta_dm_set_eir: Generating extended inquiry response packet EIR
06-09 11:43:21.381 677 1005 I bt_bta_dm: system/bt/bta/dm/bta_dm_act.cc:3191 bta_dm_eir_update_uuid: EIR Adding UUID=0x1115 into extended inquiry response
06-09 11:43:21.381 677 1005 I bt_bta_dm: system/bt/bta/dm/bta_dm_act.cc:2890 bta_dm_set_eir: Generating extended inquiry response packet EIR
06-09 11:43:21.382 677 857 D BluetoothPanServiceJni: control_state_callback(L62): state:0, local_role:3, ifname:bt-pan
06-09 11:43:21.414 487 656 W HdmiCecController: Failed to send 45:7D with errorCode=1
06-09 11:43:21.424 487 848 D CompatibilityChangeReporter: Compat change id reported: 168419799; UID 10015; state: DISABLED
06-09 11:43:21.450 677 677 I AvrcpTargetService: User unlocked, initializing the service
06-09 11:43:21.450 677 677 I AvrcpTargetService: Starting the AVRCP Target Service
06-09 11:43:21.453 677 677 V MediaPlayerList: Creating MediaPlayerList
06-09 11:43:21.453 1232 1232 D CompatibilityChangeReporter: Compat change id reported: 171979766; UID 10015; state: DISABLED
06-09 11:43:21.463 487 720 D MediaSessionService: The MediaKeyEventSessionChangedListener (android.os.BinderProxy@366570c) is added by com.android.bluetooth
06-09 11:43:21.469 201 201 I vold : Bind mounting //data/media/0/Android/data on /mnt/user/0/emulated/0/Android/data
06-09 11:43:21.470 201 201 I vold : Bind mounted //data/media/0/Android/data on /mnt/user/0/emulated/0/Android/data
06-09 11:43:21.470 201 201 I vold : Bind mounting //data/media/0/Android/obb on /mnt/user/0/emulated/0/Android/obb
06-09 11:43:21.472 201 201 I vold : Bind mounted //data/media/0/Android/obb on /mnt/user/0/emulated/0/Android/obb
06-09 11:43:21.472 201 201 I vold : Configuring read_ahead of /mnt/user/0/emulated fuse filesystem to 256kb
06-09 11:43:21.472 201 201 I vold : Writing 256 to /sys/class/bdi/0:47/read_ahead_kb
06-09 11:43:21.472 201 201 I vold : Configuring max_ratio of /mnt/user/0/emulated fuse filesystem to 40
06-09 11:43:21.472 201 201 I vold : Writing 40 to /sys/class/bdi/0:47/max_ratio
06-09 11:43:21.473 201 215 D vold : Disk at 253:5 changed
06-09 11:43:21.475 201 215 D vold : Disk at 253:2 changed
06-09 11:43:21.475 201 215 D vold : Disk at 253:8 changed
06-09 11:43:21.477 487 612 I StorageManagerService: Mounted volume VolumeInfo{emulated;0}:
06-09 11:43:21.477 487 612 I StorageManagerService: type=EMULATED diskId=null partGuid= mountFlags=PRIMARY|VISIBLE
06-09 11:43:21.477 487 612 I StorageManagerService: mountUserId=0 state=CHECKING
06-09 11:43:21.477 487 612 I StorageManagerService: fsType=null fsUuid=null fsLabel=null
06-09 11:43:21.477 487 612 I StorageManagerService: path=/storage/emulated internalPath=/data/media
06-09 11:43:21.477 677 677 I AvrcpTargetJni: classInitNative: AvrcpTargetJni initialized!
06-09 11:43:21.478 677 677 D AvrcpNativeInterface: Init AvrcpNativeInterface
06-09 11:43:21.478 487 612 I StorageSessionController: Notifying volume state changed for session with id: emulated;0
06-09 11:43:21.478 677 677 D AvrcpTargetJni: initNative
06-09 11:43:21.479 677 1005 I bt_stack: [INFO:avrcp_service.cc(287)] AVRCP Target Service started
06-09 11:43:21.479 677 1005 I bt_bta_dm: system/bt/bta/dm/bta_dm_act.cc:3191 bta_dm_eir_update_uuid: EIR Adding UUID=0x110C into extended inquiry response
06-09 11:43:21.479 677 1005 I bt_bta_dm: system/bt/bta/dm/bta_dm_act.cc:2890 bta_dm_set_eir: Generating extended inquiry response packet EIR
06-09 11:43:21.479 677 1005 I bt_stack: [INFO:connection_handler.cc(197)] Connect to device ff:ff:ff:ff:ff:ff
06-09 11:43:21.479 677 1005 I bt_stack: [INFO:connection_handler.cc(219)] virtual bool bluetooth::avrcp::ConnectionHandler::AvrcpConnect(bool, const RawAddress &): handle=0000 status= 000000
01-01 08:00:23.947 1230 1230 I capability: warning: `wpa_supplicant' uses 32-bit capabilities (legacy support in use)
06-09 11:43:21.503 1230 1230 D wpa_supplicant: wpa_supplicant v2.10-devel-12
06-09 11:43:21.505 1230 1230 D wpa_supplicant: Global control interface '@android:wpa_wlan0'
06-09 11:43:21.505 1230 1230 D wpa_supplicant: Using Android control socket 'wpa_wlan0'
06-09 11:43:21.505 1230 1230 D wpa_supplicant: Initing hidl control
06-09 11:43:21.506 1230 1230 I wpa_supplicant: Processing hidl events on FD 4
06-09 11:43:21.507 677 677 V MediaPlayerList: Initializing MediaPlayerList
06-09 11:43:21.507 1230 1230 E cutils-trace: Error opening trace file: No such file or directory (2)
06-09 11:43:21.512 1232 1232 D ApplicationLoaders: Returning zygote-cached class loader: /system/framework/android.test.base.jar
06-09 11:43:21.513 1230 1230 I HidlServiceManagement: Registered android.hardware.wifi.supplicant@1.4::ISupplicant/default
06-09 11:43:21.513 1230 1230 I wpa_supplicant: Successfully initialized wpa_supplicant
06-09 11:43:21.514 677 677 I AvrcpBrowsedPlayerWrapper: Wrapping Media Browser com.android.music
06-09 11:43:21.514 677 677 E AvrcpTargetService: Please use AVRCP version 1.6 to enable cover art
06-09 11:43:21.515 487 646 I android_os_HwBinder: HwBinder: Starting thread pool for getting: android.hardware.wifi.supplicant@1.0::ISupplicant/default
06-09 11:43:21.516 1050 1252 W ContextImpl: Calling a method in the system process without a qualified user: android.app.ContextImpl.bindService:1895 android.content.ContextWrapper.bindService:810 com.dangbei.lerad.etna.lib.client.EtnaClient.bindServer:138 com.dangbei.lerad.etna.lib.client.EtnaClient.access$600:29 com.dangbei.lerad.etna.lib.client.EtnaClient$3.call:205
06-09 11:43:21.519 487 646 I SupplicantStaIfaceHal: Completed initialization of ISupplicant.
06-09 11:43:21.520 1232 1232 D ApplicationLoaders: Returning zygote-cached class loader: /system/framework/android.hidl.manager-V1.0-java.jar
06-09 11:43:21.522 1232 1232 D ApplicationLoaders: Returning zygote-cached class loader: /system/framework/android.hidl.base-V1.0-java.jar
06-09 11:43:21.534 677 677 V BluetoothHidDeviceServiceJni: classInitNative: done
06-09 11:43:21.534 677 677 V BluetoothHidDeviceServiceJni: initNative enter
06-09 11:43:21.534 677 677 I bt_btif : system/bt/btif/src/bluetooth.cc:417 get_profile_interface: get_profile_interface: id = hiddev
06-09 11:43:21.534 677 677 I bt_btif_storage: system/bt/btif/src/btif_storage.cc:661 btif_storage_get_adapter_property: btif_storage_get_adapter_property service_mask:0x60100048
06-09 11:43:21.535 677 677 V BluetoothHidDeviceServiceJni: initNative done
06-09 11:43:21.554 487 620 E SupplicantStaIfaceHal: Can't call setupIface, ISupplicantStaIface is null for iface=wlan0
06-09 11:43:21.560 487 620 I android_os_HwBinder: HwBinder: Starting thread pool for getting: android.hardware.wifi.supplicant@1.0::ISupplicant/default
06-09 11:43:21.568 1230 1230 D wpa_supplicant: Override interface parameter: ctrl_interface ('(null)' -> '/data/vendor/wifi/wpa/sockets')
06-09 11:43:21.568 1230 1230 D wpa_supplicant: Initializing interface 'wlan0' conf '/data/vendor/wifi/wpa/wpa_supplicant.conf' driver 'nl80211' ctrl_interface '/data/vendor/wifi/wpa/sockets' bridge 'N/A'
06-09 11:43:21.568 1230 1230 D wpa_supplicant: Configuration file '/data/vendor/wifi/wpa/wpa_supplicant.conf' -> '/data/vendor/wifi/wpa/wpa_supplicant.conf'
06-09 11:43:21.568 1230 1230 D wpa_supplicant: Reading configuration file '/data/vendor/wifi/wpa/wpa_supplicant.conf'
06-09 11:43:21.569 1230 1230 D wpa_supplicant: update_config=1
06-09 11:43:21.569 1230 1230 D wpa_supplicant: eapol_version=1
06-09 11:43:21.569 1230 1230 D wpa_supplicant: ap_scan=1
06-09 11:43:21.569 1230 1230 D wpa_supplicant: fast_reauth=1
06-09 11:43:21.569 1230 1230 D wpa_supplicant: pmf=1
06-09 11:43:21.569 1230 1230 D wpa_supplicant: p2p_add_cli_chan=1
06-09 11:43:21.569 1230 1230 D wpa_supplicant: oce=1
06-09 11:43:21.569 1230 1230 D wpa_supplicant: sae_pwe=2
06-09 11:43:21.569 1230 1230 D wpa_supplicant: Reading configuration file '/vendor/etc/wifi/wpa_supplicant_overlay.conf'
06-09 11:43:21.569 1230 1230 D wpa_supplicant: disable_scan_offload=1
06-09 11:43:21.569 1230 1230 D wpa_supplicant: wowlan_triggers='any'
06-09 11:43:21.569 1230 1230 D wpa_supplicant: p2p_disabled=0
06-09 11:43:21.569 1230 1230 D wpa_supplicant: filter_rssi=-75
06-09 11:43:21.569 1230 1230 D wpa_supplicant: no_ctrl_interface -> ctrl_interface=NULL
06-09 11:43:21.573 1230 1230 D wpa_supplicant: nl80211: Supported cipher 00-0f-ac:1
06-09 11:43:21.573 1230 1230 D wpa_supplicant: nl80211: Supported cipher 00-0f-ac:5
06-09 11:43:21.573 1230 1230 D wpa_supplicant: nl80211: Supported cipher 00-0f-ac:2
06-09 11:43:21.573 1230 1230 D wpa_supplicant: nl80211: Supported cipher 00-0f-ac:4
06-09 11:43:21.573 1230 1230 D wpa_supplicant: nl80211: Supported cipher 00-14-72:1
06-09 11:43:21.573 1230 1230 D wpa_supplicant: nl80211: Supported cipher 00-0f-ac:6
06-09 11:43:21.573 1230 1230 D wpa_supplicant: nl80211: Supported cipher 00-0f-ac:255
06-09 11:43:21.574 1230 1230 D wpa_supplicant: nl80211: Supported vendor command: vendor_id=0x1374 subcmd=9
06-09 11:43:21.574 1230 1230 D wpa_supplicant: nl80211: Supported vendor command: vendor_id=0x1374 subcmd=12
06-09 11:43:21.574 1230 1230 D wpa_supplicant: nl80211: Supported vendor command: vendor_id=0x1374 subcmd=14
06-09 11:43:21.574 1230 1230 D wpa_supplicant: nl80211: Supported vendor command: vendor_id=0x1374 subcmd=15
06-09 11:43:21.574 1230 1230 D wpa_supplicant: nl80211: Supported vendor command: vendor_id=0x1374 subcmd=16
06-09 11:43:21.574 1230 1230 D wpa_supplicant: nl80211: Supported vendor command: vendor_id=0x1374 subcmd=20
06-09 11:43:21.574 1230 1230 D wpa_supplicant: nl80211: Supported vendor command: vendor_id=0x1a11 subcmd=6
06-09 11:43:21.574 1230 1230 D wpa_supplicant: nl80211: Supported vendor command: vendor_id=0x1374 subcmd=21
06-09 11:43:21.574 1230 1230 D wpa_supplicant: nl80211: Supported vendor command: vendor_id=0x1374 subcmd=22
06-09 11:43:21.574 1230 1230 D wpa_supplicant: nl80211: Supported vendor command: vendor_id=0x1374 subcmd=23
06-09 11:43:21.574 1230 1230 D wpa_supplicant: nl80211: Supported vendor command: vendor_id=0x1374 subcmd=24
06-09 11:43:21.574 1230 1230 D wpa_supplicant: nl80211: Supported vendor command: vendor_id=0x1374 subcmd=29
06-09 11:43:21.574 1230 1230 D wpa_supplicant: nl80211: Supported vendor command: vendor_id=0x1374 subcmd=30
06-09 11:43:21.574 1230 1230 D wpa_supplicant: nl80211: Supported vendor command: vendor_id=0x1374 subcmd=32
06-09 11:43:21.574 1230 1230 D wpa_supplicant: nl80211: Supported vendor command: vendor_id=0x1374 subcmd=33
06-09 11:43:21.574 1230 1230 D wpa_supplicant: nl80211: Supported vendor command: vendor_id=0x1374 subcmd=38
06-09 11:43:21.575 1230 1230 D wpa_supplicant: nl80211: Supported vendor command: vendor_id=0x1374 subcmd=39
06-09 11:43:21.575 1230 1230 D wpa_supplicant: nl80211: Supported vendor command: vendor_id=0x1374 subcmd=42
06-09 11:43:21.575 1230 1230 D wpa_supplicant: nl80211: Supported vendor command: vendor_id=0x1374 subcmd=55
06-09 11:43:21.575 1230 1230 D wpa_supplicant: nl80211: Supported vendor command: vendor_id=0x1374 subcmd=61
06-09 11:43:21.575 1230 1230 D wpa_supplicant: nl80211: Supported vendor command: vendor_id=0x1374 subcmd=62
06-09 11:43:21.575 1230 1230 D wpa_supplicant: nl80211: Supported vendor command: vendor_id=0x1374 subcmd=63
06-09 11:43:21.575 1230 1230 D wpa_supplicant: nl80211: Supported vendor command: vendor_id=0x1374 subcmd=64
06-09 11:43:21.575 1230 1230 D wpa_supplicant: nl80211: Supported vendor command: vendor_id=0x1374 subcmd=65
06-09 11:43:21.575 1230 1230 D wpa_supplicant: nl80211: Supported vendor command: vendor_id=0x1374 subcmd=66
06-09 11:43:21.575 1230 1230 D wpa_supplicant: nl80211: Supported vendor command: vendor_id=0x1374 subcmd=69
06-09 11:43:21.575 1230 1230 D wpa_supplicant: nl80211: Supported vendor command: vendor_id=0x1374 subcmd=70
06-09 11:43:21.575 1230 1230 D wpa_supplicant: nl80211: Supported vendor command: vendor_id=0x1374 subcmd=71
06-09 11:43:21.575 1230 1230 D wpa_supplicant: nl80211: Supported vendor command: vendor_id=0x1374 subcmd=76
06-09 11:43:21.575 1230 1230 D wpa_supplicant: nl80211: Supported vendor command: vendor_id=0x1374 subcmd=77
06-09 11:43:21.575 1230 1230 D wpa_supplicant: nl80211: Supported vendor command: vendor_id=0x1374 subcmd=79
06-09 11:43:21.575 1230 1230 D wpa_supplicant: nl80211: Supported vendor command: vendor_id=0x1374 subcmd=80
06-09 11:43:21.575 1230 1230 D wpa_supplicant: nl80211: Supported vendor command: vendor_id=0x1374 subcmd=82
06-09 11:43:21.575 1230 1230 D wpa_supplicant: nl80211: Supported vendor command: vendor_id=0x1374 subcmd=85
06-09 11:43:21.575 1230 1230 D wpa_supplicant: nl80211: Supported vendor command: vendor_id=0x1374 subcmd=146
06-09 11:43:21.575 1230 1230 D wpa_supplicant: nl80211: Supported vendor command: vendor_id=0x1374 subcmd=12
06-09 11:43:21.575 1230 1230 D wpa_supplicant: nl80211: Supported vendor command: vendor_id=0x1374 subcmd=128
06-09 11:43:21.575 1230 1230 D wpa_supplicant: nl80211: Supported vendor command: vendor_id=0x1374 subcmd=129
06-09 11:43:21.575 1230 1230 D wpa_supplicant: nl80211: Supported vendor command: vendor_id=0x1374 subcmd=130
06-09 11:43:21.576 1230 1230 D wpa_supplicant: nl80211: Supported vendor command: vendor_id=0x1374 subcmd=133
06-09 11:43:21.576 1230 1230 D wpa_supplicant: nl80211: Supported vendor command: vendor_id=0x1374 subcmd=176
06-09 11:43:21.576 1230 1230 D wpa_supplicant: nl80211: Supported vendor event: vendor_id=0x1374 subcmd=80
06-09 11:43:21.576 1230 1230 D wpa_supplicant: nl80211: Supported vendor event: vendor_id=0x1374 subcmd=1
06-09 11:43:21.576 1230 1230 D wpa_supplicant: nl80211: Supported vendor event: vendor_id=0x1374 subcmd=1
06-09 11:43:21.576 1230 1230 D wpa_supplicant: nl80211: Supported vendor event: vendor_id=0x1374 subcmd=1
06-09 11:43:21.576 1230 1230 D wpa_supplicant: nl80211: Supported vendor event: vendor_id=0x1374 subcmd=1
06-09 11:43:21.576 1230 1230 D wpa_supplicant: nl80211: Supported vendor event: vendor_id=0x1374 subcmd=1
06-09 11:43:21.576 1230 1230 D wpa_supplicant: nl80211: Supported vendor event: vendor_id=0x1374 subcmd=20
06-09 11:43:21.576 1230 1230 D wpa_supplicant: nl80211: Supported vendor event: vendor_id=0x1374 subcmd=21
06-09 11:43:21.576 1230 1230 D wpa_supplicant: nl80211: Supported vendor event: vendor_id=0x1374 subcmd=23
06-09 11:43:21.576 1230 1230 D wpa_supplicant: nl80211: Supported vendor event: vendor_id=0x1374 subcmd=24
06-09 11:43:21.576 1230 1230 D wpa_supplicant: nl80211: Supported vendor event: vendor_id=0x1374 subcmd=25
06-09 11:43:21.576 1230 1230 D wpa_supplicant: nl80211: Supported vendor event: vendor_id=0x1374 subcmd=26
06-09 11:43:21.577 1230 1230 D wpa_supplicant: nl80211: Supported vendor event: vendor_id=0x1374 subcmd=27
06-09 11:43:21.577 1230 1230 D wpa_supplicant: nl80211: Supported vendor event: vendor_id=0x1374 subcmd=28
06-09 11:43:21.577 1230 1230 D wpa_supplicant: nl80211: Supported vendor event: vendor_id=0x1374 subcmd=41
06-09 11:43:21.577 1230 1230 D wpa_supplicant: nl80211: Supported vendor event: vendor_id=0x1374 subcmd=29
06-09 11:43:21.577 1230 1230 D wpa_supplicant: nl80211: Supported vendor event: vendor_id=0x1374 subcmd=30
06-09 11:43:21.577 1230 1230 D wpa_supplicant: nl80211: Supported vendor event: vendor_id=0x1374 subcmd=31
06-09 11:43:21.577 1230 1230 D wpa_supplicant: nl80211: Supported vendor event: vendor_id=0x1374 subcmd=32
06-09 11:43:21.577 1230 1230 D wpa_supplicant: nl80211: Supported vendor event: vendor_id=0x1374 subcmd=33
06-09 11:43:21.577 1230 1230 D wpa_supplicant: nl80211: Supported vendor event: vendor_id=0x0 subcmd=0
06-09 11:43:21.577 1230 1230 D wpa_supplicant: nl80211: Supported vendor event: vendor_id=0x0 subcmd=0
06-09 11:43:21.577 1230 1230 D wpa_supplicant: nl80211: Supported vendor event: vendor_id=0x0 subcmd=0
06-09 11:43:21.577 1230 1230 D wpa_supplicant: nl80211: Supported vendor event: vendor_id=0x0 subcmd=0
06-09 11:43:21.577 1230 1230 D wpa_supplicant: nl80211: Supported vendor event: vendor_id=0x0 subcmd=0
06-09 11:43:21.577 1230 1230 D wpa_supplicant: nl80211: Supported vendor event: vendor_id=0x0 subcmd=0
06-09 11:43:21.577 1230 1230 D wpa_supplicant: nl80211: Supported vendor event: vendor_id=0x0 subcmd=0
06-09 11:43:21.577 1230 1230 D wpa_supplicant: nl80211: Supported vendor event: vendor_id=0x0 subcmd=0
06-09 11:43:21.577 1230 1230 D wpa_supplicant: nl80211: Supported vendor event: vendor_id=0x0 subcmd=0
06-09 11:43:21.577 1230 1230 D wpa_supplicant: nl80211: Supported vendor event: vendor_id=0x0 subcmd=0
06-09 11:43:21.577 1230 1230 D wpa_supplicant: nl80211: Supported vendor event: vendor_id=0x0 subcmd=0
06-09 11:43:21.577 1230 1230 D wpa_supplicant: nl80211: Supported vendor event: vendor_id=0x0 subcmd=0
06-09 11:43:21.577 1230 1230 D wpa_supplicant: nl80211: Supported vendor event: vendor_id=0x1374 subcmd=5120
06-09 11:43:21.577 1230 1230 D wpa_supplicant: nl80211: Supported vendor event: vendor_id=0x0 subcmd=0
06-09 11:43:21.577 1230 1230 D wpa_supplicant: nl80211: Supported vendor event: vendor_id=0x0 subcmd=0
06-09 11:43:21.578 1230 1230 D wpa_supplicant: nl80211: Supported vendor event: vendor_id=0x0 subcmd=0
06-09 11:43:21.578 1230 1230 D wpa_supplicant: nl80211: Supported vendor event: vendor_id=0x0 subcmd=0
06-09 11:43:21.578 1230 1230 D wpa_supplicant: nl80211: Supported vendor event: vendor_id=0x0 subcmd=0
06-09 11:43:21.578 1230 1230 D wpa_supplicant: nl80211: Supported vendor event: vendor_id=0x0 subcmd=0
06-09 11:43:21.578 1230 1230 D wpa_supplicant: nl80211: Supported vendor event: vendor_id=0x0 subcmd=0
06-09 11:43:21.578 1230 1230 D wpa_supplicant: nl80211: Supported vendor event: vendor_id=0x0 subcmd=0
06-09 11:43:21.578 1230 1230 D wpa_supplicant: nl80211: Supported vendor event: vendor_id=0x0 subcmd=0
06-09 11:43:21.578 1230 1230 D wpa_supplicant: nl80211: Supported vendor event: vendor_id=0x0 subcmd=0
06-09 11:43:21.578 1230 1230 D wpa_supplicant: nl80211: Supported vendor event: vendor_id=0x0 subcmd=0
06-09 11:43:21.578 1230 1230 D wpa_supplicant: nl80211: Supported vendor event: vendor_id=0x0 subcmd=0
06-09 11:43:21.578 1230 1230 D wpa_supplicant: nl80211: Supported vendor event: vendor_id=0x0 subcmd=0
06-09 11:43:21.578 1230 1230 D wpa_supplicant: nl80211: Supported vendor event: vendor_id=0x0 subcmd=0
06-09 11:43:21.578 1230 1230 D wpa_supplicant: nl80211: Supported vendor event: vendor_id=0x0 subcmd=0
06-09 11:43:21.578 1230 1230 D wpa_supplicant: nl80211: Supported vendor event: vendor_id=0x0 subcmd=0
06-09 11:43:21.578 1230 1230 D wpa_supplicant: nl80211: Supported vendor event: vendor_id=0x0 subcmd=0
06-09 11:43:21.578 1230 1230 D wpa_supplicant: nl80211: Supported vendor event: vendor_id=0x0 subcmd=0
06-09 11:43:21.578 1230 1230 D wpa_supplicant: nl80211: Supported vendor event: vendor_id=0x0 subcmd=0
06-09 11:43:21.578 1230 1230 D wpa_supplicant: nl80211: Supported vendor event: vendor_id=0x0 subcmd=0
06-09 11:43:21.578 1230 1230 D wpa_supplicant: nl80211: Supported vendor event: vendor_id=0x0 subcmd=0
06-09 11:43:21.578 1230 1230 D wpa_supplicant: nl80211: Supported vendor event: vendor_id=0x0 subcmd=0
06-09 11:43:21.578 1230 1230 D wpa_supplicant: nl80211: Supported vendor event: vendor_id=0x0 subcmd=0
06-09 11:43:21.578 1230 1230 D wpa_supplicant: nl80211: Supported vendor event: vendor_id=0x0 subcmd=0
06-09 11:43:21.578 1230 1230 D wpa_supplicant: nl80211: Supported vendor event: vendor_id=0x0 subcmd=0
06-09 11:43:21.578 1230 1230 D wpa_supplicant: nl80211: Supported vendor event: vendor_id=0x0 subcmd=0
06-09 11:43:21.578 1230 1230 D wpa_supplicant: nl80211: Supported vendor event: vendor_id=0x0 subcmd=0
06-09 11:43:21.579 1230 1230 D wpa_supplicant: nl80211: Supported vendor event: vendor_id=0x0 subcmd=0
06-09 11:43:21.579 677 677 D BtOppService: setBluetoothOppService(): set to: com.android.bluetooth.opp.BluetoothOppService@7684871
06-09 11:43:21.579 1230 1230 D wpa_supplicant: nl80211: Supported vendor event: vendor_id=0x0 subcmd=0
06-09 11:43:21.579 1230 1230 D wpa_supplicant: nl80211: Supported vendor event: vendor_id=0x0 subcmd=0
06-09 11:43:21.579 1230 1230 D wpa_supplicant: nl80211: Supported vendor event: vendor_id=0x0 subcmd=0
06-09 11:43:21.579 1230 1230 D wpa_supplicant: nl80211: Supported vendor event: vendor_id=0x1374 subcmd=131
06-09 11:43:21.579 1230 1230 D wpa_supplicant: nl80211: Supported vendor event: vendor_id=0x1374 subcmd=132
06-09 11:43:21.579 1230 1230 D wpa_supplicant: nl80211: Supported vendor event: vendor_id=0x0 subcmd=0
06-09 11:43:21.579 1230 1230 D wpa_supplicant: nl80211: Supported vendor event: vendor_id=0x0 subcmd=0
06-09 11:43:21.579 1230 1230 D wpa_supplicant: nl80211: Supported vendor event: vendor_id=0x0 subcmd=0
06-09 11:43:21.579 1230 1230 D wpa_supplicant: nl80211: Supported vendor event: vendor_id=0x0 subcmd=0
06-09 11:43:21.579 1230 1230 D wpa_supplicant: nl80211: Supported vendor event: vendor_id=0x0 subcmd=0
06-09 11:43:21.579 1230 1230 D wpa_supplicant: nl80211: Supported vendor event: vendor_id=0x0 subcmd=0
06-09 11:43:21.579 1230 1230 D wpa_supplicant: nl80211: Supported vendor event: vendor_id=0x1374 subcmd=72
06-09 11:43:21.580 1230 1230 D wpa_supplicant: nl80211: Use separate P2P group interface (driver advertised support)
06-09 11:43:21.580 1230 1230 D wpa_supplicant: nl80211: Enable multi-channel concurrent (driver advertised support)
06-09 11:43:21.580 1230 1230 D wpa_supplicant: nl80211: use P2P_DEVICE support
06-09 11:43:21.580 1230 1230 D wpa_supplicant: nl80211: key_mgmt=0xd0f enc=0x10f auth=0x7 flags=0x100100007a007ac0 rrm_flags=0x0 probe_resp_offloads=0x0 max_stations=10 max_remain_on_chan=5000 max_scan_ssids=12
06-09 11:43:21.580 1230 1230 D wpa_supplicant: nl80211: interface wlan0 in phy phy0
06-09 11:43:21.580 1230 1230 D wpa_supplicant: nl80211: Set mode ifindex 14 iftype 2 (STATION)
06-09 11:43:21.581 1230 1230 D wpa_supplicant: nl80211: Subscribe to mgmt frames with non-AP handle 0xf6a7d7a0
06-09 11:43:21.581 1230 1230 D wpa_supplicant: nl80211: Register frame type=0xb0 (WLAN_FC_STYPE_AUTH) nl_handle=0xf6a7d7a0 match=0300 multicast=0
06-09 11:43:21.581 1230 1230 D wpa_supplicant: nl80211: Register frame command failed (type=176): ret=-22 (Invalid argument)
06-09 11:43:21.581 1230 1230 D wpa_supplicant: nl80211: Register frame match - hexdump(len=2): 03 00
06-09 11:43:21.581 1230 1230 D wpa_supplicant: nl80211: Register frame type=0xd0 (WLAN_FC_STYPE_ACTION) nl_handle=0xf6a7d7a0 match=0104 multicast=0
06-09 11:43:21.581 1230 1230 D wpa_supplicant: nl80211: Register frame type=0xd0 (WLAN_FC_STYPE_ACTION) nl_handle=0xf6a7d7a0 match=040a multicast=0
06-09 11:43:21.581 1230 1230 D wpa_supplicant: nl80211: Register frame type=0xd0 (WLAN_FC_STYPE_ACTION) nl_handle=0xf6a7d7a0 match=040b multicast=0
06-09 11:43:21.582 1230 1230 D wpa_supplicant: nl80211: Register frame type=0xd0 (WLAN_FC_STYPE_ACTION) nl_handle=0xf6a7d7a0 match=040c multicast=0
06-09 11:43:21.582 1230 1230 D wpa_supplicant: nl80211: Register frame type=0xd0 (WLAN_FC_STYPE_ACTION) nl_handle=0xf6a7d7a0 match=040d multicast=0
06-09 11:43:21.582 1230 1230 D wpa_supplicant: nl80211: Register frame type=0xd0 (WLAN_FC_STYPE_ACTION) nl_handle=0xf6a7d7a0 match=090a multicast=0
06-09 11:43:21.582 1230 1230 D wpa_supplicant: nl80211: Register frame type=0xd0 (WLAN_FC_STYPE_ACTION) nl_handle=0xf6a7d7a0 match=090b multicast=0
06-09 11:43:21.582 1230 1230 D wpa_supplicant: nl80211: Register frame type=0xd0 (WLAN_FC_STYPE_ACTION) nl_handle=0xf6a7d7a0 match=090c multicast=0
06-09 11:43:21.582 1230 1230 D wpa_supplicant: nl80211: Register frame type=0xd0 (WLAN_FC_STYPE_ACTION) nl_handle=0xf6a7d7a0 match=090d multicast=0
06-09 11:43:21.582 1230 1230 D wpa_supplicant: nl80211: Register frame type=0xd0 (WLAN_FC_STYPE_ACTION) nl_handle=0xf6a7d7a0 match=0409506f9a09 multicast=0
06-09 11:43:21.583 1230 1230 D wpa_supplicant: nl80211: Register frame type=0xd0 (WLAN_FC_STYPE_ACTION) nl_handle=0xf6a7d7a0 match=7f506f9a09 multicast=0
06-09 11:43:21.584 1230 1230 D wpa_supplicant: nl80211: Register frame type=0xd0 (WLAN_FC_STYPE_ACTION) nl_handle=0xf6a7d7a0 match=0409506f9a1a multicast=0
06-09 11:43:21.584 1230 1230 D wpa_supplicant: nl80211: Register frame type=0xd0 (WLAN_FC_STYPE_ACTION) nl_handle=0xf6a7d7a0 match=0801 multicast=0
06-09 11:43:21.584 487 591 W StorageManagerService: Reporting emulated;0 unmounted due to system locked
06-09 11:43:21.585 1230 1230 D wpa_supplicant: nl80211: Register frame type=0xd0 (WLAN_FC_STYPE_ACTION) nl_handle=0xf6a7d7a0 match=06 multicast=0
06-09 11:43:21.585 1230 1230 D wpa_supplicant: nl80211: Register frame type=0xd0 (WLAN_FC_STYPE_ACTION) nl_handle=0xf6a7d7a0 match=0a07 multicast=0
06-09 11:43:21.585 1230 1230 D wpa_supplicant: nl80211: Register frame type=0xd0 (WLAN_FC_STYPE_ACTION) nl_handle=0xf6a7d7a0 match=0a11 multicast=0
06-09 11:43:21.585 1230 1230 D wpa_supplicant: nl80211: Register frame type=0xd0 (WLAN_FC_STYPE_ACTION) nl_handle=0xf6a7d7a0 match=0a0b multicast=0
06-09 11:43:21.585 1230 1230 D wpa_supplicant: nl80211: Register frame type=0xd0 (WLAN_FC_STYPE_ACTION) nl_handle=0xf6a7d7a0 match=0a1a multicast=0
06-09 11:43:21.585 1230 1230 D wpa_supplicant: nl80211: Register frame type=0xd0 (WLAN_FC_STYPE_ACTION) nl_handle=0xf6a7d7a0 match=1101 multicast=0
06-09 11:43:21.586 1103 1103 E hq : USBReceiver:::USBReceiver onReceive: list=1
06-09 11:43:21.589 1230 1230 D wpa_supplicant: nl80211: Register frame type=0xd0 (WLAN_FC_STYPE_ACTION) nl_handle=0xf6a7d7a0 match=1102 multicast=0
06-09 11:43:21.589 1230 1230 D wpa_supplicant: nl80211: Register frame type=0xd0 (WLAN_FC_STYPE_ACTION) nl_handle=0xf6a7d7a0 match=0505 multicast=0
06-09 11:43:21.589 1230 1230 D wpa_supplicant: nl80211: Register frame type=0xd0 (WLAN_FC_STYPE_ACTION) nl_handle=0xf6a7d7a0 match=0500 multicast=0
06-09 11:43:21.590 1230 1230 D wpa_supplicant: nl80211: Register frame type=0xd0 (WLAN_FC_STYPE_ACTION) nl_handle=0xf6a7d7a0 match=1305 multicast=0
06-09 11:43:21.590 1230 1230 I wpa_supplicant: rfkill: Cannot open RFKILL control device
06-09 11:43:21.591 1230 1230 D wpa_supplicant: nl80211: RFKILL status not available
06-09 11:43:21.591 1230 1230 D wpa_supplicant: netlink: Operstate: ifindex=14 linkmode=1 (userspace-control), operstate=5 (IF_OPER_DORMANT)
06-09 11:43:21.592 1103 1213 D hq : NetWorkStateReceiver:::检查网络,并且持续更新 isConnect=false
06-09 11:43:21.594 1103 1103 E DispatcherManager: publishMode=DBBOX-A2 piDispatcher=com.dangbei.launcher.dispatcher.function.BOXAXDispatcher@39fbe46
06-09 11:43:21.595 1103 1103 I hq : 当前的服务模式是,serviceMode=0
06-09 11:43:21.601 677 677 I BluetoothPbapService: setCurrentUser(0)
06-09 11:43:21.602 677 677 I BluetoothPbapService: setUserUnlocked(0)
06-09 11:43:21.603 677 677 I BluetoothPbapService: setUserUnlocked(0)
06-09 11:43:21.607 1230 1230 D wpa_supplicant: Add interface wlan0 to a new radio phy0
06-09 11:43:21.609 487 528 W PppoeNetworkFactory: interfaceLinkStateChanged
06-09 11:43:21.609 487 528 D PppoeNetworkFactory: updateInterface: mIface: mPhyIface:eth0 iface:wlan0 link:up
06-09 11:43:21.609 487 528 D PppoeNetworkFactory: not tracker interface
06-09 11:43:21.612 1230 1230 D wpa_supplicant: nl80211: No channel number found for frequency 5920 MHz
06-09 11:43:21.612 1230 1230 D wpa_supplicant: nl80211: No channel number found for frequency 5940 MHz
06-09 11:43:21.613 1230 1230 D wpa_supplicant: nl80211: Regulatory information - country=CN (DFS-FCC)
06-09 11:43:21.613 1230 1230 D wpa_supplicant: nl80211: 2400-2483 @ 40 MHz 20 mBm
06-09 11:43:21.613 1230 1230 D wpa_supplicant: nl80211: 5150-5350 @ 80 MHz 20 mBm (DFS)
06-09 11:43:21.613 1230 1230 D wpa_supplicant: nl80211: 5725-5850 @ 80 MHz 33 mBm
06-09 11:43:21.613 1230 1230 D wpa_supplicant: nl80211: 57240-59400 @ 2160 MHz 28 mBm
06-09 11:43:21.613 1230 1230 D wpa_supplicant: nl80211: 59400-63720 @ 2160 MHz 44 mBm
06-09 11:43:21.613 1230 1230 D wpa_supplicant: nl80211: 63720-65880 @ 2160 MHz 28 mBm
06-09 11:43:21.613 1230 1230 D wpa_supplicant: nl80211: Added 802.11b mode based on 802.11g information
06-09 11:43:21.613 1230 1230 D wpa_supplicant: nl80211: Mode IEEE 802.11g: 2412 2417 2422 2427 2432 2437 2442 2447 2452 2457 2462 2467 2472 2484[DISABLED]
06-09 11:43:21.613 1230 1230 D wpa_supplicant: nl80211: Mode IEEE 802.11a: 5170[DISABLED] 5180 5200 5220 5240 5260[RADAR] 5280[RADAR] 5300[RADAR] 5320[RADAR] 5500[DISABLED][RADAR] 5520[DISABLED][RADAR] 5540[DISABLED][RADAR] 5560[DISABLED][RADAR] 5580[DISABLED][RADAR]
06-09 11:43:21.613 1230 1230 D wpa_supplicant: nl80211: Mode IEEE 802.11b: 2412 2417 2422 2427 2432 2437 2442 2447 2452 2457 2462 2467 2472 2484[DISABLED]
06-09 11:43:21.614 487 528 I EthernetTracker: interfaceLinkStateChanged, iface: wlan0, up: true
06-09 11:43:21.614 487 528 W PppoeNetworkFactory: interfaceLinkStateChanged
06-09 11:43:21.614 487 528 D PppoeNetworkFactory: updateInterface: mIface: mPhyIface:eth0 iface:wlan0 link:up
06-09 11:43:21.614 487 528 D PppoeNetworkFactory: not tracker interface
06-09 11:43:21.614 487 528 I EthernetTracker: interfaceLinkStateChanged, iface: wlan0, up: true
06-09 11:43:21.619 677 677 D BluetoothPbapService: setBluetoothPbapService(): set to: com.android.bluetooth.pbap.BluetoothPbapService@93efa2e
06-09 11:43:21.620 677 677 D AvrcpVolumeManager: onAudioDevicesAdded: Not expecting device changed
06-09 11:43:21.622 677 1261 D ObexServerSockets: create(rfcomm = -2, l2capPsm = -2)
06-09 11:43:21.628 1030 1154 V MediaStore: Examining volume emulated;0 with name external_primary and state mounted
06-09 11:43:21.632 487 591 D CompatibilityChangeReporter: Compat change id reported: 135634846; UID 10052; state: DISABLED
06-09 11:43:21.632 677 1261 I bt_btif_sock_rfcomm: system/bt/btif/src/btif_sock_rfc.cc:303 btsock_rfc_listen: Adding listening socket service_name: (null) - channel: -2
06-09 11:43:21.632 487 591 D CompatibilityChangeReporter: Compat change id reported: 177438394; UID 10052; state: DISABLED
06-09 11:43:21.632 487 591 D CompatibilityChangeReporter: Compat change id reported: 135772972; UID 10052; state: DISABLED
06-09 11:43:21.632 487 591 D CompatibilityChangeReporter: Compat change id reported: 135754954; UID 10052; state: DISABLED
06-09 11:43:21.632 677 1005 I bt_stack: [INFO:port_api.cc(234)] RFCOMM_CreateConnection: bd_addr=ff:ff:ff:ff:ff:ff, scn=4, is_server=1, mtu=990, uuid=000000, dlci=8, signal_state=0x0b, p_port=0xc5eaeb84
06-09 11:43:21.633 487 549 D CompatibilityChangeReporter: Compat change id reported: 143937733; UID 10052; state: DISABLED
06-09 11:43:21.641 677 1261 I bluetooth: system/bt/btif/src/btif_sock_l2cap.cc:316 btsock_l2cap_alloc_l: Allocated l2cap socket structure socket_id:1
06-09 11:43:21.641 487 720 D CompatibilityChangeReporter: Compat change id reported: 135634846; UID 10016; state: DISABLED
06-09 11:43:21.642 677 1005 I bt_l2cap: system/bt/stack/l2cap/l2c_api.cc:134 L2CA_Register: L2CAP Registered service classic PSM: 0x1001
06-09 11:43:21.642 677 1005 I bluetooth: system/bt/btif/src/btif_sock_l2cap.cc:341 send_app_psm_or_chan_l: Sending l2cap socket socket_id:1 channel:4097
06-09 11:43:21.642 487 720 D CompatibilityChangeReporter: Compat change id reported: 177438394; UID 10016; state: DISABLED
06-09 11:43:21.642 487 720 D CompatibilityChangeReporter: Compat change id reported: 135772972; UID 10016; state: DISABLED
06-09 11:43:21.642 487 720 D CompatibilityChangeReporter: Compat change id reported: 135754954; UID 10016; state: ENABLED
06-09 11:43:21.643 1230 1230 D wpa_supplicant: wlan0: Own MAC address: b4:2f:03:15:e8:b9
06-09 11:43:21.643 1230 1230 D wpa_supplicant: wpa_driver_nl80211_set_key: ifindex=14 (wlan0) alg=0 addr=0x0 key_idx=0 set_tx=0 seq_len=0 key_len=0 key_flag=0x10
06-09 11:43:21.643 1230 1230 D wpa_supplicant: nl80211: DEL_KEY
06-09 11:43:21.644 1230 1230 D wpa_supplicant: broadcast key
06-09 11:43:21.644 1230 1230 D wpa_supplicant: wpa_driver_nl80211_set_key: ifindex=14 (wlan0) alg=0 addr=0x0 key_idx=1 set_tx=0 seq_len=0 key_len=0 key_flag=0x10
06-09 11:43:21.644 1230 1230 D wpa_supplicant: nl80211: DEL_KEY
06-09 11:43:21.644 1230 1230 D wpa_supplicant: broadcast key
06-09 11:43:21.644 1230 1230 D wpa_supplicant: wpa_driver_nl80211_set_key: ifindex=14 (wlan0) alg=0 addr=0x0 key_idx=2 set_tx=0 seq_len=0 key_len=0 key_flag=0x10
06-09 11:43:21.645 1230 1230 D wpa_supplicant: nl80211: DEL_KEY
06-09 11:43:21.645 677 677 D AdapterProperties: onBluetoothReady, state=TURNING_ON, ScanMode=20
06-09 11:43:21.645 1230 1230 D wpa_supplicant: broadcast key
06-09 11:43:21.645 1230 1230 D wpa_supplicant: wpa_driver_nl80211_set_key: ifindex=14 (wlan0) alg=0 addr=0x0 key_idx=3 set_tx=0 seq_len=0 key_len=0 key_flag=0x10
06-09 11:43:21.645 1230 1230 D wpa_supplicant: nl80211: DEL_KEY
06-09 11:43:21.645 1230 1230 D wpa_supplicant: broadcast key
06-09 11:43:21.645 1230 1230 D wpa_supplicant: wpa_driver_nl80211_set_key: ifindex=14 (wlan0) alg=0 addr=0x0 key_idx=4 set_tx=0 seq_len=0 key_len=0 key_flag=0x10
06-09 11:43:21.645 1230 1230 D wpa_supplicant: nl80211: DEL_KEY
06-09 11:43:21.645 1230 1230 D wpa_supplicant: broadcast key
06-09 11:43:21.645 1230 1230 D wpa_supplicant: wpa_driver_nl80211_set_key: ifindex=14 (wlan0) alg=0 addr=0x0 key_idx=5 set_tx=0 seq_len=0 key_len=0 key_flag=0x10
06-09 11:43:21.645 1230 1230 D wpa_supplicant: nl80211: DEL_KEY
06-09 11:43:21.645 1230 1230 D wpa_supplicant: broadcast key
06-09 11:43:21.645 1230 1230 D wpa_supplicant: wlan0: RSN: flushing PMKID list in the driver
06-09 11:43:21.645 1230 1230 D wpa_supplicant: nl80211: Flush PMKIDs
06-09 11:43:21.647 677 1261 D BluetoothAdapter: listenUsingL2capOn: set assigned channel to 4097
06-09 11:43:21.647 677 1261 D ObexServerSockets: Succeed to create listening sockets
06-09 11:43:21.647 677 1261 D ObexServerSockets0: startAccept()
06-09 11:43:21.648 1230 1230 D wpa_supplicant: wlan0: State: DISCONNECTED -> INACTIVE
06-09 11:43:21.648 1230 1230 D wpa_supplicant: Notifying state change event to hidl control: 2
06-09 11:43:21.650 677 1264 D ObexServerSockets0: Accepting socket connection...
06-09 11:43:21.653 677 677 D BluetoothAdapterService: updateUuids() - Updating UUIDs for bonded devices
06-09 11:43:21.655 677 677 I BluetoothAdapterService: initProfileServices: Initializing all bluetooth profile services
06-09 11:43:21.655 677 677 I BluetoothA2dpSinkServiceJni: classInitNative: succeeds
06-09 11:43:21.656 677 677 W HeadsetClientService: getHeadsetClientService(): service is null
06-09 11:43:21.656 677 677 W MapClientService: getMapClientService(): service is null
06-09 11:43:21.656 677 677 W PbapClientService: getPbapClientService(): service is null
06-09 11:43:21.656 677 677 W HearingAidService: getHearingAidService(): service is NULL
06-09 11:43:21.657 677 677 W SapService: getSapService(): service is null
06-09 11:43:21.657 677 857 D AdapterProperties: Scan Mode:21
06-09 11:43:21.657 677 857 D AdapterProperties: Discoverable Timeout:120
06-09 11:43:21.658 677 825 I AdapterState: ON : entered
06-09 11:43:21.658 677 825 D AdapterProperties: Setting state to ON
06-09 11:43:21.659 677 825 D BluetoothAdapterService: updateAdapterState() - Broadcasting state ON to 1 receivers.
06-09 11:43:21.659 677 1261 D BluetoothSdpJni: sdpCreatePbapPseRecordNative
06-09 11:43:21.659 677 1261 D BluetoothSdpJni: SDP Create record success - handle: 0
06-09 11:43:21.659 677 1261 D BluetoothPbapService: created Sdp record, mSdpHandle=0
06-09 11:43:21.659 677 1005 I bt_bta_dm: system/bt/bta/dm/bta_dm_act.cc:3191 bta_dm_eir_update_uuid: EIR Adding UUID=0x112F into extended inquiry response
06-09 11:43:21.659 677 1005 I bt_bta_dm: system/bt/bta/dm/bta_dm_act.cc:2890 bta_dm_set_eir: Generating extended inquiry response packet EIR
06-09 11:43:21.662 487 532 D BluetoothManagerService: MESSAGE_BLUETOOTH_STATE_CHANGE: TURNING_ON > ON
06-09 11:43:21.662 487 532 D BluetoothManagerService: Broadcasting onBluetoothStateChange(true) to 4 receivers.
06-09 11:43:21.662 487 532 D BluetoothHeadset: onBluetoothStateChange: up=true
06-09 11:43:21.662 487 532 D BluetoothManagerService: Creating new ProfileServiceConnections object for profile: 1
06-09 11:43:21.665 677 857 D AdapterProperties: mLocalIOCapability set to 1
06-09 11:43:21.665 677 857 D AdapterProperties: mLocalIOCapabilityBLE set to 4
06-09 11:43:21.668 487 532 D BluetoothManagerService: Sending BLE State Change: TURNING_ON > ON
06-09 11:43:21.669 487 532 D BluetoothManagerService: Sending State Change: TURNING_ON > ON
06-09 11:43:21.672 257 257 D Zygote : Forked child process 1267
06-09 11:43:21.682 1267 1267 I Zygote : seccomp disabled by setenforce 0
06-09 11:43:21.697 1103 1103 E hq : 检查user:::switchDao id=-1
06-09 11:43:21.696 337 337 I rainbow_flow: type=1400 audit(0.0:439): avc: denied { ioctl } for path="/dev/spidev1.0" dev="tmpfs" ino=6881 ioctlcmd=0x6b00 scontext=u:r:init:s0 tcontext=u:object_r:device:s0 tclass=chr_file permissive=1
06-09 11:43:21.700 487 549 W ActivityManager: Slow operation: 71ms so far, now at startProcess: returned from zygote!
06-09 11:43:21.702 684 900 D LocalBluetoothProfileManager: Adding local A2DP profile
06-09 11:43:21.703 1230 1230 D wpa_supplicant: TDLS: TDLS operation not supported by driver
06-09 11:43:21.703 1230 1230 D wpa_supplicant: TDLS: Driver uses internal link setup
06-09 11:43:21.703 1230 1230 D wpa_supplicant: TDLS: Driver does not support TDLS channel switching
