06-09 11:43:23.148 1103 1453 I Gralloc4: mapper 4.x is not supported
06-09 11:43:23.149 197 197 I hwservicemanager: getTransport: Cannot find entry android.hardware.graphics.mapper@3.0::IMapper/default in either framework or device VINTF manifest.
06-09 11:43:23.149 1103 1453 W Gralloc3: mapper 3.x is not supported
06-09 11:43:23.155 1103 1453 E gralloc : Arm Module v1.0
06-09 11:43:23.157 197 197 I hwservicemanager: getTransport: Cannot find entry android.hardware.graphics.allocator@4.0::IAllocator/default in either framework or device VINTF manifest.
06-09 11:43:23.157 1103 1453 W Gralloc4: allocator 4.x is not supported
06-09 11:43:23.158 197 197 I hwservicemanager: getTransport: Cannot find entry android.hardware.graphics.allocator@3.0::IAllocator/default in either framework or device VINTF manifest.
06-09 11:43:23.159 1103 1453 W Gralloc3: allocator 3.x is not supported
06-09 11:43:23.168 267 267 I gralloc : alloc buffer:W:1920 H:1080 S:1920 PL[1920 1080] SZ:8294400 fmt:1 if:0 af:1 usg:20000b00 fg:00000004
06-09 11:43:23.170 1103 1453 E ion : ioctl c0044901 failed with code -1: Inappropriate ioctl for device
06-09 11:43:23.174 684 900 D LocalBluetoothProfileManager: Current Profiles[]
06-09 11:43:23.176 684 900 D LocalBluetoothProfileManager: New Profiles[HID]
06-09 11:43:23.176 267 267 I gralloc : alloc buffer:W:1920 H:1080 S:1920 PL[1920 1080] SZ:8294400 fmt:1 if:0 af:1 usg:20000b00 fg:00000004
06-09 11:43:23.183 267 267 I gralloc : alloc buffer:W:1920 H:1080 S:1920 PL[1920 1080] SZ:8294400 fmt:1 if:0 af:1 usg:20000b00 fg:00000004
06-09 11:43:23.199 684 900 D CachedBluetoothDevice: updating profiles for Dangbei
06-09 11:43:23.202 684 900 V CachedBluetoothDevice: Class: 1f00
06-09 11:43:23.203 684 900 V CachedBluetoothDevice: UUID:
06-09 11:43:23.203 684 900 V CachedBluetoothDevice: 00001812-0000-1000-8000-00805f9b34fb
06-09 11:43:23.222 487 591 W ContentProviderHelper: Slow operation: 202ms so far, now at getContentProviderImpl: before checkContentProviderPermission
06-09 11:43:23.233 487 591 W ContentProviderHelper: Slow operation: 213ms so far, now at getContentProviderImpl: after checkContentProviderPermission
06-09 11:43:23.233 487 591 W ContentProviderHelper: Slow operation: 213ms so far, now at getContentProviderImpl: incProviderCountLocked
06-09 11:43:23.233 487 591 W ContentProviderHelper: Slow operation: 213ms so far, now at getContentProviderImpl: before updateLruProcess
06-09 11:43:23.234 487 591 W ContentProviderHelper: Slow operation: 213ms so far, now at getContentProviderImpl: after updateLruProcess
06-09 11:43:23.234 487 591 W ContentProviderHelper: Slow operation: 214ms so far, now at getContentProviderImpl: before updateOomAdj
06-09 11:43:23.234 487 591 W ContentProviderHelper: Slow operation: 214ms so far, now at getContentProviderImpl: after updateOomAdj
06-09 11:43:23.234 487 591 W ContentProviderHelper: Slow operation: 214ms so far, now at getContentProviderImpl: done!
06-09 11:43:23.235 487 976 D CompatibilityChangeReporter: Compat change id reported: 149924527; UID 10074; state: ENABLED
06-09 11:43:23.237 487 976 D CompatibilityChangeReporter: Compat change id reported: 132649864; UID 10074; state: DISABLED
06-09 11:43:23.248 1284 1284 I ContactsPerf: VoicemailContentProvider.onCreate finish
06-09 11:43:23.253 1267 1267 D music_MediaPlaybackSer: onDestroy
06-09 11:43:23.255 669 669 E WifiHAL : wifi_start_pkt_fate_monitoring: packet fate logging feature not supported 0
06-09 11:43:23.258 487 620 E WifiVendorHal: startPktFateMonitoring(l.2352) failed {.code = ERROR_NOT_SUPPORTED, .description = }
06-09 11:43:23.259 487 620 W WifiDiags: Failed to start packet fate monitoring
06-09 11:43:23.262 669 669 E WifiHAL : wifi_get_driver_version: Error -5 happened.
06-09 11:43:23.262 669 669 E android.hardware.wifi@1.0-service-lazy: Failed to get driver version: INVALID_ARGS
06-09 11:43:23.269 487 620 E WifiVendorHal: requestChipDebugInfo(l.2167) failed {.code = ERROR_INVALID_ARGS, .description = failed to get driver version}
06-09 11:43:23.269 487 620 I WifiVendorHal: Driver: null Firmware: null
06-09 11:43:23.270 669 669 E WifiHAL : wifi_get_driver_version: Error -5 happened.
06-09 11:43:23.270 669 669 E android.hardware.wifi@1.0-service-lazy: Failed to get driver version: INVALID_ARGS
06-09 11:43:23.270 1267 1267 D music_MusicApp: remove mount callback: com.android.music.MediaPlaybackService@d54d5e3
06-09 11:43:23.271 1267 1267 D music_MediaPlaybackSer: handleStopRequest: mState=0 error=destroy
06-09 11:43:23.271 1267 1267 D music_MediaPlaybackSer: updatePlaybackState, playback state=1
06-09 11:43:23.280 684 684 D StorageNotification: Notifying about private volume: VolumeInfo{private}:
06-09 11:43:23.280 684 684 D StorageNotification: type=PRIVATE diskId=null partGuid=null mountFlags=0 mountUserId=-10000
06-09 11:43:23.280 684 684 D StorageNotification: state=MOUNTED
06-09 11:43:23.280 684 684 D StorageNotification: fsType=null fsUuid=null fsLabel=null
06-09 11:43:23.280 684 684 D StorageNotification: path=/data internalPath=null
06-09 11:43:23.281 487 532 W IorapForwardingService: No service published for: iorapd
06-09 11:43:23.282 1103 1426 E hq : ErrorCoroutineExceptionHandler:::runTry error:java.net.UnknownHostException: Unable to resolve host "ottdbui-tyapiqun7.yysh.mgtv.com": No address associated with hostname from=requestAppBarData_loadData
06-09 11:43:23.283 487 620 E WifiVendorHal: requestChipDebugInfo(l.2167) failed {.code = ERROR_INVALID_ARGS, .description = failed to get driver version}
06-09 11:43:23.283 487 620 I WifiVendorHal: Driver: null Firmware: null
06-09 11:43:23.296 487 720 D CompatibilityChangeReporter: Compat change id reported: 168419799; UID 10052; state: DISABLED
06-09 11:43:23.308 1267 1267 D Playback: giveUpAudioFocus
06-09 11:43:23.308 1267 1267 D Playback: relaxResources. releaseMediaPlayer=true
06-09 11:43:23.313 684 684 D SystemUIBootTiming: SystemUIService: bootcomplete com.android.systemui.usb.StorageNotification took 372 ms
06-09 11:43:23.313 684 684 D SystemUIService: loading: com.android.systemui.power.PowerUI
06-09 11:43:23.314 684 684 D SystemUIService: running: com.android.systemui.power.PowerUI@739fdb9
06-09 11:43:23.322 1103 1213 E hq : LookupControler:::startLookupControllerTimer
06-09 11:43:23.325 1267 1267 D music_MediaPlaybackSer: updatePlaybackState, playback state=1
06-09 11:43:23.328 669 669 E WifiHAL : wifi_get_ring_buffers_status: Ring buffer logging feature not supported 0
06-09 11:43:23.330 487 620 E WifiVendorHal: getRingBufferStatus(l.2244) failed {.code = ERROR_NOT_SUPPORTED, .description = }
06-09 11:43:23.331 487 620 W WifiDiags: no ring buffers found
06-09 11:43:23.331 487 620 D WifiDiags: startLogging() iface list is {wlan0} after adding wlan0
06-09 11:43:23.335 823 913 D BufferPoolAccessor2.0: bufferpool2 0xf18670d8 : 0(0 size) total buffers - 0(0 size) used buffers - 2/7 (recycle/alloc) - 6/96 (fetch/transfer)
06-09 11:43:23.335 823 913 D BufferPoolAccessor2.0: evictor expired: 1, evicted: 1
06-09 11:43:23.337 684 900 D LocalBluetoothProfileManager: Current Profiles[HID]
06-09 11:43:23.337 684 900 D LocalBluetoothProfileManager: New Profiles[HID]
06-09 11:43:23.336 1232 1232 I Thread-4: type=1400 audit(0.0:476): avc: denied { open } for path="/data/user/0/com.dangbei.screencast/files/.imprint" dev="mmcblk0p25" ino=2463 scontext=u:r:platform_app:s0:c512,c768 tcontext=u:object_r:app_data_file:s0:c512,c768 tclass=file permissive=1 app=com.dangbei.screencast
06-09 11:43:23.340 677 677 V MediaPlayerList: onActiveSessionsChanged: number of controllers: 0
06-09 11:43:23.336 1232 1232 I Thread-4: type=1400 audit(0.0:477): avc: denied { lock } for path="/data/user/0/com.dangbei.screencast/files/.imprint" dev="mmcblk0p25" ino=2463 scontext=u:r:platform_app:s0:c512,c768 tcontext=u:object_r:app_data_file:s0:c512,c768 tclass=file permissive=1 app=com.dangbei.screencast
06-09 11:43:23.360 1267 1267 D music_MediaPlaybackSer: onCreate()
06-09 11:43:23.360 1267 1267 D music_MediaPlaybackSer: Create MusicProvider
06-09 11:43:23.361 1267 1267 D music_MediaPlaybackSer: Create MediaSession
06-09 11:43:23.363 1103 1474 W ContextImpl: Calling a method in the system process without a qualified user: android.app.ContextImpl.bindService:1895 android.content.ContextWrapper.bindService:810 ce.b.h:57 ce.b$c.call:3 ee.c$a.run:5
06-09 11:43:23.367 677 677 V MediaPlayerList: onActiveSessionsChanged: number of controllers: 0
06-09 11:43:23.377 1267 1267 D music_MediaPlaybackSer: updatePlaybackState, playback state=0
06-09 11:43:23.416 1103 1103 E xxxxxxxxxxxxxxx: onReceive:mIsHDMIPlugged = false
06-09 11:43:23.422 1103 1103 E hq : USBReceiver:::USBReceiver onReceive: action=android.intent.action.MEDIA_MOUNTED
06-09 11:43:23.423 1103 1103 E hq : USBReceiver:::USBReceiver onReceive: action=android.intent.action.MEDIA_MOUNTED
06-09 11:43:23.443 487 534 E ActivityRecord: real home.....com.dangbei.leard.leradlauncher/com.dangbei.launcher.home.LauncherActivity
06-09 11:43:23.443 1355 1355 V GraphicsEnvironment: ANGLE Developer option for 'com.android.localtransport' set to: 'default'
06-09 11:43:23.443 487 534 E +++ActivityRecord: pre led_switch = 5
06-09 11:43:23.443 1355 1355 V GraphicsEnvironment: Neither updatable production driver nor prerelease driver is supported.
06-09 11:43:23.440 1 1 I /system/bin/init: type=1107 audit(0.0:478): uid=0 auid=4294967295 ses=4294967295 subj=u:r:init:s0 msg='avc: denied { set } for property=vendor.led_switch pid=487 uid=1000 gid=1000 scontext=u:r:system_server:s0 tcontext=u:object_r:vendor_default_prop:s0 tclass=property_service permissive=1'
06-09 11:43:23.455 1103 1360 W System.err: java.net.UnknownHostException: Unable to resolve host "utoken.umeng.com": No address associated with hostname
06-09 11:43:23.462 1355 1355 D NetworkSecurityConfig: No Network Security Config specified, using platform default
06-09 11:43:23.462 1103 1360 W System.err: at java.net.Inet6AddressImpl.lookupHostByName(Inet6AddressImpl.java:156)
06-09 11:43:23.462 1103 1360 W System.err: at java.net.Inet6AddressImpl.lookupAllHostAddr(Inet6AddressImpl.java:103)
06-09 11:43:23.462 1103 1360 W System.err: at java.net.InetAddress.getAllByName(InetAddress.java:1152)
06-09 11:43:23.462 1103 1360 W System.err: at com.android.okhttp.Dns$1.lookup(Dns.java:41)
06-09 11:43:23.462 1103 1360 W System.err: at com.android.okhttp.internal.http.RouteSelector.resetNextInetSocketAddress(RouteSelector.java:178)
06-09 11:43:23.462 1103 1360 W System.err: at com.android.okhttp.internal.http.RouteSelector.nextProxy(RouteSelector.java:144)
06-09 11:43:23.462 1103 1360 W System.err: at com.android.okhttp.internal.http.RouteSelector.next(RouteSelector.java:86)
06-09 11:43:23.462 1103 1360 W System.err: at com.android.okhttp.internal.http.StreamAllocation.findConnection(StreamAllocation.java:176)
06-09 11:43:23.462 1103 1360 W System.err: at com.android.okhttp.internal.http.StreamAllocation.findHealthyConnection(StreamAllocation.java:128)
06-09 11:43:23.462 1103 1360 W System.err: at com.android.okhttp.internal.http.StreamAllocation.newStream(StreamAllocation.java:97)
06-09 11:43:23.462 1103 1360 W System.err: at com.android.okhttp.internal.http.HttpEngine.connect(HttpEngine.java:289)
06-09 11:43:23.462 1103 1360 W System.err: at com.android.okhttp.internal.http.HttpEngine.sendRequest(HttpEngine.java:232)
06-09 11:43:23.462 1103 1360 W System.err: at com.android.okhttp.internal.huc.HttpURLConnectionImpl.execute(HttpURLConnectionImpl.java:465)
06-09 11:43:23.462 1103 1360 W System.err: at com.android.okhttp.internal.huc.HttpURLConnectionImpl.connect(HttpURLConnectionImpl.java:131)
06-09 11:43:23.462 1103 1360 W System.err: at com.android.okhttp.internal.huc.HttpURLConnectionImpl.getOutputStream(HttpURLConnectionImpl.java:262)
06-09 11:43:23.462 1103 1360 W System.err: at com.android.okhttp.internal.huc.DelegatingHttpsURLConnection.getOutputStream(DelegatingHttpsURLConnection.java:219)
06-09 11:43:23.462 1103 1360 W System.err: at com.android.okhttp.internal.huc.HttpsURLConnectionImpl.getOutputStream(HttpsURLConnectionImpl.java:30)
06-09 11:43:23.462 1103 1360 W System.err: at com.umeng.umzid.a.a(SourceFile:80)
06-09 11:43:23.462 1103 1360 W System.err: at com.umeng.umzid.ZIDManager.b(SourceFile:298)
06-09 11:43:23.462 1103 1360 W System.err: at com.umeng.umzid.ZIDManager$b.run(Unknown Source:4)
06-09 11:43:23.462 1103 1360 W System.err: at java.util.concurrent.Executors$RunnableAdapter.call(Executors.java:462)
06-09 11:43:23.462 1103 1360 W System.err: at java.util.concurrent.FutureTask.run(FutureTask.java:266)
06-09 11:43:23.462 1103 1360 W System.err: at java.util.concurrent.ScheduledThreadPoolExecutor$ScheduledFutureTask.run(ScheduledThreadPoolExecutor.java:301)
06-09 11:43:23.462 1103 1360 W System.err: at java.util.concurrent.ThreadPoolExecutor.runWorker(ThreadPoolExecutor.java:1167)
06-09 11:43:23.462 1103 1360 W System.err: at java.util.concurrent.ThreadPoolExecutor$Worker.run(ThreadPoolExecutor.java:641)
06-09 11:43:23.462 1103 1360 W System.err: at java.lang.Thread.run(Thread.java:920)
06-09 11:43:23.466 487 1415 D CountryDetector: The first listener is added
06-09 11:43:23.467 1103 1103 E hq : AdHelper:::启动延迟检查,支持广告的最长播放时间:25000 isLoadAd=false
06-09 11:43:23.468 1103 1103 D OsInitLaunch: send cache: launchAd, playAd, start, null
06-09 11:43:23.471 1103 1103 I dangbei ad sdk: ADSDK::play splash ad
06-09 11:43:23.472 487 534 W System.err: java.io.IOException: Cannot run program "su": error=2, No such file or directory
06-09 11:43:23.472 487 534 W System.err: at java.lang.ProcessBuilder.start(ProcessBuilder.java:1050)
06-09 11:43:23.472 487 534 W System.err: at java.lang.Runtime.exec(Runtime.java:694)
06-09 11:43:23.472 487 534 W System.err: at java.lang.Runtime.exec(Runtime.java:524)
06-09 11:43:23.472 487 534 W System.err: at java.lang.Runtime.exec(Runtime.java:421)
06-09 11:43:23.472 487 534 W System.err: at com.android.server.wm.ActivityRecord.executeCMD(ActivityRecord.java:5940)
06-09 11:43:23.472 487 534 W System.err: at com.android.server.wm.ActivityRecord.onWindowsDrawn(ActivityRecord.java:5992)
06-09 11:43:23.472 487 534 W System.err: at com.android.server.wm.ActivityRecord.updateReportedVisibilityLocked(ActivityRecord.java:6126)
06-09 11:43:23.472 487 534 W System.err: at com.android.server.wm.AppTransitionController.handleOpeningApps(AppTransitionController.java:757)
06-09 11:43:23.472 487 534 W System.err: at com.android.server.wm.AppTransitionController.handleAppTransitionReady(AppTransitionController.java:227)
06-09 11:43:23.472 487 534 W System.err: at com.android.server.wm.RootWindowContainer.checkAppTransitionReady(RootWindowContainer.java:1045)
06-09 11:43:23.472 487 534 W System.err: at com.android.server.wm.RootWindowContainer.performSurfacePlacementNoTrace(RootWindowContainer.java:884)
06-09 11:43:23.472 487 534 W System.err: at com.android.server.wm.RootWindowContainer.performSurfacePlacement(RootWindowContainer.java:820)
06-09 11:43:23.473 487 534 W System.err: at com.android.server.wm.WindowSurfacePlacer.performSurfacePlacementLoop(WindowSurfacePlacer.java:177)
06-09 11:43:23.473 487 534 W System.err: at com.android.server.wm.WindowSurfacePlacer.performSurfacePlacement(WindowSurfacePlacer.java:126)
06-09 11:43:23.473 487 534 W System.err: at com.android.server.wm.WindowSurfacePlacer.performSurfacePlacement(WindowSurfacePlacer.java:115)
06-09 11:43:23.473 487 534 W System.err: at com.android.server.wm.WindowSurfacePlacer$Traverser.run(WindowSurfacePlacer.java:57)
06-09 11:43:23.473 487 534 W System.err: at android.os.Handler.handleCallback(Handler.java:938)
06-09 11:43:23.473 487 534 W System.err: at android.os.Handler.dispatchMessage(Handler.java:99)
06-09 11:43:23.473 1103 1103 I dangbei ad sdk: AdSplashView::show offline ad
06-09 11:43:23.473 487 534 W System.err: at android.os.Looper.loopOnce(Looper.java:201)
06-09 11:43:23.473 487 534 W System.err: at android.os.Looper.loop(Looper.java:288)
06-09 11:43:23.473 487 534 W System.err: at android.os.HandlerThread.run(HandlerThread.java:67)
06-09 11:43:23.473 487 534 W System.err: at com.android.server.ServiceThread.run(ServiceThread.java:44)
06-09 11:43:23.473 487 534 W System.err: Caused by: java.io.IOException: error=2, No such file or directory
06-09 11:43:23.473 487 534 W System.err: at java.lang.UNIXProcess.forkAndExec(Native Method)
06-09 11:43:23.473 487 534 W System.err: at java.lang.UNIXProcess.(UNIXProcess.java:133)
06-09 11:43:23.473 487 534 W System.err: at java.lang.ProcessImpl.start(ProcessImpl.java:141)
06-09 11:43:23.473 487 534 W System.err: at java.lang.ProcessBuilder.start(ProcessBuilder.java:1029)
06-09 11:43:23.473 487 534 W System.err: ... 21 more
06-09 11:43:23.479 1284 1284 I ContactsDatabaseHelper: updateUseStrictPhoneNumberComparison: CN
06-09 11:43:23.481 1367 1367 V GraphicsEnvironment: ANGLE Developer option for 'com.dangbei.lerad.rocky' set to: 'default'
06-09 11:43:23.483 1367 1367 V GraphicsEnvironment: Neither updatable production driver nor prerelease driver is supported.
06-09 11:43:23.491 1267 1267 D music_MusicApp: add mount callback: com.android.music.MediaPlaybackService@e9155e
06-09 11:43:23.494 1367 1367 D NetworkSecurityConfig: No Network Security Config specified, using platform default
06-09 11:43:23.495 1367 1367 D NetworkSecurityConfig: No Network Security Config specified, using platform default
06-09 11:43:23.492 1493 1493 I led_switch.sh: type=1400 audit(0.0:479): avc: denied { write } for name="tmp" dev="mmcblk0p25" ino=85 scontext=u:r:init:s0 tcontext=u:object_r:shell_data_file:s0 tclass=dir permissive=1 bug=b/77873135
06-09 11:43:23.492 1493 1493 I led_switch.sh: type=1400 audit(0.0:480): avc: denied { write } for name="led_swith.txt" dev="mmcblk0p25" ino=228 scontext=u:r:init:s0 tcontext=u:object_r:shell_data_file:s0 tclass=file permissive=1 bug=b/77873135
06-09 11:43:23.502 1367 1367 I MultiDex: VM with version 2.1.0 has multidex support
06-09 11:43:23.503 1267 1267 D music_MediaPlaybackSer: OnGetRoot: clientPackageName=com.android.bluetooth; clientUid=1002 ; rootHints=null
06-09 11:43:23.504 677 677 I AvrcpBrowsedPlayerWrapper: onConnected: com.android.music is connected
06-09 11:43:23.504 677 677 I AvrcpBrowsedPlayerWrapper: getFolderItems: Connected to browsable player: com.android.music
06-09 11:43:23.504 1367 1367 I MultiDex: Installing application
06-09 11:43:23.505 1367 1367 I MultiDex: VM has multidex support, MultiDex support library is disabled.
06-09 11:43:23.506 525 536 D BootAnimation: BootAnimationStopTiming start time: 23871ms
06-09 11:43:23.507 487 534 W System.err: java.io.IOException: Cannot run program "su": error=2, No such file or directory
06-09 11:43:23.508 487 534 W System.err: at java.lang.ProcessBuilder.start(ProcessBuilder.java:1050)
06-09 11:43:23.508 487 534 W System.err: at java.lang.Runtime.exec(Runtime.java:694)
06-09 11:43:23.508 487 534 W System.err: at java.lang.Runtime.exec(Runtime.java:524)
06-09 11:43:23.508 487 534 W System.err: at java.lang.Runtime.exec(Runtime.java:421)
06-09 11:43:23.508 487 534 W System.err: at com.android.server.wm.ActivityRecord.executeCMD(ActivityRecord.java:5940)
06-09 11:43:23.508 487 534 W System.err: at com.android.server.wm.ActivityRecord.onWindowsDrawn(ActivityRecord.java:6001)
06-09 11:43:23.508 487 534 W System.err: at com.android.server.wm.ActivityRecord.updateReportedVisibilityLocked(ActivityRecord.java:6126)
06-09 11:43:23.508 487 534 W System.err: at com.android.server.wm.AppTransitionController.handleOpeningApps(AppTransitionController.java:757)
06-09 11:43:23.508 487 534 W System.err: at com.android.server.wm.AppTransitionController.handleAppTransitionReady(AppTransitionController.java:227)
06-09 11:43:23.508 487 534 W System.err: at com.android.server.wm.RootWindowContainer.checkAppTransitionReady(RootWindowContainer.java:1045)
06-09 11:43:23.508 487 534 W System.err: at com.android.server.wm.RootWindowContainer.performSurfacePlacementNoTrace(RootWindowContainer.java:884)
06-09 11:43:23.509 487 534 W System.err: at com.android.server.wm.RootWindowContainer.performSurfacePlacement(RootWindowContainer.java:820)
06-09 11:43:23.509 487 534 W System.err: at com.android.server.wm.WindowSurfacePlacer.performSurfacePlacementLoop(WindowSurfacePlacer.java:177)
06-09 11:43:23.509 487 534 W System.err: at com.android.server.wm.WindowSurfacePlacer.performSurfacePlacement(WindowSurfacePlacer.java:126)
06-09 11:43:23.509 487 534 W System.err: at com.android.server.wm.WindowSurfacePlacer.performSurfacePlacement(WindowSurfacePlacer.java:115)
06-09 11:43:23.509 487 534 W System.err: at com.android.server.wm.WindowSurfacePlacer$Traverser.run(WindowSurfacePlacer.java:57)
06-09 11:43:23.509 487 534 W System.err: at android.os.Handler.handleCallback(Handler.java:938)
06-09 11:43:23.509 487 534 W System.err: at android.os.Handler.dispatchMessage(Handler.java:99)
06-09 11:43:23.509 487 534 W System.err: at android.os.Looper.loopOnce(Looper.java:201)
06-09 11:43:23.509 487 534 W System.err: at android.os.Looper.loop(Looper.java:288)
06-09 11:43:23.509 487 534 W System.err: at android.os.HandlerThread.run(HandlerThread.java:67)
06-09 11:43:23.509 487 534 W System.err: at com.android.server.ServiceThread.run(ServiceThread.java:44)
06-09 11:43:23.509 487 534 W System.err: Caused by: java.io.IOException: error=2, No such file or directory
06-09 11:43:23.509 487 534 W System.err: at java.lang.UNIXProcess.forkAndExec(Native Method)
06-09 11:43:23.510 487 534 W System.err: at java.lang.UNIXProcess.(UNIXProcess.java:133)
06-09 11:43:23.510 487 534 W System.err: at java.lang.ProcessImpl.start(ProcessImpl.java:141)
06-09 11:43:23.510 487 534 W System.err: at java.lang.ProcessBuilder.start(ProcessBuilder.java:1029)
06-09 11:43:23.510 487 534 W System.err: ... 21 more
06-09 11:43:23.510 1355 1355 D NetworkSecurityConfig: No Network Security Config specified, using platform default
06-09 11:43:23.511 487 534 I WindowManager: ******* TELLING SURFACE FLINGER WE ARE BOOTED!
06-09 11:43:23.511 288 352 I SurfaceFlinger: Boot is finished (15244 ms)
06-09 11:43:23.517 1267 1267 D music_MediaPlaybackSer: OnLoadChildren: parentMediaId=__ROOT__
06-09 11:43:23.520 684 684 D SystemUIBootTiming: SystemUIService: bootcomplete com.android.systemui.power.PowerUI took 207 ms
06-09 11:43:23.520 684 684 D SystemUIService: loading: com.android.systemui.media.RingtonePlayer
06-09 11:43:23.521 196 196 I servicemanager: Found android.hardware.power.IPower/default in device VINTF manifest.
06-09 11:43:23.521 684 684 D SystemUIService: running: com.android.systemui.media.RingtonePlayer@a31140a
06-09 11:43:23.521 288 539 I PowerAdvisor: Loaded AIDL Power HAL service
06-09 11:43:23.522 276 276 I AW_PowerHAL: check: Mode 6 not Supported ,do nothing
06-09 11:43:23.522 1267 1267 D MusicProvider: retrieveMediaAsync called
06-09 11:43:23.522 276 276 I AW_PowerHAL: isBoostSupported: 1
06-09 11:43:23.528 669 669 E WifiHAL : wifi_get_link_stats: requestResponse Error:-5
06-09 11:43:23.531 487 620 E WifiVendorHal: getWifiLinkLayerStats_1_5_Internal(l.1191) failed {.code = ERROR_INVALID_ARGS, .description = }
06-09 11:43:23.531 684 684 D SystemUIBootTiming: SystemUIService: bootcomplete com.android.systemui.media.RingtonePlayer took 11 ms
06-09 11:43:23.532 684 684 D SystemUIService: loading: com.android.systemui.keyboard.KeyboardUI
06-09 11:43:23.535 684 684 D SystemUIService: running: com.android.systemui.keyboard.KeyboardUI@a5f5298
06-09 11:43:23.537 684 900 D CachedBluetoothDevice: updating profiles for Dangbei
06-09 11:43:23.538 1103 1360 W System.err: Caused by: android.system.GaiException: android_getaddrinfo failed: EAI_NODATA (No address associated with hostname)
06-09 11:43:23.538 1103 1360 W System.err: at libcore.io.Linux.android_getaddrinfo(Native Method)
06-09 11:43:23.538 1103 1360 W System.err: at libcore.io.ForwardingOs.android_getaddrinfo(ForwardingOs.java:136)
06-09 11:43:23.538 1103 1360 W System.err: at libcore.io.BlockGuardOs.android_getaddrinfo(BlockGuardOs.java:221)
06-09 11:43:23.538 1103 1360 W System.err: at libcore.io.ForwardingOs.android_getaddrinfo(ForwardingOs.java:136)
06-09 11:43:23.538 1103 1360 W System.err: at java.net.Inet6AddressImpl.lookupHostByName(Inet6AddressImpl.java:135)
06-09 11:43:23.538 1103 1360 W System.err: ... 25 more
06-09 11:43:23.542 1367 1367 D RockyApplication: init: false
06-09 11:43:23.567 684 684 D SystemUIBootTiming: SystemUIService: bootcomplete com.android.systemui.keyboard.KeyboardUI took 35 ms
06-09 11:43:23.568 684 684 D SystemUIService: loading: com.android.systemui.shortcut.ShortcutKeyDispatcher
06-09 11:43:23.569 684 684 D SystemUIService: running: com.android.systemui.shortcut.ShortcutKeyDispatcher@d466d6
06-09 11:43:23.573 684 684 D SystemUIBootTiming: SystemUIService: bootcomplete com.android.systemui.shortcut.ShortcutKeyDispatcher took 4 ms
06-09 11:43:23.575 684 684 D SystemUIService: loading: com.android.systemui.VendorServices
06-09 11:43:23.581 1050 1067 E ccc : cccccc etnaService addListener com.dangbei.lerad.etna.aidl.IEtnaAidlListener$Stub$Proxy@8f395e7 com.dangbei.leard.leradlauncher
06-09 11:43:23.581 1103 1103 E hq : Etna:::etnaClient connectState=true
06-09 11:43:23.582 1103 1103 E getHdmiStatus: sourceInputStatus=null mEtnaAdapter=com.dangbei.launcher.etna.EtnaAdapter@4435f6a
06-09 11:43:23.593 684 684 D SystemUIService: running: com.android.systemui.VendorServices@430044
06-09 11:43:23.605 684 684 D SystemUIBootTiming: SystemUIService: bootcomplete com.android.systemui.VendorServices took 26 ms
06-09 11:43:23.605 684 684 D SystemUIService: loading: com.android.systemui.SliceBroadcastRelayHandler
06-09 11:43:23.608 684 684 D SystemUIService: running: com.android.systemui.SliceBroadcastRelayHandler@f34052d
06-09 11:43:23.608 487 528 I ActivityTaskManager: +++Displayed com.dangbei.leard.leradlauncher/com.dangbei.launcher.home.LauncherActivity: +4s59ms
06-09 11:43:23.612 487 487 I TransportClient: LocalTransportService#0: Notifying [TransportManager.registerTransport()] transport = IBackupTransport
06-09 11:43:23.621 1103 1310 I UtilCommon: bluetoothMac=B4:2F:03:15:73:2F
06-09 11:43:23.623 1103 1310 E wangli : env: 0_false
06-09 11:43:23.627 684 684 D SystemUIBootTiming: SystemUIService: bootcomplete com.android.systemui.SliceBroadcastRelayHandler took 22 ms
06-09 11:43:23.633 1103 1505 D hq : NetWorkStateReceiver:::检查网络,并且持续更新 isConnect=false
06-09 11:43:23.639 684 684 D SystemUIService: loading: com.android.systemui.statusbar.notification.InstantAppNotifier
06-09 11:43:23.640 684 900 V CachedBluetoothDevice: Class: 1f00
06-09 11:43:23.640 684 900 V CachedBluetoothDevice: UUID:
06-09 11:43:23.640 684 900 V CachedBluetoothDevice: 00001812-0000-1000-8000-00805f9b34fb
06-09 11:43:23.643 487 620 I WifiService: onDriverCountryCodeChanged CN
06-09 11:43:23.646 684 900 D CachedBluetoothDevice: onUuidChanged: Time since last connect=24011
06-09 11:43:23.646 684 900 D CachedBluetoothDevice: onUuidChanged: triggering connectAllEnabledProfiles
06-09 11:43:23.646 684 684 D SystemUIService: running: com.android.systemui.statusbar.notification.InstantAppNotifier@881a62
06-09 11:43:23.652 1103 1103 E hq : AdHelper:::notFetchAd: main
06-09 11:43:23.653 1103 1103 E hq : AdHelper:::onComplete:main
06-09 11:43:23.654 487 620 D WifiNetworkFactory: got request NetworkRequest [ REQUEST id=28, [ Capabilities: INTERNET&NOT_RESTRICTED&TRUSTED&NOT_VCN_MANAGED Uid: 1000 RequestorUid: 1000 RequestorPkg: com.dangbei.leard.leradlauncher] ]
06-09 11:43:23.655 487 620 D UntrustedWifiNetworkFactory: got request NetworkRequest [ REQUEST id=28, [ Capabilities: INTERNET&NOT_RESTRICTED&TRUSTED&NOT_VCN_MANAGED Uid: 1000 RequestorUid: 1000 RequestorPkg: com.dangbei.leard.leradlauncher] ]
06-09 11:43:23.655 487 620 D OemPaidWifiNetworkFactory: got request NetworkRequest [ REQUEST id=28, [ Capabilities: INTERNET&NOT_RESTRICTED&TRUSTED&NOT_VCN_MANAGED Uid: 1000 RequestorUid: 1000 RequestorPkg: com.dangbei.leard.leradlauncher] ]
06-09 11:43:23.654 1103 1103 E hq : AdHelper:::adFinish: com.dangbei.launcher.home.callback.LauncherCallback$onAttach$1$1@8f50e09
06-09 11:43:23.657 677 691 V BluetoothDatabase: getProfileConnectionPolicy: E4:BB:D3:57:C0:7D, profile=2, connectionPolicy = -1
06-09 11:43:23.657 1103 1103 E hq : LauncherCallback:::onDetach
06-09 11:43:23.658 677 691 V BluetoothDatabase: getProfileConnectionPolicy: E4:BB:D3:57:C0:7D, profile=1, connectionPolicy = -1
06-09 11:43:23.658 677 691 V BluetoothDatabase: getProfileConnectionPolicy: E4:BB:D3:57:C0:7D, profile=4, connectionPolicy = 100
06-09 11:43:23.658 1103 1103 E hq : AdHelper:::handleFinishAd: true
06-09 11:43:23.658 677 691 V BluetoothDatabase: getProfileConnectionPolicy: E4:BB:D3:57:C0:7D, profile=4, connectionPolicy = 100
06-09 11:43:23.658 677 691 I BluetoothAdapterService: connectEnabledProfiles: Connecting Hid Host Profile
06-09 11:43:23.658 677 691 V BluetoothDatabase: getProfileConnectionPolicy: E4:BB:D3:57:C0:7D, profile=4, connectionPolicy = 100
06-09 11:43:23.659 677 857 W bt_stack: [WARNING:btif_hh.cc(566)] btif_hh_connect: Device e4:bb:d3:57:c0:7d already added, attr_mask = 0x0
06-09 11:43:23.659 677 1005 I bt_stack: [INFO:gatt_attr.cc(880)] gatt_sr_init_cl_status: bda=e4:bb:d3:57:c0:7d, cl_supp_feat=0000, aware=1
06-09 11:43:23.659 677 1005 W bluetooth: system/bt/stack/gatt/connection_manager.cc:225 direct_connect_add: Background connection attempt already in progress app_id=4
06-09 11:43:23.661 677 677 D BluetoothHidHostService: Connection state E4:BB:D3:57:C0:7D: 0->1
06-09 11:43:23.666 487 1027 D BackupTransportManager: Transport com.android.localtransport/.LocalTransportService registered
06-09 11:43:23.666 487 1027 D BackupManagerService: [UserID:0] Transport com.android.localtransport/.LocalTransport registered 4413ms after first request (delay = 3000ms)
06-09 11:43:23.673 677 677 W BluetoothHidHostService: no state change: 1
06-09 11:43:23.674 677 677 D AdapterProperties: PROFILE_CONNECTION_STATE_CHANGE: profile=4, device=E4:BB:D3:57:C0:7D, 0 -> 1
06-09 11:43:23.681 677 677 D AdapterProperties: ADAPTER_CONNECTION_STATE_CHANGE: E4:BB:D3:57:C0:7D: 0 -> 1
06-09 11:43:23.682 1103 1103 E DangXiaoBeiManager: setMessageList: false
06-09 11:43:23.682 1103 1103 E hq : 当小贝:::显示消息type=SIMPLE_TEXT ,data.isShowInCur=false ,delay=60000 ,message.mandatoryMessage=null , message=null
06-09 11:43:23.682 1103 1103 E hq : 当小贝:::当前显示了消息,不显示新消息
06-09 11:43:23.692 1103 1103 D OsInitLaunch: send cache: launchAd, playAd, complete, null
06-09 11:43:23.693 684 684 D SystemUIBootTiming: SystemUIService: bootcomplete com.android.systemui.statusbar.notification.InstantAppNotifier took 54 ms
06-09 11:43:23.693 684 684 D SystemUIService: loading: com.android.systemui.toast.ToastUI
06-09 11:43:23.694 684 684 D SystemUIService: running: com.android.systemui.toast.ToastUI@ed17aae
06-09 11:43:23.695 684 684 D SystemUIBootTiming: SystemUIService: bootcomplete com.android.systemui.toast.ToastUI took 2 ms
06-09 11:43:23.695 684 684 D SystemUIService: loading: com.android.systemui.wmshell.WMShell
06-09 11:43:23.695 684 684 D SystemUIService: running: com.android.systemui.wmshell.WMShell@326704f
06-09 11:43:23.705 487 510 W OverlayManager: service 'idmap' died
06-09 11:43:23.724 1232 1538 I crashsdk: version unique build id: 6230cced
06-09 11:43:23.724 669 669 E WifiHAL : wifi_get_link_stats: requestResponse Error:-5
06-09 11:43:23.730 487 620 E WifiVendorHal: getWifiLinkLayerStats_1_5_Internal(l.1191) failed {.code = ERROR_INVALID_ARGS, .description = }
06-09 11:43:23.747 1232 1541 D crashsdk: Native log stat thread 1541 setup, waiting
06-09 11:43:23.756 1232 1467 I crashsdk: begin hack android.os.Process
06-09 11:43:23.757 1232 1467 I crashsdk: end hack android.os.Process
06-09 11:43:23.768 196 196 I servicemanager: Notifying gsiservice they have clients: 1
06-09 11:43:23.769 1119 1125 I AidlLazyServiceRegistrar: Process has 1 (of 1 available) client(s) in use after notification gsiservice has clients: 1
06-09 11:43:23.774 684 684 D SystemUIBootTiming: SystemUIService: bootcomplete com.android.systemui.wmshell.WMShell took 79 ms
06-09 11:43:23.774 684 684 D SystemUIService: loading: com.android.systemui.media.systemsounds.HomeSoundEffectController
06-09 11:43:23.779 1103 1275 E hq : ErrorCoroutineExceptionHandler:::runTry error:java.net.UnknownHostException: Unable to resolve host "ottdbui-tyapiqun7.yysh.mgtv.com": No address associated with hostname from=requestUserAgreement
06-09 11:43:23.780 1103 1275 E UserProtocolInterceptorImpl: isAgree: 20210615 20210615 true
06-09 11:43:23.781 1103 1275 E UserProtocolInterceptorImpl: version===>0
06-09 11:43:23.783 684 684 D SystemUIService: running: com.android.systemui.media.systemsounds.HomeSoundEffectController@183c26b
06-09 11:43:23.786 684 684 D SystemUIBootTiming: SystemUIService: bootcomplete com.android.systemui.media.systemsounds.HomeSoundEffectController took 12 ms
06-09 11:43:23.790 1103 1334 D MobclickAgent: 延续上一个会话: 46EDCFBE4BF2FBD13389C81BBCC2FF48
06-09 11:43:23.792 487 1027 I BackupManagerService: [UserID:0] Found 38 stale backup journal(s), scheduling.
06-09 11:43:23.794 487 1027 V BackupManagerConstants: getKeyValueBackupIntervalMilliseconds(...) returns 14400000
06-09 11:43:23.794 487 1027 V BackupManagerConstants: getKeyValueBackupFuzzMilliseconds(...) returns 600000
06-09 11:43:23.794 487 1027 V BackupManagerConstants: getKeyValueBackupRequiredNetworkType(...) returns 1
06-09 11:43:23.794 487 1027 V BackupManagerConstants: getKeyValueBackupRequireCharging(...) returns true
06-09 11:43:23.794 487 1027 V KeyValueBackupJob: Scheduling k/v pass in 240 minutes
06-09 11:43:23.799 1367 1367 D RockyManager: initFarWakeStatus isMainFarSwitch: false
06-09 11:43:23.801 1103 1103 E hq : USBReceiver:::USBReceiver onReceive: list=1
06-09 11:43:23.804 1103 1275 E hq : ErrorCoroutineExceptionHandler:::runTry error:java.net.UnknownHostException: Unable to resolve host "ottdbui-tyapiqun7.yysh.mgtv.com": No address associated with hostname from=requestMessageDialog
06-09 11:43:23.812 1367 1367 I RockyManager: isFarWake: false
06-09 11:43:23.814 684 684 I ManagerService: --------------------- system activated! ---------------
06-09 11:43:23.814 684 684 D SystemUIBootTiming: SystemUIService: bootcomplete com.android.systemui.oranth.ManagerService took 28 ms
06-09 11:43:23.840 684 684 D BluetoothA2dp: Proxy object connected
06-09 11:43:23.845 1232 1232 I TDLog : setReportUncaughtExceptions: true
06-09 11:43:23.849 684 900 D CachedBluetoothDevice: onProfileStateChanged: profile HID, device Dangbei, newProfileState 1
06-09 11:43:23.850 487 487 D NetworkSecurityConfig: No Network Security Config specified, using platform default
06-09 11:43:23.861 487 720 W InputManager-JNI: Input channel object '259297c com.android.tv.settings/com.android.tv.settings.system.FallbackHome (client)' was disposed without first being removed with the input manager!
06-09 11:43:23.861 1367 1367 W ContextImpl: Calling a method in the system process without a qualified user: android.app.ContextImpl.startService:1816 android.content.ContextWrapper.startService:774 com.cvte.tv.api.TvApiSDKManager.:177 com.cvte.tv.api.TvApiSDKManager.init:217 com.dangbei.rocky.component.system.SystemControlUtils.initSystemAidl:82
06-09 11:43:23.863 487 1415 W ActivityManager: Unable to start service Intent { act=com.cvte.tv.api.TV_API_SERVICE pkg=com.cvte.tv.api.impl } U=0: not found
06-09 11:43:23.864 487 487 E BootReceiver: Could not open /sys/kernel/tracing/instances/bootreceiver/trace_pipe
06-09 11:43:23.864 487 487 E BootReceiver: android.system.ErrnoException: open failed: ENOENT (No such file or directory)
06-09 11:43:23.864 487 487 E BootReceiver: at libcore.io.Linux.open(Native Method)
06-09 11:43:23.864 487 487 E BootReceiver: at libcore.io.ForwardingOs.open(ForwardingOs.java:567)
06-09 11:43:23.864 487 487 E BootReceiver: at libcore.io.BlockGuardOs.open(BlockGuardOs.java:273)
06-09 11:43:23.864 487 487 E BootReceiver: at android.system.Os.open(Os.java:501)
06-09 11:43:23.864 487 487 E BootReceiver: at com.android.server.BootReceiver.onReceive(BootReceiver.java:167)
06-09 11:43:23.864 487 487 E BootReceiver: at android.app.ActivityThread.handleReceiver(ActivityThread.java:4308)
06-09 11:43:23.864 487 487 E BootReceiver: at android.app.ActivityThread.access$1600(ActivityThread.java:247)
06-09 11:43:23.864 487 487 E BootReceiver: at android.app.ActivityThread$H.handleMessage(ActivityThread.java:2064)
06-09 11:43:23.864 487 487 E BootReceiver: at android.os.Handler.dispatchMessage(Handler.java:106)
06-09 11:43:23.864 487 487 E BootReceiver: at android.os.Looper.loopOnce(Looper.java:201)
06-09 11:43:23.864 487 487 E BootReceiver: at android.os.Looper.loop(Looper.java:288)
06-09 11:43:23.864 487 487 E BootReceiver: at com.android.server.SystemServer.run(SystemServer.java:966)
06-09 11:43:23.864 487 487 E BootReceiver: at com.android.server.SystemServer.main(SystemServer.java:628)
06-09 11:43:23.864 487 487 E BootReceiver: at java.lang.reflect.Method.invoke(Native Method)
06-09 11:43:23.864 487 487 E BootReceiver: at com.android.internal.os.RuntimeInit$MethodAndArgsCaller.run(RuntimeInit.java:548)
06-09 11:43:23.864 487 487 E BootReceiver: at com.android.internal.os.ZygoteInit.main(ZygoteInit.java:1160)
06-09 11:43:23.865 1367 1367 W ContextImpl: Calling a method in the system process without a qualified user: android.app.ContextImpl.bindService:1895 android.content.ContextWrapper.bindService:810 com.cvte.tv.api.TvApiSDKManager.:178 com.cvte.tv.api.TvApiSDKManager.init:217 com.dangbei.rocky.component.system.SystemControlUtils.initSystemAidl:82
06-09 11:43:23.870 684 684 D BluetoothMap: Proxy object connected
06-09 11:43:23.870 684 684 D BluetoothMap: getConnectedDevices()
06-09 11:43:23.870 487 1415 W ActivityManager: Unable to start service Intent { act=com.cvte.tv.api.TV_API_SERVICE pkg=com.cvte.tv.api.impl } U=0: not found
06-09 11:43:23.872 1232 1232 E Application: onCreate:Version:v2.8.3/20830/883432e
06-09 11:43:23.872 487 1027 I BackupManagerService: [UserID:0] Stale backup journals: Scheduled 8 package(s) total
06-09 11:43:23.873 823 823 W ContextImpl: Calling a method in the system process without a qualified user: android.app.ContextImpl.startService:1816 android.content.ContextWrapper.startService:774 android.content.ContextWrapper.startService:774 com.android.tv.settings.users.UserSwitchListenerService$BootReceiver.onReceive:50 android.app.ActivityThread.handleReceiver:4308
06-09 11:43:23.878 684 684 D BluetoothHidHost: Proxy object connected
06-09 11:43:23.879 1367 1367 D TvApiSDKManager: getTvApi getSystemService = false
06-09 11:43:23.879 1367 1367 D TvApiSDKManager: getTvApi startService
06-09 11:43:23.880 1367 1367 W ContextImpl: Calling a method in the system process without a qualified user: android.app.ContextImpl.startService:1816 android.content.ContextWrapper.startService:774 com.cvte.tv.api.TvApiSDKManager.getTvApi:361 com.dangbei.rocky.component.system.SystemControlUtils.initSystemAidl:83 com.dangbei.rocky.component.system.SystemComponent.onAttached:38
06-09 11:43:23.881 1103 1334 W SQLiteLog: (28) double-quoted string literal: "46EDCFBE4BF2FBD13389C81BBCC2FF48"
06-09 11:43:23.881 1103 1334 W SQLiteLog: (28) double-quoted string literal: ""
06-09 11:43:23.882 1103 1334 W SQLiteLog: (28) double-quoted string literal: "46EDCFBE4BF2FBD13389C81BBCC2FF48"
06-09 11:43:23.882 1103 1334 W SQLiteLog: (28) double-quoted string literal: "-1"
06-09 11:43:23.890 684 684 D BluetoothHidDevice: Proxy object connected
06-09 11:43:23.892 487 487 V AudioDeviceManagerObserver: AudioDeviceManagerObserver init()
06-09 11:43:23.892 487 487 D AudioDeviceManagerObserver: AudioDeviceManagerObserver: newCardId: /sys/class/sound/card0/id
06-09 11:43:23.893 487 1415 W ActivityManager: Unable to start service Intent { act=com.cvte.tv.api.TV_API_SERVICE pkg=com.cvte.tv.api.impl } U=0: not found
06-09 11:43:23.895 684 684 D BluetoothPan: Proxy object connected
06-09 11:43:23.896 1367 1367 W ContextImpl: Calling a method in the system process without a qualified user: android.app.ContextImpl.bindService:1895 android.content.ContextWrapper.bindService:810 com.cvte.tv.api.TvApiSDKManager.getTvApi:362 com.dangbei.rocky.component.system.SystemControlUtils.initSystemAidl:83 com.dangbei.rocky.component.system.SystemComponent.onAttached:38
06-09 11:43:23.903 487 817 W ActivityManager: Unable to start service Intent { act=com.cvte.tv.api.TV_API_SERVICE pkg=com.cvte.tv.api.impl } U=0: not found
06-09 11:43:23.904 487 487 D AudioDeviceManagerObserver: AudioDeviceManagerObserver: devName: pcmC0D0p
06-09 11:43:23.905 487 487 D AudioDeviceManagerObserver: ~~~~~~~~ AudioDeviceManagerObserver: findNameMap: id: audiocodec
06-09 11:43:23.905 487 487 D AudioDeviceManagerObserver: AudioDeviceManagerObserver: name_linux: audiocodec, name_android: AUDIO_CODEC
06-09 11:43:23.906 487 487 D AudioDeviceManagerObserver: AudioDeviceManagerObserver: newCardId: /sys/class/sound/card1/id
06-09 11:43:23.914 487 487 D AudioDeviceManagerObserver: AudioDeviceManagerObserver: devName: pcmC1D0c
06-09 11:43:23.914 487 487 D AudioDeviceManagerObserver: ~~~~~~~~ AudioDeviceManagerObserver: findNameMap: id: sndspdif
06-09 11:43:23.914 487 487 D AudioDeviceManagerObserver: AudioDeviceManagerObserver: devName: pcmC1D0p
06-09 11:43:23.914 487 487 D AudioDeviceManagerObserver: ~~~~~~~~ AudioDeviceManagerObserver: findNameMap: id: sndspdif
06-09 11:43:23.914 487 487 D AudioDeviceManagerObserver: AudioDeviceManagerObserver: name_linux: sndspdif, name_android: AUDIO_SPDIF
06-09 11:43:23.916 487 487 D AudioDeviceManagerObserver: AudioDeviceManagerObserver: newCardId: /sys/class/sound/card2/id
06-09 11:43:23.920 1284 1470 I CallLogProvider: Syncing call composer pics -- source user=0, isShadow=true, forAllUser=false
06-09 11:43:23.924 1367 1367 W ContextImpl: Calling a method in the system process without a qualified user: android.app.ContextImpl.startService:1816 android.content.ContextWrapper.startService:774 com.dangbei.phrike.core.DownloadManager.register:294 com.dangbei.component_appcontrol.phrike.XPhrikeAppCreator.register:47 com.dangbei.component_appcontrol.AppControlComponent.onAttached:65
06-09 11:43:23.928 487 1552 I RecoverySystem: No recovery log file
06-09 11:43:23.929 487 487 D AudioDeviceManagerObserver: AudioDeviceManagerObserver: name_linux: ahubdam, name_android: AUDIO_SPDIF
06-09 11:43:23.929 487 487 D AudioDeviceManagerObserver: AudioDeviceManagerObserver: newCardId: /sys/class/sound/card3/id
06-09 11:43:23.930 487 487 D AudioDeviceManagerObserver: AudioDeviceManagerObserver: devName: pcmC3D0c
06-09 11:43:23.930 487 487 D AudioDeviceManagerObserver: ~~~~~~~~ AudioDeviceManagerObserver: findNameMap: id: ahubhdmi
06-09 11:43:23.933 1284 1470 I CallLogProvider: Fetching list of Uris to sync
06-09 11:43:23.940 487 487 D AudioDeviceManagerObserver: AudioDeviceManagerObserver: devName: pcmC3D0p
06-09 11:43:23.941 487 487 D AudioDeviceManagerObserver: ~~~~~~~~ AudioDeviceManagerObserver: findNameMap: id: ahubhdmi
06-09 11:43:23.941 487 487 D AudioDeviceManagerObserver: AudioDeviceManagerObserver: name_linux: ahubhdmi, name_android: AUDIO_USB_ahubhdmi
06-09 11:43:23.941 487 487 D AudioDeviceManagerObserver: AudioDeviceManagerObserver: newCardId: /sys/class/sound/card4/id
06-09 11:43:23.942 487 487 D AudioDeviceManagerObserver: AudioDeviceManagerObserver: devName: pcmC4D0c
06-09 11:43:23.942 487 487 D AudioDeviceManagerObserver: ~~~~~~~~ AudioDeviceManagerObserver: findNameMap: id: ahubi2s2
06-09 11:43:23.942 487 487 D AudioDeviceManagerObserver: AudioDeviceManagerObserver: devName: pcmC4D0p
06-09 11:43:23.942 487 487 D AudioDeviceManagerObserver: ~~~~~~~~ AudioDeviceManagerObserver: findNameMap: id: ahubi2s2
06-09 11:43:23.942 487 487 D AudioDeviceManagerObserver: AudioDeviceManagerObserver: name_linux: ahubi2s2, name_android: AUDIO_USB_ahubi2s2
06-09 11:43:23.942 487 487 D AudioDeviceManagerObserver: AudioDeviceManagerObserver: newCardId: /sys/class/sound/card5/id
06-09 11:43:23.958 487 487 V AudioDeviceManagerObserver: This kernel does not have sound card5
06-09 11:43:23.962 487 487 D AudioManagerEx: AudioManagerEx
06-09 11:43:23.977 1367 1367 I RockyManager: initSDKDelegate:
06-09 11:43:23.980 487 1552 I DropBoxManagerService: add tag=SYSTEM_BOOT isTagEnabled=true flags=0x2
06-09 11:43:23.987 487 1552 I BootReceiver: Copying audit failures to DropBox
06-09 11:43:23.989 262 262 D audio_hw_primary: getAudioDevices()
06-09 11:43:23.989 262 262 D audio_hw_primary: out dev:AUDIO_CODEC
06-09 11:43:23.989 262 262 D audio_hw_primary: in dev:AUDIO_SPDIF
06-09 11:43:23.989 262 262 D audio_hw_primary: out dev:AUDIO_SPDIF
06-09 11:43:23.989 262 262 D audio_hw_primary: in dev:AUDIO_HDMI
06-09 11:43:23.989 262 262 D audio_hw_primary: out dev:AUDIO_HDMI
06-09 11:43:23.989 262 262 D audio_hw_primary: in dev:AUDIO_I2S2
06-09 11:43:23.989 262 262 D audio_hw_primary: out playback: AUDIO_CODEC,AUDIO_SPDIF,AUDIO_HDMI
06-09 11:43:23.990 262 291 D xm_audio: adev_get_parameters
06-09 11:43:23.990 282 422 I hash_map_utils: system/bt/osi/src/hash_map_utils.cc:81 hash_map_utils_dump_string_keys_string_values: key: 'audio_devices_out' value: ''
06-09 11:43:23.993 487 487 D AudioManagerEx: type audio_devices_out list AUDIO_CODEC,AUDIO_SPDIF,AUDIO_HDMI=
06-09 11:43:23.993 487 487 D AudioManagerPolicy: get AUDIO_MANAGE_POLICY is 2
06-09 11:43:23.996 487 487 E AudioDeviceManagerObserver: Could not parse switch state for /sys/devices/virtual/switch/h2w/state ,fail because /sys/devices/virtual/switch/h2w/state: open failed: ENOENT (No such file or directory)
06-09 11:43:23.996 487 487 D AudioManagerPolicy: no usb audio i=3 size=3
06-09 11:43:24.003 487 1552 I BootReceiver: Checking for fsck errors
06-09 11:43:24.007 487 487 D AudioManagerPolicy: curType4 isHdmiPlugin =true
06-09 11:43:24.009 487 487 D AudioManagerPolicy: hdmi is available on init.
06-09 11:43:24.009 487 487 D AudioManagerPolicy: notifyHdmiAvailable hdmi is available
06-09 11:43:24.022 487 620 D chongyuzhao: reconnect again
01-01 08:00:26.496 17 17 I binder : undelivered transaction 25123, process died.
01-01 08:00:26.499 1 1 I init : Service 'bootanim' (pid 525) exited with status 0 oneshot service took 13.011000 seconds in background
01-01 08:00:26.499 1 1 I init : Sending signal 9 to service 'bootanim' (pid 525) process group...
01-01 08:00:26.499 1 1 I libprocessgroup: Successfully killed process cgroup uid 1003 pid 525 in 0ms
01-01 08:00:26.501 1 1 I init : processing action (init.svc.bootanim=stopped) from (/vendor/etc/init/hw/init.oranth.rc:32)
01-01 08:00:26.502 1 1 I init : starting service 'preinstall'...
06-09 11:43:24.080 684 684 V TvNotificationHandler: Notification not added because it isn't relevant for tv
06-09 11:43:24.080 684 684 V TvNotificationHandler: Notification not added because it isn't relevant for tv
06-09 11:43:24.089 1232 1232 E UsbEventBroadcastReceiver: onReceive: android.hardware.usb.action.USB_DEVICE_ATTACHED
01-01 08:00:26.534 1576 1576 W audit : audit_lost=84 audit_rate_limit=5 audit_backlog_limit=64
01-01 08:00:26.534 1576 1576 E audit : rate limit exceeded
06-09 11:43:24.094 1232 1232 E z : isUsbCastSupport getModel:DBBOX-A2
06-09 11:43:24.103 1232 1232 E UsbEventBroadcastReceiver: return USB_CAST_SWITCH false
06-09 11:43:24.108 1232 1232 I crashsdk: Catcher mask: 5000, 20480
06-09 11:43:24.108 1232 1232 I crashsdk: Catcher thread 1237
06-09 11:43:24.108 1232 1232 D crashsdk: Register ANR handler ...
06-09 11:43:24.121 262 262 D audio_hw_primary: Mic get_audio_devices_active:
06-09 11:43:24.121 262 262 D audio_hw_primary: get_audio_devices_active: AUDIO_HDMI
06-09 11:43:24.122 262 262 D xm_audio: adev_get_parameters
06-09 11:43:24.122 282 422 I hash_map_utils: system/bt/osi/src/hash_map_utils.cc:81 hash_map_utils_dump_string_keys_string_values: key: 'audio_devices_out_active' value: ''
06-09 11:43:24.122 1232 1478 I TDLog : TalkingData SDK init...
06-09 11:43:24.122 1232 1478 I TDLog : SDK_VERSION is: Android+TD+V5.0.7 gp Type:Native Build_Num:2141
06-09 11:43:24.122 1232 1478 I TDLog : App ID is: B9D7815EC975466AB1332111FCE62DF5
06-09 11:43:24.122 1232 1478 I TDLog : App Channel is: os
06-09 11:43:24.122 1232 1478 I TDLog : App Custom is:
06-09 11:43:24.122 1232 1478 I TDLog : SDK_OVC is: TDOVC+a3bb7754719798526508b6caad480dd7+SaaS
06-09 11:43:24.130 487 487 D AudioManagerEx: type audio_devices_out_active list AUDIO_HDMI=
06-09 11:43:24.130 487 487 D AudioManagerEx: AudioManagerEx
06-09 11:43:24.134 487 487 D AudioManagerPolicy: save audio is AUDIO_HDMI
06-09 11:43:24.134 487 487 D AudioManagerPolicy: get AUDIO_MANAGE_POLICY is 2
06-09 11:43:24.135 487 487 D AudioManagerPolicy: POLICY_2 Remove USB Audio or No USB Audio Output Device Connected!
06-09 11:43:24.136 1232 1467 I Matrix.AnrTracer: anrTrace, final mAnrBeatTime:400, mAnrBeatRate:400
06-09 11:43:24.136 487 487 D AudioManagerEx: state=audio_devices_out_active,dev=[AUDIO_HDMI]
06-09 11:43:24.136 487 487 D AudioManagerEx: enablePassThrough = true
06-09 11:43:24.138 487 817 D CompatibilityChangeReporter: Compat change id reported: 149924527; UID 10052; state: ENABLED
06-09 11:43:24.141 1232 1467 D LaunchConfigManager: check in allready
06-09 11:43:24.141 487 487 D AudioManagerEx: Hdmi status true,true,1
06-09 11:43:24.141 487 487 D AudioManagerEx: HDMI AUDIO_HDMI
06-09 11:43:24.142 487 487 D AudioManagerEx: AUDIO_NAME_HDMI
06-09 11:43:24.148 487 1415 D CompatibilityChangeReporter: Compat change id reported: 132649864; UID 10052; state: DISABLED
06-09 11:43:24.154 262 262 V audio_hw_primary: adev_set_parameters, mediasw.sft.rawdata=HDMI_RAW
06-09 11:43:24.159 1232 1592 I LaunchTrace: begin sendLaunchCache
06-09 11:43:24.161 487 487 D AudioManagerEx: audio=AUDIO_HDMI
06-09 11:43:24.161 262 262 V audio_hw_primary: adev_set_parameters, audio_devices_out_active=AUDIO_HDMI
06-09 11:43:24.161 262 262 V audio_hw_primary: out AUDIO_PARAMETER_DEVICES_OUT_ACTIVE: AUDIO_HDMI
