06-10 14:11:35.033 487 532 W IorapForwardingService: No service published for: iorapd
06-10 14:11:35.651 2225 2352 I TDLog : [APP] New data found, Submitting...
06-10 14:11:35.668 2225 2352 I TDLog : [APP] Failed to submit data!
06-10 14:11:35.916 2225 2348 D UtilLog : 日志批量上报 进行正常循环 !!!!!!本次有0次请求,共0条数据
06-10 14:11:36.035 487 532 W IorapForwardingService: No service published for: iorapd
06-10 14:11:36.280 669 669 E WifiHAL : wifi_get_link_stats: requestResponse Error:-5
06-10 14:11:36.282 487 620 E WifiVendorHal: getWifiLinkLayerStats_1_5_Internal(l.1191) failed {.code = ERROR_INVALID_ARGS, .description = }
06-10 14:11:37.037 487 532 W IorapForwardingService: No service published for: iorapd
06-10 14:11:37.160 393 3850 I adbd : host-15: read thread spawning
06-10 14:11:37.159 393 3851 I adbd : host-15: write thread spawning
06-10 14:11:37.164 393 393 I adbd : host-15: already offline
06-10 14:11:37.164 393 393 I adbd : Calling send_auth_request...
06-10 14:11:37.404 393 393 I adbd : adbd_auth: loading keys from /data/misc/adb/adb_keys
06-10 14:11:37.406 393 393 I adbd : adb client authorized
01-01 08:06:24.144 203 203 I logd : logdr: UID=2000 GID=2000 PID=3852 b tail=0 logMask=99 pid=0 start=0ns deadline=0ns
06-10 14:11:37.603 3196 3196 I ModuleDataForwa: type=1400 audit(0.0:1188): avc: denied { search } for name="com.dangbei.screencast" dev="mmcblk0p25" ino=908 scontext=u:r:platform_app:s0:c512,c768 tcontext=u:object_r:app_data_file:s0:c512,c768 tclass=dir permissive=1 app=com.dangbei.screencast
06-10 14:11:37.603 3196 3196 I ModuleDataForwa: type=1400 audit(0.0:1189): avc: denied { read } for name="td_database2SaaS" dev="mmcblk0p25" ino=2181 scontext=u:r:platform_app:s0:c512,c768 tcontext=u:object_r:app_data_file:s0:c512,c768 tclass=dir permissive=1 app=com.dangbei.screencast
06-10 14:11:37.603 3196 3196 I ModuleDataForwa: type=1400 audit(0.0:1190): avc: denied { open } for path="/data/user/0/com.dangbei.screencast/files/__database_reborn_January_one__/td_database2SaaS" dev="mmcblk0p25" ino=2181 scontext=u:r:platform_app:s0:c512,c768 tcontext=u:object_r:app_data_file:s0:c512,c768 tclass=dir permissive=1 app=com.dangbei.screencast
06-10 14:11:38.038 487 532 W IorapForwardingService: No service published for: iorapd
06-10 14:11:38.437 1050 1344 E ccc : cccccc sendCycleCheckBroadcast
06-10 14:11:38.439 1050 1344 W ContextImpl: Calling a method in the system process without a qualified user: android.app.ContextImpl.sendBroadcast:1173 android.content.ContextWrapper.sendBroadcast:479 com.dangbei.etna.setting.core.SettingHelper.sendCycleToProjector:250 com.dangbei.etna.setting.core.SettingHelper.sendCycleCheckBroadcast:219 com.dangbei.etna.setting.core.SettingHelper.startLoop$lambda-0:177
06-10 14:11:38.441 1050 1344 W ContextImpl: Calling a method in the system process without a qualified user: android.app.ContextImpl.sendBroadcast:1173 android.content.ContextWrapper.sendBroadcast:479 com.dangbei.etna.setting.core.SettingHelper.sendCycleToVoice:235 com.dangbei.etna.setting.core.SettingHelper.sendCycleCheckBroadcast:220 com.dangbei.etna.setting.core.SettingHelper.startLoop$lambda-0:177
06-10 14:11:38.445 487 848 E ActivityManager: Sending non-protected broadcast com.dangbei.etna.setting.action_cycle_check_broadcast from system 1050:com.dangbei.lerad.etna.haqu/1000 pkg com.dangbei.lerad.etna.haqu
06-10 14:11:38.445 487 848 E ActivityManager: java.lang.Throwable
06-10 14:11:38.445 487 848 E ActivityManager: at com.android.server.am.ActivityManagerService.checkBroadcastFromSystem(ActivityManagerService.java:12816)
06-10 14:11:38.445 487 848 E ActivityManager: at com.android.server.am.ActivityManagerService.broadcastIntentLocked(ActivityManagerService.java:13513)
06-10 14:11:38.445 487 848 E ActivityManager: at com.android.server.am.ActivityManagerService.broadcastIntentLocked(ActivityManagerService.java:12833)
06-10 14:11:38.445 487 848 E ActivityManager: at com.android.server.am.ActivityManagerService.broadcastIntentWithFeature(ActivityManagerService.java:13670)
06-10 14:11:38.445 487 848 E ActivityManager: at android.app.IActivityManager$Stub.onTransact(IActivityManager.java:2326)
06-10 14:11:38.445 487 848 E ActivityManager: at com.android.server.am.ActivityManagerService.onTransact(ActivityManagerService.java:2509)
06-10 14:11:38.445 487 848 E ActivityManager: at android.os.Binder.execTransactInternal(Binder.java:1179)
06-10 14:11:38.445 487 848 E ActivityManager: at android.os.Binder.execTransact(Binder.java:1143)
06-10 14:11:38.447 487 548 I DropBoxManagerService: add tag=system_server_wtf isTagEnabled=true flags=0x2
06-10 14:11:38.468 1367 1367 D RockyVoice: RestartReceiver onReceive
06-10 14:11:39.041 487 532 W IorapForwardingService: No service published for: iorapd
06-10 14:11:39.179 3029 3029 I cling--ap-3: type=1400 audit(0.0:1191): avc: denied { search } for name="net" dev="sysfs" ino=10442 scontext=u:r:platform_app:s0:c512,c768 tcontext=u:object_r:sysfs_net:s0 tclass=dir permissive=1 app=com.dangbei.screencast
06-10 14:11:39.295 669 669 E WifiHAL : wifi_get_link_stats: requestResponse Error:-5
06-10 14:11:39.298 487 620 E WifiVendorHal: getWifiLinkLayerStats_1_5_Internal(l.1191) failed {.code = ERROR_INVALID_ARGS, .description = }
06-10 14:11:40.046 487 532 W IorapForwardingService: No service published for: iorapd
06-10 14:11:41.048 487 532 W IorapForwardingService: No service published for: iorapd
06-10 14:11:42.051 487 532 W IorapForwardingService: No service published for: iorapd
06-10 14:11:42.312 669 669 E WifiHAL : wifi_get_link_stats: requestResponse Error:-5
06-10 14:11:42.314 487 620 E WifiVendorHal: getWifiLinkLayerStats_1_5_Internal(l.1191) failed {.code = ERROR_INVALID_ARGS, .description = }
06-10 14:11:42.951 1133 1133 D aaa : LedStatusService onStartCommand begin
06-10 14:11:42.953 1133 3869 D aaa : topPkg is -------------- :com.dangbei.haqusetting
06-10 14:11:42.965 1189 1189 D bbb : onStartCommand begin !!!!!!! data分区剩余 20615MB
06-10 14:11:43.052 487 532 W IorapForwardingService: No service published for: iorapd
06-10 14:11:43.300 277 297 D hdmi-cec: receive invalid cec message!
06-10 14:11:43.300 277 297 D hdmi-cec: receive poll message [04], skip!
06-10 14:11:44.054 487 532 W IorapForwardingService: No service published for: iorapd
06-10 14:11:45.056 487 532 W IorapForwardingService: No service published for: iorapd
06-10 14:11:45.283 3029 3029 I efs-base: type=1400 audit(0.0:1192): avc: denied { getattr } for path="/data/user/0/com.dangbei.screencast/app_UApm/5fc60c21094d637f3130af19/ready" dev="mmcblk0p25" ino=2095 scontext=u:r:platform_app:s0:c512,c768 tcontext=u:object_r:app_data_file:s0:c512,c768 tclass=dir permissive=1 app=com.dangbei.screencast
06-10 14:11:45.328 669 669 E WifiHAL : wifi_get_link_stats: requestResponse Error:-5
06-10 14:11:45.330 487 620 E WifiVendorHal: getWifiLinkLayerStats_1_5_Internal(l.1191) failed {.code = ERROR_INVALID_ARGS, .description = }
06-10 14:11:45.945 2225 2348 D UtilLog : 日志批量上报 进行正常循环 !!!!!!本次有0次请求,共0条数据
06-10 14:11:46.058 487 532 W IorapForwardingService: No service published for: iorapd
06-10 14:11:46.208 3029 3038 I gbei.screencas: Background concurrent copying GC freed 42901(5691KB) AllocSpace objects, 0(0B) LOS objects, 49% free, 6161KB/12MB, paused 259us total 169.906ms
06-10 14:11:47.061 487 532 W IorapForwardingService: No service published for: iorapd
06-10 14:11:47.954 1050 1320 E dangbei111: cccccc 检查遥控器是否连接: Dangbei E4:BB:D3:57:C0:7D
06-10 14:11:47.959 1050 1320 E dangbei111: cccccc 检查遥控器是否连接: 蓝牙的结果 Dangbei E4:BB:D3:57:C0:7D true
06-10 14:11:47.959 1050 1320 E dangbei111: cccccc 确实有遥控器 存在 取消check任务
06-10 14:11:47.959 1050 1320 E dangbei111: cccccc rc is connected, stop scan =E4:BB:D3:57:C0:7D
06-10 14:11:48.064 487 532 W IorapForwardingService: No service published for: iorapd
06-10 14:11:48.348 669 669 E WifiHAL : wifi_get_link_stats: requestResponse Error:-5
06-10 14:11:48.350 487 620 E WifiVendorHal: getWifiLinkLayerStats_1_5_Internal(l.1191) failed {.code = ERROR_INVALID_ARGS, .description = }
06-10 14:11:49.067 487 532 W IorapForwardingService: No service published for: iorapd
06-10 14:11:50.071 487 532 W IorapForwardingService: No service published for: iorapd
06-10 14:11:50.968 1189 1189 D bbb : onStartCommand begin !!!!!!! data分区剩余 20615MB
06-10 14:11:50.970 1133 1133 D aaa : LedStatusService onStartCommand begin
06-10 14:11:50.971 1133 3881 D aaa : topPkg is -------------- :com.dangbei.haqusetting
06-10 14:11:51.074 487 532 W IorapForwardingService: No service published for: iorapd
06-10 14:11:51.366 669 669 E WifiHAL : wifi_get_link_stats: requestResponse Error:-5
06-10 14:11:51.368 487 620 E WifiVendorHal: getWifiLinkLayerStats_1_5_Internal(l.1191) failed {.code = ERROR_INVALID_ARGS, .description = }
06-10 14:11:52.076 487 532 W IorapForwardingService: No service published for: iorapd
06-10 14:11:53.079 487 532 W IorapForwardingService: No service published for: iorapd
06-10 14:11:54.081 487 532 W IorapForwardingService: No service published for: iorapd
06-10 14:11:54.381 669 669 E WifiHAL : wifi_get_link_stats: requestResponse Error:-5
06-10 14:11:54.383 487 620 E WifiVendorHal: getWifiLinkLayerStats_1_5_Internal(l.1191) failed {.code = ERROR_INVALID_ARGS, .description = }
06-10 14:11:55.084 487 532 W IorapForwardingService: No service published for: iorapd
06-10 14:11:55.946 2225 2348 D UtilLog : 日志批量上报 进行正常循环 !!!!!!本次有0次请求,共0条数据
06-10 14:11:56.086 487 532 W IorapForwardingService: No service published for: iorapd
06-10 14:11:57.089 487 532 W IorapForwardingService: No service published for: iorapd
06-10 14:11:57.396 669 669 E WifiHAL : wifi_get_link_stats: requestResponse Error:-5
06-10 14:11:57.399 487 620 E WifiVendorHal: getWifiLinkLayerStats_1_5_Internal(l.1191) failed {.code = ERROR_INVALID_ARGS, .description = }
06-10 14:11:58.092 487 532 W IorapForwardingService: No service published for: iorapd
06-10 14:11:58.326 277 297 D hdmi-cec: receive invalid cec message!
06-10 14:11:58.326 277 297 D hdmi-cec: receive poll message [04], skip!
06-10 14:11:59.012 1133 1133 D aaa : LedStatusService onStartCommand begin
06-10 14:11:59.014 1189 1189 D bbb : onStartCommand begin !!!!!!! data分区剩余 20615MB
06-10 14:11:59.015 1133 3893 D aaa : topPkg is -------------- :com.dangbei.haqusetting
06-10 14:11:59.094 487 532 W IorapForwardingService: No service published for: iorapd
06-10 14:12:00.096 487 532 W IorapForwardingService: No service published for: iorapd
06-10 14:12:00.412 669 669 E WifiHAL : wifi_get_link_stats: requestResponse Error:-5
06-10 14:12:00.416 487 620 E WifiVendorHal: getWifiLinkLayerStats_1_5_Internal(l.1191) failed {.code = ERROR_INVALID_ARGS, .description = }
06-10 14:12:01.098 487 532 W IorapForwardingService: No service published for: iorapd
06-10 14:12:02.102 487 532 W IorapForwardingService: No service published for: iorapd
06-10 14:12:03.105 487 532 W IorapForwardingService: No service published for: iorapd
06-10 14:12:03.432 669 669 E WifiHAL : wifi_get_link_stats: requestResponse Error:-5
06-10 14:12:03.435 487 620 E WifiVendorHal: getWifiLinkLayerStats_1_5_Internal(l.1191) failed {.code = ERROR_INVALID_ARGS, .description = }
06-10 14:12:04.107 487 532 W IorapForwardingService: No service published for: iorapd
06-10 14:12:04.210 487 998 W ZramWriteback: Writeback device is not set
06-10 14:12:04.211 487 998 D ZramWriteback: wait to flush
06-10 14:12:05.110 487 532 W IorapForwardingService: No service published for: iorapd
06-10 14:12:05.909 2225 2348 D UtilLog : 日志批量上报 进行正常循环 !!!!!!本次有0次请求,共0条数据
06-10 14:12:06.112 487 532 W IorapForwardingService: No service published for: iorapd
06-10 14:12:06.451 669 669 E WifiHAL : wifi_get_link_stats: requestResponse Error:-5
06-10 14:12:06.455 487 620 E WifiVendorHal: getWifiLinkLayerStats_1_5_Internal(l.1191) failed {.code = ERROR_INVALID_ARGS, .description = }
06-10 14:12:07.069 1133 1133 D aaa : LedStatusService onStartCommand begin
06-10 14:12:07.075 1133 3904 D aaa : topPkg is -------------- :com.dangbei.haqusetting
06-10 14:12:07.091 1189 1189 D bbb : onStartCommand begin !!!!!!! data分区剩余 20615MB
06-10 14:12:07.105 3029 3038 I gbei.screencas: Background concurrent copying GC freed 52672(6498KB) AllocSpace objects, 0(0B) LOS objects, 49% free, 6564KB/12MB, paused 169us total 249.463ms
06-10 14:12:07.115 487 532 W IorapForwardingService: No service published for: iorapd
06-10 14:12:08.117 487 532 W IorapForwardingService: No service published for: iorapd
06-10 14:12:09.120 487 532 W IorapForwardingService: No service published for: iorapd
06-10 14:12:09.471 669 669 E WifiHAL : wifi_get_link_stats: requestResponse Error:-5
06-10 14:12:09.474 487 620 E WifiVendorHal: getWifiLinkLayerStats_1_5_Internal(l.1191) failed {.code = ERROR_INVALID_ARGS, .description = }
06-10 14:12:10.122 487 532 W IorapForwardingService: No service published for: iorapd
06-10 14:12:11.124 487 532 W IorapForwardingService: No service published for: iorapd
06-10 14:12:12.127 487 532 W IorapForwardingService: No service published for: iorapd
06-10 14:12:12.488 669 669 E WifiHAL : wifi_get_link_stats: requestResponse Error:-5
06-10 14:12:12.491 487 620 E WifiVendorHal: getWifiLinkLayerStats_1_5_Internal(l.1191) failed {.code = ERROR_INVALID_ARGS, .description = }
06-10 14:12:13.130 487 532 W IorapForwardingService: No service published for: iorapd
06-10 14:12:13.353 277 297 D hdmi-cec: receive invalid cec message!
06-10 14:12:13.353 277 297 D hdmi-cec: receive poll message [04], skip!
06-10 14:12:14.132 487 532 W IorapForwardingService: No service published for: iorapd
06-10 14:12:15.079 1189 1189 D bbb : onStartCommand begin !!!!!!! data分区剩余 20615MB
06-10 14:12:15.081 1133 1133 D aaa : LedStatusService onStartCommand begin
06-10 14:12:15.085 1133 3918 D aaa : topPkg is -------------- :com.dangbei.haqusetting
06-10 14:12:15.134 487 532 W IorapForwardingService: No service published for: iorapd
06-10 14:12:15.506 669 669 E WifiHAL : wifi_get_link_stats: requestResponse Error:-5
06-10 14:12:15.508 487 620 E WifiVendorHal: getWifiLinkLayerStats_1_5_Internal(l.1191) failed {.code = ERROR_INVALID_ARGS, .description = }
06-10 14:12:15.945 2225 2348 D UtilLog : 日志批量上报 进行正常循环 !!!!!!本次有0次请求,共0条数据
06-10 14:12:16.136 487 532 W IorapForwardingService: No service published for: iorapd
06-10 14:12:16.647 3029 3029 I cling--ap-11: type=1400 audit(0.0:1193): avc: denied { read } for name="address" dev="sysfs" ino=16906 scontext=u:r:platform_app:s0:c512,c768 tcontext=u:object_r:sysfs_net:s0 tclass=file permissive=1 app=com.dangbei.screencast
06-10 14:12:16.647 3029 3029 I cling--ap-11: type=1400 audit(0.0:1194): avc: denied { open } for path="/sys/devices/virtual/net/dummy0/address" dev="sysfs" ino=16906 scontext=u:r:platform_app:s0:c512,c768 tcontext=u:object_r:sysfs_net:s0 tclass=file permissive=1 app=com.dangbei.screencast
06-10 14:12:16.647 3029 3029 I cling--ap-11: type=1400 audit(0.0:1195): avc: denied { getattr } for path="/sys/devices/virtual/net/dummy0/address" dev="sysfs" ino=16906 scontext=u:r:platform_app:s0:c512,c768 tcontext=u:object_r:sysfs_net:s0 tclass=file permissive=1 app=com.dangbei.screencast
06-10 14:12:17.138 487 532 W IorapForwardingService: No service published for: iorapd
06-10 14:12:17.516 2225 2352 I TDLog : [APP] New data found, Submitting...
06-10 14:12:17.541 2225 2352 I TDLog : [APP] Failed to submit data!
06-10 14:12:18.141 487 532 W IorapForwardingService: No service published for: iorapd
06-10 14:12:18.518 669 669 E WifiHAL : wifi_get_link_stats: requestResponse Error:-5
06-10 14:12:18.520 487 620 E WifiVendorHal: getWifiLinkLayerStats_1_5_Internal(l.1191) failed {.code = ERROR_INVALID_ARGS, .description = }
06-10 14:12:19.144 487 532 W IorapForwardingService: No service published for: iorapd
06-10 14:12:20.145 487 532 W IorapForwardingService: No service published for: iorapd
06-10 14:12:21.148 487 532 W IorapForwardingService: No service published for: iorapd
06-10 14:12:21.531 669 669 E WifiHAL : wifi_get_link_stats: requestResponse Error:-5
06-10 14:12:21.533 487 620 E WifiVendorHal: getWifiLinkLayerStats_1_5_Internal(l.1191) failed {.code = ERROR_INVALID_ARGS, .description = }
06-10 14:12:22.150 487 532 W IorapForwardingService: No service published for: iorapd
06-10 14:12:22.270 3029 3038 I gbei.screencas: Background concurrent copying GC freed 63130(6869KB) AllocSpace objects, 4(80KB) LOS objects, 49% free, 6114KB/11MB, paused 230us total 192.375ms
06-10 14:12:23.126 1133 1133 D aaa : LedStatusService onStartCommand begin
06-10 14:12:23.128 1133 3932 D aaa : topPkg is -------------- :com.dangbei.haqusetting
06-10 14:12:23.132 1189 1189 D bbb : onStartCommand begin !!!!!!! data分区剩余 20615MB
06-10 14:12:23.152 487 532 W IorapForwardingService: No service published for: iorapd
06-10 14:12:24.154 487 532 W IorapForwardingService: No service published for: iorapd
06-10 14:12:24.548 669 669 E WifiHAL : wifi_get_link_stats: requestResponse Error:-5
06-10 14:12:24.550 487 620 E WifiVendorHal: getWifiLinkLayerStats_1_5_Internal(l.1191) failed {.code = ERROR_INVALID_ARGS, .description = }
06-10 14:12:25.156 487 532 W IorapForwardingService: No service published for: iorapd
06-10 14:12:25.918 2225 2348 D UtilLog : 日志批量上报 进行正常循环 !!!!!!本次有0次请求,共0条数据
06-10 14:12:26.158 487 532 W IorapForwardingService: No service published for: iorapd
06-10 14:12:27.161 487 532 W IorapForwardingService: No service published for: iorapd
06-10 14:12:27.568 669 669 E WifiHAL : wifi_get_link_stats: requestResponse Error:-5
06-10 14:12:27.571 487 620 E WifiVendorHal: getWifiLinkLayerStats_1_5_Internal(l.1191) failed {.code = ERROR_INVALID_ARGS, .description = }
06-10 14:12:28.166 487 532 W IorapForwardingService: No service published for: iorapd
06-10 14:12:28.378 277 297 D hdmi-cec: receive invalid cec message!
06-10 14:12:28.378 277 297 D hdmi-cec: receive poll message [04], skip!
06-10 14:12:29.168 487 532 W IorapForwardingService: No service published for: iorapd
06-10 14:12:30.169 487 532 W IorapForwardingService: No service published for: iorapd
06-10 14:12:30.586 669 669 E WifiHAL : wifi_get_link_stats: requestResponse Error:-5
06-10 14:12:30.588 487 620 E WifiVendorHal: getWifiLinkLayerStats_1_5_Internal(l.1191) failed {.code = ERROR_INVALID_ARGS, .description = }
06-10 14:12:31.171 487 532 W IorapForwardingService: No service published for: iorapd
06-10 14:12:31.175 1189 1189 D bbb : onStartCommand begin !!!!!!! data分区剩余 20615MB
06-10 14:12:31.182 1133 1133 D aaa : LedStatusService onStartCommand begin
06-10 14:12:31.184 1133 3944 D aaa : topPkg is -------------- :com.dangbei.haqusetting
06-10 14:12:32.174 487 532 W IorapForwardingService: No service published for: iorapd
06-10 14:12:33.176 487 532 W IorapForwardingService: No service published for: iorapd
06-10 14:12:33.598 669 669 E WifiHAL : wifi_get_link_stats: requestResponse Error:-5
06-10 14:12:33.601 487 620 E WifiVendorHal: getWifiLinkLayerStats_1_5_Internal(l.1191) failed {.code = ERROR_INVALID_ARGS, .description = }
06-10 14:12:34.178 487 532 W IorapForwardingService: No service published for: iorapd
06-10 14:12:34.213 487 998 W ZramWriteback: Writeback device is not set
06-10 14:12:34.214 487 998 D ZramWriteback: wait to flush
06-10 14:12:35.181 487 532 W IorapForwardingService: No service published for: iorapd
06-10 14:12:35.944 2225 2348 D UtilLog : 日志批量上报 进行正常循环 !!!!!!本次有0次请求,共0条数据
06-10 14:12:36.183 487 532 W IorapForwardingService: No service published for: iorapd
06-10 14:12:36.616 669 669 E WifiHAL : wifi_get_link_stats: requestResponse Error:-5
06-10 14:12:36.620 487 620 E WifiVendorHal: getWifiLinkLayerStats_1_5_Internal(l.1191) failed {.code = ERROR_INVALID_ARGS, .description = }
06-10 14:12:37.185 487 532 W IorapForwardingService: No service published for: iorapd
06-10 14:12:38.188 487 532 W IorapForwardingService: No service published for: iorapd
06-10 14:12:39.190 487 532 W IorapForwardingService: No service published for: iorapd
06-10 14:12:39.218 1133 1133 D aaa : LedStatusService onStartCommand begin
06-10 14:12:39.220 1189 1189 D bbb : onStartCommand begin !!!!!!! data分区剩余 20615MB
06-10 14:12:39.220 1133 3955 D aaa : topPkg is -------------- :com.dangbei.haqusetting
06-10 14:12:39.635 669 669 E WifiHAL : wifi_get_link_stats: requestResponse Error:-5
06-10 14:12:39.638 487 620 E WifiVendorHal: getWifiLinkLayerStats_1_5_Internal(l.1191) failed {.code = ERROR_INVALID_ARGS, .description = }
06-10 14:12:40.192 487 532 W IorapForwardingService: No service published for: iorapd
06-10 14:12:41.196 487 532 W IorapForwardingService: No service published for: iorapd
06-10 14:12:42.197 487 532 W IorapForwardingService: No service published for: iorapd
06-10 14:12:42.653 669 669 E WifiHAL : wifi_get_link_stats: requestResponse Error:-5
06-10 14:12:42.656 487 620 E WifiVendorHal: getWifiLinkLayerStats_1_5_Internal(l.1191) failed {.code = ERROR_INVALID_ARGS, .description = }
06-10 14:12:43.200 487 532 W IorapForwardingService: No service published for: iorapd
06-10 14:12:43.405 277 297 D hdmi-cec: receive invalid cec message!
06-10 14:12:43.405 277 297 D hdmi-cec: receive poll message [04], skip!
06-10 14:12:43.694 3029 3038 I gbei.screencas: Background concurrent copying GC freed 61759(6260KB) AllocSpace objects, 0(0B) LOS objects, 49% free, 5910KB/11MB, paused 125us total 160.113ms
06-10 14:12:44.202 487 532 W IorapForwardingService: No service published for: iorapd
06-10 14:12:45.205 487 532 W IorapForwardingService: No service published for: iorapd
06-10 14:12:45.673 669 669 E WifiHAL : wifi_get_link_stats: requestResponse Error:-5
06-10 14:12:45.677 487 620 E WifiVendorHal: getWifiLinkLayerStats_1_5_Internal(l.1191) failed {.code = ERROR_INVALID_ARGS, .description = }
06-10 14:12:45.945 2225 2348 D UtilLog : 日志批量上报 进行正常循环 !!!!!!本次有0次请求,共0条数据
06-10 14:12:46.207 487 532 W IorapForwardingService: No service published for: iorapd
06-10 14:12:47.209 487 532 W IorapForwardingService: No service published for: iorapd
06-10 14:12:47.265 1189 1189 D bbb : onStartCommand begin !!!!!!! data分区剩余 20615MB
06-10 14:12:47.270 1133 1133 D aaa : LedStatusService onStartCommand begin
06-10 14:12:47.273 1133 3969 D aaa : topPkg is -------------- :com.dangbei.haqusetting
06-10 14:12:48.211 487 532 W IorapForwardingService: No service published for: iorapd
06-10 14:12:48.691 669 669 E WifiHAL : wifi_get_link_stats: requestResponse Error:-5
06-10 14:12:48.693 487 620 E WifiVendorHal: getWifiLinkLayerStats_1_5_Internal(l.1191) failed {.code = ERROR_INVALID_ARGS, .description = }
06-10 14:12:49.214 487 532 W IorapForwardingService: No service published for: iorapd
06-10 14:12:49.380 3196 3293 D nStackXCoAP: IsInSameNetwork:[276] :IsInSameNetwork exec
06-10 14:12:49.380 3196 3293 I nStackXDFinder: GetLocalInterfaceDetail:[461] :GetLocalInterfaceDetail in
06-10 14:12:49.380 3196 3293 E nStackXCoAP: IsInSameNetwork:[281] :IsInSameNetwork: not priority process
06-10 14:12:49.380 3196 3293 D nStackXCoAP: ParseServiceDiscover:[330] :new device join
06-10 14:12:49.380 3196 3293 E nStackXDFinder: GetLocalIp:[401] :GetLocalIp exec
06-10 14:12:49.454 3196 3293 D nStackXCoAP: CoapMessageHandler:[133] :2.01
06-10 14:12:49.520 3196 3293 D nStackXCoAP: IsInSameNetwork:[276] :IsInSameNetwork exec
06-10 14:12:49.520 3196 3293 I nStackXDFinder: GetLocalInterfaceDetail:[461] :GetLocalInterfaceDetail in
06-10 14:12:49.520 3196 3293 E nStackXCoAP: IsInSameNetwork:[281] :IsInSameNetwork: not priority process
06-10 14:12:49.520 3196 3293 D nStackXCoAP: ParseServiceDiscover:[330] :new device join
06-10 14:12:49.520 3196 3293 E nStackXDFinder: GetLocalIp:[401] :GetLocalIp exec
06-10 14:12:49.540 3196 3293 D nStackXCoAP: CoapMessageHandler:[133] :2.01
06-10 14:12:49.625 3196 3293 D nStackXCoAP: IsInSameNetwork:[276] :IsInSameNetwork exec
06-10 14:12:49.625 3196 3293 I nStackXDFinder: GetLocalInterfaceDetail:[461] :GetLocalInterfaceDetail in
06-10 14:12:49.625 3196 3293 E nStackXCoAP: IsInSameNetwork:[281] :IsInSameNetwork: not priority process
06-10 14:12:49.625 3196 3293 D nStackXCoAP: ParseServiceDiscover:[330] :new device join
06-10 14:12:49.625 3196 3293 E nStackXDFinder: GetLocalIp:[401] :GetLocalIp exec
06-10 14:12:49.638 3196 3293 D nStackXCoAP: CoapMessageHandler:[133] :2.01
06-10 14:12:49.850 3196 3293 D nStackXCoAP: IsInSameNetwork:[276] :IsInSameNetwork exec
06-10 14:12:49.850 3196 3293 I nStackXDFinder: GetLocalInterfaceDetail:[461] :GetLocalInterfaceDetail in
06-10 14:12:49.850 3196 3293 E nStackXCoAP: IsInSameNetwork:[281] :IsInSameNetwork: not priority process
06-10 14:12:49.851 3196 3293 D nStackXCoAP: ParseServiceDiscover:[330] :new device join
06-10 14:12:49.851 3196 3293 E nStackXDFinder: GetLocalIp:[401] :GetLocalIp exec
06-10 14:12:49.905 3196 3293 D nStackXCoAP: CoapMessageHandler:[133] :2.01
06-10 14:12:50.217 487 532 W IorapForwardingService: No service published for: iorapd
06-10 14:12:50.371 3196 3293 D nStackXCoAP: IsInSameNetwork:[276] :IsInSameNetwork exec
06-10 14:12:50.372 3196 3293 I nStackXDFinder: GetLocalInterfaceDetail:[461] :GetLocalInterfaceDetail in
06-10 14:12:50.372 3196 3293 E nStackXCoAP: IsInSameNetwork:[281] :IsInSameNetwork: not priority process
06-10 14:12:50.372 3196 3293 D nStackXCoAP: ParseServiceDiscover:[330] :new device join
06-10 14:12:50.372 3196 3293 E nStackXDFinder: GetLocalIp:[401] :GetLocalIp exec
06-10 14:12:50.454 3196 3293 D nStackXCoAP: CoapMessageHandler:[133] :2.01
06-10 14:12:50.856 3196 3293 D nStackXCoAP: IsInSameNetwork:[276] :IsInSameNetwork exec
06-10 14:12:50.856 3196 3293 I nStackXDFinder: GetLocalInterfaceDetail:[461] :GetLocalInterfaceDetail in
06-10 14:12:50.856 3196 3293 E nStackXCoAP: IsInSameNetwork:[281] :IsInSameNetwork: not priority process
06-10 14:12:50.857 3196 3293 D nStackXCoAP: ParseServiceDiscover:[330] :new device join
06-10 14:12:50.857 3196 3293 E nStackXDFinder: GetLocalIp:[401] :GetLocalIp exec
06-10 14:12:50.872 3196 3293 D nStackXCoAP: CoapMessageHandler:[133] :2.01
06-10 14:12:51.219 487 532 W IorapForwardingService: No service published for: iorapd
06-10 14:12:51.418 3196 3293 D nStackXCoAP: IsInSameNetwork:[276] :IsInSameNetwork exec
06-10 14:12:51.418 3196 3293 I nStackXDFinder: GetLocalInterfaceDetail:[461] :GetLocalInterfaceDetail in
06-10 14:12:51.418 3196 3293 E nStackXCoAP: IsInSameNetwork:[281] :IsInSameNetwork: not priority process
06-10 14:12:51.418 3196 3293 D nStackXCoAP: ParseServiceDiscover:[330] :new device join
06-10 14:12:51.418 3196 3293 E nStackXDFinder: GetLocalIp:[401] :GetLocalIp exec
06-10 14:12:51.461 3196 3293 D nStackXCoAP: CoapMessageHandler:[133] :2.01
06-10 14:12:51.716 669 669 E WifiHAL : wifi_get_link_stats: requestResponse Error:-5
06-10 14:12:51.732 487 620 E WifiVendorHal: getWifiLinkLayerStats_1_5_Internal(l.1191) failed {.code = ERROR_INVALID_ARGS, .description = }
06-10 14:12:51.880 3196 3293 D nStackXCoAP: IsInSameNetwork:[276] :IsInSameNetwork exec
06-10 14:12:51.880 3196 3293 I nStackXDFinder: GetLocalInterfaceDetail:[461] :GetLocalInterfaceDetail in
06-10 14:12:51.880 3196 3293 E nStackXCoAP: IsInSameNetwork:[281] :IsInSameNetwork: not priority process
06-10 14:12:51.880 3196 3293 D nStackXCoAP: ParseServiceDiscover:[330] :new device join
06-10 14:12:51.880 3196 3293 E nStackXDFinder: GetLocalIp:[401] :GetLocalIp exec
06-10 14:12:51.913 3196 3293 D nStackXCoAP: CoapMessageHandler:[133] :2.01
06-10 14:12:52.221 487 532 W IorapForwardingService: No service published for: iorapd
06-10 14:12:52.394 3196 3293 D nStackXCoAP: IsInSameNetwork:[276] :IsInSameNetwork exec
06-10 14:12:52.394 3196 3293 I nStackXDFinder: GetLocalInterfaceDetail:[461] :GetLocalInterfaceDetail in
06-10 14:12:52.394 3196 3293 E nStackXCoAP: IsInSameNetwork:[281] :IsInSameNetwork: not priority process
06-10 14:12:52.394 3196 3293 D nStackXCoAP: ParseServiceDiscover:[330] :new device join
06-10 14:12:52.394 3196 3293 E nStackXDFinder: GetLocalIp:[401] :GetLocalIp exec
06-10 14:12:52.555 3196 3293 D nStackXCoAP: CoapMessageHandler:[133] :2.01
06-10 14:12:52.901 3196 3293 D nStackXCoAP: IsInSameNetwork:[276] :IsInSameNetwork exec
06-10 14:12:52.901 3196 3293 I nStackXDFinder: GetLocalInterfaceDetail:[461] :GetLocalInterfaceDetail in
06-10 14:12:52.901 3196 3293 E nStackXCoAP: IsInSameNetwork:[281] :IsInSameNetwork: not priority process
06-10 14:12:52.901 3196 3293 D nStackXCoAP: ParseServiceDiscover:[330] :new device join
06-10 14:12:52.901 3196 3293 E nStackXDFinder: GetLocalIp:[401] :GetLocalIp exec
06-10 14:12:52.919 3196 3293 D nStackXCoAP: CoapMessageHandler:[133] :2.01
06-10 14:12:53.223 487 532 W IorapForwardingService: No service published for: iorapd
06-10 14:12:53.411 3196 3293 D nStackXCoAP: IsInSameNetwork:[276] :IsInSameNetwork exec
06-10 14:12:53.411 3196 3293 I nStackXDFinder: GetLocalInterfaceDetail:[461] :GetLocalInterfaceDetail in
06-10 14:12:53.411 3196 3293 E nStackXCoAP: IsInSameNetwork:[281] :IsInSameNetwork: not priority process
06-10 14:12:53.411 3196 3293 D nStackXCoAP: ParseServiceDiscover:[330] :new device join
06-10 14:12:53.411 3196 3293 E nStackXDFinder: GetLocalIp:[401] :GetLocalIp exec
06-10 14:12:53.452 3196 3293 D nStackXCoAP: CoapMessageHandler:[133] :2.01
06-10 14:12:53.923 3196 3293 D nStackXCoAP: IsInSameNetwork:[276] :IsInSameNetwork exec
06-10 14:12:53.924 3196 3293 I nStackXDFinder: GetLocalInterfaceDetail:[461] :GetLocalInterfaceDetail in
06-10 14:12:53.924 3196 3293 E nStackXCoAP: IsInSameNetwork:[281] :IsInSameNetwork: not priority process
06-10 14:12:53.924 3196 3293 D nStackXCoAP: ParseServiceDiscover:[330] :new device join
06-10 14:12:53.924 3196 3293 E nStackXDFinder: GetLocalIp:[401] :GetLocalIp exec
06-10 14:12:53.934 3196 3293 D nStackXCoAP: CoapMessageHandler:[133] :2.01
06-10 14:12:54.225 487 532 W IorapForwardingService: No service published for: iorapd
06-10 14:12:54.440 2225 2352 I TDLog : [APP] New data found, Submitting...
06-10 14:12:54.451 2225 2246 I gbei.zhushou.o: ThreadFlipBegin blocked for 5.769ms
06-10 14:12:54.463 2225 2352 I TDLog : [APP] Failed to submit data!
06-10 14:12:54.764 669 669 E WifiHAL : wifi_get_link_stats: requestResponse Error:-5
06-10 14:12:54.767 487 620 E WifiVendorHal: getWifiLinkLayerStats_1_5_Internal(l.1191) failed {.code = ERROR_INVALID_ARGS, .description = }
06-10 14:12:55.231 487 532 W IorapForwardingService: No service published for: iorapd
06-10 14:12:55.301 1189 1189 D bbb : onStartCommand begin !!!!!!! data分区剩余 20615MB
06-10 14:12:55.307 1133 1133 D aaa : LedStatusService onStartCommand begin
06-10 14:12:55.315 1133 3983 D aaa : topPkg is -------------- :com.dangbei.haqusetting
06-10 14:12:55.944 2225 2348 D UtilLog : 日志批量上报 进行正常循环 !!!!!!本次有0次请求,共0条数据
06-10 14:12:56.234 487 532 W IorapForwardingService: No service published for: iorapd
06-10 14:12:57.236 487 532 W IorapForwardingService: No service published for: iorapd
06-10 14:12:57.789 669 669 E WifiHAL : wifi_get_link_stats: requestResponse Error:-5
06-10 14:12:57.794 487 620 E WifiVendorHal: getWifiLinkLayerStats_1_5_Internal(l.1191) failed {.code = ERROR_INVALID_ARGS, .description = }
06-10 14:12:58.237 487 532 W IorapForwardingService: No service published for: iorapd
06-10 14:12:58.430 277 297 D hdmi-cec: receive invalid cec message!
06-10 14:12:58.430 277 297 D hdmi-cec: receive poll message [04], skip!
06-10 14:12:59.240 487 532 W IorapForwardingService: No service published for: iorapd
06-10 14:13:00.241 487 532 W IorapForwardingService: No service published for: iorapd
06-10 14:13:00.814 669 669 E WifiHAL : wifi_get_link_stats: requestResponse Error:-5
06-10 14:13:00.820 487 620 E WifiVendorHal: getWifiLinkLayerStats_1_5_Internal(l.1191) failed {.code = ERROR_INVALID_ARGS, .description = }
06-10 14:13:01.245 487 532 W IorapForwardingService: No service published for: iorapd
06-10 14:13:02.248 487 532 W IorapForwardingService: No service published for: iorapd
06-10 14:13:02.836 3196 3293 D nStackXCoAP: IsInSameNetwork:[276] :IsInSameNetwork exec
06-10 14:13:02.836 3196 3293 I nStackXDFinder: GetLocalInterfaceDetail:[461] :GetLocalInterfaceDetail in
06-10 14:13:02.836 3196 3293 E nStackXCoAP: IsInSameNetwork:[281] :IsInSameNetwork: not priority process
06-10 14:13:02.836 3196 3293 D nStackXCoAP: ParseServiceDiscover:[330] :new device join
06-10 14:13:02.836 3196 3293 I nStackXDFinder: NotifyDeviceListChanged:[540] :notify callback: device list changed callback is null
06-10 14:13:02.836 3196 3293 E nStackXDFinder: GetLocalIp:[401] :GetLocalIp exec
06-10 14:13:02.935 3196 3293 D nStackXCoAP: IsInSameNetwork:[276] :IsInSameNetwork exec
06-10 14:13:02.935 3196 3293 I nStackXDFinder: GetLocalInterfaceDetail:[461] :GetLocalInterfaceDetail in
06-10 14:13:02.935 3196 3293 E nStackXCoAP: IsInSameNetwork:[281] :IsInSameNetwork: not priority process
06-10 14:13:02.935 3196 3293 D nStackXCoAP: ParseServiceDiscover:[330] :new device join
06-10 14:13:02.935 3196 3293 E nStackXDFinder: GetLocalIp:[401] :GetLocalIp exec
06-10 14:13:03.140 3196 3293 D nStackXCoAP: IsInSameNetwork:[276] :IsInSameNetwork exec
06-10 14:13:03.140 3196 3293 I nStackXDFinder: GetLocalInterfaceDetail:[461] :GetLocalInterfaceDetail in
06-10 14:13:03.140 3196 3293 E nStackXCoAP: IsInSameNetwork:[281] :IsInSameNetwork: not priority process
06-10 14:13:03.140 3196 3293 D nStackXCoAP: ParseServiceDiscover:[330] :new device join
06-10 14:13:03.140 3196 3293 E nStackXDFinder: GetLocalIp:[401] :GetLocalIp exec
06-10 14:13:03.156 3029 3038 I gbei.screencas: Background concurrent copying GC freed 49901(5798KB) AllocSpace objects, 4(80KB) LOS objects, 49% free, 5856KB/11MB, paused 139us total 158.931ms
06-10 14:13:03.250 487 532 W IorapForwardingService: No service published for: iorapd
06-10 14:13:03.343 1133 1133 D aaa : LedStatusService onStartCommand begin
06-10 14:13:03.346 1189 1189 D bbb : onStartCommand begin !!!!!!! data分区剩余 20615MB
06-10 14:13:03.346 1133 3994 D aaa : topPkg is -------------- :com.dangbei.haqusetting
06-10 14:13:03.452 3196 3293 D nStackXCoAP: IsInSameNetwork:[276] :IsInSameNetwork exec
06-10 14:13:03.452 3196 3293 I nStackXDFinder: GetLocalInterfaceDetail:[461] :GetLocalInterfaceDetail in
06-10 14:13:03.452 3196 3293 E nStackXCoAP: IsInSameNetwork:[281] :IsInSameNetwork: not priority process
06-10 14:13:03.452 3196 3293 D nStackXCoAP: ParseServiceDiscover:[330] :new device join
06-10 14:13:03.452 3196 3293 E nStackXDFinder: GetLocalIp:[401] :GetLocalIp exec
06-10 14:13:03.757 3196 3293 D nStackXCoAP: IsInSameNetwork:[276] :IsInSameNetwork exec
06-10 14:13:03.757 3196 3293 I nStackXDFinder: GetLocalInterfaceDetail:[461] :GetLocalInterfaceDetail in
06-10 14:13:03.757 3196 3293 E nStackXCoAP: IsInSameNetwork:[281] :IsInSameNetwork: not priority process
06-10 14:13:03.757 3196 3293 D nStackXCoAP: ParseServiceDiscover:[330] :new device join
06-10 14:13:03.757 3196 3293 E nStackXDFinder: GetLocalIp:[401] :GetLocalIp exec
06-10 14:13:03.842 669 669 E WifiHAL : wifi_get_link_stats: requestResponse Error:-5
06-10 14:13:03.843 487 620 E WifiVendorHal: getWifiLinkLayerStats_1_5_Internal(l.1191) failed {.code = ERROR_INVALID_ARGS, .description = }
06-10 14:13:04.216 487 998 W ZramWriteback: Writeback device is not set
06-10 14:13:04.216 487 998 D ZramWriteback: wait to flush
06-10 14:13:04.252 487 532 W IorapForwardingService: No service published for: iorapd
06-10 14:13:04.278 3196 3293 D nStackXCoAP: IsInSameNetwork:[276] :IsInSameNetwork exec
06-10 14:13:04.278 3196 3293 I nStackXDFinder: GetLocalInterfaceDetail:[461] :GetLocalInterfaceDetail in
06-10 14:13:04.278 3196 3293 E nStackXCoAP: IsInSameNetwork:[281] :IsInSameNetwork: not priority process
06-10 14:13:04.278 3196 3293 D nStackXCoAP: ParseServiceDiscover:[330] :new device join
06-10 14:13:04.278 3196 3293 E nStackXDFinder: GetLocalIp:[401] :GetLocalIp exec
06-10 14:13:04.881 3196 3293 D nStackXCoAP: IsInSameNetwork:[276] :IsInSameNetwork exec
06-10 14:13:04.881 3196 3293 I nStackXDFinder: GetLocalInterfaceDetail:[461] :GetLocalInterfaceDetail in
06-10 14:13:04.881 3196 3293 E nStackXCoAP: IsInSameNetwork:[281] :IsInSameNetwork: not priority process
06-10 14:13:04.882 3196 3293 D nStackXCoAP: ParseServiceDiscover:[330] :new device join
06-10 14:13:04.882 3196 3293 E nStackXDFinder: GetLocalIp:[401] :GetLocalIp exec
06-10 14:13:05.255 487 532 W IorapForwardingService: No service published for: iorapd
06-10 14:13:05.395 3196 3293 D nStackXCoAP: IsInSameNetwork:[276] :IsInSameNetwork exec
06-10 14:13:05.395 3196 3293 I nStackXDFinder: GetLocalInterfaceDetail:[461] :GetLocalInterfaceDetail in
06-10 14:13:05.395 3196 3293 E nStackXCoAP: IsInSameNetwork:[281] :IsInSameNetwork: not priority process
06-10 14:13:05.395 3196 3293 D nStackXCoAP: ParseServiceDiscover:[330] :new device join
06-10 14:13:05.396 3196 3293 E nStackXDFinder: GetLocalIp:[401] :GetLocalIp exec
06-10 14:13:05.803 3196 3293 D nStackXCoAP: IsInSameNetwork:[276] :IsInSameNetwork exec
06-10 14:13:05.803 3196 3293 I nStackXDFinder: GetLocalInterfaceDetail:[461] :GetLocalInterfaceDetail in
06-10 14:13:05.803 3196 3293 E nStackXCoAP: IsInSameNetwork:[281] :IsInSameNetwork: not priority process
06-10 14:13:05.803 3196 3293 D nStackXCoAP: ParseServiceDiscover:[330] :new device join
06-10 14:13:05.803 3196 3293 E nStackXDFinder: GetLocalIp:[401] :GetLocalIp exec
06-10 14:13:05.944 2225 2348 D UtilLog : 日志批量上报 进行正常循环 !!!!!!本次有0次请求,共0条数据
06-10 14:13:06.258 487 532 W IorapForwardingService: No service published for: iorapd
06-10 14:13:06.359 3196 3293 D nStackXCoAP: IsInSameNetwork:[276] :IsInSameNetwork exec
06-10 14:13:06.359 3196 3293 I nStackXDFinder: GetLocalInterfaceDetail:[461] :GetLocalInterfaceDetail in
06-10 14:13:06.359 3196 3293 E nStackXCoAP: IsInSameNetwork:[281] :IsInSameNetwork: not priority process
06-10 14:13:06.359 3196 3293 D nStackXCoAP: ParseServiceDiscover:[330] :new device join
06-10 14:13:06.360 3196 3293 E nStackXDFinder: GetLocalIp:[401] :GetLocalIp exec
06-10 14:13:06.833 3196 3293 D nStackXCoAP: IsInSameNetwork:[276] :IsInSameNetwork exec
06-10 14:13:06.833 3196 3293 I nStackXDFinder: GetLocalInterfaceDetail:[461] :GetLocalInterfaceDetail in
06-10 14:13:06.833 3196 3293 E nStackXCoAP: IsInSameNetwork:[281] :IsInSameNetwork: not priority process
06-10 14:13:06.833 3196 3293 D nStackXCoAP: ParseServiceDiscover:[330] :new device join
06-10 14:13:06.834 3196 3293 E nStackXDFinder: GetLocalIp:[401] :GetLocalIp exec
06-10 14:13:06.865 669 669 E WifiHAL : wifi_get_link_stats: requestResponse Error:-5
06-10 14:13:06.867 487 620 E WifiVendorHal: getWifiLinkLayerStats_1_5_Internal(l.1191) failed {.code = ERROR_INVALID_ARGS, .description = }
06-10 14:13:07.261 487 532 W IorapForwardingService: No service published for: iorapd
06-10 14:13:07.384 3196 3293 D nStackXCoAP: IsInSameNetwork:[276] :IsInSameNetwork exec
06-10 14:13:07.384 3196 3293 I nStackXDFinder: GetLocalInterfaceDetail:[461] :GetLocalInterfaceDetail in
06-10 14:13:07.384 3196 3293 E nStackXCoAP: IsInSameNetwork:[281] :IsInSameNetwork: not priority process
06-10 14:13:07.384 3196 3293 D nStackXCoAP: ParseServiceDiscover:[330] :new device join
06-10 14:13:07.384 3196 3293 E nStackXDFinder: GetLocalIp:[401] :GetLocalIp exec
06-10 14:13:08.266 487 532 W IorapForwardingService: No service published for: iorapd
06-10 14:13:09.269 487 532 W IorapForwardingService: No service published for: iorapd
06-10 14:13:09.887 669 669 E WifiHAL : wifi_get_link_stats: requestResponse Error:-5
06-10 14:13:09.889 487 620 E WifiVendorHal: getWifiLinkLayerStats_1_5_Internal(l.1191) failed {.code = ERROR_INVALID_ARGS, .description = }
06-10 14:13:10.271 487 532 W IorapForwardingService: No service published for: iorapd
06-10 14:13:11.274 487 532 W IorapForwardingService: No service published for: iorapd
06-10 14:13:11.385 1189 1189 D bbb : onStartCommand begin !!!!!!! data分区剩余 20615MB
06-10 14:13:11.392 1133 1133 D aaa : LedStatusService onStartCommand begin
06-10 14:13:11.402 1133 4006 D aaa : topPkg is -------------- :com.dangbei.haqusetting
06-10 14:13:11.549 487 504 I system_server: Background young concurrent copying GC freed 155573(7502KB) AllocSpace objects, 137(2756KB) LOS objects, 45% free, 12MB/22MB, paused 570us total 170.708ms
06-10 14:13:12.276 487 532 W IorapForwardingService: No service published for: iorapd
06-10 14:13:12.907 669 669 E WifiHAL : wifi_get_link_stats: requestResponse Error:-5
06-10 14:13:12.913 487 620 E WifiVendorHal: getWifiLinkLayerStats_1_5_Internal(l.1191) failed {.code = ERROR_INVALID_ARGS, .description = }
06-10 14:13:13.279 487 532 W IorapForwardingService: No service published for: iorapd
06-10 14:13:13.458 277 297 D hdmi-cec: receive invalid cec message!
06-10 14:13:13.458 277 297 D hdmi-cec: receive poll message [04], skip!
06-10 14:13:14.282 487 532 W IorapForwardingService: No service published for: iorapd
06-10 14:13:15.284 487 532 W IorapForwardingService: No service published for: iorapd
06-10 14:13:15.935 669 669 E WifiHAL : wifi_get_link_stats: requestResponse Error:-5
06-10 14:13:15.938 487 620 E WifiVendorHal: getWifiLinkLayerStats_1_5_Internal(l.1191) failed {.code = ERROR_INVALID_ARGS, .description = }
06-10 14:13:15.948 2225 2348 D UtilLog : 日志批量上报 进行正常循环 !!!!!!本次有0次请求,共0条数据
06-10 14:13:16.285 487 532 W IorapForwardingService: No service published for: iorapd
06-10 14:13:17.288 487 532 W IorapForwardingService: No service published for: iorapd
06-10 14:13:18.290 487 532 W IorapForwardingService: No service published for: iorapd
06-10 14:13:18.955 669 669 E WifiHAL : wifi_get_link_stats: requestResponse Error:-5
06-10 14:13:18.958 487 620 E WifiVendorHal: getWifiLinkLayerStats_1_5_Internal(l.1191) failed {.code = ERROR_INVALID_ARGS, .description = }
06-10 14:13:19.293 487 532 W IorapForwardingService: No service published for: iorapd
06-10 14:13:19.418 1133 1133 D aaa : LedStatusService onStartCommand begin
06-10 14:13:19.421 1133 4019 D aaa : topPkg is -------------- :com.dangbei.haqusetting
06-10 14:13:19.421 1189 1189 D bbb : onStartCommand begin !!!!!!! data分区剩余 20615MB
06-10 14:13:20.296 487 532 W IorapForwardingService: No service published for: iorapd
06-10 14:13:21.298 487 532 W IorapForwardingService: No service published for: iorapd
06-10 14:13:21.442 3029 3038 I gbei.screencas: Background concurrent copying GC freed 55664(5964KB) AllocSpace objects, 0(0B) LOS objects, 49% free, 5832KB/11MB, paused 216us total 162.737ms
06-10 14:13:21.974 669 669 E WifiHAL : wifi_get_link_stats: requestResponse Error:-5
06-10 14:13:21.975 487 620 E WifiVendorHal: getWifiLinkLayerStats_1_5_Internal(l.1191) failed {.code = ERROR_INVALID_ARGS, .description = }
06-10 14:13:22.300 487 532 W IorapForwardingService: No service published for: iorapd
06-10 14:13:23.302 487 532 W IorapForwardingService: No service published for: iorapd
06-10 14:13:24.305 487 532 W IorapForwardingService: No service published for: iorapd
06-10 14:13:24.998 669 669 E WifiHAL : wifi_get_link_stats: requestResponse Error:-5
06-10 14:13:25.001 487 620 E WifiVendorHal: getWifiLinkLayerStats_1_5_Internal(l.1191) failed {.code = ERROR_INVALID_ARGS, .description = }
06-10 14:13:25.307 487 532 W IorapForwardingService: No service published for: iorapd
06-10 14:13:25.922 2225 2348 D UtilLog : 日志批量上报 进行正常循环 !!!!!!本次有0次请求,共0条数据
06-10 14:13:26.309 487 532 W IorapForwardingService: No service published for: iorapd
06-10 14:13:27.311 487 532 W IorapForwardingService: No service published for: iorapd
06-10 14:13:27.471 1133 1133 D aaa : LedStatusService onStartCommand begin
06-10 14:13:27.474 1133 4030 D aaa : topPkg is -------------- :com.dangbei.haqusetting
06-10 14:13:27.475 1189 1189 D bbb : onStartCommand begin !!!!!!! data分区剩余 20615MB
06-10 14:13:28.016 669 669 E WifiHAL : wifi_get_link_stats: requestResponse Error:-5
06-10 14:13:28.019 487 620 E WifiVendorHal: getWifiLinkLayerStats_1_5_Internal(l.1191) failed {.code = ERROR_INVALID_ARGS, .description = }
06-10 14:13:28.314 487 532 W IorapForwardingService: No service published for: iorapd
06-10 14:13:28.484 277 297 D hdmi-cec: receive invalid cec message!
06-10 14:13:28.484 277 297 D hdmi-cec: receive poll message [04], skip!
06-10 14:13:29.317 487 532 W IorapForwardingService: No service published for: iorapd
06-10 14:13:30.319 487 532 W IorapForwardingService: No service published for: iorapd
06-10 14:13:31.035 669 669 E WifiHAL : wifi_get_link_stats: requestResponse Error:-5
06-10 14:13:31.038 487 620 E WifiVendorHal: getWifiLinkLayerStats_1_5_Internal(l.1191) failed {.code = ERROR_INVALID_ARGS, .description = }
06-10 14:13:31.322 487 532 W IorapForwardingService: No service published for: iorapd
06-10 14:13:32.324 487 532 W IorapForwardingService: No service published for: iorapd
06-10 14:13:33.327 487 532 W IorapForwardingService: No service published for: iorapd
06-10 14:13:34.059 669 669 E WifiHAL : wifi_get_link_stats: requestResponse Error:-5
06-10 14:13:34.062 487 620 E WifiVendorHal: getWifiLinkLayerStats_1_5_Internal(l.1191) failed {.code = ERROR_INVALID_ARGS, .description = }
06-10 14:13:34.218 487 998 W ZramWriteback: Writeback device is not set
06-10 14:13:34.218 487 998 D ZramWriteback: wait to flush
06-10 14:13:34.331 487 532 W IorapForwardingService: No service published for: iorapd
06-10 14:13:35.334 487 532 W IorapForwardingService: No service published for: iorapd
06-10 14:13:35.517 1189 1189 D bbb : onStartCommand begin !!!!!!! data分区剩余 20615MB
06-10 14:13:35.518 1133 1133 D aaa : LedStatusService onStartCommand begin
06-10 14:13:35.520 1133 4042 D aaa : topPkg is -------------- :com.dangbei.haqusetting
06-10 14:13:35.923 2225 2348 D UtilLog : 日志批量上报 进行正常循环 !!!!!!本次有0次请求,共0条数据
06-10 14:13:36.336 487 532 W IorapForwardingService: No service published for: iorapd
06-10 14:13:37.082 669 669 E WifiHAL : wifi_get_link_stats: requestResponse Error:-5
06-10 14:13:37.084 487 620 E WifiVendorHal: getWifiLinkLayerStats_1_5_Internal(l.1191) failed {.code = ERROR_INVALID_ARGS, .description = }
06-10 14:13:37.338 487 532 W IorapForwardingService: No service published for: iorapd
06-10 14:13:37.997 3029 3038 I gbei.screencas: Background concurrent copying GC freed 48110(5744KB) AllocSpace objects, 0(0B) LOS objects, 49% free, 5855KB/11MB, paused 265us total 157.744ms
06-10 14:13:38.340 487 532 W IorapForwardingService: No service published for: iorapd
06-10 14:13:39.343 487 532 W IorapForwardingService: No service published for: iorapd
06-10 14:13:40.097 669 669 E WifiHAL : wifi_get_link_stats: requestResponse Error:-5
06-10 14:13:40.100 487 620 E WifiVendorHal: getWifiLinkLayerStats_1_5_Internal(l.1191) failed {.code = ERROR_INVALID_ARGS, .description = }
06-10 14:13:40.345 487 532 W IorapForwardingService: No service published for: iorapd
06-10 14:13:41.348 487 532 W IorapForwardingService: No service published for: iorapd
06-10 14:13:42.349 487 532 W IorapForwardingService: No service published for: iorapd
06-10 14:13:43.115 669 669 E WifiHAL : wifi_get_link_stats: requestResponse Error:-5
06-10 14:13:43.116 487 620 E WifiVendorHal: getWifiLinkLayerStats_1_5_Internal(l.1191) failed {.code = ERROR_INVALID_ARGS, .description = }
06-10 14:13:43.351 487 532 W IorapForwardingService: No service published for: iorapd
06-10 14:13:43.511 277 297 D hdmi-cec: receive invalid cec message!
06-10 14:13:43.511 277 297 D hdmi-cec: receive poll message [04], skip!
06-10 14:13:43.549 1133 1133 D aaa : LedStatusService onStartCommand begin
06-10 14:13:43.552 1133 4055 D aaa : topPkg is -------------- :com.dangbei.haqusetting
06-10 14:13:43.554 1189 1189 D bbb : onStartCommand begin !!!!!!! data分区剩余 20615MB
06-10 14:13:44.353 487 532 W IorapForwardingService: No service published for: iorapd
06-10 14:13:45.355 487 532 W IorapForwardingService: No service published for: iorapd
06-10 14:13:45.946 2225 2348 D UtilLog : 日志批量上报 进行正常循环 !!!!!!本次有0次请求,共0条数据
06-10 14:13:46.025 2225 2352 I TDLog : [APP] New data found, Submitting...
06-10 14:13:46.048 2225 2352 I TDLog : [APP] Failed to submit data!
06-10 14:13:46.127 669 669 E WifiHAL : wifi_get_link_stats: requestResponse Error:-5
06-10 14:13:46.130 487 620 E WifiVendorHal: getWifiLinkLayerStats_1_5_Internal(l.1191) failed {.code = ERROR_INVALID_ARGS, .description = }
06-10 14:13:46.357 487 532 W IorapForwardingService: No service published for: iorapd
06-10 14:13:47.360 487 532 W IorapForwardingService: No service published for: iorapd
06-10 14:13:48.362 487 532 W IorapForwardingService: No service published for: iorapd
06-10 14:13:49.144 669 669 E WifiHAL : wifi_get_link_stats: requestResponse Error:-5
06-10 14:13:49.147 487 620 E WifiVendorHal: getWifiLinkLayerStats_1_5_Internal(l.1191) failed {.code = ERROR_INVALID_ARGS, .description = }
06-10 14:13:49.365 487 532 W IorapForwardingService: No service published for: iorapd
06-10 14:13:50.367 487 532 W IorapForwardingService: No service published for: iorapd
06-10 14:13:51.371 487 532 W IorapForwardingService: No service published for: iorapd
06-10 14:13:51.606 1189 1189 D bbb : onStartCommand begin !!!!!!! data分区剩余 20615MB
06-10 14:13:51.610 1133 1133 D aaa : LedStatusService onStartCommand begin
06-10 14:13:51.613 1133 4068 D aaa : topPkg is -------------- :com.dangbei.haqusetting
06-10 14:13:52.164 669 669 E WifiHAL : wifi_get_link_stats: requestResponse Error:-5
06-10 14:13:52.167 487 620 E WifiVendorHal: getWifiLinkLayerStats_1_5_Internal(l.1191) failed {.code = ERROR_INVALID_ARGS, .description = }
06-10 14:13:52.373 487 532 W IorapForwardingService: No service published for: iorapd
06-10 14:13:52.425 3029 3038 I gbei.screencas: Background concurrent copying GC freed 46684(5572KB) AllocSpace objects, 0(0B) LOS objects, 49% free, 5866KB/11MB, paused 135us total 201.937ms
06-10 14:13:53.376 487 532 W IorapForwardingService: No service published for: iorapd
06-10 14:13:54.378 487 532 W IorapForwardingService: No service published for: iorapd
06-10 14:13:55.184 669 669 E WifiHAL : wifi_get_link_stats: requestResponse Error:-5
06-10 14:13:55.186 487 620 E WifiVendorHal: getWifiLinkLayerStats_1_5_Internal(l.1191) failed {.code = ERROR_INVALID_ARGS, .description = }
06-10 14:13:55.382 487 532 W IorapForwardingService: No service published for: iorapd
