06-09 11:43:32.818 487 548 D CompatibilityChangeReporter: Compat change id reported: 168419799; UID 10027; state: DISABLED
06-09 11:43:32.820 1030 1325 I MediaProvider: Volume MediaVolume name: [external_primary] id: [emulated;0] user: [UserHandle{0}] path: [/storage/emulated/0] already attached
06-09 11:43:32.820 1030 1325 I MediaProvider: End Intent { act=android.intent.action.MEDIA_MOUNTED dat=file:///storage/emulated/0 flg=0x5000010 cmp=com.android.providers.media.module/com.android.providers.media.MediaService (has extras) }
06-09 11:43:32.832 277 277 I EventThread: type=1400 audit(0.0:1029): avc: denied { search } for name="extcon" dev="sysfs" ino=18109 scontext=u:r:hal_tv_cec_default:s0 tcontext=u:object_r:sysfs_extcon:s0 tclass=dir permissive=1
06-09 11:43:32.887 487 630 D NsdService: Native daemon message SERVICE_REGISTERED: 606 2 "192.168.3.12"
06-09 11:43:32.889 1050 1050 D LanCommander: com.dangbei.andes.bean.RegistrationData@bf831f2----------------onServiceRegistered
06-09 11:43:32.936 487 765 D SntpClient: request time failed: java.net.SocketTimeoutException: Poll timed out
06-09 11:43:33.244 2560 2560 I Thread-2: type=1400 audit(0.0:1030): avc: denied { execute } for name="am" dev="dm-5" ino=1160 scontext=u:r:system_app:s0 tcontext=u:object_r:vendor_file:s0 tclass=file permissive=1
06-09 11:43:33.244 2560 2560 I Thread-2: type=1400 audit(0.0:1031): avc: denied { read open } for path="/vendor/xbin/am" dev="dm-5" ino=1160 scontext=u:r:system_app:s0 tcontext=u:object_r:vendor_file:s0 tclass=file permissive=1
06-09 11:43:33.244 2560 2560 I Thread-2: type=1400 audit(0.0:1032): avc: denied { execute_no_trans } for path="/vendor/xbin/am" dev="dm-5" ino=1160 scontext=u:r:system_app:s0 tcontext=u:object_r:vendor_file:s0 tclass=file permissive=1
06-09 11:43:33.291 1189 1189 D bbb : onStartCommand begin !!!!!!! data分区剩余 20614MB
06-09 11:43:33.295 487 1413 D CompatibilityChangeReporter: Compat change id reported: 171306433; UID 1000; state: ENABLED
06-09 11:43:33.296 1133 1133 D aaa : LedStatusService onStartCommand begin
06-09 11:43:33.298 1133 2568 D aaa : topPkg is -------------- :com.dangbei.leard.leradlauncher
06-09 11:43:33.303 1133 2568 D aaa : WiFi is connect
06-09 11:43:33.315 487 532 W IorapForwardingService: No service published for: iorapd
06-09 11:43:33.318 1103 1215 E hq : ErrorCoroutineExceptionHandler:::runTry error:com.dangbei.leard.base.proider.error.EmptyApiException: 数据为空 from=requestMessageDialog from=requestMessageDialog
06-09 11:43:33.326 1103 1215 E hq : Etna:::getFindLookupControllerState isConnect=true
06-09 11:43:33.326 1103 1215 E Etna : getFindLookupControllerState1111111
06-09 11:43:33.328 1103 1215 E hq : Etna:::getFindLookupControllerState valueStr=1
06-09 11:43:33.328 1103 1215 E hq : LookupControler:::isLookupController=true
06-09 11:43:33.328 1103 1215 I hq : LookupControler:::time=110000
06-09 11:43:33.427 669 669 E WifiHAL : wifi_get_link_stats: requestResponse Error:-5
06-09 11:43:33.428 487 620 E WifiVendorHal: getWifiLinkLayerStats_1_5_Internal(l.1191) failed {.code = ERROR_INVALID_ARGS, .description = }
06-09 11:43:34.317 487 532 W IorapForwardingService: No service published for: iorapd
06-09 11:43:34.328 1232 1232 I efs-base: type=1400 audit(0.0:1033): avc: denied { search } for name="com.dangbei.screencast" dev="mmcblk0p25" ino=908 scontext=u:r:platform_app:s0:c512,c768 tcontext=u:object_r:app_data_file:s0:c512,c768 tclass=dir permissive=1 app=com.dangbei.screencast
06-09 11:43:34.328 1232 1232 I efs-base: type=1400 audit(0.0:1034): avc: denied { getattr } for path="/data/user/0/com.dangbei.screencast/app_UApm/5fc60c21094d637f3130af19/ready" dev="mmcblk0p25" ino=2095 scontext=u:r:platform_app:s0:c512,c768 tcontext=u:object_r:app_data_file:s0:c512,c768 tclass=dir permissive=1 app=com.dangbei.screencast
06-09 11:43:34.328 1232 1232 I efs-base: type=1400 audit(0.0:1035): avc: denied { read } for name="ready" dev="mmcblk0p25" ino=2095 scontext=u:r:platform_app:s0:c512,c768 tcontext=u:object_r:app_data_file:s0:c512,c768 tclass=dir permissive=1 app=com.dangbei.screencast
06-09 11:43:34.328 1232 1232 I efs-base: type=1400 audit(0.0:1036): avc: denied { open } for path="/data/user/0/com.dangbei.screencast/app_UApm/5fc60c21094d637f3130af19/ready" dev="mmcblk0p25" ino=2095 scontext=u:r:platform_app:s0:c512,c768 tcontext=u:object_r:app_data_file:s0:c512,c768 tclass=dir permissive=1 app=com.dangbei.screencast
06-09 11:43:34.328 1232 1232 I efs-base: type=1400 audit(0.0:1037): avc: denied { write } for name="ready" dev="mmcblk0p25" ino=2095 scontext=u:r:platform_app:s0:c512,c768 tcontext=u:object_r:app_data_file:s0:c512,c768 tclass=dir permissive=1 app=com.dangbei.screencast
01-01 08:00:36.782 1566 1566 W audit : audit_lost=569 audit_rate_limit=5 audit_backlog_limit=64
01-01 08:00:36.782 1566 1566 E audit : rate limit exceeded
06-09 11:43:34.341 1232 1621 I efs.base: lt=event`ev_ct=efs_core`ev_ac=log_lag`tm=2025-06-09 11:43:34`dn=1053c25c-e63d-40dd-9dd6-747a3e690b60`ps=com.dangbei.screencast`um_os=android`stime=1749440603623`pid=1232`fr=android`pkg=com.dangbei.screencast`vcode=20830`dsp_w=1920`uid=1053c25c-e63d-40dd-9dd6-747a3e690b60`rom=12`wid=1053c25c-e63d-40dd-9dd6-747a3e690b60`um_app_carrier=`um_access=unknow`um_app_channel=os`um_crash_sdk_version=1.4.0`ctime=1749440614`model=dbbox-a2`lang=zh`net=wifi`brand=dangbei`dsp_h=1080`um_network_type=0`ver=v2.8.3`cnt=0`build_model=DBBOX-A2`w_tm=1749440614`appid=5fc60c21094d637f3130af19`um_umid_header=ai6e86a2be12b6bb7416d7fb9e42b09755`sdk=31`tzone=Asia/Shanghai`sdk_ver=1.3.6.umeng
06-09 11:43:35.319 487 532 W IorapForwardingService: No service published for: iorapd
06-09 11:43:36.321 487 532 W IorapForwardingService: No service published for: iorapd
06-09 11:43:36.323 487 1405 I WifiService: releaseMulticastLock uid=10015
06-09 11:43:36.324 487 510 I WifiService: releaseMulticastLock uid=10015
06-09 11:43:36.340 1232 1232 D HiSight-SinkService: setDiscoverable true
06-09 11:43:36.341 1103 1215 D wenhc : getScreenInfo uri = content://com.dangbei.screencast.parts.info/screen_cast
06-09 11:43:36.342 1232 1232 D NearFieldManager: init.
06-09 11:43:36.342 1232 1232 D NearFieldManager: try check dmsdp
06-09 11:43:36.353 1232 1232 D NearFieldManager: package not exist
06-09 11:43:36.356 487 1405 D CompatibilityChangeReporter: Compat change id reported: 135634846; UID 10015; state: DISABLED
06-09 11:43:36.356 487 549 D CompatibilityChangeReporter: Compat change id reported: 143937733; UID 10015; state: DISABLED
06-09 11:43:36.357 1232 1232 D NearFieldManager: bind nearfield service true
06-09 11:43:36.363 1232 1232 D NearFieldManager: registerCallback true
06-09 11:43:36.363 1232 1232 D HiSight-Discovery: set deviceInfo type:46
06-09 11:43:36.364 1232 1232 D HiSight-Discovery: startAdvertise 1
06-09 11:43:36.373 257 257 D Zygote : Forked child process 2579
06-09 11:43:36.374 487 549 I ActivityManager: app.processName = com.huawei.connection
06-09 11:43:36.374 487 549 I ActivityManager: Start proc 2579:com.huawei.connection/u0a15 for service {com.dangbei.screencast/com.huawei.connection.service.NearFieldManagerService}
06-09 11:43:36.381 2579 2579 I Zygote : seccomp disabled by setenforce 0
06-09 11:43:36.388 2165 2165 I rainbow_flow: type=1400 audit(0.0:1040): avc: denied { ioctl } for path="/dev/spidev1.0" dev="tmpfs" ino=6881 ioctlcmd=0x6b00 scontext=u:r:init:s0 tcontext=u:object_r:device:s0 tclass=chr_file permissive=1
06-09 11:43:36.400 393 408 I adbd : jdwp connection from 2579
06-09 11:43:36.417 2579 2579 D CompatibilityChangeReporter: Compat change id reported: 171979766; UID 10015; state: DISABLED
06-09 11:43:36.425 2579 2579 D ApplicationLoaders: Returning zygote-cached class loader: /system/framework/android.test.base.jar
06-09 11:43:36.425 2579 2579 D ApplicationLoaders: Returning zygote-cached class loader: /system/framework/android.hidl.manager-V1.0-java.jar
06-09 11:43:36.425 2579 2579 D ApplicationLoaders: Returning zygote-cached class loader: /system/framework/android.hidl.base-V1.0-java.jar
06-09 11:43:36.437 669 669 E WifiHAL : wifi_get_link_stats: requestResponse Error:-5
06-09 11:43:36.439 487 620 E WifiVendorHal: getWifiLinkLayerStats_1_5_Internal(l.1191) failed {.code = ERROR_INVALID_ARGS, .description = }
06-09 11:43:36.443 263 1004 E bt_upio : upio_set : /proc/bluetooth/sleep/btwrite(-1) incorrent
06-09 11:43:36.462 2579 2579 V GraphicsEnvironment: ANGLE Developer option for 'com.dangbei.screencast' set to: 'default'
06-09 11:43:36.462 2579 2579 V GraphicsEnvironment: Neither updatable production driver nor prerelease driver is supported.
06-09 11:43:36.463 2579 2579 D NetworkSecurityConfig: Using Network Security Config from resource network_security_config debugBuild: false
06-09 11:43:36.465 2579 2579 D NetworkSecurityConfig: Using Network Security Config from resource network_security_config debugBuild: false
06-09 11:43:36.466 2579 2579 I MultiDex: VM with version 2.1.0 has multidex support
06-09 11:43:36.466 2579 2579 I MultiDex: Installing application
06-09 11:43:36.466 2579 2579 I MultiDex: VM has multidex support, MultiDex support library is disabled.
06-09 11:43:36.468 2579 2579 I SharedPreferenc: type=1400 audit(0.0:1041): avc: denied { open } for path="/data/user/0/com.dangbei.screencast/shared_prefs/DEVICE_ID.xml" dev="mmcblk0p25" ino=2415 scontext=u:r:platform_app:s0:c512,c768 tcontext=u:object_r:app_data_file:s0:c512,c768 tclass=file permissive=1 app=com.dangbei.screencast
06-09 11:43:36.476 2579 2579 I Thread-3: type=1400 audit(0.0:1042): avc: denied { lock } for path="/data/user/0/com.dangbei.screencast/files/.imprint" dev="mmcblk0p25" ino=2463 scontext=u:r:platform_app:s0:c512,c768 tcontext=u:object_r:app_data_file:s0:c512,c768 tclass=file permissive=1 app=com.dangbei.screencast
06-09 11:43:36.500 2579 2579 I awei.connection: type=1400 audit(0.0:1043): avc: denied { search } for name="net" dev="sysfs" ino=10442 scontext=u:r:platform_app:s0:c512,c768 tcontext=u:object_r:sysfs_net:s0 tclass=dir permissive=1 app=com.dangbei.screencast
01-01 08:00:38.955 2579 2579 W audit : audit_lost=571 audit_rate_limit=5 audit_backlog_limit=64
01-01 08:00:38.955 2579 2579 E audit : rate limit exceeded
06-09 11:43:36.500 2579 2579 I awei.connection: type=1400 audit(0.0:1044): avc: denied { read } for name="address" dev="sysfs" ino=16906 scontext=u:r:platform_app:s0:c512,c768 tcontext=u:object_r:sysfs_net:s0 tclass=file permissive=1 app=com.dangbei.screencast
06-09 11:43:36.522 2579 2615 I crashsdk: version unique build id: 6230cced
06-09 11:43:36.531 2579 2600 I crashsdk: begin hack android.os.Process
06-09 11:43:36.531 2579 2600 I crashsdk: end hack android.os.Process
06-09 11:43:36.532 2579 2617 D crashsdk: Native log stat thread 2617 setup, waiting
06-09 11:43:36.541 2579 2579 I TDLog : setReportUncaughtExceptions: true
06-09 11:43:36.542 2579 2579 E Application: onCreate:Version:v2.8.3/20830/883432e
06-09 11:43:36.554 2579 2622 W efs.send_log: tryFileLock start!
06-09 11:43:36.556 2579 2579 D NearFieldManagerService: NearFieldManagerService.
06-09 11:43:36.556 2579 2579 D NearFieldManagerService: onCreate, enter.
06-09 11:43:36.557 2579 2579 I NearFieldManagerService: onBind, enter.
06-09 11:43:36.557 2579 2579 D NearFieldManagerService: initService
06-09 11:43:36.557 2579 2579 D NearFieldManagerService: NearField starting...
06-09 11:43:36.557 2579 2579 D NearFieldUtils: checkSystemProperty in
06-09 11:43:36.558 2579 2600 I Matrix.AnrTracer: anrTrace, final mAnrBeatTime:400, mAnrBeatRate:400
06-09 11:43:36.559 2579 2579 D NearFieldUtils: checkSystemProperty: systemProperties:
06-09 11:43:36.559 2579 2579 E NearFieldUtils: validProperty: priority is null
06-09 11:43:36.560 487 510 W ServiceManager: Permission failure: android.permission.HIGH_SAMPLING_RATE_SENSORS from uid=10015 pid=2579
06-09 11:43:36.560 2579 2600 E LaunchManager: Non main process !
06-09 11:43:36.561 2579 2600 W System.err: java.lang.NullPointerException: Attempt to invoke virtual method 'boolean com.efs.sdk.launch.LaunchConfigManager.enableTracer()' on a null object reference
06-09 11:43:36.561 2579 2600 W System.err: at com.umeng.umcrash.UMCrash.init(Unknown Source:403)
06-09 11:43:36.561 2579 2600 W System.err: at java.lang.reflect.Method.invoke(Native Method)
06-09 11:43:36.561 2579 2600 W System.err: at com.umeng.commonsdk.UMConfigure.init(Unknown Source:811)
06-09 11:43:36.561 2579 2600 W System.err: at b.f.f.b.a(:4)
06-09 11:43:36.561 2579 2600 W System.err: at h.o.a.run(Unknown Source:2)
06-09 11:43:36.562 2579 2601 I TDLog : TalkingData SDK init...
06-09 11:43:36.562 2579 2601 I TDLog : SDK_VERSION is: Android+TD+V5.0.7 gp Type:Native Build_Num:2141
06-09 11:43:36.562 2579 2601 I TDLog : App ID is: B9D7815EC975466AB1332111FCE62DF5
06-09 11:43:36.562 2579 2601 I TDLog : App Channel is: os
06-09 11:43:36.562 2579 2601 I TDLog : App Custom is:
06-09 11:43:36.562 2579 2601 I TDLog : SDK_OVC is: TDOVC+a3bb7754719798526508b6caad480dd7+SaaS
06-09 11:43:36.564 2579 2622 I efs.config: --->>> 删除旧的配置文件 false
06-09 11:43:36.565 1232 1232 D NearFieldManager: service connected.
06-09 11:43:36.566 1232 1232 D HiSight-Discovery: eventId: 4001
06-09 11:43:36.566 1232 2578 D HiSight-Discovery: msg 4001
06-09 11:43:36.566 1232 2578 D HiSight-Discovery: bind success, status Ready
06-09 11:43:36.566 1232 2578 D HiSight-Discovery: startAdvertise 2
06-09 11:43:36.566 1232 2578 D HiSight-Discovery: stopAdvertise.
06-09 11:43:36.567 1232 2578 D HiSight-Discovery: nearFieldStartListen deviceType 46
06-09 11:43:36.569 2579 2594 I NearFieldManagerImpl: setDeviceInfo, sDeviceId changes
06-09 11:43:36.570 2579 2594 I NearFieldManagerImpl: setDeviceInfo, sDeviceName changes
06-09 11:43:36.571 2579 2594 D NearFieldManagerImpl: setServiceData, sServiceData=[], serviceData=[32]
06-09 11:43:36.571 1232 2578 E NearFieldManager: setIdnNetworkPriority: networkPortPriority is empty
06-09 11:43:36.573 1232 2578 D NearFieldManager: StartListen moduleId: CastPlusDiscoveryModule
06-09 11:43:36.574 2579 2579 I crashsdk: Catcher mask: 5000, 20480
06-09 11:43:36.574 2579 2594 D NearFieldManagerImpl: startListen: moduleId: CastPlusDiscoveryModule
06-09 11:43:36.574 2579 2594 D NearFieldUtils: getPreferredIpAddress exec
06-09 11:43:36.574 2579 2594 D NearFieldUtils: getPreferredIpAddress by custom priority
06-09 11:43:36.574 2579 2594 D NearFieldUtils: getIpByInterfaceSetting customIdnNetworkPriority:[]
06-09 11:43:36.574 2579 2594 D NearFieldUtils: getPreferredIpAddress by default priority
06-09 11:43:36.578 2579 2579 I crashsdk: Catcher thread 2584
06-09 11:43:36.578 2579 2579 D crashsdk: Register ANR handler ...
06-09 11:43:36.581 2579 2579 D NearFieldManagerImpl: onReceive action get:android.net.conn.CONNECTIVITY_CHANGE
06-09 11:43:36.587 2579 2579 D NearFieldUtils: getPreferredIpAddress exec
06-09 11:43:36.587 2579 2579 D NearFieldUtils: getPreferredIpAddress by custom priority
06-09 11:43:36.587 2579 2579 D NearFieldUtils: getIpByInterfaceSetting customIdnNetworkPriority:[]
06-09 11:43:36.587 2579 2579 D NearFieldUtils: getPreferredIpAddress by default priority
01-01 08:00:39.030 1060 1060 E sprdwl : sprdwl_rx_rsp_process ctx_id 0 recv rsp[WIFI_CMD_TX_DATA] status[SPRDWL_CMD_STATUS_ERROR]
06-09 11:43:36.595 2579 2639 W efs.info.manager: network change: wifi
01-01 08:00:39.048 1060 1060 E sprdwl : sprdwl_rx_rsp_process ctx_id 0 recv rsp[WIFI_CMD_TX_DATA] status[SPRDWL_CMD_STATUS_ERROR]
06-09 11:43:36.628 2579 2635 I efs.base: lt=event`ev_ct=efs_core`ev_ac=pvuv`tm=2025-06-09 11:43:55`dn=1053c25c-e63d-40dd-9dd6-747a3e690b60`ps=com.huawei.connection`um_os=android`stime=1749440616342`pid=2579`fr=android`pkg=com.dangbei.screencast`vcode=20830`dsp_w=1920`uid=1053c25c-e63d-40dd-9dd6-747a3e690b60`rom=12`wid=1053c25c-e63d-40dd-9dd6-747a3e690b60`um_app_carrier=`um_access=wifi`um_app_channel=os`um_crash_sdk_version=1.4.0`ctime=1749440616`model=dbbox-a2`lang=zh`net=wifi`brand=dangbei`dsp_h=1080`um_network_type=0`ver=v2.8.3`build_model=DBBOX-A2`w_tm=1749440616`appid=5fc60c21094d637f3130af19`um_umid_header=ai6e86a2be12b6bb7416d7fb9e42b09755`sdk=31`tzone=Asia/Shanghai`sdk_ver=1.3.6.umeng
06-09 11:43:36.629 2579 2622 I efs.config: current config version (-1) is older than another (1735614866)
06-09 11:43:36.631 2579 2622 I efs.config: load config from storage and notify observer
01-01 08:00:39.085 1060 1060 E sprdwl : sprdwl_rx_rsp_process ctx_id 0 recv rsp[WIFI_CMD_TX_DATA] status[SPRDWL_CMD_STATUS_ERROR]
01-01 08:00:39.103 1060 1060 E sprdwl : sprdwl_rx_rsp_process ctx_id 0 recv rsp[WIFI_CMD_TX_DATA] status[SPRDWL_CMD_STATUS_ERROR]
06-09 11:43:36.695 2579 2594 D NearFieldUtils: to get wlan0 ip address
06-09 11:43:36.695 2579 2594 D NearFieldUtils: get wlan0 IP succeed.
06-09 11:43:36.695 2579 2594 D NearFieldManagerImpl: sDeviceType: 46
06-09 11:43:36.695 2579 2594 D NearFieldManagerImpl: registerDevice() is called.
06-09 11:43:36.696 2579 2594 E NearFieldManagerUtilsNative: Begin System.loadLibrary()
06-09 11:43:36.705 2579 2579 D NearFieldUtils: to get wlan0 ip address
06-09 11:43:36.706 2579 2579 D NearFieldUtils: get wlan0 IP succeed.
06-09 11:43:36.706 2579 2579 E NearFieldManagerImpl: notifyByPriority: interfaceNameInUse is null
06-09 11:43:36.706 2579 2579 D NearFieldManagerImpl: handleConnectivityAction: notified by default
06-09 11:43:36.729 2579 2594 I HicomNfTimerManager: epoll fd:126 create success
06-09 11:43:36.729 2579 2594 I HicomNfTimerManager: epoll add fd:128--->126 success
06-09 11:43:36.729 2579 2594 I HicomNfTimerManager: time fd:128 add to epoll success
06-09 11:43:36.762 2579 2579 D NearFieldUtils: to get wlan0 ip address
06-09 11:43:36.762 2579 2579 D NearFieldUtils: get wlan0 IP succeed.
06-09 11:43:36.762 2579 2579 I NearFieldManagerImpl: wlan Connected
06-09 11:43:36.768 2579 2579 I HicomNf_java_to_c: notifyNetworkStateChanged with maskStr, networkType: 0, networkState: 0, mask:
06-09 11:43:36.768 2579 2579 I HicomNfMainCtrlManager: NotifyNetworkStateChanged is called with networkState: 0
06-09 11:43:36.768 2579 2579 I HicomNfMainCtrlManager: P2P and USB are both disconnected
06-09 11:43:36.768 2579 2579 I HicomNfSecureManager: stop listening
06-09 11:43:36.768 2579 2579 I HicomNfSecureManager: StopListening, m_sessionInfoLock out, before calling NSTACKX_DMsgClose 2
06-09 11:43:36.768 2579 2579 I HicomNfSecureManager: StopListening, after calling NSTACKX_DMsgClose 2
06-09 11:43:36.773 2579 2594 D nStackXDFinder: NSTACKX_Init:[146] :nstack ctrl creat epollfd 130
06-09 11:43:36.773 2579 2594 I nStackXDFinder: InitDefaultInterfaceName:[779] :InitDefaultInterfaceName exec
06-09 11:43:36.773 2579 2594 D nStackXCoAP: CoapServerInit:[174] :CoapServerInit is called
06-09 11:43:36.773 2579 2594 E nStackXDFinder: GetLocalIp:[401] :GetLocalIp exec
06-09 11:43:36.773 2579 2594 E nStackXDFinder: GetLocalIp:[407] :GetLocalIp, ifInfo is null
06-09 11:43:36.774 2579 2594 I HicomNfMainCtrlManager: NSTACKX_RegisterDevice is called
06-09 11:43:36.774 2579 2594 D NearFieldManagerImpl: Register device success.
06-09 11:43:36.774 2579 2594 I NearFieldManagerImpl: serviceName is castPlus
06-09 11:43:36.774 2579 2594 D NearFieldManagerImpl: registerCapability() called with: capabilityBitmapNum = 1, capabilityBitmap = [8]
06-09 11:43:36.774 2579 2594 I HicomNf_java_to_c: registerCapability, capabilityBitmapNum: 1
06-09 11:43:36.774 2579 2594 I HicomNfMainCtrlManager: RegisterCapability: 1, 8
06-09 11:43:36.774 2579 2594 D NearFieldManagerImpl: Register capability succeed with capabilityBitmapNum = 1, capabilityBitmap = [8]
06-09 11:43:36.774 2579 2594 D NearFieldManagerImpl: registerServiceData() called with: serviceData = 32
06-09 11:43:36.774 2579 2594 D NearFieldManagerImpl: registerModule() called with: packageModuleName = com.huawei.connection+CastPlusDiscoveryModule
06-09 11:43:36.774 2579 2594 I HicomNf_java_to_c: registerModule, moduleName: com.huawei.connection+CastPlusDiscoveryModule
06-09 11:43:36.774 2579 2594 I HicomNfMainCtrlManager: Enter RegisterModule
06-09 11:43:36.774 2579 2594 I HicomNfRegManager: RegisterModule OK, add module name com.huawei.connection+CastPlusDiscoveryModule
06-09 11:43:36.775 2579 2649 I nStackXDFinder: UpdateLocalNetworkInterface:[472] :UpdateLocalNetworkInterface exec,initerfaceName:wlan0
06-09 11:43:36.775 2579 2649 E nStackXDFinder: GetLocalIp:[401] :GetLocalIp exec
06-09 11:43:36.775 2579 2649 E nStackXDFinder: GetLocalIp:[407] :GetLocalIp, ifInfo is null
06-09 11:43:36.775 2579 2649 I nStackXDFinder: UpdateLocalNetworkInterface:[498] :UpdateLocalNetworkInterface copy ip value in default process
06-09 11:43:36.775 2579 2649 E nStackXDFinder: GetLocalIp:[401] :GetLocalIp exec
06-09 11:43:36.775 2579 2649 D nStackXCoAP: CoapServerInit:[174] :CoapServerInit is called
06-09 11:43:36.775 2579 2649 E nStackXDFinder: GetLocalIp:[401] :GetLocalIp exec
06-09 11:43:36.775 2579 2649 I nStackXUtil: BindToDevice:[352] :BindToDevice exec
06-09 11:43:36.775 2579 2649 I nStackXUtil: GetInterfaceByPriority:[279] :GetInterfaceByPriority exec
06-09 11:43:36.775 2579 2649 I nStackXUtil: GetInterfaceByDefault:[309] :GetInterfaceByDefault exec
06-09 11:43:36.775 2579 2649 I nStackXUtil: GetInterfaceByDefault:[316] :GetInterfaceByDefault, ndevice name: lo
06-09 11:43:36.775 2579 2649 I nStackXUtil: GetInterfaceByDefault:[316] :GetInterfaceByDefault, ndevice name: wlan0
06-09 11:43:36.776 2579 2649 I nStackXUtil: BindToDevice:[374] :BindToDevice, Bind localAddr name: wlan0
06-09 11:43:36.776 2579 2649 E nStackXUtil: BindToDeviceInner:[188] :setsockopt fail, errno = 1
06-09 11:43:36.776 2579 2649 E nStackXCoAP: CoapGetContext:[250] :bind to device fail
06-09 11:43:36.776 2579 2649 D nStackXCoAP: CoapInitResources:[744] :CoapInitResources g_wlanOrEthContext update
06-09 11:43:36.776 1232 2578 I Hisight-DeviceListManager: init DeviceListManager.
06-09 11:43:36.776 2579 2649 I nStackXDFinder: RegisterServiceData:[728] :RegisterServiceData, serviceData=[32]
06-09 11:43:36.782 2579 2579 I HicomNf_java_to_c: notifyNetworkStateChanged with maskStr, networkType: 0, networkState: 1, mask: 255.255.254.0
06-09 11:43:36.782 2579 2579 I HicomNfMainCtrlManager: NotifyNetworkStateChanged is called with networkState: 1
06-09 11:43:36.782 2579 2579 I HicomNfSecureManager: StartListening, before calling NSTACKX_DMsgServer
06-09 11:43:36.782 2579 2579 I nStackXDMsg: NSTACKX_DMsgServer:[1335] :msgReceiver is not NULL
06-09 11:43:36.783 2579 2579 D nStackXDMsg: StartDMsgMainThread:[1274] :pthread_create
06-09 11:43:36.783 2579 2579 I HicomNfSecureManager: StartListening, after calling NSTACKX_DMsgServer
06-09 11:43:36.783 2579 2579 I HicomNfSecureManager: OnehopSecureCtrlManager: succeeded to StartListening with type 0
06-09 11:43:36.786 1232 2578 D Hisight-DeviceListManager: get old secret key
06-09 11:43:36.794 1232 2578 E Hisight-ConnectAuthCallBack: readSecureFile failed, no such file
06-09 11:43:36.794 1232 2578 W Hisight-DeviceListManager: deviceRecords is empty
06-09 11:43:36.794 1232 2578 W Hisight-DeviceListManager: occur error, clear all the list
06-09 11:43:36.795 1232 2578 D Hisight-HiChainAuthControl: start HiChainAuthControl
06-09 11:43:36.805 1232 2578 I ConnectAuthJNI: JNI_OnLoad begin load
06-09 11:43:36.805 1232 2578 I ConnectAuthJNI: RegisterNativeMethod begin
06-09 11:43:36.806 1232 2578 I ConnectAuthJNI: RegisterNativeMethod end
06-09 11:43:36.806 1232 2578 I ConnectAuthJNI: RegisterNativeMethod 1004 methodLen=10
06-09 11:43:36.806 1232 2578 I ConnectAuthJNI: RegisterNativeMethod 1007 RegisterNatives=0
06-09 11:43:36.806 1232 2578 I ConnectAuthJNI: InitArraylist 1013
06-09 11:43:36.806 1232 2578 I ConnectAuthJNI: InitConnectAuthStaticJNIMethod 1114 methodRet=0
06-09 11:43:36.806 1232 2578 E ConnectAuthJNI: JNI_OnLoad finish....1138
06-09 11:43:36.806 1232 2578 D Hisight-HiChainAuthControl: setupAuthIfNeeded, HiChainInstance hasn't been initialized
06-09 11:43:36.806 1232 2578 I ConnectAuthJNI: Java_com_huawei_hisight_security_ConnectAuthNative_nativeSetup 795 call HiChainNativeSetup
06-09 11:43:36.807 1232 2578 I ConnectAuthJNI: HiChainNativeSetup 565 registe_log
06-09 11:43:36.807 1232 2578 I ConnectAuthJNI: HksStorageRegisterFileCallbacks 245 register hks file callback status =0
06-09 11:43:36.807 1232 2578 I ConnectAuthJNI: HksRegisterGetDeviceIdCallback 268 register hks get hardware udid callback status =0
06-09 11:43:36.808 1232 2578 D ConnectAuthJNI: [HiChain] get_instance Begin get instance
06-09 11:43:36.808 1232 2578 I ConnectAuthJNI: [HKS] hks_service_key_info_init hks init : begin
06-09 11:43:36.808 1232 2578 I ConnectAuthJNI: FileRead 113 FileRead
06-09 11:43:36.808 1232 2578 I ConnectAuthJNI: FileRead 122 FileRead call readSecureFile begin
06-09 11:43:36.808 1232 2578 E Hisight-ConnectAuthCallBack: readSecureFile failed, no such file
06-09 11:43:36.808 1232 2578 W ConnectAuthJNI: FileRead 132 FileRead call readSecureFile byteArray is null
06-09 11:43:36.809 1232 2578 I ConnectAuthJNI: [HKS] hks_rkc_init RKC init:begin, is_key_info_exist=0
06-09 11:43:36.809 1232 2578 I ConnectAuthJNI: [HKS] hks_rkc_init_entropy the entropy is empty
06-09 11:43:36.809 1232 2578 I ConnectAuthJNI: FileSize 214 FileSize
06-09 11:43:36.810 1232 2578 I ConnectAuthJNI: FileSize 230 fileSize=258
06-09 11:43:36.810 1232 2578 I ConnectAuthJNI: FileRead 113 FileRead
06-09 11:43:36.810 1232 2578 I ConnectAuthJNI: FileRead 122 FileRead call readSecureFile begin
06-09 11:43:36.810 1232 2578 I ConnectAuthJNI: FileRead 135 FileRead call readSecureFile end
06-09 11:43:36.810 1232 2578 I ConnectAuthJNI: FileRead 150 fileBuff size 258, buf len 258
06-09 11:43:36.810 1232 2578 I ConnectAuthJNI: FileSize 214 FileSize
06-09 11:43:36.810 1232 2578 I ConnectAuthJNI: FileSize 230 fileSize=258
06-09 11:43:36.810 1232 2578 I ConnectAuthJNI: FileRead 113 FileRead
06-09 11:43:36.810 1232 2578 I ConnectAuthJNI: FileRead 122 FileRead call readSecureFile begin
06-09 11:43:36.811 1232 2578 I ConnectAuthJNI: FileRead 135 FileRead call readSecureFile end
06-09 11:43:36.811 1232 2578 I ConnectAuthJNI: FileRead 150 fileBuff size 258, buf len 258
06-09 11:43:36.811 1232 2578 I ConnectAuthJNI: [HKS] hks_rkc_load_ksf load ksf success
06-09 11:43:36.811 1232 2578 I ConnectAuthJNI: [HKS] hks_rkc_init root key component init success
06-09 11:43:36.811 1232 2578 I ConnectAuthJNI: [HKS] hks_rkc_init RKC init:end,rc=0
06-09 11:43:36.811 1232 2578 I ConnectAuthJNI: [HKS] hks_service_key_info_init hks init : end
06-09 11:43:36.811 1232 2578 I ConnectAuthJNI: GetHiChainProtocolParamsCallback 371 GetHiChainProtocolParamsCallback operation_code= 99
06-09 11:43:36.811 1232 2578 I ConnectAuthJNI: paramLen is ,=0
06-09 11:43:36.811 1232 2578 I ConnectAuthJNI: paramLen is ,=0
06-09 11:43:36.811 1232 2578 I ConnectAuthJNI: GetHiChainProtocolParamsCallback 402 GetHiChainProtocolParamsCallback end
06-09 11:43:36.811 1232 2578 I ConnectAuthJNI: [HiChain] get_instance Get instance success
06-09 11:43:36.811 1232 2578 I ConnectAuthJNI: Java_com_huawei_hisight_security_ConnectAuthNative_nativeGetHiChainInstance 598 get instance success
06-09 11:43:36.811 1232 2578 D Hisight-HiChainAuthControl: destroyAuth
06-09 11:43:36.811 1232 2578 I ConnectAuthJNI: Java_com_huawei_hisight_security_ConnectAuthNative_nativeDestroy 603 destroy
06-09 11:43:36.811 1232 2578 D Hisight-HiChainAuthControl: setupAuthIfNeeded, HiChainInstance hasn't been initialized
06-09 11:43:36.811 1232 2578 I ConnectAuthJNI: Java_com_huawei_hisight_security_ConnectAuthNative_nativeSetup 795 call HiChainNativeSetup
06-09 11:43:36.811 1232 2578 I ConnectAuthJNI: HiChainNativeSetup 565 registe_log
06-09 11:43:36.811 1232 2578 I ConnectAuthJNI: HksStorageRegisterFileCallbacks 245 register hks file callback status =0
06-09 11:43:36.811 1232 2578 I ConnectAuthJNI: HksRegisterGetDeviceIdCallback 268 register hks get hardware udid callback status =0
06-09 11:43:36.811 1232 2578 D ConnectAuthJNI: [HiChain] get_instance Begin get instance
06-09 11:43:36.811 1232 2578 I ConnectAuthJNI: [HKS] hks_service_key_info_init hks init : begin
06-09 11:43:36.811 1232 2578 I ConnectAuthJNI: [HKS] hks_service_key_info_init hks init : end
06-09 11:43:36.811 1232 2578 I ConnectAuthJNI: GetHiChainProtocolParamsCallback 371 GetHiChainProtocolParamsCallback operation_code= 99
06-09 11:43:36.812 1232 2578 I ConnectAuthJNI: paramLen is ,=0
06-09 11:43:36.812 1232 2578 I ConnectAuthJNI: paramLen is ,=0
06-09 11:43:36.812 1232 2578 I ConnectAuthJNI: GetHiChainProtocolParamsCallback 402 GetHiChainProtocolParamsCallback end
06-09 11:43:36.812 1232 2578 I ConnectAuthJNI: [HiChain] get_instance Get instance success
06-09 11:43:36.812 1232 2578 I ConnectAuthJNI: Java_com_huawei_hisight_security_ConnectAuthNative_nativeGetHiChainInstance 598 get instance success
06-09 11:43:36.812 1232 2578 W ConnectAuthJNI: GetListTrustPeers 899 trustPeerSize=0
06-09 11:43:36.812 1232 2578 D Hisight-HiChainAuthControl: destroyAuth
06-09 11:43:36.812 1232 2578 I ConnectAuthJNI: Java_com_huawei_hisight_security_ConnectAuthNative_nativeDestroy 603 destroy
06-09 11:43:36.812 1232 2578 D Hisight-HiChainAuthControl: setupAuthIfNeeded, HiChainInstance hasn't been initialized
06-09 11:43:36.812 1232 2578 I ConnectAuthJNI: Java_com_huawei_hisight_security_ConnectAuthNative_nativeSetup 795 call HiChainNativeSetup
06-09 11:43:36.812 1232 2578 I ConnectAuthJNI: HiChainNativeSetup 565 registe_log
06-09 11:43:36.812 1232 2578 I ConnectAuthJNI: HksStorageRegisterFileCallbacks 245 register hks file callback status =0
06-09 11:43:36.812 1232 2578 I ConnectAuthJNI: HksRegisterGetDeviceIdCallback 268 register hks get hardware udid callback status =0
06-09 11:43:36.812 1232 2578 D ConnectAuthJNI: [HiChain] get_instance Begin get instance
06-09 11:43:36.812 1232 2578 I ConnectAuthJNI: [HKS] hks_service_key_info_init hks init : begin
06-09 11:43:36.812 1232 2578 I ConnectAuthJNI: [HKS] hks_service_key_info_init hks init : end
06-09 11:43:36.812 1232 2578 I ConnectAuthJNI: GetHiChainProtocolParamsCallback 371 GetHiChainProtocolParamsCallback operation_code= 99
06-09 11:43:36.812 1232 2578 I ConnectAuthJNI: paramLen is ,=0
06-09 11:43:36.812 1232 2578 I ConnectAuthJNI: paramLen is ,=0
06-09 11:43:36.812 1232 2578 I ConnectAuthJNI: GetHiChainProtocolParamsCallback 402 GetHiChainProtocolParamsCallback end
06-09 11:43:36.812 1232 2578 I ConnectAuthJNI: [HiChain] get_instance Get instance success
06-09 11:43:36.812 1232 2578 I ConnectAuthJNI: Java_com_huawei_hisight_security_ConnectAuthNative_nativeGetHiChainInstance 598 get instance success
06-09 11:43:36.812 1232 2578 W ConnectAuthJNI: GetListTrustPeers 899 trustPeerSize=0
06-09 11:43:36.813 1232 2578 D Hisight-DeviceListManager: init trusted list size: 0
06-09 11:43:36.813 1232 2578 D HiSight-ConnectionManager: setAuthInfo, authMode: 1
06-09 11:43:37.103 2225 2352 I TDLog : [APP] New data found, Submitting...
06-09 11:43:37.128 2225 2352 I TDLog : [APP] Failed to submit data!
06-09 11:43:37.323 487 532 W IorapForwardingService: No service published for: iorapd
06-09 11:43:37.336 1232 2441 E raop : JavaCallback init
06-09 11:43:37.945 487 765 D SntpClient: request time failed: java.net.SocketTimeoutException: Poll timed out
06-09 11:43:38.308 1050 1050 I DefaultDispatch: type=1400 audit(0.0:1061): avc: denied { read } for name="devices" dev="proc" ino=4026532014 scontext=u:r:system_app:s0 tcontext=u:object_r:proc:s0 tclass=file permissive=1
06-09 11:43:38.308 1050 1050 I DefaultDispatch: type=1400 audit(0.0:1062): avc: denied { open } for path="/proc/bus/input/devices" dev="proc" ino=4026532014 scontext=u:r:system_app:s0 tcontext=u:object_r:proc:s0 tclass=file permissive=1
06-09 11:43:38.308 1050 1050 I DefaultDispatch: type=1400 audit(0.0:1063): avc: denied { getattr } for path="/proc/bus/input/devices" dev="proc" ino=4026532014 scontext=u:r:system_app:s0 tcontext=u:object_r:proc:s0 tclass=file permissive=1
06-09 11:43:38.312 1050 2129 E RCInfo : vid:
06-09 11:43:38.313 1050 2129 E RCInfo : pid:
06-09 11:43:38.314 1050 2129 E RCInfo : vid:
06-09 11:43:38.314 1050 2129 E RCInfo : pid:
06-09 11:43:38.325 487 532 W IorapForwardingService: No service published for: iorapd
01-01 08:00:40.818 1 1 I init : processing action (debug.launcher3.exit=1) from (/vendor/etc/init/init.scheduler.rc:1)
06-09 11:43:38.490 2579 2588 I awei.connectio: Background young concurrent copying GC freed 31633(3219KB) AllocSpace objects, 26(648KB) LOS objects, 88% free, 3277KB/27MB, paused 244us total 100.881ms
01-01 08:00:41.070 1060 1060 E sprdwl : sprdwl_rx_rsp_process ctx_id 0 recv rsp[WIFI_CMD_TX_DATA] status[SPRDWL_CMD_STATUS_ERROR]
01-01 08:00:41.090 1060 1060 E sprdwl : sprdwl_rx_rsp_process ctx_id 0 recv rsp[WIFI_CMD_TX_DATA] status[SPRDWL_CMD_STATUS_ERROR]
06-09 11:43:38.780 1232 1232 I CrashSDKBkgdHan: type=1400 audit(0.0:1064): avc: denied { search } for name="com.dangbei.screencast" dev="mmcblk0p25" ino=908 scontext=u:r:platform_app:s0:c512,c768 tcontext=u:object_r:app_data_file:s0:c512,c768 tclass=dir permissive=1 app=com.dangbei.screencast
06-09 11:43:38.784 1232 1538 I crashsdk: crashsdk uploading logs
01-01 08:00:41.233 1538 1538 W audit : audit_lost=587 audit_rate_limit=5 audit_backlog_limit=64
06-09 11:43:38.780 1232 1232 I CrashSDKBkgdHan: type=1400 audit(0.0:1065): avc: denied { read } for name="logs" dev="mmcblk0p25" ino=2041 scontext=u:r:platform_app:s0:c512,c768 tcontext=u:object_r:app_data_file:s0:c512,c768 tclass=dir permissive=1 app=com.dangbei.screencast
01-01 08:00:41.233 1538 1538 E audit : rate limit exceeded
06-09 11:43:39.328 487 532 W IorapForwardingService: No service published for: iorapd
06-09 11:43:39.340 1232 1232 I MirrorHelper: type=1400 audit(0.0:1067): avc: denied { search } for name="net" dev="sysfs" ino=10442 scontext=u:r:platform_app:s0:c512,c768 tcontext=u:object_r:sysfs_net:s0 tclass=dir permissive=1 app=com.dangbei.screencast
06-09 11:43:39.380 1232 1232 I Thread-30: type=1400 audit(0.0:1068): avc: denied { getattr } for path="/data/user/0/com.dangbei.screencast/cache" dev="mmcblk0p25" ino=909 scontext=u:r:platform_app:s0:c512,c768 tcontext=u:object_r:app_data_file:s0:c512,c768 tclass=dir permissive=1 app=com.dangbei.screencast
06-09 11:43:39.387 1232 2680 I PlatformDependent: Your platform does not provide complete low-level API for accessing direct buffers reliably. Unless explicitly requested, heap buffer will always be preferred to avoid potential system instability.
06-09 11:43:39.419 1232 2441 W VideoCapabilities: Unrecognized profile/level 0/3 for video/mpeg2
06-09 11:43:39.434 487 630 D NsdService: Register service
06-09 11:43:39.434 487 630 D NsdService: registerService: 3 name: 当贝投屏A0, type: _airplay._tcp, host: null, port: 45641, txtRecord: srcvers=220.68features=0x527FFFF7,0x1E'pi=2e388006-13ba-4041-9a67-25dd4a43d536Cpk=b07727d6f6cd6e08b58ede525ec3cdeaa252ad9f683feb212ef8a205246554e7vv=2 flags=0x4model=AppleTV2,1deviceid=b4:2f:03:15:e8:b9
06-09 11:43:39.435 487 630 D NsdService: mdnssd [register, 3, 当贝投屏A0, _airplay._tcp, 45641, DnNyY3ZlcnM9MjIwLjY4GGZlYXR1cmVzPTB4NTI3RkZGRjcsMHgxRSdwaT0yZTM4ODAwNi0xM2JhLTQwNDEtOWE2Ny0yNWRkNGE0M2Q1MzZDcGs9YjA3NzI3ZDZmNmNkNmUwOGI1OGVkZTUyNWVjM2NkZWFhMjUyYWQ5ZjY4M2ZlYjIxMmVmOGEyMDUyNDY1NTRlNwR2dj0yCWZsYWdzPTB4NBBtb2RlbD1BcHBsZVRWMiwxGmRldmljZWlkPWI0OjJmOjAzOjE1OmU4OmI5]
06-09 11:43:39.438 487 630 D NsdService: Register 2 3
06-09 11:43:39.445 487 630 D NsdService: Register service
06-09 11:43:39.445 487 630 D NsdService: registerService: 4 name: b42f0315e8b9@当贝投屏A0, type: _raop._tcp, host: null, port: 39833, txtRecord: txtvers=1 am=AppleTV2,1ch=2
06-09 11:43:39.445 487 630 D NsdService: cn=0,1,2,3da=trueet=0,3,5ft=0x527FFFF7,0x1Emd=0,1,2Cpk=b07727d6f6cd6e08b58ede525ec3cdeaa252ad9f683feb212ef8a205246554e7pw=falsesf=0x4sr=44100ss=16sv=falsetp=UDPvn=65537 vs=220.68vv=2 rhd=5.6.0.0
06-09 11:43:39.445 487 630 D NsdService: mdnssd [register, 4, b42f0315e8b9@当贝投屏A0, _raop._tcp, 39833, CXR4dHZlcnM9MQ1hbT1BcHBsZVRWMiwxBGNoPTIKY249MCwxLDIsMwdkYT10cnVlCGV0PTAsMyw1EmZ0PTB4NTI3RkZGRjcsMHgxRQhtZD0wLDEsMkNwaz1iMDc3MjdkNmY2Y2Q2ZTA4YjU4ZWRlNTI1ZWMzY2RlYWEyNTJhZDlmNjgzZmViMjEyZWY4YTIwNTI0NjU1NGU3CHB3PWZhbHNlBnNmPTB4NAhzcj00NDEwMAVzcz0xNghzdj1mYWxzZQZ0cD1VRFAIdm49NjU1MzcJdnM9MjIwLjY4BHZ2PTILcmhkPTUuNi4wLjA=]
06-09 11:43:39.447 487 630 D NsdService: Register 3 4
06-09 11:43:39.449 669 669 E WifiHAL : wifi_get_link_stats: requestResponse Error:-5
06-09 11:43:39.448 1232 1232 I Thread-30: type=1400 audit(0.0:1069): avc: denied { read } for name="address" dev="sysfs" ino=16906 scontext=u:r:platform_app:s0:c512,c768 tcontext=u:object_r:sysfs_net:s0 tclass=file permissive=1 app=com.dangbei.screencast
06-09 11:43:39.450 487 620 E WifiVendorHal: getWifiLinkLayerStats_1_5_Internal(l.1191) failed {.code = ERROR_INVALID_ARGS, .description = }
06-09 11:43:39.448 1232 1232 I Thread-30: type=1400 audit(0.0:1070): avc: denied { open } for path="/sys/devices/virtual/net/dummy0/address" dev="sysfs" ino=16906 scontext=u:r:platform_app:s0:c512,c768 tcontext=u:object_r:sysfs_net:s0 tclass=file permissive=1 app=com.dangbei.screencast
06-09 11:43:39.448 1232 1232 I Thread-30: type=1400 audit(0.0:1071): avc: denied { getattr } for path="/sys/devices/virtual/net/dummy0/address" dev="sysfs" ino=16906 scontext=u:r:platform_app:s0:c512,c768 tcontext=u:object_r:sysfs_net:s0 tclass=file permissive=1 app=com.dangbei.screencast
06-09 11:43:39.638 2225 2307 D UtilLog : 日志批量上报 进行正常循环 !!!!!!本次有0次请求,共0条数据
06-09 11:43:39.907 487 630 D NsdService: Register service
06-09 11:43:39.908 487 630 D NsdService: registerService: 5 name: 当贝投屏A0, type: _db_cast_screen._tcp, host: null, port: 41013, txtRecord: au=1cV=20830mV=100h265=0maxR=4096-3152model=DBBOX-A2deviceid=20:02:FE:19:C2:0E
06-09 11:43:39.908 487 630 D NsdService: mdnssd [register, 5, 当贝投屏A0, _db_cast_screen._tcp, 41013, BGF1PTEIY1Y9MjA4MzAGbVY9MTAwBmgyNjU9MA5tYXhSPTQwOTYtMzE1Mg5tb2RlbD1EQkJPWC1BMhpkZXZpY2VpZD0yMDowMjpGRToxOTpDMjowRQ==]
06-09 11:43:39.910 487 630 D NsdService: Register 4 5
01-01 08:00:42.473 2438 2438 W audit : audit_lost=588 audit_rate_limit=5 audit_backlog_limit=64
01-01 08:00:42.473 2438 2438 E audit : rate limit exceeded
06-09 11:43:40.083 2225 2348 D UtilLog : 日志批量上报 进行正常循环 !!!!!!本次有0次请求,共0条数据
06-09 11:43:40.167 487 630 D NsdService: Native daemon message SERVICE_REGISTERED: 606 4 "b42f0315e8b9@当贝投屏A0"
06-09 11:43:40.168 487 630 D NsdService: Native daemon message SERVICE_REGISTERED: 606 3 "当贝投屏A0"
06-09 11:43:40.330 487 532 W IorapForwardingService: No service published for: iorapd
06-09 11:43:40.360 1232 2446 E accept : myIp:192.168.3.12
06-09 11:43:40.364 1232 2446 E accept : connect error
06-09 11:43:40.374 1232 2446 I UpnpServiceImpl: >>> Starting UPnP service...
06-09 11:43:40.374 1232 2446 I UpnpServiceImpl: Using configuration: org.fourthline.cling.android.AndroidUpnpServiceConfiguration
06-09 11:43:40.380 1232 2446 I Router : Creating Router: org.fourthline.cling.android.AndroidRouter
06-09 11:43:40.383 1232 2446 W Router : enable lock:org.fourthline.cling.android.AndroidRouter@529805f_java.util.concurrent.locks.ReentrantReadWriteLock$WriteLock@42caac[Unlocked]
06-09 11:43:40.399 1232 2446 W tworkAddressFactoryImpl: Network interface may not be multicast capable: dummy0
06-09 11:43:40.404 1232 2446 I MulticastReceiver: Creating wildcard socket (for receiving multicast datagrams) on port: 1900
06-09 11:43:40.405 1232 2446 I MulticastReceiver: Joining multicast group: /239.255.255.250:1900 on network interface: wlan0
06-09 11:43:40.427 1232 2446 E accept : Adding connector try: 192.168.3.12/192.168.3.12:40531
06-09 11:43:40.431 1232 2446 E accept : Adding connector result: 192.168.3.12/192.168.3.12:40531
06-09 11:43:40.545 1232 2446 I JettyServletContainer: Registering UPnP servlet under context path: /upnp
06-09 11:43:40.551 1232 2446 I DatagramIO: Creating bound socket (for datagram input/output) on: 192.168.3.12/192.168.3.12
06-09 11:43:40.552 1232 2689 E JettyServletContainer: gogogo
06-09 11:43:40.553 1232 2689 I JettyServletContainer: Starting Jetty server...
06-09 11:43:40.554 1232 2689 W System.err: 2025-06-09 11:43:40.553:INFO:lcaf.p:jetty-8.y.z-SNAPSHOT
06-09 11:43:40.561 1232 2446 I Router : WiFi multicast lock acquired
06-09 11:43:40.562 487 1413 I WifiService: acquireMulticastLock uid=10015
06-09 11:43:40.564 1232 2446 I Router : WiFi lock acquired
06-09 11:43:40.565 487 1413 I WifiService: acquireWifiLock uid=10015 lockMode=3
06-09 11:43:40.572 1232 2446 W Router : enable unlock:org.fourthline.cling.android.AndroidRouter@529805f
06-09 11:43:40.574 1232 2446 I UpnpServiceImpl: <<< UPnP service started successfully
06-09 11:43:40.609 1232 2689 W System.err: 2025-06-09 11:43:40.609:INFO:lcaf.a:Started @192.168.3.12:40531
06-09 11:43:40.662 1232 2446 E g : channel :os
06-09 11:43:40.778 487 630 D NsdService: Native daemon message SERVICE_REGISTERED: 606 5 "当贝投屏A0"
06-09 11:43:41.288 2699 2699 I Thread-2: type=1400 audit(0.0:1075): avc: denied { execute } for name="am" dev="dm-5" ino=1160 scontext=u:r:system_app:s0 tcontext=u:object_r:vendor_file:s0 tclass=file permissive=1
06-09 11:43:41.288 2699 2699 I Thread-2: type=1400 audit(0.0:1076): avc: denied { read open } for path="/vendor/xbin/am" dev="dm-5" ino=1160 scontext=u:r:system_app:s0 tcontext=u:object_r:vendor_file:s0 tclass=file permissive=1
06-09 11:43:41.288 2699 2699 I Thread-2: type=1400 audit(0.0:1077): avc: denied { execute_no_trans } for path="/vendor/xbin/am" dev="dm-5" ino=1160 scontext=u:r:system_app:s0 tcontext=u:object_r:vendor_file:s0 tclass=file permissive=1
06-09 11:43:41.333 487 532 W IorapForwardingService: No service published for: iorapd
06-09 11:43:41.358 1189 1189 D bbb : onStartCommand begin !!!!!!! data分区剩余 20615MB
06-09 11:43:41.365 1133 1133 D aaa : LedStatusService onStartCommand begin
06-09 11:43:41.384 1133 2707 D aaa : topPkg is -------------- :com.dangbei.leard.leradlauncher
06-09 11:43:41.389 1133 2707 D aaa : WiFi is connect
06-09 11:43:41.450 487 487 W NotificationHistory: Attempted to add notif for locked/gone/disabled user 0
06-09 11:43:41.460 684 684 V TvNotificationHandler: Notification not added because it isn't relevant for tv
06-09 11:43:41.640 487 510 W TelephonyPermissions: reportAccessDeniedToReadIdentifiers:com.dangbei.screencast:getSerial:-1
06-09 11:43:41.732 2579 2633 V NFC : this device does not have NFC support
06-09 11:43:41.832 2579 2579 I SharedPreferenc: type=1400 audit(0.0:1078): avc: denied { open } for path="/data/user/0/com.dangbei.screencast/shared_prefs/tdid.xml" dev="mmcblk0p25" ino=2142 scontext=u:r:platform_app:s0:c512,c768 tcontext=u:object_r:app_data_file:s0:c512,c768 tclass=file permissive=1 app=com.dangbei.screencast
06-09 11:43:41.852 2579 2579 I ThreadPoolUtils: type=1400 audit(0.0:1079): avc: denied { lock } for path="/data/user/0/com.dangbei.screencast/files/TDCloud_Control_Cache_Param4" dev="mmcblk0p25" ino=2121 scontext=u:r:platform_app:s0:c512,c768 tcontext=u:object_r:app_data_file:s0:c512,c768 tclass=file permissive=1 app=com.dangbei.screencast
01-01 08:00:44.580 2714 2714 W audit : audit_lost=591 audit_rate_limit=5 audit_backlog_limit=64
01-01 08:00:44.580 2714 2714 E audit : rate limit exceeded
06-09 11:43:42.336 487 532 W IorapForwardingService: No service published for: iorapd
06-09 11:43:42.353 277 297 D hdmi-cec: receive invalid cec message!
06-09 11:43:42.353 277 297 D hdmi-cec: receive poll message [04], skip!
06-09 11:43:42.352 2579 2579 I ModuleDataForwa: type=1400 audit(0.0:1081): avc: denied { unlink } for name="1749440622137_2579" dev="mmcblk0p25" ino=15868 scontext=u:r:platform_app:s0:c512,c768 tcontext=u:object_r:app_data_file:s0:c512,c768 tclass=file permissive=1 app=com.dangbei.screencast
06-09 11:43:42.463 669 669 E WifiHAL : wifi_get_link_stats: requestResponse Error:-5
06-09 11:43:42.465 487 620 E WifiVendorHal: getWifiLinkLayerStats_1_5_Internal(l.1191) failed {.code = ERROR_INVALID_ARGS, .description = }
06-09 11:43:42.954 487 765 D SntpClient: request time failed: java.net.SocketTimeoutException: Poll timed out
01-01 08:00:45.547 0 0 I [ C3] nf_conntrack: default automatic helper assignment has been turned off for security reasons and CT-based firewall rule not found. Use the iptables CT target to attach helpers instead.
06-09 11:43:43.338 487 532 W IorapForwardingService: No service published for: iorapd
06-09 11:43:44.341 487 532 D CompatibilityChangeReporter: Compat change id reported: 168419799; UID 10075; state: DISABLED
06-09 11:43:44.345 487 532 W IorapForwardingService: No service published for: iorapd
06-09 11:43:44.396 1232 1232 I efs-base: type=1400 audit(0.0:1082): avc: denied { rmdir } for name="2579" dev="mmcblk0p25" ino=15861 scontext=u:r:platform_app:s0:c512,c768 tcontext=u:object_r:app_data_file:s0:c512,c768 tclass=dir permissive=1 app=com.dangbei.screencast
06-09 11:43:45.348 487 532 W IorapForwardingService: No service published for: iorapd
06-09 11:43:45.482 669 669 E WifiHAL : wifi_get_link_stats: requestResponse Error:-5
06-09 11:43:45.483 487 620 E WifiVendorHal: getWifiLinkLayerStats_1_5_Internal(l.1191) failed {.code = ERROR_INVALID_ARGS, .description = }
06-09 11:43:46.351 487 532 W IorapForwardingService: No service published for: iorapd
06-09 11:43:47.291 219 233 I keystore2: keystore2::watchdog: Watchdog thread idle -> terminating. Have a great day.
06-09 11:43:47.354 487 532 W IorapForwardingService: No service published for: iorapd
06-09 11:43:47.813 1232 1621 I efs.base: wa upload succ, HttpResponse {succ=true, code=200, data='暂不支持该服务', extra={req_url=https://errlog.umeng.com/api/crashsdk/logcollect}}
06-09 11:43:47.963 487 765 D SntpClient: request time failed: java.net.SocketTimeoutException: Poll timed out
06-09 11:43:47.964 487 765 D SntpClient: request time failed
06-09 11:43:48.356 487 532 W IorapForwardingService: No service published for: iorapd
06-09 11:43:48.376 487 998 W ZramWriteback: Writeback device is not set
06-09 11:43:48.376 487 998 D ZramWriteback: wait to flush
06-09 11:43:48.495 669 669 E WifiHAL : wifi_get_link_stats: requestResponse Error:-5
06-09 11:43:48.498 487 620 E WifiVendorHal: getWifiLinkLayerStats_1_5_Internal(l.1191) failed {.code = ERROR_INVALID_ARGS, .description = }
06-09 11:43:49.359 487 532 W IorapForwardingService: No service published for: iorapd
06-09 11:43:49.396 1133 1133 D aaa : LedStatusService onStartCommand begin
06-09 11:43:49.398 1133 2737 D aaa : topPkg is -------------- :com.dangbei.leard.leradlauncher
06-09 11:43:49.399 1189 1189 D bbb : onStartCommand begin !!!!!!! data分区剩余 20614MB
06-09 11:43:49.403 1133 2737 D aaa : WiFi is connect
06-09 11:43:50.095 2225 2348 D UtilLog : 日志批量上报 进行正常循环 !!!!!!本次有0次请求,共0条数据
06-09 11:43:50.361 487 532 W IorapForwardingService: No service published for: iorapd
06-09 11:43:50.425 197 197 I hwservicemanager: getTransport: Cannot find entry android.hardware.graphics.mapper@4.0::IMapper/default in either framework or device VINTF manifest.
06-09 11:43:50.426 487 533 I Gralloc4: mapper 4.x is not supported
06-09 11:43:50.427 197 197 I hwservicemanager: getTransport: Cannot find entry android.hardware.graphics.mapper@3.0::IMapper/default in either framework or device VINTF manifest.
06-09 11:43:50.428 487 533 W Gralloc3: mapper 3.x is not supported
06-09 11:43:50.432 487 533 E gralloc : Arm Module v1.0
06-09 11:43:50.434 197 197 I hwservicemanager: getTransport: Cannot find entry android.hardware.graphics.allocator@4.0::IAllocator/default in either framework or device VINTF manifest.
06-09 11:43:50.434 487 533 W Gralloc4: allocator 4.x is not supported
06-09 11:43:50.435 197 197 I hwservicemanager: getTransport: Cannot find entry android.hardware.graphics.allocator@3.0::IAllocator/default in either framework or device VINTF manifest.
06-09 11:43:50.435 487 533 W Gralloc3: allocator 3.x is not supported
06-09 11:43:50.438 267 267 I gralloc : alloc buffer:W:33 H:42 S:48 PL[33 42] SZ:8064 fmt:1 if:0 af:1 usg:966 fg:00000004
06-09 11:43:50.439 487 533 E ion : ioctl c0044901 failed with code -1: Inappropriate ioctl for device
06-09 11:43:51.363 487 532 W IorapForwardingService: No service published for: iorapd
06-09 11:43:51.516 669 669 E WifiHAL : wifi_get_link_stats: requestResponse Error:-5
06-09 11:43:51.519 487 620 E WifiVendorHal: getWifiLinkLayerStats_1_5_Internal(l.1191) failed {.code = ERROR_INVALID_ARGS, .description = }
06-09 11:43:52.365 487 532 W IorapForwardingService: No service published for: iorapd
06-09 11:43:52.410 1232 1241 I gbei.screencas: Background concurrent copying GC freed 29697(1894KB) AllocSpace objects, 6(732KB) LOS objects, 49% free, 5676KB/11MB, paused 166us total 131.267ms
06-09 11:43:52.984 487 765 D SntpClient: request time failed: java.net.SocketTimeoutException: Poll timed out
06-09 11:43:53.015 487 765 D SntpClient: round trip: 27ms, clock offset: 94935811ms
06-09 11:43:53.021 487 528 D AlarmManagerService: Setting time of day to sec=1749535568
06-10 14:06:08.878 487 600 E LazyAlarmStore: Removed TIME_TICK alarm
06-10 14:06:08.881 487 548 I DropBoxManagerService: add tag=system_server_wtf isTagEnabled=true flags=0x2
06-10 14:06:08.888 487 548 I ActivityManager: Killing 1355:com.android.localtransport/1000 (adj 985): empty #17
06-10 14:06:08.891 487 548 I ActivityManager: Killing 1284:android.process.acore/u0a16 (adj 995): empty #18
06-10 14:06:08.932 257 257 I Zygote : Process 1355 exited due to signal 9 (Killed)
06-10 14:06:08.938 487 551 I libprocessgroup: Successfully killed process cgroup uid 1000 pid 1355 in 47ms
06-10 14:06:08.939 487 976 D CountryDetector: No listener is left
06-10 14:06:08.940 257 257 I Zygote : Process 1284 exited due to signal 9 (Killed)
06-10 14:06:08.941 487 551 I libprocessgroup: Successfully killed process cgroup uid 10016 pid 1284 in 0ms
06-10 14:06:08.983 487 548 D CompatibilityChangeReporter: Compat change id reported: 168419799; UID 10023; state: DISABLED
06-10 14:06:08.995 487 487 W Looper : Slow dispatch took 101ms main h=com.android.server.job.JobSchedulerService$JobHandler c=null m=4
06-10 14:06:08.998 1189 1189 D bbb : onStartCommand begin !!!!!!! data分区剩余 20615MB
