06-09 11:43:28.904 1103 1103 E hq : listenerNet:::重新来网了 key=requestMessageDialog isConnect=true
06-09 11:43:28.904 1103 1103 E hq : listenerNet:::重新来网了 key=requestNetAppAdInfo isConnect=true
06-09 11:43:28.905 1103 1103 E hq : NetWorkStateReceiver:::NetWorkStateReceiver onReceive: 网络变化广播 >>>> intent.action=android.net.conn.CONNECTIVITY_CHANGE
06-09 11:43:28.909 1103 1103 E hq : NetWorkStateReceiver:::Network is available. isConnect=true 是否频次过快=true t=1749440608909
06-09 11:43:28.909 1103 1103 W eventbuscore: post Event:com.dangbei.leard.base.entity.event.NetChangeEvent
06-09 11:43:28.924 487 548 I DropBoxManagerService: add tag=system_server_wtf isTagEnabled=true flags=0x2
06-09 11:43:28.928 487 1975 I ActivityManager: Background started FGS: Allowed [callingPackage: com.android.tv; callingUid: 10057; uidState: RCVR; intent: Intent { cmp=com.android.tv/.dvr.recorder.DvrRecordingService (has extras) }; code:BACKGROUND_ACTIVITY_PERMISSION; tempAllowListReason:; targetSdkVersion:29; callerTargetSdkVersion:29; startForegroundCount:0; bindFromPackage:null]
06-09 11:43:28.986 487 548 I ActivityManager: Deferring FGS notification in legacy app com.android.tv/u0a57 : Notification(channel=dvr_notification_channel shortcut=null contentView=null vibrate=null sound=null defaults=0x0 flags=0x40 color=0x00000000 vis=PRIVATE)
06-09 11:43:28.987 487 630 D NsdService: Register service
06-09 11:43:28.987 487 630 D NsdService: registerService: 2 name: 192.168.3.12, type: _db_controller._tcp, host: /192.168.3.12, port: 6689, txtRecord: deviceModel=DBBOX-A2romVersion=5.0.0.9findController=1sn=DZOH58251975972mac=20:02:FE:19:C2:0E deviceName=客厅的当贝盒子)deviceId=21c64902019dc1b5a2d56996a3df215cdeviceModelNumber=H5232 romCode=5009
06-09 11:43:28.988 487 630 D NsdService: mdnssd [register, 2, 192.168.3.12, _db_controller._tcp, 6689, FGRldmljZU1vZGVsPURCQk9YLUEyEnJvbVZlcnNpb249NS4wLjAuORBmaW5kQ29udHJvbGxlcj0xEnNuPURaT0g1ODI1MTk3NTk3MhVtYWM9MjA6MDI6RkU6MTk6QzI6MEUgZGV2aWNlTmFtZT3lrqLljoXnmoTlvZPotJ3nm5LlrZApZGV2aWNlSWQ9MjFjNjQ5MDIwMTlkYzFiNWEyZDU2OTk2YTNkZjIxNWMXZGV2aWNlTW9kZWxOdW1iZXI9SDUyMzIMcm9tQ29kZT01MDA5]
06-09 11:43:28.992 487 630 D NsdService: Register 2 2
06-09 11:43:29.011 1103 1507 E hq : ErrorCoroutineExceptionHandler:::runTry error:com.dangbei.leard.base.proider.error.EmptyApiException: 数据为空 from=requestMessageDialog from=requestMessageDialog
06-09 11:43:29.013 2173 2173 D CompatibilityChangeReporter: Compat change id reported: 171979766; UID 10057; state: DISABLED
06-09 11:43:29.012 2165 2165 I rainbow_flow: type=1400 audit(0.0:741): avc: denied { ioctl } for path="/dev/spidev1.0" dev="tmpfs" ino=6881 ioctlcmd=0x6b00 scontext=u:r:init:s0 tcontext=u:object_r:device:s0 tclass=chr_file permissive=1
06-09 11:43:29.027 487 620 D chongyuzhao: stop reconnect
06-09 11:43:29.028 2173 2173 D ApplicationLoaders: Returning zygote-cached class loader: /system/framework/android.test.base.jar
06-09 11:43:29.032 1103 1522 D AppManager: checkLocalAppsIsValid:
06-09 11:43:29.034 487 510 D CompatibilityChangeReporter: Compat change id reported: 168419799; UID 1000; state: DISABLED
06-09 11:43:29.046 1103 2209 D ProfileInstaller: Skipping profile installation for com.dangbei.leard.leradlauncher
06-09 11:43:29.056 1367 1755 D XHttpObservable: createNetWorkObservable subscribe: MediaControlEntity{code=0, data=PageEntity{list=[ContentEntity{packageName='com.dangbei.leard.leradlauncher', activityName='FilmDetailActivity'}, ContentEntity{packageName='com.dangbei.leard.leradlauncher', activityName='FullScreenDetailActivity'}, ContentEntity{packageName='com.dangbei.leard.leradlauncher', activityName='TencentSportActivity'}, ContentEntity{packageName='com.dangbei.leradVideoPlugins', activityName='FilmDetailActivity'}, ContentEntity{packageName='com.dangbei.leradVideoPlugins', activityName='FullScreenDetailActivity'}, ContentEntity{packageName='com.dangbei.leradVideoPlugins', activityName='TencentSportActivity'}, ContentEntity{packageName='com.dangbei.leradVideoPlugins', activityName='ShortPlayActivity'}, ContentEntity{packageName='com.dangbei.hqmedia', activityName='FilmDetailActivity'}, ContentEntity{packageName='com.dangbei.hqmedia', activityName='FullScreenDetailActivity'}, ContentEntity{packageName='com.dangbei.leradVideoPlugins', activityName='MangoMediaActivity'}, ContentEntity{packageName='com.dangbei.leradVideoPlugins', activityName='VcinemaActivity'}]}, message='success'} ,,, isDisposed = false
06-09 11:43:29.066 1367 1748 D XHttpObservable: createNetWorkObservable subscribe: ShowMessageEntity{code=0, data=TipEntity{movieType=[我想看喜剧片, 动作片, 枪战片], movie=[庆余年, 误杀, 美丽人生, 爆笑虫子, 哪吒, 小猪佩奇, 胡歌的电视剧, 张艺谋导演的电影, 切换到1080P, 收藏], appController=[打开当贝市场, 下载哈趣影视, 爱奇艺, 卸载腾讯视频], weather=[今天的天气, 未来五天的天气, 杭州天气怎么样, 明天下不下雨], music=[我要听歌, 周杰伦的歌, 上一首, 下一首, 快进一分钟, 暂停], liveAppDownload='非常抱歉,根据监管部门政策管理要求,暂不提供相应服务。', subscreen=null, wakeUpVoiceResponse=[ProbabilityEntity{word='在呢', probability=30}, ProbabilityEntity{word='我在', probability=35}, ProbabilityEntity{word='你说', probability=15}, ProbabilityEntity{word='来啦', probability=20}], unrecognizedVoiceResponse=[ProbabilityEntity{word='可以再说一遍么', probability=45}, ProbabilityEntity{word='可以说的详细一点么', probability=30}, ProbabilityEntity{word='请问有什么可以帮您', probability=25}], notUnderstandVoiceResponse=[ProbabilityEntity{word='换个说法试试吧', probability=100}]}, message='success'} ,,, isDisposed = false
06-09 11:43:29.068 823 823 W ContextImpl: Calling a method in the system process without a qualified user: android.app.ContextImpl.startService:1816 android.content.ContextWrapper.startService:774 android.content.ContextWrapper.startService:774 com.android.tv.settings.help.BootBroadcastReceiver.onReceive:18 android.app.ActivityThread.handleReceiver:4308
06-09 11:43:29.070 1103 1515 E hq : WeatherRefresh:::请求网络地址后,更新的地理位置为:101280601
06-09 11:43:29.072 487 976 W ActivityManager: Unable to start service Intent { cmp=com.android.tv.settings/.app_lock.MainService } U=0: not found
06-09 11:43:29.076 823 823 V BootBroadcastReceiver: autorun
06-09 11:43:29.094 487 720 I ActivityManager: com.dangbei.zhushou.os is exempt from freezer
06-09 11:43:29.094 487 720 D CompatibilityChangeReporter: Compat change id reported: 135634846; UID 1000; state: DISABLED
06-09 11:43:29.126 257 257 D Zygote : Forked child process 2225
06-09 11:43:29.135 487 549 I ActivityManager: app.processName = com.dangbei.zhushou.os
06-09 11:43:29.135 487 549 I ActivityManager: Start proc 2225:com.dangbei.zhushou.os/1000 for broadcast {com.dangbei.zhushou.os/com.dangbei.projector.assistant.receiver.BootReceiver}
06-09 11:43:29.137 2225 2225 I Zygote : seccomp disabled by setenforce 0
06-09 11:43:29.146 487 549 W ActivityManager: Slow operation: 53ms so far, now at startProcess: done updating pids map
06-09 11:43:29.167 1103 1103 E martin : 组件:2025-06-09
06-09 11:43:29.172 1103 1103 E weatherWidget: dataChange:Mon Jun 09 11:43:29 GMT+08:00 2025
06-09 11:43:29.187 1103 1103 E SecondScreen: isShowSecondScreen()=0 getCurrentPageState()=com.monster.gamma.core.LoadService@86facff
06-09 11:43:29.199 2173 2173 D nativeloader: classloader namespace configured for unbundled product apk. library_path=/product/priv-app/LiveTv/lib/arm:/product/lib:/system/product/lib
06-09 11:43:29.217 393 408 I adbd : jdwp connection from 2225
06-09 11:43:29.235 2173 2173 V GraphicsEnvironment: ANGLE Developer option for 'com.android.tv' set to: 'default'
06-09 11:43:29.236 2173 2173 V GraphicsEnvironment: Neither updatable production driver nor prerelease driver is supported.
06-09 11:43:29.238 2173 2173 D NetworkSecurityConfig: No Network Security Config specified, using platform default
06-09 11:43:29.239 2173 2173 D NetworkSecurityConfig: No Network Security Config specified, using platform default
06-09 11:43:29.253 2173 2173 W UnsafeUtil: platform method missing - proto runtime falling back to safer methods: java.lang.NoSuchMethodException: sun.misc.Unsafe.copyMemory [class java.lang.Object, long, class java.lang.Object, long, long]
06-09 11:43:29.267 1103 1505 E hq : WeatherRefresh:::请求网络地址后,更新的地理位置为:101280601
06-09 11:43:29.281 2225 2225 D CompatibilityChangeReporter: Compat change id reported: 171979766; UID 1000; state: DISABLED
06-09 11:43:29.281 1232 1566 I efs.config: No update is required, less than 8h since the last update
06-09 11:43:29.284 487 591 D CompatibilityChangeReporter: Compat change id reported: 135634846; UID 10038; state: DISABLED
06-09 11:43:29.285 487 549 D CompatibilityChangeReporter: Compat change id reported: 143937733; UID 10038; state: DISABLED
06-09 11:43:29.298 2225 2225 D ApplicationLoaders: Returning zygote-cached class loader: /system/framework/android.test.base.jar
06-09 11:43:29.298 2225 2225 D ApplicationLoaders: Returning zygote-cached class loader: /system/framework/android.hidl.manager-V1.0-java.jar
06-09 11:43:29.298 2225 2225 D ApplicationLoaders: Returning zygote-cached class loader: /system/framework/android.hidl.base-V1.0-java.jar
06-09 11:43:29.307 487 532 W IorapForwardingService: No service published for: iorapd
06-09 11:43:29.315 257 257 D Zygote : Forked child process 2259
06-09 11:43:29.317 487 549 I ActivityManager: app.processName = com.sohu.inputmethod.sogou.tv
06-09 11:43:29.317 487 549 I ActivityManager: Start proc 2259:com.sohu.inputmethod.sogou.tv/u0a38 for service {com.sohu.inputmethod.sogou.tv/com.sohu.inputmethod.sogou.tv.SogouIME}
01-01 08:00:31.767 297 297 W audit : audit_lost=293 audit_rate_limit=5 audit_backlog_limit=64
01-01 08:00:31.767 297 297 E audit : rate limit exceeded
06-09 11:43:29.328 2259 2259 I Zygote : seccomp disabled by setenforce 0
06-09 11:43:29.365 393 408 I adbd : jdwp connection from 2259
06-09 11:43:29.401 1103 1103 E martin : 组件:2025-06-09
06-09 11:43:29.410 1103 1103 E weatherWidget: dataChange:Mon Jun 09 11:43:29 GMT+08:00 2025
06-09 11:43:29.413 487 510 D CompatibilityChangeReporter: Compat change id reported: 168419799; UID 10038; state: DISABLED
06-09 11:43:29.461 2173 2173 I TvApplication: Starting TV app 1.24-asop
06-09 11:43:29.467 2173 2173 I TvApplication: Started TV app 1.24-asop
06-09 11:43:29.468 2259 2259 D CompatibilityChangeReporter: Compat change id reported: 171979766; UID 10038; state: DISABLED
06-09 11:43:29.514 2259 2259 D ApplicationLoaders: Returning zygote-cached class loader: /system/framework/android.test.base.jar
06-09 11:43:29.514 2259 2259 D ApplicationLoaders: Returning zygote-cached class loader: /system/framework/android.hidl.manager-V1.0-java.jar
06-09 11:43:29.514 2259 2259 D ApplicationLoaders: Returning zygote-cached class loader: /system/framework/android.hidl.base-V1.0-java.jar
06-09 11:43:29.564 1103 1215 E hq : 当小贝:::message list add complete data.messageList:[]
06-09 11:43:29.564 1103 1215 E hq : data.tabList=[]
06-09 11:43:29.565 1103 1215 I hq : 当小贝:::showMessage from=requestGetMessageRemind
06-09 11:43:29.565 1103 1215 I hq : 当小贝:::showMessage 没有消息需要显示
06-09 11:43:29.585 2225 2225 V GraphicsEnvironment: ANGLE Developer option for 'com.dangbei.zhushou.os' set to: 'default'
06-09 11:43:29.586 2225 2225 V GraphicsEnvironment: Neither updatable production driver nor prerelease driver is supported.
06-09 11:43:29.590 2225 2225 D NetworkSecurityConfig: No Network Security Config specified, using platform default
06-09 11:43:29.591 2225 2225 D NetworkSecurityConfig: No Network Security Config specified, using platform default
06-09 11:43:29.594 2225 2225 I MultiDex: VM with version 2.1.0 has multidex support
06-09 11:43:29.594 2225 2225 I MultiDex: Installing application
06-09 11:43:29.594 2225 2225 I MultiDex: VM has multidex support, MultiDex support library is disabled.
06-09 11:43:29.656 2259 2259 V GraphicsEnvironment: ANGLE Developer option for 'com.sohu.inputmethod.sogou.tv' set to: 'default'
06-09 11:43:29.656 2259 2259 V GraphicsEnvironment: Neither updatable production driver nor prerelease driver is supported.
06-09 11:43:29.659 2259 2259 D NetworkSecurityConfig: Using Network Security Config from resource network_security_config debugBuild: false
06-09 11:43:29.662 2259 2259 D NetworkSecurityConfig: Using Network Security Config from resource network_security_config debugBuild: false
06-09 11:43:29.664 2259 2259 I MultiDex: VM with version 2.1.0 has multidex support
06-09 11:43:29.664 2259 2259 I MultiDex: Installing application
06-09 11:43:29.664 2259 2259 I MultiDex: VM has multidex support, MultiDex support library is disabled.
06-09 11:43:29.768 2225 2225 I b : -----------> Auto switch user, userId: -3377459
06-09 11:43:29.768 2225 2225 I b : -----------> doSwitchUserInternal, userId: -3377459
06-09 11:43:29.770 2259 2259 E SogouIME: setupInputSurface
06-09 11:43:29.771 1103 1114 I d.leradlaunche: Background young concurrent copying GC freed 51949(2785KB) AllocSpace objects, 17(1664KB) LOS objects, 0% free, 14MB/14MB, paused 2.239ms total 755.695ms
06-09 11:43:29.776 2225 2225 D yl : com.wangjie.rapidorm.c.b.a-------------------the tables are {class com.dangbei.setting.provider.dal.db.model.User=com.dangbei.setting.provider.dal.db.model.c@d30967d, class com.dangbei.setting.provider.dal.db.model.UserPreference=com.dangbei.setting.provider.dal.db.model.b@d385972}
06-09 11:43:29.807 1103 1522 D AppManager: checkLocalAppsIsValid: success
06-09 11:43:29.828 277 277 I EventThread: type=1400 audit(0.0:744): avc: denied { search } for name="extcon" dev="sysfs" ino=18109 scontext=u:r:hal_tv_cec_default:s0 tcontext=u:object_r:sysfs_extcon:s0 tclass=dir permissive=1
06-09 11:43:29.940 2225 2225 D CompatibilityChangeReporter: Compat change id reported: 147600208; UID 1000; state: DISABLED
06-09 11:43:29.941 2259 2259 I DefaultIMS: DefaultIMS::onCreate()
06-09 11:43:29.941 2259 2259 I DefaultIMS: DefaultIMS::onCreate() finish
06-09 11:43:30.036 2225 2225 I Thread-5: type=1400 audit(0.0:745): avc: denied { read } for name="address" dev="sysfs" ino=28601 scontext=u:r:system_app:s0 tcontext=u:object_r:sysfs:s0 tclass=file permissive=1
06-09 11:43:30.036 2225 2225 I Thread-5: type=1400 audit(0.0:746): avc: denied { open } for path="/sys/devices/platform/unisoc_wifi/net/wlan1/address" dev="sysfs" ino=28601 scontext=u:r:system_app:s0 tcontext=u:object_r:sysfs:s0 tclass=file permissive=1
06-09 11:43:30.036 2225 2225 I Thread-5: type=1400 audit(0.0:747): avc: denied { getattr } for path="/sys/devices/platform/unisoc_wifi/net/wlan1/address" dev="sysfs" ino=28601 scontext=u:r:system_app:s0 tcontext=u:object_r:sysfs:s0 tclass=file permissive=1
06-09 11:43:30.054 2225 2225 I TDLog : setReportUncaughtExceptions: true
06-09 11:43:30.075 487 1975 W ActivityTaskManager: Current config: {1.0 ?mcc?mnc [zh_CN] ldltr sw720dp w1280dp h696dp 240dpi xlrg long land television -touch qwerty/v/v dpad/v winConfig={ mBounds=Rect(0, 0 - 1920, 1080) mAppBounds=Rect(0, 0 - 1920, 1080) mMaxBounds=Rect(0, 0 - 1920, 1080) mWindowingMode=fullscreen mDisplayWindowingMode=fullscreen mActivityType=undefined mAlwaysOnTop=undefined mRotation=ROTATION_0} s.6 fontWeightAdjustment=0} unchanged for IME proc com.sohu.inputmethod.sogou.tv
06-09 11:43:30.075 487 1975 W ActivityTaskManager: Current config: {1.0 ?mcc?mnc [zh_CN] ldltr sw720dp w1280dp h696dp 240dpi xlrg long land television -touch qwerty/v/v dpad/v winConfig={ mBounds=Rect(0, 0 - 1920, 1080) mAppBounds=Rect(0, 0 - 1920, 1080) mMaxBounds=Rect(0, 0 - 1920, 1080) mWindowingMode=fullscreen mDisplayWindowingMode=fullscreen mActivityType=undefined mAlwaysOnTop=undefined mRotation=ROTATION_0} s.6 fontWeightAdjustment=0} unchanged for IME proc com.sohu.inputmethod.sogou.tv
06-09 11:43:30.115 2225 2333 I TDLog : TalkingData App Analytics SDK init...
06-09 11:43:30.115 2225 2333 I TDLog : SDK_VERSION is: Android+TD+V4.0.22 gp Type:Native Build_Num:712
06-09 11:43:30.115 2225 2333 I TDLog : App ID is: 219DEBE67C3B47D799EED1190DEACA09
06-09 11:43:30.115 2225 2333 I TDLog : App Channel is: statisticSDK
06-09 11:43:30.115 2225 2333 I TDLog : SDK_OVC is: TDOVC+a004ba0d7e569531a3ac013fd19b4443+SaaS
06-09 11:43:30.143 487 1413 D CompatibilityChangeReporter: Compat change id reported: 135634846; UID 10048; state: DISABLED
06-09 11:43:30.143 487 1413 D CompatibilityChangeReporter: Compat change id reported: 177438394; UID 10048; state: DISABLED
06-09 11:43:30.143 487 1413 D CompatibilityChangeReporter: Compat change id reported: 135772972; UID 10048; state: DISABLED
06-09 11:43:30.143 487 1413 D CompatibilityChangeReporter: Compat change id reported: 135754954; UID 10048; state: ENABLED
06-09 11:43:30.144 487 549 D CompatibilityChangeReporter: Compat change id reported: 143937733; UID 10048; state: ENABLED
06-09 11:43:30.179 257 257 D Zygote : Forked child process 2366
06-09 11:43:30.181 487 549 I ActivityManager: app.processName = com.softwinner.timerswitch
06-09 11:43:30.181 487 549 I ActivityManager: Start proc 2366:com.softwinner.timerswitch/u0a48 for broadcast {com.softwinner.timerswitch/com.softwinner.timerswitch.AlarmReceiver}
06-09 11:43:30.197 2366 2366 I Zygote : seccomp disabled by setenforce 0
06-09 11:43:30.203 2259 2259 I DefaultIMS: onInitializeInterface:
06-09 11:43:30.229 393 408 I adbd : jdwp connection from 2366
06-09 11:43:30.310 487 532 W IorapForwardingService: No service published for: iorapd
06-09 11:43:30.312 487 1413 D CompatibilityChangeReporter: Compat change id reported: 168419799; UID 10048; state: DISABLED
06-09 11:43:30.320 2225 2333 V NFC : this device does not have NFC support
06-09 11:43:30.359 669 669 E WifiHAL : wifi_get_link_stats: requestResponse Error:-5
06-09 11:43:30.361 487 620 E WifiVendorHal: getWifiLinkLayerStats_1_5_Internal(l.1191) failed {.code = ERROR_INVALID_ARGS, .description = }
06-09 11:43:30.417 2366 2366 D CompatibilityChangeReporter: Compat change id reported: 171979766; UID 10048; state: ENABLED
06-09 11:43:30.420 1232 1232 I excHandlerThrea: type=1400 audit(0.0:748): avc: denied { lock } for path="/data/user/0/com.dangbei.screencast/files/TDCloud_Control_Cache_Param4" dev="mmcblk0p25" ino=2121 scontext=u:r:platform_app:s0:c512,c768 tcontext=u:object_r:app_data_file:s0:c512,c768 tclass=file permissive=1 app=com.dangbei.screencast
06-09 11:43:30.439 2259 2259 I InputModelManager: mLanguageId+0 mInputType=0mChInputType=2
06-09 11:43:30.449 2259 2259 I nw : loadKeyData: loadLanguageInfoSuccess ? true
06-09 11:43:30.450 2259 2259 I InputModelManager: getCurrentLanguageBean inputMode languageId:0
06-09 11:43:30.450 2259 2259 I nw : onChanged: languageResStatusBean=Language load status:
06-09 11:43:30.450 2259 2259 I nw : {}
06-09 11:43:30.512 2259 2259 I InputModelManager: getCurrentLanguageBean inputMode languageId:0
06-09 11:43:30.549 2259 2259 I LanguageResManager: prepareResource onSuccess:
06-09 11:43:30.557 2259 2410 I LanguageResManager: prepareResource onSuccess:
06-09 11:43:30.568 2259 2259 D InputSurface: initView:
06-09 11:43:30.568 2259 2259 I MainPresenter: initView:
06-09 11:43:30.568 2259 2259 D MainLayer: initView:
06-09 11:43:30.568 2259 2259 D BodyAreaPresenter: initView:
01-01 08:00:33.057 2401 2401 W audit : audit_lost=295 audit_rate_limit=5 audit_backlog_limit=64
01-01 08:00:33.057 2401 2401 E audit : rate limit exceeded
06-09 11:43:30.681 2259 2259 I DefaultIMS: DefaultIMS::onInitializeInterface() finish
06-09 11:43:30.719 2259 2259 D CompatibilityChangeReporter: Compat change id reported: 160794467; UID 10038; state: DISABLED
06-09 11:43:30.747 1103 1114 I d.leradlaunche: Background concurrent copying GC freed 114854(7045KB) AllocSpace objects, 5(876KB) LOS objects, 49% free, 15MB/31MB, paused 2.452ms total 967.676ms
06-09 11:43:30.752 2259 2259 I DefaultIMS: onStartInput attribute=android.view.inputmethod.EditorInfo@5e0a088 restarting=false inputType: 0
06-09 11:43:30.752 2259 2259 I Choreographer: Skipped 38 frames! The application may be doing too much work on its main thread.
06-09 11:43:30.784 2225 2321 I CameraManagerGlobal: Connecting to camera service
06-09 11:43:30.786 2366 2366 V GraphicsEnvironment: ANGLE Developer option for 'com.softwinner.timerswitch' set to: 'default'
06-09 11:43:30.786 2366 2366 V GraphicsEnvironment: Neither updatable production driver nor prerelease driver is supported.
06-09 11:43:30.788 2259 2259 I SendAliveManager: doWhenNetworkStateChanged
06-09 11:43:30.789 2259 2259 I nw : onChanged: languageResStatusBean=Language load status:
06-09 11:43:30.789 2259 2259 I nw : {zh=3}
06-09 11:43:30.789 2259 2259 I DefaultIMS: initializedCallback: time tag1=1749440610789
06-09 11:43:30.789 2259 2259 I nw : initializeInputSession: inputMode=languageID=0
06-09 11:43:30.789 2259 2259 I nw : scriptID=2
06-09 11:43:30.789 2259 2259 I nw : layoutID=2
06-09 11:43:30.789 2259 2259 I KeyEventTransfer: languageID=0
06-09 11:43:30.789 2259 2259 I KeyEventTransfer: scriptID=2
06-09 11:43:30.789 2259 2259 I KeyEventTransfer: layoutID=2
06-09 11:43:30.804 2366 2366 D NetworkSecurityConfig: No Network Security Config specified, using platform default
06-09 11:43:30.804 2366 2366 D NetworkSecurityConfig: No Network Security Config specified, using platform default
06-09 11:43:30.811 487 504 I system_server: Background young concurrent copying GC freed 180124(7612KB) AllocSpace objects, 36(1248KB) LOS objects, 43% free, 11MB/20MB, paused 3.322ms total 448.533ms
06-09 11:43:30.882 487 976 D CompatibilityChangeReporter: Compat change id reported: 149924527; UID 10038; state: ENABLED
06-09 11:43:30.883 487 510 D CompatibilityChangeReporter: Compat change id reported: 132649864; UID 10038; state: DISABLED
06-09 11:43:30.880 2165 2165 I rainbow_flow: type=1400 audit(0.0:758): avc: denied { ioctl } for path="/dev/spidev1.0" dev="tmpfs" ino=6881 ioctlcmd=0x6b00 scontext=u:r:init:s0 tcontext=u:object_r:device:s0 tclass=chr_file permissive=1
06-09 11:43:30.888 2225 2225 I RxCachedThreadS: type=1400 audit(0.0:759): avc: denied { read } for name="u:object_r:serialno_prop:s0" dev="tmpfs" ino=6668 scontext=u:r:system_app:s0 tcontext=u:object_r:serialno_prop:s0 tclass=file permissive=1
06-09 11:43:30.905 2366 2366 D TAG_AlarmReceiver: receive broadcast, curTime : 2025-06-09 11:43:30
06-09 11:43:30.905 2366 2366 D TAG_AlarmReceiver: ********receive system bootUp broadcast*********
06-09 11:43:30.908 2225 2225 I RxCachedThreadS: type=1400 audit(0.0:760): avc: denied { open } for path="/dev/__properties__/u:object_r:serialno_prop:s0" dev="tmpfs" ino=6668 scontext=u:r:system_app:s0 tcontext=u:object_r:serialno_prop:s0 tclass=file permissive=1
06-09 11:43:30.912 2225 2225 I RxCachedThreadS: type=1400 audit(0.0:761): avc: denied { getattr } for path="/dev/__properties__/u:object_r:serialno_prop:s0" dev="tmpfs" ino=6668 scontext=u:r:system_app:s0 tcontext=u:object_r:serialno_prop:s0 tclass=file permissive=1
06-09 11:43:30.916 2225 2225 I RxCachedThreadS: type=1400 audit(0.0:762): avc: denied { map } for path="/dev/__properties__/u:object_r:serialno_prop:s0" dev="tmpfs" ino=6668 scontext=u:r:system_app:s0 tcontext=u:object_r:serialno_prop:s0 tclass=file permissive=1
06-09 11:43:30.972 2225 2351 I UtilCommon: bluetoothMac=B4:2F:03:15:73:2F
06-09 11:43:30.984 2225 2351 D UtilLog : key=deviceid
06-09 11:43:30.985 2225 2351 D UtilLog : values=9337461ad16d364850e5af80add373a6
06-09 11:43:30.985 2225 2351 D UtilLog : DesValues=grSXQIsadmTV/4sUMRV5fsx6rYRwWP1ZBABYMAj24dtfjE0XBiCQqg==
06-09 11:43:30.985 2225 2351 D UtilLog :
06-09 11:43:30.985 2225 2351 D UtilLog : key=dev_uuid
06-09 11:43:30.989 2225 2351 D UtilLog : values=6f526822-483c-4b97-a70d-89aac24f0b6f
06-09 11:43:30.989 2225 2351 D UtilLog : DesValues=q//rFPYUyFIzTMix4iHdx7PrqGMw1DRvAkn6xl7uwgSosLg0zvMNFw==
06-09 11:43:30.989 2225 2351 D UtilLog :
06-09 11:43:30.989 2225 2351 D UtilLog : key=channel
06-09 11:43:30.990 2225 2351 D UtilLog : values=DBOS_DBBOX-A2
06-09 11:43:30.990 2225 2351 D UtilLog : DesValues=U2rMDSNEX4hlxebfMfvE5w==
06-09 11:43:30.990 2225 2351 D UtilLog :
06-09 11:43:30.990 2225 2351 D UtilLog : key=packagelist
06-09 11:43:30.990 2225 2351 D UtilLog : values=com.dangbei.lerad.rocky;com.dangbei.leard.leradlauncher;com.dangbei.zhushou.os
06-09 11:43:30.990 2225 2351 D UtilLog : DesValues=byaAjpuYP7Md9ImftnY6oL+u5Tex4kQ5jeOCkuyRk9SkGPr4UI1BJNL8hrF+2ShyB2oVVKVfAi8PlHx6PKeqfviwQR31zZWikKW1prDgGkU=
06-09 11:43:30.990 2225 2351 D UtilLog :
06-09 11:43:30.990 2225 2351 D UtilLog : key=mac
06-09 11:43:31.002 2225 2351 D UtilLog : values=20:02:FE:19:C2:0E
06-09 11:43:31.002 2225 2351 D UtilLog : DesValues=nYMpcx8K3oNMsCNOIRB5d95iGKEedXib
06-09 11:43:31.002 2225 2351 D UtilLog :
06-09 11:43:31.002 2225 2351 D UtilLog : key=wifimac
06-09 11:43:31.009 2225 2351 D UtilLog : values=B4:2F:03:15:E8:B9
06-09 11:43:31.009 2225 2351 D UtilLog : DesValues=GtiP38bn9GIEdt8JW6xqeDqOnpqpvbwg
06-09 11:43:31.009 2225 2351 D UtilLog :
06-09 11:43:31.009 2225 2351 D UtilLog : key=uuid
06-09 11:43:31.009 2225 2351 D UtilLog : values=95518734-1f8c-474f-8d3b-f2eabec3287b
06-09 11:43:31.009 2225 2351 D UtilLog : DesValues=1/tYflCmWC0k0z1K9t+PFGp88rWJvIhobwnv/Q1YNSOQ2a/R4AFKBA==
06-09 11:43:31.013 2225 2351 D UtilLog :
06-09 11:43:31.013 2225 2351 D UtilLog : key=appname
06-09 11:43:31.014 2225 2351 D UtilLog : values=电视管家
06-09 11:43:31.014 2225 2351 D UtilLog : DesValues=iqL5Rox+365YgqkQrzmGew==
06-09 11:43:31.014 2225 2351 D UtilLog :
06-09 11:43:31.014 2225 2351 D UtilLog : key=packagename
06-09 11:43:31.015 2225 2351 D UtilLog : values=com.dangbei.zhushou.os
06-09 11:43:31.015 2225 2351 D UtilLog : DesValues=byaAjpuYP7N/v7Z6kyOIN8JduvsEBDYD
06-09 11:43:31.015 2225 2351 D UtilLog :
06-09 11:43:31.015 2225 2351 D UtilLog : key=vname
06-09 11:43:31.015 2225 2351 D UtilLog : values=4.0.0.0.1
06-09 11:43:31.015 2225 2351 D UtilLog : DesValues=ZmbdbetpP3xQfy8gEtIzGg==
06-09 11:43:31.015 2225 2351 D UtilLog :
06-09 11:43:31.015 2225 2351 D UtilLog : key=vcode
06-09 11:43:31.015 2225 2351 D UtilLog : values=40001
06-09 11:43:31.015 2225 2351 D UtilLog : DesValues=xHelLudSdno=
06-09 11:43:31.015 2225 2351 D UtilLog :
06-09 11:43:31.015 2225 2351 D UtilLog : key=brand
06-09 11:43:31.016 2225 2351 D UtilLog : values=Dangbei
06-09 11:43:31.016 2225 2351 D UtilLog : DesValues=w3F/S11z4cQ=
06-09 11:43:31.016 2225 2351 D UtilLog :
06-09 11:43:31.016 2225 2351 D UtilLog : key=boxfactory
06-09 11:43:31.016 2225 2351 D UtilLog : values=Allwinner
06-09 11:43:31.016 2225 2351 D UtilLog : DesValues=Z82sBMOvjTwCcRqjeHOwaQ==
06-09 11:43:31.016 2225 2351 D UtilLog :
06-09 11:43:31.016 2225 2351 D UtilLog : key=rommodel
06-09 11:43:31.016 2225 2351 D UtilLog : values=DBBOX-A2
06-09 11:43:31.016 2225 2351 D UtilLog : DesValues=Cp0N6KH6T4JIJBzkJvj0FQ==
06-09 11:43:31.016 2225 2351 D UtilLog :
06-09 11:43:31.016 2225 2351 D UtilLog : key=cpuserial
06-09 11:43:31.018 2225 2351 D UtilLog : values=0000000000000000
06-09 11:43:31.018 2225 2351 D UtilLog : DesValues=nNQaqXf/biPbsaIvekQHd7yInvBfbZxz
06-09 11:43:31.018 2225 2351 D UtilLog :
06-09 11:43:31.018 2225 2351 D UtilLog : key=cpuimei
06-09 11:43:31.018 2225 2351 D UtilLog : values=armeabi-v7a
06-09 11:43:31.018 2225 2351 D UtilLog : DesValues=eB2sQ5wFJ4fV9rAgxgt0kQ==
06-09 11:43:31.018 2225 2351 D UtilLog :
06-09 11:43:31.018 2225 2351 D UtilLog : key=sn
06-09 11:43:31.019 2225 2351 D UtilLog : values=DZOH58251975972
06-09 11:43:31.019 2225 2351 D UtilLog : DesValues=DRq9pIo+PTwmTD//cfZ/vQ==
06-09 11:43:31.019 2225 2351 D UtilLog :
06-09 11:43:31.019 2225 2351 D UtilLog : key=osversion
06-09 11:43:31.019 2225 2351 D UtilLog : values=12
06-09 11:43:31.019 2225 2351 D UtilLog : DesValues=z4Vde2HU9Lg=
06-09 11:43:31.019 2225 2351 D UtilLog :
06-09 11:43:31.019 2225 2351 D UtilLog : key=oscode
06-09 11:43:31.019 2225 2351 D UtilLog : values=31
06-09 11:43:31.019 2225 2351 D UtilLog : DesValues=uYf7cxwIekI=
06-09 11:43:31.019 2225 2351 D UtilLog :
06-09 11:43:31.019 2225 2351 D UtilLog : key=is_write
06-09 11:43:31.020 2225 2351 D UtilLog : values=0
06-09 11:43:31.020 2225 2351 D UtilLog : DesValues=fhgfj/J6fiI=
06-09 11:43:31.020 2225 2351 D UtilLog :
06-09 11:43:31.020 2225 2351 D UtilLog : key=romvername
06-09 11:43:31.020 2225 2351 D UtilLog : values=5.0.0.9
06-09 11:43:31.020 2225 2351 D UtilLog : DesValues=SnIUwd9MQZU=
06-09 11:43:31.020 2225 2351 D UtilLog :
06-09 11:43:31.020 2225 2351 D UtilLog : key=romvercode
06-09 11:43:31.020 2225 2351 D UtilLog : values=5009
06-09 11:43:31.020 2225 2351 D UtilLog : DesValues=xLJsD3XkJyo=
06-09 11:43:31.020 2225 2351 D UtilLog :
06-09 11:43:31.020 2225 2351 D UtilLog : key=bluetoothmac
06-09 11:43:31.021 2225 2351 D UtilLog : values=B4:2F:03:15:73:2F
06-09 11:43:31.021 2225 2351 D UtilLog : DesValues=GtiP38bn9GLoWd2G50EnLjjL7wYIasXU
06-09 11:43:31.021 2225 2351 D UtilLog :
06-09 11:43:31.021 2225 2351 D UtilLog : key=rommodelnumber
06-09 11:43:31.021 2225 2351 D UtilLog : values=H5232
06-09 11:43:31.021 2225 2351 D UtilLog : DesValues=FkBqlkWzuas=
06-09 11:43:31.021 2225 2351 D UtilLog :
06-09 11:43:31.021 2225 2351 D UtilLog : key=userid
06-09 11:43:31.021 2225 2351 D UtilLog : values=-1
06-09 11:43:31.021 2225 2351 D UtilLog : DesValues=U8kqhGxUlIA=
06-09 11:43:31.021 2225 2351 D UtilLog :
06-09 11:43:31.021 2225 2351 D UtilLog : key=ip
06-09 11:43:31.022 2225 2351 D UtilLog : values=
06-09 11:43:31.022 2225 2351 D UtilLog : DesValues=gKen3SyYFuE=
06-09 11:43:31.022 2225 2351 D UtilLog :
06-09 11:43:31.120 487 976 I ActivityManager: Finished processing BOOT_COMPLETED for u0
06-09 11:43:31.121 487 976 W BroadcastQueue: Background execution not allowed: receiving Intent { act=android.bluetooth.adapter.action.STATE_CHANGED flg=0x4000010 (has extras) } to com.dangbei.lerad.etna.haqu/com.dangbei.remotecontroller.RemoteControllerReceiver
06-09 11:43:31.124 487 548 W BroadcastQueue: Background execution not allowed: receiving Intent { act=android.bluetooth.adapter.action.STATE_CHANGED flg=0x4000010 (has extras) } to com.dangbei.lerad.etna.haqu/com.dangbei.remotecontroller.RemoteControllerReceiver
06-09 11:43:31.135 487 548 D CompatibilityChangeReporter: Compat change id reported: 168419799; UID 10015; state: DISABLED
06-09 11:43:31.161 487 976 I ActivityManager: Background started FGS: Allowed [callingPackage: com.dangbei.screencast; callingUid: 10015; uidState: RCVR; intent: Intent { act=com.dangbei.screencast.STARTUP pkg=com.dangbei.screencast }; code:SYSTEM_ALERT_WINDOW_PERMISSION; tempAllowListReason:; targetSdkVersion:28; callerTargetSdkVersion:28; startForegroundCount:0; bindFromPackage:null]
06-09 11:43:31.223 487 976 W ActivityManager: Foreground service started from background can not have location/camera/microphone access: service com.dangbei.screencast/.startup.StartupService
06-09 11:43:31.233 487 548 I ActivityManager: Deferring FGS notification in legacy app com.dangbei.screencast/u0a15 : Notification(channel=channel_record shortcut=null contentView=null vibrate=null sound=null defaults=0x0 flags=0x60 color=0x00000000 category=transport vis=PUBLIC)
06-09 11:43:31.256 2225 2440 I System.out: true
06-09 11:43:31.279 1103 1215 E hq : ErrorCoroutineExceptionHandler:::runTry error:com.dangbei.leard.base.proider.error.EmptyApiException: 数据为空 from=requestMessageDialog from=requestMessageDialog
06-09 11:43:31.281 1232 1232 E raop : *********************AirplayBroadcastServer+++++++++
06-09 11:43:31.304 487 630 D NsdService: New client listening to asynchronous messages
06-09 11:43:31.304 487 630 D NsdService: New client, channel: com.android.internal.util.AsyncChannel@f5f00b5 messenger: android.os.Messenger@ea8a34a
06-09 11:43:31.311 1232 1232 D CompatibilityChangeReporter: Compat change id reported: 191844585; UID 10015; state: DISABLED
06-09 11:43:31.312 487 532 W IorapForwardingService: No service published for: iorapd
06-09 11:43:31.370 487 976 I ActivityManager: Background started FGS: Allowed [callingPackage: com.dangbei.screencast; callingUid: 10015; uidState: FGS ; intent: Intent { cmp=com.dangbei.screencast/.huaweicast.service.HuaweiCastService }; code:PROC_STATE_FGS; tempAllowListReason:; targetSdkVersion:28; callerTargetSdkVersion:28; startForegroundCount:0; bindFromPackage:null]
06-09 11:43:31.380 1232 1232 E H264FrameQueue: H264FrameQueue: mFullQueueCount:200
06-09 11:43:31.413 2225 2248 W System : A resource failed to call close.
06-09 11:43:31.414 1103 1505 D wenhc : getScreenInfo uri = content://com.dangbei.screencast.parts.info/screen_cast
06-09 11:43:31.572 487 1405 D CompatibilityChangeReporter: Compat change id reported: 168419799; UID 1000; state: DISABLED
06-09 11:43:31.580 1367 1367 D RockyVoice: RestartReceiver onReceive
06-09 11:43:31.584 1232 1232 E HuaweiCastService: onCreate called().
06-09 11:43:31.598 1232 1232 E PlayerClient: registerCallback com.dangbei.screencast.huaweicast.service.HuaweiCastService$a@7e1c463
06-09 11:43:31.598 1232 1232 D PlayerClient: registerCallback true
06-09 11:43:31.598 1232 1232 D PlayerClient: init.
06-09 11:43:31.607 487 1405 I WifiService: acquireMulticastLock uid=10015
06-09 11:43:31.611 487 1975 I WifiService: acquireMulticastLock uid=10015
06-09 11:43:31.613 2259 2259 I chromium: [0609/114331:INFO:config_service.cc(227)] Load config buffer. err_code = 3, err_msg = Line: 1, column: 1, Unexpected token.
06-09 11:43:31.627 1232 1232 W KIT_FWK_a: KitFwk is not installed, pls do not use related interfaces.
06-09 11:43:31.628 1232 1232 W KIT_FWK_a: KitFwk is not installed, pls do not use related interfaces.
06-09 11:43:31.628 1367 1367 D RockyVoice: RestartReceiver onReceive
06-09 11:43:31.628 1232 1232 E PlayerClient: bind player service by aar.
06-09 11:43:31.640 2225 2322 I System.out: true
06-09 11:43:31.645 487 1405 D CompatibilityChangeReporter: Compat change id reported: 135634846; UID 10021; state: DISABLED
06-09 11:43:31.650 487 1405 D CompatibilityChangeReporter: Compat change id reported: 177438394; UID 10021; state: DISABLED
06-09 11:43:31.651 487 1405 D CompatibilityChangeReporter: Compat change id reported: 135772972; UID 10021; state: DISABLED
06-09 11:43:31.659 487 1405 D CompatibilityChangeReporter: Compat change id reported: 135754954; UID 10021; state: ENABLED
06-09 11:43:31.662 487 549 D CompatibilityChangeReporter: Compat change id reported: 143937733; UID 10021; state: ENABLED
06-09 11:43:31.692 257 257 D Zygote : Forked child process 2468
06-09 11:43:31.693 487 549 W ActivityManager: Slow operation: 53ms so far, now at startProcess: returned from zygote!
06-09 11:43:31.699 487 549 W ActivityManager: Slow operation: 59ms so far, now at startProcess: done updating battery stats
06-09 11:43:31.700 487 549 W ActivityManager: Slow operation: 59ms so far, now at startProcess: building log message
06-09 11:43:31.700 487 549 I ActivityManager: app.processName = com.android.externalstorage
06-09 11:43:31.700 487 549 I ActivityManager: Start proc 2468:com.android.externalstorage/u0a21 for broadcast {com.android.externalstorage/com.android.externalstorage.MountReceiver}
06-09 11:43:31.700 487 549 W ActivityManager: Slow operation: 60ms so far, now at startProcess: starting to update pids map
06-09 11:43:31.700 487 549 W ActivityManager: Slow operation: 60ms so far, now at startProcess: done updating pids map
06-09 11:43:31.710 2468 2468 I Zygote : seccomp disabled by setenforce 0
01-01 08:00:34.174 2165 2165 W audit : audit_lost=567 audit_rate_limit=5 audit_backlog_limit=64
01-01 08:00:34.174 2165 2165 E audit : rate limit exceeded
06-09 11:43:31.739 1232 1232 D PlayerClient: bind player sink service true
06-09 11:43:31.744 393 408 I adbd : jdwp connection from 2468
06-09 11:43:31.747 487 510 W ActivityManager: Foreground service started from background can not have location/camera/microphone access: service com.dangbei.screencast/.huaweicast.service.HuaweiCastService
06-09 11:43:31.756 1232 1232 E HuaweiCastService: startForeground!
06-09 11:43:31.773 1232 1232 E HuaweiCastService: onStartCommand in 0
06-09 11:43:31.783 487 1405 D CompatibilityChangeReporter: Compat change id reported: 168419799; UID 10021; state: DISABLED
06-09 11:43:31.812 2468 2468 D CompatibilityChangeReporter: Compat change id reported: 171979766; UID 10021; state: ENABLED
06-09 11:43:31.845 1232 1232 D HiSight-SinkService: onCreate.
06-09 11:43:31.856 1232 1232 D HiSight-ConnectionManager: start ConnectionManager
06-09 11:43:31.869 1232 1232 D HiSight-SinkService: onBind.
06-09 11:43:31.874 1232 1241 I gbei.screencas: Background concurrent copying GC freed 10680(984KB) AllocSpace objects, 6(184KB) LOS objects, 49% free, 4091KB/8182KB, paused 202us total 434.951ms
06-09 11:43:31.888 1232 1232 D PlayerClient: service connected.
06-09 11:43:31.888 1232 1232 D HiSight-SinkService: ITaskBinder registerCallback: true
06-09 11:43:31.888 1232 1232 D HiSight-HiSightManager: ITaskBinder registerCallback.
06-09 11:43:31.889 1232 1232 D HiSight-CallbackManager: addNewCallback. com.dangbei.screencast.huaweicast.service.HuaweiCastService$a@7e1c463
06-09 11:43:31.893 1232 1232 E HuaweiCastService: eventId: 4001
06-09 11:43:31.894 1232 1232 E HuaweiCastService: mPlayerClient is null.
06-09 11:43:31.894 1232 1232 D HiSight-HiSightManager: check capability vbr range not setting, using default value
06-09 11:43:31.894 1232 1232 E HuaweiCastService: mPlayerClient is null.
06-09 11:43:31.900 1232 1232 D HiSight-SinkService: setAuthMode
06-09 11:43:31.901 1232 1232 W HiSight-ConnectionManager: mSinkId is empty
06-09 11:43:31.913 2259 2259 I CHInputSession: set engine mode: 2 layout: 2
06-09 11:43:31.904 2468 2468 I externalstorage: type=1400 audit(0.0:1028): avc: denied { getattr } for path="/data/data/com.android.externalstorage" dev="mmcblk0p25" ino=705 scontext=u:r:platform_app:s0:c512,c768 tcontext=u:object_r:app_data_file:s0:c512,c768 tclass=dir permissive=1 app=com.android.externalstorage
06-09 11:43:31.928 2259 2259 D CHJNIDefault: setInputMode value=-1
06-09 11:43:31.929 2259 2259 I InputContext: onChanged: candidateWords=[]
06-09 11:43:31.929 2259 2259 I InputContext: onChanged: candidateWordInfo.size=0 global offset: 0pausedCandidateData = false
06-09 11:43:31.929 2259 2259 I InputContext: onChanged: composing=null
06-09 11:43:31.929 2259 2259 I InputContext: onChanged: forCompose=false
06-09 11:43:31.944 2259 2259 I nw : onChanged: input mode:languageID=0
06-09 11:43:31.944 2259 2259 I nw : scriptID=2
06-09 11:43:31.944 2259 2259 I nw : layoutID=2
06-09 11:43:31.989 2468 2468 V GraphicsEnvironment: ANGLE Developer option for 'com.android.externalstorage' set to: 'default'
06-09 11:43:31.990 2468 2468 V GraphicsEnvironment: Neither updatable production driver nor prerelease driver is supported.
06-09 11:43:31.998 2468 2468 D NetworkSecurityConfig: No Network Security Config specified, using platform default
06-09 11:43:31.999 2468 2468 D NetworkSecurityConfig: No Network Security Config specified, using platform default
06-09 11:43:32.025 2468 2468 D ExternalStorage: After updating volumes, found 1 active roots
06-09 11:43:32.038 2468 2468 D ExternalStorage: After updating volumes, found 1 active roots
06-09 11:43:32.049 823 823 E DiskReceiver: Missing fsUuid, not launching activity.
06-09 11:43:32.053 487 1405 I ActivityManager: com.tv.filemanager.os is exempt from freezer
06-09 11:43:32.054 487 1405 D CompatibilityChangeReporter: Compat change id reported: 135634846; UID 10042; state: DISABLED
06-09 11:43:32.054 487 1405 D CompatibilityChangeReporter: Compat change id reported: 177438394; UID 10042; state: DISABLED
06-09 11:43:32.055 487 1405 D CompatibilityChangeReporter: Compat change id reported: 135772972; UID 10042; state: DISABLED
06-09 11:43:32.055 487 1405 D CompatibilityChangeReporter: Compat change id reported: 135754954; UID 10042; state: DISABLED
06-09 11:43:32.055 487 549 D CompatibilityChangeReporter: Compat change id reported: 143937733; UID 10042; state: DISABLED
06-09 11:43:32.087 257 257 D Zygote : Forked child process 2499
06-09 11:43:32.088 487 549 I ActivityManager: app.processName = com.tv.filemanager.os
06-09 11:43:32.088 487 549 I ActivityManager: Start proc 2499:com.tv.filemanager.os/u0a42 for broadcast {com.tv.filemanager.os/com.dangbei.lerad.filemanager.receives.USBReceiver}
06-09 11:43:32.102 2499 2499 I Zygote : seccomp disabled by setenforce 0
06-09 11:43:32.156 1050 1320 E dangbei111: cccccc 检查遥控器是否连接: Dangbei E4:BB:D3:57:C0:7D
06-09 11:43:32.162 393 408 I adbd : jdwp connection from 2499
06-09 11:43:32.166 1050 1320 E dangbei111: cccccc 检查遥控器是否连接: 蓝牙的结果 Dangbei E4:BB:D3:57:C0:7D false
06-09 11:43:32.183 1050 1320 E dangbei111: cccccc input中没有遥控器存在
06-09 11:43:32.183 1050 1320 E dangbei111: cccccc 蓝牙状态连接 不是连接状态 啥都不干
06-09 11:43:32.190 1050 1320 E dangbei111: cccccc 开始扫描
06-09 11:43:32.190 1050 1320 D BluetoothAdapter: isLeEnabled(): ON
06-09 11:43:32.293 677 1005 I bluetooth: system/bt/stack/gatt/gatt_api.cc:1019 GATT_Register: Allocated name:GattClient uuid:7ec2a022-b246-ad95-f022-06109a360218 gatt_if:5 eatt_support:0
06-09 11:43:32.300 487 1405 D CompatibilityChangeReporter: Compat change id reported: 168419799; UID 10042; state: DISABLED
06-09 11:43:32.300 1050 2092 D BluetoothLeScanner: onScannerRegistered() - status=0 scannerId=5 mScannerId=0
06-09 11:43:32.314 487 532 W IorapForwardingService: No service published for: iorapd
06-09 11:43:32.327 2366 2378 W System : A resource failed to call close.
06-09 11:43:32.332 2366 2378 W System : A resource failed to call close.
06-09 11:43:32.338 2499 2499 D CompatibilityChangeReporter: Compat change id reported: 171979766; UID 10042; state: DISABLED
06-09 11:43:32.353 2499 2499 D ApplicationLoaders: Returning zygote-cached class loader: /system/framework/android.test.base.jar
06-09 11:43:32.353 677 691 W UnsafeUtil: platform method missing - proto runtime falling back to safer methods: java.lang.NoSuchMethodException: sun.misc.Unsafe.copyMemory [class java.lang.Object, long, class java.lang.Object, long, long]
06-09 11:43:32.360 263 1247 E bt_upio : upio_set : /proc/bluetooth/sleep/btwrite(-1) incorrent
06-09 11:43:32.361 1050 1320 E dangbei111: cccccc 开始扫描
06-09 11:43:32.361 1050 1320 D BluetoothAdapter: isLeEnabled(): ON
06-09 11:43:32.413 1103 1114 I d.leradlaunche: Background young concurrent copying GC freed 98014(5320KB) AllocSpace objects, 210(7480KB) LOS objects, 20% free, 25MB/31MB, paused 6.648ms total 856.650ms
06-09 11:43:32.541 2499 2499 V GraphicsEnvironment: ANGLE Developer option for 'com.tv.filemanager.os' set to: 'default'
06-09 11:43:32.541 2499 2499 V GraphicsEnvironment: Neither updatable production driver nor prerelease driver is supported.
06-09 11:43:32.543 2499 2499 D NetworkSecurityConfig: No Network Security Config specified, using platform default
06-09 11:43:32.544 2499 2499 D NetworkSecurityConfig: No Network Security Config specified, using platform default
06-09 11:43:32.545 2499 2499 I MultiDex: VM with version 2.1.0 has multidex support
06-09 11:43:32.545 2499 2499 I MultiDex: Installing application
06-09 11:43:32.545 2499 2499 I MultiDex: VM has multidex support, MultiDex support library is disabled.
06-09 11:43:32.577 2499 2499 I MultiDex: Installing application
06-09 11:43:32.577 2499 2499 I MultiDex: VM has multidex support, MultiDex support library is disabled.
06-09 11:43:32.580 2499 2499 W .filemanager.o: Accessing hidden field Landroid/app/ActivityThread;->mHiddenApiWarningShown:Z (max-target-o, reflection, denied)
06-09 11:43:32.580 2499 2499 W System.err: java.lang.NoSuchFieldException: No field mHiddenApiWarningShown in class Landroid/app/ActivityThread; (declaration of 'android.app.ActivityThread' appears in /system/framework/framework.jar)
06-09 11:43:32.580 2499 2499 W System.err: at java.lang.Class.getDeclaredField(Native Method)
06-09 11:43:32.580 2499 2499 W System.err: at com.dangbei.lerad.filemanager.application.App.disableAPIDialog(App.java:166)
06-09 11:43:32.580 2499 2499 W System.err: at com.dangbei.lerad.filemanager.application.App.onCreate(App.java:95)
06-09 11:43:32.580 2499 2499 W System.err: at android.app.Instrumentation.callApplicationOnCreate(Instrumentation.java:1211)
06-09 11:43:32.580 2499 2499 W System.err: at android.app.ActivityThread.handleBindApplication(ActivityThread.java:6740)
06-09 11:43:32.580 2499 2499 W System.err: at android.app.ActivityThread.access$1500(ActivityThread.java:247)
06-09 11:43:32.581 2499 2499 W System.err: at android.app.ActivityThread$H.handleMessage(ActivityThread.java:2053)
06-09 11:43:32.581 2499 2499 W System.err: at android.os.Handler.dispatchMessage(Handler.java:106)
06-09 11:43:32.581 2499 2499 W System.err: at android.os.Looper.loopOnce(Looper.java:201)
06-09 11:43:32.581 2499 2499 W System.err: at android.os.Looper.loop(Looper.java:288)
06-09 11:43:32.581 2499 2499 W System.err: at android.app.ActivityThread.main(ActivityThread.java:7854)
06-09 11:43:32.581 2499 2499 W System.err: at java.lang.reflect.Method.invoke(Native Method)
06-09 11:43:32.581 2499 2499 W System.err: at com.android.internal.os.RuntimeInit$MethodAndArgsCaller.run(RuntimeInit.java:548)
06-09 11:43:32.581 2499 2499 W System.err: at com.android.internal.os.ZygoteInit.main(ZygoteInit.java:1182)
06-09 11:43:32.589 2499 2499 E ActivityThread: Failed to find provider info for lerad.provider.etna
06-09 11:43:32.619 2499 2499 D USBReceiver: usb > onReceive: action = android.intent.action.MEDIA_MOUNTED
06-09 11:43:32.622 487 1413 I ActivityManager: Killing 1071:com.android.traceur/u0a19 (adj 985): empty #17
06-09 11:43:32.627 487 551 I libprocessgroup: Successfully killed process cgroup uid 10019 pid 1071 in 0ms
06-09 11:43:32.656 487 510 I ActivityManager: com.oranth.usbopenft is exempt from freezer
06-09 11:43:32.657 487 510 D CompatibilityChangeReporter: Compat change id reported: 135634846; UID 1000; state: DISABLED
06-09 11:43:32.664 1030 1325 I MediaProvider: Begin Intent { act=android.intent.action.MEDIA_MOUNTED dat=file:///storage/emulated/0 flg=0x5000010 cmp=com.android.providers.media.module/com.android.providers.media.MediaService (has extras) }
06-09 11:43:32.665 1030 1325 I MediaProvider: Volume MediaVolume name: [external_primary] id: [emulated;0] user: [UserHandle{0}] path: [/storage/emulated/0] already attached
06-09 11:43:32.665 1030 1325 I MediaProvider: End Intent { act=android.intent.action.MEDIA_MOUNTED dat=file:///storage/emulated/0 flg=0x5000010 cmp=com.android.providers.media.module/com.android.providers.media.MediaService (has extras) }
06-09 11:43:32.682 257 257 D Zygote : Forked child process 2535
06-09 11:43:32.684 487 549 I ActivityManager: app.processName = com.oranth.usbopenft
06-09 11:43:32.684 487 549 I ActivityManager: Start proc 2535:com.oranth.usbopenft/1000 for broadcast {com.oranth.usbopenft/com.oranth.usbopenft.UsbReceiver}
06-09 11:43:32.690 257 257 I Zygote : Process 1071 exited due to signal 9 (Killed)
06-09 11:43:32.691 2535 2535 I Zygote : seccomp disabled by setenforce 0
06-09 11:43:32.707 393 408 I adbd : jdwp connection from 2535
06-09 11:43:32.726 2535 2535 D CompatibilityChangeReporter: Compat change id reported: 171979766; UID 1000; state: ENABLED
06-09 11:43:32.756 2535 2535 V GraphicsEnvironment: ANGLE Developer option for 'com.oranth.usbopenft' set to: 'default'
06-09 11:43:32.756 2535 2535 V GraphicsEnvironment: Neither updatable production driver nor prerelease driver is supported.
06-09 11:43:32.758 2535 2535 D NetworkSecurityConfig: No Network Security Config specified, using platform default
06-09 11:43:32.758 2535 2535 D NetworkSecurityConfig: No Network Security Config specified, using platform default
06-09 11:43:32.765 2468 2468 D ExternalStorage: After updating volumes, found 1 active roots
06-09 11:43:32.767 487 510 I ActivityManager: Killing 1073:com.android.keychain/1000 (adj 985): empty #17
06-09 11:43:32.774 823 823 D DiskReceiver: Scanning volume: VolumeInfo{emulated;0}:
06-09 11:43:32.774 823 823 D DiskReceiver: type=EMULATED diskId=null partGuid= mountFlags=PRIMARY|VISIBLE
06-09 11:43:32.774 823 823 D DiskReceiver: mountUserId=0 state=MOUNTED
06-09 11:43:32.774 823 823 D DiskReceiver: fsType=null fsUuid=null fsLabel=null
06-09 11:43:32.774 823 823 D DiskReceiver: path=/storage/emulated internalPath=/data/media
06-09 11:43:32.776 487 551 I libprocessgroup: Successfully killed process cgroup uid 1000 pid 1073 in 0ms
06-09 11:43:32.779 2499 2499 D USBReceiver: usb > onReceive: action = android.intent.action.MEDIA_MOUNTED
06-09 11:43:32.796 257 257 I Zygote : Process 1073 exited due to signal 9 (Killed)
06-09 11:43:32.811 1030 1325 I MediaProvider: Begin Intent { act=android.intent.action.MEDIA_MOUNTED dat=file:///storage/emulated/0 flg=0x5000010 cmp=com.android.providers.media.module/com.android.providers.media.MediaService (has extras) }
06-09 11:43:32.812 487 1405 W BroadcastQueue: Target SDK mismatch: receiver ActivityInfo{d40b8f1 com.dangbei.screencast.startup.BootReceiver} targets 28 but delivery restricted to [0, 23] broadcasting Intent { act=android.net.conn.CONNECTIVITY_CHANGE flg=0x4200010 (has extras) } from android (pid=487, uid=1000) to com.dangbei.screencast/.startup.BootReceiver
06-09 11:43:32.814 487 548 W BroadcastQueue: Target SDK mismatch: receiver ActivityInfo{84e5cd6 com.dangbei.euthenia.receiver.NetworkChangeReceiver} targets 26 but delivery restricted to [0, 23] broadcasting Intent { act=android.net.conn.CONNECTIVITY_CHANGE flg=0x4200010 (has extras) } from android (pid=487, uid=1000) to com.dangbei.lerad.videoposter/com.dangbei.euthenia.receiver.NetworkChangeReceiver
06-09 11:43:32.814 487 548 W BroadcastQueue: Target SDK mismatch: receiver ActivityInfo{d2aeb57 com.dangbei.screencast.startup.BootReceiver} targets 28 but delivery restricted to [0, 23] broadcasting Intent { act=android.net.conn.CONNECTIVITY_CHANGE flg=0x4200010 (has extras) } from android (pid=487, uid=1000) to com.dangbei.screencast/.startup.BootReceiver
06-09 11:43:32.814 487 548 W BroadcastQueue: Target SDK mismatch: receiver ActivityInfo{b44e644 com.dangbei.euthenia.receiver.NetworkChangeReceiver} targets 26 but delivery restricted to [0, 23] broadcasting Intent { act=android.net.conn.CONNECTIVITY_CHANGE flg=0x4200010 (has extras) } from android (pid=487, uid=1000) to com.dangbei.lerad.videoposter/com.dangbei.euthenia.receiver.NetworkChangeReceiver
