01-01 08:00:11.436 370 370 W android.hardware.media.omx@1.0-service: libminijail[370]: compile_file: /system/etc/seccomp_policy/crash_dump.arm.policy(6): syscall exit_group redefined here
01-01 08:00:11.437 370 370 W android.hardware.media.omx@1.0-service: libminijail[370]: compile_file: (44): previous definition here
01-01 08:00:11.437 370 370 W android.hardware.media.omx@1.0-service: libminijail[370]: compile_file: /system/etc/seccomp_policy/crash_dump.arm.policy(7): syscall clock_gettime redefined here
01-01 08:00:11.438 370 370 W android.hardware.media.omx@1.0-service: libminijail[370]: compile_file: (7): previous definition here
01-01 08:00:11.440 370 370 W android.hardware.media.omx@1.0-service: libminijail[370]: compile_file: /system/etc/seccomp_policy/crash_dump.arm.policy(8): syscall gettimeofday redefined here
01-01 08:00:11.440 370 370 W android.hardware.media.omx@1.0-service: libminijail[370]: compile_file: (47): previous definition here
01-01 08:00:11.440 370 370 W android.hardware.media.omx@1.0-service: libminijail[370]: compile_file: /system/etc/seccomp_policy/crash_dump.arm.policy(9): syscall futex redefined here
01-01 08:00:11.440 370 370 W android.hardware.media.omx@1.0-service: libminijail[370]: compile_file: (3): previous definition here
01-01 08:00:11.440 370 370 W android.hardware.media.omx@1.0-service: libminijail[370]: compile_file: /system/etc/seccomp_policy/crash_dump.arm.policy(10): syscall getrandom redefined here
01-01 08:00:11.442 282 282 I ServiceManager: Waiting for service 'media.metrics' on '/dev/binder' successful after waiting 672ms
01-01 08:00:11.443 282 282 I AudioFlinger: Using default 3000 mSec as standby time.
01-01 08:00:11.446 370 370 W android.hardware.media.omx@1.0-service: libminijail[370]: compile_file: (15): previous definition here
01-01 08:00:11.447 370 370 W android.hardware.media.omx@1.0-service: libminijail[370]: compile_file: /system/etc/seccomp_policy/crash_dump.arm.policy(13): syscall ppoll redefined here
01-01 08:00:11.449 370 370 W android.hardware.media.omx@1.0-service: libminijail[370]: compile_file: (13): previous definition here
01-01 08:00:11.449 370 370 W android.hardware.media.omx@1.0-service: libminijail[370]: compile_file: /system/etc/seccomp_policy/crash_dump.arm.policy(14): syscall pipe2 redefined here
01-01 08:00:11.449 370 370 W android.hardware.media.omx@1.0-service: libminijail[370]: compile_file: (46): previous definition here
01-01 08:00:11.449 370 370 W android.hardware.media.omx@1.0-service: libminijail[370]: compile_file: /system/etc/seccomp_policy/crash_dump.arm.policy(15): syscall openat redefined here
01-01 08:00:11.450 370 370 W android.hardware.media.omx@1.0-service: libminijail[370]: compile_file: (30): previous definition here
01-01 08:00:11.450 370 370 W android.hardware.media.omx@1.0-service: libminijail[370]: compile_file: /system/etc/seccomp_policy/crash_dump.arm.policy(16): syscall dup redefined here
01-01 08:00:11.450 370 370 W android.hardware.media.omx@1.0-service: libminijail[370]: compile_file: (12): previous definition here
01-01 08:00:11.450 370 370 W android.hardware.media.omx@1.0-service: libminijail[370]: compile_file: /system/etc/seccomp_policy/crash_dump.arm.policy(17): syscall close redefined here
01-01 08:00:11.450 370 370 W android.hardware.media.omx@1.0-service: libminijail[370]: compile_file: (10): previous definition here
01-01 08:00:11.450 370 370 W android.hardware.media.omx@1.0-service: libminijail[370]: compile_file: /system/etc/seccomp_policy/crash_dump.arm.policy(18): syscall lseek redefined here
01-01 08:00:11.450 370 370 W android.hardware.media.omx@1.0-service: libminijail[370]: compile_file: (50): previous definition here
01-01 08:00:11.450 370 370 W android.hardware.media.omx@1.0-service: libminijail[370]: compile_file: /system/etc/seccomp_policy/crash_dump.arm.policy(19): syscall getdents64 redefined here
01-01 08:00:11.450 370 370 W android.hardware.media.omx@1.0-service: libminijail[370]: compile_file: (58): previous definition here
01-01 08:00:11.451 370 370 W android.hardware.media.omx@1.0-service: libminijail[370]: compile_file: /system/etc/seccomp_policy/crash_dump.arm.policy(20): syscall faccessat redefined here
01-01 08:00:11.451 370 370 W android.hardware.media.omx@1.0-service: libminijail[370]: compile_file: (38): previous definition here
01-01 08:00:11.451 370 370 W android.hardware.media.omx@1.0-service: libminijail[370]: compile_file: /system/etc/seccomp_policy/crash_dump.arm.policy(25): syscall rt_sigprocmask redefined here
01-01 08:00:11.451 370 370 W android.hardware.media.omx@1.0-service: libminijail[370]: compile_file: (41): previous definition here
01-01 08:00:11.451 370 370 W android.hardware.media.omx@1.0-service: libminijail[370]: compile_file: /system/etc/seccomp_policy/crash_dump.arm.policy(28): syscall prctl redefined here
01-01 08:00:11.454 364 395 I ServiceManager: Waiting for service 'package_native' on '/dev/binder'...
01-01 08:00:11.455 370 370 W android.hardware.media.omx@1.0-service: libminijail[370]: compile_file: (6): previous definition here
01-01 08:00:11.455 370 370 W android.hardware.media.omx@1.0-service: libminijail[370]: compile_file: /system/etc/seccomp_policy/crash_dump.arm.policy(29): syscall madvise redefined here
01-01 08:00:11.456 370 370 W android.hardware.media.omx@1.0-service: libminijail[370]: compile_file: (29): previous definition here
01-01 08:00:11.456 370 370 W android.hardware.media.omx@1.0-service: libminijail[370]: compile_file: /system/etc/seccomp_policy/crash_dump.arm.policy(30): syscall mprotect redefined here
01-01 08:00:11.456 370 370 W android.hardware.media.omx@1.0-service: libminijail[370]: compile_file: (28): previous definition here
01-01 08:00:11.456 370 370 W android.hardware.media.omx@1.0-service: libminijail[370]: compile_file: /system/etc/seccomp_policy/crash_dump.arm.policy(31): syscall munmap redefined here
01-01 08:00:11.456 370 370 W android.hardware.media.omx@1.0-service: libminijail[370]: compile_file: (27): previous definition here
01-01 08:00:11.456 370 370 W android.hardware.media.omx@1.0-service: libminijail[370]: compile_file: /system/etc/seccomp_policy/crash_dump.arm.policy(32): syscall getuid32 redefined here
01-01 08:00:11.456 370 370 W android.hardware.media.omx@1.0-service: libminijail[370]: compile_file: (34): previous definition here
01-01 08:00:11.457 370 370 W android.hardware.media.omx@1.0-service: libminijail[370]: compile_file: /system/etc/seccomp_policy/crash_dump.arm.policy(33): syscall fstat64 redefined here
01-01 08:00:11.457 370 370 W android.hardware.media.omx@1.0-service: libminijail[370]: compile_file: (35): previous definition here
01-01 08:00:11.457 370 370 W android.hardware.media.omx@1.0-service: libminijail[370]: compile_file: /system/etc/seccomp_policy/crash_dump.arm.policy(34): syscall mmap2 redefined here
01-01 08:00:11.457 370 370 W android.hardware.media.omx@1.0-service: libminijail[370]: compile_file: (14): previous definition here
01-01 08:00:11.459 370 370 W android.hardware.media.omx@1.0-service: libminijail[370]: logging seccomp filter failures
01-01 08:00:11.490 278 278 I android.hardware.usb.gadget@1.1-service.aw: setCurrentUsbFunctions Adb
01-01 08:00:11.491 278 278 I android.hardware.usb.gadget@1.1-service.aw: Service started
01-01 08:00:11.491 278 278 I android.hardware.usb.gadget@1.1-service.aw: enable usbradio debug functions
01-01 08:00:11.491 278 278 I android.hardware.usb.gadget@1.1-service.aw: Usb Gadget setcurrent functions called successfully
01-01 08:00:11.494 370 370 I cedarc : : register h265 decoder success!
01-01 08:00:11.495 370 370 E cedarc : : dlopen 'libawh265soft.so' fail: dlopen failed: library "libawh265soft.so" not found
01-01 08:00:11.496 370 370 I cedarc : : register h264 decoder success!
01-01 08:00:11.497 370 370 I cedarc : : register mjpeg decoder success!
01-01 08:00:11.497 370 370 I cedarc : : register mjpegplus decoder success!
01-01 08:00:11.503 370 370 I cedarc : : register mpeg2 decoder success!
01-01 08:00:11.506 370 370 W cedarc : : Invalid plugin, CedarPluginVDInit not found, lib:libawmpeg4base.so.
01-01 08:00:11.508 393 393 I adbd : persist.adb.watchdog set to ''
01-01 08:00:11.509 393 393 I adbd : persist.sys.test_harness set to ''
01-01 08:00:11.509 393 393 I adbd : adb watchdog timeout set to 600 seconds
01-01 08:00:11.510 393 393 I adbd : Setup mdns on port= 5555
01-01 08:00:11.510 393 393 I adbd : adbd listening on tcp:5555
01-01 08:00:11.510 393 393 I adbd : adbd listening on vsock:5555
01-01 08:00:11.511 393 393 I adbd : adbd started
01-01 08:00:11.511 370 370 I cedarc : : register mpeg4Normal decoder success!
01-01 08:00:11.511 370 370 I cedarc : : register Mpeg4Vp6 decoder success!
01-01 08:00:11.512 370 370 I cedarc : : register mpeg4dx decoder success!
01-01 08:00:11.513 370 370 I cedarc : : register mpeg4H263 decoder success!
01-01 08:00:11.514 383 383 I update_engine: [INFO:main.cc(55)] A/B Update Engine starting
01-01 08:00:11.518 393 402 I adbd : Waiting for persist.adb.tls_server.enable=1
01-01 08:00:11.519 393 404 I adbd : opening control endpoint /dev/usb-ffs/adb/ep0
01-01 08:00:11.520 393 402 I adbd : persist.adb.tls_server.enable changed to 1
01-01 08:00:11.520 278 400 I android.hardware.usb.gadget@1.1-service.aw: GADGET pulled up
01-01 08:00:11.523 370 370 I cedarc : : register vp8 decoder success!
01-01 08:00:11.525 404 404 I : read descriptors
01-01 08:00:11.525 404 404 I : read strings
01-01 08:00:11.523 370 370 I cedarc : : register vc1 decoder success!
01-01 08:00:11.530 393 404 I adbd : UsbFfsConnection constructed
01-01 08:00:11.532 383 383 E cutils-trace: Error opening trace file: No such file or directory (2)
01-01 08:00:11.538 393 410 I adbd : UsbFfs-monitor thread spawned
01-01 08:00:11.539 393 410 I adbd : USB event: FUNCTIONFS_BIND
01-01 08:00:11.545 393 402 I adbd : adbwifi started on port 40749
01-01 08:00:11.546 393 402 I adbd : TlsServer running on port 40749
01-01 08:00:11.546 393 402 I adbd : adb wifi started on port 40749
01-01 08:00:11.548 393 402 I adbd : Waiting for persist.adb.tls_server.enable=0
01-01 08:00:11.554 393 411 I adbd : Registering secure_connect service (adb-DZOH58251975972-si1QCL)
01-01 08:00:11.557 378 378 E cutils-trace: Error opening trace file: No such file or directory (2)
01-01 08:00:11.560 370 370 I SoftOMXPlugin: createOMXPlugin
01-01 08:00:11.561 370 370 D MediaCodecsXmlParser: parsing /vendor/etc/media_codecs.xml...
01-01 08:00:11.564 370 370 D MediaCodecsXmlParser: parsing /vendor/etc/media_codecs_google_audio.xml...
01-01 08:00:11.565 370 370 D MediaCodecsXmlParser: unable to open media codecs configuration xml file: /vendor/etc/media_codecs_google_audio.xml
01-01 08:00:11.571 370 370 D MediaCodecsXmlParser: parsing /vendor/etc/media_codecs_google_video.xml...
01-01 08:00:11.572 370 370 D MediaCodecsXmlParser: unable to open media codecs configuration xml file: /vendor/etc/media_codecs_google_video.xml
01-01 08:00:11.577 370 370 D MediaCodecsXmlParser: parsing /vendor/etc/media_codecs_performance.xml...
01-01 08:00:11.583 370 370 D MediaCodecsXmlParser: MediaCodec: cannot update non-existing codec: OMX.google.h264.encoder at line 25 of /vendor/etc/media_codecs_performance.xml
01-01 08:00:11.583 370 370 D MediaCodecsXmlParser: MediaCodec: cannot update non-existing codec: OMX.google.h263.encoder at line 31 of /vendor/etc/media_codecs_performance.xml
01-01 08:00:11.583 370 370 D MediaCodecsXmlParser: MediaCodec: cannot update non-existing codec: OMX.google.mpeg4.encoder at line 34 of /vendor/etc/media_codecs_performance.xml
01-01 08:00:11.583 370 370 D MediaCodecsXmlParser: MediaCodec: cannot update non-existing codec: OMX.google.vp8.encoder at line 37 of /vendor/etc/media_codecs_performance.xml
01-01 08:00:11.583 370 370 D MediaCodecsXmlParser: MediaCodec: cannot update non-existing codec: OMX.allwinner.video.decoder.h263 at line 59 of /vendor/etc/media_codecs_performance.xml
01-01 08:00:11.583 370 370 D MediaCodecsXmlParser: MediaCodec: cannot update non-existing codec: OMX.google.mpeg4.decoder at line 80 of /vendor/etc/media_codecs_performance.xml
01-01 08:00:11.583 370 370 D MediaCodecsXmlParser: MediaCodec: cannot update non-existing codec: OMX.google.h264.decoder at line 83 of /vendor/etc/media_codecs_performance.xml
01-01 08:00:11.584 370 370 D MediaCodecsXmlParser: MediaCodec: cannot update non-existing codec: OMX.google.h263.decoder at line 89 of /vendor/etc/media_codecs_performance.xml
01-01 08:00:11.584 370 370 D MediaCodecsXmlParser: MediaCodec: cannot update non-existing codec: OMX.google.hevc.decoder at line 93 of /vendor/etc/media_codecs_performance.xml
01-01 08:00:11.584 370 370 D MediaCodecsXmlParser: MediaCodec: cannot update non-existing codec: OMX.google.vp8.decoder at line 101 of /vendor/etc/media_codecs_performance.xml
01-01 08:00:11.584 370 370 D MediaCodecsXmlParser: MediaCodec: cannot update non-existing codec: OMX.google.vp9.decoder at line 107 of /vendor/etc/media_codecs_performance.xml
01-01 08:00:11.584 370 370 I MediaCodecsXmlParser: Did not find media_codecs_shaping.xml in search path
01-01 08:00:11.585 370 370 E cutils-trace: Error opening trace file: No such file or directory (2)
01-01 08:00:11.588 378 378 I HidlServiceManagement: Registered android.hardware.radio@1.6::IRadio/slot1
01-01 08:00:11.603 363 363 I MediaExtractorFactory: plugin directory not present (/system/lib/extractors)
01-01 08:00:11.604 363 363 I MediaExtractorFactory: plugin directory not present (/system_ext/lib/extractors)
01-01 08:00:11.612 383 383 I update_engine: [INFO:boot_control_android.cc(69)] Loaded boot control hidl hal.
01-01 08:00:11.614 282 282 E APM::HwModule: refreshSupportedDevices: invalid source devices for primary input
01-01 08:00:11.614 282 282 E APM::HwModule: refreshSupportedDevices: invalid source devices for fast input
01-01 08:00:11.620 383 383 I update_engine: [INFO:daemon_state_android.cc(44)] Booted in dev mode.
01-01 08:00:11.623 378 378 I HidlServiceManagement: Registered android.hardware.radio.config@1.3::IRadioConfig/default
01-01 08:00:11.631 370 370 I HidlServiceManagement: Registered android.hardware.media.omx@1.0::IOmx/default
01-01 08:00:11.631 370 370 I HidlServiceManagement: Removing namespace from process name android.hardware.media.omx@1.0-service to omx@1.0-service.
01-01 08:00:11.632 370 370 I android.hardware.media.omx@1.0-service: IOmx HAL service created.
01-01 08:00:11.633 370 370 I OmxStore: omx common prefix: 'OMX.'
01-01 08:00:11.633 370 370 D MediaCodecsXmlParser: parsing /vendor/etc/media_codecs.xml...
01-01 08:00:11.633 282 282 D APM_EngineLoader: Loaded engine from libaudiopolicyenginedefault.so
01-01 08:00:11.634 282 282 D APM::AudioPolicyEngine/Base: loadAudioPolicyEngineConfig: No configuration found, using default matching phone experience.
01-01 08:00:11.634 370 370 D MediaCodecsXmlParser: parsing /vendor/etc/media_codecs_google_audio.xml...
01-01 08:00:11.634 370 370 D MediaCodecsXmlParser: unable to open media codecs configuration xml file: /vendor/etc/media_codecs_google_audio.xml
01-01 08:00:11.635 197 197 I hwservicemanager: getTransport: Cannot find entry android.hardware.graphics.mapper@4.0::IMapper/default in either framework or device VINTF manifest.
01-01 08:00:11.635 288 288 I Gralloc4: mapper 4.x is not supported
01-01 08:00:11.635 366 366 D multiir : multi_ir open uinput dev
01-01 08:00:11.637 322 329 D XM_HIDREAD: add@ add@/devices/virtual/input/input1
01-01 08:00:11.637 370 370 D MediaCodecsXmlParser: parsing /vendor/etc/media_codecs_google_video.xml...
01-01 08:00:11.637 370 370 D MediaCodecsXmlParser: unable to open media codecs configuration xml file: /vendor/etc/media_codecs_google_video.xml
01-01 08:00:11.638 370 370 D MediaCodecsXmlParser: parsing /vendor/etc/media_codecs_performance.xml...
01-01 08:00:11.638 370 370 D MediaCodecsXmlParser: MediaCodec: cannot update non-existing codec: OMX.google.h264.encoder at line 25 of /vendor/etc/media_codecs_performance.xml
01-01 08:00:11.638 370 370 D MediaCodecsXmlParser: MediaCodec: cannot update non-existing codec: OMX.google.h263.encoder at line 31 of /vendor/etc/media_codecs_performance.xml
01-01 08:00:11.638 370 370 D MediaCodecsXmlParser: MediaCodec: cannot update non-existing codec: OMX.google.mpeg4.encoder at line 34 of /vendor/etc/media_codecs_performance.xml
01-01 08:00:11.638 370 370 D MediaCodecsXmlParser: MediaCodec: cannot update non-existing codec: OMX.google.vp8.encoder at line 37 of /vendor/etc/media_codecs_performance.xml
01-01 08:00:11.639 370 370 D MediaCodecsXmlParser: MediaCodec: cannot update non-existing codec: OMX.allwinner.video.decoder.h263 at line 59 of /vendor/etc/media_codecs_performance.xml
01-01 08:00:11.639 370 370 D MediaCodecsXmlParser: MediaCodec: cannot update non-existing codec: OMX.google.mpeg4.decoder at line 80 of /vendor/etc/media_codecs_performance.xml
01-01 08:00:11.639 370 370 D MediaCodecsXmlParser: MediaCodec: cannot update non-existing codec: OMX.google.h264.decoder at line 83 of /vendor/etc/media_codecs_performance.xml
01-01 08:00:11.639 370 370 D MediaCodecsXmlParser: MediaCodec: cannot update non-existing codec: OMX.google.h263.decoder at line 89 of /vendor/etc/media_codecs_performance.xml
01-01 08:00:11.639 370 370 D MediaCodecsXmlParser: MediaCodec: cannot update non-existing codec: OMX.google.hevc.decoder at line 93 of /vendor/etc/media_codecs_performance.xml
01-01 08:00:11.639 370 370 D MediaCodecsXmlParser: MediaCodec: cannot update non-existing codec: OMX.google.vp8.decoder at line 101 of /vendor/etc/media_codecs_performance.xml
01-01 08:00:11.639 370 370 D MediaCodecsXmlParser: MediaCodec: cannot update non-existing codec: OMX.google.vp9.decoder at line 107 of /vendor/etc/media_codecs_performance.xml
01-01 08:00:11.639 370 370 I MediaCodecsXmlParser: Did not find media_codecs_shaping.xml in search path
01-01 08:00:11.640 370 370 E MediaCodecsXmlParser: Cannot find the role for a decoder of type video/divx
01-01 08:00:11.640 370 370 E MediaCodecsXmlParser: Cannot find the role for a decoder of type video/jpeg
01-01 08:00:11.640 370 370 E MediaCodecsXmlParser: Cannot find the role for a decoder of type video/mpeg1
01-01 08:00:11.640 370 370 E MediaCodecsXmlParser: Cannot find the role for a decoder of type video/x-ms-mpeg4v1
01-01 08:00:11.640 370 370 E MediaCodecsXmlParser: Cannot find the role for a decoder of type video/x-ms-mpeg4v2
01-01 08:00:11.640 370 370 E MediaCodecsXmlParser: Cannot find the role for a decoder of type video/rvg2
01-01 08:00:11.640 370 370 E MediaCodecsXmlParser: Cannot find the role for a decoder of type video/flv1
01-01 08:00:11.640 370 370 E MediaCodecsXmlParser: Cannot find the role for a decoder of type video/wvc1
01-01 08:00:11.640 370 370 E MediaCodecsXmlParser: Cannot find the role for a decoder of type video/x-vnd.on2.vp6
01-01 08:00:11.640 370 370 E MediaCodecsXmlParser: Cannot find the role for a decoder of type video/wmv1
01-01 08:00:11.640 370 370 E MediaCodecsXmlParser: Cannot find the role for a decoder of type video/wmv2
01-01 08:00:11.640 370 370 E MediaCodecsXmlParser: Cannot find the role for a decoder of type video/xvid
01-01 08:00:11.641 322 329 D XM_HIDREAD: add@ add@/devices/virtual/input/input1/event1
01-01 08:00:11.646 366 366 I input : sunxi-ir-uinput as /devices/virtual/input/input1
01-01 08:00:11.646 366 366 D multiir : uinputfd=4
01-01 08:00:11.650 257 257 D zygote : Time zone APEX ICU file found: /apex/com.android.tzdata/etc/icu/icu_tzdata.dat
01-01 08:00:11.651 383 383 I update_engine: [INFO:update_attempter_android.cc(1082)] Scheduling CleanupPreviousUpdateAction.
01-01 08:00:11.652 257 257 D zygote : I18n APEX ICU file found: /apex/com.android.i18n/etc/icu/icudt68l.dat
01-01 08:00:11.656 383 383 I update_engine: [INFO:action_processor.cc(51)] ActionProcessor: starting CleanupPreviousUpdateAction
01-01 08:00:11.662 197 197 I hwservicemanager: getTransport: Cannot find entry android.hardware.graphics.mapper@3.0::IMapper/default in either framework or device VINTF manifest.
01-01 08:00:11.663 288 288 W Gralloc3: mapper 3.x is not supported
01-01 08:00:11.664 378 378 I HidlServiceManagement: Registered android.hardware.radio@1.2::ISap/slot1
01-01 08:00:11.664 383 383 I update_engine: [INFO:cleanup_previous_update_action.cc(149)] Starting/resuming CleanupPreviousUpdateAction
01-01 08:00:11.666 380 380 I mediaswcodec: media swcodec service starting
01-01 08:00:11.672 383 383 I update_engine: [INFO:cleanup_previous_update_action.cc(124)] CleanupPreviousUpdateAction scheduled task ID 1 for WaitBootCompleted
01-01 08:00:11.676 362 362 D isomountservice: main isomount service is running.
01-01 08:00:11.678 370 370 I HidlServiceManagement: Registered android.hardware.media.omx@1.0::IOmxStore/default
01-01 08:00:11.679 370 370 I HidlServiceManagement: Removing namespace from process name android.hardware.media.omx@1.0-service to omx@1.0-service.
01-01 08:00:11.681 380 380 W mediaswcodec: Could not read additional policy file '/vendor/etc/seccomp_policy/mediaswcodec.policy'
01-01 08:00:11.681 362 362 I isomountservice: ServiceManager: 0xe8e74cc0
01-01 08:00:11.681 380 380 W mediaswcodec: libminijail[380]: failed to get path of fd 4: No such file or directory
01-01 08:00:11.681 380 380 W mediaswcodec: libminijail[380]: allowing syscall: clock_gettime
01-01 08:00:11.682 380 380 W mediaswcodec: libminijail[380]: allowing syscall: connect
01-01 08:00:11.682 380 380 W mediaswcodec: libminijail[380]: allowing syscall: fcntl64
01-01 08:00:11.682 380 380 W mediaswcodec: libminijail[380]: allowing syscall: socket
01-01 08:00:11.682 380 380 W mediaswcodec: libminijail[380]: allowing syscall: writev
01-01 08:00:11.683 380 380 W mediaswcodec: libminijail[380]: compile_file: (71): syscall futex redefined here
01-01 08:00:11.683 380 380 W mediaswcodec: libminijail[380]: compile_file: (15): previous definition here
01-01 08:00:11.684 380 380 W mediaswcodec: libminijail[380]: logging seccomp filter failures
01-01 08:00:11.685 380 380 I CodecServiceRegistrant: Creating software Codec2 service...
01-01 08:00:11.693 366 366 D multiir : uevent listen start
01-01 08:00:11.695 380 380 E cutils-trace: Error opening trace file: No such file or directory (2)
01-01 08:00:11.696 288 288 E gralloc : Arm Module v1.0
01-01 08:00:11.697 380 380 I HidlServiceManagement: Registered android.hardware.media.c2@1.2::IComponentStore/software
01-01 08:00:11.699 282 282 W APM::AudioPolicyEngine/Base: loadAudioPolicyEngineConfig: No configuration of AUDIO_STREAM_ASSISTANT found, using default volume configuration
01-01 08:00:11.702 282 282 W APM::AudioPolicyEngine/Base: loadAudioPolicyEngineConfig: No configuration of AUDIO_STREAM_CALL_ASSISTANT found, using default volume configuration
01-01 08:00:11.711 197 197 I hwservicemanager: getTransport: Cannot find entry android.hardware.graphics.allocator@4.0::IAllocator/default in either framework or device VINTF manifest.
01-01 08:00:11.711 288 288 W Gralloc4: allocator 4.x is not supported
01-01 08:00:11.711 197 197 I hwservicemanager: getTransport: Cannot find entry android.hardware.media.c2@1.0::IComponentStore/default in either framework or device VINTF manifest.
01-01 08:00:11.711 380 380 I CodecServiceRegistrant: Preferred Codec2 store is defaulted to "software".
01-01 08:00:11.711 380 380 I CodecServiceRegistrant: Software Codec2 service created and registered.
01-01 08:00:11.712 197 197 I hwservicemanager: getTransport: Cannot find entry android.hardware.graphics.allocator@3.0::IAllocator/default in either framework or device VINTF manifest.
01-01 08:00:11.712 288 288 W Gralloc3: allocator 3.x is not supported
01-01 08:00:11.720 367 367 E cutils-trace: Error opening trace file: No such file or directory (2)
01-01 08:00:11.722 358 358 D gpioservice: main gpio service is running.
01-01 08:00:11.723 358 358 I gpioservice: ServiceManager: 0xf3914cc0
01-01 08:00:11.724 358 358 D GpioService: GpioService created
01-01 08:00:11.724 196 196 E SELinux : avc: denied { add } for pid=358 uid=0 name=softwinner.gpio scontext=u:r:gpioservice:s0 tcontext=u:object_r:default_android_service:s0 tclass=service_manager permissive=1
01-01 08:00:11.728 367 367 W storaged: health: invalid battery status
01-01 08:00:11.731 367 367 I ServiceManager: Waiting for service 'package_native' on '/dev/binder'...
01-01 08:00:11.736 337 337 I rainbow_flow: type=1400 audit(0.0:292): avc: denied { ioctl } for path="/dev/spidev1.0" dev="tmpfs" ino=6881 ioctlcmd=0x6b00 scontext=u:r:init:s0 tcontext=u:object_r:device:s0 tclass=chr_file permissive=1
01-01 08:00:11.743 267 296 E ion : ioctl c0044901 failed with code -1: Inappropriate ioctl for device
01-01 08:00:11.743 267 296 I gralloc : alloc buffer:W:1 H:1 S:16 PL[1 1] SZ:64 fmt:1 if:0 af:1 usg:300 fg:00000004
01-01 08:00:11.740 277 277 I EventThread: type=1400 audit(0.0:293): avc: denied { search } for name="extcon" dev="sysfs" ino=18109 scontext=u:r:hal_tv_cec_default:s0 tcontext=u:object_r:sysfs_extcon:s0 tclass=dir permissive=1
01-01 08:00:11.744 288 288 E ion : ioctl c0044901 failed with code -1: Inappropriate ioctl for device
01-01 08:00:11.745 288 288 I RenderEngine: OpenGL ES informations:
01-01 08:00:11.745 288 288 I RenderEngine: vendor : ARM
01-01 08:00:11.745 288 288 I RenderEngine: renderer : Mali-G31
01-01 08:00:11.745 288 288 I RenderEngine: version : OpenGL ES 3.2 v1.r20p0-01rel0.9f6475d0baffb05079096179e1278b1d
01-01 08:00:11.745 288 288 I RenderEngine: extensions: GL_EXT_debug_marker GL_ARM_rgba8 GL_ARM_mali_shader_binary GL_OES_depth24 GL_OES_depth_texture GL_OES_depth_texture_cube_map GL_OES_packed_depth_stencil GL_OES_rgb8_rgba8 GL_EXT_read_format_bgra GL_OES_compressed_paletted_texture GL_OES_compressed_ETC1_RGB8_texture GL_OES_standard_derivatives GL_OES_EGL_image GL_OES_EGL_image_external GL_OES_EGL_image_external_essl3 GL_OES_EGL_sync GL_OES_texture_npot GL_OES_vertex_half_float GL_OES_required_internalformat GL_OES_vertex_array_object GL_OES_mapbuffer GL_EXT_texture_format_BGRA8888 GL_EXT_texture_rg GL_EXT_texture_type_2_10_10_10_REV GL_OES_fbo_render_mipmap GL_OES_element_index_uint GL_EXT_shadow_samplers GL_OES_texture_compression_astc GL_KHR_texture_compression_astc_ldr GL_KHR_texture_compression_astc_hdr GL_KHR_texture_compression_astc_sliced_3d GL_EXT_texture_compression_astc_decode_mode GL_EXT_texture_compression_astc_decode_mode_rgb9e5 GL_KHR_debug GL_EXT_occlusion_query_boolean GL_EXT_disjoint_timer_query GL_EXT_blend_minmax GL_EXT_discard_
01-01 08:00:11.745 288 288 I RenderEngine: GL_MAX_TEXTURE_SIZE = 8192
01-01 08:00:11.745 288 288 I RenderEngine: GL_MAX_VIEWPORT_DIMS = 8192
01-01 08:00:11.745 288 288 W libprocessgroup: Failed to open /dev/cpuset/system-background/tasks: Permission denied: Permission denied
01-01 08:00:11.746 288 288 W libprocessgroup: Failed to apply SFMainPolicy task profile: Permission denied
01-01 08:00:11.746 257 257 I zygote : Using memfd for future sealing
01-01 08:00:11.749 197 197 I hwservicemanager: getTransport: Cannot find entry android.hardware.graphics.mapper@4.0::IMapper/default in either framework or device VINTF manifest.
01-01 08:00:11.750 271 271 I ComposerResources: failed to get mapper 4.0 service, falling back to mapper 3.0
01-01 08:00:11.750 197 197 I hwservicemanager: getTransport: Cannot find entry android.hardware.graphics.mapper@3.0::IMapper/default in either framework or device VINTF manifest.
01-01 08:00:11.750 271 271 I ComposerResources: failed to get mapper 3.0 service, falling back to mapper 2.0
01-01 08:00:11.755 271 271 E gralloc : Arm Module v1.0
01-01 08:00:11.757 357 357 I cameraserver: ServiceManager: 0xed96f960
01-01 08:00:11.758 357 357 I CameraService: CameraService started (pid=357)
01-01 08:00:11.758 357 357 I CameraService: CameraService process starting
01-01 08:00:11.759 271 425 I sunxihwc: threadLoop: EventThread start
01-01 08:00:11.759 271 271 I sunxihwc: createDeviceFactory: IDeviceFactory from hardware/aw/display/hwc-hal/disp2/HomletDeviceFactory.cpp
01-01 08:00:11.759 271 271 I sunxihwc: Device name: raven
01-01 08:00:11.759 357 357 W BatteryNotifier: batterystats service unavailable!
01-01 08:00:11.759 357 357 W BatteryNotifier: batterystats service unavailable!
01-01 08:00:11.760 357 357 E cutils-trace: Error opening trace file: No such file or directory (2)
01-01 08:00:11.761 271 271 D sunxihwc: Device config file: /vendor/etc/dispconfigs/homlet-default.json
01-01 08:00:11.762 262 262 V audio_hw_primary: init_audio_devices, line: 611
01-01 08:00:11.762 271 271 D sunxihwc: Parse 'Display0' config
01-01 08:00:11.762 271 271 D sunxihwc: Parse 'Display1' config
01-01 08:00:11.762 262 262 D audio_hw_primary: read card /sys/class/sound/card0/id
01-01 08:00:11.763 262 262 D audio_hw_primary: /sys/class/sound/card0/id, audiocodec, len: 11
01-01 08:00:11.763 262 262 D audio_hw_primary: linux name = audiocodec, android name = AUDIO_CODEC
01-01 08:00:11.763 262 262 D audio_hw_primary: find name map, card_id = audiocodec, card_name = AUDIO_CODEC
01-01 08:00:11.763 262 262 V audio_hw_primary: card: 0, name: AUDIO_CODEC, capture: 0, playback: 1
01-01 08:00:11.763 262 262 D audio_hw_primary: read card /sys/class/sound/card1/id
01-01 08:00:11.763 262 262 D audio_hw_primary: /sys/class/sound/card1/id, sndspdif, len: 9
01-01 08:00:11.763 262 262 D audio_hw_primary: linux name = sndspdif, android name = AUDIO_SPDIF
01-01 08:00:11.763 262 262 D audio_hw_primary: find name map, card_id = sndspdif, card_name = AUDIO_SPDIF
01-01 08:00:11.763 262 262 V audio_hw_primary: card: 1, name: AUDIO_SPDIF, capture: 1, playback: 1
01-01 08:00:11.764 271 429 W displayd: xxxxxxx: threadedStartup begin
01-01 08:00:11.764 262 262 D audio_hw_primary: read card /sys/class/sound/card2/id
01-01 08:00:11.764 271 429 I sunxihwc: Device name: raven
01-01 08:00:11.764 271 429 D sunxihwc: Device config file: /vendor/etc/dispconfigs/homlet-default.json
01-01 08:00:11.765 271 429 D sunxihwc: Parse 'Display0' config
01-01 08:00:11.765 271 429 D sunxihwc: Parse 'Display1' config
01-01 08:00:11.765 271 429 W displayd: xxxxxxx: HAL device config file: /vendor/etc/dispconfigs/homlet-default.json
01-01 08:00:11.765 271 429 W displayd: Displays (2 entries)
01-01 08:00:11.765 271 429 W displayd: + Display{id=0, framebuffer=1920x1080(override=1), dpi=160x160}
01-01 08:00:11.765 271 429 W displayd: DisplayEnginePortId=0
01-01 08:00:11.765 271 429 W displayd: InterfaceType=HDMI
01-01 08:00:11.765 271 429 W displayd: DefaultOutputMode=0
01-01 08:00:11.765 271 429 W displayd: HotplugSupported=0
01-01 08:00:11.765 271 429 W displayd: AfbcSupported=0
01-01 08:00:11.765 271 429 W displayd: HardwareRotateSupported=0
01-01 08:00:11.765 271 429 W displayd: BandwidthLimited=338800 Bytes per frame
01-01 08:00:11.765 271 429 W displayd: + Display{id=1, framebuffer=1920x1080(override=1), dpi=160x160}
01-01 08:00:11.765 271 429 W displayd: DisplayEnginePortId=1
01-01 08:00:11.765 271 429 W displayd: InterfaceType=CVBS
01-01 08:00:11.765 271 429 W displayd: DefaultOutputMode=0
01-01 08:00:11.765 271 429 W displayd: HotplugSupported=0
01-01 08:00:11.765 271 429 W displayd: AfbcSupported=0
01-01 08:00:11.765 271 429 W displayd: HardwareRotateSupported=0
01-01 08:00:11.765 271 429 W displayd: BandwidthLimited=338800 Bytes per frame
01-01 08:00:11.765 271 271 I HidlServiceManagement: Registered vendor.display.config@1.0::IDisplayConfig/default
01-01 08:00:11.766 271 271 D android.hardware.graphics.composer@2.2-service: IDisplayConfig register: ok
01-01 08:00:11.766 271 271 I sunxihwc: initialize: DisplayConfigService init: ok
01-01 08:00:11.766 271 271 D sunxihwc: setHotplugState: mbHotplug = 1
01-01 08:00:11.760 271 271 I MQ-Thread: type=1400 audit(0.0:294): avc: denied { read } for name="u:object_r:system_prop:s0" dev="tmpfs" ino=6684 scontext=u:r:hal_graphics_composer_default:s0 tcontext=u:object_r:system_prop:s0 tclass=file permissive=1
01-01 08:00:11.766 271 271 E sunxihwc: notifyDeviceChanged: DeviceChangedListener not register yet!
01-01 08:00:11.766 271 271 I sunxihwc: setVendorInterface: register IVendorInterface: 0xf756e310
01-01 08:00:11.766 271 271 D sunxihwc: HAL device config file: /vendor/etc/dispconfigs/homlet-default.json
01-01 08:00:11.766 271 271 D sunxihwc: Displays (2 entries)
01-01 08:00:11.766 271 271 D sunxihwc: + Display{id=0, framebuffer=1920x1080(override=1), dpi=160x160}
01-01 08:00:11.766 271 271 D sunxihwc: DisplayEnginePortId=0
01-01 08:00:11.766 271 271 D sunxihwc: InterfaceType=HDMI
01-01 08:00:11.766 271 271 D sunxihwc: DefaultOutputMode=0
01-01 08:00:11.766 271 271 D sunxihwc: HotplugSupported=0
01-01 08:00:11.766 271 271 D sunxihwc: AfbcSupported=0
01-01 08:00:11.766 271 271 D sunxihwc: HardwareRotateSupported=0
01-01 08:00:11.766 271 271 D sunxihwc: BandwidthLimited=338800 Bytes per frame
01-01 08:00:11.766 271 271 D sunxihwc: + Display{id=1, framebuffer=1920x1080(override=1), dpi=160x160}
01-01 08:00:11.766 271 271 D sunxihwc: DisplayEnginePortId=1
01-01 08:00:11.766 271 271 D sunxihwc: InterfaceType=CVBS
01-01 08:00:11.766 271 271 D sunxihwc: DefaultOutputMode=0
01-01 08:00:11.766 271 271 D sunxihwc: HotplugSupported=0
01-01 08:00:11.766 271 271 D sunxihwc: AfbcSupported=0
01-01 08:00:11.766 271 271 D sunxihwc: HardwareRotateSupported=0
01-01 08:00:11.766 271 271 D sunxihwc: BandwidthLimited=338800 Bytes per frame
01-01 08:00:11.766 271 271 W sunxihwc: bringupDevices: display.1 was off, request type 2, try to bringup it!
01-01 08:00:11.766 271 271 I sunxihwc: scanConnectedDevice: wait for device connect
01-01 08:00:11.766 262 262 D audio_hw_primary: /sys/class/sound/card2/id, ahubdam, len: 8
01-01 08:00:11.766 262 262 D audio_hw_primary: linux name = ahubdam, android name = AUDIO_DAM
01-01 08:00:11.766 262 262 D audio_hw_primary: find name map, card_id = ahubdam, card_name = AUDIO_DAM
01-01 08:00:11.767 262 262 V audio_hw_primary: card: 2, name: AUDIO_DAM, capture: 0, playback: 0
01-01 08:00:11.767 262 262 D audio_hw_primary: read card /sys/class/sound/card3/id
01-01 08:00:11.767 262 262 D audio_hw_primary: /sys/class/sound/card3/id, ahubhdmi, len: 9
01-01 08:00:11.767 262 262 D audio_hw_primary: linux name = ahubhdmi, android name = AUDIO_HDMI
01-01 08:00:11.767 262 262 D audio_hw_primary: find name map, card_id = ahubhdmi, card_name = AUDIO_HDMI
01-01 08:00:11.767 262 262 V audio_hw_primary: card: 3, name: AUDIO_HDMI, capture: 1, playback: 1
01-01 08:00:11.767 262 262 D audio_hw_primary: read card /sys/class/sound/card4/id
01-01 08:00:11.767 262 262 D audio_hw_primary: /sys/class/sound/card4/id, ahubi2s2, len: 9
01-01 08:00:11.767 262 262 D audio_hw_primary: linux name = ahubi2s2, android name = AUDIO_I2S2
01-01 08:00:11.767 262 262 D audio_hw_primary: find name map, card_id = ahubi2s2, card_name = AUDIO_I2S2
01-01 08:00:11.767 262 262 V audio_hw_primary: card: 4, name: AUDIO_I2S2, capture: 1, playback: 1
01-01 08:00:11.767 262 262 D audio_hw_primary: getCardNumbyName: name = AUDIO_CODEC , card = 0
01-01 08:00:11.767 262 262 D audio_hw_primary: getCardNumbyName: name = AUDIO_DAM , card = 2
01-01 08:00:11.767 262 262 D audio_hw_primary: getCardNumbyName: name = AUDIO_HDMI , card = 3
01-01 08:00:11.767 262 262 D audio_hw_primary: getCardNumbyName: name = AUDIO_I2S2 , card = 4
01-01 08:00:11.767 262 262 D audio_hw_primary: getCardNumbyName: name = AUDIO_SPDIF , card = 1
01-01 08:00:11.767 262 262 E audio_hw_primary: AUDIO_BT card does not exist
01-01 08:00:11.764 271 271 I MQ-Thread: type=1400 audit(0.0:295): avc: denied { open } for path="/dev/__properties__/u:object_r:system_prop:s0" dev="tmpfs" ino=6684 scontext=u:r:hal_graphics_composer_default:s0 tcontext=u:object_r:system_prop:s0 tclass=file permissive=1
01-01 08:00:11.764 271 271 I MQ-Thread: type=1400 audit(0.0:296): avc: denied { getattr } for path="/dev/__properties__/u:object_r:system_prop:s0" dev="tmpfs" ino=6684 scontext=u:r:hal_graphics_composer_default:s0 tcontext=u:object_r:system_prop:s0 tclass=file permissive=1
01-01 08:00:11.764 271 271 I MQ-Thread: type=1400 audit(0.0:297): avc: denied { map } for path="/dev/__properties__/u:object_r:system_prop:s0" dev="tmpfs" ino=6684 scontext=u:r:hal_graphics_composer_default:s0 tcontext=u:object_r:system_prop:s0 tclass=file permissive=1
01-01 08:00:11.768 357 357 I CameraProviderManager: Connecting to new camera provider: external/0, isRemote? 1
01-01 08:00:11.768 262 262 E audio_hw_primary: AUDIO_MIX card does not exist
01-01 08:00:11.768 262 262 V audio_hw_primary: init_audio_devices_active, line: 635
01-01 08:00:11.768 262 262 V audio_hw_primary: init_audio_devices_active: get property persist.vendor.audio.input.active: AUDIO_CODEC
01-01 08:00:11.770 271 429 W displayd: xxxxxxx: display output policy: dual
01-01 08:00:11.770 271 429 W displayd: xxxxxxx: Display.0 output type: 4
01-01 08:00:11.770 271 429 W displayd: xxxxxxx: Display.1 output type: 2
01-01 08:00:11.770 271 429 W displayd: xxxxxxx: createDevice: type=4 on port 0
01-01 08:00:11.771 271 429 W displayd: xxxxxxx: Device hdmi init
01-01 08:00:11.771 271 429 W displayd: xxxxxxx: createDevice: type=2 on port 1
01-01 08:00:11.771 271 429 W displayd: xxxxxxx: Device cvbs init
01-01 08:00:11.771 271 429 W displayd: xxxxxxx: Initizlize display device mapping
01-01 08:00:11.771 271 429 D displayd: xxxxxxx: updateConnectState: type=-1 connected=-1
01-01 08:00:11.771 271 429 W displayd: xxxxxxx: platformGetDeviceConnectStatePath:
01-01 08:00:11.771 271 429 W displayd: hdmi: /sys/class/extcon/extcon0/state
01-01 08:00:11.771 271 429 W displayd: cvbs: /sys/class/extcon/extcon1/state
01-01 08:00:11.771 271 429 D displayd: xxxxxxx: updated: type=2 connected=0
01-01 08:00:11.771 271 429 D displayd: xxxxxxx: updated: type=4 connected=1
01-01 08:00:11.771 271 429 W displayd: xxxxxxx: setupDefaultOutput: hdmi user strategy: 28
01-01 08:00:11.772 271 429 W edid : Parse block0:
01-01 08:00:11.772 271 429 W edid : Extension block count: 1
01-01 08:00:11.772 271 429 W edid : Parse CEA extension block (version: 3)
01-01 08:00:11.772 271 429 W edid : CEA data length: 89 bytes
01-01 08:00:11.764 1 1 I /system/bin/init: type=1107 audit(0.0:298): uid=0 auid=4294967295 ses=4294967295 subj=u:r:init:s0 msg='avc: denied { set } for property=persist.vendor.audio.input.active pid=262 uid=1041 gid=1005 scontext=u:r:hal_audio_default:s0 tcontext=u:object_r:vendor_default_prop:s0 tclass=property_service permissive=1'
01-01 08:00:11.773 357 357 I CameraProviderManager: Camera provider external/0 ready with 0 camera devices
01-01 08:00:11.768 271 271 I MQ-Thread: type=1400 audit(0.0:299): avc: denied { read } for name="u:object_r:default_prop:s0" dev="tmpfs" ino=6557 scontext=u:r:hal_graphics_composer_default:s0 tcontext=u:object_r:default_prop:s0 tclass=file permissive=1
01-01 08:00:11.768 271 271 I MQ-Thread: type=1400 audit(0.0:300): avc: denied { open } for path="/dev/__properties__/u:object_r:default_prop:s0" dev="tmpfs" ino=6557 scontext=u:r:hal_graphics_composer_default:s0 tcontext=u:object_r:default_prop:s0 tclass=file permissive=1
01-01 08:00:11.768 271 271 I MQ-Thread: type=1400 audit(0.0:301): avc: denied { getattr } for path="/dev/__properties__/u:object_r:default_prop:s0" dev="tmpfs" ino=6557 scontext=u:r:hal_graphics_composer_default:s0 tcontext=u:object_r:default_prop:s0 tclass=file permissive=1
01-01 08:00:11.768 271 271 I MQ-Thread: type=1400 audit(0.0:302): avc: denied { map } for path="/dev/__properties__/u:object_r:default_prop:s0" dev="tmpfs" ino=6557 scontext=u:r:hal_graphics_composer_default:s0 tcontext=u:object_r:default_prop:s0 tclass=file permissive=1
01-01 08:00:11.768 271 271 I MQ-Thread: type=1400 audit(0.0:303): avc: denied { getattr } for path="/sys/devices/platform/soc@3000000/6520000.tv0/extcon/extcon1/state" dev="sysfs" ino=19386 scontext=u:r:hal_graphics_composer_default:s0 tcontext=u:object_r:sysfs:s0 tclass=file permissive=1
01-01 08:00:11.773 279 279 I display.output-service: platform is homlet
01-01 08:00:11.774 357 428 W CameraProviderManager: addProviderLocked: Camera provider HAL with name 'external/0' already registered
01-01 08:00:11.775 197 197 I hw-BpHwBinder: onLastStrongRef automatically unlinking death recipients
01-01 08:00:11.775 357 357 I cameraserver: Waiting for activity service
01-01 08:00:11.775 196 196 I servicemanager: Found vendor.display.output.IDisplayOutputManager/default in device VINTF manifest.
01-01 08:00:11.772 1 1 I /system/bin/init: type=1107 audit(0.0:304): uid=0 auid=4294967295 ses=4294967295 subj=u:r:init:s0 msg='avc: denied { set } for property=vendor.sys.tv_vdid_fex pid=271 uid=1000 gid=1003 scontext=u:r:hal_graphics_composer_default:s0 tcontext=u:object_r:vendor_default_prop:s0 tclass=property_service permissive=1'
01-01 08:00:11.777 271 429 W displayd: xxxxxxx: performDefaultConfig dirty=0
01-01 08:00:11.778 271 429 W displayd: xxxxxxx: Old config: type[4] mode[10] pixelformat[0] bits[0] eotf[4] colorspace[257]
01-01 08:00:11.778 271 429 W displayd: xxxxxxx: New config: type[4] mode[10] pixelformat[0] bits[0] eotf[4] colorspace[257]
01-01 08:00:11.778 271 429 I sunxihwc: switchDevice: display[1]: type=2 mode=0 enable=0
01-01 08:00:11.778 271 429 I sunxihwc: switchDevice: display[0]: type=4 mode=10 enable=1
01-01 08:00:11.778 271 429 D sunxihwc: setHotplugState: mbHotplug = 1
01-01 08:00:11.778 271 429 I sunxihwc: createSyncTimeline: DisplayEngine Frequency: 696000000 Hz
01-01 08:00:11.778 271 429 I sunxihwc: setup: timeline0 create
01-01 08:00:11.778 271 429 E sunxihwc: readFromFile: Could not open '/sys/firmware/devicetree/base/dram/dram_clk', No such file or directory(2)
01-01 08:00:11.778 271 429 E sunxihwc: readFromFile: Could not open '/sys/firmware/devicetree/base/dram/dram_mr1', No such file or directory(2)
01-01 08:00:11.778 271 429 E sunxihwc: readFromFile: Could not open '/sys/firmware/devicetree/base/dram/dram_type', No such file or directory(2)
01-01 08:00:11.778 271 429 I sunxihwc: getDramInfoFromDeviceTree: draminfo: freq 0 MHz, bus width 32 bits, type 0
01-01 08:00:11.778 271 429 I sunxihwc: computeEffectiveBandwidth: dram effective bandwidth: 0 MBytes
01-01 08:00:11.778 271 429 E sunxihwc: calculateBandwidthLimitation: getDramFrequency return error(0), fallback to default bandwidth config
01-01 08:00:11.778 271 429 I sunxihwc: setup: Bandwidth limitation: 49152000 Bytes per frame
01-01 08:00:11.778 366 366 D multiir : find target device, path=/dev/input/event0
01-01 08:00:11.778 271 435 I sunxihwc: threadLoop: set CommitThread priority as HAL_PRIORITY_URGENT_DISPLAY
01-01 08:00:11.779 262 262 V audio_hw_primary: set property persist.vendor.audio.input.active: AUDIO_CODEC ok
01-01 08:00:11.779 262 262 V audio_hw_primary: init_audio_devices_active: get property persist.vendor.audio.output.active: AUDIO_HDMI
01-01 08:00:11.779 271 429 I sunxihwc: setDisplaydCb: get mDisplaydCb =0x0x696c4372
01-01 08:00:11.779 271 429 I sunxihwc: updateConnectedDevices: display[0] connected=1 type=4 device=0xf7436d0c
01-01 08:00:11.779 271 429 I sunxihwc: updateConnectedDevices: display[1] connected=0 type=2 device=0x0
01-01 08:00:11.780 366 436 D multiir : MultiirService create
01-01 08:00:11.780 271 429 D sunxihwc: enqueueEvent: enqueueEvent: event 1
01-01 08:00:11.781 271 271 D sunxihwc: enqueueEvent: enqueueEvent: event 1
01-01 08:00:11.781 271 271 I sunxihwc: waitForHotplugIssued: Wait for display connect
01-01 08:00:11.781 271 429 I sunxihwc: setMargin: display[0]: margin 100 100 100 100
01-01 08:00:11.781 271 429 W displayd: xxxxxxx: Turen on display(0), margin(100,100,100,100)
01-01 08:00:11.781 271 429 W displayd: xxxxxxx: Current device mapping:
01-01 08:00:11.781 271 429 W displayd: + display [1]: enable=0 type=2 mode=0
01-01 08:00:11.781 271 429 W displayd: + display [0]: enable=1 type=4 mode=10
01-01 08:00:11.781 196 196 E SELinux : avc: denied { add } for pid=366 uid=0 name=softwinner.multi_ir scontext=u:r:multi_ir:s0 tcontext=u:object_r:default_android_service:s0 tclass=service_manager permissive=1
01-01 08:00:11.781 271 429 I sunxihwc: registerCallback: registerCallback mEventCallback =0x0
01-01 08:00:11.781 271 429 I sunxihwc: setDisplaydCb: get mDisplaydCb =0x0xf74bca50
01-01 08:00:11.781 271 425 W sunxihwc: deviceChangedEventProcess: Display.0 (hdmi0) connect
01-01 08:00:11.781 271 425 I sunxihwc: onHotplugReceived: display(0) connect state[1]
01-01 08:00:11.781 271 425 I sunxihwc: onHotplugReceived: display size: 0 display.0 0 display.1 0 display.0 0
01-01 08:00:11.781 271 425 W sunxihwc: onHotplugReceived: display(0) is 0xf740e010
01-01 08:00:11.781 271 425 D sunxihwc: setDisplays: display =0xf740e010
01-01 08:00:11.781 271 425 D sunxihwc: setDisplays: display size=1
01-01 08:00:11.781 271 425 D sunxihwc: setHotplugState: mbHotplug = 0
01-01 08:00:11.781 271 425 D sunxihwc: setHotplugState: mbHotplug = 0
01-01 08:00:11.781 288 288 I SurfaceFlinger: onComposerHalHotplug(0, connected)
01-01 08:00:11.781 288 288 I HWComposer: Switching to legacy multi-display mode
01-01 08:00:11.781 271 429 W displayd: xxxxxxx: threadedStartup end
01-01 08:00:11.782 288 288 E HWComposer: getAttribute: getDisplayAttribute failed for display 0: BadConfig (1)
01-01 08:00:11.782 288 288 E HWComposer: getDisplayConnectionType: getDisplayConnectionType failed for display 0: Unsupported (8)
01-01 08:00:11.782 271 437 I sunxihwc: pollThreadLoop: polling VsyncThread start
01-01 08:00:11.783 288 441 W EventThread: Ignoring VSYNC request while display is disconnected
01-01 08:00:11.784 288 441 W EventThread: Ignoring VSYNC request while display is disconnected
01-01 08:00:11.784 288 442 W EventThread: Ignoring VSYNC request while display is disconnected
01-01 08:00:11.784 288 442 W EventThread: Ignoring VSYNC request while display is disconnected
01-01 08:00:11.784 288 441 W EventThread: Ignoring VSYNC request while display is disconnected
01-01 08:00:11.784 288 441 W EventThread: Ignoring VSYNC request while display is disconnected
01-01 08:00:11.785 271 271 D sunxihwc: getHdrCapabilities: getHdrCapabilities: support hdr10 and hlg
01-01 08:00:11.785 288 288 W HwcComposer: getPerFrameMetadataKeys failed with 8
01-01 08:00:11.791 267 296 I gralloc : alloc buffer:W:1920 H:1080 S:1920 PL[1920 1080] SZ:8294400 fmt:1 if:0 af:1 usg:1b00 fg:00000004
01-01 08:00:11.795 267 296 I gralloc : alloc buffer:W:1920 H:1080 S:1920 PL[1920 1080] SZ:8294400 fmt:1 if:0 af:1 usg:1b00 fg:00000004
01-01 08:00:11.796 288 288 I SurfaceFlinger: Dispatching display hotplug event displayId=0, connected=1
01-01 08:00:11.796 288 445 W SurfaceFlinger: Failed to set thread name on dispatch thread
01-01 08:00:11.805 368 368 D systemmixservice: main SystemMix service is running.
01-01 08:00:11.806 368 368 I systemmixservice: ServiceManager: 0xf289ecb0
01-01 08:00:11.806 368 368 D SystemMixService: SystemMixService created
01-01 08:00:11.807 196 196 E SELinux : avc: denied { add } for pid=368 uid=0 name=softwinner.systemmix scontext=u:r:systemmix:s0 tcontext=u:object_r:default_android_service:s0 tclass=service_manager permissive=1
01-01 08:00:11.822 262 262 V audio_hw_primary: set property persist.vendor.audio.output.active: AUDIO_HDMI ok
01-01 08:00:11.822 262 262 V audio_hw_primary: AUDIO_HDMI output device will be active
01-01 08:00:11.822 262 262 D audio_hw_primary: XX 2 0 2 0
01-01 08:00:11.826 262 262 W audio_route: Control 'External Speaker Switch' doesn't exist - skipping
01-01 08:00:11.826 262 262 W audio_route: Control 'Headphone Switch' doesn't exist - skipping
01-01 08:00:11.826 262 262 W audio_route: Control 'Earpiece Switch' doesn't exist - skipping
01-01 08:00:11.826 262 262 W audio_route: Control 'AIF1IN0R Mux' doesn't exist - skipping
01-01 08:00:11.826 262 262 W audio_route: Control 'AIF1IN0L Mux' doesn't exist - skipping
01-01 08:00:11.826 262 262 W audio_route: Control 'DACR Mixer AIF1DA0R Switch' doesn't exist - skipping
01-01 08:00:11.826 262 262 W audio_route: Control 'DACL Mixer AIF1DA0L Switch' doesn't exist - skipping
01-01 08:00:11.826 262 262 W audio_route: Control 'AIF1OUT0L Mux' doesn't exist - skipping
01-01 08:00:11.826 262 262 W audio_route: Control 'AIF1OUT0R Mux' doesn't exist - skipping
01-01 08:00:11.826 262 262 W audio_route: Control 'AIF1 AD0L Mixer ADCL Switch' doesn't exist - skipping
01-01 08:00:11.826 262 262 W audio_route: Control 'AIF1 AD0R Mixer ADCR Switch' doesn't exist - skipping
01-01 08:00:11.826 262 262 W audio_route: Control 'ADCR Mux' doesn't exist - skipping
01-01 08:00:11.826 262 262 W audio_route: Control 'ADCL Mux' doesn't exist - skipping
01-01 08:00:11.826 262 262 W audio_route: Control 'HP_R Mux' doesn't exist - skipping
01-01 08:00:11.826 262 262 W audio_route: Control 'HP_L Mux' doesn't exist - skipping
01-01 08:00:11.826 262 262 W audio_route: Control 'HP_R Mux' doesn't exist - skipping
01-01 08:00:11.826 262 262 W audio_route: Control 'HP_L Mux' doesn't exist - skipping
01-01 08:00:11.826 262 262 W audio_route: Control 'Right Output Mixer DACR Switch' doesn't exist - skipping
01-01 08:00:11.827 262 262 W audio_route: Control 'Left Output Mixer DACL Switch' doesn't exist - skipping
01-01 08:00:11.827 262 262 W audio_route: Control 'SPK_L Mux' doesn't exist - skipping
01-01 08:00:11.827 262 262 W audio_route: Control 'SPK_R Mux' doesn't exist - skipping
01-01 08:00:11.827 262 262 W audio_route: Control 'External Speaker Switch' doesn't exist - skipping
01-01 08:00:11.827 262 262 W audio_route: Control 'Headphone Switch' doesn't exist - skipping
01-01 08:00:11.827 262 262 W audio_route: Control 'AIF1IN0R Mux' doesn't exist - skipping
01-01 08:00:11.827 262 262 W audio_route: Control 'AIF1IN0L Mux' doesn't exist - skipping
01-01 08:00:11.827 262 262 W audio_route: Control 'DACR Mixer AIF1DA0R Switch' doesn't exist - skipping
01-01 08:00:11.827 262 262 W audio_route: Control 'DACL Mixer AIF1DA0L Switch' doesn't exist - skipping
01-01 08:00:11.827 262 262 W audio_route: Control 'Left Output Mixer DACR Switch' doesn't exist - skipping
01-01 08:00:11.827 262 262 W audio_route: Control 'Left Output Mixer DACL Switch' doesn't exist - skipping
