06-09 11:43:15.078 196 196 E SELinux : avc: denied { find } for pid=487 uid=1000 name=vendor.display.output.IDisplayOutputManager/default scontext=u:r:system_server:s0 tcontext=u:object_r:hal_awdisplayoutput_service:s0 tclass=service_manager permissive=1
06-09 11:43:15.078 196 196 I servicemanager: Found vendor.display.output.IDisplayOutputManager/default in device VINTF manifest.
06-09 11:43:15.081 487 487 D HomletDisplayOutputManager: get IDisplayOutputManager service success
06-09 11:43:15.081 487 487 D AudioManagerEx: AudioManagerEx
06-09 11:43:15.081 487 487 D AudioDeviceManagerObserver: AudioDeviceManagerObserver construct
06-09 11:43:15.082 487 487 I SystemServerTiming: StartMidiManager
06-09 11:43:15.082 487 487 I SystemServiceManager: Starting com.android.server.midi.MidiService$Lifecycle
06-09 11:43:15.085 487 487 I SystemServerTiming: StartAdbService
06-09 11:43:15.086 487 487 I SystemServiceManager: Starting com.android.server.adb.AdbService$Lifecycle
06-09 11:43:15.088 487 487 I SystemServerTiming: StartUsbService
06-09 11:43:15.088 487 487 I SystemServiceManager: Starting com.android.server.usb.UsbService$Lifecycle
06-09 11:43:15.089 487 588 I SystemServerTimingAsync: InitThreadPoolExec:UsbService$Lifecycle#onStart
06-09 11:43:15.089 487 588 D SystemServerInitThreadPool: Started executing UsbService$Lifecycle#onStart
06-09 11:43:15.090 487 487 I SystemServerTiming: StartSerialService
06-09 11:43:15.091 487 487 I SystemServerTiming: StartHardwarePropertiesManagerService
06-09 11:43:15.092 197 197 I hwservicemanager: getTransport: Cannot find entry android.hardware.thermal@1.0::IThermal/default in either framework or device VINTF manifest.
06-09 11:43:15.092 487 487 E HardwarePropertiesManagerService-JNI: Unable to get Thermal service.
06-09 11:43:15.094 487 487 I SystemServerTiming: StartTwilightService
06-09 11:43:15.094 487 487 I SystemServiceManager: Starting com.android.server.twilight.TwilightService
06-09 11:43:15.094 487 487 I SystemServerTiming: StartColorDisplay
06-09 11:43:15.094 487 487 I SystemServiceManager: Starting com.android.server.display.color.ColorDisplayService
06-09 11:43:15.096 487 487 I SystemServerTiming: StartJobScheduler
06-09 11:43:15.097 487 487 I SystemServiceManager: Starting com.android.server.job.JobSchedulerService
06-09 11:43:15.129 487 487 D JobStore: Start tag: job-info
06-09 11:43:15.133 257 257 I Zygote : Preloading shared libraries...
06-09 11:43:15.133 487 588 E UsbDeviceManager: failed to write to /sys/class/android_usb/android0/f_rndis/ethaddr
06-09 11:43:15.139 487 588 I android_os_HwBinder: HwBinder: Starting thread pool for getting: android.hardware.usb.gadget@1.0::IUsbGadget/default
06-09 11:43:15.141 487 487 W JobStore: Periodic job for uid='10057' persisted run-time is too big [26:30:17, 26:40:17]. Clamping to [15:15,25:15]
06-09 11:43:15.142 257 257 I Zygote : Called ZygoteHooks.endPreload()
06-09 11:43:15.142 487 487 W JobStore: Periodic job for uid='10057' persisted run-time is too big [47:43:01, 72:43:01]. Clamping to [25:00:15,50:00:15]
01-01 08:00:17.589 588 588 I : read descriptors
01-01 08:00:17.589 588 588 I : read strings
01-01 08:00:17.589 588 588 I : read descriptors
01-01 08:00:17.589 588 588 I : read strings
06-09 11:43:15.143 257 257 I Zygote : Installed AndroidKeyStoreProvider in 1ms.
06-09 11:43:15.144 487 487 W JobStore: Periodic job for uid='1000' persisted run-time is too big [45:43:01, 69:43:01]. Clamping to [24:00:15,48:00:15]
06-09 11:43:15.145 487 487 I JobStore: Read 5 jobs
06-09 11:43:15.146 487 588 W StorageManagerService: No primary storage defined yet; hacking together a stub
06-09 11:43:15.155 487 588 I android_os_HwBinder: HwBinder: Starting thread pool for getting: android.hidl.manager@1.0::IServiceManager/default
06-09 11:43:15.157 487 588 I android_os_HwBinder: HwBinder: Starting thread pool for getting: android.hardware.usb.gadget@1.0::IUsbGadget/default
06-09 11:43:15.158 257 257 I Zygote : Warmed up JCA providers in 14ms.
06-09 11:43:15.158 257 257 D Zygote : end preload
06-09 11:43:15.159 487 565 I UsbDeviceManager: Usb gadget hal service started android.hardware.usb.gadget@1.0::IUsbGadget default
06-09 11:43:15.159 487 538 D SystemServerInitThreadPool: Finished executing SecondaryZygotePreload
06-09 11:43:15.161 487 528 I android_os_HwBinder: HwBinder: Starting thread pool for getting: android.hardware.usb.gadget@1.0::IUsbGadget/default
06-09 11:43:15.165 487 588 I android_os_HwBinder: HwBinder: Starting thread pool for getting: android.hidl.manager@1.0::IServiceManager/default
06-09 11:43:15.168 487 646 I UsbPortManager: Usb hal service started android.hardware.usb@1.0::IUsb default
06-09 11:43:15.168 487 528 E UsbDeviceManager: prcessing MSG_GET_CURRENT_USB_FUNCTIONS
06-09 11:43:15.168 487 528 E UsbDeviceManager: updating mCurrentFunctions
06-09 11:43:15.168 487 528 E UsbDeviceManager: mCurrentFunctions:0applied:1
06-09 11:43:15.169 487 588 I android_os_HwBinder: HwBinder: Starting thread pool for getting: android.hardware.usb@1.0::IUsb/default
06-09 11:43:15.171 278 278 I android.hardware.usb@1.0-service: registering callback
06-09 11:43:15.172 278 278 E android.hardware.usb@1.0-service: Failed to open /sys/class/typec
06-09 11:43:15.173 487 588 I UsbPortManager: USB HAL version: 10
06-09 11:43:15.175 278 647 E android.hardware.usb@1.0-service: creating thread
06-09 11:43:15.176 487 588 D SystemServerInitThreadPool: Finished executing UsbService$Lifecycle#onStart
06-09 11:43:15.176 487 627 D ConnectivityService: NetReassign [no changes]
06-09 11:43:15.185 487 487 V HistoricalRegistry: Interaction before persistence initialized
06-09 11:43:15.186 487 487 V HistoricalRegistry: Interaction before persistence initialized
06-09 11:43:15.186 487 487 W JobScheduler: !!! RTC not yet good; tracking time updates for job scheduling
06-09 11:43:15.188 487 487 I SystemServerTiming: StartSoundTrigger
06-09 11:43:15.188 487 487 I SystemServiceManager: Starting com.android.server.soundtrigger.SoundTriggerService
06-09 11:43:15.189 487 487 I SystemServerTiming: StartTrustManager
06-09 11:43:15.189 487 487 I SystemServiceManager: Starting com.android.server.trust.TrustManagerService
06-09 11:43:15.194 487 487 I SystemServerTiming: StartBackupManager
06-09 11:43:15.194 487 487 I SystemServiceManager: Starting com.android.server.backup.BackupManagerService$Lifecycle
06-09 11:43:15.202 487 487 I SystemServerTiming: StartAppWidgetService
06-09 11:43:15.203 487 487 I SystemServiceManager: Starting com.android.server.appwidget.AppWidgetService
06-09 11:43:15.207 487 487 I SystemServerTiming: StartVoiceRecognitionManager
06-09 11:43:15.207 487 487 I SystemServiceManager: Starting com.android.server.voiceinteraction.VoiceInteractionManagerService
06-09 11:43:15.224 487 487 I SystemServerTiming: StartAppHibernationService
06-09 11:43:15.224 487 487 I SystemServiceManager: Starting com.android.server.apphibernation.AppHibernationService
06-09 11:43:15.230 487 487 I SystemServerTiming: StartGestureLauncher
06-09 11:43:15.230 487 487 I SystemServiceManager: Starting com.android.server.GestureLauncherService
06-09 11:43:15.230 487 487 I SystemServerTiming: StartSensorNotification
06-09 11:43:15.230 487 487 I SystemServiceManager: Starting com.android.server.SensorNotificationService
06-09 11:43:15.231 487 487 I SystemServerTiming: StartDiskStatsService
06-09 11:43:15.239 383 383 I update_engine: [INFO:cleanup_previous_update_action.cc(112)] Executing task 4
06-09 11:43:15.240 487 487 I SystemServerTiming: RuntimeService
06-09 11:43:15.241 383 383 I update_engine: [INFO:cleanup_previous_update_action.cc(124)] CleanupPreviousUpdateAction scheduled task ID 5 for WaitBootCompleted
06-09 11:43:15.243 487 487 I SystemServerTiming: StartNetworkTimeUpdateService
06-09 11:43:15.244 487 532 W IorapForwardingService: No service published for: iorapd
06-09 11:43:15.246 487 487 I SystemServerTiming: CertBlacklister
06-09 11:43:15.247 487 487 I SystemServerTiming: StartEmergencyAffordanceService
06-09 11:43:15.247 487 487 I SystemServiceManager: Starting com.android.server.emergency.EmergencyAffordanceService
06-09 11:43:15.249 487 487 I SystemServerTiming: StartDreamManager
06-09 11:43:15.249 487 487 I SystemServiceManager: Starting com.android.server.dreams.DreamManagerService
06-09 11:43:15.249 487 527 I SystemServerTimingAsync: InitThreadPoolExec:startBlobStoreManagerService
06-09 11:43:15.249 487 527 D SystemServerInitThreadPool: Started executing startBlobStoreManagerService
06-09 11:43:15.249 487 527 I SystemServerTimingAsync: startBlobStoreManagerService
06-09 11:43:15.249 487 527 I SystemServiceManager: Starting com.android.server.blob.BlobStoreManagerService
06-09 11:43:15.250 487 487 I SystemServerTiming: AddGraphicsStatsService
06-09 11:43:15.257 487 487 I SystemServerTiming: StartRestrictionManager
06-09 11:43:15.258 487 487 I SystemServiceManager: Starting com.android.server.restrictions.RestrictionsManagerService
06-09 11:43:15.258 487 527 D SystemServerInitThreadPool: Finished executing startBlobStoreManagerService
06-09 11:43:15.260 487 487 I SystemServerTiming: StartMediaSessionService
06-09 11:43:15.260 487 487 I SystemServiceManager: Starting com.android.server.media.MediaSessionService
06-09 11:43:15.265 487 487 I SystemServerTiming: StartHdmiControlService
06-09 11:43:15.265 487 487 I SystemServiceManager: Starting com.android.server.hdmi.HdmiControlService
06-09 11:43:15.275 197 197 I hwservicemanager: getTransport: Cannot find entry android.hardware.tv.cec@1.1::IHdmiCec/default in either framework or device VINTF manifest.
06-09 11:43:15.276 487 487 E HDMI : [1]:Couldn't connect to cec@1.1java.util.NoSuchElementException
06-09 11:43:15.276 487 487 W HDMI : [1]:Couldn't get tv.cec service.
06-09 11:43:15.276 487 487 W HDMI : [1]:Unable to use cec@1.1
06-09 11:43:15.277 487 487 I android_os_HwBinder: HwBinder: Starting thread pool for getting: android.hardware.tv.cec@1.0::IHdmiCec/default
06-09 11:43:15.280 487 487 I HdmiControlService: Device does not support MHL-control.
06-09 11:43:15.281 277 277 D hdmi-cec: setOption, flag=0x0005, value=0x007a686f
06-09 11:43:15.285 277 277 D hdmi-cec: reset logical address to broadcast
06-09 11:43:15.285 277 277 D hdmi-cec: reset logical address to broadcast
06-09 11:43:15.300 487 504 I system_server: Background young concurrent copying GC freed 96741(5375KB) AllocSpace objects, 17(496KB) LOS objects, 33% free, 9132KB/13MB, paused 1.032ms total 200.871ms
06-09 11:43:15.305 487 487 I SystemServerTiming: StartTvInputManager
06-09 11:43:15.305 487 487 I SystemServiceManager: Starting com.android.server.tv.TvInputManagerService
06-09 11:43:15.308 197 197 I hwservicemanager: getTransport: Cannot find entry android.hardware.tv.input@1.0::ITvInput/default in either framework or device VINTF manifest.
06-09 11:43:15.308 487 487 E TvInputHal: Couldn't get tv.input service.
06-09 11:43:15.311 487 487 I SystemServerTiming: StartMediaResourceMonitor
06-09 11:43:15.311 487 487 I SystemServiceManager: Starting com.android.server.media.MediaResourceMonitorService
06-09 11:43:15.312 487 487 I SystemServerTiming: StartTvRemoteService
06-09 11:43:15.312 487 487 I SystemServiceManager: Starting com.android.server.tv.TvRemoteService
06-09 11:43:15.313 487 487 I SystemServerTiming: StartMediaRouterService
06-09 11:43:15.313 487 487 V HistoricalRegistry: Interaction before persistence initialized
06-09 11:43:15.315 487 487 I SystemServerTiming: StartBiometricService
06-09 11:43:15.315 487 487 I SystemServiceManager: Starting com.android.server.biometrics.BiometricService
06-09 11:43:15.321 487 487 I SystemServerTiming: StartAuthService
06-09 11:43:15.321 487 487 I SystemServiceManager: Starting com.android.server.biometrics.AuthService
06-09 11:43:15.323 487 487 I SystemServerTiming: StartBackgroundDexOptService
06-09 11:43:15.323 487 487 W BackgroundDexOptService: SysProp pm.dexopt.downgrade_after_inactive_days not set
06-09 11:43:15.324 487 487 I SystemServerTiming: StartDynamicCodeLoggingService
06-09 11:43:15.325 487 487 I SystemServerTiming: StartPruneInstantAppsJobService
06-09 11:43:15.325 487 487 I SystemServerTiming: StartShortcutServiceLifecycle
06-09 11:43:15.325 487 487 I SystemServiceManager: Starting com.android.server.pm.ShortcutService$Lifecycle
06-09 11:43:15.327 487 487 V HistoricalRegistry: Interaction before persistence initialized
06-09 11:43:15.328 487 487 I SystemServerTiming: StartLauncherAppsService
06-09 11:43:15.328 487 487 I SystemServiceManager: Starting com.android.server.pm.LauncherAppsService
06-09 11:43:15.330 487 487 I SystemServerTiming: StartCrossProfileAppsService
06-09 11:43:15.330 487 487 I SystemServiceManager: Starting com.android.server.pm.CrossProfileAppsService
06-09 11:43:15.331 487 487 I SystemServerTiming: StartPeopleService
06-09 11:43:15.331 487 487 I SystemServiceManager: Starting com.android.server.people.PeopleService
06-09 11:43:15.332 487 487 I SystemServerTiming: StartMediaMetricsManager
06-09 11:43:15.332 487 487 I SystemServiceManager: Starting com.android.server.media.metrics.MediaMetricsManagerService
06-09 11:43:15.335 487 487 I SystemServerTiming: StartMediaProjectionManager
06-09 11:43:15.335 487 487 I SystemServiceManager: Starting com.android.server.media.projection.MediaProjectionManagerService
06-09 11:43:15.337 487 487 V MediaRouter: Selecting route: RouteInfo{ name=手机, description=null, status=null, category=RouteCategory{ name=系统 types=ROUTE_TYPE_LIVE_AUDIO ROUTE_TYPE_LIVE_VIDEO groupable=false }, supportedTypes=ROUTE_TYPE_LIVE_AUDIO ROUTE_TYPE_LIVE_VIDEO , presentationDisplay=null }
06-09 11:43:15.337 487 487 I MediaRouter: Skip setBluetoothA2dpOn(): types=8388615, isPlaybackActive()=false, BT route=null
06-09 11:43:15.338 487 487 I SystemServerTiming: StartSliceManagerService
06-09 11:43:15.338 487 487 I SystemServiceManager: Starting com.android.server.slice.SliceManagerService$Lifecycle
06-09 11:43:15.340 487 487 I SystemServerTiming: StartStatsCompanion
06-09 11:43:15.348 487 487 I SystemServiceManager: Starting com.android.server.stats.StatsCompanion$Lifecycle
06-09 11:43:15.352 487 487 I SystemServerTiming: StartRebootReadinessManagerService
06-09 11:43:15.361 487 487 I SystemServiceManager: Starting com.android.server.scheduling.RebootReadinessManagerService$Lifecycle
06-09 11:43:15.367 487 487 I TetheringManager: registerTetheringEventCallback:android
06-09 11:43:15.367 487 487 I TetheringManager: registerTetheringEventCallback caller:android
06-09 11:43:15.368 255 260 I ServiceManager: Waiting for service 'statscompanion' on '/dev/binder' successful after waiting 1310ms
06-09 11:43:15.369 487 487 I SystemServerTiming: StartStatsPullAtomService
06-09 11:43:15.369 487 487 I SystemServiceManager: Starting com.android.server.stats.pull.StatsPullAtomService
06-09 11:43:15.369 487 487 I SystemServerTiming: StartIncidentCompanionService
06-09 11:43:15.369 487 487 I SystemServiceManager: Starting com.android.server.incident.IncidentCompanionService
06-09 11:43:15.370 487 487 I SystemServerTiming: StartMmsService
06-09 11:43:15.370 487 487 I SystemServiceManager: Starting com.android.server.MmsServiceBroker
06-09 11:43:15.372 487 487 I SystemServerTiming: StartAutoFillService
06-09 11:43:15.373 487 487 I SystemServiceManager: Starting com.android.server.autofill.AutofillManagerService
06-09 11:43:15.374 487 487 D AutofillManagerService: setLogLevelFromSettings(): level=2, debug=true, verbose=false
06-09 11:43:15.374 487 487 D AutofillManagerService: setMaxPartitionsFromSettings(): 10
06-09 11:43:15.374 487 487 D AutofillManagerService: setMaxVisibleDatasetsFromSettings(): 0
06-09 11:43:15.375 487 530 D AutofillUI: destroySaveUiUiThread(): already destroyed
06-09 11:43:15.375 487 487 D AutofillManagerServiceImpl: Reset component for user 0:
06-09 11:43:15.377 487 487 D SystemServer: TranslationService not defined by OEM
06-09 11:43:15.377 487 487 I SystemServerTiming: StartClipboardService
06-09 11:43:15.377 487 487 I SystemServiceManager: Starting com.android.server.clipboard.ClipboardService
06-09 11:43:15.380 487 487 I SystemServerTiming: AppServiceManager
06-09 11:43:15.380 487 487 I SystemServiceManager: Starting com.android.server.appbinding.AppBindingService$Lifecycle
06-09 11:43:15.381 487 487 I SystemServerTiming: startTracingServiceProxy
06-09 11:43:15.381 487 487 I SystemServiceManager: Starting com.android.server.tracing.TracingServiceProxy
06-09 11:43:15.383 487 487 I SystemServerTiming: startOranthService
06-09 11:43:15.384 487 487 I SystemServiceManager: Starting com.android.server.oranth.OranthManagerService$Lifecycle
06-09 11:43:15.384 487 487 I OranthManagerService: -------------- OranthManagerService --------------
06-09 11:43:15.384 196 196 E SELinux : avc: denied { add } for pid=487 uid=1000 name=oranth_manager scontext=u:r:system_server:s0 tcontext=u:object_r:default_android_service:s0 tclass=service_manager permissive=1
06-09 11:43:15.384 487 487 I SystemServerTiming: MakeLockSettingsServiceReady
06-09 11:43:15.390 197 197 I hwservicemanager: getTransport: Cannot find entry android.hardware.weaver@1.0::IWeaver/default in either framework or device VINTF manifest.
06-09 11:43:15.391 487 487 I SyntheticPasswordManager: Device does not support weaver
06-09 11:43:15.391 197 197 I hwservicemanager: getTransport: Cannot find entry android.hardware.authsecret@1.0::IAuthSecret/default in either framework or device VINTF manifest.
06-09 11:43:15.391 487 487 I LockSettingsService: Device doesn't implement AuthSecret HAL
06-09 11:43:15.393 487 487 I SystemServerTiming: StartBootPhaseLockSettingsReady
06-09 11:43:15.393 487 487 I SystemServiceManager: Starting phase 480
06-09 11:43:15.393 487 487 I SystemServerTiming: OnBootPhase_480
06-09 11:43:15.393 487 487 D SoundTriggerService: onBootPhase: 480 : false
06-09 11:43:15.395 487 487 W ShortcutService: Clock rewound
06-09 11:43:15.396 487 487 I SystemServerTiming: StartBootPhaseSystemServicesReady
06-09 11:43:15.396 487 487 I SystemServiceManager: Starting phase 500
06-09 11:43:15.396 487 487 I SystemServerTiming: OnBootPhase_500
06-09 11:43:15.396 487 487 E StatsPullAtomCallbackImpl: Failed to start PowerStatsService statsd pullers
06-09 11:43:15.400 487 487 D ConnectivityService: requestNetwork for uid/pid:1000/487 activeRequest: null callbackRequest: 9 [NetworkRequest [ REQUEST id=10, [ Capabilities: INTERNET&NOT_RESTRICTED&TRUSTED&NOT_VCN_MANAGED Uid: 1000 RequestorUid: 1000 RequestorPkg: android] ]] callback flags: 0 priority: 2147483647
06-09 11:43:15.400 487 487 E BatteryStatsService: Could not register PowerStatsInternal
06-09 11:43:15.401 487 627 D ConnectivityService: NetReassign [no changes]
06-09 11:43:15.404 487 487 V HintManagerService: Initializing HintManager service...
06-09 11:43:15.404 487 487 V HistoricalRegistry: Interaction before persistence initialized
06-09 11:43:15.406 487 487 D AppStandbyController: Setting app idle enabled state
06-09 11:43:15.409 487 487 V HistoricalRegistry: Interaction before persistence initialized
06-09 11:43:15.414 487 487 V VibratorManagerService: Initializing VibratorManager service...
06-09 11:43:15.414 487 487 V HistoricalRegistry: Interaction before persistence initialized
06-09 11:43:15.415 487 487 V VibratorManagerService: VibratorManager service initialized
06-09 11:43:15.415 487 487 E LazyAlarmStore: Removed TIME_TICK alarm
06-09 11:43:15.417 487 548 I DropBoxManagerService: add tag=system_server_wtf isTagEnabled=true flags=0x2
06-09 11:43:15.420 487 627 D ConnectivityService: NetReassign [no changes]
06-09 11:43:15.423 487 487 I ActivityTaskManager: Config changes=200 {1.0 ?mcc?mnc [zh_CN] ldltr sw720dp w1280dp h696dp 240dpi xlrg long land television -touch qwerty/v/v dpad/v winConfig={ mBounds=Rect(0, 0 - 1920, 1080) mAppBounds=Rect(0, 0 - 1920, 1080) mMaxBounds=Rect(0, 0 - 1920, 1080) mWindowingMode=fullscreen mDisplayWindowingMode=fullscreen mActivityType=undefined mAlwaysOnTop=undefined mRotation=ROTATION_0} s.4 ?fontWeightAdjustment}
06-09 11:43:15.426 487 487 I WindowManager: Override config changes=200 {1.0 ?mcc?mnc [zh_CN] ldltr sw720dp w1280dp h696dp 240dpi xlrg long land television -touch qwerty/v/v dpad/v winConfig={ mBounds=Rect(0, 0 - 1920, 1080) mAppBounds=Rect(0, 0 - 1920, 1080) mMaxBounds=Rect(0, 0 - 1920, 1080) mWindowingMode=fullscreen mDisplayWindowingMode=fullscreen mActivityType=undefined mAlwaysOnTop=undefined mRotation=ROTATION_0} s.4 ?fontWeightAdjustment} for displayId=0
06-09 11:43:15.428 487 487 D TestHarnessModeService: Setting up test harness mode
06-09 11:43:15.428 487 487 D TestHarnessModeService: Getting PersistentDataBlockManagerInternal from LocalServices
06-09 11:43:15.441 487 487 V HistoricalRegistry: Interaction before persistence initialized
06-09 11:43:15.443 487 487 W NetworkPolicy: setRestrictBackgroundUL: already false
06-09 11:43:15.444 487 487 I WifiScanningService: Starting wifiscanner
06-09 11:43:15.447 487 487 I EthernetServiceImpl: Starting Ethernet service
06-09 11:43:15.449 487 487 D EthernetTracker: Interface match regexp set to 'eth\d'
06-09 11:43:15.453 487 487 D Ethernet: Registering NetworkFactory
06-09 11:43:15.454 487 627 D ConnectivityService: Got NetworkProvider Messenger for Ethernet
06-09 11:43:15.455 487 620 W WifiXmlUtil: Ignoring unknown value name found: CarrierMerged
06-09 11:43:15.456 487 620 W WifiXmlUtil: Ignoring unknown value name found: CaptivePortalNeverDetected
06-09 11:43:15.459 487 620 W WifiXmlUtil: Ignoring unknown value name found: CarrierMerged
06-09 11:43:15.459 487 620 W WifiXmlUtil: Ignoring unknown value name found: CaptivePortalNeverDetected
06-09 11:43:15.460 487 620 W WifiXmlUtil: Ignoring unknown value name found: CarrierMerged
06-09 11:43:15.460 487 620 W WifiXmlUtil: Ignoring unknown value name found: CaptivePortalNeverDetected
06-09 11:43:15.479 487 487 E IpConfigStore: Error opening configuration file: java.io.FileNotFoundException: /data/misc/ethernet/ipconfig.txt: open failed: ENOENT (No such file or directory)
06-09 11:43:15.480 487 487 I PppoeServiceImpl: Starting PPPOE service
06-09 11:43:15.481 487 620 D WifiConfigStore: Reading from all stores completed in 36 ms.
06-09 11:43:15.481 487 662 I EthernetTracker: maybeTrackInterface: eth0
06-09 11:43:15.483 487 487 D PPPOE : Registering NetworkFactory
06-09 11:43:15.484 487 487 W PppoeServiceImpl: pppoe interface file not exist!
06-09 11:43:15.484 487 620 E WifiConfigManager: Cannot find network with networkId -1 or configKey "DZNB"WPA_PSK or upgradable security type check
06-09 11:43:15.485 487 627 D ConnectivityService: Got NetworkProvider Messenger for PPPOE
06-09 11:43:15.486 487 620 E WifiConfigManager: Cannot find network with networkId -1 or configKey "red2G"WPA_PSK or upgradable security type check
06-09 11:43:15.486 487 663 D PPPOE : got request NetworkRequest [ REQUEST id=1, [ Capabilities: INTERNET&NOT_RESTRICTED&TRUSTED&NOT_VPN&NOT_VCN_MANAGED RequestorUid: 1000 RequestorPkg: android] ]
06-09 11:43:15.486 487 620 E WifiConfigManager: Cannot find network with networkId -1 or configKey "red5G"WPA_PSK or upgradable security type check
06-09 11:43:15.487 487 663 D PppoeNetworkFactory: onRequestNetwork
06-09 11:43:15.484 336 336 I xiriservice_All: type=1400 audit(0.0:339): avc: denied { read } for scontext=u:r:init:s0 tcontext=u:r:init:s0 tclass=netlink_kobject_uevent_socket permissive=1
06-09 11:43:15.484 322 322 I xm_hidread: type=1400 audit(0.0:340): avc: denied { read } for scontext=u:r:init:s0 tcontext=u:r:init:s0 tclass=netlink_kobject_uevent_socket permissive=1
06-09 11:43:15.487 322 329 D XM_HIDREAD: add@ add@/devices/platform/soc@3000000/5030000.eth/mdio_bus/5030000.eth-0
06-09 11:43:15.488 487 663 D PPPOE : got request NetworkRequest [ REQUEST id=10, [ Capabilities: INTERNET&NOT_RESTRICTED&TRUSTED&NOT_VCN_MANAGED Uid: 1000 RequestorUid: 1000 RequestorPkg: android] ]
06-09 11:43:15.488 487 663 D PPPOE : got request NetworkRequest [ REQUEST id=5, [ Transports: PPPOE Capabilities: INTERNET&NOT_RESTRICTED&TRUSTED&NOT_VPN&NOT_VCN_MANAGED RequestorUid: 1000 RequestorPkg: android] ]
06-09 11:43:15.491 322 329 D XM_HIDREAD: add@ add@/devices/platform/soc@3000000/5030000.eth/mdio_bus/5030000.eth-0/5030000.eth-0:10
06-09 11:43:15.492 487 487 V HistoricalRegistry: Interaction before persistence initialized
06-09 11:43:15.499 487 620 I WifiInjector: enableVerboseLogging(0): false
06-09 11:43:15.499 487 620 E SupplicantStaIfaceHal: Can't call setDebugParams, ISupplicant is null
06-09 11:43:15.500 487 620 E HostapdHal: Can't call setDebugParams, IHostapd is null
06-09 11:43:15.500 487 620 I WifiService: WifiService starting up with Wi-Fi disabled
06-09 11:43:15.503 487 487 V HistoricalRegistry: Interaction before persistence initialized
06-09 11:43:15.504 487 487 D SoundTriggerService: onBootPhase: 500 : false
06-09 11:43:15.506 487 620 D WifiController: isAirplaneModeOn = false, isWifiEnabled = false, isScanningAvailable = false, isLocationModeActive = true
06-09 11:43:15.506 487 620 E WifiActiveModeWarden: Something is wrong, no client mode toggles enabled
06-09 11:43:15.508 487 620 I android_os_HwBinder: HwBinder: Starting thread pool for getting: android.hidl.manager@1.2::IServiceManager/default
06-09 11:43:15.510 197 197 I hwservicemanager: Since android.hardware.wifi@1.0::IWifi/default is not registered, trying to start it as a lazy HAL.
06-09 11:43:15.511 487 487 I SystemServerTiming: MakeWindowManagerServiceReady
06-09 11:43:15.511 197 197 I hwservicemanager: Since android.hardware.wifi@1.0::IWifi/default is not registered, trying to start it as a lazy HAL.
06-09 11:43:15.513 197 197 I hwservicemanager: getTransport: Cannot find entry android.hardware.configstore@1.1::ISurfaceFlingerConfigs/default in either framework or device VINTF manifest.
01-01 08:00:17.961 1 1 I init : starting service 'vendor.wifi_hal_legacy'...
06-09 11:43:15.518 487 620 I HidlServiceManagement: getService: Trying again for android.hardware.wifi@1.0::IWifi/default...
06-09 11:43:15.522 197 197 I hwservicemanager: getTransport: Cannot find entry android.hardware.configstore@1.1::ISurfaceFlingerConfigs/default in either framework or device VINTF manifest.
01-01 08:00:17.969 1 1 I init : Control message: Processed ctl.interface_start for 'android.hardware.wifi@1.0::IWifi/default' from pid: 197 (/system/bin/hwservicemanager)
01-01 08:00:17.970 1 1 I init : Control message: Processed ctl.interface_start for 'android.hardware.wifi@1.0::IWifi/default' from pid: 197 (/system/bin/hwservicemanager)
06-09 11:43:15.523 487 547 E KernelCpuThreadReader: Failed to initialize KernelCpuThreadReader
06-09 11:43:15.523 487 547 E KernelCpuThreadReader: java.nio.file.NoSuchFileException: /proc/self/time_in_state
06-09 11:43:15.523 487 547 E KernelCpuThreadReader: at sun.nio.fs.UnixFileSystemProvider.newByteChannel(UnixFileSystemProvider.java:214)
06-09 11:43:15.523 487 547 E KernelCpuThreadReader: at java.nio.file.Files.newByteChannel(Files.java:361)
06-09 11:43:15.523 487 547 E KernelCpuThreadReader: at java.nio.file.Files.newByteChannel(Files.java:407)
06-09 11:43:15.523 487 547 E KernelCpuThreadReader: at java.nio.file.Files.readAllBytes(Files.java:3152)
06-09 11:43:15.523 487 547 E KernelCpuThreadReader: at com.android.internal.os.ProcTimeInStateReader.initializeTimeInStateFormat(ProcTimeInStateReader.java:159)
06-09 11:43:15.523 487 547 E KernelCpuThreadReader: at com.android.internal.os.ProcTimeInStateReader.(ProcTimeInStateReader.java:106)
06-09 11:43:15.523 487 547 E KernelCpuThreadReader: at com.android.internal.os.KernelCpuThreadReader.(KernelCpuThreadReader.java:138)
06-09 11:43:15.523 487 547 E KernelCpuThreadReader: at com.android.internal.os.KernelCpuThreadReader.create(KernelCpuThreadReader.java:151)
06-09 11:43:15.523 487 547 E KernelCpuThreadReader: at com.android.internal.os.KernelCpuThreadReaderSettingsObserver.(KernelCpuThreadReaderSettingsObserver.java:95)
06-09 11:43:15.523 487 547 E KernelCpuThreadReader: at com.android.internal.os.KernelCpuThreadReaderSettingsObserver.getSettingsModifiedReader(KernelCpuThreadReaderSettingsObserver.java:80)
06-09 11:43:15.523 487 547 E KernelCpuThreadReader: at com.android.server.stats.pull.StatsPullAtomService.initializePullersState(StatsPullAtomService.java:798)
06-09 11:43:15.523 487 547 E KernelCpuThreadReader: at com.android.server.stats.pull.StatsPullAtomService.lambda$onBootPhase$0$StatsPullAtomService(StatsPullAtomService.java:757)
06-09 11:43:15.523 487 547 E KernelCpuThreadReader: at com.android.server.stats.pull.StatsPullAtomService$$ExternalSyntheticLambda14.run(Unknown Source:2)
06-09 11:43:15.523 487 547 E KernelCpuThreadReader: at android.os.Handler.handleCallback(Handler.java:938)
06-09 11:43:15.523 487 547 E KernelCpuThreadReader: at android.os.Handler.dispatchMessage(Handler.java:99)
06-09 11:43:15.523 487 547 E KernelCpuThreadReader: at android.os.Looper.loopOnce(Looper.java:201)
06-09 11:43:15.523 487 547 E KernelCpuThreadReader: at android.os.Looper.loop(Looper.java:288)
06-09 11:43:15.523 487 547 E KernelCpuThreadReader: at android.os.HandlerThread.run(HandlerThread.java:67)
06-09 11:43:15.525 197 197 I hwservicemanager: getTransport: Cannot find entry android.hardware.configstore@1.1::ISurfaceFlingerConfigs/default in either framework or device VINTF manifest.
06-09 11:43:15.526 487 547 I android_os_HwBinder: HwBinder: Starting thread pool for getting: android.hardware.health@2.0::IHealth/default
06-09 11:43:15.527 487 487 I SystemServerTiming: MakePowerManagerServiceReady
06-09 11:43:15.528 487 547 I android_os_HwBinder: HwBinder: Starting thread pool for getting: android.hidl.manager@1.0::IServiceManager/default
06-09 11:43:15.528 487 487 I AttentionDetector: readValuesFromDeviceConfig():
06-09 11:43:15.528 487 487 I AttentionDetector: mMaximumExtensionMillis=900000
06-09 11:43:15.528 487 487 I AttentionDetector: mPreDimCheckDurationMillis=2000
06-09 11:43:15.528 487 487 I AttentionDetector: mRequestedPostDimTimeoutMillis=0
06-09 11:43:15.529 487 547 I HealthServiceWrapper: health: HealthServiceWrapper listening to instance default
06-09 11:43:15.529 487 670 I android_os_HwBinder: HwBinder: Starting thread pool for getting: android.hardware.health@2.0::IHealth/default
06-09 11:43:15.531 487 547 D StatsPullAtomService: Registering pullers with statsd
06-09 11:43:15.535 487 627 D ConnectivityService: NetReassign [no changes]
06-09 11:43:15.536 487 547 I StatsPullAtomService: register thermal listener successfully
06-09 11:43:15.536 487 487 E DisplayPowerController[0]: failed to set up display white-balance: java.lang.IllegalStateException: cannot find light sensor
06-09 11:43:15.538 276 276 I AW_PowerHAL: isBoostSupported: 0
06-09 11:43:15.543 487 564 W KeyguardServiceDelegate: onScreenTurningOn(): no keyguard service!
06-09 11:43:15.545 487 564 V DisplayPowerController[0]: Brightness [0.39763778] reason changing to: 'override', previous reason: '0'.
06-09 11:43:15.546 276 276 I AW_PowerHAL: Power setMode: DISPLAY_INACTIVE to: 0
06-09 11:43:15.546 276 276 I AW_PowerHAL: not completed yet, ignore mode request other
06-09 11:43:15.546 487 487 I FaceDownDetector: readValuesFromDeviceConfig():
06-09 11:43:15.546 487 487 I FaceDownDetector: mAccelerationThreshold=0.2
06-09 11:43:15.546 487 487 I FaceDownDetector: mZAccelerationThreshold=-9.5
06-09 11:43:15.546 487 487 I FaceDownDetector: mTimeThreshold=PT1S
06-09 11:43:15.546 487 487 I FaceDownDetector: mIsEnabled=false
06-09 11:43:15.546 288 288 D SurfaceFlinger: Setting power mode 2 on display 0
06-09 11:43:15.547 487 533 I DisplayDeviceRepository: Display device changed state: "内置屏幕", ON
06-09 11:43:15.547 487 556 W KernelCpuProcStringReader: File not found. It's normal if not implemented: /proc/uid_time_in_state
06-09 11:43:15.549 275 275 I android.hardware.lights-service: Lights setting state for id=0 to color ffffffff
06-09 11:43:15.549 487 533 I InputManager-JNI: Viewport [0] to add: local:0, isActive: true
06-09 11:43:15.550 487 606 I InputReader: Reconfiguring input devices, changes=DISPLAY_INFO |
06-09 11:43:15.551 487 556 W KernelCpuProcStringReader: File not found. It's normal if not implemented: /proc/uid_concurrent_active_time
06-09 11:43:15.552 487 556 W KernelCpuProcStringReader: File not found. It's normal if not implemented: /proc/uid_concurrent_policy_time
06-09 11:43:15.553 487 556 E KernelCpuSpeedReader: Failed to read cpu-freq: /sys/devices/system/cpu/cpu0/cpufreq/stats/time_in_state: open failed: ENOENT (No such file or directory)
06-09 11:43:15.554 487 556 E system_server: Cannot read thread CPU times for PID 487
06-09 11:43:15.556 487 487 I SystemServerTiming: StartPermissionPolicyService
06-09 11:43:15.556 275 275 I android.hardware.lights-service: Lights setting state for id=0 to color ff6a6a6a
06-09 11:43:15.556 487 487 I SystemServiceManager: Starting com.android.server.policy.PermissionPolicyService
06-09 11:43:15.552 337 337 I rainbow_flow: type=1400 audit(0.0:341): avc: denied { ioctl } for path="/dev/spidev1.0" dev="tmpfs" ino=6881 ioctlcmd=0x6b00 scontext=u:r:init:s0 tcontext=u:object_r:device:s0 tclass=chr_file permissive=1
06-09 11:43:15.561 487 487 I SystemServerTiming: MakePackageManagerServiceReady
06-09 11:43:15.581 487 487 V UserDataPreparer: Found /data/user_de/0 with serial number 0
06-09 11:43:15.581 487 487 V UserDataPreparer: Found /data/user/0 with serial number 0
06-09 11:43:15.581 487 487 V UserDataPreparer: Found /data/system_de/0 with serial number 0
06-09 11:43:15.582 487 487 W UserDataPreparer: Invalid user directory /data/system_de/usagestats
06-09 11:43:15.582 487 487 V UserDataPreparer: Found /data/system_ce/0 with serial number 0
06-09 11:43:15.582 487 487 V UserDataPreparer: Found /data/misc_ce/0 with serial number 0
06-09 11:43:15.582 487 487 I PackageManager: Permission ownership changed. Updating all permissions.
06-09 11:43:15.604 669 669 I android.hardware.wifi@1.0-service-lazy: Wifi Hal is booting up...
06-09 11:43:15.605 669 669 I HidlLazyUtils: Registering HAL: android.hardware.wifi@1.5::IWifi with name: default
06-09 11:43:15.605 669 669 E cutils-trace: Error opening trace file: No such file or directory (2)
06-09 11:43:15.607 487 646 D HalDevMgr: IWifi registration notification: fqName=android.hardware.wifi@1.0::IWifi, name=default, preexisting=false
06-09 11:43:15.607 669 669 I HidlServiceManagement: Registered android.hardware.wifi@1.5::IWifi/default
06-09 11:43:15.608 669 669 I HidlServiceManagement: Removing namespace from process name android.hardware.wifi@1.0-service-lazy to wifi@1.0-service-lazy.
06-09 11:43:15.609 197 197 I hw-BpHwBinder: onLastStrongRef automatically unlinking death recipients
06-09 11:43:15.609 487 620 I android_os_HwBinder: HwBinder: Starting thread pool for getting: android.hardware.wifi@1.0::IWifi/default
06-09 11:43:15.611 487 620 D WifiNl80211Manager: tearing down interfaces in wificond
06-09 11:43:15.629 487 620 D WifiAdaptConnObserver: Adaptive connectivity status initialized to: true
06-09 11:43:15.630 487 620 D WifiController: DisabledState.enter()
06-09 11:43:15.630 487 570 E DefaultPermGrantPolicy: Package not found: org.xbmc.kodi
06-09 11:43:15.630 487 570 W DefaultPermGrantPolicy: No such package:org.xbmc.kodi
06-09 11:43:15.630 487 570 E DefaultPermGrantPolicy: Package not found: cm.aptoidetv.pt
06-09 11:43:15.630 487 570 W DefaultPermGrantPolicy: No such package:cm.aptoidetv.pt
06-09 11:43:15.630 487 570 E DefaultPermGrantPolicy: Package not found: com.softwinner.TvdFileManager
06-09 11:43:15.630 487 570 W DefaultPermGrantPolicy: No such package:com.softwinner.TvdFileManager
06-09 11:43:15.630 487 570 E DefaultPermGrantPolicy: Package not found: com.softwinner.TvdVideo
06-09 11:43:15.630 487 570 W DefaultPermGrantPolicy: No such package:com.softwinner.TvdVideo
06-09 11:43:15.631 487 570 E DefaultPermGrantPolicy: Package not found: com.android.chrome
06-09 11:43:15.631 487 570 W DefaultPermGrantPolicy: No such package:com.android.chrome
06-09 11:43:15.631 487 570 E DefaultPermGrantPolicy: Package not found: com.android.vending
06-09 11:43:15.631 487 570 W DefaultPermGrantPolicy: No such package:com.android.vending
06-09 11:43:15.631 487 570 E DefaultPermGrantPolicy: Package not found: com.google.android.tts
06-09 11:43:15.631 487 570 W DefaultPermGrantPolicy: No such package:com.google.android.tts
06-09 11:43:15.631 487 570 E DefaultPermGrantPolicy: Package not found: com.google.android.youtube.tv
06-09 11:43:15.631 487 570 W DefaultPermGrantPolicy: No such package:com.google.android.youtube.tv
06-09 11:43:15.631 487 570 E DefaultPermGrantPolicy: Package not found: com.google.android.katniss
06-09 11:43:15.631 487 570 W DefaultPermGrantPolicy: No such package:com.google.android.katniss
06-09 11:43:15.631 487 570 E DefaultPermGrantPolicy: Package not found: com.google.android.gms
06-09 11:43:15.631 487 570 W DefaultPermGrantPolicy: No such package:com.google.android.gms
06-09 11:43:15.635 487 487 I SystemServerTiming: MakeDisplayManagerServiceReady
06-09 11:43:15.637 487 533 E DisplayModeDirector: Asked about unknown display, returning empty display mode specs!(id=0)
06-09 11:43:15.637 487 533 E DisplayModeDirector: Asked about unknown display, returning empty display mode specs!(id=0)
06-09 11:43:15.639 487 487 I SystemServerTiming: StartDeviceSpecificServices
06-09 11:43:15.639 487 487 I SystemServerTiming: GameManagerService
06-09 11:43:15.639 487 487 I SystemServiceManager: Starting com.android.server.app.GameManagerService$Lifecycle
06-09 11:43:15.644 487 487 I SystemServerTiming: StartBootPhaseDeviceSpecificServicesReady
06-09 11:43:15.644 487 487 I SystemServiceManager: Starting phase 520
06-09 11:43:15.644 487 487 I SystemServerTiming: OnBootPhase_520
06-09 11:43:15.645 487 487 D SoundTriggerService: onBootPhase: 520 : false
06-09 11:43:15.645 487 487 I SystemServerTiming: AppSearchManagerService
06-09 11:43:15.653 487 487 I SystemServiceManager: Starting com.android.server.appsearch.AppSearchManagerService
06-09 11:43:15.656 487 487 I SystemServerTiming: StartMediaCommunicationService
06-09 11:43:15.657 487 487 I SystemServiceManager: Starting com.android.server.media.MediaCommunicationService
06-09 11:43:15.659 487 487 I SystemServerTiming: PhaseActivityManagerReady
06-09 11:43:15.659 487 487 I SystemServerTiming: controllersReady
06-09 11:43:15.663 487 579 I SystemServerTimingAsync: InitThreadPoolExec:Update app-ops uidState in case package com.dangbei.hqmedia changed
06-09 11:43:15.663 487 538 I SystemServerTimingAsync: InitThreadPoolExec:Update app-ops uidState in case package com.android.providers.media.module changed
06-09 11:43:15.663 487 538 D SystemServerInitThreadPool: Started executing Update app-ops uidState in case package com.android.providers.media.module changed
06-09 11:43:15.663 487 588 I SystemServerTimingAsync: InitThreadPoolExec:Update app-ops uidState in case package com.android.systemui changed
06-09 11:43:15.663 487 588 D SystemServerInitThreadPool: Started executing Update app-ops uidState in case package com.android.systemui changed
06-09 11:43:15.663 487 527 I SystemServerTimingAsync: InitThreadPoolExec:Update app-ops uidState in case package com.android.webview changed
06-09 11:43:15.663 487 527 D SystemServerInitThreadPool: Started executing Update app-ops uidState in case package com.android.webview changed
06-09 11:43:15.663 487 579 D SystemServerInitThreadPool: Started executing Update app-ops uidState in case package com.dangbei.hqmedia changed
06-09 11:43:15.663 487 538 D SystemServerInitThreadPool: Finished executing Update app-ops uidState in case package com.android.providers.media.module changed
06-09 11:43:15.664 487 579 D SystemServerInitThreadPool: Finished executing Update app-ops uidState in case package com.dangbei.hqmedia changed
06-09 11:43:15.664 487 527 D SystemServerInitThreadPool: Finished executing Update app-ops uidState in case package com.android.webview changed
06-09 11:43:15.664 487 579 I SystemServerTimingAsync: InitThreadPoolExec:Update app-ops uidState in case package com.dangbei.lerad.screensaver changed
06-09 11:43:15.664 487 527 I SystemServerTimingAsync: InitThreadPoolExec:Update app-ops uidState in case package com.android.music changed
06-09 11:43:15.664 487 579 D SystemServerInitThreadPool: Started executing Update app-ops uidState in case package com.dangbei.lerad.screensaver changed
06-09 11:43:15.664 487 588 D SystemServerInitThreadPool: Finished executing Update app-ops uidState in case package com.android.systemui changed
06-09 11:43:15.664 487 588 I SystemServerTimingAsync: InitThreadPoolExec:Update app-ops uidState in case package com.sohu.inputmethod.sogou.tv changed
06-09 11:43:15.664 487 579 D SystemServerInitThreadPool: Finished executing Update app-ops uidState in case package com.dangbei.lerad.screensaver changed
06-09 11:43:15.664 487 588 D SystemServerInitThreadPool: Started executing Update app-ops uidState in case package com.sohu.inputmethod.sogou.tv changed
06-09 11:43:15.664 487 579 I SystemServerTimingAsync: InitThreadPoolExec:Update app-ops uidState in case package com.dangbei.hqguide changed
06-09 11:43:15.664 487 579 D SystemServerInitThreadPool: Started executing Update app-ops uidState in case package com.dangbei.hqguide changed
06-09 11:43:15.664 487 527 D SystemServerInitThreadPool: Started executing Update app-ops uidState in case package com.android.music changed
06-09 11:43:15.664 487 579 D SystemServerInitThreadPool: Finished executing Update app-ops uidState in case package com.dangbei.hqguide changed
06-09 11:43:15.664 487 579 I SystemServerTimingAsync: InitThreadPoolExec:Update app-ops uidState in case package com.android.providers.tv changed
06-09 11:43:15.664 487 588 D SystemServerInitThreadPool: Finished executing Update app-ops uidState in case package com.sohu.inputmethod.sogou.tv changed
06-09 11:43:15.664 487 579 D SystemServerInitThreadPool: Started executing Update app-ops uidState in case package com.android.providers.tv changed
06-09 11:43:15.664 487 588 I SystemServerTimingAsync: InitThreadPoolExec:Update app-ops uidState in case package com.android.providers.calendar changed
06-09 11:43:15.664 487 579 D SystemServerInitThreadPool: Finished executing Update app-ops uidState in case package com.android.providers.tv changed
06-09 11:43:15.664 487 527 D SystemServerInitThreadPool: Finished executing Update app-ops uidState in case package com.android.music changed
06-09 11:43:15.664 487 579 I SystemServerTimingAsync: InitThreadPoolExec:Update app-ops uidState in case package com.android.providers.contacts changed
06-09 11:43:15.664 487 527 I SystemServerTimingAsync: InitThreadPoolExec:Update app-ops uidState in case package com.dangbei.screencast changed
06-09 11:43:15.664 487 588 D SystemServerInitThreadPool: Started executing Update app-ops uidState in case package com.android.providers.calendar changed
06-09 11:43:15.664 487 527 D SystemServerInitThreadPool: Started executing Update app-ops uidState in case package com.dangbei.screencast changed
06-09 11:43:15.664 487 588 D SystemServerInitThreadPool: Finished executing Update app-ops uidState in case package com.android.providers.calendar changed
06-09 11:43:15.664 487 538 I SystemServerTimingAsync: InitThreadPoolExec:Update app-ops uidState in case package com.android.tv changed
06-09 11:43:15.664 487 588 I SystemServerTimingAsync: InitThreadPoolExec:Update app-ops uidState in case package com.android.providers.downloads changed
06-09 11:43:15.664 487 538 D SystemServerInitThreadPool: Started executing Update app-ops uidState in case package com.android.tv changed
06-09 11:43:15.664 487 538 D SystemServerInitThreadPool: Finished executing Update app-ops uidState in case package com.android.tv changed
06-09 11:43:15.664 487 538 I SystemServerTimingAsync: InitThreadPoolExec:Update app-ops uidState in case package com.android.bluetooth changed
06-09 11:43:15.664 487 538 D SystemServerInitThreadPool: Started executing Update app-ops uidState in case package com.android.bluetooth changed
06-09 11:43:15.664 487 538 D SystemServerInitThreadPool: Finished executing Update app-ops uidState in case package com.android.bluetooth changed
06-09 11:43:15.664 487 538 I SystemServerTimingAsync: InitThreadPoolExec:Update app-ops uidState in case package com.dangbei.lerad.rocky changed
06-09 11:43:15.664 487 538 D SystemServerInitThreadPool: Started executing Update app-ops uidState in case package com.dangbei.lerad.rocky changed
06-09 11:43:15.664 487 538 D SystemServerInitThreadPool: Finished executing Update app-ops uidState in case package com.dangbei.lerad.rocky changed
06-09 11:43:15.664 487 538 I SystemServerTimingAsync: InitThreadPoolExec:Update app-ops uidState in case package com.android.tv.settings changed
06-09 11:43:15.664 487 538 D SystemServerInitThreadPool: Started executing Update app-ops uidState in case package com.android.tv.settings changed
06-09 11:43:15.664 487 538 D SystemServerInitThreadPool: Finished executing Update app-ops uidState in case package com.android.tv.settings changed
06-09 11:43:15.664 487 538 I SystemServerTimingAsync: InitThreadPoolExec:Update app-ops uidState in case package com.oranth.factory changed
06-09 11:43:15.665 487 538 D SystemServerInitThreadPool: Started executing Update app-ops uidState in case package com.oranth.factory changed
06-09 11:43:15.665 487 538 D SystemServerInitThreadPool: Finished executing Update app-ops uidState in case package com.oranth.factory changed
06-09 11:43:15.665 487 538 I SystemServerTimingAsync: InitThreadPoolExec:Update app-ops uidState in case package com.dangbei.zhushou.os changed
06-09 11:43:15.665 487 538 D SystemServerInitThreadPool: Started executing Update app-ops uidState in case package com.dangbei.zhushou.os changed
06-09 11:43:15.665 487 538 D SystemServerInitThreadPool: Finished executing Update app-ops uidState in case package com.dangbei.zhushou.os changed
06-09 11:43:15.665 487 538 I SystemServerTimingAsync: InitThreadPoolExec:Update app-ops uidState in case package com.oranth.ledstatus changed
06-09 11:43:15.665 487 538 D SystemServerInitThreadPool: Started executing Update app-ops uidState in case package com.oranth.ledstatus changed
06-09 11:43:15.665 487 538 D SystemServerInitThreadPool: Finished executing Update app-ops uidState in case package com.oranth.ledstatus changed
06-09 11:43:15.665 487 588 D SystemServerInitThreadPool: Started executing Update app-ops uidState in case package com.android.providers.downloads changed
06-09 11:43:15.665 487 538 I SystemServerTimingAsync: InitThreadPoolExec:Update app-ops uidState in case package android changed
06-09 11:43:15.665 487 538 D SystemServerInitThreadPool: Started executing Update app-ops uidState in case package android changed
06-09 11:43:15.665 487 588 D SystemServerInitThreadPool: Finished executing Update app-ops uidState in case package com.android.providers.downloads changed
06-09 11:43:15.665 487 588 I SystemServerTimingAsync: InitThreadPoolExec:Update app-ops uidState in case package com.dangbei.leard.leradlauncher changed
06-09 11:43:15.665 487 538 D SystemServerInitThreadPool: Finished executing Update app-ops uidState in case package android changed
06-09 11:43:15.665 487 579 D SystemServerInitThreadPool: Started executing Update app-ops uidState in case package com.android.providers.contacts changed
06-09 11:43:15.665 487 538 I SystemServerTimingAsync: InitThreadPoolExec:Update app-ops uidState in case package com.android.providers.settings changed
06-09 11:43:15.665 487 538 D SystemServerInitThreadPool: Started executing Update app-ops uidState in case package com.android.providers.settings changed
06-09 11:43:15.665 487 588 D SystemServerInitThreadPool: Started executing Update app-ops uidState in case package com.dangbei.leard.leradlauncher changed
06-09 11:43:15.665 487 538 D SystemServerInitThreadPool: Finished executing Update app-ops uidState in case package com.android.providers.settings changed
06-09 11:43:15.665 487 588 D SystemServerInitThreadPool: Finished executing Update app-ops uidState in case package com.dangbei.leard.leradlauncher changed
06-09 11:43:15.665 487 538 I SystemServerTimingAsync: InitThreadPoolExec:Update app-ops uidState in case package com.android.inputdevices changed
06-09 11:43:15.665 487 588 I SystemServerTimingAsync: InitThreadPoolExec:Update app-ops uidState in case package com.oranth.inputmacsn changed
06-09 11:43:15.665 487 527 D SystemServerInitThreadPool: Finished executing Update app-ops uidState in case package com.dangbei.screencast changed
06-09 11:43:15.665 487 487 I SystemServerTiming: killProcesses
06-09 11:43:15.665 487 527 I SystemServerTimingAsync: InitThreadPoolExec:Update app-ops uidState in case package com.android.keychain changed
06-09 11:43:15.665 487 527 D SystemServerInitThreadPool: Started executing Update app-ops uidState in case package com.android.keychain changed
06-09 11:43:15.665 487 527 D SystemServerInitThreadPool: Finished executing Update app-ops uidState in case package com.android.keychain changed
06-09 11:43:15.665 487 487 I ActivityManager: System now ready
06-09 11:43:15.665 487 538 D SystemServerInitThreadPool: Started executing Update app-ops uidState in case package com.android.inputdevices changed
06-09 11:43:15.665 487 538 D SystemServerInitThreadPool: Finished executing Update app-ops uidState in case package com.android.inputdevices changed
06-09 11:43:15.666 487 487 I SystemServerTiming: updateTopComponentForFactoryTest
06-09 11:43:15.666 487 538 I SystemServerTimingAsync: InitThreadPoolExec:Update app-ops uidState in case package com.dangbei.lerad.etna.haqu changed
06-09 11:43:15.666 487 538 D SystemServerInitThreadPool: Started executing Update app-ops uidState in case package com.dangbei.lerad.etna.haqu changed
06-09 11:43:15.666 487 487 I SystemServerTiming: registerActivityLaunchObserver
