06-09 11:43:20.536 1133 1133 W ranth.ledstatu: ClassLoaderContext shared library size mismatch. Expected=0, found=4 (PCL[] | PCL[]{PCL[/system/framework/android.test.base.jar*3790657674]#PCL[/system/framework/android.hidl.manager-V1.0-java.jar*1809561547]#PCL[/system/framework/android.hidl.base-V1.0-java.jar*2233032481]#PCL[/system/framework/org.apache.http.legacy.jar*2058259660]})
06-09 11:43:20.540 383 383 I update_engine: CheckTargetMergeState for system_b returned: 5
01-01 08:00:22.972 669 669 E sprdwl : __sprdwl_cmd_getbuf cant't get vif, ctx_id: 0
06-09 11:43:20.545 487 848 D CompatibilityChangeReporter: Compat change id reported: 149924527; UID 1000; state: ENABLED
06-09 11:43:20.549 487 848 D CompatibilityChangeReporter: Compat change id reported: 132649864; UID 1000; state: DISABLED
06-09 11:43:20.564 487 848 W StorageManagerService: Reporting emulated;0 unmounted due to system locked
06-09 11:43:20.567 322 329 D XM_HIDREAD: remove@ remove@/devices/virtual/block/dm-6
06-09 11:43:20.571 322 329 D XM_HIDREAD: remove@ remove@/devices/virtual/bdi/253:6
06-09 11:43:20.572 322 329 D XM_HIDREAD: remove@ remove@/devices/virtual/block/dm-6
06-09 11:43:20.577 487 763 W StorageManagerService: Reporting emulated;0 unmounted due to system locked
06-09 11:43:20.586 322 329 D XM_HIDREAD: remove@ remove@/devices/virtual/block/dm-7
06-09 11:43:20.588 1153 1153 V GraphicsEnvironment: ANGLE Developer option for 'com.android.mtp' set to: 'default'
06-09 11:43:20.588 1153 1153 V GraphicsEnvironment: Neither updatable production driver nor prerelease driver is supported.
06-09 11:43:20.593 487 591 W StorageManagerService: Reporting emulated;0 unmounted due to system locked
06-09 11:43:20.597 1153 1153 D NetworkSecurityConfig: No Network Security Config specified, using platform default
06-09 11:43:20.601 322 329 D XM_HIDREAD: remove@ remove@/devices/virtual/bdi/253:7
06-09 11:43:20.602 1133 1133 V GraphicsEnvironment: ANGLE Developer option for 'com.oranth.ledstatus' set to: 'default'
06-09 11:43:20.602 322 329 D XM_HIDREAD: remove@ remove@/devices/virtual/block/dm-7
06-09 11:43:20.603 1153 1153 D NetworkSecurityConfig: No Network Security Config specified, using platform default
06-09 11:43:20.604 1133 1133 V GraphicsEnvironment: Neither updatable production driver nor prerelease driver is supported.
01-01 08:00:23.034 669 669 E sprdwl : sprdwl_get_fw_info, drv_version=1, fw_version=2, compat_ver=0
01-01 08:00:23.051 669 669 E sprdwl : chip_model:0x2355, chip_ver:0x0
06-09 11:43:20.612 1133 1133 D NetworkSecurityConfig: No Network Security Config specified, using platform default
06-09 11:43:20.613 487 591 W StorageManagerService: Reporting emulated;0 unmounted due to system locked
06-09 11:43:20.614 487 848 W StorageManagerService: Reporting emulated;0 unmounted due to system locked
01-01 08:00:23.058 669 669 E sprdwl : fw_ver:0, fw_std:0x53, fw_capa:0x120f4f
06-09 11:43:20.618 1133 1133 D NetworkSecurityConfig: No Network Security Config specified, using platform default
01-01 08:00:23.068 669 669 E sprdwl : mac_addr:b4:2f:03:15:e8:b9
06-09 11:43:20.624 383 383 I update_engine: CheckTargetMergeState for product_b returned: 5
06-09 11:43:20.627 383 383 I update_engine: CheckMergeState for snapshots returned: 5
06-09 11:43:20.629 383 383 I update_engine: Removing all update state.
06-09 11:43:20.629 1133 1133 I aaa : BootCompleteService is start !!!
06-09 11:43:20.631 1133 1133 W ContextImpl: Calling a method in the system process without a qualified user: android.app.ContextImpl.startService:1816 android.content.ContextWrapper.startService:774 android.content.ContextWrapper.startService:774 com.oranth.ledstatus.BootCompletedReceiver.onReceive:15 android.app.ActivityThread.handleReceiver:4308
01-01 08:00:23.076 669 669 E sprdwl : credit_capa:TX_WITH_CREDIT, extend_feature:0x1
01-01 08:00:23.088 669 669 E sprdwl : ott support:1
06-09 11:43:20.649 487 591 W StorageManagerService: Reporting emulated;0 unmounted due to system locked
06-09 11:43:20.653 1133 1133 D aaa : onCreate()
06-09 11:43:20.655 196 196 E SELinux : avc: denied { find } for pid=1133 uid=1000 name=MyLedService scontext=u:r:system_app:s0 tcontext=u:object_r:default_android_service:s0 tclass=service_manager permissive=1
06-09 11:43:20.655 383 383 I update_engine: ProcessUpdateState handling state: 5
06-09 11:43:20.656 322 329 D XM_HIDREAD: add@ add@/devices/platform/unisoc_wifi/ieee80211/phy0
06-09 11:43:20.656 487 817 I ActivityManager: com.oranth.storage is exempt from freezer
06-09 11:43:20.657 487 817 D CompatibilityChangeReporter: Compat change id reported: 135634846; UID 1000; state: DISABLED
06-09 11:43:20.660 383 383 I update_engine: [INFO:cleanup_previous_update_action.cc(320)] Merge finished with state MergeCompleted.
06-09 11:43:20.660 196 196 E SELinux : avc: denied { add } for pid=1133 uid=1000 name=MyLedService scontext=u:r:system_app:s0 tcontext=u:object_r:default_android_service:s0 tclass=service_manager permissive=1
06-09 11:43:20.666 383 383 I update_engine: [INFO:cleanup_previous_update_action.cc(130)] Stopping/suspending/completing CleanupPreviousUpdateAction
06-09 11:43:20.670 383 383 I update_engine: [INFO:cleanup_previous_update_action.cc(491)] Reporting merge stats: MergeCompleted in 1391ms (resumed 1 times), using 0 bytes of COW image.
06-09 11:43:20.681 322 329 D XM_HIDREAD: add@ add@/devices/platform/unisoc_wifi/ieee80211/phy0/rfkill2
06-09 11:43:20.687 1133 1133 D aaa : LedStatusService onStartCommand begin
06-09 11:43:20.688 1050 1050 E ccc : cccccc etna EtnaApplication init com.dangbei.lerad.etna.haqu.EtnaApplication@6674b55
06-09 11:43:20.689 1133 1187 D aaa : topPkg is -------------- :com.android.tv.settings
06-09 11:43:20.695 383 383 I update_engine: [INFO:cleanup_previous_update_action.cc(130)] Stopping/suspending/completing CleanupPreviousUpdateAction
06-09 11:43:20.698 383 383 I update_engine: [INFO:action_processor.cc(116)] ActionProcessor: finished last action CleanupPreviousUpdateAction with code ErrorCode::kSuccess
01-01 08:00:23.133 669 669 E sprdwl : __sprdwl_cmd_getbuf cant't get vif, ctx_id: 0
06-09 11:43:20.701 1050 1050 I MMKV : Disable checkProcessMode()
06-09 11:43:20.702 383 383 I update_engine: [INFO:update_attempter_android.cc(549)] Processing Done.
06-09 11:43:20.705 383 383 I update_engine: [INFO:update_attempter_android.cc(701)] Terminating cleanup previous update.
06-09 11:43:20.707 257 257 D Zygote : Forked child process 1189
06-09 11:43:20.708 487 549 W ActivityManager: Slow operation: 52ms so far, now at startProcess: returned from zygote!
06-09 11:43:20.710 487 549 W ActivityManager: Slow operation: 54ms so far, now at startProcess: done updating battery stats
06-09 11:43:20.710 487 549 W ActivityManager: Slow operation: 54ms so far, now at startProcess: building log message
06-09 11:43:20.710 487 549 I ActivityManager: app.processName = com.oranth.storage
06-09 11:43:20.710 487 549 I ActivityManager: Start proc 1189:com.oranth.storage/1000 for broadcast {com.oranth.storage/com.oranth.storage.BootCompletedReceiver}
06-09 11:43:20.710 487 549 W ActivityManager: Slow operation: 54ms so far, now at startProcess: starting to update pids map
06-09 11:43:20.710 487 549 W ActivityManager: Slow operation: 54ms so far, now at startProcess: done updating pids map
06-09 11:43:20.711 277 277 D hdmi-cec: cec physical address: 2.0.0.0
06-09 11:43:20.712 277 277 D hdmi-cec: cec physical address: 2.0.0.0
06-09 11:43:20.716 277 277 D hdmi-cec: cec physical address: 2.0.0.0
06-09 11:43:20.717 277 277 D hdmi-cec: cec physical address: 2.0.0.0
06-09 11:43:20.717 1189 1189 I Zygote : seccomp disabled by setenforce 0
06-09 11:43:20.728 487 487 W Looper : Slow dispatch took 161ms main h=android.os.Handler c=com.android.server.hdmi.WorkSourceUidPreservingRunnable@d0b4e78 m=0
06-09 11:43:20.730 487 817 W StorageManagerService: Reporting emulated;0 unmounted due to system locked
06-09 11:43:20.732 1189 1189 I .oranth.storag: Late-enabling -Xcheck:jni
06-09 11:43:20.732 487 591 W StorageManagerService: Reporting emulated;0 unmounted due to system locked
06-09 11:43:20.742 1050 1050 I MMKV : current API level = 31
06-09 11:43:20.743 1050 1050 I MMKV : version v1.2.8 page size:4096
06-09 11:43:20.745 1050 1050 I MMKV : root dir: /data/user/0/com.dangbei.lerad.etna.haqu/files/mmkv
06-09 11:43:20.761 487 763 W StorageManagerService: Reporting emulated;0 unmounted due to system locked
06-09 11:43:20.761 677 846 I bt_core_module: system/bt/btcore/src/module.cc:90 module_start_up: module_start_up Started module "controller_module"
06-09 11:43:20.763 677 846 I bt_btm_pm: system/bt/stack/acl/btm_pm.cc:392 btm_pm_reset: reset pm
06-09 11:43:20.764 677 846 I btm_acl : system/bt/stack/acl/btm_acl.cc:654 check_link_policy: hold not supported (settings: 0x000d)
06-09 11:43:20.764 677 846 I btm_acl : system/bt/stack/acl/btm_acl.cc:664 check_link_policy: park not supported (settings: 0x0005)
06-09 11:43:20.765 677 846 I bt_btm_sec: system/bt/stack/btm/btm_sec.cc:226 BTM_SecRegister: BTM_SecRegister p_cb_info->p_le_callback == 0x0xc59a46c1
06-09 11:43:20.765 677 846 I bt_btm_sec: system/bt/stack/btm/btm_sec.cc:241 BTM_SecRegister: BTM_SecRegister btm_cb.api.p_le_callback = 0x0xc59a46c1
06-09 11:43:20.766 322 329 D XM_HIDREAD: add@ add@/devices/platform/unisoc_wifi/net/wlan0
06-09 11:43:20.770 766 886 I Tethering: adding IpServer for: wlan0
06-09 11:43:20.772 322 329 D XM_HIDREAD: add@ add@/devices/platform/unisoc_wifi/net/wlan0/queues/rx-0
06-09 11:43:20.772 322 329 D XM_HIDREAD: add@ add@/devices/platform/unisoc_wifi/net/wlan0/queues/tx-0
01-01 08:00:23.222 669 669 W unisoc_wifi wlan0: mixed HW and IP checksum settings.
06-09 11:43:20.775 322 329 D XM_HIDREAD: add@ add@/devices/platform/unisoc_wifi/net/wlan1
06-09 11:43:20.779 677 1005 I bluetooth: system/bt/stack/gatt/gatt_api.cc:1019 GATT_Register: Allocated name:GattClient uuid:88347355-ca53-9ee0-ea8f-6d855e3c077c gatt_if:3 eatt_support:0
06-09 11:43:20.780 322 329 D XM_HIDREAD: add@ add@/devices/platform/unisoc_wifi/net/wlan1/queues/rx-0
06-09 11:43:20.780 322 329 D XM_HIDREAD: add@ add@/devices/platform/unisoc_wifi/net/wlan1/queues/tx-0
01-01 08:00:23.229 669 669 W unisoc_wifi wlan1: mixed HW and IP checksum settings.
01-01 08:00:23.229 669 669 E unisoc_wifi wlan1: netif_napi_add() called with weight 128
06-09 11:43:20.798 766 886 I Tethering: adding IpServer for: wlan1
06-09 11:43:20.809 677 1005 I bt_stack: [INFO:ble_advertiser_hci_interface.cc(767)] Extended advertising will be in use
06-09 11:43:20.809 322 329 D XM_HIDREAD: add@ add@/module/sprdwl_ng
06-09 11:43:20.810 677 857 D AdapterProperties: BT_PROPERTY_LOCAL_LE_FEATURES: update from BT controller mNumOfAdvertisementInstancesSupported = 0 mRpaOffloadSupported = false mNumOfOffloadedIrkSupported = 0 mNumOfOffloadedScanFilterSupported = 0 mOffloadedScanResultStorageBytes= 0 mIsActivityAndEnergyReporting = false mVersSupported = 0 mTotNumOfTrackableAdv = 0 mIsExtendedScanSupported = false mIsDebugLogSupported = false mIsLe2MPhySupported = true mIsLeCodedPhySupported = true mIsLeExtendedAdvertisingSupported = true mIsLePeriodicAdvertisingSupported = true mLeMaximumAdvertisingDataLength = 1650 mDynamicAudioBufferSizeSupportedCodecsGroup1 = 0 mDynamicAudioBufferSizeSupportedCodecsGroup2 = 0
06-09 11:43:20.811 669 669 D wifi_hal-auto-detect: libwifi hal name: libwifi-hal-sprd.so
06-09 11:43:20.812 677 1005 E bt_btif_storage: system/bt/btif/src/btif_storage.cc:632 btif_storage_get_adapter_property: btif_storage_get_adapter_property: Controller ready!
06-09 11:43:20.812 677 1005 I bt_btif_storage: system/bt/btif/src/btif_storage.cc:661 btif_storage_get_adapter_property: btif_storage_get_adapter_property service_mask:0x20000000
06-09 11:43:20.812 677 1005 I bt_stack: [INFO:btif_bqr.cc(229)] EnableBtQualityReport: is_enable: true
06-09 11:43:20.813 677 1005 W bt_stack: [WARNING:btif_bqr.cc(237)] EnableBtQualityReport: Bluetooth Quality Report is disabled. bqr_prop_evtmask: , bqr_prop_interval_ms:
06-09 11:43:20.813 677 1200 I bt_osi_thread: system/bt/osi/src/thread.cc:209 run_thread: run_thread: thread id 1200, thread name btif_sock started
06-09 11:43:20.815 677 1005 I bt_bte_conf: system/bt/main/bte_conf.cc:84 bte_load_did_conf: Device ID record 1 : primary
06-09 11:43:20.815 677 1005 I bt_bte_conf: system/bt/main/bte_conf.cc:85 bte_load_did_conf: vendorId = 00e0
06-09 11:43:20.815 677 1005 I bt_bte_conf: system/bt/main/bte_conf.cc:86 bte_load_did_conf: vendorIdSource = 0001
06-09 11:43:20.815 677 1005 I bt_bte_conf: system/bt/main/bte_conf.cc:87 bte_load_did_conf: product = 1200
06-09 11:43:20.815 677 1005 I bt_bte_conf: system/bt/main/bte_conf.cc:88 bte_load_did_conf: version = 1436
06-09 11:43:20.815 677 1005 I bt_bte_conf: system/bt/main/bte_conf.cc:89 bte_load_did_conf: clientExecutableURL =
06-09 11:43:20.815 677 1005 I bt_bte_conf: system/bt/main/bte_conf.cc:90 bte_load_did_conf: serviceDescription =
06-09 11:43:20.815 677 1005 I bt_bte_conf: system/bt/main/bte_conf.cc:91 bte_load_did_conf: documentationURL =
06-09 11:43:20.815 677 1005 I bt_bta_dm: system/bt/bta/dm/bta_dm_act.cc:3191 bta_dm_eir_update_uuid: EIR Adding UUID=0x1200 into extended inquiry response
06-09 11:43:20.815 677 1005 I bt_bta_dm: system/bt/bta/dm/bta_dm_act.cc:2890 bta_dm_set_eir: Generating extended inquiry response packet EIR
06-09 11:43:20.815 677 1005 I bt_bte_conf: system/bt/main/bte_conf.cc:47 bte_load_did_conf: bte_load_did_conf no section named DID2.
06-09 11:43:20.815 677 1005 I bt_btif_core: system/bt/btif/src/btif_core.cc:312 btif_enable_bluetooth_evt: Bluetooth enable event completed
06-09 11:43:20.815 677 1005 I bt_bta_dm: system/bt/bta/dm/bta_dm_act.cc:2890 bta_dm_set_eir: Generating extended inquiry response packet EIR
06-09 11:43:20.816 677 846 I bt_stack_manager: system/bt/btif/src/stack_manager.cc:311 event_start_up_stack: event_start_up_stack finished
06-09 11:43:20.825 393 408 I adbd : jdwp connection from 1189
06-09 11:43:20.828 487 817 I WifiService: updateInterfaceIpState uid=1073
06-09 11:43:20.831 487 848 I WifiService: updateInterfaceIpState uid=1073
06-09 11:43:20.832 669 669 I android.hardware.wifi@1.0-service-lazy: Wifi HAL started
06-09 11:43:20.832 487 528 W PppoeNetworkFactory: interfaceAdded
06-09 11:43:20.833 487 528 W PppoeNetworkFactory: interfaceLinkStateChanged
06-09 11:43:20.833 487 528 D PppoeNetworkFactory: updateInterface: mIface: mPhyIface:eth0 iface:wlan0 link:down
06-09 11:43:20.833 487 528 D PppoeNetworkFactory: not tracker interface
06-09 11:43:20.833 487 528 I EthernetTracker: interfaceLinkStateChanged, iface: wlan0, up: false
06-09 11:43:20.833 487 528 W PppoeNetworkFactory: interfaceAdded
06-09 11:43:20.836 487 528 W PppoeNetworkFactory: interfaceLinkStateChanged
06-09 11:43:20.836 487 528 D PppoeNetworkFactory: updateInterface: mIface: mPhyIface:eth0 iface:wlan1 link:down
06-09 11:43:20.836 487 528 D PppoeNetworkFactory: not tracker interface
06-09 11:43:20.836 487 528 I EthernetTracker: interfaceLinkStateChanged, iface: wlan1, up: false
06-09 11:43:20.842 487 817 W StorageManagerService: Reporting emulated;0 unmounted due to system locked
06-09 11:43:20.858 487 504 I system_server: Background concurrent copying GC freed 217799(7269KB) AllocSpace objects, 41(2804KB) LOS objects, 49% free, 10MB/20MB, paused 352us total 1.682s
06-09 11:43:20.862 487 620 I WifiVendorHal: Vendor Hal started successfully
06-09 11:43:20.862 487 617 W BestClock: java.time.DateTimeException: Missing NTP fix
06-09 11:43:20.891 487 487 D BluetoothManagerService: Bluetooth Adapter address changed to B4:2F:03:15:73:2F
06-09 11:43:20.892 487 487 D BluetoothManagerService: Stored Bluetoothaddress: B4:2F:03:15:73:2F
06-09 11:43:20.892 677 857 D AdapterProperties: Name is: DBBOX-A2
06-09 11:43:20.895 677 857 D AdapterProperties: Scan Mode:20
06-09 11:43:20.895 677 857 D AdapterProperties: Discoverable Timeout:120
06-09 11:43:20.899 677 857 D AdapterProperties: Adding bonded device:E4:BB:D3:57:C0:7D
06-09 11:43:20.901 487 817 D CompatibilityChangeReporter: Compat change id reported: 168419799; UID 1000; state: DISABLED
06-09 11:43:20.917 487 617 W BestClock: java.time.DateTimeException: Missing NTP fix
06-09 11:43:20.923 669 669 W android.hardware.wifi@1.0-service-lazy: No active wlan interfaces in use! Using default
06-09 11:43:20.923 669 669 E android.hardware.wifi@1.0-service-lazy: Unknown iface name: wlan0
06-09 11:43:20.923 669 669 E android.hardware.wifi@1.0-service-lazy: Unknown iface name: wlan0
06-09 11:43:20.927 487 487 D BluetoothManagerService: Bluetooth Adapter name changed to DBBOX-A2 by android
06-09 11:43:20.927 487 487 D BluetoothManagerService: Stored Bluetooth name: DBBOX-A2
06-09 11:43:20.933 487 617 W BestClock: java.time.DateTimeException: Missing NTP fix
06-09 11:43:20.944 1103 1103 I FrameWorkHelper: userHttps:
06-09 11:43:20.963 487 528 W PppoeNetworkFactory: interfaceLinkStateChanged
06-09 11:43:20.963 487 528 D PppoeNetworkFactory: updateInterface: mIface: mPhyIface:eth0 iface:wlan0 link:up
06-09 11:43:20.963 487 528 D PppoeNetworkFactory: not tracker interface
06-09 11:43:20.963 487 528 I EthernetTracker: interfaceLinkStateChanged, iface: wlan0, up: true
06-09 11:43:20.964 669 669 I WifiHAL : Initializing wifi
01-01 08:00:23.417 669 669 I ieee80211 phy0: sprdwl_vendor_get_support_feature
06-09 11:43:20.971 669 669 E WifiHAL : wifi_get_logger_supported_feature_set: Error -5 happened.
06-09 11:43:20.971 669 669 E WifiHAL : Failed to get supported logger feature set: -5
06-09 11:43:20.972 669 669 E WifiHAL : wifi_get_firmware_version: Error -5 happened.
06-09 11:43:20.972 669 669 E WifiHAL : Failed to get supported logger feature set: -5
06-09 11:43:20.972 669 669 E WifiHAL : get_firmware_bus_max_size_supported: requestResponse Error:-3
06-09 11:43:20.972 669 669 E WifiHAL : Failed to get supported bus size, error : -3
06-09 11:43:20.972 669 669 E WifiHAL : wifi_logger_ring_buffers_init: Ring buffer logging feature not supported 0
06-09 11:43:20.972 669 669 E WifiHAL : Wifi Logger Ring Initialization Failed
06-09 11:43:20.972 669 669 E WifiHAL : wifiGetCapabilities: Failed to send request, Error:-5
06-09 11:43:20.972 669 669 E WifiHAL : Failed to get wifi Capabilities, error: -5
06-09 11:43:20.973 669 669 I android.hardware.wifi@1.0-service-lazy: Adding interface handle for wlan1
06-09 11:43:20.973 669 669 I android.hardware.wifi@1.0-service-lazy: Adding interface handle for wlan0
06-09 11:43:20.973 669 669 W android.hardware.wifi@1.0-service-lazy: No active wlan interfaces in use! Using default
06-09 11:43:20.973 669 669 W android.hardware.wifi@1.0-service-lazy: No active wlan interfaces in use! Using default
06-09 11:43:20.974 669 669 E WifiHAL : wifi_get_driver_version: Error -5 happened.
06-09 11:43:20.974 669 669 E android.hardware.wifi@1.0-service-lazy: Failed to get driver version: INVALID_ARGS
06-09 11:43:20.974 669 669 I android.hardware.wifi@1.0-service-lazy: Configured chip in mode 3
06-09 11:43:20.974 669 669 W android.hardware.wifi@1.0-service-lazy: No active wlan interfaces in use! Using default
06-09 11:43:20.978 487 617 W BestClock: java.time.DateTimeException: Missing NTP fix
06-09 11:43:20.979 487 620 D HalDevMgr: updateRttController: no one is interested in RTT controllers
06-09 11:43:20.981 669 669 D WifiHAL : wifi_virtual_interface_create: ifname=wlan0 create
06-09 11:43:20.981 669 669 I android.hardware.wifi@1.0-service-lazy: Adding interface handle for wlan1
06-09 11:43:20.981 487 618 W BestClock: java.time.DateTimeException: Missing NTP fix
06-09 11:43:20.981 669 669 I android.hardware.wifi@1.0-service-lazy: Adding interface handle for wlan0
06-09 11:43:20.982 669 669 E android.hardware.wifi@1.0-service-lazy: Failed to set DFS flag; DFS channels may be unavailable.
06-09 11:43:20.982 487 618 W BestClock: java.time.DateTimeException: Missing NTP fix
06-09 11:43:20.983 487 618 W BestClock: java.time.DateTimeException: Missing NTP fix
06-09 11:43:20.985 487 618 W BestClock: java.time.DateTimeException: Missing NTP fix
06-09 11:43:20.993 677 825 I AdapterState: BLE_ON : entered
06-09 11:43:20.993 677 825 D AdapterProperties: Setting state to BLE_ON
06-09 11:43:20.994 677 825 D BluetoothAdapterService: updateAdapterState() - Broadcasting state BLE_ON to 1 receivers.
06-09 11:43:20.997 487 532 D BluetoothManagerService: MESSAGE_BLUETOOTH_STATE_CHANGE: BLE_TURNING_ON > BLE_ON
06-09 11:43:20.997 487 532 D BluetoothManagerService: Bluetooth is in LE only mode
06-09 11:43:20.997 487 532 D BluetoothManagerService: Binding Bluetooth GATT service
06-09 11:43:21.012 487 532 D BluetoothManagerService: Sending BLE State Change: BLE_TURNING_ON > BLE_ON
06-09 11:43:21.013 487 487 D BluetoothManagerService: BluetoothServiceConnection: com.android.bluetooth.gatt.GattService
06-09 11:43:21.013 487 532 D BluetoothManagerService: MESSAGE_BLUETOOTH_SERVICE_CONNECTED: 2
06-09 11:43:21.013 487 532 D BluetoothManagerService: continueFromBleOnState()
06-09 11:43:21.015 677 825 I AdapterState: TURNING_ON : entered
06-09 11:43:21.015 677 825 D AdapterProperties: Setting state to TURNING_ON
06-09 11:43:21.016 487 532 D BluetoothManagerService: Persisting Bluetooth Setting: 1
06-09 11:43:21.016 677 825 D BluetoothAdapterService: updateAdapterState() - Broadcasting state TURNING_ON to 1 receivers.
06-09 11:43:21.017 487 532 D BluetoothManagerService: MESSAGE_BLUETOOTH_STATE_CHANGE: BLE_ON > TURNING_ON
06-09 11:43:21.017 487 532 D BluetoothManagerService: Sending BLE State Change: BLE_ON > TURNING_ON
06-09 11:43:21.017 487 532 D BluetoothManagerService: Sending State Change: OFF > TURNING_ON
06-09 11:43:21.017 677 825 D BluetoothAdapterService: startCoreServices()
06-09 11:43:21.026 669 669 I WifiHAL : mpdu_size_threshold : 128, aggressive_statistics_gathering : 0
06-09 11:43:21.027 669 669 E WifiHAL : wifi_set_link_stats: requestResponse Error:-5
06-09 11:43:21.031 677 874 D BluetoothActiveDeviceManager: handleMessage(MESSAGE_ADAPTER_ACTION_STATE_CHANGED): newState=11
06-09 11:43:21.033 487 620 E WifiVendorHal: enableLinkLayerStats(l.1461) failed {.code = ERROR_INVALID_ARGS, .description = }
06-09 11:43:21.038 487 976 D CompatibilityChangeReporter: Compat change id reported: 168419799; UID 1002; state: DISABLED
06-09 11:43:21.046 1189 1189 D CompatibilityChangeReporter: Compat change id reported: 171979766; UID 1000; state: ENABLED
06-09 11:43:21.046 677 677 I HeadsetService: create()
06-09 11:43:21.052 487 620 E WifiVendorHal: unable to enable link layer stats collection
06-09 11:43:21.052 677 677 I HeadsetService: start()
06-09 11:43:21.064 677 677 I BluetoothHeadsetServiceJni: classInitNative: succeeds
06-09 11:43:21.064 677 677 I bt_btif : system/bt/btif/src/bluetooth.cc:417 get_profile_interface: get_profile_interface: id = handsfree
06-09 11:43:21.064 677 677 I bt_stack: [INFO:btif_hf.cc(1491)] GetInterface
06-09 11:43:21.065 677 677 I bt_btif_storage: system/bt/btif/src/btif_storage.cc:661 btif_storage_get_adapter_property: btif_storage_get_adapter_property service_mask:0x20000040
06-09 11:43:21.065 677 1005 I bt_bta_dm: system/bt/bta/dm/bta_dm_act.cc:3191 bta_dm_eir_update_uuid: EIR Adding UUID=0x1112 into extended inquiry response
06-09 11:43:21.065 677 1005 I bt_bta_dm: system/bt/bta/dm/bta_dm_act.cc:2890 bta_dm_set_eir: Generating extended inquiry response packet EIR
06-09 11:43:21.065 677 1005 I bt_bta_dm: system/bt/bta/dm/bta_dm_act.cc:3191 bta_dm_eir_update_uuid: EIR Adding UUID=0x111F into extended inquiry response
06-09 11:43:21.065 677 1005 I bt_bta_dm: system/bt/bta/dm/bta_dm_act.cc:2890 bta_dm_set_eir: Generating extended inquiry response packet EIR
06-09 11:43:21.065 677 1005 I bt_stack: [INFO:port_api.cc(234)] RFCOMM_CreateConnection: bd_addr=ff:ff:ff:ff:ff:ff, scn=2, is_server=1, mtu=256, uuid=0x1112, dlci=4, signal_state=0x0b, p_port=0xc5eae524
06-09 11:43:21.065 677 1005 I bt_stack: [INFO:port_api.cc(234)] RFCOMM_CreateConnection: bd_addr=ff:ff:ff:ff:ff:ff, scn=3, is_server=1, mtu=256, uuid=0x111f, dlci=6, signal_state=0x0b, p_port=0xc5eae5ac
06-09 11:43:21.065 677 1005 I bt_stack: [INFO:port_api.cc(234)] RFCOMM_CreateConnection: bd_addr=ff:ff:ff:ff:ff:ff, scn=2, is_server=1, mtu=256, uuid=0x1112, dlci=4, signal_state=0x0b, p_port=0xc5eae634
06-09 11:43:21.065 677 1005 I bt_stack: [INFO:port_api.cc(234)] RFCOMM_CreateConnection: bd_addr=ff:ff:ff:ff:ff:ff, scn=3, is_server=1, mtu=256, uuid=0x111f, dlci=6, signal_state=0x0b, p_port=0xc5eae6bc
06-09 11:43:21.066 677 857 I bt_stack: [INFO:btif_hf.cc(289)] btif_hf_upstreams_evt: AG enable/disable event 0
06-09 11:43:21.066 487 620 D WifiNl80211Manager: Setting up interface for client mode: wlan0
06-09 11:43:21.072 369 369 I wificond: createClientInterface: wiphy_index 0 iface_name wlan0
06-09 11:43:21.077 369 369 I wificond: create scanner for interface with index: 14
06-09 11:43:21.077 369 369 I wificond: subscribe scan result for interface with index: 14
06-09 11:43:21.083 369 369 I wificond: add channel type 0 support at wiphy index: 0
06-09 11:43:21.091 369 369 I wificond: add channel type 1 support at wiphy index: 0
06-09 11:43:21.094 677 677 I A2dpService: create()
06-09 11:43:21.095 487 487 D BluetoothA2dp: Proxy object connected
06-09 11:43:21.096 487 487 D BluetoothA2dp: Proxy object connected
06-09 11:43:21.096 487 487 D BluetoothA2dp: Proxy object connected
06-09 11:43:21.097 677 677 I A2dpService: start()
06-09 11:43:21.098 677 677 I BluetoothA2dpServiceJni: classInitNative: succeeds
06-09 11:43:21.098 677 677 I A2dpService: Max connected audio devices set to 5
06-09 11:43:21.100 677 677 I bt_btif : system/bt/btif/src/bluetooth.cc:417 get_profile_interface: get_profile_interface: id = a2dp
06-09 11:43:21.101 677 677 I btif_av : system/bt/btif/src/btif_av.cc:965 Init: bt_status_t BtifAvSource::Init(btav_source_callbacks_t *, int, const std::vector &, const std::vector &): max_connected_audio_devices=5
06-09 11:43:21.101 677 677 I a2dp_codec: system/bt/stack/a2dp/a2dp_codec_config.cc:569 init: init
06-09 11:43:21.101 677 677 I a2dp_codec: system/bt/stack/a2dp/a2dp_codec_config.cc:113 createCodec: createCodec: codec SBC
06-09 11:43:21.101 677 677 I a2dp_codec: system/bt/stack/a2dp/a2dp_codec_config.cc:633 init: init: updated SBC codec priority to 1001
06-09 11:43:21.101 677 677 I a2dp_codec: system/bt/stack/a2dp/a2dp_codec_config.cc:113 createCodec: createCodec: codec AAC
06-09 11:43:21.101 677 677 I a2dp_codec: system/bt/stack/a2dp/a2dp_codec_config.cc:633 init: init: updated AAC codec priority to 2001
06-09 11:43:21.102 677 677 I a2dp_codec: system/bt/stack/a2dp/a2dp_codec_config.cc:113 createCodec: createCodec: codec aptX
06-09 11:43:21.107 677 1005 I bt_stack: [INFO:port_api.cc(234)] RFCOMM_CreateConnection: bd_addr=ff:ff:ff:ff:ff:ff, scn=2, is_server=1, mtu=256, uuid=0x1112, dlci=4, signal_state=0x0b, p_port=0xc5eae744
06-09 11:43:21.107 677 1005 I bt_stack: [INFO:port_api.cc(234)] RFCOMM_CreateConnection: bd_addr=ff:ff:ff:ff:ff:ff, scn=3, is_server=1, mtu=256, uuid=0x111f, dlci=6, signal_state=0x0b, p_port=0xc5eae7cc
06-09 11:43:21.108 677 1005 I bt_stack: [INFO:port_api.cc(234)] RFCOMM_CreateConnection: bd_addr=ff:ff:ff:ff:ff:ff, scn=2, is_server=1, mtu=256, uuid=0x1112, dlci=4, signal_state=0x0b, p_port=0xc5eae854
06-09 11:43:21.108 677 1005 I bt_stack: [INFO:port_api.cc(234)] RFCOMM_CreateConnection: bd_addr=ff:ff:ff:ff:ff:ff, scn=3, is_server=1, mtu=256, uuid=0x111f, dlci=6, signal_state=0x0b, p_port=0xc5eae8dc
06-09 11:43:21.108 677 1005 I bt_stack: [INFO:port_api.cc(234)] RFCOMM_CreateConnection: bd_addr=ff:ff:ff:ff:ff:ff, scn=2, is_server=1, mtu=256, uuid=0x1112, dlci=4, signal_state=0x0b, p_port=0xc5eae964
06-09 11:43:21.108 677 1005 I bt_stack: [INFO:port_api.cc(234)] RFCOMM_CreateConnection: bd_addr=ff:ff:ff:ff:ff:ff, scn=3, is_server=1, mtu=256, uuid=0x111f, dlci=6, signal_state=0x0b, p_port=0xc5eae9ec
06-09 11:43:21.108 677 1005 I bt_stack: [INFO:port_api.cc(234)] RFCOMM_CreateConnection: bd_addr=ff:ff:ff:ff:ff:ff, scn=2, is_server=1, mtu=256, uuid=0x1112, dlci=4, signal_state=0x0b, p_port=0xc5eaea74
06-09 11:43:21.108 677 1005 I bt_stack: [INFO:port_api.cc(234)] RFCOMM_CreateConnection: bd_addr=ff:ff:ff:ff:ff:ff, scn=3, is_server=1, mtu=256, uuid=0x111f, dlci=6, signal_state=0x0b, p_port=0xc5eaeafc
06-09 11:43:21.110 487 620 I WifiNative: Interface state changed on Iface:{Name=wlan0,Id=0,Type=STA_SCAN}, isUp=true
06-09 11:43:21.110 677 677 E a2dp_vendor_aptx_encoder: system/bt/stack/a2dp/a2dp_vendor_aptx_encoder.cc:123 A2DP_VendorLoadEncoderAptx: A2DP_VendorLoadEncoderAptx: cannot open aptX encoder library libaptX_encoder.so: dlopen failed: library "libaptX_encoder.so" not found
06-09 11:43:21.111 677 677 E a2dp_vendor_aptx: system/bt/stack/a2dp/a2dp_vendor_aptx.cc:465 init: init: cannot load the encoder
06-09 11:43:21.111 677 677 I a2dp_codec: system/bt/stack/a2dp/a2dp_codec_config.cc:113 createCodec: createCodec: codec aptX-HD
06-09 11:43:21.120 677 677 E a2dp_vendor_aptx_hd_encoder: system/bt/stack/a2dp/a2dp_vendor_aptx_hd_encoder.cc:123 A2DP_VendorLoadEncoderAptxHd: A2DP_VendorLoadEncoderAptxHd: cannot open aptX-HD encoder library libaptXHD_encoder.so: dlopen failed: library "libaptXHD_encoder.so" not found
06-09 11:43:21.120 677 677 E a2dp_vendor_aptx_hd: system/bt/stack/a2dp/a2dp_vendor_aptx_hd.cc:483 init: init: cannot load the encoder
06-09 11:43:21.120 677 677 I a2dp_codec: system/bt/stack/a2dp/a2dp_codec_config.cc:113 createCodec: createCodec: codec LDAC
06-09 11:43:21.127 1050 1050 E ccc : cccccc ota-path is cache/recovery/
06-09 11:43:21.128 487 620 I WifiNative: Successfully setup Iface:{Name=wlan0,Id=0,Type=STA_SCAN}
06-09 11:43:21.128 487 620 E SupplicantStaIfaceHal: checkHalVersionByInterfaceName: called but mServiceManager is null
06-09 11:43:21.128 487 620 E SupplicantStaIfaceHal: checkHalVersionByInterfaceName: called but mServiceManager is null
06-09 11:43:21.129 487 620 E SupplicantStaIfaceHal: Method getKeyMgmtCapabilities is not supported in existing HAL
06-09 11:43:21.129 487 620 E SupplicantStaIfaceHal: checkHalVersionByInterfaceName: called but mServiceManager is null
06-09 11:43:21.129 487 591 W StorageManagerService: Reporting emulated;0 unmounted due to system locked
06-09 11:43:21.139 1050 1050 W ContextImpl: Calling a method in the system process without a qualified user: android.app.ContextImpl.startService:1816 android.content.ContextWrapper.startService:774 com.dangbei.lerad.etna.core.EtnaManager.startService:64 com.dangbei.lerad.etna.core.EtnaManager.init:39 com.dangbei.lerad.etna.haqu.EtnaApplication.init:87
06-09 11:43:21.140 669 669 E WifiHAL : wifi_get_logger_supported_feature_set: Error -5 happened.
06-09 11:43:21.140 677 677 I a2dp_codec: system/bt/stack/a2dp/a2dp_codec_config.cc:633 init: init: updated LDAC codec priority to 5001
06-09 11:43:21.140 677 677 I a2dp_codec: system/bt/stack/a2dp/a2dp_codec_config.cc:113 createCodec: createCodec: codec SBC SINK
06-09 11:43:21.140 677 677 I a2dp_codec: system/bt/stack/a2dp/a2dp_codec_config.cc:113 createCodec: createCodec: codec AAC SINK
06-09 11:43:21.140 677 677 I a2dp_codec: system/bt/stack/a2dp/a2dp_codec_config.cc:113 createCodec: createCodec: codec LDAC SINK
01-01 08:00:23.588 669 669 I ieee80211 phy0: sprdwl_vendor_get_support_feature
01-01 08:00:23.592 669 669 I ieee80211 phy0: sprdwl_vendor_get_support_feature
06-09 11:43:21.143 669 669 E WifiHAL : wifi_get_logger_supported_feature_set: Error -5 happened.
06-09 11:43:21.152 677 677 E a2dp_vendor_ldac_decoder: system/bt/stack/a2dp/a2dp_vendor_ldac_decoder.cc:134 A2DP_VendorLoadDecoderLdac: A2DP_VendorLoadDecoderLdac: cannot open LDAC decoder library libldacBT_bco.so: dlopen failed: library "libldacBT_bco.so" not found
06-09 11:43:21.153 677 677 E a2dp_vendor_ldac: system/bt/stack/a2dp/a2dp_vendor_ldac.cc:1418 init: init: cannot load the decoder
06-09 11:43:21.153 677 677 I a2dp_codec: system/bt/stack/a2dp/a2dp_codec_config.cc:658 init: init: initialized Source codec LDAC
06-09 11:43:21.153 677 677 I a2dp_codec: system/bt/stack/a2dp/a2dp_codec_config.cc:658 init: init: initialized Source codec AAC
06-09 11:43:21.153 677 677 I a2dp_codec: system/bt/stack/a2dp/a2dp_codec_config.cc:658 init: init: initialized Source codec SBC
06-09 11:43:21.153 677 677 I a2dp_codec: system/bt/stack/a2dp/a2dp_codec_config.cc:665 init: init: initialized Sink codec AAC SINK
06-09 11:43:21.153 677 677 I a2dp_codec: system/bt/stack/a2dp/a2dp_codec_config.cc:665 init: init: initialized Sink codec SBC SINK
06-09 11:43:21.153 677 677 I a2dp_codec: system/bt/stack/a2dp/a2dp_codec_config.cc:569 init: init
06-09 11:43:21.153 677 677 I a2dp_codec: system/bt/stack/a2dp/a2dp_codec_config.cc:113 createCodec: createCodec: codec SBC
06-09 11:43:21.153 677 677 I a2dp_codec: system/bt/stack/a2dp/a2dp_codec_config.cc:633 init: init: updated SBC codec priority to 1001
06-09 11:43:21.153 677 677 I a2dp_codec: system/bt/stack/a2dp/a2dp_codec_config.cc:113 createCodec: createCodec: codec AAC
06-09 11:43:21.153 677 677 I a2dp_codec: system/bt/stack/a2dp/a2dp_codec_config.cc:633 init: init: updated AAC codec priority to 2001
06-09 11:43:21.153 677 677 I a2dp_codec: system/bt/stack/a2dp/a2dp_codec_config.cc:113 createCodec: createCodec: codec aptX
06-09 11:43:21.158 1050 1050 W ContextImpl: Calling a method in the system process without a qualified user: android.app.ContextImpl.startService:1816 android.content.ContextWrapper.startService:774 com.dangbei.andes.CoreService$Companion.start:29 com.dangbei.lerad.etna.haqu.EtnaApplication.init:88 com.dangbei.lerad.etna.haqu.EtnaApplication.onCreate:59
06-09 11:43:21.164 277 277 I EventThread: type=1400 audit(0.0:437): avc: denied { search } for name="extcon" dev="sysfs" ino=18109 scontext=u:r:hal_tv_cec_default:s0 tcontext=u:object_r:sysfs_extcon:s0 tclass=dir permissive=1
06-09 11:43:21.164 677 677 E a2dp_vendor_aptx_encoder: system/bt/stack/a2dp/a2dp_vendor_aptx_encoder.cc:123 A2DP_VendorLoadEncoderAptx: A2DP_VendorLoadEncoderAptx: cannot open aptX encoder library libaptX_encoder.so: dlopen failed: library "libaptX_encoder.so" not found
06-09 11:43:21.164 677 677 E a2dp_vendor_aptx: system/bt/stack/a2dp/a2dp_vendor_aptx.cc:465 init: init: cannot load the encoder
06-09 11:43:21.164 677 677 I a2dp_codec: system/bt/stack/a2dp/a2dp_codec_config.cc:113 createCodec: createCodec: codec aptX-HD
06-09 11:43:21.165 677 677 E a2dp_vendor_aptx_hd_encoder: system/bt/stack/a2dp/a2dp_vendor_aptx_hd_encoder.cc:123 A2DP_VendorLoadEncoderAptxHd: A2DP_VendorLoadEncoderAptxHd: cannot open aptX-HD encoder library libaptXHD_encoder.so: dlopen failed: library "libaptXHD_encoder.so" not found
06-09 11:43:21.165 677 677 E a2dp_vendor_aptx_hd: system/bt/stack/a2dp/a2dp_vendor_aptx_hd.cc:483 init: init: cannot load the encoder
06-09 11:43:21.165 677 677 I a2dp_codec: system/bt/stack/a2dp/a2dp_codec_config.cc:113 createCodec: createCodec: codec LDAC
06-09 11:43:21.165 677 677 I a2dp_codec: system/bt/stack/a2dp/a2dp_codec_config.cc:633 init: init: updated LDAC codec priority to 5001
06-09 11:43:21.165 677 677 I a2dp_codec: system/bt/stack/a2dp/a2dp_codec_config.cc:113 createCodec: createCodec: codec SBC SINK
06-09 11:43:21.165 677 677 I a2dp_codec: system/bt/stack/a2dp/a2dp_codec_config.cc:113 createCodec: createCodec: codec AAC SINK
06-09 11:43:21.165 677 677 I a2dp_codec: system/bt/stack/a2dp/a2dp_codec_config.cc:113 createCodec: createCodec: codec LDAC SINK
06-09 11:43:21.172 677 677 E a2dp_vendor_ldac_decoder: system/bt/stack/a2dp/a2dp_vendor_ldac_decoder.cc:134 A2DP_VendorLoadDecoderLdac: A2DP_VendorLoadDecoderLdac: cannot open LDAC decoder library libldacBT_bco.so: dlopen failed: library "libldacBT_bco.so" not found
06-09 11:43:21.172 677 677 E a2dp_vendor_ldac: system/bt/stack/a2dp/a2dp_vendor_ldac.cc:1418 init: init: cannot load the decoder
06-09 11:43:21.172 677 677 I a2dp_codec: system/bt/stack/a2dp/a2dp_codec_config.cc:658 init: init: initialized Source codec LDAC
06-09 11:43:21.172 677 677 I a2dp_codec: system/bt/stack/a2dp/a2dp_codec_config.cc:658 init: init: initialized Source codec AAC
06-09 11:43:21.172 677 677 I a2dp_codec: system/bt/stack/a2dp/a2dp_codec_config.cc:658 init: init: initialized Source codec SBC
06-09 11:43:21.172 677 677 I a2dp_codec: system/bt/stack/a2dp/a2dp_codec_config.cc:665 init: init: initialized Sink codec AAC SINK
06-09 11:43:21.172 677 677 I a2dp_codec: system/bt/stack/a2dp/a2dp_codec_config.cc:665 init: init: initialized Sink codec SBC SINK
06-09 11:43:21.172 677 677 I a2dp_codec: system/bt/stack/a2dp/a2dp_codec_config.cc:569 init: init
06-09 11:43:21.172 677 677 I a2dp_codec: system/bt/stack/a2dp/a2dp_codec_config.cc:113 createCodec: createCodec: codec SBC
06-09 11:43:21.172 677 677 I a2dp_codec: system/bt/stack/a2dp/a2dp_codec_config.cc:633 init: init: updated SBC codec priority to 1001
06-09 11:43:21.172 677 677 I a2dp_codec: system/bt/stack/a2dp/a2dp_codec_config.cc:113 createCodec: createCodec: codec AAC
06-09 11:43:21.172 677 677 I a2dp_codec: system/bt/stack/a2dp/a2dp_codec_config.cc:633 init: init: updated AAC codec priority to 2001
06-09 11:43:21.172 677 677 I a2dp_codec: system/bt/stack/a2dp/a2dp_codec_config.cc:113 createCodec: createCodec: codec aptX
06-09 11:43:21.172 669 669 E WifiHAL : wifi_get_logger_supported_feature_set: Error -5 happened.
06-09 11:43:21.174 1050 1050 D DisplayOutputManager: ro.build.characteristics=homlet
01-01 08:00:23.621 669 669 I ieee80211 phy0: sprdwl_vendor_get_support_feature
06-09 11:43:21.176 196 196 I servicemanager: Found vendor.display.output.IDisplayOutputManager/default in device VINTF manifest.
06-09 11:43:21.179 677 677 E a2dp_vendor_aptx_encoder: system/bt/stack/a2dp/a2dp_vendor_aptx_encoder.cc:123 A2DP_VendorLoadEncoderAptx: A2DP_VendorLoadEncoderAptx: cannot open aptX encoder library libaptX_encoder.so: dlopen failed: library "libaptX_encoder.so" not found
06-09 11:43:21.179 677 677 E a2dp_vendor_aptx: system/bt/stack/a2dp/a2dp_vendor_aptx.cc:465 init: init: cannot load the encoder
06-09 11:43:21.179 677 677 I a2dp_codec: system/bt/stack/a2dp/a2dp_codec_config.cc:113 createCodec: createCodec: codec aptX-HD
06-09 11:43:21.181 677 677 E a2dp_vendor_aptx_hd_encoder: system/bt/stack/a2dp/a2dp_vendor_aptx_hd_encoder.cc:123 A2DP_VendorLoadEncoderAptxHd: A2DP_VendorLoadEncoderAptxHd: cannot open aptX-HD encoder library libaptXHD_encoder.so: dlopen failed: library "libaptXHD_encoder.so" not found
06-09 11:43:21.181 677 677 E a2dp_vendor_aptx_hd: system/bt/stack/a2dp/a2dp_vendor_aptx_hd.cc:483 init: init: cannot load the encoder
06-09 11:43:21.181 677 677 I a2dp_codec: system/bt/stack/a2dp/a2dp_codec_config.cc:113 createCodec: createCodec: codec LDAC
06-09 11:43:21.181 677 677 I a2dp_codec: system/bt/stack/a2dp/a2dp_codec_config.cc:633 init: init: updated LDAC codec priority to 5001
06-09 11:43:21.181 677 677 I a2dp_codec: system/bt/stack/a2dp/a2dp_codec_config.cc:113 createCodec: createCodec: codec SBC SINK
06-09 11:43:21.181 677 677 I a2dp_codec: system/bt/stack/a2dp/a2dp_codec_config.cc:113 createCodec: createCodec: codec AAC SINK
06-09 11:43:21.181 677 677 I a2dp_codec: system/bt/stack/a2dp/a2dp_codec_config.cc:113 createCodec: createCodec: codec LDAC SINK
06-09 11:43:21.183 1050 1050 D HomletDisplayOutputManager: get IDisplayOutputManager service success
06-09 11:43:21.185 1050 1050 D AudioManagerEx: AudioManagerEx
06-09 11:43:21.190 677 677 E a2dp_vendor_ldac_decoder: system/bt/stack/a2dp/a2dp_vendor_ldac_decoder.cc:134 A2DP_VendorLoadDecoderLdac: A2DP_VendorLoadDecoderLdac: cannot open LDAC decoder library libldacBT_bco.so: dlopen failed: library "libldacBT_bco.so" not found
06-09 11:43:21.190 677 677 E a2dp_vendor_ldac: system/bt/stack/a2dp/a2dp_vendor_ldac.cc:1418 init: init: cannot load the decoder
06-09 11:43:21.190 677 677 I a2dp_codec: system/bt/stack/a2dp/a2dp_codec_config.cc:658 init: init: initialized Source codec LDAC
06-09 11:43:21.190 677 677 I a2dp_codec: system/bt/stack/a2dp/a2dp_codec_config.cc:658 init: init: initialized Source codec AAC
06-09 11:43:21.190 677 677 I a2dp_codec: system/bt/stack/a2dp/a2dp_codec_config.cc:658 init: init: initialized Source codec SBC
06-09 11:43:21.190 677 677 I a2dp_codec: system/bt/stack/a2dp/a2dp_codec_config.cc:665 init: init: initialized Sink codec AAC SINK
06-09 11:43:21.190 677 677 I a2dp_codec: system/bt/stack/a2dp/a2dp_codec_config.cc:665 init: init: initialized Sink codec SBC SINK
06-09 11:43:21.190 677 677 I a2dp_codec: system/bt/stack/a2dp/a2dp_codec_config.cc:569 init: init
06-09 11:43:21.190 677 677 I a2dp_codec: system/bt/stack/a2dp/a2dp_codec_config.cc:113 createCodec: createCodec: codec SBC
06-09 11:43:21.190 677 677 I a2dp_codec: system/bt/stack/a2dp/a2dp_codec_config.cc:633 init: init: updated SBC codec priority to 1001
06-09 11:43:21.190 677 677 I a2dp_codec: system/bt/stack/a2dp/a2dp_codec_config.cc:113 createCodec: createCodec: codec AAC
06-09 11:43:21.190 677 677 I a2dp_codec: system/bt/stack/a2dp/a2dp_codec_config.cc:633 init: init: updated AAC codec priority to 2001
06-09 11:43:21.190 677 677 I a2dp_codec: system/bt/stack/a2dp/a2dp_codec_config.cc:113 createCodec: createCodec: codec aptX
06-09 11:43:21.192 677 677 E a2dp_vendor_aptx_encoder: system/bt/stack/a2dp/a2dp_vendor_aptx_encoder.cc:123 A2DP_VendorLoadEncoderAptx: A2DP_VendorLoadEncoderAptx: cannot open aptX encoder library libaptX_encoder.so: dlopen failed: library "libaptX_encoder.so" not found
06-09 11:43:21.192 677 677 E a2dp_vendor_aptx: system/bt/stack/a2dp/a2dp_vendor_aptx.cc:465 init: init: cannot load the encoder
06-09 11:43:21.192 677 677 I a2dp_codec: system/bt/stack/a2dp/a2dp_codec_config.cc:113 createCodec: createCodec: codec aptX-HD
06-09 11:43:21.193 677 677 E a2dp_vendor_aptx_hd_encoder: system/bt/stack/a2dp/a2dp_vendor_aptx_hd_encoder.cc:123 A2DP_VendorLoadEncoderAptxHd: A2DP_VendorLoadEncoderAptxHd: cannot open aptX-HD encoder library libaptXHD_encoder.so: dlopen failed: library "libaptXHD_encoder.so" not found
06-09 11:43:21.193 677 677 E a2dp_vendor_aptx_hd: system/bt/stack/a2dp/a2dp_vendor_aptx_hd.cc:483 init: init: cannot load the encoder
06-09 11:43:21.193 677 677 I a2dp_codec: system/bt/stack/a2dp/a2dp_codec_config.cc:113 createCodec: createCodec: codec LDAC
06-09 11:43:21.193 677 677 I a2dp_codec: system/bt/stack/a2dp/a2dp_codec_config.cc:633 init: init: updated LDAC codec priority to 5001
06-09 11:43:21.193 677 677 I a2dp_codec: system/bt/stack/a2dp/a2dp_codec_config.cc:113 createCodec: createCodec: codec SBC SINK
06-09 11:43:21.193 677 677 I a2dp_codec: system/bt/stack/a2dp/a2dp_codec_config.cc:113 createCodec: createCodec: codec AAC SINK
06-09 11:43:21.193 677 677 I a2dp_codec: system/bt/stack/a2dp/a2dp_codec_config.cc:113 createCodec: createCodec: codec LDAC SINK
06-09 11:43:21.193 487 620 E SupplicantStaIfaceHal: checkHalVersionByInterfaceName: called but mServiceManager is null
06-09 11:43:21.193 487 620 E SupplicantStaIfaceHal: checkHalVersionByInterfaceName: called but mServiceManager is null
06-09 11:43:21.194 487 620 I SupplicantStaIfaceHal: Method getWpaDriverFeatureSet is not supported in existing HAL
06-09 11:43:21.194 487 620 D WifiClientModeManager[wlan0]: entering StartedState
06-09 11:43:21.194 677 677 E a2dp_vendor_ldac_decoder: system/bt/stack/a2dp/a2dp_vendor_ldac_decoder.cc:134 A2DP_VendorLoadDecoderLdac: A2DP_VendorLoadDecoderLdac: cannot open LDAC decoder library libldacBT_bco.so: dlopen failed: library "libldacBT_bco.so" not found
06-09 11:43:21.194 677 677 E a2dp_vendor_ldac: system/bt/stack/a2dp/a2dp_vendor_ldac.cc:1418 init: init: cannot load the decoder
06-09 11:43:21.194 677 677 I a2dp_codec: system/bt/stack/a2dp/a2dp_codec_config.cc:658 init: init: initialized Source codec LDAC
06-09 11:43:21.194 677 677 I a2dp_codec: system/bt/stack/a2dp/a2dp_codec_config.cc:658 init: init: initialized Source codec AAC
06-09 11:43:21.194 677 677 I a2dp_codec: system/bt/stack/a2dp/a2dp_codec_config.cc:658 init: init: initialized Source codec SBC
06-09 11:43:21.194 677 677 I a2dp_codec: system/bt/stack/a2dp/a2dp_codec_config.cc:665 init: init: initialized Sink codec AAC SINK
06-09 11:43:21.194 677 677 I a2dp_codec: system/bt/stack/a2dp/a2dp_codec_config.cc:665 init: init: initialized Sink codec SBC SINK
06-09 11:43:21.194 677 677 I a2dp_codec: system/bt/stack/a2dp/a2dp_codec_config.cc:569 init: init
06-09 11:43:21.194 677 677 I a2dp_codec: system/bt/stack/a2dp/a2dp_codec_config.cc:113 createCodec: createCodec: codec SBC
06-09 11:43:21.194 677 677 I a2dp_codec: system/bt/stack/a2dp/a2dp_codec_config.cc:633 init: init: updated SBC codec priority to 1001
06-09 11:43:21.194 677 677 I a2dp_codec: system/bt/stack/a2dp/a2dp_codec_config.cc:113 createCodec: createCodec: codec AAC
06-09 11:43:21.194 677 677 I a2dp_codec: system/bt/stack/a2dp/a2dp_codec_config.cc:633 init: init: updated AAC codec priority to 2001
06-09 11:43:21.194 677 677 I a2dp_codec: system/bt/stack/a2dp/a2dp_codec_config.cc:113 createCodec: createCodec: codec aptX
06-09 11:43:21.198 262 262 D audio_hw_primary: Mic get_audio_devices_active:
06-09 11:43:21.198 262 262 D audio_hw_primary: get_audio_devices_active: AUDIO_HDMI
06-09 11:43:21.199 677 677 E a2dp_vendor_aptx_encoder: system/bt/stack/a2dp/a2dp_vendor_aptx_encoder.cc:123 A2DP_VendorLoadEncoderAptx: A2DP_VendorLoadEncoderAptx: cannot open aptX encoder library libaptX_encoder.so: dlopen failed: library "libaptX_encoder.so" not found
06-09 11:43:21.199 677 677 E a2dp_vendor_aptx: system/bt/stack/a2dp/a2dp_vendor_aptx.cc:465 init: init: cannot load the encoder
06-09 11:43:21.199 677 677 I a2dp_codec: system/bt/stack/a2dp/a2dp_codec_config.cc:113 createCodec: createCodec: codec aptX-HD
06-09 11:43:21.199 262 262 D xm_audio: adev_get_parameters
06-09 11:43:21.199 282 421 I hash_map_utils: system/bt/osi/src/hash_map_utils.cc:81 hash_map_utils_dump_string_keys_string_values: key: 'audio_devices_out_active' value: ''
06-09 11:43:21.202 487 620 D WifiNetworkFactory: got request NetworkRequest [ REQUEST id=23, [ Capabilities: INTERNET&NOT_RESTRICTED&TRUSTED&NOT_VCN_MANAGED Uid: 1000 RequestorUid: 1000 RequestorPkg: android] ]
06-09 11:43:21.204 487 620 D UntrustedWifiNetworkFactory: got request NetworkRequest [ REQUEST id=23, [ Capabilities: INTERNET&NOT_RESTRICTED&TRUSTED&NOT_VCN_MANAGED Uid: 1000 RequestorUid: 1000 RequestorPkg: android] ]
06-09 11:43:21.205 487 620 D OemPaidWifiNetworkFactory: got request NetworkRequest [ REQUEST id=23, [ Capabilities: INTERNET&NOT_RESTRICTED&TRUSTED&NOT_VCN_MANAGED Uid: 1000 RequestorUid: 1000 RequestorPkg: android] ]
06-09 11:43:21.206 487 620 D WifiService: updateInterfaceIpState: ifaceName=wlan0 mode=-1 previous LOHS mode= -1
06-09 11:43:21.206 487 620 D WifiService: updateInterfaceIpState: ifaceName=wlan1 mode=-1 previous LOHS mode= -1
06-09 11:43:21.209 1189 1189 V GraphicsEnvironment: ANGLE Developer option for 'com.oranth.storage' set to: 'default'
06-09 11:43:21.210 1189 1189 V GraphicsEnvironment: Neither updatable production driver nor prerelease driver is supported.
06-09 11:43:21.210 1050 1050 D AudioManagerEx: type audio_devices_out_active list AUDIO_HDMI=
06-09 11:43:21.212 487 487 D WifiP2pService: Wifi enabled=false
06-09 11:43:21.217 1189 1189 D NetworkSecurityConfig: No Network Security Config specified, using platform default
06-09 11:43:21.220 677 677 E a2dp_vendor_aptx_hd_encoder: system/bt/stack/a2dp/a2dp_vendor_aptx_hd_encoder.cc:123 A2DP_VendorLoadEncoderAptxHd: A2DP_VendorLoadEncoderAptxHd: cannot open aptX-HD encoder library libaptXHD_encoder.so: dlopen failed: library "libaptXHD_encoder.so" not found
06-09 11:43:21.220 677 677 E a2dp_vendor_aptx_hd: system/bt/stack/a2dp/a2dp_vendor_aptx_hd.cc:483 init: init: cannot load the encoder
06-09 11:43:21.220 677 677 I a2dp_codec: system/bt/stack/a2dp/a2dp_codec_config.cc:113 createCodec: createCodec: codec LDAC
06-09 11:43:21.220 677 677 I a2dp_codec: system/bt/stack/a2dp/a2dp_codec_config.cc:633 init: init: updated LDAC codec priority to 5001
06-09 11:43:21.220 677 677 I a2dp_codec: system/bt/stack/a2dp/a2dp_codec_config.cc:113 createCodec: createCodec: codec SBC SINK
06-09 11:43:21.220 262 262 D audio_hw_primary: getAudioDevices()
06-09 11:43:21.220 262 262 D audio_hw_primary: out dev:AUDIO_CODEC
06-09 11:43:21.220 677 677 I a2dp_codec: system/bt/stack/a2dp/a2dp_codec_config.cc:113 createCodec: createCodec: codec AAC SINK
06-09 11:43:21.221 262 262 D audio_hw_primary: in dev:AUDIO_SPDIF
06-09 11:43:21.221 262 262 D audio_hw_primary: out dev:AUDIO_SPDIF
06-09 11:43:21.221 677 677 I a2dp_codec: system/bt/stack/a2dp/a2dp_codec_config.cc:113 createCodec: createCodec: codec LDAC SINK
06-09 11:43:21.221 262 262 D audio_hw_primary: in dev:AUDIO_HDMI
06-09 11:43:21.221 262 262 D audio_hw_primary: out dev:AUDIO_HDMI
06-09 11:43:21.221 262 262 D audio_hw_primary: in dev:AUDIO_I2S2
06-09 11:43:21.221 262 262 D audio_hw_primary: out playback: AUDIO_CODEC,AUDIO_SPDIF,AUDIO_HDMI
06-09 11:43:21.221 1189 1189 D NetworkSecurityConfig: No Network Security Config specified, using platform default
06-09 11:43:21.221 262 262 D xm_audio: adev_get_parameters
06-09 11:43:21.221 282 421 I hash_map_utils: system/bt/osi/src/hash_map_utils.cc:81 hash_map_utils_dump_string_keys_string_values: key: 'audio_devices_out' value: ''
06-09 11:43:21.222 487 620 I android_os_HwBinder: HwBinder: Starting thread pool for getting: android.hidl.manager@1.0::IServiceManager/default
06-09 11:43:21.222 1050 1050 D AudioManagerEx: type audio_devices_out list AUDIO_CODEC,AUDIO_SPDIF,AUDIO_HDMI=
06-09 11:43:21.227 1189 1189 I aaa : low stroage service is start !!!
06-09 11:43:21.229 677 677 E a2dp_vendor_ldac_decoder: system/bt/stack/a2dp/a2dp_vendor_ldac_decoder.cc:134 A2DP_VendorLoadDecoderLdac: A2DP_VendorLoadDecoderLdac: cannot open LDAC decoder library libldacBT_bco.so: dlopen failed: library "libldacBT_bco.so" not found
06-09 11:43:21.229 677 677 E a2dp_vendor_ldac: system/bt/stack/a2dp/a2dp_vendor_ldac.cc:1418 init: init: cannot load the decoder
06-09 11:43:21.229 677 677 I a2dp_codec: system/bt/stack/a2dp/a2dp_codec_config.cc:658 init: init: initialized Source codec LDAC
