06-10 14:06:09.004 487 487 I JobScheduler: RTC now valid; recalculating persisted job windows
06-10 14:06:09.016 487 547 E DiscreteRegistry: Deleting file 1749440605736tl
06-10 14:06:09.031 487 487 W SyncManager: Clock is valid now.
06-10 14:06:09.032 487 487 D ConditionProviders.SCP: onReceive android.intent.action.TIME_SET
06-10 14:06:09.049 487 487 D ConditionProviders.SCP: evaluateSubscriptionLocked cal=ScheduleCalendar[mDays={1, 2, 3, 4, 5, 6, 7}, mSchedule=ScheduleInfo{days=[1, 2, 3, 4, 5, 6, 7], startHour=22, startMinute=0, endHour=7, endMinute=0, exitAtAlarm=true, nextAlarm=Thu Jan 01 08:00:00 GMT+08:00 1970 (0)}], now=Tue Jun 10 14:06:09 GMT+08:00 2025 (1749535569032), nextUserAlarmTime=Thu Jan 01 08:00:00 GMT+08:00 1970 (0)
06-10 14:06:09.051 487 487 D ConditionProviders.SCP: notifyCondition condition://android/schedule?days=1.2.3.4.5.6.7&start=22.0&end=7.0&exitAtAlarm=true STATE_FALSE reason=!meetsSchedule
06-10 14:06:09.054 487 487 D ConditionProviders.SCP: Scheduling evaluate for Tue Jun 10 22:00:00 GMT+08:00 2025 (1749564000000), in +7h53m50s968ms, now=Tue Jun 10 14:06:09 GMT+08:00 2025 (1749535569032)
06-10 14:06:09.077 487 633 D CompatibilityChangeReporter: Compat change id reported: 143231523; UID 1000; state: DISABLED
06-10 14:06:09.178 487 532 W IorapForwardingService: No service published for: iorapd
06-10 14:06:09.331 487 547 I UsageStatsService: User[0] Time changed in by 94935 seconds
06-10 14:06:09.331 487 547 I UsageStatsService: User[0] Flushing usage stats to disk
06-10 14:06:09.358 487 547 I UsageStatsDatabase: Time changed by +1d2h22m15s810ms. files deleted: 0 files moved: 4
06-10 14:06:09.370 487 547 I UsageStatsService: User[0] Rollover scheduled @ 2025-06-11 14:05:34(1749621934762)
06-10 14:06:09.469 677 1005 I bluetooth: system/bt/stack/gap/gap_ble.cc:298 client_connect_cback: No active GAP service found for peer:xx:xx:xx:xx:c0:7d callback:Disconnected
06-10 14:06:09.469 677 1005 I bt_bta_gattc: system/bt/bta/gatt/bta_gattc_act.cc:1115 bta_gattc_conn_cback: Disconnected att_id:3 transport:le reason:UNKNOWN[%hu]
06-10 14:06:09.469 677 1005 I bt_bta_gattc: system/bt/bta/gatt/bta_gattc_act.cc:1115 bta_gattc_conn_cback: Disconnected att_id:4 transport:le reason:UNKNOWN[%hu]
06-10 14:06:09.469 677 1005 I bt_bta_gattc: system/bt/bta/gatt/bta_gattc_act.cc:1115 bta_gattc_conn_cback: Disconnected att_id:5 transport:le reason:UNKNOWN[%hu]
06-10 14:06:09.469 677 1005 W bt_stack: [WARNING:bta_gattc_act.cc(345)] bta_gattc_open_fail: Cannot establish Connection. conn_id=000000. Return GATT_ERROR(133)
06-10 14:06:09.470 677 857 W bt_btif : system/bt/main/bte_logmsg.cc:194 LogMsg: btif_hh_upstreams_evt: BTA_HH_OPN_EVT: handle=16, status =6
06-10 14:06:09.471 677 677 D BluetoothHidHostService: Connection state E4:BB:D3:57:C0:7D: 1->0
06-10 14:06:09.476 677 677 D AdapterProperties: PROFILE_CONNECTION_STATE_CHANGE: profile=4, device=E4:BB:D3:57:C0:7D, 1 -> 0
06-10 14:06:09.479 684 900 I LocalBluetoothProfileManager: Failed to connect HID device
06-10 14:06:09.489 677 677 D AdapterProperties: ADAPTER_CONNECTION_STATE_CHANGE: E4:BB:D3:57:C0:7D: 1 -> 0
06-10 14:06:09.501 684 900 D CachedBluetoothDevice: onProfileStateChanged: profile HID, device Dangbei, newProfileState 0
06-10 14:06:09.679 277 277 I EventThread: type=1400 audit(0.0:1083): avc: denied { search } for name="extcon" dev="sysfs" ino=18109 scontext=u:r:hal_tv_cec_default:s0 tcontext=u:object_r:sysfs_extcon:s0 tclass=dir permissive=1
06-10 14:06:10.019 487 600 D CompatibilityChangeReporter: Compat change id reported: 168419799; UID 10028; state: DISABLED
06-10 14:06:10.024 487 620 E WifiHealthMonitor: Hit PackageManager exception
06-10 14:06:10.024 487 620 E WifiHealthMonitor: android.content.pm.PackageManager$NameNotFoundException: No module info for package: com.android.wifi
06-10 14:06:10.024 487 620 E WifiHealthMonitor: at android.app.ApplicationPackageManager.getModuleInfo(ApplicationPackageManager.java:1079)
06-10 14:06:10.024 487 620 E WifiHealthMonitor: at com.android.server.wifi.WifiHealthMonitor.getWifiStackVersion(WifiHealthMonitor.java:366)
06-10 14:06:10.024 487 620 E WifiHealthMonitor: at com.android.server.wifi.WifiHealthMonitor.extractCurrentSoftwareBuildInfo(WifiHealthMonitor.java:587)
06-10 14:06:10.024 487 620 E WifiHealthMonitor: at com.android.server.wifi.WifiHealthMonitor.postBootSwBuildCheck(WifiHealthMonitor.java:522)
06-10 14:06:10.024 487 620 E WifiHealthMonitor: at com.android.server.wifi.WifiHealthMonitor.postBootDetectionHandler(WifiHealthMonitor.java:513)
06-10 14:06:10.024 487 620 E WifiHealthMonitor: at com.android.server.wifi.WifiHealthMonitor.access$500(WifiHealthMonitor.java:71)
06-10 14:06:10.024 487 620 E WifiHealthMonitor: at com.android.server.wifi.WifiHealthMonitor$2.onAlarm(WifiHealthMonitor.java:190)
06-10 14:06:10.024 487 620 E WifiHealthMonitor: at android.app.AlarmManager$ListenerWrapper.run(AlarmManager.java:323)
06-10 14:06:10.024 487 620 E WifiHealthMonitor: at android.os.Handler.handleCallback(Handler.java:938)
06-10 14:06:10.024 487 620 E WifiHealthMonitor: at android.os.Handler.dispatchMessage(Handler.java:99)
06-10 14:06:10.024 487 620 E WifiHealthMonitor: at android.os.Looper.loopOnce(Looper.java:201)
06-10 14:06:10.024 487 620 E WifiHealthMonitor: at android.os.Looper.loop(Looper.java:288)
06-10 14:06:10.024 487 620 E WifiHealthMonitor: at android.os.HandlerThread.run(HandlerThread.java:67)
06-10 14:06:10.025 1976 2745 D EpgDataCleanupService: Received intent: Intent { act=com.android.providers.tv.intent.CLEAN_UP_EPG_DATA cmp=com.android.providers.tv/.EpgDataCleanupService }
06-10 14:06:10.027 669 669 E WifiHAL : wifi_get_driver_version: Error -5 happened.
06-10 14:06:10.027 669 669 E android.hardware.wifi@1.0-service-lazy: Failed to get driver version: INVALID_ARGS
06-10 14:06:10.029 487 620 E WifiVendorHal: requestChipDebugInfo(l.2167) failed {.code = ERROR_INVALID_ARGS, .description = failed to get driver version}
06-10 14:06:10.029 487 620 I WifiVendorHal: Driver: null Firmware: null
06-10 14:06:10.030 669 669 E WifiHAL : wifi_get_driver_version: Error -5 happened.
06-10 14:06:10.030 669 669 E android.hardware.wifi@1.0-service-lazy: Failed to get driver version: INVALID_ARGS
06-10 14:06:10.031 487 620 E WifiVendorHal: requestChipDebugInfo(l.2167) failed {.code = ERROR_INVALID_ARGS, .description = failed to get driver version}
06-10 14:06:10.031 487 620 I WifiVendorHal: Driver: null Firmware: null
06-10 14:06:10.031 2165 2165 I rainbow_flow: type=1400 audit(0.0:1084): avc: denied { ioctl } for path="/dev/spidev1.0" dev="tmpfs" ino=6881 ioctlcmd=0x6b00 scontext=u:r:init:s0 tcontext=u:object_r:device:s0 tclass=chr_file permissive=1
06-10 14:06:10.067 256 256 I Binder:256_1: type=1400 audit(0.0:1085): avc: denied { add_name } for name="globalAlert" scontext=u:r:netd:s0 tcontext=u:object_r:proc_net:s0 tclass=dir permissive=1
06-10 14:06:10.067 256 256 I Binder:256_1: type=1400 audit(0.0:1086): avc: denied { create } for name="globalAlert" scontext=u:r:netd:s0 tcontext=u:object_r:proc_net:s0 tclass=file permissive=1
06-10 14:06:10.180 487 532 W IorapForwardingService: No service published for: iorapd
06-10 14:06:10.346 669 669 E WifiHAL : wifi_get_link_stats: requestResponse Error:-5
06-10 14:06:10.349 487 620 E WifiVendorHal: getWifiLinkLayerStats_1_5_Internal(l.1191) failed {.code = ERROR_INVALID_ARGS, .description = }
06-10 14:06:10.864 487 591 I ActivityStarter: ---START u0 {dat=haqu://setting:8080/home flg=0x10000000 pkg=com.dangbei.haqusetting cmp=com.dangbei.haqusetting/.ui.HomeActivity} from uid 1000
06-10 14:06:10.875 487 591 W ActivityTaskManager: Can't find TaskDisplayArea to determine support for multi window. Task id=47 attached=false
06-10 14:06:10.881 487 591 D CompatibilityChangeReporter: Compat change id reported: 174042980; UID 1000; state: DISABLED
06-10 14:06:10.886 276 276 I AW_PowerHAL: Power setMode: LAUNCH to: 1
06-10 14:06:10.888 487 591 D CompatibilityChangeReporter: Compat change id reported: 168419799; UID 1000; state: DISABLED
06-10 14:06:10.898 487 534 D CompatibilityChangeReporter: Compat change id reported: 158002302; UID 1000; state: ENABLED
06-10 14:06:10.901 487 533 I ActivityManager: com.dangbei.haqusetting is exempt from freezer
06-10 14:06:10.901 487 533 D CompatibilityChangeReporter: Compat change id reported: 135634846; UID 1000; state: DISABLED
06-10 14:06:10.917 276 276 I AW_PowerHAL: cur-mode:LAUNCH
06-10 14:06:10.919 257 257 D Zygote : Forked child process 2749
06-10 14:06:10.920 487 549 I ActivityManager: app.processName = com.dangbei.haqusetting
06-10 14:06:10.920 487 549 I ActivityManager: Start proc 2749:com.dangbei.haqusetting/1000 for pre-top-activity {com.dangbei.haqusetting/com.dangbei.haqusetting.ui.HomeActivity}
06-10 14:06:10.922 1103 1334 W SQLiteLog: (28) double-quoted string literal: "
06-10 14:06:10.922 1103 1334 W SQLiteLog: (28) double-quoted string literal: "46EDCFBE4BF2FBD13389C81BBCC2FF48"
06-10 14:06:10.928 2749 2749 I Zygote : seccomp disabled by setenforce 0
06-10 14:06:10.943 393 408 I adbd : jdwp connection from 2749
06-10 14:06:10.959 487 976 D AW_CODE : rotation =0
06-10 14:06:10.961 487 976 D CompatibilityChangeReporter: Compat change id reported: 181136395; UID 1000; state: DISABLED
06-10 14:06:10.962 487 976 D CompatibilityChangeReporter: Compat change id reported: 174042936; UID 1000; state: DISABLED
06-10 14:06:10.969 2749 2749 D CompatibilityChangeReporter: Compat change id reported: 171979766; UID 1000; state: ENABLED
06-10 14:06:10.971 487 547 I UsageStatsService: Time changed in by 94935 seconds
06-10 14:06:10.973 487 976 D WifiNl80211Manager: Scan result ready event
06-10 14:06:10.973 487 976 D WifiNative: Scan result ready event
06-10 14:06:11.009 684 684 D TvPipController: onTaskStackChanged()
06-10 14:06:11.017 487 624 D WificondScannerImpl: Filtering out 4 scan results.
06-10 14:06:11.037 669 669 E WifiHAL : wifi_get_link_stats: requestResponse Error:-5
06-10 14:06:11.040 487 620 E WifiVendorHal: getWifiLinkLayerStats_1_5_Internal(l.1191) failed {.code = ERROR_INVALID_ARGS, .description = }
06-10 14:06:11.073 2749 2749 V GraphicsEnvironment: ANGLE Developer option for 'com.dangbei.haqusetting' set to: 'default'
06-10 14:06:11.073 2749 2749 V GraphicsEnvironment: Neither updatable production driver nor prerelease driver is supported.
06-10 14:06:11.075 2749 2749 D NetworkSecurityConfig: No Network Security Config specified, using platform default
06-10 14:06:11.075 2749 2749 D NetworkSecurityConfig: No Network Security Config specified, using platform default
06-10 14:06:11.103 2749 2749 I MultiDex: VM with version 2.1.0 has multidex support
06-10 14:06:11.103 2749 2749 I MultiDex: Installing application
06-10 14:06:11.103 2749 2749 I MultiDex: VM has multidex support, MultiDex support library is disabled.
06-10 14:06:11.130 2749 2749 E ccc : cccccc HaquSettingApplication app onCreate start
06-10 14:06:11.162 2749 2749 E ccc : cccccc HaquSettingApplication app onCreate end
06-10 14:06:11.174 2749 2770 W ContextImpl: Calling a method in the system process without a qualified user: android.app.ContextImpl.bindService:1895 android.content.ContextWrapper.bindService:810 com.dangbei.lerad.etna.lib.client.EtnaClient.bindServer:138 com.dangbei.lerad.etna.lib.client.EtnaClient.access$600:29 com.dangbei.lerad.etna.lib.client.EtnaClient$3.call:205
06-10 14:06:11.181 487 532 W IorapForwardingService: No service published for: iorapd
06-10 14:06:11.247 1050 2092 E ccc : cccccc etnaService addListener com.dangbei.lerad.etna.aidl.IEtnaAidlListener$Stub$Proxy@5572ff9 com.dangbei.haqusetting
06-10 14:06:11.247 2749 2749 E ccc : cccccc etna-haqu-connected
06-10 14:06:11.263 1232 1232 I cling--ap-2: type=1400 audit(0.0:1087): avc: denied { search } for name="net" dev="sysfs" ino=10442 scontext=u:r:platform_app:s0:c512,c768 tcontext=u:object_r:sysfs_net:s0 tclass=dir permissive=1 app=com.dangbei.screencast
06-10 14:06:11.263 1232 1232 I cling--ap-2: type=1400 audit(0.0:1088): avc: denied { read } for name="address" dev="sysfs" ino=16906 scontext=u:r:platform_app:s0:c512,c768 tcontext=u:object_r:sysfs_net:s0 tclass=file permissive=1 app=com.dangbei.screencast
06-10 14:06:11.263 1232 1232 I cling--ap-2: type=1400 audit(0.0:1089): avc: denied { open } for path="/sys/devices/virtual/net/dummy0/address" dev="sysfs" ino=16906 scontext=u:r:platform_app:s0:c512,c768 tcontext=u:object_r:sysfs_net:s0 tclass=file permissive=1 app=com.dangbei.screencast
06-10 14:06:11.263 1232 1232 I cling--ap-2: type=1400 audit(0.0:1090): avc: denied { getattr } for path="/sys/devices/virtual/net/dummy0/address" dev="sysfs" ino=16906 scontext=u:r:platform_app:s0:c512,c768 tcontext=u:object_r:sysfs_net:s0 tclass=file permissive=1 app=com.dangbei.screencast
06-10 14:06:11.267 1232 1232 I cling--ap-2: type=1400 audit(0.0:1091): avc: denied { read } for name="address" dev="sysfs" ino=28601 scontext=u:r:platform_app:s0:c512,c768 tcontext=u:object_r:sysfs:s0 tclass=file permissive=1 app=com.dangbei.screencast
06-10 14:06:11.267 1232 1232 I cling--ap-2: type=1400 audit(0.0:1092): avc: denied { open } for path="/sys/devices/platform/unisoc_wifi/net/wlan1/address" dev="sysfs" ino=28601 scontext=u:r:platform_app:s0:c512,c768 tcontext=u:object_r:sysfs:s0 tclass=file permissive=1 app=com.dangbei.screencast
06-10 14:06:11.267 1232 1232 I cling--ap-2: type=1400 audit(0.0:1093): avc: denied { getattr } for path="/sys/devices/platform/unisoc_wifi/net/wlan1/address" dev="sysfs" ino=28601 scontext=u:r:platform_app:s0:c512,c768 tcontext=u:object_r:sysfs:s0 tclass=file permissive=1 app=com.dangbei.screencast
06-10 14:06:11.307 197 197 I hwservicemanager: getTransport: Cannot find entry android.hardware.configstore@1.0::ISurfaceFlingerConfigs/default in either framework or device VINTF manifest.
06-10 14:06:11.328 288 767 E HWComposer: getSupportedContentTypes: getSupportedContentTypes failed for display 0: Unsupported (8)
06-10 14:06:11.331 197 197 I hwservicemanager: getTransport: Cannot find entry android.hardware.graphics.mapper@4.0::IMapper/default in either framework or device VINTF manifest.
06-10 14:06:11.331 2749 2785 I Gralloc4: mapper 4.x is not supported
06-10 14:06:11.332 197 197 I hwservicemanager: getTransport: Cannot find entry android.hardware.graphics.mapper@3.0::IMapper/default in either framework or device VINTF manifest.
06-10 14:06:11.332 2749 2785 W Gralloc3: mapper 3.x is not supported
06-10 14:06:11.336 2749 2785 E gralloc : Arm Module v1.0
06-10 14:06:11.337 197 197 I hwservicemanager: getTransport: Cannot find entry android.hardware.graphics.allocator@4.0::IAllocator/default in either framework or device VINTF manifest.
06-10 14:06:11.337 2749 2785 W Gralloc4: allocator 4.x is not supported
06-10 14:06:11.338 197 197 I hwservicemanager: getTransport: Cannot find entry android.hardware.graphics.allocator@3.0::IAllocator/default in either framework or device VINTF manifest.
06-10 14:06:11.338 2749 2785 W Gralloc3: allocator 3.x is not supported
06-10 14:06:11.340 267 267 I gralloc : alloc buffer:W:1920 H:1080 S:1920 PL[1920 1080] SZ:8294400 fmt:1 if:0 af:1 usg:20000b00 fg:00000004
06-10 14:06:11.340 2749 2785 E ion : ioctl c0044901 failed with code -1: Inappropriate ioctl for device
06-10 14:06:11.341 267 267 I gralloc : alloc buffer:W:1920 H:1080 S:1920 PL[1920 1080] SZ:8294400 fmt:1 if:0 af:1 usg:20000b00 fg:00000004
06-10 14:06:11.342 267 267 I gralloc : alloc buffer:W:1920 H:1080 S:1920 PL[1920 1080] SZ:8294400 fmt:1 if:0 af:1 usg:20000b00 fg:00000004
06-10 14:06:11.363 2749 2749 W RecyclerView: No adapter attached; skipping layout
06-10 14:06:11.376 276 276 I AW_PowerHAL: Power setMode: LAUNCH to: 0
06-10 14:06:11.381 276 276 I AW_PowerHAL: cur-mode:SCHEDUTIL
06-10 14:06:11.387 487 528 I ActivityTaskManager: +++Displayed com.dangbei.haqusetting/.ui.HomeActivity: +504ms
06-10 14:06:11.389 2259 2259 I DefaultIMS: onStartInput attribute=android.view.inputmethod.EditorInfo@850f8a0 restarting=false inputType: 0
06-10 14:06:11.571 1050 2092 E ccc : cccccc UpdateHelper onMessageReceived com.dangbei.haqusetting com.dangbei.etna.update {"action":"get","functionTag":"leaf_controller_function_controller_dangbei_update","value":0} com.dangbei.lerad.etna.aidl.IEtnaAidlCallback$Stub$Proxy@a537b3e
06-10 14:06:11.575 1050 1076 E ccc : cccccc 请求电量实时 -1
06-10 14:06:11.571 1050 1050 I Binder:1050_4: type=1400 audit(0.0:1094): avc: denied { read } for name="devices" dev="proc" ino=4026532014 scontext=u:r:system_app:s0 tcontext=u:object_r:proc:s0 tclass=file permissive=1
06-10 14:06:11.571 1050 1050 I Binder:1050_4: type=1400 audit(0.0:1095): avc: denied { open } for path="/proc/bus/input/devices" dev="proc" ino=4026532014 scontext=u:r:system_app:s0 tcontext=u:object_r:proc:s0 tclass=file permissive=1
01-01 08:00:58.218 2092 2092 W audit : audit_lost=592 audit_rate_limit=5 audit_backlog_limit=64
01-01 08:00:58.218 2092 2092 E audit : rate limit exceeded
06-10 14:06:11.585 1050 2092 E RCInfo : vid:
06-10 14:06:11.585 1050 2092 E RCInfo : pid:
06-10 14:06:11.686 487 591 D ConnectivityService: requestNetwork for uid/pid:1000/2749 activeRequest: null callbackRequest: 35 [NetworkRequest [ REQUEST id=36, [ Capabilities: INTERNET&NOT_RESTRICTED&TRUSTED&NOT_VCN_MANAGED Uid: 1000 RequestorUid: 1000 RequestorPkg: com.dangbei.haqusetting] ]] callback flags: 0 priority: 2147483647
06-10 14:06:11.687 487 627 D ConnectivityService: NetReassign [36 : null → 100]
06-10 14:06:11.691 487 662 D Ethernet: got request NetworkRequest [ REQUEST id=36, [ Capabilities: INTERNET&NOT_RESTRICTED&TRUSTED&NOT_VCN_MANAGED Uid: 1000 RequestorUid: 1000 RequestorPkg: com.dangbei.haqusetting] ]
06-10 14:06:11.691 487 620 D WifiNetworkFactory: got request NetworkRequest [ REQUEST id=36, [ Capabilities: INTERNET&NOT_RESTRICTED&TRUSTED&NOT_VCN_MANAGED Uid: 1000 RequestorUid: 1000 RequestorPkg: com.dangbei.haqusetting] ]
06-10 14:06:11.691 487 662 D EthernetNetworkFactory: acceptRequest, request: NetworkRequest [ REQUEST id=36, [ Capabilities: INTERNET&NOT_RESTRICTED&TRUSTED&NOT_VCN_MANAGED Uid: 1000 RequestorUid: 1000 RequestorPkg: com.dangbei.haqusetting] ]
06-10 14:06:11.691 487 662 I EthernetNetworkFactory: networkForRequest, request: NetworkRequest [ REQUEST id=36, [ Capabilities: INTERNET&NOT_RESTRICTED&TRUSTED&NOT_VCN_MANAGED Uid: 1000 RequestorUid: 1000 RequestorPkg: com.dangbei.haqusetting] ], network: null
06-10 14:06:11.691 487 620 D UntrustedWifiNetworkFactory: got request NetworkRequest [ REQUEST id=36, [ Capabilities: INTERNET&NOT_RESTRICTED&TRUSTED&NOT_VCN_MANAGED Uid: 1000 RequestorUid: 1000 RequestorPkg: com.dangbei.haqusetting] ]
06-10 14:06:11.692 487 620 D OemPaidWifiNetworkFactory: got request NetworkRequest [ REQUEST id=36, [ Capabilities: INTERNET&NOT_RESTRICTED&TRUSTED&NOT_VCN_MANAGED Uid: 1000 RequestorUid: 1000 RequestorPkg: com.dangbei.haqusetting] ]
06-10 14:06:11.697 2259 2259 I DefaultIMS: onStartInput attribute=android.view.inputmethod.EditorInfo@1facc59 restarting=false inputType: 0
06-10 14:06:11.867 1050 2092 E ccc : cccccc settingHelper resetManager
06-10 14:06:11.869 1050 2092 D DisplayOutputImpl: updateSupportModes type = 4
06-10 14:06:11.871 271 271 D DisplayConfig: virtual Return vendor::display::config::V1_0::implementation::DisplayConfig::getSupportedModes(int32_t, vendor::display::config::V1_0::IDisplayConfig::getSupportedModes_cb): display[0] ret=0, supported modes count(18)
06-10 14:06:11.874 271 271 D DisplayConfig: virtual Return vendor::display::config::V1_0::implementation::DisplayConfig::getSupportedModes(int32_t, vendor::display::config::V1_0::IDisplayConfig::getSupportedModes_cb): display[0] ret=0, supported modes count(18)
06-10 14:06:11.876 271 271 W displayd: xxxxxxx: hdmi user strategy: 28
06-10 14:06:11.877 271 271 W displayd: xxxxxxx: getHDMINativeMode: use perfect hdmi mode(35) as native mode
06-10 14:06:11.879 1050 2092 D DisplayOutputImpl: updateSupportModes = 10 , 28 , false
06-10 14:06:11.880 1050 2092 V HdmiDisplayManager: H618
06-10 14:06:11.882 271 307 D DisplayConfig: virtual Return vendor::display::config::V1_0::implementation::DisplayConfig::getSupportedModes(int32_t, vendor::display::config::V1_0::IDisplayConfig::getSupportedModes_cb): display[0] ret=0, supported modes count(18)
06-10 14:06:11.885 271 307 W displayd: xxxxxxx: hdmi user strategy: 28
06-10 14:06:11.885 271 307 W displayd: xxxxxxx: getHDMINativeMode: use perfect hdmi mode(35) as native mode
06-10 14:06:11.886 1050 2092 D DisplayOutputImpl: getDisplayOutputMode = 10 , 28 , false
06-10 14:06:11.887 271 307 D DisplayConfig: virtual Return vendor::display::config::V1_0::implementation::DisplayConfig::getSupportedModes(int32_t, vendor::display::config::V1_0::IDisplayConfig::getSupportedModes_cb): display[0] ret=0, supported modes count(18)
06-10 14:06:11.888 271 307 W displayd: xxxxxxx: hdmi user strategy: 28
06-10 14:06:11.889 271 271 W displayd: xxxxxxx: getHDMINativeMode: use perfect hdmi mode(35) as native mode
06-10 14:06:11.889 1050 2092 D DisplayOutputImpl: getDisplayOutputMode = 10 , 28 , false
06-10 14:06:11.889 1050 2092 E ccc : cccccc current is 1080p 60Hz
06-10 14:06:11.889 1050 2092 D DisplayOutputImpl: updateSupportModes type = 4
06-10 14:06:11.890 271 271 D DisplayConfig: virtual Return vendor::display::config::V1_0::implementation::DisplayConfig::getSupportedModes(int32_t, vendor::display::config::V1_0::IDisplayConfig::getSupportedModes_cb): display[0] ret=0, supported modes count(18)
06-10 14:06:11.892 271 271 D DisplayConfig: virtual Return vendor::display::config::V1_0::implementation::DisplayConfig::getSupportedModes(int32_t, vendor::display::config::V1_0::IDisplayConfig::getSupportedModes_cb): display[0] ret=0, supported modes count(18)
06-10 14:06:11.893 271 271 W displayd: xxxxxxx: hdmi user strategy: 28
06-10 14:06:11.898 271 307 W displayd: xxxxxxx: getHDMINativeMode: use perfect hdmi mode(35) as native mode
06-10 14:06:11.899 1050 2092 D DisplayOutputImpl: updateSupportModes = 10 , 28 , false
06-10 14:06:11.909 1050 2092 E ccc : cccccc ColorFormatManager reset
06-10 14:06:11.913 1050 2092 E ccc : cccccc ColorHelper current get RGB888_8BIT
06-10 14:06:11.936 271 307 D DisplayConfig: virtual Return vendor::display::config::V1_0::implementation::DisplayConfig::getSupportedModes(int32_t, vendor::display::config::V1_0::IDisplayConfig::getSupportedModes_cb): display[0] ret=0, supported modes count(18)
06-10 14:06:11.939 271 307 W displayd: xxxxxxx: hdmi user strategy: 28
06-10 14:06:11.941 271 307 W displayd: xxxxxxx: getHDMINativeMode: use perfect hdmi mode(35) as native mode
06-10 14:06:11.942 1050 2092 D DisplayOutputImpl: getDisplayOutputMode = 10 , 28 , false
06-10 14:06:11.942 1050 2092 E ccc : cccccc current is 1080p 60Hz
06-10 14:06:11.947 1050 1076 E ccc : cccccc ColorHelper current get RGB888_8BIT
06-10 14:06:12.183 487 532 W IorapForwardingService: No service published for: iorapd
06-10 14:06:12.894 2259 2259 I DefaultIMS: onStartInput attribute=android.view.inputmethod.EditorInfo@7e2501e restarting=false inputType: 0
06-10 14:06:13.051 2749 2759 I bei.haqusettin: Background young concurrent copying GC freed 18933(1136KB) AllocSpace objects, 0(0B) LOS objects, 87% free, 3519KB/27MB, paused 268us total 115.327ms
06-10 14:06:13.100 487 591 D TvWindowManager: key event key = KEYCODE_DPAD_LEFT down = true
06-10 14:06:13.103 487 591 W SoundPool: Use of stream types is deprecated for operations other than volume control
06-10 14:06:13.104 487 591 W SoundPool: See the documentation of SoundPool() for what to use instead with android.media.AudioAttributes to qualify your playback use case
06-10 14:06:13.109 487 605 D GpioService: mFlickerEnable = true
06-10 14:06:13.114 2259 2259 I SogouIME: onKeyDown: keyoCode=21
06-10 14:06:13.114 2259 2259 I DefaultIMS: onKeyDown: keyoCode=21
06-10 14:06:13.139 487 2799 D MediaCodecList: codecHandlesFormat: no format, so no extra checks
06-10 14:06:13.141 487 2798 D MediaCodecList: codecHandlesFormat: no format, so no extra checks
06-10 14:06:13.143 487 2802 D CCodec : allocate(c2.android.vorbis.decoder)
06-10 14:06:13.144 487 2803 D CCodec : allocate(c2.android.vorbis.decoder)
06-10 14:06:13.144 380 820 V C2Store : in init
06-10 14:06:13.144 380 820 V C2Store : loading dll
06-10 14:06:13.151 487 2802 I CCodec : Created component [c2.android.vorbis.decoder]
06-10 14:06:13.152 487 2802 D CCodecConfig: read media type: audio/vorbis
06-10 14:06:13.152 487 2803 I CCodec : Created component [c2.android.vorbis.decoder]
06-10 14:06:13.153 487 2803 D CCodecConfig: read media type: audio/vorbis
06-10 14:06:13.156 487 2803 D ReflectedParamUpdater: extent() != 1 for single value type: algo.buffers.max-count.values
06-10 14:06:13.156 487 2802 D ReflectedParamUpdater: extent() != 1 for single value type: algo.buffers.max-count.values
06-10 14:06:13.157 487 2803 D ReflectedParamUpdater: extent() != 1 for single value type: output.subscribed-indices.values
06-10 14:06:13.157 487 2803 D ReflectedParamUpdater: extent() != 1 for single value type: input.buffers.allocator-ids.values
06-10 14:06:13.157 487 2802 D ReflectedParamUpdater: extent() != 1 for single value type: output.subscribed-indices.values
06-10 14:06:13.157 487 2803 D ReflectedParamUpdater: extent() != 1 for single value type: output.buffers.allocator-ids.values
06-10 14:06:13.157 487 2802 D ReflectedParamUpdater: extent() != 1 for single value type: input.buffers.allocator-ids.values
06-10 14:06:13.157 487 2803 D ReflectedParamUpdater: extent() != 1 for single value type: algo.buffers.allocator-ids.values
06-10 14:06:13.157 487 2802 D ReflectedParamUpdater: extent() != 1 for single value type: output.buffers.allocator-ids.values
06-10 14:06:13.157 487 2803 D ReflectedParamUpdater: extent() != 1 for single value type: output.buffers.pool-ids.values
06-10 14:06:13.157 487 2802 D ReflectedParamUpdater: extent() != 1 for single value type: algo.buffers.allocator-ids.values
06-10 14:06:13.157 487 2803 D ReflectedParamUpdater: extent() != 1 for single value type: algo.buffers.pool-ids.values
06-10 14:06:13.158 487 2802 D ReflectedParamUpdater: extent() != 1 for single value type: output.buffers.pool-ids.values
06-10 14:06:13.158 487 2802 D ReflectedParamUpdater: extent() != 1 for single value type: algo.buffers.pool-ids.values
06-10 14:06:13.162 487 2803 I CCodecConfig: query failed after returning 7 values (BAD_INDEX)
06-10 14:06:13.162 487 2802 I CCodecConfig: query failed after returning 7 values (BAD_INDEX)
06-10 14:06:13.162 487 2803 D CCodecConfig: c2 config diff is Dict {
06-10 14:06:13.162 487 2803 D CCodecConfig: c2::u32 coded.bitrate.value = 64000
06-10 14:06:13.162 487 2803 D CCodecConfig: c2::u32 input.buffers.max-size.value = 32768
06-10 14:06:13.162 487 2803 D CCodecConfig: c2::u32 input.delay.value = 0
06-10 14:06:13.162 487 2803 D CCodecConfig: string input.media-type.value = "audio/vorbis"
06-10 14:06:13.162 487 2803 D CCodecConfig: string output.media-type.value = "audio/raw"
06-10 14:06:13.162 487 2803 D CCodecConfig: c2::u32 raw.channel-count.value = 1
06-10 14:06:13.162 487 2803 D CCodecConfig: c2::u32 raw.sample-rate.value = 48000
06-10 14:06:13.162 487 2803 D CCodecConfig: }
06-10 14:06:13.162 487 2802 D CCodecConfig: c2 config diff is Dict {
06-10 14:06:13.162 487 2802 D CCodecConfig: c2::u32 coded.bitrate.value = 64000
06-10 14:06:13.162 487 2802 D CCodecConfig: c2::u32 input.buffers.max-size.value = 32768
06-10 14:06:13.162 487 2802 D CCodecConfig: c2::u32 input.delay.value = 0
06-10 14:06:13.162 487 2802 D CCodecConfig: string input.media-type.value = "audio/vorbis"
06-10 14:06:13.162 487 2802 D CCodecConfig: string output.media-type.value = "audio/raw"
06-10 14:06:13.162 487 2802 D CCodecConfig: c2::u32 raw.channel-count.value = 1
06-10 14:06:13.162 487 2802 D CCodecConfig: c2::u32 raw.sample-rate.value = 48000
06-10 14:06:13.162 487 2802 D CCodecConfig: }
06-10 14:06:13.165 487 2803 D CCodec : [c2.android.vorbis.decoder] buffers are bound to CCodec for this session
06-10 14:06:13.165 487 2802 D CCodec : [c2.android.vorbis.decoder] buffers are bound to CCodec for this session
06-10 14:06:13.165 487 2803 D CCodecConfig: no c2 equivalents for durationUs
06-10 14:06:13.165 487 2803 D CCodecConfig: no c2 equivalents for track-id
06-10 14:06:13.165 487 2802 D CCodecConfig: no c2 equivalents for durationUs
06-10 14:06:13.165 487 2803 D CCodecConfig: no c2 equivalents for csd-1
06-10 14:06:13.165 487 2802 D CCodecConfig: no c2 equivalents for track-id
06-10 14:06:13.165 487 2803 D CCodecConfig: no c2 equivalents for channel-mask
06-10 14:06:13.165 487 2802 D CCodecConfig: no c2 equivalents for csd-1
06-10 14:06:13.165 487 2803 D CCodecConfig: no c2 equivalents for flags
06-10 14:06:13.165 487 2802 D CCodecConfig: no c2 equivalents for channel-mask
06-10 14:06:13.165 487 2802 D CCodecConfig: no c2 equivalents for flags
06-10 14:06:13.166 487 2802 D CCodecConfig: c2 config diff is c2::u32 coded.bitrate.value = 112000
06-10 14:06:13.166 487 2802 D CCodecConfig: c2::u32 raw.channel-count.value = 2
06-10 14:06:13.166 487 2802 D CCodecConfig: c2::u32 raw.sample-rate.value = 44100
06-10 14:06:13.166 487 2803 D CCodecConfig: c2 config diff is c2::u32 coded.bitrate.value = 112000
06-10 14:06:13.166 487 2803 D CCodecConfig: c2::u32 raw.channel-count.value = 2
06-10 14:06:13.166 487 2803 D CCodecConfig: c2::u32 raw.sample-rate.value = 44100
06-10 14:06:13.168 487 2802 W Codec2Client: query -- param skipped: index = 1107298332.
06-10 14:06:13.168 487 2803 W Codec2Client: query -- param skipped: index = 1107298332.
06-10 14:06:13.168 487 2803 D CCodec : setup formats input: AMessage(what = 0x00000000) = {
06-10 14:06:13.168 487 2803 D CCodec : int32_t bitrate = 112000
06-10 14:06:13.168 487 2803 D CCodec : int32_t channel-count = 2
06-10 14:06:13.168 487 2803 D CCodec : int32_t max-input-size = 32768
06-10 14:06:13.168 487 2803 D CCodec : string mime = "audio/vorbis"
06-10 14:06:13.168 487 2803 D CCodec : int32_t sample-rate = 44100
06-10 14:06:13.168 487 2803 D CCodec : }
06-10 14:06:13.168 487 2802 D CCodec : setup formats input: AMessage(what = 0x00000000) = {
06-10 14:06:13.168 487 2802 D CCodec : int32_t bitrate = 112000
06-10 14:06:13.168 487 2802 D CCodec : int32_t channel-count = 2
06-10 14:06:13.168 487 2802 D CCodec : int32_t max-input-size = 32768
06-10 14:06:13.168 487 2802 D CCodec : string mime = "audio/vorbis"
06-10 14:06:13.168 487 2802 D CCodec : int32_t sample-rate = 44100
06-10 14:06:13.168 487 2802 D CCodec : }
06-10 14:06:13.168 487 2803 D CCodec : setup formats output: AMessage(what = 0x00000000) = {
06-10 14:06:13.168 487 2803 D CCodec : int32_t channel-count = 2
06-10 14:06:13.168 487 2803 D CCodec : string mime = "audio/raw"
06-10 14:06:13.168 487 2803 D CCodec : int32_t sample-rate = 44100
06-10 14:06:13.168 487 2803 D CCodec : int32_t channel-mask = 3
06-10 14:06:13.168 487 2803 D CCodec : }
06-10 14:06:13.168 487 2802 D CCodec : setup formats output: AMessage(what = 0x00000000) = {
06-10 14:06:13.168 487 2802 D CCodec : int32_t channel-count = 2
06-10 14:06:13.168 487 2802 D CCodec : string mime = "audio/raw"
06-10 14:06:13.168 487 2802 D CCodec : int32_t sample-rate = 44100
06-10 14:06:13.168 487 2802 D CCodec : int32_t channel-mask = 3
06-10 14:06:13.168 487 2802 D CCodec : }
06-10 14:06:13.168 487 2802 I CCodecConfig: query failed after returning 7 values (BAD_INDEX)
06-10 14:06:13.168 487 2803 I CCodecConfig: query failed after returning 7 values (BAD_INDEX)
06-10 14:06:13.169 487 2802 W Codec2Client: query -- param skipped: index = 1342179345.
06-10 14:06:13.169 487 2803 W Codec2Client: query -- param skipped: index = 1342179345.
06-10 14:06:13.169 487 2802 W Codec2Client: query -- param skipped: index = 2415921170.
06-10 14:06:13.169 487 2803 W Codec2Client: query -- param skipped: index = 2415921170.
06-10 14:06:13.171 380 855 D BufferPoolAccessor2.0: bufferpool2 0xed1d2198 : 0(0 size) total buffers - 0(0 size) used buffers - 135/145 (recycle/alloc) - 10/144 (fetch/transfer)
06-10 14:06:13.171 380 820 D BufferPoolAccessor2.0: bufferpool2 0xed1d1f18 : 0(0 size) total buffers - 0(0 size) used buffers - 133/145 (recycle/alloc) - 12/144 (fetch/transfer)
06-10 14:06:13.172 380 855 D BufferPoolAccessor2.0: Destruction - bufferpool2 0xed1d2198 cached: 0/0M, 0/0% in use; allocs: 145, 93% recycled; transfers: 144, 93% unfetched
06-10 14:06:13.172 380 820 D BufferPoolAccessor2.0: Destruction - bufferpool2 0xed1d1f18 cached: 0/0M, 0/0% in use; allocs: 145, 92% recycled; transfers: 144, 92% unfetched
06-10 14:06:13.172 380 380 D BufferPoolAccessor2.0: bufferpool2 0xed1d22d8 : 0(0 size) total buffers - 0(0 size) used buffers - 17/21 (recycle/alloc) - 4/20 (fetch/transfer)
06-10 14:06:13.172 380 942 D BufferPoolAccessor2.0: Destruction - bufferpool2 0xed1d22d8 cached: 0/0M, 0/0% in use; allocs: 21, 81% recycled; transfers: 20, 80% unfetched
06-10 14:06:13.172 380 855 D BufferPoolAccessor2.0: bufferpool2 0xed1d2e18 : 0(0 size) total buffers - 0(0 size) used buffers - 16/19 (recycle/alloc) - 3/18 (fetch/transfer)
06-10 14:06:13.172 380 855 D BufferPoolAccessor2.0: Destruction - bufferpool2 0xed1d2e18 cached: 0/0M, 0/0% in use; allocs: 19, 84% recycled; transfers: 18, 83% unfetched
06-10 14:06:13.172 380 820 D BufferPoolAccessor2.0: bufferpool2 0xed1d2558 : 0(0 size) total buffers - 0(0 size) used buffers - 29/32 (recycle/alloc) - 3/31 (fetch/transfer)
06-10 14:06:13.172 380 820 D BufferPoolAccessor2.0: Destruction - bufferpool2 0xed1d2558 cached: 0/0M, 0/0% in use; allocs: 32, 91% recycled; transfers: 31, 90% unfetched
06-10 14:06:13.172 380 942 D BufferPoolAccessor2.0: bufferpool2 0xed1d2918 : 0(0 size) total buffers - 0(0 size) used buffers - 33/36 (recycle/alloc) - 3/35 (fetch/transfer)
06-10 14:06:13.172 487 2802 D CCodecBufferChannel: [c2.android.vorbis.decoder#95] Created input block pool with allocatorID 16 => poolID 23 - OK (0)
06-10 14:06:13.173 380 942 D BufferPoolAccessor2.0: Destruction - bufferpool2 0xed1d2918 cached: 0/0M, 0/0% in use; allocs: 36, 92% recycled; transfers: 35, 91% unfetched
06-10 14:06:13.174 487 2803 D CCodecBufferChannel: [c2.android.vorbis.decoder#207] Created input block pool with allocatorID 16 => poolID 24 - OK (0)
06-10 14:06:13.174 487 673 D BufferPoolAccessor2.0: bufferpool2 0xf02dbb98 : 0(0 size) total buffers - 0(0 size) used buffers - 2/7 (recycle/alloc) - 12/294 (fetch/transfer)
06-10 14:06:13.174 487 673 D BufferPoolAccessor2.0: Destruction - bufferpool2 0xf02dbb98 cached: 0/0M, 0/0% in use; allocs: 7, 29% recycled; transfers: 294, 96% unfetched
06-10 14:06:13.174 487 892 D BufferPoolAccessor2.0: bufferpool2 0xf02dba58 : 0(0 size) total buffers - 0(0 size) used buffers - 1/7 (recycle/alloc) - 13/294 (fetch/transfer)
06-10 14:06:13.174 487 892 D BufferPoolAccessor2.0: Destruction - bufferpool2 0xf02dba58 cached: 0/0M, 0/0% in use; allocs: 7, 14% recycled; transfers: 294, 96% unfetched
06-10 14:06:13.174 487 673 D BufferPoolAccessor2.0: bufferpool2 0xf0bed758 : 0(0 size) total buffers - 0(0 size) used buffers - 2/7 (recycle/alloc) - 6/46 (fetch/transfer)
06-10 14:06:13.174 487 673 D BufferPoolAccessor2.0: Destruction - bufferpool2 0xf0bed758 cached: 0/0M, 0/0% in use; allocs: 7, 29% recycled; transfers: 46, 87% unfetched
06-10 14:06:13.175 487 648 D BufferPoolAccessor2.0: bufferpool2 0xf0bed9d8 : 0(0 size) total buffers - 0(0 size) used buffers - 1/7 (recycle/alloc) - 6/42 (fetch/transfer)
06-10 14:06:13.175 487 648 D BufferPoolAccessor2.0: Destruction - bufferpool2 0xf0bed9d8 cached: 0/0M, 0/0% in use; allocs: 7, 14% recycled; transfers: 42, 86% unfetched
06-10 14:06:13.175 487 648 D BufferPoolAccessor2.0: bufferpool2 0xf0bed618 : 0(0 size) total buffers - 0(0 size) used buffers - 1/7 (recycle/alloc) - 6/68 (fetch/transfer)
06-10 14:06:13.175 487 648 D BufferPoolAccessor2.0: Destruction - bufferpool2 0xf0bed618 cached: 0/0M, 0/0% in use; allocs: 7, 14% recycled; transfers: 68, 91% unfetched
06-10 14:06:13.175 823 914 D BufferPoolAccessor2.0: bufferpool2 0xf18661d8 : 0(0 size) total buffers - 0(0 size) used buffers - 2/7 (recycle/alloc) - 5/92 (fetch/transfer)
06-10 14:06:13.175 823 914 D BufferPoolAccessor2.0: Destruction - bufferpool2 0xf18661d8 cached: 0/0M, 0/0% in use; allocs: 7, 29% recycled; transfers: 92, 95% unfetched
06-10 14:06:13.176 823 914 D BufferPoolAccessor2.0: bufferpool2 0xf18670d8 : 0(0 size) total buffers - 0(0 size) used buffers - 2/7 (recycle/alloc) - 6/96 (fetch/transfer)
06-10 14:06:13.176 823 914 D BufferPoolAccessor2.0: Destruction - bufferpool2 0xf18670d8 cached: 0/0M, 0/0% in use; allocs: 7, 29% recycled; transfers: 96, 94% unfetched
06-10 14:06:13.176 487 2802 I CCodecBufferChannel: [c2.android.vorbis.decoder#95] Created output block pool with allocatorID 16 => poolID 25 - OK
06-10 14:06:13.176 487 648 D BufferPoolAccessor2.0: bufferpool2 0xf0bedb18 : 0(0 size) total buffers - 0(0 size) used buffers - 2/7 (recycle/alloc) - 5/76 (fetch/transfer)
06-10 14:06:13.176 487 648 D BufferPoolAccessor2.0: Destruction - bufferpool2 0xf0bedb18 cached: 0/0M, 0/0% in use; allocs: 7, 29% recycled; transfers: 76, 93% unfetched
06-10 14:06:13.176 487 2802 D CCodecBufferChannel: [c2.android.vorbis.decoder#95] Configured output block pool ids 25 => OK
06-10 14:06:13.178 487 2803 I CCodecBufferChannel: [c2.android.vorbis.decoder#207] Created output block pool with allocatorID 16 => poolID 26 - OK
06-10 14:06:13.178 487 2803 D CCodecBufferChannel: [c2.android.vorbis.decoder#207] Configured output block pool ids 26 => OK
06-10 14:06:13.181 380 2804 D SimpleC2Component: Using output block pool with poolID 25 => got 25 - 0
06-10 14:06:13.183 380 2805 D SimpleC2Component: Using output block pool with poolID 26 => got 26 - 0
06-10 14:06:13.186 487 532 W IorapForwardingService: No service published for: iorapd
06-10 14:06:13.187 2806 2806 I Thread-2: type=1400 audit(0.0:1097): avc: denied { execute } for name="am" dev="dm-5" ino=1160 scontext=u:r:system_app:s0 tcontext=u:object_r:vendor_file:s0 tclass=file permissive=1
06-10 14:06:13.191 277 297 D hdmi-cec: receive invalid cec message!
06-10 14:06:13.191 277 297 D hdmi-cec: receive poll message [04], skip!
06-10 14:06:13.187 2806 2806 I Thread-2: type=1400 audit(0.0:1098): avc: denied { read open } for path="/vendor/xbin/am" dev="dm-5" ino=1160 scontext=u:r:system_app:s0 tcontext=u:object_r:vendor_file:s0 tclass=file permissive=1
06-10 14:06:13.187 2806 2806 I Thread-2: type=1400 audit(0.0:1099): avc: denied { execute_no_trans } for path="/vendor/xbin/am" dev="dm-5" ino=1160 scontext=u:r:system_app:s0 tcontext=u:object_r:vendor_file:s0 tclass=file permissive=1
06-10 14:06:13.212 487 591 D TvWindowManager: key event key = KEYCODE_DPAD_LEFT down = false
06-10 14:06:13.220 2259 2259 I SogouIME: onKeyUp: keyoCode=21
06-10 14:06:13.220 2259 2259 I DefaultIMS: onKeyUp: keyoCode=21
06-10 14:06:13.234 2259 2259 I DefaultIMS: onStartInput attribute=android.view.inputmethod.EditorInfo@2dcfecc restarting=false inputType: 0
06-10 14:06:13.288 1189 1189 D bbb : onStartCommand begin !!!!!!! data分区剩余 20615MB
06-10 14:06:13.315 1133 1133 D aaa : LedStatusService onStartCommand begin
06-10 14:06:13.318 1133 2816 D aaa : topPkg is -------------- :com.dangbei.haqusetting
06-10 14:06:13.349 487 2803 D CCodecBufferChannel: [c2.android.vorbis.decoder#207] MediaCodec discarded an unknown buffer
06-10 14:06:13.353 487 2817 I hw-BpHwBinder: onLastStrongRef automatically unlinking death recipients
06-10 14:06:13.366 669 669 E WifiHAL : wifi_get_link_stats: requestResponse Error:-5
06-10 14:06:13.369 487 620 E WifiVendorHal: getWifiLinkLayerStats_1_5_Internal(l.1191) failed {.code = ERROR_INVALID_ARGS, .description = }
06-10 14:06:13.369 487 2802 D CCodecBufferChannel: [c2.android.vorbis.decoder#95] MediaCodec discarded an unknown buffer
06-10 14:06:13.369 487 2802 D CCodecBufferChannel: [c2.android.vorbis.decoder#95] MediaCodec discarded an unknown buffer
06-10 14:06:13.370 487 2802 I hw-BpHwBinder: onLastStrongRef automatically unlinking death recipients
06-10 14:06:13.371 380 942 I hw-BpHwBinder: onLastStrongRef automatically unlinking death recipients
06-10 14:06:13.371 380 942 V C2Store : in ~ComponentModule
06-10 14:06:13.371 380 942 V C2Store : unloading dll
06-10 14:06:13.386 487 2798 D MediaCodecList: codecHandlesFormat: no format, so no extra checks
06-10 14:06:13.388 487 2819 D CCodec : allocate(c2.android.vorbis.decoder)
06-10 14:06:13.388 380 855 V C2Store : in init
06-10 14:06:13.388 380 855 V C2Store : loading dll
06-10 14:06:13.393 487 2819 I CCodec : Created component [c2.android.vorbis.decoder]
06-10 14:06:13.394 487 2819 D CCodecConfig: read media type: audio/vorbis
06-10 14:06:13.397 487 2819 D ReflectedParamUpdater: extent() != 1 for single value type: algo.buffers.max-count.values
06-10 14:06:13.399 487 2819 D ReflectedParamUpdater: extent() != 1 for single value type: output.subscribed-indices.values
06-10 14:06:13.399 487 2819 D ReflectedParamUpdater: extent() != 1 for single value type: input.buffers.allocator-ids.values
06-10 14:06:13.399 487 2819 D ReflectedParamUpdater: extent() != 1 for single value type: output.buffers.allocator-ids.values
06-10 14:06:13.399 487 2819 D ReflectedParamUpdater: extent() != 1 for single value type: algo.buffers.allocator-ids.values
06-10 14:06:13.399 487 2819 D ReflectedParamUpdater: extent() != 1 for single value type: output.buffers.pool-ids.values
06-10 14:06:13.399 487 2819 D ReflectedParamUpdater: extent() != 1 for single value type: algo.buffers.pool-ids.values
06-10 14:06:13.402 487 2819 I CCodecConfig: query failed after returning 7 values (BAD_INDEX)
06-10 14:06:13.402 487 2819 D CCodecConfig: c2 config diff is Dict {
06-10 14:06:13.402 487 2819 D CCodecConfig: c2::u32 coded.bitrate.value = 64000
06-10 14:06:13.402 487 2819 D CCodecConfig: c2::u32 input.buffers.max-size.value = 32768
06-10 14:06:13.402 487 2819 D CCodecConfig: c2::u32 input.delay.value = 0
06-10 14:06:13.402 487 2819 D CCodecConfig: string input.media-type.value = "audio/vorbis"
06-10 14:06:13.402 487 2819 D CCodecConfig: string output.media-type.value = "audio/raw"
06-10 14:06:13.402 487 2819 D CCodecConfig: c2::u32 raw.channel-count.value = 1
06-10 14:06:13.402 487 2819 D CCodecConfig: c2::u32 raw.sample-rate.value = 48000
06-10 14:06:13.402 487 2819 D CCodecConfig: }
06-10 14:06:13.403 487 2819 D CCodec : [c2.android.vorbis.decoder] buffers are bound to CCodec for this session
06-10 14:06:13.404 487 2819 D CCodecConfig: no c2 equivalents for durationUs
06-10 14:06:13.404 487 2819 D CCodecConfig: no c2 equivalents for track-id
06-10 14:06:13.404 487 2819 D CCodecConfig: no c2 equivalents for csd-1
06-10 14:06:13.404 487 2819 D CCodecConfig: no c2 equivalents for channel-mask
06-10 14:06:13.404 487 2819 D CCodecConfig: no c2 equivalents for flags
06-10 14:06:13.404 487 2819 D CCodecConfig: c2 config diff is c2::u32 coded.bitrate.value = 112000
06-10 14:06:13.404 487 2819 D CCodecConfig: c2::u32 raw.channel-count.value = 2
06-10 14:06:13.404 487 2819 D CCodecConfig: c2::u32 raw.sample-rate.value = 44100
06-10 14:06:13.405 487 2819 W Codec2Client: query -- param skipped: index = 1107298332.
06-10 14:06:13.406 487 2819 D CCodec : setup formats input: AMessage(what = 0x00000000) = {
06-10 14:06:13.406 487 2819 D CCodec : int32_t bitrate = 112000
06-10 14:06:13.406 487 2819 D CCodec : int32_t channel-count = 2
06-10 14:06:13.406 487 2819 D CCodec : int32_t max-input-size = 32768
06-10 14:06:13.406 487 2819 D CCodec : string mime = "audio/vorbis"
06-10 14:06:13.406 487 2819 D CCodec : int32_t sample-rate = 44100
06-10 14:06:13.406 487 2819 D CCodec : }
06-10 14:06:13.406 487 2819 D CCodec : setup formats output: AMessage(what = 0x00000000) = {
06-10 14:06:13.406 487 2819 D CCodec : int32_t channel-count = 2
06-10 14:06:13.406 487 2819 D CCodec : string mime = "audio/raw"
06-10 14:06:13.406 487 2819 D CCodec : int32_t sample-rate = 44100
06-10 14:06:13.406 487 2819 D CCodec : int32_t channel-mask = 3
06-10 14:06:13.406 487 2819 D CCodec : }
06-10 14:06:13.406 487 2819 I CCodecConfig: query failed after returning 7 values (BAD_INDEX)
06-10 14:06:13.406 487 2819 W Codec2Client: query -- param skipped: index = 1342179345.
06-10 14:06:13.406 487 2819 W Codec2Client: query -- param skipped: index = 2415921170.
06-10 14:06:13.407 487 2819 D CCodecBufferChannel: [c2.android.vorbis.decoder#434] Created input block pool with allocatorID 16 => poolID 25 - OK (0)
06-10 14:06:13.408 487 2819 I CCodecBufferChannel: [c2.android.vorbis.decoder#434] Created output block pool with allocatorID 16 => poolID 27 - OK
06-10 14:06:13.408 487 2819 D CCodecBufferChannel: [c2.android.vorbis.decoder#434] Configured output block pool ids 27 => OK
06-10 14:06:13.415 380 2820 D SimpleC2Component: Using output block pool with poolID 27 => got 27 - 0
06-10 14:06:13.469 487 2819 D CCodecBufferChannel: [c2.android.vorbis.decoder#434] MediaCodec discarded an unknown buffer
06-10 14:06:13.469 487 2819 D CCodecBufferChannel: [c2.android.vorbis.decoder#434] MediaCodec discarded an unknown buffer
06-10 14:06:13.470 487 2819 I hw-BpHwBinder: onLastStrongRef automatically unlinking death recipients
06-10 14:06:13.470 380 942 I hw-BpHwBinder: onLastStrongRef automatically unlinking death recipients
06-10 14:06:13.471 380 942 V C2Store : in ~ComponentModule
06-10 14:06:13.471 380 942 V C2Store : unloading dll
06-10 14:06:13.671 1232 1232 I efs-base: type=1400 audit(0.0:1100): avc: denied { search } for name="com.dangbei.screencast" dev="mmcblk0p25" ino=908 scontext=u:r:platform_app:s0:c512,c768 tcontext=u:object_r:app_data_file:s0:c512,c768 tclass=dir permissive=1 app=com.dangbei.screencast
06-10 14:06:13.671 1232 1232 I efs-base: type=1400 audit(0.0:1101): avc: denied { getattr } for path="/data/user/0/com.dangbei.screencast/app_UApm/5fc60c21094d637f3130af19/ready" dev="mmcblk0p25" ino=2095 scontext=u:r:platform_app:s0:c512,c768 tcontext=u:object_r:app_data_file:s0:c512,c768 tclass=dir permissive=1 app=com.dangbei.screencast
01-01 08:01:00.315 1566 1566 W audit : audit_lost=593 audit_rate_limit=5 audit_backlog_limit=64
01-01 08:01:00.315 1566 1566 E audit : rate limit exceeded
06-10 14:06:14.190 487 532 W IorapForwardingService: No service published for: iorapd
06-10 14:06:15.051 487 1047 E TaskPersister: File error accessing recents directory (directory doesn't exist?).
06-10 14:06:15.193 487 532 W IorapForwardingService: No service published for: iorapd
06-10 14:06:15.458 1232 1241 I gbei.screencas: Background young concurrent copying GC freed 38465(5171KB) AllocSpace objects, 0(0B) LOS objects, 45% free, 6217KB/11MB, paused 490us total 111.970ms
06-10 14:06:15.905 2225 2348 D UtilLog : 日志批量上报 进行正常循环 !!!!!!本次有0次请求,共0条数据
06-10 14:06:16.196 487 532 W IorapForwardingService: No service published for: iorapd
06-10 14:06:16.385 669 669 E WifiHAL : wifi_get_link_stats: requestResponse Error:-5
06-10 14:06:16.388 487 620 E WifiVendorHal: getWifiLinkLayerStats_1_5_Internal(l.1191) failed {.code = ERROR_INVALID_ARGS, .description = }
06-10 14:06:16.791 1232 1232 I ModuleDataForwa: type=1400 audit(0.0:1104): avc: denied { write } for name="files" dev="mmcblk0p25" ino=2025 scontext=u:r:platform_app:s0:c512,c768 tcontext=u:object_r:app_data_file:s0:c512,c768 tclass=dir permissive=1 app=com.dangbei.screencast
06-10 14:06:16.791 1232 1232 I ModuleDataForwa: type=1400 audit(0.0:1105): avc: denied { add_name } for name="TD__Env_Synchronous_Lock__" scontext=u:r:platform_app:s0:c512,c768 tcontext=u:object_r:app_data_file:s0:c512,c768 tclass=dir permissive=1 app=com.dangbei.screencast
06-10 14:06:16.839 2165 2165 I rainbow_flow: type=1400 audit(0.0:1106): avc: denied { ioctl } for path="/dev/spidev1.0" dev="tmpfs" ino=6881 ioctlcmd=0x6b00 scontext=u:r:init:s0 tcontext=u:object_r:device:s0 tclass=chr_file permissive=1
06-10 14:06:17.087 1232 1232 I ModuleDataForwa: type=1400 audit(0.0:1107): avc: denied { remove_name } for name="TD_IP_CACHE.xml" dev="mmcblk0p25" ino=15848 scontext=u:r:platform_app:s0:c512,c768 tcontext=u:object_r:app_data_file:s0:c512,c768 tclass=dir permissive=1 app=com.dangbei.screencast
06-10 14:06:17.087 1232 1232 I ModuleDataForwa: type=1400 audit(0.0:1108): avc: denied { rename } for name="TD_IP_CACHE.xml" dev="mmcblk0p25" ino=15848 scontext=u:r:platform_app:s0:c512,c768 tcontext=u:object_r:app_data_file:s0:c512,c768 tclass=file permissive=1 app=com.dangbei.screencast
01-01 08:01:03.735 1574 1574 W audit : audit_lost=595 audit_rate_limit=5 audit_backlog_limit=64
01-01 08:01:03.735 1574 1574 E audit : rate limit exceeded
06-10 14:06:17.198 487 532 W IorapForwardingService: No service published for: iorapd
06-10 14:06:18.171 487 885 D BufferPoolAccessor2.0: bufferpool2 0xf02dc1d8 : 0(0 size) total buffers - 0(0 size) used buffers - 2/7 (recycle/alloc) - 5/60 (fetch/transfer)
06-10 14:06:18.172 487 885 D BufferPoolAccessor2.0: evictor expired: 1, evicted: 1
06-10 14:06:18.173 380 760 D BufferPoolAccessor2.0: evictor expired: 6, evicted: 0
06-10 14:06:18.202 487 532 W IorapForwardingService: No service published for: iorapd
06-10 14:06:18.373 823 913 D BufferPoolAccessor2.0: evictor expired: 2, evicted: 0
06-10 14:06:19.172 487 885 D BufferPoolAccessor2.0: bufferpool2 0xcfb64e98 : 0(0 size) total buffers - 0(0 size) used buffers - 2/7 (recycle/alloc) - 5/50 (fetch/transfer)
06-10 14:06:19.172 487 885 D BufferPoolAccessor2.0: bufferpool2 0xcfb64998 : 0(0 size) total buffers - 0(0 size) used buffers - 2/7 (recycle/alloc) - 5/42 (fetch/transfer)
06-10 14:06:19.172 487 885 D BufferPoolAccessor2.0: evictor expired: 8, evicted: 2
06-10 14:06:19.173 380 760 D BufferPoolAccessor2.0: bufferpool2 0xed1d1f18 : 0(0 size) total buffers - 0(0 size) used buffers - 26/28 (recycle/alloc) - 2/27 (fetch/transfer)
06-10 14:06:19.173 380 760 D BufferPoolAccessor2.0: bufferpool2 0xed1d22d8 : 0(0 size) total buffers - 0(0 size) used buffers - 20/23 (recycle/alloc) - 3/22 (fetch/transfer)
