06-09 11:43:16.505 487 487 W System.err: at com.android.server.wm.RootWindowContainer.startHomeOnTaskDisplayArea(RootWindowContainer.java:1565)
06-09 11:43:16.505 487 487 W System.err: at com.android.server.wm.RootWindowContainer.lambda$startHomeOnDisplay$12$RootWindowContainer(RootWindowContainer.java:1506)
06-09 11:43:16.505 487 487 W System.err: at com.android.server.wm.RootWindowContainer$$ExternalSyntheticLambda10.apply(Unknown Source:16)
06-09 11:43:16.505 487 487 W System.err: at com.android.server.wm.TaskDisplayArea.reduceOnAllTaskDisplayAreas(TaskDisplayArea.java:543)
06-09 11:43:16.505 487 487 W System.err: at com.android.server.wm.DisplayArea.reduceOnAllTaskDisplayAreas(DisplayArea.java:392)
06-09 11:43:16.505 487 487 W System.err: at com.android.server.wm.DisplayArea.reduceOnAllTaskDisplayAreas(DisplayArea.java:392)
06-09 11:43:16.505 487 487 W System.err: at com.android.server.wm.DisplayArea.reduceOnAllTaskDisplayAreas(DisplayArea.java:392)
06-09 11:43:16.505 487 487 W System.err: at com.android.server.wm.DisplayArea.reduceOnAllTaskDisplayAreas(DisplayArea.java:392)
06-09 11:43:16.505 487 487 W System.err: at com.android.server.wm.DisplayArea.reduceOnAllTaskDisplayAreas(DisplayArea.java:392)
06-09 11:43:16.505 487 487 W System.err: at com.android.server.wm.WindowContainer.reduceOnAllTaskDisplayAreas(WindowContainer.java:2018)
06-09 11:43:16.505 487 487 W System.err: at com.android.server.wm.RootWindowContainer.startHomeOnDisplay(RootWindowContainer.java:1505)
06-09 11:43:16.505 487 487 W System.err: at com.android.server.wm.RootWindowContainer.startHomeOnDisplay(RootWindowContainer.java:1492)
06-09 11:43:16.505 487 487 W System.err: at com.android.server.wm.RootWindowContainer.startHomeOnAllDisplays(RootWindowContainer.java:1477)
06-09 11:43:16.505 487 487 W System.err: at com.android.server.wm.ActivityTaskManagerService$LocalService.startHomeOnAllDisplays(ActivityTaskManagerService.java:5728)
06-09 11:43:16.505 487 487 W System.err: at com.android.server.am.ActivityManagerService.systemReady(ActivityManagerService.java:7748)
06-09 11:43:16.505 487 487 W System.err: at com.android.server.SystemServer.startOtherServices(SystemServer.java:2798)
06-09 11:43:16.506 487 487 W System.err: at com.android.server.SystemServer.run(SystemServer.java:928)
06-09 11:43:16.506 487 487 W System.err: at com.android.server.SystemServer.main(SystemServer.java:628)
06-09 11:43:16.506 487 487 W System.err: at java.lang.reflect.Method.invoke(Native Method)
06-09 11:43:16.506 487 487 W System.err: at com.android.internal.os.RuntimeInit$MethodAndArgsCaller.run(RuntimeInit.java:548)
06-09 11:43:16.506 487 487 W System.err: at com.android.internal.os.ZygoteInit.main(ZygoteInit.java:1160)
06-09 11:43:16.506 487 487 W System.err: Caused by: java.io.IOException: error=2, No such file or directory
06-09 11:43:16.506 487 487 W System.err: at java.lang.UNIXProcess.forkAndExec(Native Method)
06-09 11:43:16.506 487 487 W System.err: at java.lang.UNIXProcess.(UNIXProcess.java:133)
06-09 11:43:16.506 487 487 W System.err: at java.lang.ProcessImpl.start(ProcessImpl.java:141)
06-09 11:43:16.506 487 487 W System.err: at java.lang.ProcessBuilder.start(ProcessBuilder.java:1029)
06-09 11:43:16.506 487 487 W System.err: ... 32 more
06-09 11:43:16.507 276 276 I AW_PowerHAL: Power setMode: SUSTAINED_PERFORMANCE to: 1
06-09 11:43:16.507 487 547 W BestClock: java.time.DateTimeException: Missing NTP fix
06-09 11:43:16.508 276 276 W AW_PowerHAL: Could not open nsi-bw: No such file or directory
06-09 11:43:16.508 276 276 I AW_PowerHAL: cur-mode:PERFORMANCE
06-09 11:43:16.510 487 547 W BestClock: java.time.DateTimeException: Missing NTP fix
01-01 08:00:18.950 323 323 I libphy : 5030000.eth: probed
06-09 11:43:16.510 322 329 D XM_HIDREAD: add@ add@/devices/platform/soc@3000000/5030000.eth/mdio_bus/5030000.eth-0/5030000.eth-0:00
01-01 08:00:18.951 323 323 E : get_key_map_info()187 - Failed to find "oe" in dts.
06-09 11:43:16.515 487 487 I SystemServerTiming: showSystemReadyErrorDialogs
06-09 11:43:16.517 487 487 I system_server: getFrameworkHalManifest: Reading VINTF information.
01-01 08:00:18.965 323 323 I : sunxi-gmac 5030000.eth eth0: eth0: Type(7) PHY ID 00441400 at 0 IRQ poll (5030000.eth-0:00)
06-09 11:43:16.519 677 677 E droid.bluetoot: [0609/114316.518519:ERROR:hal_version_manager.h(125)] HalVersionManager No supported HAL version
06-09 11:43:16.521 487 487 I system_server: getDeviceHalManifest: Reading VINTF information.
06-09 11:43:16.524 380 380 V C2Store : in ~ComponentModule
06-09 11:43:16.524 380 380 V C2Store : unloading dll
06-09 11:43:16.524 380 380 V C2Store : in init
06-09 11:43:16.524 380 380 V C2Store : loading dll
06-09 11:43:16.527 789 789 I WebViewZygoteInit: Application preload done
06-09 11:43:16.528 487 487 I system_server: getDeviceHalManifest: Successfully processed VINTF information
06-09 11:43:16.528 487 487 I system_server: getFrameworkHalManifest: Successfully processed VINTF information
06-09 11:43:16.528 487 487 I system_server: getFrameworkCompatibilityMatrix: Reading VINTF information.
06-09 11:43:16.529 677 677 I droid.bluetoot: [0609/114316.528866:INFO:btif_config_cache.cc(61)] BtifConfigCache, capacity: 10000
06-09 11:43:16.530 487 528 W PppoeNetworkFactory: interfaceLinkStateChanged
06-09 11:43:16.530 487 528 D PppoeNetworkFactory: updateInterface: mIface: mPhyIface:eth0 iface:eth0 link:down
06-09 11:43:16.530 487 528 I EthernetTracker: interfaceLinkStateChanged, iface: eth0, up: false
06-09 11:43:16.531 380 380 V C2Store : in ~ComponentModule
06-09 11:43:16.531 380 380 V C2Store : unloading dll
06-09 11:43:16.531 380 380 V C2Store : in init
06-09 11:43:16.531 380 380 V C2Store : loading dll
06-09 11:43:16.537 487 528 W PppoeNetworkFactory: interfaceLinkStateChanged
06-09 11:43:16.537 487 528 D PppoeNetworkFactory: updateInterface: mIface: mPhyIface:eth0 iface:eth0 link:down
06-09 11:43:16.537 487 662 D EthernetTracker: Tracking interface in client mode: eth0
06-09 11:43:16.537 487 528 I EthernetTracker: interfaceLinkStateChanged, iface: eth0, up: false
06-09 11:43:16.538 487 662 D EthernetNetworkFactory: addInterface, iface: eth0, capabilities: [ Transports: ETHERNET Capabilities: NOT_METERED&INTERNET&NOT_RESTRICTED&TRUSTED&NOT_VPN&NOT_ROAMING&NOT_CONGESTED&NOT_SUSPENDED&NOT_VCN_MANAGED LinkUpBandwidth>=100000Kbps LinkDnBandwidth>=100000Kbps]
06-09 11:43:16.538 380 380 V C2Store : in ~ComponentModule
06-09 11:43:16.538 380 380 V C2Store : unloading dll
06-09 11:43:16.538 380 380 V C2Store : in init
06-09 11:43:16.538 380 380 V C2Store : loading dll
06-09 11:43:16.539 487 662 D EthernetNetworkFactory: updateCapabilityFilter: [ Transports: ETHERNET Capabilities: NOT_METERED&INTERNET&NOT_RESTRICTED&TRUSTED&NOT_VPN&NOT_ROAMING&NOT_CONGESTED&NOT_SUSPENDED&NOT_VCN_MANAGED]
06-09 11:43:16.541 487 662 D EthernetNetworkFactory: updateInterfaceLinkState, iface: eth0, up: false
06-09 11:43:16.541 487 662 D EthernetNetworkFactory: updateInterfaceLinkState, iface: eth0, up: false
06-09 11:43:16.542 487 662 D Ethernet: got request NetworkRequest [ REQUEST id=17, [ Capabilities: INTERNET&NOT_RESTRICTED&TRUSTED&NOT_VCN_MANAGED Uid: 1000 RequestorUid: 1000 RequestorPkg: android] ]
06-09 11:43:16.542 487 662 D EthernetNetworkFactory: acceptRequest, request: NetworkRequest [ REQUEST id=17, [ Capabilities: INTERNET&NOT_RESTRICTED&TRUSTED&NOT_VCN_MANAGED Uid: 1000 RequestorUid: 1000 RequestorPkg: android] ]
06-09 11:43:16.542 487 662 I EthernetNetworkFactory: networkForRequest, request: NetworkRequest [ REQUEST id=17, [ Capabilities: INTERNET&NOT_RESTRICTED&TRUSTED&NOT_VCN_MANAGED Uid: 1000 RequestorUid: 1000 RequestorPkg: android] ], network: null
06-09 11:43:16.542 487 662 D Ethernet: got request NetworkRequest [ REQUEST id=1, [ Capabilities: INTERNET&NOT_RESTRICTED&TRUSTED&NOT_VPN&NOT_VCN_MANAGED RequestorUid: 1000 RequestorPkg: android] ]
06-09 11:43:16.543 487 662 D EthernetNetworkFactory: acceptRequest, request: NetworkRequest [ REQUEST id=1, [ Capabilities: INTERNET&NOT_RESTRICTED&TRUSTED&NOT_VPN&NOT_VCN_MANAGED RequestorUid: 1000 RequestorPkg: android] ]
06-09 11:43:16.543 487 662 I EthernetNetworkFactory: networkForRequest, request: NetworkRequest [ REQUEST id=1, [ Capabilities: INTERNET&NOT_RESTRICTED&TRUSTED&NOT_VPN&NOT_VCN_MANAGED RequestorUid: 1000 RequestorPkg: android] ], network: null
06-09 11:43:16.543 380 380 V C2Store : in ~ComponentModule
06-09 11:43:16.543 380 380 V C2Store : unloading dll
06-09 11:43:16.543 487 662 D Ethernet: got request NetworkRequest [ REQUEST id=10, [ Capabilities: INTERNET&NOT_RESTRICTED&TRUSTED&NOT_VCN_MANAGED Uid: 1000 RequestorUid: 1000 RequestorPkg: android] ]
06-09 11:43:16.543 380 380 V C2Store : in init
06-09 11:43:16.543 380 380 V C2Store : loading dll
06-09 11:43:16.543 487 662 D EthernetNetworkFactory: acceptRequest, request: NetworkRequest [ REQUEST id=10, [ Capabilities: INTERNET&NOT_RESTRICTED&TRUSTED&NOT_VCN_MANAGED Uid: 1000 RequestorUid: 1000 RequestorPkg: android] ]
06-09 11:43:16.543 487 662 I EthernetNetworkFactory: networkForRequest, request: NetworkRequest [ REQUEST id=10, [ Capabilities: INTERNET&NOT_RESTRICTED&TRUSTED&NOT_VCN_MANAGED Uid: 1000 RequestorUid: 1000 RequestorPkg: android] ], network: null
06-09 11:43:16.543 487 662 D Ethernet: got request NetworkRequest [ REQUEST id=4, [ Transports: ETHERNET Capabilities: INTERNET&NOT_RESTRICTED&TRUSTED&NOT_VPN&NOT_VCN_MANAGED RequestorUid: 1000 RequestorPkg: android] ]
06-09 11:43:16.543 487 662 D EthernetNetworkFactory: acceptRequest, request: NetworkRequest [ REQUEST id=4, [ Transports: ETHERNET Capabilities: INTERNET&NOT_RESTRICTED&TRUSTED&NOT_VPN&NOT_VCN_MANAGED RequestorUid: 1000 RequestorPkg: android] ]
06-09 11:43:16.543 487 662 I EthernetNetworkFactory: networkForRequest, request: NetworkRequest [ REQUEST id=4, [ Transports: ETHERNET Capabilities: INTERNET&NOT_RESTRICTED&TRUSTED&NOT_VPN&NOT_VCN_MANAGED RequestorUid: 1000 RequestorPkg: android] ], network: null
06-09 11:43:16.554 487 547 W BestClock: java.time.DateTimeException: Missing NTP fix
06-09 11:43:16.555 380 380 V C2Store : in ~ComponentModule
06-09 11:43:16.555 380 380 V C2Store : unloading dll
06-09 11:43:16.555 380 380 V C2Store : in init
06-09 11:43:16.555 380 380 V C2Store : loading dll
06-09 11:43:16.558 487 547 W BestClock: java.time.DateTimeException: Missing NTP fix
06-09 11:43:16.563 380 380 I C2SoftVp8Enc: setting temporal layering 0 + 0
06-09 11:43:16.565 380 380 V C2Store : in ~ComponentModule
06-09 11:43:16.565 380 380 V C2Store : unloading dll
06-09 11:43:16.565 380 380 V C2Store : in init
06-09 11:43:16.565 380 380 V C2Store : loading dll
06-09 11:43:16.572 380 380 V C2Store : in ~ComponentModule
06-09 11:43:16.573 380 380 V C2Store : unloading dll
06-09 11:43:16.573 380 380 V C2Store : in init
06-09 11:43:16.573 380 380 V C2Store : loading dll
06-09 11:43:16.578 677 677 I BluetoothServiceJni: hal_util_load_bt_library: loaded Bluetooth library successfully
06-09 11:43:16.579 380 380 I C2SoftVp9Enc: setting temporal layering 0 + 0
06-09 11:43:16.579 677 677 D BluetoothAdapterService: onCreate()
06-09 11:43:16.580 380 380 V C2Store : in ~ComponentModule
06-09 11:43:16.581 380 380 V C2Store : unloading dll
06-09 11:43:16.582 365 473 D MediaCodecsXmlParser: parsing /apex/com.android.media.swcodec/etc/media_codecs.xml...
06-09 11:43:16.584 365 473 D MediaCodecsXmlParser: disabling c2.android.gsm.decoder
06-09 11:43:16.585 365 473 D MediaCodecsXmlParser: disabling c2.android.mpeg2.decoder
06-09 11:43:16.586 365 473 I MediaCodecsXmlParser: Did not find media_codecs_performance.xml in search path
06-09 11:43:16.587 365 473 I MediaCodecsXmlParser: Did not find media_codecs_c2.xml in search path
06-09 11:43:16.587 365 473 I MediaCodecsXmlParser: Did not find media_codecs_performance_c2.xml in search path
06-09 11:43:16.587 365 473 D MediaCodecsXmlParser: parsing /vendor/etc/media_codecs.xml...
06-09 11:43:16.588 365 473 D MediaCodecsXmlParser: parsing /vendor/etc/media_codecs_google_audio.xml...
06-09 11:43:16.588 365 473 D MediaCodecsXmlParser: unable to open media codecs configuration xml file: /vendor/etc/media_codecs_google_audio.xml
06-09 11:43:16.588 365 473 D MediaCodecsXmlParser: Setting: updating existing setting at line 97 of /vendor/etc/media_codecs.xml
06-09 11:43:16.589 487 547 W BestClock: java.time.DateTimeException: Missing NTP fix
06-09 11:43:16.590 365 473 D MediaCodecsXmlParser: parsing /vendor/etc/media_codecs_google_video.xml...
06-09 11:43:16.590 365 473 D MediaCodecsXmlParser: unable to open media codecs configuration xml file: /vendor/etc/media_codecs_google_video.xml
06-09 11:43:16.591 365 473 D MediaCodecsXmlParser: parsing /vendor/etc/media_codecs_performance.xml...
06-09 11:43:16.591 365 473 D MediaCodecsXmlParser: MediaCodec: cannot update non-existing codec: OMX.google.h264.encoder at line 25 of /vendor/etc/media_codecs_performance.xml
06-09 11:43:16.591 365 473 D MediaCodecsXmlParser: MediaCodec: cannot update non-existing codec: OMX.google.h263.encoder at line 31 of /vendor/etc/media_codecs_performance.xml
06-09 11:43:16.591 365 473 D MediaCodecsXmlParser: MediaCodec: cannot update non-existing codec: OMX.google.mpeg4.encoder at line 34 of /vendor/etc/media_codecs_performance.xml
06-09 11:43:16.591 365 473 D MediaCodecsXmlParser: MediaCodec: cannot update non-existing codec: OMX.google.vp8.encoder at line 37 of /vendor/etc/media_codecs_performance.xml
06-09 11:43:16.591 365 473 D MediaCodecsXmlParser: MediaCodec: cannot update non-existing codec: OMX.allwinner.video.decoder.h263 at line 59 of /vendor/etc/media_codecs_performance.xml
06-09 11:43:16.592 365 473 D MediaCodecsXmlParser: MediaCodec: cannot update non-existing codec: OMX.google.mpeg4.decoder at line 80 of /vendor/etc/media_codecs_performance.xml
06-09 11:43:16.592 365 473 D MediaCodecsXmlParser: MediaCodec: cannot update non-existing codec: OMX.google.h264.decoder at line 83 of /vendor/etc/media_codecs_performance.xml
06-09 11:43:16.592 365 473 D MediaCodecsXmlParser: MediaCodec: cannot update non-existing codec: OMX.google.h263.decoder at line 89 of /vendor/etc/media_codecs_performance.xml
06-09 11:43:16.592 365 473 D MediaCodecsXmlParser: MediaCodec: cannot update non-existing codec: OMX.google.hevc.decoder at line 93 of /vendor/etc/media_codecs_performance.xml
06-09 11:43:16.592 365 473 D MediaCodecsXmlParser: MediaCodec: cannot update non-existing codec: OMX.google.vp8.decoder at line 101 of /vendor/etc/media_codecs_performance.xml
06-09 11:43:16.592 365 473 D MediaCodecsXmlParser: MediaCodec: cannot update non-existing codec: OMX.google.vp9.decoder at line 107 of /vendor/etc/media_codecs_performance.xml
06-09 11:43:16.592 365 473 I MediaCodecsXmlParser: Did not find media_codecs_shaping.xml in search path
06-09 11:43:16.592 487 547 W BestClock: java.time.DateTimeException: Missing NTP fix
06-09 11:43:16.593 365 473 I MediaCodecsXmlParser: Did not find media_codecs_shaping.xml in search path
06-09 11:43:16.593 380 380 V C2Store : in init
06-09 11:43:16.593 380 380 V C2Store : loading dll
06-09 11:43:16.599 365 473 I Codec2InfoBuilder: adding type 'audio/mp4a-latm'
06-09 11:43:16.603 380 419 V C2Store : in init
06-09 11:43:16.603 380 419 V C2Store : loading dll
06-09 11:43:16.604 380 420 V C2Store : in ~ComponentModule
06-09 11:43:16.604 380 420 V C2Store : unloading dll
06-09 11:43:16.608 365 473 I Codec2InfoBuilder: adding type 'audio/mp4a-latm'
06-09 11:43:16.611 380 820 V C2Store : in init
06-09 11:43:16.611 380 820 V C2Store : loading dll
06-09 11:43:16.611 380 419 V C2Store : in ~ComponentModule
06-09 11:43:16.611 380 419 V C2Store : unloading dll
06-09 11:43:16.614 365 473 I Codec2InfoBuilder: adding type 'audio/3gpp'
06-09 11:43:16.615 380 420 V C2Store : in init
06-09 11:43:16.615 380 420 V C2Store : loading dll
06-09 11:43:16.615 380 419 V C2Store : in ~ComponentModule
06-09 11:43:16.615 380 419 V C2Store : unloading dll
06-09 11:43:16.619 365 473 I Codec2InfoBuilder: adding type 'audio/3gpp'
06-09 11:43:16.620 380 420 V C2Store : in init
06-09 11:43:16.620 380 420 V C2Store : loading dll
06-09 11:43:16.620 380 380 V C2Store : in ~ComponentModule
06-09 11:43:16.620 380 380 V C2Store : unloading dll
06-09 11:43:16.623 365 473 I Codec2InfoBuilder: adding type 'audio/amr-wb'
06-09 11:43:16.624 380 380 V C2Store : in ~ComponentModule
06-09 11:43:16.624 380 380 V C2Store : unloading dll
06-09 11:43:16.624 380 820 V C2Store : in init
06-09 11:43:16.624 380 820 V C2Store : loading dll
06-09 11:43:16.628 365 473 I Codec2InfoBuilder: adding type 'audio/amr-wb'
06-09 11:43:16.628 380 380 V C2Store : in init
06-09 11:43:16.629 380 380 V C2Store : loading dll
06-09 11:43:16.629 380 820 V C2Store : in ~ComponentModule
06-09 11:43:16.629 380 820 V C2Store : unloading dll
06-09 11:43:16.632 487 547 W BestClock: java.time.DateTimeException: Missing NTP fix
06-09 11:43:16.633 487 487 I system_server: getFrameworkCompatibilityMatrix: Successfully processed VINTF information
06-09 11:43:16.633 487 487 I system_server: getDeviceCompatibilityMatrix: Reading VINTF information.
06-09 11:43:16.635 487 487 I system_server: getDeviceCompatibilityMatrix: Successfully processed VINTF information
06-09 11:43:16.635 365 473 D Codec2InfoBuilder: component 'c2.android.av1.decoder' not found in xml
06-09 11:43:16.635 487 547 W BestClock: java.time.DateTimeException: Missing NTP fix
06-09 11:43:16.635 380 420 V C2Store : in init
06-09 11:43:16.636 380 420 V C2Store : loading dll
06-09 11:43:16.636 380 820 V C2Store : in ~ComponentModule
06-09 11:43:16.636 380 820 V C2Store : unloading dll
06-09 11:43:16.641 365 473 I Codec2InfoBuilder: adding type 'video/avc'
06-09 11:43:16.645 380 820 V C2Store : in init
06-09 11:43:16.645 380 820 V C2Store : loading dll
06-09 11:43:16.646 487 487 I SystemServerTiming: sendUserStartBroadcast
06-09 11:43:16.646 487 487 I SystemServerTiming: resumeTopActivities
06-09 11:43:16.647 487 487 I SystemServerTiming: sendUserSwitchBroadcasts
06-09 11:43:16.648 380 820 I mediaswcodec: missing struct descriptor #Param::CoreIndex(--004) for field values of struct #Param::CoreIndex(F-12004)
06-09 11:43:16.648 380 820 I mediaswcodec: missing struct descriptor #Param::CoreIndex(--1812) for field values of struct #Param::CoreIndex(F-11812)
06-09 11:43:16.648 487 487 I SystemServerTiming: setBinderProxies
06-09 11:43:16.648 487 487 I SystemServerTiming: StartSystemUI
06-09 11:43:16.648 487 549 W ActivityManager: Slow operation: 292ms so far, now at startProcess: done updating battery stats
06-09 11:43:16.649 487 549 W ActivityManager: Slow operation: 293ms so far, now at startProcess: building log message
06-09 11:43:16.649 487 549 I ActivityManager: app.processName = com.android.se
06-09 11:43:16.649 487 549 I ActivityManager: Start proc 800:com.android.se/1068 for added application com.android.se
06-09 11:43:16.649 487 549 W ActivityManager: Slow operation: 293ms so far, now at startProcess: starting to update pids map
06-09 11:43:16.649 487 549 W ActivityManager: Slow operation: 293ms so far, now at startProcess: done updating pids map
06-09 11:43:16.649 380 420 V C2Store : in ~ComponentModule
06-09 11:43:16.649 380 420 V C2Store : unloading dll
06-09 11:43:16.653 487 510 D CompatibilityChangeReporter: Compat change id reported: 168419799; UID 1068; state: DISABLED
06-09 11:43:16.654 380 820 I mediaswcodec: missing struct descriptor #Param::CoreIndex(--004) for field values of struct #Param::CoreIndex(F-12004)
06-09 11:43:16.654 380 820 I mediaswcodec: missing struct descriptor #Param::CoreIndex(--1812) for field values of struct #Param::CoreIndex(F-11812)
06-09 11:43:16.657 365 473 I Codec2InfoBuilder: adding type 'video/avc'
06-09 11:43:16.661 800 800 D CompatibilityChangeReporter: Compat change id reported: 171979766; UID 1068; state: ENABLED
06-09 11:43:16.662 487 533 I ActivityManager: com.android.tv.settings is exempt from freezer
06-09 11:43:16.663 487 533 D CompatibilityChangeReporter: Compat change id reported: 135634846; UID 1000; state: DISABLED
06-09 11:43:16.669 380 420 V C2Store : in ~ComponentModule
06-09 11:43:16.669 380 420 V C2Store : unloading dll
06-09 11:43:16.670 380 820 V C2Store : in init
06-09 11:43:16.670 380 820 V C2Store : loading dll
06-09 11:43:16.671 487 547 W BestClock: java.time.DateTimeException: Missing NTP fix
06-09 11:43:16.674 487 547 W BestClock: java.time.DateTimeException: Missing NTP fix
06-09 11:43:16.675 365 473 I Codec2InfoBuilder: adding type 'audio/flac'
06-09 11:43:16.676 380 820 V C2Store : in ~ComponentModule
06-09 11:43:16.676 380 820 V C2Store : unloading dll
06-09 11:43:16.682 487 627 D ConnectivityService: Got NetworkProvider Messenger for VpnNetworkProvider:0
06-09 11:43:16.682 380 380 V C2Store : in init
06-09 11:43:16.682 380 380 V C2Store : loading dll
06-09 11:43:16.686 257 257 D Zygote : Forked child process 823
06-09 11:43:16.688 487 618 W BestClock: java.time.DateTimeException: Missing NTP fix
06-09 11:43:16.689 487 618 W BestClock: java.time.DateTimeException: Missing NTP fix
06-09 11:43:16.691 365 473 I Codec2InfoBuilder: adding type 'audio/flac'
06-09 11:43:16.692 380 419 V C2Store : in init
06-09 11:43:16.692 380 419 V C2Store : loading dll
06-09 11:43:16.694 487 549 I ActivityManager: app.processName = com.android.tv.settings
06-09 11:43:16.694 487 549 I ActivityManager: Start proc 823:com.android.tv.settings/1000 for top-activity {com.android.tv.settings/com.android.tv.settings.system.FallbackHome}
06-09 11:43:16.696 823 823 I Zygote : seccomp disabled by setenforce 0
06-09 11:43:16.696 365 473 I Codec2InfoBuilder: adding type 'audio/g711-alaw'
06-09 11:43:16.696 380 420 V C2Store : in init
06-09 11:43:16.696 380 420 V C2Store : loading dll
06-09 11:43:16.699 677 677 D AdapterState: make() - Creating AdapterState
06-09 11:43:16.700 487 533 I InputManager: Enabling motion classifier because user switched: feature enabled, long press timeout = 400
06-09 11:43:16.700 487 533 I InputClassifier: Enabling motion classifier
06-09 11:43:16.703 380 419 V C2Store : in ~ComponentModule
06-09 11:43:16.703 380 419 V C2Store : unloading dll
06-09 11:43:16.703 365 473 I Codec2InfoBuilder: adding type 'audio/g711-mlaw'
06-09 11:43:16.704 380 820 V C2Store : in ~ComponentModule
06-09 11:43:16.704 380 822 V C2Store : in init
06-09 11:43:16.704 380 820 V C2Store : unloading dll
06-09 11:43:16.704 380 822 V C2Store : loading dll
06-09 11:43:16.708 365 473 D Codec2InfoBuilder: codec entry for 'c2.android.gsm.decoder' is disabled
06-09 11:43:16.709 380 820 V C2Store : in init
06-09 11:43:16.709 380 820 V C2Store : loading dll
06-09 11:43:16.709 380 822 V C2Store : in ~ComponentModule
06-09 11:43:16.709 380 822 V C2Store : unloading dll
06-09 11:43:16.710 380 419 V C2Store : in ~ComponentModule
06-09 11:43:16.710 380 419 V C2Store : unloading dll
06-09 11:43:16.710 487 547 W BestClock: java.time.DateTimeException: Missing NTP fix
06-09 11:43:16.713 487 547 W BestClock: java.time.DateTimeException: Missing NTP fix
06-09 11:43:16.713 487 487 D JNIMultiir: Multiir JNI_OnLoad()
06-09 11:43:16.714 487 487 D JNIMultiir: init
06-09 11:43:16.715 365 473 I Codec2InfoBuilder: adding type 'video/3gpp'
06-09 11:43:16.716 487 487 D SystemServer: VMRuntime.setVerifierEnabled(true)
06-09 11:43:16.720 380 380 V C2Store : in init
06-09 11:43:16.721 380 380 V C2Store : loading dll
06-09 11:43:16.721 197 197 I hwservicemanager: getTransport: Cannot find entry android.hardware.input.classifier@1.0::IInputClassifier/default in either framework or device VINTF manifest.
06-09 11:43:16.722 677 677 D BluetoothKeystoreService: new BluetoothKeystoreService isCommonCriteriaMode: false
06-09 11:43:16.723 677 677 D BluetoothKeystoreService: start
06-09 11:43:16.720 684 684 I ndroid.systemui: type=1400 audit(0.0:352): avc: denied { search } for name="com.android.systemui" dev="mmcblk0p25" ino=506 scontext=u:r:platform_app:s0:c512,c768 tcontext=u:object_r:app_data_file:s0:c512,c768 tclass=dir permissive=1 app=com.softwinner.screenshot
06-09 11:43:16.725 487 487 W Looper : Slow delivery took 4422ms main h=android.app.PropertyInvalidatedCache$AutoCorker$1 c=null m=0
06-09 11:43:16.726 380 820 V C2Store : in ~ComponentModule
06-09 11:43:16.726 380 820 V C2Store : unloading dll
06-09 11:43:16.727 677 825 I AdapterState: OFF : entered
06-09 11:43:16.727 677 825 D AdapterProperties: Setting state to OFF
06-09 11:43:16.731 487 487 D ConditionProviders.SCP: onConnected
06-09 11:43:16.733 365 473 I Codec2InfoBuilder: adding type 'video/3gpp'
06-09 11:43:16.733 677 677 I droid.bluetoot: [0609/114316.733726:INFO:com_android_bluetooth_btservice_BluetoothKeystore.cpp(97)] classInitNative: succeeds
06-09 11:43:16.734 677 677 D BluetoothKeystoreService: setBluetoothKeystoreService(): set to: com.android.bluetooth.btservice.bluetoothkeystore.BluetoothKeystoreService@593d4e6
06-09 11:43:16.734 487 824 I InputClassifier: Could not obtain InputClassifier HAL
06-09 11:43:16.735 487 487 D ConditionProviders: Subscribing to condition://android/event?userId=-10000&calendar=&reply=1 with ComponentInfo{android/com.android.server.notification.EventConditionProvider}
06-09 11:43:16.737 393 408 I adbd : jdwp connection from 823
06-09 11:43:16.738 487 720 D ConnectivityService: requestNetwork for uid/pid:1073/766 activeRequest: null callbackRequest: 18 [NetworkRequest [ REQUEST id=19, [ Capabilities: INTERNET&NOT_RESTRICTED&TRUSTED&NOT_VCN_MANAGED Uid: 1073 RequestorUid: 1073 RequestorPkg: com.android.networkstack] ]] callback flags: 0 priority: 2147483647
06-09 11:43:16.739 487 627 D ConnectivityService: NetReassign [no changes]
06-09 11:43:16.740 487 663 D PPPOE : got request NetworkRequest [ REQUEST id=19, [ Capabilities: INTERNET&NOT_RESTRICTED&TRUSTED&NOT_VCN_MANAGED Uid: 1073 RequestorUid: 1073 RequestorPkg: com.android.networkstack] ]
06-09 11:43:16.741 380 419 V C2Store : in init
06-09 11:43:16.741 380 419 V C2Store : loading dll
06-09 11:43:16.742 487 662 D Ethernet: got request NetworkRequest [ REQUEST id=19, [ Capabilities: INTERNET&NOT_RESTRICTED&TRUSTED&NOT_VCN_MANAGED Uid: 1073 RequestorUid: 1073 RequestorPkg: com.android.networkstack] ]
06-09 11:43:16.742 487 662 D EthernetNetworkFactory: acceptRequest, request: NetworkRequest [ REQUEST id=19, [ Capabilities: INTERNET&NOT_RESTRICTED&TRUSTED&NOT_VCN_MANAGED Uid: 1073 RequestorUid: 1073 RequestorPkg: com.android.networkstack] ]
06-09 11:43:16.742 487 662 I EthernetNetworkFactory: networkForRequest, request: NetworkRequest [ REQUEST id=19, [ Capabilities: INTERNET&NOT_RESTRICTED&TRUSTED&NOT_VCN_MANAGED Uid: 1073 RequestorUid: 1073 RequestorPkg: com.android.networkstack] ], network: null
06-09 11:43:16.743 487 547 W BestClock: java.time.DateTimeException: Missing NTP fix
06-09 11:43:16.745 487 618 W BestClock: java.time.DateTimeException: Missing NTP fix
06-09 11:43:16.746 487 547 W BestClock: java.time.DateTimeException: Missing NTP fix
06-09 11:43:16.746 487 618 W BestClock: java.time.DateTimeException: Missing NTP fix
06-09 11:43:16.747 487 487 D ConditionProviders: Subscribing to condition://android/schedule?days=1.2.3.4.5.6.7&start=22.0&end=7.0&exitAtAlarm=true with ComponentInfo{android/com.android.server.notification.ScheduleConditionProvider}
06-09 11:43:16.748 487 627 D ConnectivityService: NetReassign [no changes]
06-09 11:43:16.749 277 277 D hdmi-cec: reset logical address to broadcast
06-09 11:43:16.749 487 618 W BestClock: java.time.DateTimeException: Missing NTP fix
06-09 11:43:16.750 487 618 W BestClock: java.time.DateTimeException: Missing NTP fix
06-09 11:43:16.751 487 618 W BestClock: java.time.DateTimeException: Missing NTP fix
06-09 11:43:16.752 487 618 W BestClock: java.time.DateTimeException: Missing NTP fix
06-09 11:43:16.754 487 618 W BestClock: java.time.DateTimeException: Missing NTP fix
06-09 11:43:16.754 380 380 V C2Store : in ~ComponentModule
06-09 11:43:16.754 380 380 V C2Store : unloading dll
06-09 11:43:16.755 677 677 D BluetoothKeystoreService: loadConfigData
06-09 11:43:16.756 365 473 I Codec2InfoBuilder: adding type 'video/hevc'
06-09 11:43:16.756 766 766 D ApplicationLoaders: Returning zygote-cached class loader: /system/framework/android.test.base.jar
06-09 11:43:16.758 380 822 V C2Store : in init
06-09 11:43:16.758 380 822 V C2Store : loading dll
06-09 11:43:16.758 380 419 V C2Store : in ~ComponentModule
06-09 11:43:16.758 380 419 V C2Store : unloading dll
06-09 11:43:16.759 487 618 W BestClock: java.time.DateTimeException: Missing NTP fix
06-09 11:43:16.761 487 618 W BestClock: java.time.DateTimeException: Missing NTP fix
06-09 11:43:16.763 380 822 I mediaswcodec: missing struct descriptor #Param::CoreIndex(--004) for field values of struct #Param::CoreIndex(F-12004)
06-09 11:43:16.767 380 822 D C2SoftHevcEnc: Given level 6000 does not cover current configuration: adjusting to 6001
06-09 11:43:16.771 380 822 I mediaswcodec: missing struct descriptor #Param::CoreIndex(--004) for field values of struct #Param::CoreIndex(F-12004)
06-09 11:43:16.774 487 547 W BestClock: java.time.DateTimeException: Missing NTP fix
06-09 11:43:16.776 487 487 D CompatibilityChangeReporter: Compat change id reported: 135634846; UID 10075; state: DISABLED
06-09 11:43:16.777 487 547 W BestClock: java.time.DateTimeException: Missing NTP fix
06-09 11:43:16.778 487 618 W BestClock: java.time.DateTimeException: Missing NTP fix
06-09 11:43:16.778 380 822 D C2SoftHevcEnc: Given level 6000 does not cover current configuration: adjusting to 6001
06-09 11:43:16.780 487 549 D CompatibilityChangeReporter: Compat change id reported: 143937733; UID 10075; state: ENABLED
06-09 11:43:16.780 365 473 D Codec2InfoBuilder: codec entry for 'c2.android.hevc.encoder' is disabled
06-09 11:43:16.780 380 419 V C2Store : in init
06-09 11:43:16.781 380 419 V C2Store : loading dll
06-09 11:43:16.781 677 677 I droid.bluetoot: [0609/114316.781305:INFO:com_android_bluetooth_btservice_ActivityAttribution.cpp(96)] classInitNative: succeeds
06-09 11:43:16.781 677 677 D BluetoothKeystoreService: getCompareResult: 0
06-09 11:43:16.786 365 473 I Codec2InfoBuilder: adding type 'audio/mpeg'
06-09 11:43:16.787 380 380 V C2Store : in init
06-09 11:43:16.788 380 380 V C2Store : loading dll
06-09 11:43:16.788 677 677 I bt_btif : system/bt/btif/src/bluetooth.cc:162 init: init: start restricted = 0 ; common criteria mode = 0, config compare result = 0
06-09 11:43:16.791 380 419 V C2Store : in ~ComponentModule
06-09 11:43:16.791 380 419 V C2Store : unloading dll
06-09 11:43:16.793 677 677 I bt : bt_common::init_flags: Flags loaded: gd_core=false gd_advertising=false gd_scanning=false gd_security=false gd_acl=false gd_l2cap=false gd_hci=false gd_controller=false gatt_robust_caching=false btaa_hci=false gd_rust=false gd_link_policy=false
06-09 11:43:16.797 365 473 D Codec2InfoBuilder: codec entry for 'c2.android.mpeg2.decoder' is disabled
06-09 11:43:16.798 380 420 V C2Store : in init
06-09 11:43:16.798 380 420 V C2Store : loading dll
06-09 11:43:16.803 677 846 I droid.bluetoot: [0609/114316.799050:INFO:message_loop_thread.cc(224)] Run: message loop starting for thread bt_stack_manager_thread
06-09 11:43:16.804 487 510 D CompatibilityChangeReporter: Compat change id reported: 181136395; UID 1000; state: DISABLED
06-09 11:43:16.804 257 257 D Zygote : Forked child process 847
06-09 11:43:16.805 487 510 D CompatibilityChangeReporter: Compat change id reported: 174042936; UID 1000; state: DISABLED
06-09 11:43:16.812 487 547 W BestClock: java.time.DateTimeException: Missing NTP fix
06-09 11:43:16.812 380 820 V C2Store : in ~ComponentModule
06-09 11:43:16.812 380 820 V C2Store : unloading dll
06-09 11:43:16.814 365 473 I Codec2InfoBuilder: adding type 'video/mp4v-es'
06-09 11:43:16.815 487 547 D CountryDetector: Using custom country detector class: com.android.server.location.ComprehensiveCountryDetector
06-09 11:43:16.815 487 547 E CountryDetector: Could not instantiate the custom country detector class
06-09 11:43:16.815 487 547 D CountryDetector: Using default country detector
06-09 11:43:16.816 380 820 V C2Store : in init
06-09 11:43:16.816 380 820 V C2Store : loading dll
06-09 11:43:16.818 677 846 I bt_stack_manager: system/bt/btif/src/stack_manager.cc:200 event_init_stack: is initializing the stack
06-09 11:43:16.819 487 618 W BestClock: java.time.DateTimeException: Missing NTP fix
06-09 11:43:16.821 487 618 W BestClock: java.time.DateTimeException: Missing NTP fix
06-09 11:43:16.821 487 618 W BestClock: java.time.DateTimeException: Missing NTP fix
06-09 11:43:16.822 487 618 W BestClock: java.time.DateTimeException: Missing NTP fix
06-09 11:43:16.822 847 847 I Zygote : seccomp disabled by setenforce 0
06-09 11:43:16.823 380 420 V C2Store : in ~ComponentModule
06-09 11:43:16.823 380 420 V C2Store : unloading dll
06-09 11:43:16.823 800 800 V GraphicsEnvironment: ANGLE Developer option for 'com.android.se' set to: 'default'
06-09 11:43:16.823 365 473 I Codec2InfoBuilder: adding type 'video/mp4v-es'
06-09 11:43:16.823 800 800 V GraphicsEnvironment: Neither updatable production driver nor prerelease driver is supported.
06-09 11:43:16.826 800 800 D NetworkSecurityConfig: No Network Security Config specified, using platform default
06-09 11:43:16.826 800 800 D NetworkSecurityConfig: No Network Security Config specified, using platform default
06-09 11:43:16.827 487 618 W BestClock: java.time.DateTimeException: Missing NTP fix
06-09 11:43:16.828 380 419 V C2Store : in init
06-09 11:43:16.828 380 419 V C2Store : loading dll
06-09 11:43:16.824 337 337 I rainbow_flow: type=1400 audit(0.0:353): avc: denied { ioctl } for path="/dev/spidev1.0" dev="tmpfs" ino=6881 ioctlcmd=0x6b00 scontext=u:r:init:s0 tcontext=u:object_r:device:s0 tclass=chr_file permissive=1
06-09 11:43:16.831 487 618 W BestClock: java.time.DateTimeException: Missing NTP fix
06-09 11:43:16.833 487 618 W BestClock: java.time.DateTimeException: Missing NTP fix
06-09 11:43:16.835 380 822 V C2Store : in ~ComponentModule
06-09 11:43:16.835 380 822 V C2Store : unloading dll
06-09 11:43:16.836 677 854 I bt_osi_thread: system/bt/osi/src/thread.cc:209 run_thread: run_thread: thread id 854, thread name alarm_default_ca started
06-09 11:43:16.837 677 856 I bt_osi_thread: system/bt/osi/src/thread.cc:209 run_thread: run_thread: thread id 856, thread name alarm_dispatcher started
06-09 11:43:16.837 380 820 V C2Store : in ~ComponentModule
06-09 11:43:16.837 380 820 V C2Store : unloading dll
06-09 11:43:16.837 677 846 I bt_btif_core: system/bt/btif/src/btif_core.cc:235 btif_init_bluetooth: btif_init_bluetooth entered
06-09 11:43:16.838 677 857 I droid.bluetoot: [0609/114316.838004:INFO:message_loop_thread.cc(224)] Run: message loop starting for thread bt_jni_thread
06-09 11:43:16.838 677 846 I bt_btif_core: system/bt/btif/src/btif_core.cc:239 btif_init_bluetooth: btif_init_bluetooth finished
06-09 11:43:16.838 487 549 W ActivityManager: Slow operation: 63ms so far, now at startProcess: done updating battery stats
06-09 11:43:16.838 487 549 W ActivityManager: Slow operation: 63ms so far, now at startProcess: building log message
06-09 11:43:16.838 487 549 I ActivityManager: app.processName = android.ext.services
06-09 11:43:16.838 487 549 I ActivityManager: Start proc 847:android.ext.services/u0a75 for service {android.ext.services/android.ext.services.autofill.InlineSuggestionRenderServiceImpl}
06-09 11:43:16.838 487 549 W ActivityManager: Slow operation: 63ms so far, now at startProcess: starting to update pids map
06-09 11:43:16.838 487 549 W ActivityManager: Slow operation: 63ms so far, now at startProcess: done updating pids map
06-09 11:43:16.838 677 846 I bt_stack_config: system/bt/main/stack_config.cc:51 init: init attempt to load stack conf from /etc/bluetooth/bt_stack.conf
06-09 11:43:16.840 365 473 I Codec2InfoBuilder: adding type 'audio/opus'
06-09 11:43:16.840 677 846 I bt_stack_manager: system/bt/btif/src/stack_manager.cc:223 event_init_stack: finished
06-09 11:43:16.840 677 677 I bt_osi_wakelock: system/bt/osi/src/wakelock.cc:98 wakelock_set_os_callouts: wakelock_set_os_callouts set to non-native
06-09 11:43:16.840 677 677 I bt_btif : system/bt/btif/src/bluetooth.cc:417 get_profile_interface: get_profile_interface: id = socket
06-09 11:43:16.841 380 420 V C2Store : in init
06-09 11:43:16.841 380 420 V C2Store : loading dll
06-09 11:43:16.842 380 822 V C2Store : in ~ComponentModule
06-09 11:43:16.842 380 822 V C2Store : unloading dll
06-09 11:43:16.845 487 618 W BestClock: java.time.DateTimeException: Missing NTP fix
06-09 11:43:16.846 365 473 I Codec2InfoBuilder: adding type 'audio/opus'
06-09 11:43:16.848 380 419 V C2Store : in init
06-09 11:43:16.848 380 419 V C2Store : loading dll
06-09 11:43:16.848 823 823 D CompatibilityChangeReporter: Compat change id reported: 171979766; UID 1000; state: ENABLED
06-09 11:43:16.850 380 820 V C2Store : in ~ComponentModule
06-09 11:43:16.850 380 820 V C2Store : unloading dll
06-09 11:43:16.851 487 618 W BestClock: java.time.DateTimeException: Missing NTP fix
06-09 11:43:16.853 677 677 E droid.bluetoot: [0609/114316.852943:ERROR:message_loop_thread.cc(102)] DoInThreadDelayed: message loop is null for thread bt_main_thread(-1), from pc:0xc5a152fb
06-09 11:43:16.853 677 677 E droid.bluetoot: [0609/114316.853169:ERROR:btu_task.cc(94)] do_in_main_thread: failed from pc:0xc5a152fb
06-09 11:43:16.853 677 677 E droid.bluetoot: [0609/114316.853231:ERROR:message_loop_thread.cc(102)] DoInThreadDelayed: message loop is null for thread bt_main_thread(-1), from pc:0xc5a152fb
06-09 11:43:16.853 677 677 E droid.bluetoot: [0609/114316.853293:ERROR:btu_task.cc(94)] do_in_main_thread: failed from pc:0xc5a152fb
06-09 11:43:16.853 677 677 E droid.bluetoot: [0609/114316.853349:ERROR:message_loop_thread.cc(102)] DoInThreadDelayed: message loop is null for thread bt_main_thread(-1), from pc:0xc5a152fb
06-09 11:43:16.853 677 677 E droid.bluetoot: [0609/114316.853408:ERROR:btu_task.cc(94)] do_in_main_thread: failed from pc:0xc5a152fb
06-09 11:43:16.856 677 677 D BluetoothKeystoreService: initJni()
06-09 11:43:16.856 677 677 I bt_btif : system/bt/btif/src/bluetooth.cc:417 get_profile_interface: get_profile_interface: id = bluetooth_keystore
06-09 11:43:16.857 677 677 I bt_btif : system/bt/btif/src/bluetooth.cc:417 get_profile_interface: get_profile_interface: id = sdp
06-09 11:43:16.857 365 473 I Codec2InfoBuilder: adding type 'audio/raw'
06-09 11:43:16.858 380 420 V C2Store : in init
06-09 11:43:16.858 380 420 V C2Store : loading dll
06-09 11:43:16.860 380 419 V C2Store : in ~ComponentModule
06-09 11:43:16.862 380 419 V C2Store : unloading dll
06-09 11:43:16.864 393 408 I adbd : jdwp connection from 847
06-09 11:43:16.865 487 618 W BestClock: java.time.DateTimeException: Missing NTP fix
06-09 11:43:16.867 365 473 I Codec2InfoBuilder: adding type 'audio/vorbis'
06-09 11:43:16.868 380 855 V C2Store : in init
06-09 11:43:16.868 380 855 V C2Store : loading dll
06-09 11:43:16.870 380 420 V C2Store : in ~ComponentModule
06-09 11:43:16.870 380 420 V C2Store : unloading dll
06-09 11:43:16.871 487 618 W BestClock: java.time.DateTimeException: Missing NTP fix
06-09 11:43:16.871 677 677 D BluetoothDatabase: start()
06-09 11:43:16.873 487 618 W BestClock: java.time.DateTimeException: Missing NTP fix
06-09 11:43:16.876 365 473 I Codec2InfoBuilder: adding type 'video/x-vnd.on2.vp8'
06-09 11:43:16.877 487 848 D CompatibilityChangeReporter: Compat change id reported: 168419799; UID 10075; state: DISABLED
06-09 11:43:16.877 380 419 V C2Store : in init
06-09 11:43:16.877 380 419 V C2Store : loading dll
06-09 11:43:16.878 380 420 V C2Store : in ~ComponentModule
06-09 11:43:16.878 380 420 V C2Store : unloading dll
06-09 11:43:16.880 380 419 I C2SoftVp8Enc: setting temporal layering 0 + 0
06-09 11:43:16.884 288 767 D PermissionCache: checking android.permission.ACCESS_SURFACE_FLINGER for uid=10061 => granted (2381 us)
06-09 11:43:16.874 800 800 I SecureElementService: main onCreate
06-09 11:43:16.888 380 419 I C2SoftVp8Enc: setting temporal layering 0 + 0
06-09 11:43:16.889 766 766 D NetworkSecurityConfig: No Network Security Config specified, using platform default
06-09 11:43:16.891 365 473 I Codec2InfoBuilder: adding type 'video/x-vnd.on2.vp8'
06-09 11:43:16.894 380 822 V C2Store : in init
06-09 11:43:16.894 380 822 V C2Store : loading dll
06-09 11:43:16.897 677 677 D BluetoothDatabase: Load Database
06-09 11:43:16.897 677 677 I BluetoothAdapterService: Phone policy enabled
06-09 11:43:16.900 677 677 D BluetoothActiveDeviceManager: start()
06-09 11:43:16.901 380 855 V C2Store : in ~ComponentModule
06-09 11:43:16.901 380 855 V C2Store : unloading dll
06-09 11:43:16.903 847 847 D CompatibilityChangeReporter: Compat change id reported: 171979766; UID 10075; state: DISABLED
06-09 11:43:16.904 800 800 I SecureElementService: Check if terminal eSE1 is available.
06-09 11:43:16.906 197 197 I hwservicemanager: getTransport: Cannot find entry android.hardware.secure_element@1.2::ISecureElement/eSE1 in either framework or device VINTF manifest.
06-09 11:43:16.908 800 800 D SecureElement-Terminal-eSE1: SE Hal V1.2 is not supported
06-09 11:43:16.908 197 197 I hwservicemanager: getTransport: Cannot find entry android.hardware.secure_element@1.1::ISecureElement/eSE1 in either framework or device VINTF manifest.
06-09 11:43:16.909 800 800 D SecureElement-Terminal-eSE1: SE Hal V1.1 is not supported
06-09 11:43:16.910 197 197 I hwservicemanager: getTransport: Cannot find entry android.hardware.secure_element@1.0::ISecureElement/eSE1 in either framework or device VINTF manifest.
06-09 11:43:16.910 800 800 I SecureElementService: No HAL implementation for eSE1
06-09 11:43:16.910 800 800 I SecureElementService: Check if terminal SIM1 is available.
06-09 11:43:16.911 197 197 I hwservicemanager: getTransport: Cannot find entry android.hardware.secure_element@1.2::ISecureElement/SIM1 in either framework or device VINTF manifest.
06-09 11:43:16.911 800 800 D SecureElement-Terminal-SIM1: SE Hal V1.2 is not supported
06-09 11:43:16.912 197 197 I hwservicemanager: getTransport: Cannot find entry android.hardware.secure_element@1.1::ISecureElement/SIM1 in either framework or device VINTF manifest.
06-09 11:43:16.912 800 800 D SecureElement-Terminal-SIM1: SE Hal V1.1 is not supported
06-09 11:43:16.913 197 197 I hwservicemanager: getTransport: Cannot find entry android.hardware.secure_element@1.0::ISecureElement/SIM1 in either framework or device VINTF manifest.
06-09 11:43:16.914 800 800 I SecureElementService: No HAL implementation for SIM1
06-09 11:43:16.919 677 874 D BluetoothActiveDeviceManager: onAudioDevicesAdded
06-09 11:43:16.920 677 874 D BluetoothActiveDeviceManager: Audio device added: DBBOX-A2 type: 2
06-09 11:43:16.920 677 874 D BluetoothActiveDeviceManager: Audio device added: DBBOX-A2 type: 15
06-09 11:43:16.920 677 874 D BluetoothActiveDeviceManager: Audio device added: DBBOX-A2 type: 25
06-09 11:43:16.920 677 677 D BluetoothAdapterService: setAdapterService() - trying to set service to com.android.bluetooth.btservice.AdapterService@416fdd3
06-09 11:43:16.920 277 277 I EventThread: type=1400 audit(0.0:354): avc: denied { search } for name="extcon" dev="sysfs" ino=18109 scontext=u:r:hal_tv_cec_default:s0 tcontext=u:object_r:sysfs_extcon:s0 tclass=dir permissive=1
06-09 11:43:16.924 277 277 D hdmi-cec: cec physical address: 2.0.0.0
06-09 11:43:16.924 277 277 D hdmi-cec: cec physical address: 2.0.0.0
06-09 11:43:16.924 277 277 D hdmi-cec: cec physical address: 2.0.0.0
06-09 11:43:16.925 277 277 D hdmi-cec: addLogicalAddress (4)
06-09 11:43:16.930 277 277 D hdmi-cec: cec physical address: 2.0.0.0
06-09 11:43:16.932 365 473 D Codec2InfoBuilder: component 'c2.android.vp9.decoder' not found in xml
06-09 11:43:16.933 380 822 V C2Store : in ~ComponentModule
06-09 11:43:16.933 380 822 V C2Store : unloading dll
06-09 11:43:16.933 380 855 V C2Store : in init
06-09 11:43:16.933 380 855 V C2Store : loading dll
06-09 11:43:16.937 677 677 D BluetoothAdapterService: onBind()
06-09 11:43:16.937 380 855 I C2SoftVp9Enc: setting temporal layering 0 + 0
06-09 11:43:16.939 684 684 D CompatibilityChangeReporter: Compat change id reported: 160794467; UID 10061; state: ENABLED
06-09 11:43:16.941 380 855 I C2SoftVp9Enc: setting temporal layering 0 + 0
06-09 11:43:16.947 365 473 D Codec2InfoBuilder: codec entry for 'c2.android.vp9.encoder' is disabled
06-09 11:43:16.950 487 708 D MediaCodecList: codecHandlesFormat: no format, so no extra checks
06-09 11:43:16.951 487 707 D MediaCodecList: codecHandlesFormat: no format, so no extra checks
06-09 11:43:16.955 684 684 D TvPipMenuController: onMediaActionsChanged()
06-09 11:43:16.955 487 712 D CCodec : allocate(c2.android.vorbis.decoder)
06-09 11:43:16.955 487 713 D CCodec : allocate(c2.android.vorbis.decoder)
06-09 11:43:16.957 487 712 I Codec2Client: Available Codec2 services: "software"
06-09 11:43:16.957 823 823 V GraphicsEnvironment: ANGLE Developer option for 'com.android.tv.settings' set to: 'default'
06-09 11:43:16.958 823 823 V GraphicsEnvironment: Neither updatable production driver nor prerelease driver is supported.
06-09 11:43:16.958 684 684 D TvPipNotification: setDelegate(), delegate=com.android.wm.shell.pip.tv.TvPipController@416fdd3
06-09 11:43:16.958 684 684 D TvPipMenuController: setDelegate(), delegate=com.android.wm.shell.pip.tv.TvPipController@416fdd3
06-09 11:43:16.959 823 823 D NetworkSecurityConfig: No Network Security Config specified, using platform default
06-09 11:43:16.960 380 855 V C2Store : in ~ComponentModule
06-09 11:43:16.960 380 855 V C2Store : unloading dll
06-09 11:43:16.960 380 822 V C2Store : in init
06-09 11:43:16.960 380 822 V C2Store : loading dll
06-09 11:43:16.960 487 487 D CompatibilityChangeReporter: Compat change id reported: 150939131; UID 1000; state: ENABLED
06-09 11:43:16.961 823 823 D NetworkSecurityConfig: No Network Security Config specified, using platform default
06-09 11:43:16.961 487 528 D AdbService: setAdbEnabled(true), mIsAdbUsbEnabled=true, mIsAdbWifiEnabled=true, transportType=1
06-09 11:43:16.966 487 713 I CCodec : Created component [c2.android.vorbis.decoder]
06-09 11:43:16.967 487 712 I CCodec : Created component [c2.android.vorbis.decoder]
06-09 11:43:16.968 487 713 D CCodecConfig: read media type: audio/vorbis
06-09 11:43:16.968 487 712 D CCodecConfig: read media type: audio/vorbis
06-09 11:43:16.970 684 684 W OneHandedController: Device doesn't support OneHanded feature
06-09 11:43:16.972 487 713 D ReflectedParamUpdater: extent() != 1 for single value type: algo.buffers.max-count.values
06-09 11:43:16.973 487 712 D ReflectedParamUpdater: extent() != 1 for single value type: algo.buffers.max-count.values
06-09 11:43:16.973 487 713 D ReflectedParamUpdater: extent() != 1 for single value type: output.subscribed-indices.values
06-09 11:43:16.973 487 713 D ReflectedParamUpdater: extent() != 1 for single value type: input.buffers.allocator-ids.values
06-09 11:43:16.974 487 713 D ReflectedParamUpdater: extent() != 1 for single value type: output.buffers.allocator-ids.values
06-09 11:43:16.974 487 712 D ReflectedParamUpdater: extent() != 1 for single value type: output.subscribed-indices.values
06-09 11:43:16.974 487 713 D ReflectedParamUpdater: extent() != 1 for single value type: algo.buffers.allocator-ids.values
06-09 11:43:16.974 487 712 D ReflectedParamUpdater: extent() != 1 for single value type: input.buffers.allocator-ids.values
06-09 11:43:16.974 487 713 D ReflectedParamUpdater: extent() != 1 for single value type: output.buffers.pool-ids.values
06-09 11:43:16.974 487 713 D ReflectedParamUpdater: extent() != 1 for single value type: algo.buffers.pool-ids.values
06-09 11:43:16.975 487 712 D ReflectedParamUpdater: extent() != 1 for single value type: output.buffers.allocator-ids.values
06-09 11:43:16.975 487 712 D ReflectedParamUpdater: extent() != 1 for single value type: algo.buffers.allocator-ids.values
06-09 11:43:16.975 487 712 D ReflectedParamUpdater: extent() != 1 for single value type: output.buffers.pool-ids.values
06-09 11:43:16.975 487 712 D ReflectedParamUpdater: extent() != 1 for single value type: algo.buffers.pool-ids.values
06-09 11:43:16.977 487 713 I CCodecConfig: query failed after returning 7 values (BAD_INDEX)
06-09 11:43:16.977 487 712 I CCodecConfig: query failed after returning 7 values (BAD_INDEX)
06-09 11:43:16.978 487 713 D CCodecConfig: c2 config diff is Dict {
06-09 11:43:16.978 487 713 D CCodecConfig: c2::u32 coded.bitrate.value = 64000
06-09 11:43:16.978 487 713 D CCodecConfig: c2::u32 input.buffers.max-size.value = 32768
06-09 11:43:16.978 487 713 D CCodecConfig: c2::u32 input.delay.value = 0
06-09 11:43:16.978 487 713 D CCodecConfig: string input.media-type.value = "audio/vorbis"
06-09 11:43:16.978 487 713 D CCodecConfig: string output.media-type.value = "audio/raw"
06-09 11:43:16.978 487 713 D CCodecConfig: c2::u32 raw.channel-count.value = 1
06-09 11:43:16.978 487 713 D CCodecConfig: c2::u32 raw.sample-rate.value = 48000
06-09 11:43:16.978 487 713 D CCodecConfig: }
06-09 11:43:16.978 487 712 D CCodecConfig: c2 config diff is Dict {
06-09 11:43:16.978 487 712 D CCodecConfig: c2::u32 coded.bitrate.value = 64000
06-09 11:43:16.978 487 712 D CCodecConfig: c2::u32 input.buffers.max-size.value = 32768
06-09 11:43:16.978 487 712 D CCodecConfig: c2::u32 input.delay.value = 0
06-09 11:43:16.978 487 712 D CCodecConfig: string input.media-type.value = "audio/vorbis"
06-09 11:43:16.978 487 712 D CCodecConfig: string output.media-type.value = "audio/raw"
06-09 11:43:16.978 487 712 D CCodecConfig: c2::u32 raw.channel-count.value = 1
06-09 11:43:16.978 487 712 D CCodecConfig: c2::u32 raw.sample-rate.value = 48000
06-09 11:43:16.978 487 712 D CCodecConfig: }
06-09 11:43:16.979 487 712 D CCodec : [c2.android.vorbis.decoder] buffers are bound to CCodec for this session
06-09 11:43:16.979 487 713 D CCodec : [c2.android.vorbis.decoder] buffers are bound to CCodec for this session
06-09 11:43:16.980 487 712 D CCodecConfig: no c2 equivalents for durationUs
