06-09 11:43:14.228 311 311 I xiriservice_All: type=1400 audit(0.0:321): avc: denied { read } for name="lib" dev="mmcblk0p25" ino=15533 scontext=u:r:init:s0 tcontext=u:object_r:system_app_data_file:s0 tclass=lnk_file permissive=1
06-09 11:43:14.233 487 606 I InputReader: Device added: id=-1, eventHubId=-1, name='Virtual', descriptor='a718a782d34bc767f4689c232d64d527998ea7fd',sources=0x00000301
06-09 11:43:14.233 487 608 I WatchlistLoggingHandler: Last report time is larger than current time, reset report
06-09 11:43:14.233 487 606 I InputReader: Device added: id=2, eventHubId=2, name='sunxi-ir', descriptor='485d69228e24f5e46da1598745890b214130dbc4',sources=0x00000101
06-09 11:43:14.234 487 487 I SystemServerTiming: PinnerService
06-09 11:43:14.234 487 487 I SystemServiceManager: Starting com.android.server.PinnerService
06-09 11:43:14.234 487 606 W InputReader: Can't find the designated viewport with ID 0 to update cursor input mapper. Fall back to default display
06-09 11:43:14.234 487 606 E InputReader: Still can't find a viable viewport to update cursor input mapper. Skip setting it to PointerController.
06-09 11:43:14.234 487 606 I InputReader: Device added: id=3, eventHubId=1, name='sunxi-ir-uinput', descriptor='0a253e777d1b2169367be63d7c9054e7991953a6',sources=0x00002303
06-09 11:43:14.236 487 487 V HistoricalRegistry: Interaction before persistence initialized
06-09 11:43:14.238 487 487 I SystemServerTiming: IorapForwardingService
06-09 11:43:14.238 487 487 I SystemServiceManager: Starting com.google.android.startop.iorap.IorapForwardingService
06-09 11:43:14.240 311 311 D XiriService: check file name: /data/data/com.android.dynsystem/lib
06-09 11:43:14.241 311 311 D XiriService: check file name: /data/data/com.android.dynsystem/lib
06-09 11:43:14.242 311 311 D XiriService: check file name: /data/data/com.dangbei.lerad.rocky/lib
06-09 11:43:14.242 311 311 D XiriService: check file name: /data/data/com.dangbei.lerad.rocky/lib
06-09 11:43:14.243 487 487 W IorapForwardingService: No service published for: iorapd
06-09 11:43:14.243 311 311 D XiriService: check file name: /data/data/com.dangbei.lerad.rocky/lib
06-09 11:43:14.244 487 487 I SystemServerTiming: SignedConfigService
06-09 11:43:14.245 487 487 I SystemServerTiming: AppIntegrityService
06-09 11:43:14.245 487 487 I SystemServiceManager: Starting com.android.server.integrity.AppIntegrityManagerService
06-09 11:43:14.248 487 487 E IntegrityFileManager: Error creating staging and rules directory
06-09 11:43:14.252 487 487 I WindowManager: SAFE MODE not enabled
06-09 11:43:14.253 487 487 I SystemServerTiming: StartInputMethodManagerLifecycle
06-09 11:43:14.253 487 487 I SystemServiceManager: Starting com.android.server.inputmethod.InputMethodManagerService$Lifecycle
06-09 11:43:14.254 487 608 I WatchlistLoggingHandler: No need to aggregate record yet.
06-09 11:43:14.254 487 608 I WatchlistLoggingHandler: Milliseconds spent on tryAggregateRecords(): 21
06-09 11:43:14.257 311 311 D XiriService: check file name: /data/data/com.dangbei.lerad.rocky/lib
06-09 11:43:14.257 311 311 D XiriService: check file name: /data/data/com.dangbei.lerad.rocky/lib
06-09 11:43:14.257 311 311 D XiriService: check file name: /data/data/com.dangbei.lerad.rocky/lib
06-09 11:43:14.257 311 311 D XiriService: check file name: /data/data/com.dangbei.lerad.rocky/lib
06-09 11:43:14.259 487 487 I SystemServerTiming: StartAccessibilityManagerService
06-09 11:43:14.259 487 487 I SystemServiceManager: Starting com.android.server.accessibility.AccessibilityManagerService$Lifecycle
06-09 11:43:14.266 311 311 D XiriService: check file name: /data/data/com.android.tv.settings/lib
06-09 11:43:14.266 311 311 D XiriService: check file name: /data/data/com.android.tv.settings/lib
06-09 11:43:14.267 311 311 D XiriService: check file name: /data/data/com.android.tv.settings/lib
06-09 11:43:14.267 311 311 D XiriService: check file name: /data/data/com.android.tv.settings/lib
06-09 11:43:14.270 487 487 I SystemServerTiming: MakeDisplayReady
06-09 11:43:14.272 487 487 W InputReader: Device sunxi-ir-uinput is associated with display ADISPLAY_ID_NONE.
06-09 11:43:14.273 487 487 W InputReader: Device sunxi-ir-uinput is associated with display ADISPLAY_ID_NONE.
06-09 11:43:14.274 487 487 I ActivityTaskManager: Config changes=20005df8 {1.0 ?mcc?mnc [zh_CN] ldltr sw720dp w1280dp h696dp 240dpi xlrg long land ?uimode ?night -touch qwerty/v/v dpad/v winConfig={ mBounds=Rect(0, 0 - 1920, 1080) mAppBounds=Rect(0, 0 - 1920, 1080) mMaxBounds=Rect(0, 0 - 1920, 1080) mWindowingMode=fullscreen mDisplayWindowingMode=fullscreen mActivityType=undefined mAlwaysOnTop=undefined mRotation=ROTATION_0} s.2 ?fontWeightAdjustment}
06-09 11:43:14.276 311 311 D XiriService: check file name: /data/data/com.android.tv.settings/lib
06-09 11:43:14.276 311 311 D XiriService: check file name: /data/data/com.android.tv.settings/lib
06-09 11:43:14.276 311 311 D XiriService: check file name: /data/data/com.android.tv.settings/lib
06-09 11:43:14.276 311 311 D XiriService: check file name: /data/data/com.android.tv.settings/lib
06-09 11:43:14.278 487 487 I WindowManager: Override config changes=60007dfc {1.0 ?mcc?mnc [zh_CN] ldltr sw720dp w1280dp h696dp 240dpi xlrg long land ?uimode ?night -touch qwerty/v/v dpad/v winConfig={ mBounds=Rect(0, 0 - 1920, 1080) mAppBounds=Rect(0, 0 - 1920, 1080) mMaxBounds=Rect(0, 0 - 1920, 1080) mWindowingMode=fullscreen mDisplayWindowingMode=fullscreen mActivityType=undefined mAlwaysOnTop=undefined mRotation=ROTATION_0} s.2 ?fontWeightAdjustment} for displayId=0
06-09 11:43:14.284 311 311 D XiriService: check file name: /data/data/com.oranth.factory/lib
06-09 11:43:14.293 487 487 W InputReader: Device sunxi-ir-uinput is associated with display ADISPLAY_ID_NONE.
06-09 11:43:14.294 487 487 I SystemServerTiming: StartStorageManagerService
06-09 11:43:14.294 311 311 D XiriService: check file name: /data/data/com.oranth.factory/lib
06-09 11:43:14.294 311 311 D XiriService: check file name: /data/data/com.oranth.factory/lib
06-09 11:43:14.294 487 487 I SystemServiceManager: Starting com.android.server.StorageManagerService$Lifecycle
06-09 11:43:14.294 311 311 D XiriService: check file name: /data/data/com.oranth.factory/lib
06-09 11:43:14.294 311 311 D XiriService: check file name: /data/data/com.oranth.factory/lib
01-01 08:00:16.742 1 1 I init : processing action (sys.sysctl.extra_free_kbytes=*) from (/system/etc/init/hw/init.rc:1139)
06-09 11:43:14.296 487 533 I InputManager-JNI: Viewport [0] to add: local:0, isActive: false
06-09 11:43:14.297 487 606 I InputReader: Reconfiguring input devices, changes=DISPLAY_INFO |
06-09 11:43:14.300 361 361 D installd: Found quota mount /dev/block/by-name/userdata at /data
06-09 11:43:14.300 361 361 D installd: Found quota mount /dev/block/by-name/userdata at /data/user/0
06-09 11:43:14.305 311 311 D XiriService: check file name: /data/data/com.dangbei.zhushou.os/lib
06-09 11:43:14.306 311 311 D XiriService: check file name: /data/data/com.dangbei.zhushou.os/lib
06-09 11:43:14.306 311 311 D XiriService: check file name: /data/data/com.dangbei.zhushou.os/lib
06-09 11:43:14.306 311 311 D XiriService: check file name: /data/data/com.dangbei.zhushou.os/lib
06-09 11:43:14.313 311 311 D XiriService: check file name: /data/data/com.dangbei.zhushou.os/lib
06-09 11:43:14.314 311 311 D XiriService: check file name: /data/data/com.dangbei.zhushou.os/lib
06-09 11:43:14.316 487 612 D StorageManagerService: Thinking about init, mBootCompleted=false, mDaemonConnected=true
06-09 11:43:14.316 487 612 D StorageManagerService: Thinking about reset, mBootCompleted=false, mDaemonConnected=true
06-09 11:43:14.318 487 612 D StorageManagerService: Thinking about init, mBootCompleted=false, mDaemonConnected=true
06-09 11:43:14.318 487 612 D StorageManagerService: Thinking about reset, mBootCompleted=false, mDaemonConnected=true
06-09 11:43:14.319 487 487 I SystemServerTiming: StartStorageStatsService
06-09 11:43:14.319 487 487 I SystemServiceManager: Starting com.android.server.usage.StorageStatsService$Lifecycle
06-09 11:43:14.321 361 361 D installd: Found quota mount /dev/block/by-name/userdata at /data
06-09 11:43:14.321 361 361 D installd: Found quota mount /dev/block/by-name/userdata at /data/user/0
06-09 11:43:14.324 361 609 D installd: Found quota mount /dev/block/by-name/userdata at /data
06-09 11:43:14.325 361 609 D installd: Found quota mount /dev/block/by-name/userdata at /data/user/0
06-09 11:43:14.332 487 487 I SystemServerTiming: StartUiModeManager
06-09 11:43:14.332 487 487 I SystemServiceManager: Starting com.android.server.UiModeManagerService
06-09 11:43:14.334 487 527 I SystemServerTimingAsync: InitThreadPoolExec:UiModeManager.onStart
06-09 11:43:14.334 487 527 D SystemServerInitThreadPool: Started executing UiModeManager.onStart
06-09 11:43:14.334 487 487 I SystemServerTiming: UpdatePackagesIfNeeded
06-09 11:43:14.334 487 487 I Watchdog: Pausing HandlerChecker: main thread for reason: dexopt. Pause count: 1
06-09 11:43:14.334 487 487 I Watchdog: Resuming HandlerChecker: main thread for reason: dexopt. Pause count: 0
06-09 11:43:14.335 487 487 I SystemServerTiming: PerformFstrimIfNeeded
06-09 11:43:14.335 487 487 I SystemServerTiming: StartLockSettingsService
06-09 11:43:14.336 487 487 I SystemServiceManager: Starting com.android.server.locksettings.LockSettingsService$Lifecycle
06-09 11:43:14.342 487 527 D SystemServerInitThreadPool: Finished executing UiModeManager.onStart
06-09 11:43:14.348 311 311 D XiriService: check file name: /data/data/com.sohu.inputmethod.sogou.tv/lib
06-09 11:43:14.348 311 311 D XiriService: check file name: /data/data/com.sohu.inputmethod.sogou.tv/lib
06-09 11:43:14.344 311 311 I xiriservice_All: type=1400 audit(0.0:322): avc: denied { search } for name="com.sohu.inputmethod.sogou.tv" dev="mmcblk0p25" ino=1429 scontext=u:r:init:s0 tcontext=u:object_r:app_data_file:s0:c38,c256,c512,c768 tclass=dir permissive=1
06-09 11:43:14.344 311 311 I xiriservice_All: type=1400 audit(0.0:323): avc: denied { read } for name="lib" dev="mmcblk0p25" ino=15556 scontext=u:r:init:s0 tcontext=u:object_r:app_data_file:s0 tclass=lnk_file permissive=1
06-09 11:43:14.349 311 311 D XiriService: check file name: /data/data/com.sohu.inputmethod.sogou.tv/lib
06-09 11:43:14.344 311 311 I xiriservice_All: type=1400 audit(0.0:324): avc: denied { read } for name="lib" dev="mmcblk0p25" ino=15556 scontext=u:r:init:s0 tcontext=u:object_r:app_data_file:s0:c38,c256,c512,c768 tclass=lnk_file permissive=1
06-09 11:43:14.357 311 311 D XiriService: check file name: /data/data/com.sohu.inputmethod.sogou.tv/lib
06-09 11:43:14.357 311 311 D XiriService: check file name: /data/data/com.sohu.inputmethod.sogou.tv/lib
06-09 11:43:14.358 311 311 D XiriService: check file name: /data/data/com.sohu.inputmethod.sogou.tv/lib
06-09 11:43:14.358 311 311 D XiriService: check file name: /data/data/com.sohu.inputmethod.sogou.tv/lib
06-09 11:43:14.361 487 487 I SystemServerTiming: StartPersistentDataBlock
06-09 11:43:14.361 487 487 I SystemServiceManager: Starting com.android.server.PersistentDataBlockService
06-09 11:43:14.362 487 487 I SystemServerTiming: StartTestHarnessMode
06-09 11:43:14.362 487 487 I SystemServiceManager: Starting com.android.server.testharness.TestHarnessModeService
06-09 11:43:14.362 487 588 I SystemServerTimingAsync: InitThreadPoolExec:PersistentDataBlockService.onStart
06-09 11:43:14.362 487 588 D SystemServerInitThreadPool: Started executing PersistentDataBlockService.onStart
06-09 11:43:14.363 487 487 I SystemServerTiming: StartOemLockService
06-09 11:43:14.363 487 487 I SystemServiceManager: Starting com.android.server.oemlock.OemLockService
06-09 11:43:14.367 197 197 I hwservicemanager: getTransport: Cannot find entry android.hardware.oemlock@1.0::IOemLock/default in either framework or device VINTF manifest.
06-09 11:43:14.369 257 257 D MtpDeviceJNI: register_android_mtp_MtpDevice
06-09 11:43:14.370 487 487 I OemLock : OemLock HAL not present on device
06-09 11:43:14.370 487 487 I OemLock : Using persistent data block based lock
06-09 11:43:14.371 487 487 I SystemServerTiming: StartDeviceIdleController
06-09 11:43:14.371 487 487 I SystemServiceManager: Starting com.android.server.DeviceIdleController
06-09 11:43:14.378 487 487 I SystemServerTiming: StartDevicePolicyManager
06-09 11:43:14.378 487 487 I SystemServiceManager: Starting com.android.server.devicepolicy.DevicePolicyManagerService$Lifecycle
06-09 11:43:14.380 487 588 D SystemServerInitThreadPool: Finished executing PersistentDataBlockService.onStart
06-09 11:43:14.392 487 487 I SystemServerTiming: StartStatusBarManagerService
06-09 11:43:14.393 487 487 D SystemServer: MusicRecognitionManagerService not defined by OEM or disabled by flag
06-09 11:43:14.394 487 487 D SystemServer: ContentCaptureService disabled because resource is not overlaid
06-09 11:43:14.395 487 487 D SystemServer: AttentionService is not configured on this device
06-09 11:43:14.395 487 487 D SystemServer: RotationResolverService is not configured on this device
06-09 11:43:14.395 487 487 D SystemServer: SystemCaptionsManagerService disabled because resource is not overlaid
06-09 11:43:14.395 487 487 I SystemServerTiming: StartTextToSpeechManagerService
06-09 11:43:14.395 487 487 I SystemServiceManager: Starting com.android.server.texttospeech.TextToSpeechManagerService
06-09 11:43:14.397 311 311 D XiriService: check file name: /data/data/com.oranth.ledstatus/lib
06-09 11:43:14.397 311 311 D XiriService: check file name: /data/data/com.oranth.ledstatus/lib
06-09 11:43:14.400 487 487 I SystemServerTiming: StartSpeechRecognitionManagerService
06-09 11:43:14.405 311 311 D XiriService: check file name: /data/data/com.oranth.ledstatus/lib
06-09 11:43:14.405 311 311 D XiriService: check file name: /data/data/com.oranth.ledstatus/lib
06-09 11:43:14.405 487 487 I SystemServiceManager: Starting com.android.server.speech.SpeechRecognitionManagerService
06-09 11:43:14.406 311 311 D XiriService: check file name: /data/data/com.oranth.ledstatus/lib
06-09 11:43:14.406 311 311 D XiriService: check file name: /data/data/com.oranth.ledstatus/lib
06-09 11:43:14.407 311 311 D XiriService: check file name: /data/data/com.dangbei.lerad.videoposter/lib
06-09 11:43:14.407 311 311 D XiriService: check file name: /data/data/com.dangbei.lerad.videoposter/lib
06-09 11:43:14.404 311 311 I xiriservice_All: type=1400 audit(0.0:325): avc: denied { search } for name="com.dangbei.lerad.videoposter" dev="mmcblk0p25" ino=762 scontext=u:r:init:s0 tcontext=u:object_r:app_data_file:s0:c512,c768 tclass=dir permissive=1
06-09 11:43:14.404 311 311 I xiriservice_All: type=1400 audit(0.0:326): avc: denied { read } for name="lib" dev="mmcblk0p25" ino=15561 scontext=u:r:init:s0 tcontext=u:object_r:app_data_file:s0:c512,c768 tclass=lnk_file permissive=1
06-09 11:43:14.407 311 311 D XiriService: check file name: /data/data/com.dangbei.lerad.videoposter/lib
06-09 11:43:14.410 487 487 D SystemServer: AppPredictionService not defined by OEM
06-09 11:43:14.410 487 487 D SystemServer: ContentSuggestionsService not defined by OEM
06-09 11:43:14.410 487 487 I SystemServerTiming: StartSearchUiService
06-09 11:43:14.410 487 487 I SystemServiceManager: Starting com.android.server.searchui.SearchUiManagerService
06-09 11:43:14.412 487 487 I SystemServerTiming: StartSmartspaceService
06-09 11:43:14.413 487 487 I SystemServiceManager: Starting com.android.server.smartspace.SmartspaceManagerService
06-09 11:43:14.414 311 311 D XiriService: check file name: /data/data/com.dangbei.lerad.videoposter/lib
06-09 11:43:14.414 311 311 D XiriService: check file name: /data/data/com.dangbei.lerad.videoposter/lib
06-09 11:43:14.414 311 311 D XiriService: check file name: /data/data/com.dangbei.lerad.videoposter/lib
06-09 11:43:14.416 487 487 I SystemServerTiming: InitConnectivityModuleConnector
06-09 11:43:14.416 487 487 D ConnectivityModuleConnector: Network stack init
06-09 11:43:14.422 487 487 I SystemServerTiming: InitNetworkStackClient
06-09 11:43:14.427 487 487 I SystemServerTiming: StartNetworkManagementService
06-09 11:43:14.436 311 311 D XiriService: check file name: /data/data/com.android.networkstack/lib
06-09 11:43:14.436 311 311 D XiriService: check file name: /data/data/com.android.networkstack/lib
06-09 11:43:14.436 487 487 I SystemServerTiming: StartIpSecService
06-09 11:43:14.432 311 311 I xiriservice_All: type=1400 audit(0.0:327): avc: denied { read } for name="lib" dev="mmcblk0p25" ino=15563 scontext=u:r:init:s0 tcontext=u:object_r:radio_data_file:s0 tclass=lnk_file permissive=1
06-09 11:43:14.436 311 311 D XiriService: check file name: /data/data/com.android.networkstack/lib
06-09 11:43:14.436 311 311 D XiriService: check file name: /data/data/com.android.networkstack/lib
06-09 11:43:14.441 487 487 I SystemServerTiming: StartTextServicesManager
06-09 11:43:14.441 487 487 I SystemServiceManager: Starting com.android.server.textservices.TextServicesManagerService$Lifecycle
06-09 11:43:14.441 487 527 I SystemServerTimingAsync: InitThreadPoolExec:START_FONT_MANAGER_SERVICE
06-09 11:43:14.441 487 527 D SystemServerInitThreadPool: Started executing START_FONT_MANAGER_SERVICE
06-09 11:43:14.441 487 527 I SystemServerTimingAsync: START_FONT_MANAGER_SERVICE
06-09 11:43:14.443 487 487 I SystemServerTiming: StartTextClassificationManagerService
06-09 11:43:14.443 487 487 I SystemServiceManager: Starting com.android.server.textclassifier.TextClassificationManagerService$Lifecycle
06-09 11:43:14.446 487 487 I SystemServerTiming: StartNetworkScoreService
06-09 11:43:14.446 487 487 I SystemServiceManager: Starting com.android.server.NetworkScoreService$Lifecycle
06-09 11:43:14.447 487 487 I NetworkScoreService: Registering network_score
06-09 11:43:14.449 487 487 I SystemServerTiming: StartNetworkStatsService
06-09 11:43:14.450 311 311 D XiriService: check file name: /data/data/com.android.networkstack/lib
06-09 11:43:14.463 487 487 I SystemServerTiming: StartNetworkPolicyManagerService
06-09 11:43:14.477 487 487 I SystemServerTiming: StartWifi
06-09 11:43:14.517 487 487 I SystemServiceManager: Starting com.android.server.wifi.WifiService
06-09 11:43:14.526 311 311 D XiriService: check file name: /data/data/com.dangbei.screencast/lib
06-09 11:43:14.526 311 311 D XiriService: check file name: /data/data/com.dangbei.screencast/lib
06-09 11:43:14.526 311 311 D XiriService: check file name: /data/data/com.dangbei.screencast/lib
06-09 11:43:14.526 311 311 D XiriService: check file name: /data/data/com.dangbei.screencast/lib
06-09 11:43:14.535 311 311 D XiriService: check file name: /data/data/com.dangbei.screencast/lib
06-09 11:43:14.535 311 311 D XiriService: check file name: /data/data/com.dangbei.screencast/lib
06-09 11:43:14.542 487 487 I WifiContext: Found Wifi Resources APK at: com.android.wifi.resources
06-09 11:43:14.553 311 311 D XiriService: check file name: /data/data/com.dangbei.leard.leradlauncher/lib
06-09 11:43:14.554 311 311 D XiriService: check file name: /data/data/com.dangbei.leard.leradlauncher/lib
06-09 11:43:14.554 311 311 D XiriService: check file name: /data/data/com.dangbei.leard.leradlauncher/lib
06-09 11:43:14.559 487 487 V NetworkScoreManager: registerNetworkScoreCallback: callback=com.android.server.wifi.WifiNetworkScoreCache@e728f5b, executor=com.android.wifi.x.android.os.HandlerExecutor@9d6f3f8
06-09 11:43:14.561 311 311 D XiriService: check file name: /data/data/com.dangbei.leard.leradlauncher/lib
06-09 11:43:14.562 311 311 D XiriService: check file name: /data/data/com.dangbei.leard.leradlauncher/lib
06-09 11:43:14.562 311 311 D XiriService: check file name: /data/data/com.dangbei.leard.leradlauncher/lib
06-09 11:43:14.563 311 311 D XiriService: check file name: /data/data/com.dangbei.leard.leradlauncher/lib
06-09 11:43:14.571 311 311 D XiriService: check file name: /data/data/com.android.printspooler/lib
06-09 11:43:14.572 311 311 D XiriService: check file name: /data/data/com.android.printspooler/lib
06-09 11:43:14.568 311 311 I xiriservice_All: type=1400 audit(0.0:328): avc: denied { search } for name="com.android.printspooler" dev="mmcblk0p25" ino=951 scontext=u:r:init:s0 tcontext=u:object_r:app_data_file:s0:c37,c256,c512,c768 tclass=dir permissive=1
06-09 11:43:14.568 311 311 I xiriservice_All: type=1400 audit(0.0:329): avc: denied { read } for name="lib" dev="mmcblk0p25" ino=15570 scontext=u:r:init:s0 tcontext=u:object_r:app_data_file:s0:c37,c256,c512,c768 tclass=lnk_file permissive=1
06-09 11:43:14.572 311 311 D XiriService: check file name: /data/data/com.android.printspooler/lib
06-09 11:43:14.580 311 311 D XiriService: check file name: /data/data/com.android.printspooler/lib
06-09 11:43:14.581 311 311 D XiriService: check file name: /data/data/com.android.printspooler/lib
06-09 11:43:14.582 311 311 D XiriService: check file name: /data/data/com.android.printspooler/lib
06-09 11:43:14.583 311 311 D XiriService: check file name: /data/data/com.android.printspooler/lib
06-09 11:43:14.584 487 487 D ScanMetrics: Settings package: com.android.tv.settings
06-09 11:43:14.585 487 487 E ScanMetrics: Can't get GMS uid
06-09 11:43:14.592 311 311 D XiriService: check file name: /data/data/com.android.webview/lib
06-09 11:43:14.588 311 311 I xiriservice_All: type=1400 audit(0.0:330): avc: denied { search } for name="com.android.webview" dev="mmcblk0p25" ino=967 scontext=u:r:init:s0 tcontext=u:object_r:app_data_file:s0:c60,c256,c512,c768 tclass=dir permissive=1
06-09 11:43:14.588 311 311 I xiriservice_All: type=1400 audit(0.0:331): avc: denied { read } for name="lib" dev="mmcblk0p25" ino=15572 scontext=u:r:init:s0 tcontext=u:object_r:app_data_file:s0:c60,c256,c512,c768 tclass=lnk_file permissive=1
06-09 11:43:14.602 311 311 D XiriService: check file name: /data/data/com.android.webview/lib
06-09 11:43:14.603 311 311 D XiriService: check file name: /data/data/com.android.webview/lib
06-09 11:43:14.611 487 487 I WifiCoexManager: Default coex algorithm is disabled.
06-09 11:43:14.616 311 311 D XiriService: check file name: /data/data/com.android.bips/lib
06-09 11:43:14.617 311 311 D XiriService: check file name: /data/data/com.android.bips/lib
06-09 11:43:14.617 311 311 D XiriService: check file name: /data/data/com.android.bips/lib
06-09 11:43:14.617 311 311 D XiriService: check file name: /data/data/com.android.bips/lib
06-09 11:43:14.624 311 311 D XiriService: check file name: /data/data/com.android.bips/lib
06-09 11:43:14.625 311 311 D XiriService: check file name: /data/data/com.android.bips/lib
06-09 11:43:14.626 311 311 D XiriService: check file name: /data/data/com.oranth.inputmacsn/lib
06-09 11:43:14.626 311 311 D XiriService: check file name: /data/data/com.oranth.inputmacsn/lib
06-09 11:43:14.626 311 311 D XiriService: check file name: /data/data/com.oranth.inputmacsn/lib
06-09 11:43:14.626 311 311 D XiriService: check file name: /data/data/com.oranth.inputmacsn/lib
06-09 11:43:14.627 257 257 W Zygote : Class not found for preloading: android.view.SurfaceView$2
06-09 11:43:14.638 311 311 D XiriService: check file name: /data/data/com.oranth.inputmacsn/lib
06-09 11:43:14.638 311 311 D XiriService: check file name: /data/data/com.oranth.inputmacsn/lib
06-09 11:43:14.638 311 311 D XiriService: check file name: /data/data/com.oranth.inputmacsn/lib
06-09 11:43:14.639 311 311 D XiriService: check file name: /data/data/com.oranth.inputmacsn/lib
06-09 11:43:14.653 311 311 D XiriService: check file name: /data/data/com.dangbei.hqmedia/lib
06-09 11:43:14.648 311 311 I xiriservice_All: type=1400 audit(0.0:332): avc: denied { search } for name="com.dangbei.hqmedia" dev="mmcblk0p25" ino=9762 scontext=u:r:init:s0 tcontext=u:object_r:app_data_file:s0:c76,c256,c512,c768 tclass=dir permissive=1
06-09 11:43:14.648 311 311 I xiriservice_All: type=1400 audit(0.0:333): avc: denied { read } for name="lib" dev="mmcblk0p25" ino=15579 scontext=u:r:init:s0 tcontext=u:object_r:app_data_file:s0:c76,c256,c512,c768 tclass=lnk_file permissive=1
06-09 11:43:14.662 311 311 D XiriService: check file name: /data/data/com.android.keychain/lib
06-09 11:43:14.662 311 311 D XiriService: check file name: /data/data/com.android.keychain/lib
06-09 11:43:14.663 311 311 D XiriService: check file name: /data/data/com.android.keychain/lib
06-09 11:43:14.663 311 311 D XiriService: check file name: /data/data/com.android.keychain/lib
06-09 11:43:14.670 311 311 D XiriService: check file name: /data/data/com.android.keychain/lib
06-09 11:43:14.670 311 311 D XiriService: check file name: /data/data/com.android.keychain/lib
06-09 11:43:14.670 311 311 D XiriService: check file name: /data/data/com.android.keychain/lib
06-09 11:43:14.671 311 311 D XiriService: check file name: /data/data/com.android.keychain/lib
06-09 11:43:14.688 311 311 D XiriService: check file name: /data/data/com.android.localtransport/lib
06-09 11:43:14.688 311 311 D XiriService: check file name: /data/data/com.android.localtransport/lib
06-09 11:43:14.689 311 311 D XiriService: check file name: /data/data/com.android.localtransport/lib
06-09 11:43:14.689 311 311 D XiriService: check file name: /data/data/com.android.localtransport/lib
06-09 11:43:14.691 487 487 D WifiOpenNetworkNotifier: Settings toggle enabled=true
06-09 11:43:14.695 311 311 D XiriService: check file name: /data/data/com.android.localtransport/lib
06-09 11:43:14.696 311 311 D XiriService: check file name: /data/data/com.android.packageinstaller/lib
06-09 11:43:14.700 487 487 D WifiNl80211Manager: registerCountryCodeEventListener called
06-09 11:43:14.700 369 369 I wificond: New wificond event callback registered
06-09 11:43:14.700 487 487 D WifiCountryCode: Default country code from system property ro.boot.wificountrycode is CN
06-09 11:43:14.703 311 311 D XiriService: check file name: /data/data/com.android.packageinstaller/lib
06-09 11:43:14.703 311 311 D XiriService: check file name: /data/data/com.android.packageinstaller/lib
06-09 11:43:14.703 311 311 D XiriService: check file name: /data/data/com.android.packageinstaller/lib
06-09 11:43:14.703 311 311 D XiriService: check file name: /data/data/com.android.packageinstaller/lib
06-09 11:43:14.708 487 487 D WakeupController: WifiWake enabled
06-09 11:43:14.711 487 487 V HistoricalRegistry: Interaction before persistence initialized
06-09 11:43:14.719 311 311 D XiriService: check file name: /data/data/com.oranth.usbopenft/lib
06-09 11:43:14.719 311 311 D XiriService: check file name: /data/data/com.oranth.usbopenft/lib
06-09 11:43:14.720 311 311 D XiriService: check file name: /data/data/com.oranth.usbopenft/lib
06-09 11:43:14.720 311 311 D XiriService: check file name: /data/data/com.oranth.usbopenft/lib
06-09 11:43:14.720 487 487 I WifiService: Registering wifi
06-09 11:43:14.721 487 487 I SystemServerTiming: StartWifiScanning
06-09 11:43:14.722 487 487 I SystemServiceManager: Starting com.android.server.wifi.scanner.WifiScanningService
06-09 11:43:14.722 487 487 I WifiScanningService: Creating wifiscanner
06-09 11:43:14.727 311 311 D XiriService: check file name: /data/data/com.oranth.usbopenft/lib
06-09 11:43:14.727 311 311 D XiriService: check file name: /data/data/com.oranth.usbopenft/lib
06-09 11:43:14.728 311 311 D XiriService: check file name: /data/data/com.oranth.usbopenft/lib
06-09 11:43:14.728 311 311 D XiriService: check file name: /data/data/com.oranth.usbopenft/lib
06-09 11:43:14.728 487 487 I WifiScanningService: Publishing wifiscanner
06-09 11:43:14.729 487 487 I SystemServerTiming: StartWifiP2P
06-09 11:43:14.730 487 487 I SystemServiceManager: Starting com.android.server.wifi.p2p.WifiP2pService
06-09 11:43:14.730 311 311 D XiriService: check file name: /data/data/com.android.networkstack.tethering/lib
06-09 11:43:14.730 311 311 D XiriService: check file name: /data/data/com.android.networkstack.tethering/lib
06-09 11:43:14.730 311 311 D XiriService: check file name: /data/data/com.android.networkstack.tethering/lib
06-09 11:43:14.730 311 311 D XiriService: check file name: /data/data/com.android.networkstack.tethering/lib
06-09 11:43:14.736 311 311 D XiriService: check file name: /data/data/com.android.networkstack.tethering/lib
06-09 11:43:14.737 311 311 D XiriService: check file name: /data/data/com.android.networkstack.tethering/lib
06-09 11:43:14.737 311 311 D XiriService: check file name: /data/data/com.android.networkstack.tethering/lib
06-09 11:43:14.739 487 487 I WifiP2pService: Registering wifip2p
06-09 11:43:14.740 487 487 I SystemServerTiming: StartEthernet
06-09 11:43:14.741 487 487 I SystemServiceManager: Starting com.android.server.ethernet.EthernetService
06-09 11:43:14.742 487 487 I EthernetService: Registering service ethernet
06-09 11:43:14.743 311 311 D XiriService: check file name: /data/data/com.dangbei.lerad.etna.haqu/lib
06-09 11:43:14.743 311 311 D XiriService: check file name: /data/data/com.dangbei.lerad.etna.haqu/lib
06-09 11:43:14.743 311 311 D XiriService: check file name: /data/data/com.dangbei.lerad.etna.haqu/lib
06-09 11:43:14.743 311 311 D XiriService: check file name: /data/data/com.dangbei.lerad.etna.haqu/lib
06-09 11:43:14.747 487 487 I SystemServerTiming: StartPacProxyService
06-09 11:43:14.749 311 311 D XiriService: check file name: /data/data/com.dangbei.lerad.etna.haqu/lib
06-09 11:43:14.749 311 311 D XiriService: check file name: /data/data/com.dangbei.lerad.etna.haqu/lib
06-09 11:43:14.749 311 311 D XiriService: check file name: /data/data/com.dangbei.lerad.etna.haqu/lib
06-09 11:43:14.753 487 527 D SystemServerInitThreadPool: Finished executing START_FONT_MANAGER_SERVICE
06-09 11:43:14.756 487 487 I SystemServerTiming: StartPppoe
06-09 11:43:14.757 487 487 I SystemServiceManager: Starting com.android.server.pppoe.PppoeService
06-09 11:43:14.758 487 487 I PppoeServiceImpl: Creating PppoeServiceImpl
06-09 11:43:14.769 487 487 I PppoeService: Registering service pppoe
06-09 11:43:14.770 487 487 I SystemServerTiming: StartConnectivityService
06-09 11:43:14.773 311 311 D XiriService: check file name: /data/data/com.oranth.powerwindow/lib
06-09 11:43:14.773 311 311 D XiriService: check file name: /data/data/com.oranth.powerwindow/lib
06-09 11:43:14.774 311 311 D XiriService: check file name: /data/data/com.oranth.powerwindow/lib
06-09 11:43:14.774 311 311 D XiriService: check file name: /data/data/com.oranth.powerwindow/lib
06-09 11:43:14.779 311 311 D XiriService: check file name: /data/data/com.oranth.powerwindow/lib
06-09 11:43:14.779 311 311 D XiriService: check file name: /data/data/com.oranth.powerwindow/lib
06-09 11:43:14.779 311 311 D XiriService: check file name: /data/data/com.oranth.powerwindow/lib
06-09 11:43:14.779 311 311 D XiriService: check file name: /data/data/com.oranth.powerwindow/lib
06-09 11:43:14.789 487 487 I SystemServiceManager: Starting com.android.server.ConnectivityServiceInitializer
06-09 11:43:14.790 311 311 D XiriService: check file name: /data/data/com.android.networkstack.permissionconfig/lib
06-09 11:43:14.790 311 311 D XiriService: check file name: /data/data/com.android.networkstack.permissionconfig/lib
06-09 11:43:14.790 311 311 D XiriService: check file name: /data/data/com.android.networkstack.permissionconfig/lib
06-09 11:43:14.790 311 311 D XiriService: check file name: /data/data/com.android.networkstack.permissionconfig/lib
06-09 11:43:14.797 311 311 D XiriService: check file name: /data/data/com.android.networkstack.permissionconfig/lib
06-09 11:43:14.797 311 311 D XiriService: check file name: /data/data/com.android.networkstack.permissionconfig/lib
06-09 11:43:14.798 311 311 D XiriService: check file name: /data/data/com.android.networkstack.permissionconfig/lib
06-09 11:43:14.806 311 311 D XiriService: check file name: /data/data/com.dangbei.lerad.screensaver/lib
06-09 11:43:14.806 311 311 D XiriService: check file name: /data/data/com.dangbei.lerad.screensaver/lib
06-09 11:43:14.800 311 311 I xiriservice_All: type=1400 audit(0.0:334): avc: denied { search } for name="com.dangbei.lerad.screensaver" dev="mmcblk0p25" ino=1205 scontext=u:r:init:s0 tcontext=u:object_r:app_data_file:s0:c54,c256,c512,c768 tclass=dir permissive=1
06-09 11:43:14.800 311 311 I xiriservice_All: type=1400 audit(0.0:335): avc: denied { read } for name="lib" dev="mmcblk0p25" ino=15600 scontext=u:r:init:s0 tcontext=u:object_r:app_data_file:s0:c54,c256,c512,c768 tclass=lnk_file permissive=1
06-09 11:43:14.806 311 311 D XiriService: check file name: /data/data/com.dangbei.lerad.screensaver/lib
06-09 11:43:14.813 487 487 D ConnectivityService: ConnectivityService starting up
06-09 11:43:14.814 311 311 D XiriService: check file name: /data/data/com.dangbei.lerad.screensaver/lib
06-09 11:43:14.814 311 311 D XiriService: check file name: /data/data/com.dangbei.lerad.screensaver/lib
06-09 11:43:14.815 311 311 D XiriService: check file name: /data/data/com.dangbei.lerad.screensaver/lib
06-09 11:43:14.815 311 311 D XiriService: check file name: /data/data/com.dangbei.lerad.screensaver/lib
06-09 11:43:14.816 487 487 D pppoeNRI:: uid/pid:1000/487 activeRequest: null callbackRequest: 5 [NetworkRequest [ REQUEST id=5, [ Transports: PPPOE Capabilities: INTERNET&NOT_RESTRICTED&TRUSTED&NOT_VPN&NOT_VCN_MANAGED RequestorUid: 1000 RequestorPkg: android] ]] callback flags: 1 priority: 2147483647
06-09 11:43:14.821 487 487 E TAG : Exception = android.content.pm.PackageManager$NameNotFoundException: android.telephony.cts
06-09 11:43:14.821 487 487 E TAG : Exception = android.content.pm.PackageManager$NameNotFoundException: android.net.cts
06-09 11:43:14.845 311 311 D XiriService: check file name: /data/data/com.android.wallpaperbackup/lib
06-09 11:43:14.845 311 311 D XiriService: check file name: /data/data/com.android.wallpaperbackup/lib
06-09 11:43:14.845 311 311 D XiriService: check file name: /data/data/com.android.wallpaperbackup/lib
06-09 11:43:14.845 311 311 D XiriService: check file name: /data/data/com.android.wallpaperbackup/lib
06-09 11:43:14.849 487 487 D CompatibilityChangeReporter: Compat change id reported: 182478738; UID 1000; state: ENABLED
06-09 11:43:14.850 311 311 D XiriService: check file name: /data/data/com.android.wallpaperbackup/lib
06-09 11:43:14.850 311 311 D XiriService: check file name: /data/data/com.android.wallpaperbackup/lib
06-09 11:43:14.851 311 311 D XiriService: check file name: /data/data/com.android.wallpaperbackup/lib
06-09 11:43:14.851 311 311 D XiriService: check file name: /data/data/com.android.wallpaperbackup/lib
06-09 11:43:14.859 487 487 I ConnectivityServiceInitializer: Registering connectivity
06-09 11:43:14.861 487 487 I SystemServerTiming: StartVpnManagerService
06-09 11:43:14.863 311 311 D XiriService: check file name: /data/data/com.android.providers.media.module/lib
06-09 11:43:14.860 311 311 I xiriservice_All: type=1400 audit(0.0:336): avc: denied { search } for name="com.android.providers.media.module" dev="mmcblk0p25" ino=1279 scontext=u:r:init:s0 tcontext=u:object_r:privapp_data_file:s0:c74,c256,c512,c768 tclass=dir permissive=1
06-09 11:43:14.863 311 311 D XiriService: check file name: /data/data/com.android.providers.media.module/lib
06-09 11:43:14.863 311 311 D XiriService: check file name: /data/data/com.android.providers.media.module/lib
06-09 11:43:14.863 311 311 D XiriService: check file name: /data/data/com.android.providers.media.module/lib
06-09 11:43:14.860 311 311 I xiriservice_All: type=1400 audit(0.0:337): avc: denied { read } for name="lib" dev="mmcblk0p25" ino=15606 scontext=u:r:init:s0 tcontext=u:object_r:privapp_data_file:s0:c74,c256,c512,c768 tclass=lnk_file permissive=1
06-09 11:43:14.865 487 487 D VpnManagerService: VpnManagerService starting up
06-09 11:43:14.866 487 487 I SystemServerTiming: StartVcnManagementService
06-09 11:43:14.869 311 311 D XiriService: check file name: /data/data/com.android.providers.media.module/lib
06-09 11:43:14.869 311 311 D XiriService: check file name: /data/data/com.android.providers.media.module/lib
06-09 11:43:14.870 311 311 D XiriService: check file name: /data/data/com.android.providers.media.module/lib
06-09 11:43:14.870 311 311 D XiriService: check file name: /data/data/com.android.providers.media.module/lib
06-09 11:43:14.873 487 487 I SystemServerTiming: StartNsdService
06-09 11:43:14.874 487 487 D NsdService: Network service discovery is enabled
06-09 11:43:14.877 311 311 D XiriService: check file name: /data/data/com.oranth.storage/lib
06-09 11:43:14.877 311 311 D XiriService: check file name: /data/data/com.oranth.storage/lib
06-09 11:43:14.877 311 311 D XiriService: check file name: /data/data/com.oranth.storage/lib
06-09 11:43:14.877 311 311 D XiriService: check file name: /data/data/com.oranth.storage/lib
06-09 11:43:14.878 487 487 I SystemServerTiming: StartSystemUpdateManagerService
06-09 11:43:14.879 487 487 I SystemUpdateManagerService: No existing info file /data/system/system-update-info.xml
06-09 11:43:14.880 487 487 I SystemServerTiming: StartUpdateLockService
06-09 11:43:14.881 487 487 I SystemServerTiming: StartNotificationManager
06-09 11:43:14.881 487 487 I SystemServiceManager: Starting com.android.server.notification.NotificationManagerService
06-09 11:43:14.883 311 311 D XiriService: check file name: /data/data/com.oranth.storage/lib
06-09 11:43:14.884 311 311 D XiriService: check file name: /data/data/com.oranth.storage/lib
06-09 11:43:14.897 311 311 D XiriService: check file name: /data/data/com.dangbei.haqusetting/lib
06-09 11:43:14.897 311 311 D XiriService: check file name: /data/data/com.dangbei.haqusetting/lib
06-09 11:43:14.897 257 257 I Zygote : ...preloaded 7337 classes in 900ms.
06-09 11:43:14.898 311 311 D XiriService: check file name: /data/data/com.dangbei.haqusetting/lib
06-09 11:43:14.898 487 487 D ConditionProviders.SCP: new ScheduleConditionProvider()
06-09 11:43:14.898 311 311 D XiriService: check file name: /data/data/com.dangbei.haqusetting/lib
06-09 11:43:14.904 311 311 D XiriService: check file name: /data/data/com.dangbei.haqusetting/lib
06-09 11:43:14.904 311 311 D XiriService: check file name: /data/data/com.dangbei.haqusetting/lib
06-09 11:43:14.904 311 311 D XiriService: check file name: /data/data/com.dangbei.haqusetting/lib
06-09 11:43:14.904 311 311 D XiriService: check file name: /data/data/com.dangbei.haqusetting/lib
06-09 11:43:14.905 257 257 D ApplicationLoaders: Created zygote-cached class loader: /system/framework/android.hidl.base-V1.0-java.jar
06-09 11:43:14.909 257 257 D ApplicationLoaders: Created zygote-cached class loader: /system/framework/android.hidl.manager-V1.0-java.jar
06-09 11:43:14.914 257 257 D ApplicationLoaders: Created zygote-cached class loader: /system/framework/android.test.base.jar
06-09 11:43:14.914 257 257 I Zygote : Preloading resources...
06-09 11:43:14.919 311 311 D XiriService: check file name: /data/data/com.softwinner.miracastReceiver/lib
06-09 11:43:14.919 311 311 D XiriService: check file name: /data/data/com.softwinner.miracastReceiver/lib
06-09 11:43:14.920 311 311 D XiriService: check file name: /data/data/com.softwinner.miracastReceiver/lib
06-09 11:43:14.920 311 311 D XiriService: check file name: /data/data/com.softwinner.miracastReceiver/lib
06-09 11:43:14.920 487 487 I NotificationAssistants: Read notification assistant permissions from xml
06-09 11:43:14.921 487 487 I ConditionProviders: Read condition provider permissions from xml
06-09 11:43:14.921 487 487 I ConditionProviders: Read condition provider permissions from xml
06-09 11:43:14.921 487 487 D NotificationAssistants: Approving default notification assistant for user 0
06-09 11:43:14.921 487 487 I ConditionProviders: Allowing condition provider android.ext.services/android.ext.services.notification.Assistant (userSet: true)
06-09 11:43:14.924 487 487 D CompatibilityChangeReporter: Compat change id reported: 147600208; UID 1000; state: ENABLED
06-09 11:43:14.926 487 487 D CompatibilityChangeReporter: Compat change id reported: 157233955; UID 1000; state: ENABLED
06-09 11:43:14.927 311 311 D XiriService: check file name: /data/data/com.softwinner.miracastReceiver/lib
06-09 11:43:14.927 311 311 D XiriService: check file name: /data/data/com.softwinner.miracastReceiver/lib
06-09 11:43:14.927 311 311 D XiriService: check file name: /data/data/com.softwinner.miracastReceiver/lib
06-09 11:43:14.927 311 311 D XiriService: check file name: /data/data/com.softwinner.miracastReceiver/lib
06-09 11:43:14.933 311 311 D XiriService: check file name: /data/data/com.android.bluetooth/lib
06-09 11:43:14.933 311 311 D XiriService: check file name: /data/data/com.android.bluetooth/lib
06-09 11:43:14.934 257 257 W Resources: Preloaded drawable resource #0x1080286 (android:drawable/dialog_background_material) that varies with configuration!!
06-09 11:43:14.934 311 311 D XiriService: check file name: /data/data/com.android.bluetooth/lib
06-09 11:43:14.934 311 311 D XiriService: check file name: /data/data/com.android.bluetooth/lib
06-09 11:43:14.928 311 311 I xiriservice_All: type=1400 audit(0.0:338): avc: denied { read } for name="lib" dev="mmcblk0p25" ino=15617 scontext=u:r:init:s0 tcontext=u:object_r:bluetooth_data_file:s0 tclass=lnk_file permissive=1
06-09 11:43:14.936 487 487 I SystemServerTiming: StartDeviceMonitor
06-09 11:43:14.936 487 487 I SystemServiceManager: Starting com.android.server.storage.DeviceStorageMonitorService
06-09 11:43:14.938 487 487 I SystemServerTiming: StartLocationManagerService
06-09 11:43:14.939 487 487 I SystemServiceManager: Starting com.android.server.location.LocationManagerService$Lifecycle
06-09 11:43:14.940 311 311 D XiriService: check file name: /data/data/com.android.bluetooth/lib
06-09 11:43:14.940 311 311 D XiriService: check file name: /data/data/com.android.bluetooth/lib
06-09 11:43:14.941 311 311 D XiriService: check file name: /data/data/com.android.bluetooth/lib
06-09 11:43:14.941 311 311 D XiriService: check file name: /data/data/com.android.bluetooth/lib
06-09 11:43:14.947 487 487 I SystemServerTiming: StartCountryDetectorService
06-09 11:43:14.948 487 487 I SystemServerTiming: StartTimeDetectorService
06-09 11:43:14.948 487 487 I SystemServiceManager: Starting com.android.server.timedetector.TimeDetectorService$Lifecycle
06-09 11:43:14.950 487 487 I SystemServerTiming: StartTimeZoneDetectorService
06-09 11:43:14.950 487 487 I SystemServiceManager: Starting com.android.server.timezonedetector.TimeZoneDetectorService$Lifecycle
06-09 11:43:14.956 487 487 I SystemServerTiming: StartLocationTimeZoneManagerService
06-09 11:43:14.956 487 487 I SystemServiceManager: Starting com.android.server.timezonedetector.location.LocationTimeZoneManagerService$Lifecycle
06-09 11:43:14.957 487 487 I SystemServerTiming: StartSearchManagerService
06-09 11:43:14.958 487 487 I SystemServiceManager: Starting com.android.server.search.SearchManagerService$Lifecycle
06-09 11:43:14.960 487 487 I SystemServerTiming: StartWallpaperManagerService
06-09 11:43:14.960 487 487 I SystemServiceManager: Starting com.android.server.wallpaper.WallpaperManagerService$Lifecycle
06-09 11:43:14.961 487 487 I SystemServerTiming: StartAudioService
06-09 11:43:14.961 487 487 I SystemServiceManager: Starting com.android.server.audio.AudioService$Lifecycle
06-09 11:43:14.967 487 579 I PackageManager: Deferred reconcileAppsData finished 99 packages
06-09 11:43:14.967 487 579 D SystemServerInitThreadPool: Finished executing prepareAppData
06-09 11:43:14.980 487 487 I android_os_HwBinder: HwBinder: Starting thread pool for getting: android.hidl.manager@1.0::IServiceManager/default
06-09 11:43:14.980 257 257 I Zygote : ...preloaded 64 resources in 66ms.
06-09 11:43:14.986 282 451 W AudioFlinger: no wake lock to update, system not ready yet
06-09 11:43:14.992 257 257 I Zygote : ...preloaded 41 resources in 11ms.
06-09 11:43:14.994 282 282 D PermissionCache: checking android.permission.MODIFY_AUDIO_ROUTING for uid=1000 => granted (3031 us)
06-09 11:43:15.012 282 640 D PermissionCache: checking android.permission.MODIFY_AUDIO_SETTINGS for uid=1000 => granted (193 us)
06-09 11:43:15.016 282 640 D AudioFlinger: isLowRamDevice:false totalMemory:2055442432 mClientSharedHeapSize:4194304
06-09 11:43:15.018 487 487 I SystemServerTiming: StartSoundTriggerMiddlewareService
06-09 11:43:15.018 487 487 I SystemServiceManager: Starting com.android.server.soundtrigger_middleware.SoundTriggerMiddlewareService$Lifecycle
06-09 11:43:15.020 487 487 D SoundTriggerMiddlewareService: Connecting to default ISoundTriggerHw
06-09 11:43:15.021 257 257 D libEGL : loaded /vendor/lib/egl/libGLES_mali.so
06-09 11:43:15.022 197 197 I hwservicemanager: getTransport: Cannot find entry android.hardware.soundtrigger@2.0::ISoundTriggerHw/default in either framework or device VINTF manifest.
06-09 11:43:15.026 487 487 E SoundTriggerMiddlewareImpl: Failed to add a SoundTriggerModule instance
06-09 11:43:15.026 487 487 E SoundTriggerMiddlewareImpl: java.util.NoSuchElementException
06-09 11:43:15.026 487 487 E SoundTriggerMiddlewareImpl: at android.os.HwBinder.getService(Native Method)
06-09 11:43:15.026 487 487 E SoundTriggerMiddlewareImpl: at android.hardware.soundtrigger.V2_0.ISoundTriggerHw.getService(ISoundTriggerHw.java:57)
06-09 11:43:15.026 487 487 E SoundTriggerMiddlewareImpl: at android.hardware.soundtrigger.V2_0.ISoundTriggerHw.getService(ISoundTriggerHw.java:64)
06-09 11:43:15.026 487 487 E SoundTriggerMiddlewareImpl: at com.android.server.soundtrigger_middleware.SoundTriggerMiddlewareService$Lifecycle.lambda$onStart$0(SoundTriggerMiddlewareService.java:238)
06-09 11:43:15.026 487 487 E SoundTriggerMiddlewareImpl: at com.android.server.soundtrigger_middleware.SoundTriggerMiddlewareService$Lifecycle$$ExternalSyntheticLambda0.create(Unknown Source:0)
06-09 11:43:15.026 487 487 E SoundTriggerMiddlewareImpl: at com.android.server.soundtrigger_middleware.SoundTriggerModule.attachToHal(SoundTriggerModule.java:222)
06-09 11:43:15.026 487 487 E SoundTriggerMiddlewareImpl: at com.android.server.soundtrigger_middleware.SoundTriggerModule.(SoundTriggerModule.java:112)
06-09 11:43:15.026 487 487 E SoundTriggerMiddlewareImpl: at com.android.server.soundtrigger_middleware.SoundTriggerMiddlewareImpl.(SoundTriggerMiddlewareImpl.java:89)
06-09 11:43:15.026 487 487 E SoundTriggerMiddlewareImpl: at com.android.server.soundtrigger_middleware.SoundTriggerMiddlewareService$Lifecycle.onStart(SoundTriggerMiddlewareService.java:244)
06-09 11:43:15.026 487 487 E SoundTriggerMiddlewareImpl: at com.android.server.SystemServiceManager.startService(SystemServiceManager.java:205)
06-09 11:43:15.026 487 487 E SoundTriggerMiddlewareImpl: at com.android.server.SystemServiceManager.startService(SystemServiceManager.java:192)
06-09 11:43:15.026 487 487 E SoundTriggerMiddlewareImpl: at com.android.server.SystemServer.startOtherServices(SystemServer.java:2161)
06-09 11:43:15.026 487 487 E SoundTriggerMiddlewareImpl: at com.android.server.SystemServer.run(SystemServer.java:928)
06-09 11:43:15.026 487 487 E SoundTriggerMiddlewareImpl: at com.android.server.SystemServer.main(SystemServer.java:628)
06-09 11:43:15.026 487 487 E SoundTriggerMiddlewareImpl: at java.lang.reflect.Method.invoke(Native Method)
06-09 11:43:15.026 487 487 E SoundTriggerMiddlewareImpl: at com.android.internal.os.RuntimeInit$MethodAndArgsCaller.run(RuntimeInit.java:548)
06-09 11:43:15.026 487 487 E SoundTriggerMiddlewareImpl: at com.android.internal.os.ZygoteInit.main(ZygoteInit.java:1160)
06-09 11:43:15.029 487 487 I SystemServerTiming: StartDockObserver
06-09 11:43:15.029 487 487 I SystemServiceManager: Starting com.android.server.DockObserver
06-09 11:43:15.030 487 487 W DockObserver: This kernel does not have dock station support
06-09 11:43:15.030 487 487 I SystemServerTiming: StartWiredAccessoryManager
06-09 11:43:15.032 487 487 I SystemServer: Audio device manager Observer
06-09 11:43:15.032 487 487 E Environment: Path requests must specify a user by using UserEnvironment
06-09 11:43:15.032 487 487 E Environment: java.lang.Throwable
06-09 11:43:15.032 487 487 E Environment: at android.os.Environment.throwIfUserRequired(Environment.java:1449)
06-09 11:43:15.032 487 487 E Environment: at android.os.Environment.getExternalStorageDirectory(Environment.java:707)
06-09 11:43:15.032 487 487 E Environment: at com.android.server.SystemServer.startOtherServices(SystemServer.java:2192)
06-09 11:43:15.032 487 487 E Environment: at com.android.server.SystemServer.run(SystemServer.java:928)
06-09 11:43:15.032 487 487 E Environment: at com.android.server.SystemServer.main(SystemServer.java:628)
06-09 11:43:15.032 487 487 E Environment: at java.lang.reflect.Method.invoke(Native Method)
06-09 11:43:15.032 487 487 E Environment: at com.android.internal.os.RuntimeInit$MethodAndArgsCaller.run(RuntimeInit.java:548)
06-09 11:43:15.032 487 487 E Environment: at com.android.internal.os.ZygoteInit.main(ZygoteInit.java:1160)
06-09 11:43:15.035 282 422 I CaptureStateNotifier: Registering a listener
06-09 11:43:15.036 487 487 W StorageManagerService: No primary storage defined yet; hacking together a stub
06-09 11:43:15.038 487 548 I DropBoxManagerService: add tag=system_server_wtf isTagEnabled=true flags=0x2
06-09 11:43:15.039 487 642 I SoundTriggerMiddlewareLogging: setCaptureState[this=com.android.server.soundtrigger_middleware.SoundTriggerMiddlewareImpl@79d0269, client=null](false)
06-09 11:43:15.065 487 487 W system_server: ClassLoaderContext parent mismatch. (PCL[] | PCL[];PCL[/system/framework/com.android.location.provider.jar*3633238673:/system/framework/services.jar*324275400:/system/framework/services.jar!classes2.dex*4169108402:/system/framework/ethernet-service.jar*655162001:/system/framework/pppoe-service.jar*2082030846:/apex/com.android.appsearch/javalib/service-appsearch.jar*4100577803:/apex/com.android.media/javalib/service-media-s.jar*3881732923:/apex/com.android.permission/javalib/service-permission.jar*62506796])
06-09 11:43:15.076 487 487 D DisplayOutputManager: ro.build.characteristics=homlet
