06-10 14:13:55.928 2225 2348 D UtilLog : 日志批量上报 进行正常循环 !!!!!!本次有0次请求,共0条数据
06-10 14:13:56.384 487 532 W IorapForwardingService: No service published for: iorapd
06-10 14:13:57.386 487 532 W IorapForwardingService: No service published for: iorapd
06-10 14:13:58.199 669 669 E WifiHAL : wifi_get_link_stats: requestResponse Error:-5
06-10 14:13:58.202 487 620 E WifiVendorHal: getWifiLinkLayerStats_1_5_Internal(l.1191) failed {.code = ERROR_INVALID_ARGS, .description = }
06-10 14:13:58.389 487 532 W IorapForwardingService: No service published for: iorapd
06-10 14:13:58.537 277 297 D hdmi-cec: receive invalid cec message!
06-10 14:13:58.537 277 297 D hdmi-cec: receive poll message [04], skip!
06-10 14:13:59.392 487 532 W IorapForwardingService: No service published for: iorapd
06-10 14:13:59.620 1133 1133 D aaa : LedStatusService onStartCommand begin
06-10 14:13:59.622 1133 4080 D aaa : topPkg is -------------- :com.dangbei.haqusetting
06-10 14:13:59.624 1189 1189 D bbb : onStartCommand begin !!!!!!! data分区剩余 20615MB
06-10 14:14:00.393 487 532 W IorapForwardingService: No service published for: iorapd
06-10 14:14:01.215 669 669 E WifiHAL : wifi_get_link_stats: requestResponse Error:-5
06-10 14:14:01.217 487 620 E WifiVendorHal: getWifiLinkLayerStats_1_5_Internal(l.1191) failed {.code = ERROR_INVALID_ARGS, .description = }
06-10 14:14:01.397 487 532 W IorapForwardingService: No service published for: iorapd
06-10 14:14:02.401 487 532 W IorapForwardingService: No service published for: iorapd
06-10 14:14:03.404 487 532 W IorapForwardingService: No service published for: iorapd
06-10 14:14:04.220 487 998 W ZramWriteback: Writeback device is not set
06-10 14:14:04.220 487 998 D ZramWriteback: wait to flush
06-10 14:14:04.232 669 669 E WifiHAL : wifi_get_link_stats: requestResponse Error:-5
06-10 14:14:04.234 487 620 E WifiVendorHal: getWifiLinkLayerStats_1_5_Internal(l.1191) failed {.code = ERROR_INVALID_ARGS, .description = }
06-10 14:14:04.405 487 532 W IorapForwardingService: No service published for: iorapd
06-10 14:14:05.408 487 532 W IorapForwardingService: No service published for: iorapd
06-10 14:14:05.945 2225 2348 D UtilLog : 日志批量上报 进行正常循环 !!!!!!本次有0次请求,共0条数据
06-10 14:14:06.410 487 532 W IorapForwardingService: No service published for: iorapd
06-10 14:14:07.250 669 669 E WifiHAL : wifi_get_link_stats: requestResponse Error:-5
06-10 14:14:07.254 487 620 E WifiVendorHal: getWifiLinkLayerStats_1_5_Internal(l.1191) failed {.code = ERROR_INVALID_ARGS, .description = }
06-10 14:14:07.413 487 532 W IorapForwardingService: No service published for: iorapd
06-10 14:14:07.677 1189 1189 D bbb : onStartCommand begin !!!!!!! data分区剩余 20615MB
06-10 14:14:07.679 1133 1133 D aaa : LedStatusService onStartCommand begin
06-10 14:14:07.684 1133 4103 D aaa : topPkg is -------------- :com.dangbei.haqusetting
06-10 14:14:08.415 487 532 W IorapForwardingService: No service published for: iorapd
06-10 14:14:08.595 3029 3328 W ServiceDescriptorBinder: UPnP specification violation: Not producing element to be compatible with WMP12: (ActionArgument, OUT) CurrentVolume
06-10 14:14:08.598 3029 3328 W ServiceDescriptorBinder: UPnP specification violation: Not producing element to be compatible with WMP12: (ActionArgument, OUT) CurrentMute
06-10 14:14:08.599 3029 3328 W ServiceDescriptorBinder: UPnP specification violation: Not producing element to be compatible with WMP12: (ActionArgument, OUT) CurrentPresetNameList
06-10 14:14:08.601 3029 3328 W ServiceDescriptorBinder: UPnP specification violation: Not producing element to be compatible with WMP12: (ActionArgument, OUT) CurrentLoudness
06-10 14:14:08.601 3029 3328 W ServiceDescriptorBinder: UPnP specification violation: Not producing element to be compatible with WMP12: (ActionArgument, OUT) CurrentVolume
06-10 14:14:08.774 3029 3038 I gbei.screencas: Background concurrent copying GC freed 57173(6831KB) AllocSpace objects, 3(56KB) LOS objects, 49% free, 5964KB/11MB, paused 120us total 159.173ms
06-10 14:14:09.418 487 532 W IorapForwardingService: No service published for: iorapd
06-10 14:14:10.270 669 669 E WifiHAL : wifi_get_link_stats: requestResponse Error:-5
06-10 14:14:10.273 487 620 E WifiVendorHal: getWifiLinkLayerStats_1_5_Internal(l.1191) failed {.code = ERROR_INVALID_ARGS, .description = }
06-10 14:14:10.420 487 532 W IorapForwardingService: No service published for: iorapd
06-10 14:14:11.422 487 532 W IorapForwardingService: No service published for: iorapd
06-10 14:14:12.424 487 532 W IorapForwardingService: No service published for: iorapd
06-10 14:14:13.289 669 669 E WifiHAL : wifi_get_link_stats: requestResponse Error:-5
06-10 14:14:13.291 487 620 E WifiVendorHal: getWifiLinkLayerStats_1_5_Internal(l.1191) failed {.code = ERROR_INVALID_ARGS, .description = }
06-10 14:14:13.430 487 532 W IorapForwardingService: No service published for: iorapd
06-10 14:14:13.565 277 297 D hdmi-cec: receive invalid cec message!
06-10 14:14:13.565 277 297 D hdmi-cec: receive poll message [04], skip!
06-10 14:14:14.432 487 532 W IorapForwardingService: No service published for: iorapd
06-10 14:14:15.434 487 532 W IorapForwardingService: No service published for: iorapd
06-10 14:14:15.721 1133 1133 D aaa : LedStatusService onStartCommand begin
06-10 14:14:15.723 1133 4115 D aaa : topPkg is -------------- :com.dangbei.haqusetting
06-10 14:14:15.727 1189 1189 D bbb : onStartCommand begin !!!!!!! data分区剩余 20615MB
06-10 14:14:15.946 2225 2348 D UtilLog : 日志批量上报 进行正常循环 !!!!!!本次有0次请求,共0条数据
06-10 14:14:16.307 669 669 E WifiHAL : wifi_get_link_stats: requestResponse Error:-5
06-10 14:14:16.309 487 620 E WifiVendorHal: getWifiLinkLayerStats_1_5_Internal(l.1191) failed {.code = ERROR_INVALID_ARGS, .description = }
06-10 14:14:16.436 487 532 W IorapForwardingService: No service published for: iorapd
06-10 14:14:17.438 487 532 W IorapForwardingService: No service published for: iorapd
06-10 14:14:18.440 487 532 W IorapForwardingService: No service published for: iorapd
06-10 14:14:19.322 669 669 E WifiHAL : wifi_get_link_stats: requestResponse Error:-5
06-10 14:14:19.323 487 620 E WifiVendorHal: getWifiLinkLayerStats_1_5_Internal(l.1191) failed {.code = ERROR_INVALID_ARGS, .description = }
06-10 14:14:19.446 487 532 W IorapForwardingService: No service published for: iorapd
06-10 14:14:20.449 487 532 W IorapForwardingService: No service published for: iorapd
06-10 14:14:21.326 2225 2352 I TDLog : [APP] New data found, Submitting...
06-10 14:14:21.342 2225 2352 I TDLog : [APP] Failed to submit data!
06-10 14:14:21.451 487 532 W IorapForwardingService: No service published for: iorapd
06-10 14:14:22.339 669 669 E WifiHAL : wifi_get_link_stats: requestResponse Error:-5
06-10 14:14:22.341 487 620 E WifiVendorHal: getWifiLinkLayerStats_1_5_Internal(l.1191) failed {.code = ERROR_INVALID_ARGS, .description = }
06-10 14:14:22.453 487 532 W IorapForwardingService: No service published for: iorapd
06-10 14:14:23.456 487 532 W IorapForwardingService: No service published for: iorapd
06-10 14:14:23.775 1189 1189 D bbb : onStartCommand begin !!!!!!! data分区剩余 20615MB
06-10 14:14:23.781 1133 1133 D aaa : LedStatusService onStartCommand begin
06-10 14:14:23.785 1133 4129 D aaa : topPkg is -------------- :com.dangbei.haqusetting
06-10 14:14:24.458 487 532 W IorapForwardingService: No service published for: iorapd
06-10 14:14:25.355 669 669 E WifiHAL : wifi_get_link_stats: requestResponse Error:-5
06-10 14:14:25.357 487 620 E WifiVendorHal: getWifiLinkLayerStats_1_5_Internal(l.1191) failed {.code = ERROR_INVALID_ARGS, .description = }
06-10 14:14:25.461 487 532 W IorapForwardingService: No service published for: iorapd
06-10 14:14:25.920 2225 2348 D UtilLog : 日志批量上报 进行正常循环 !!!!!!本次有0次请求,共0条数据
06-10 14:14:26.414 3196 3293 D nStackXCoAP: IsInSameNetwork:[276] :IsInSameNetwork exec
06-10 14:14:26.414 3196 3293 I nStackXDFinder: GetLocalInterfaceDetail:[461] :GetLocalInterfaceDetail in
06-10 14:14:26.414 3196 3293 E nStackXCoAP: IsInSameNetwork:[281] :IsInSameNetwork: not priority process
06-10 14:14:26.414 3196 3293 D nStackXCoAP: ParseServiceDiscover:[330] :new device join
06-10 14:14:26.414 3196 3293 E nStackXDFinder: GetLocalIp:[401] :GetLocalIp exec
06-10 14:14:26.464 487 532 W IorapForwardingService: No service published for: iorapd
06-10 14:14:26.616 3196 3293 D nStackXCoAP: IsInSameNetwork:[276] :IsInSameNetwork exec
06-10 14:14:26.616 3196 3293 I nStackXDFinder: GetLocalInterfaceDetail:[461] :GetLocalInterfaceDetail in
06-10 14:14:26.616 3196 3293 E nStackXCoAP: IsInSameNetwork:[281] :IsInSameNetwork: not priority process
06-10 14:14:26.616 3196 3293 D nStackXCoAP: ParseServiceDiscover:[330] :new device join
06-10 14:14:26.616 3196 3293 E nStackXDFinder: GetLocalIp:[401] :GetLocalIp exec
06-10 14:14:26.635 3196 3293 D nStackXCoAP: CoapMessageHandler:[133] :2.01
06-10 14:14:26.685 3196 3293 D nStackXCoAP: CoapMessageHandler:[133] :2.01
06-10 14:14:26.725 3196 3293 D nStackXCoAP: IsInSameNetwork:[276] :IsInSameNetwork exec
06-10 14:14:26.725 3196 3293 I nStackXDFinder: GetLocalInterfaceDetail:[461] :GetLocalInterfaceDetail in
06-10 14:14:26.725 3196 3293 E nStackXCoAP: IsInSameNetwork:[281] :IsInSameNetwork: not priority process
06-10 14:14:26.725 3196 3293 D nStackXCoAP: ParseServiceDiscover:[330] :new device join
06-10 14:14:26.725 3196 3293 E nStackXDFinder: GetLocalIp:[401] :GetLocalIp exec
06-10 14:14:26.779 3196 3293 D nStackXCoAP: CoapMessageHandler:[133] :2.01
06-10 14:14:26.902 3196 3293 D nStackXCoAP: IsInSameNetwork:[276] :IsInSameNetwork exec
06-10 14:14:26.902 3196 3293 I nStackXDFinder: GetLocalInterfaceDetail:[461] :GetLocalInterfaceDetail in
06-10 14:14:26.903 3196 3293 E nStackXCoAP: IsInSameNetwork:[281] :IsInSameNetwork: not priority process
06-10 14:14:26.903 3196 3293 D nStackXCoAP: ParseServiceDiscover:[330] :new device join
06-10 14:14:26.903 3196 3293 E nStackXDFinder: GetLocalIp:[401] :GetLocalIp exec
06-10 14:14:26.913 3196 3293 D nStackXCoAP: CoapMessageHandler:[133] :2.01
06-10 14:14:27.466 487 532 W IorapForwardingService: No service published for: iorapd
06-10 14:14:27.517 3196 3293 D nStackXCoAP: IsInSameNetwork:[276] :IsInSameNetwork exec
06-10 14:14:27.517 3196 3293 I nStackXDFinder: GetLocalInterfaceDetail:[461] :GetLocalInterfaceDetail in
06-10 14:14:27.517 3196 3293 E nStackXCoAP: IsInSameNetwork:[281] :IsInSameNetwork: not priority process
06-10 14:14:27.517 3196 3293 D nStackXCoAP: ParseServiceDiscover:[330] :new device join
06-10 14:14:27.517 3196 3293 E nStackXDFinder: GetLocalIp:[401] :GetLocalIp exec
06-10 14:14:27.936 3196 3293 D nStackXCoAP: IsInSameNetwork:[276] :IsInSameNetwork exec
06-10 14:14:27.936 3196 3293 I nStackXDFinder: GetLocalInterfaceDetail:[461] :GetLocalInterfaceDetail in
06-10 14:14:27.936 3196 3293 E nStackXCoAP: IsInSameNetwork:[281] :IsInSameNetwork: not priority process
06-10 14:14:27.936 3196 3293 D nStackXCoAP: ParseServiceDiscover:[330] :new device join
06-10 14:14:27.936 3196 3293 E nStackXDFinder: GetLocalIp:[401] :GetLocalIp exec
06-10 14:14:28.071 3029 3038 I gbei.screencas: Background concurrent copying GC freed 55638(5953KB) AllocSpace objects, 0(0B) LOS objects, 49% free, 6685KB/13MB, paused 239us total 205.221ms
06-10 14:14:28.145 3196 3293 D nStackXCoAP: CoapMessageHandler:[133] :2.01
06-10 14:14:28.370 669 669 E WifiHAL : wifi_get_link_stats: requestResponse Error:-5
06-10 14:14:28.372 487 620 E WifiVendorHal: getWifiLinkLayerStats_1_5_Internal(l.1191) failed {.code = ERROR_INVALID_ARGS, .description = }
06-10 14:14:28.438 3196 3293 D nStackXCoAP: IsInSameNetwork:[276] :IsInSameNetwork exec
06-10 14:14:28.438 3196 3293 I nStackXDFinder: GetLocalInterfaceDetail:[461] :GetLocalInterfaceDetail in
06-10 14:14:28.438 3196 3293 E nStackXCoAP: IsInSameNetwork:[281] :IsInSameNetwork: not priority process
06-10 14:14:28.438 3196 3293 D nStackXCoAP: ParseServiceDiscover:[330] :new device join
06-10 14:14:28.438 3196 3293 E nStackXDFinder: GetLocalIp:[401] :GetLocalIp exec
06-10 14:14:28.468 487 532 W IorapForwardingService: No service published for: iorapd
06-10 14:14:28.589 277 297 D hdmi-cec: receive invalid cec message!
06-10 14:14:28.589 277 297 D hdmi-cec: receive poll message [04], skip!
06-10 14:14:28.636 3196 3293 D nStackXCoAP: CoapMessageHandler:[133] :2.01
06-10 14:14:28.961 3196 3293 D nStackXCoAP: IsInSameNetwork:[276] :IsInSameNetwork exec
06-10 14:14:28.961 3196 3293 I nStackXDFinder: GetLocalInterfaceDetail:[461] :GetLocalInterfaceDetail in
06-10 14:14:28.961 3196 3293 E nStackXCoAP: IsInSameNetwork:[281] :IsInSameNetwork: not priority process
06-10 14:14:28.961 3196 3293 D nStackXCoAP: ParseServiceDiscover:[330] :new device join
06-10 14:14:28.961 3196 3293 E nStackXDFinder: GetLocalIp:[401] :GetLocalIp exec
06-10 14:14:29.130 3196 3293 D nStackXCoAP: CoapMessageHandler:[133] :2.01
06-10 14:14:29.470 487 532 W IorapForwardingService: No service published for: iorapd
06-10 14:14:29.475 3196 3293 D nStackXCoAP: IsInSameNetwork:[276] :IsInSameNetwork exec
06-10 14:14:29.475 3196 3293 I nStackXDFinder: GetLocalInterfaceDetail:[461] :GetLocalInterfaceDetail in
06-10 14:14:29.475 3196 3293 E nStackXCoAP: IsInSameNetwork:[281] :IsInSameNetwork: not priority process
06-10 14:14:29.475 3196 3293 D nStackXCoAP: ParseServiceDiscover:[330] :new device join
06-10 14:14:29.475 3196 3293 E nStackXDFinder: GetLocalIp:[401] :GetLocalIp exec
06-10 14:14:29.764 3196 3293 D nStackXCoAP: CoapMessageHandler:[133] :2.01
06-10 14:14:29.974 3196 3293 D nStackXCoAP: IsInSameNetwork:[276] :IsInSameNetwork exec
06-10 14:14:29.974 3196 3293 I nStackXDFinder: GetLocalInterfaceDetail:[461] :GetLocalInterfaceDetail in
06-10 14:14:29.975 3196 3293 E nStackXCoAP: IsInSameNetwork:[281] :IsInSameNetwork: not priority process
06-10 14:14:29.975 3196 3293 D nStackXCoAP: ParseServiceDiscover:[330] :new device join
06-10 14:14:29.975 3196 3293 E nStackXDFinder: GetLocalIp:[401] :GetLocalIp exec
06-10 14:14:30.197 3196 3293 D nStackXCoAP: CoapMessageHandler:[133] :2.01
06-10 14:14:30.197 3196 3293 D nStackXCoAP: CoapMessageHandler:[133] :2.01
06-10 14:14:30.472 487 532 W IorapForwardingService: No service published for: iorapd
06-10 14:14:30.591 3196 3293 D nStackXCoAP: IsInSameNetwork:[276] :IsInSameNetwork exec
06-10 14:14:30.591 3196 3293 I nStackXDFinder: GetLocalInterfaceDetail:[461] :GetLocalInterfaceDetail in
06-10 14:14:30.591 3196 3293 E nStackXCoAP: IsInSameNetwork:[281] :IsInSameNetwork: not priority process
06-10 14:14:30.591 3196 3293 D nStackXCoAP: ParseServiceDiscover:[330] :new device join
06-10 14:14:30.591 3196 3293 E nStackXDFinder: GetLocalIp:[401] :GetLocalIp exec
06-10 14:14:30.611 3196 3293 D nStackXCoAP: CoapMessageHandler:[133] :2.01
06-10 14:14:30.897 3196 3293 D nStackXCoAP: IsInSameNetwork:[276] :IsInSameNetwork exec
06-10 14:14:30.898 3196 3293 I nStackXDFinder: GetLocalInterfaceDetail:[461] :GetLocalInterfaceDetail in
06-10 14:14:30.898 3196 3293 E nStackXCoAP: IsInSameNetwork:[281] :IsInSameNetwork: not priority process
06-10 14:14:30.898 3196 3293 D nStackXCoAP: ParseServiceDiscover:[330] :new device join
06-10 14:14:30.898 3196 3293 E nStackXDFinder: GetLocalIp:[401] :GetLocalIp exec
06-10 14:14:30.913 3196 3293 D nStackXCoAP: CoapMessageHandler:[133] :2.01
06-10 14:14:31.387 669 669 E WifiHAL : wifi_get_link_stats: requestResponse Error:-5
06-10 14:14:31.391 487 620 E WifiVendorHal: getWifiLinkLayerStats_1_5_Internal(l.1191) failed {.code = ERROR_INVALID_ARGS, .description = }
06-10 14:14:31.475 487 532 W IorapForwardingService: No service published for: iorapd
06-10 14:14:31.809 1189 1189 D bbb : onStartCommand begin !!!!!!! data分区剩余 20615MB
06-10 14:14:31.811 1133 1133 D aaa : LedStatusService onStartCommand begin
06-10 14:14:31.815 1133 4141 D aaa : topPkg is -------------- :com.dangbei.haqusetting
06-10 14:14:32.477 487 532 W IorapForwardingService: No service published for: iorapd
06-10 14:14:33.480 487 532 W IorapForwardingService: No service published for: iorapd
06-10 14:14:34.222 487 998 W ZramWriteback: Writeback device is not set
06-10 14:14:34.222 487 998 D ZramWriteback: wait to flush
06-10 14:14:34.315 322 3561 D XM_HIDREAD: poll ret=1, event=1
06-10 14:14:34.315 322 3561 D XM_HIDREAD: [9 bytes]:01 00 00 51 00 00 00 00 00
06-10 14:14:34.315 487 606 D TvWindowManager: key event key = KEYCODE_DPAD_DOWN down = true
06-10 14:14:34.317 487 605 D GpioService: mFlickerEnable = true
06-10 14:14:34.403 669 669 E WifiHAL : wifi_get_link_stats: requestResponse Error:-5
06-10 14:14:34.405 487 620 E WifiVendorHal: getWifiLinkLayerStats_1_5_Internal(l.1191) failed {.code = ERROR_INVALID_ARGS, .description = }
06-10 14:14:34.466 487 605 D GpioService: mFlickerEnable = true
06-10 14:14:34.468 2259 2259 I SogouIME: onKeyDown: keyoCode=20
06-10 14:14:34.468 2259 2259 I DefaultIMS: onKeyDown: keyoCode=20
06-10 14:14:34.483 487 532 W IorapForwardingService: No service published for: iorapd
06-10 14:14:34.488 2259 2259 I DefaultIMS: onStartInput attribute=android.view.inputmethod.EditorInfo@81f5bc4 restarting=false inputType: 0
06-10 14:14:34.515 322 3561 D XM_HIDREAD: poll ret=1, event=1
06-10 14:14:34.515 322 3561 D XM_HIDREAD: [9 bytes]:01 00 00 00 00 00 00 00 00
06-10 14:14:34.515 487 606 D TvWindowManager: key event key = KEYCODE_DPAD_DOWN down = false
06-10 14:14:34.518 2259 2259 I SogouIME: onKeyUp: keyoCode=20
06-10 14:14:34.518 2259 2259 I DefaultIMS: onKeyUp: keyoCode=20
06-10 14:14:34.685 1050 1076 E ccc : cccccc UpdateHelper onMessageReceived com.dangbei.haqusetting com.dangbei.etna.update {"action":"get","functionTag":"leaf_controller_function_controller_dangbei_update","value":0} com.dangbei.lerad.etna.aidl.IEtnaAidlCallback$Stub$Proxy@a670969
06-10 14:14:34.685 1050 1069 E ccc : cccccc UpdateHelper onMessageReceived com.dangbei.haqusetting com.dangbei.etna.update {"action":"get","functionTag":"leaf_controller_function_controller_dangbei_update","value":0} com.dangbei.lerad.etna.aidl.IEtnaAidlCallback$Stub$Proxy@2f32fee
06-10 14:14:34.683 1050 1050 I Binder:1050_3: type=1400 audit(0.0:1196): avc: denied { read } for name="devices" dev="proc" ino=4026532014 scontext=u:r:system_app:s0 tcontext=u:object_r:proc:s0 tclass=file permissive=1
06-10 14:14:34.683 1050 1050 I Binder:1050_3: type=1400 audit(0.0:1197): avc: denied { open } for path="/proc/bus/input/devices" dev="proc" ino=4026532014 scontext=u:r:system_app:s0 tcontext=u:object_r:proc:s0 tclass=file permissive=1
06-10 14:14:34.683 1050 1050 I Binder:1050_3: type=1400 audit(0.0:1198): avc: denied { getattr } for path="/proc/bus/input/devices" dev="proc" ino=4026532014 scontext=u:r:system_app:s0 tcontext=u:object_r:proc:s0 tclass=file permissive=1
06-10 14:14:34.689 1050 1076 E RCInfo : vid:000d
06-10 14:14:34.690 1050 1067 E ccc : cccccc UpdateHelper onMessageReceived com.dangbei.haqusetting com.dangbei.etna.update {"action":"get","functionTag":"leaf_controller_function_controller_dangbei_update","value":0} com.dangbei.lerad.etna.aidl.IEtnaAidlCallback$Stub$Proxy@a3a1c8f
06-10 14:14:34.690 1050 1076 E RCInfo : pid:3838
06-10 14:14:34.702 1050 1076 D BluetoothGatt: connect() - device: E4:BB:D3:57:C0:7D, auto: true
06-10 14:14:34.703 1050 1076 D BluetoothGatt: registerApp()
06-10 14:14:34.703 1050 1076 D BluetoothGatt: registerApp() - UUID=855d5d83-165d-435c-b9f6-a7d20ddc12e7
06-10 14:14:34.707 677 1005 I bluetooth: system/bt/stack/gatt/gatt_api.cc:1019 GATT_Register: Allocated name:GattClient uuid:29357a0f-c3ad-bcff-fc85-932904ab6807 gatt_if:6 eatt_support:0
06-10 14:14:34.707 677 1005 I bt_bta_gattc: system/bt/bta/gatt/bta_gattc_act.cc:1110 bta_gattc_conn_cback: Connected att_id:6 transport:le reason:GATT_CONN_OK
06-10 14:14:34.709 1050 4151 D BluetoothGatt: onClientRegistered() - status=0 clientIf=6
06-10 14:14:34.711 677 857 I bt_btif_config: system/bt/btif/src/btif_config.cc:137 btif_get_device_type: Device [e4:bb:d3:57:c0:7d] device type 2
06-10 14:14:34.713 1050 4151 D BluetoothGatt: onClientConnectionState() - status=0 clientIf=6 device=E4:BB:D3:57:C0:7D
06-10 14:14:34.714 1050 4151 D BluetoothGatt: discoverServices() - device: E4:BB:D3:57:C0:7D
06-10 14:14:34.715 1050 2092 D BluetoothGatt: connect() - device: E4:BB:D3:57:C0:7D, auto: true
06-10 14:14:34.715 1050 2092 D BluetoothGatt: registerApp()
06-10 14:14:34.715 1050 2092 D BluetoothGatt: registerApp() - UUID=4c461c09-8d1a-4307-879a-6d356d9c7176
06-10 14:14:34.717 677 1005 I bluetooth: system/bt/stack/gatt/gatt_api.cc:1019 GATT_Register: Allocated name:GattClient uuid:091b7b96-1cbf-87e1-eb54-c5be51341d9c gatt_if:7 eatt_support:0
06-10 14:14:34.718 677 1005 I bt_bta_gattc: system/bt/bta/gatt/bta_gattc_act.cc:1110 bta_gattc_conn_cback: Connected att_id:7 transport:le reason:GATT_CONN_OK
06-10 14:14:34.719 677 857 I bt_bta_gattc: system/bt/bta/gatt/bta_gattc_cache.cc:902 bta_gattc_get_gatt_db: bta_gattc_get_gatt_db
06-10 14:14:34.719 1050 1069 E RCInfo : vid:000d
06-10 14:14:34.719 1050 1069 E RCInfo : pid:3838
06-10 14:14:34.721 1050 2092 E ccc : cccccc 请求电量实时 -1
06-10 14:14:34.723 1050 4151 D BluetoothGatt: onClientRegistered() - status=0 clientIf=7
06-10 14:14:34.725 677 857 I bt_btif_config: system/bt/btif/src/btif_config.cc:137 btif_get_device_type: Device [e4:bb:d3:57:c0:7d] device type 2
06-10 14:14:34.726 1050 2092 D BluetoothGatt: onClientConnectionState() - status=0 clientIf=7 device=E4:BB:D3:57:C0:7D
06-10 14:14:34.727 1050 2092 D BluetoothGatt: discoverServices() - device: E4:BB:D3:57:C0:7D
06-10 14:14:34.727 1050 4151 D BluetoothGatt: onSearchComplete() = Device=E4:BB:D3:57:C0:7D Status=0
06-10 14:14:34.727 677 857 I bt_btif_config: system/bt/btif/src/btif_config.cc:137 btif_get_device_type: Device [e4:bb:d3:57:c0:7d] device type 2
06-10 14:14:34.727 1050 1069 D BluetoothGatt: discoverServices() - device: E4:BB:D3:57:C0:7D
06-10 14:14:34.728 677 1005 I bt_stack: [INFO:connection_manager.cc(104)] App id=0x06already doing background connection to e4:bb:d3:57:c0:7d
06-10 14:14:34.730 263 1247 E bt_upio : upio_set : /proc/bluetooth/sleep/btwrite(-1) incorrent
06-10 14:14:34.732 1050 1067 E RCInfo : vid:000d
06-10 14:14:34.732 1050 1067 E RCInfo : pid:3838
06-10 14:14:34.732 677 857 I bt_bta_gattc: system/bt/bta/gatt/bta_gattc_cache.cc:902 bta_gattc_get_gatt_db: bta_gattc_get_gatt_db
06-10 14:14:34.734 677 857 I bt_bta_gattc: system/bt/bta/gatt/bta_gattc_cache.cc:902 bta_gattc_get_gatt_db: bta_gattc_get_gatt_db
06-10 14:14:34.735 1050 1069 D BluetoothGatt: onSearchComplete() = Device=E4:BB:D3:57:C0:7D Status=0
06-10 14:14:34.736 1050 2092 D BluetoothGatt: onSearchComplete() = Device=E4:BB:D3:57:C0:7D Status=0
06-10 14:14:34.738 1050 1067 D BluetoothGatt: discoverServices() - device: E4:BB:D3:57:C0:7D
06-10 14:14:34.738 677 857 I bt_btif_config: system/bt/btif/src/btif_config.cc:137 btif_get_device_type: Device [e4:bb:d3:57:c0:7d] device type 2
06-10 14:14:34.738 677 1005 I bt_stack: [INFO:connection_manager.cc(104)] App id=0x06already doing background connection to e4:bb:d3:57:c0:7d
06-10 14:14:34.740 677 857 I bt_bta_gattc: system/bt/bta/gatt/bta_gattc_cache.cc:902 bta_gattc_get_gatt_db: bta_gattc_get_gatt_db
06-10 14:14:34.743 1050 1067 D BluetoothGatt: onSearchComplete() = Device=E4:BB:D3:57:C0:7D Status=0
06-10 14:14:35.485 487 532 W IorapForwardingService: No service published for: iorapd
06-10 14:14:35.576 322 3561 D XM_HIDREAD: poll ret=1, event=1
06-10 14:14:35.576 322 3561 D XM_HIDREAD: [9 bytes]:01 00 00 50 00 00 00 00 00
06-10 14:14:35.577 487 606 D TvWindowManager: key event key = KEYCODE_DPAD_LEFT down = true
06-10 14:14:35.578 487 605 D GpioService: mFlickerEnable = true
06-10 14:14:35.579 2259 2259 I SogouIME: onKeyDown: keyoCode=21
06-10 14:14:35.580 2259 2259 I DefaultIMS: onKeyDown: keyoCode=21
06-10 14:14:35.586 2259 2259 I DefaultIMS: onStartInput attribute=android.view.inputmethod.EditorInfo@e4c5f5c restarting=false inputType: 0
06-10 14:14:35.598 1050 1067 E ccc : cccccc hhhhhhhhhh RC version is DB-15B-H5-R0111
06-10 14:14:35.600 1050 1067 E RCInfo : vid:000d
06-10 14:14:35.600 1050 1067 E RCInfo : pid:3838
06-10 14:14:35.602 1050 1067 E RCInfo : vid:000d
06-10 14:14:35.602 1050 1067 E RCInfo : pid:3838
06-10 14:14:35.605 1050 1067 E ccc : cccccc 实时获取遥控器版本 DB-15B-H5-R0111
06-10 14:14:35.606 1050 1067 E ccc : cccccc hhhhhhhhhh RC version is DB-15B-H5-R0111
06-10 14:14:35.607 1050 1067 E RCInfo : vid:000d
06-10 14:14:35.607 1050 1067 E RCInfo : pid:3838
06-10 14:14:35.609 1050 1067 E RCInfo : vid:000d
06-10 14:14:35.609 1050 1067 E RCInfo : pid:3838
06-10 14:14:35.611 1050 1067 E ccc : cccccc 实时获取遥控器版本 DB-15B-H5-R0111
06-10 14:14:35.611 1050 1067 E ccc : cccccc hhhhhhhhhh RC version is DB-15B-H5-R0111
06-10 14:14:35.613 1050 1067 E RCInfo : vid:000d
06-10 14:14:35.613 1050 1067 E RCInfo : pid:3838
06-10 14:14:35.615 1050 1067 E RCInfo : vid:000d
06-10 14:14:35.615 1050 1067 E RCInfo : pid:3838
06-10 14:14:35.616 1050 1067 E ccc : cccccc 实时获取遥控器版本 DB-15B-H5-R0111
06-10 14:14:35.675 322 3561 D XM_HIDREAD: poll ret=1, event=1
06-10 14:14:35.675 322 3561 D XM_HIDREAD: [9 bytes]:01 00 00 00 00 00 00 00 00
06-10 14:14:35.675 487 606 D TvWindowManager: key event key = KEYCODE_DPAD_LEFT down = false
06-10 14:14:35.716 2259 2259 I SogouIME: onKeyUp: keyoCode=21
06-10 14:14:35.716 2259 2259 I DefaultIMS: onKeyUp: keyoCode=21
06-10 14:14:35.945 2225 2348 D UtilLog : 日志批量上报 进行正常循环 !!!!!!本次有0次请求,共0条数据
06-10 14:14:35.955 322 3561 D XM_HIDREAD: poll ret=1, event=1
06-10 14:14:35.955 322 3561 D XM_HIDREAD: [9 bytes]:01 00 00 28 00 00 00 00 00
06-10 14:14:35.955 487 606 D TvWindowManager: key event key = KEYCODE_DPAD_CENTER down = true
06-10 14:14:35.956 487 605 D GpioService: mFlickerEnable = true
06-10 14:14:36.095 322 3561 D XM_HIDREAD: poll ret=1, event=1
06-10 14:14:36.095 487 606 D TvWindowManager: key event key = KEYCODE_DPAD_CENTER down = false
06-10 14:14:36.096 322 3561 D XM_HIDREAD: [9 bytes]:01 00 00 00 00 00 00 00 00
06-10 14:14:36.106 487 605 D GpioService: mFlickerEnable = true
06-10 14:14:36.108 2259 2259 I SogouIME: onKeyDown: keyoCode=23
06-10 14:14:36.108 2259 2259 I DefaultIMS: onKeyDown: keyoCode=23
06-10 14:14:36.129 2259 2259 I SogouIME: onKeyUp: keyoCode=23
06-10 14:14:36.130 2259 2259 I DefaultIMS: onKeyUp: keyoCode=23
06-10 14:14:36.147 1050 1067 E ccc : cccccc UpdateHelper onMessageReceived com.dangbei.haqusetting com.dangbei.etna.update {"action":"do","functionTag":"leaf_controller_function_controller_dangbei_update","value":0} com.dangbei.lerad.etna.aidl.IEtnaAidlCallback$Stub$Proxy@7a9d08
06-10 14:14:36.150 1050 2129 E RCInfo : vid:000d
06-10 14:14:36.150 1050 2129 E RCInfo : pid:3838
06-10 14:14:36.152 1050 2129 E RCInfo : vid:000d
06-10 14:14:36.152 1050 2129 E RCInfo : pid:3838
06-10 14:14:36.158 677 857 I bt_btif_config: system/bt/btif/src/btif_config.cc:137 btif_get_device_type: Device [e4:bb:d3:57:c0:7d] device type 2
06-10 14:14:36.158 1050 2129 D BluetoothGatt: discoverServices() - device: E4:BB:D3:57:C0:7D
06-10 14:14:36.159 677 1005 I bt_stack: [INFO:connection_manager.cc(104)] App id=0x06already doing background connection to e4:bb:d3:57:c0:7d
06-10 14:14:36.164 677 857 I bt_bta_gattc: system/bt/bta/gatt/bta_gattc_cache.cc:902 bta_gattc_get_gatt_db: bta_gattc_get_gatt_db
06-10 14:14:36.166 2749 2749 D CompatibilityChangeReporter: Compat change id reported: 147798919; UID 1000; state: ENABLED
06-10 14:14:36.168 1050 1067 D BluetoothGatt: onSearchComplete() = Device=E4:BB:D3:57:C0:7D Status=0
06-10 14:14:36.236 1050 1067 E ccc : cccccc hhhhhhhhhh RC version is DB-15B-H5-R0111
06-10 14:14:36.239 1050 1067 E RCInfo : vid:000d
06-10 14:14:36.239 1050 1067 E RCInfo : pid:3838
06-10 14:14:36.241 1050 1067 E RCInfo : vid:000d
06-10 14:14:36.241 1050 1067 E RCInfo : pid:3838
06-10 14:14:36.241 1050 1067 E ccc : cccccc 请求remote实时 DB-15B-H5-R0111
06-10 14:14:36.242 1050 1067 E ccc : cccccc requestRemoteInfoInner factory XIMI version DB-15B-H5-R0111
06-10 14:14:36.264 487 848 D CompatibilityChangeReporter: Compat change id reported: 168419799; UID 10061; state: DISABLED
06-10 14:14:36.297 1050 2129 I okhttp.OkHttpClient: --> POST http://tymsgapi.qun7.com/v1/core/ykota (600-byte body)
06-10 14:14:36.324 288 603 E HWComposer: getSupportedContentTypes: getSupportedContentTypes failed for display 0: Unsupported (8)
06-10 14:14:36.327 267 267 I gralloc : alloc buffer:W:204 H:77 S:208 PL[204 77] SZ:64064 fmt:1 if:0 af:1 usg:20000b00 fg:00000004
06-10 14:14:36.330 267 267 I gralloc : alloc buffer:W:204 H:77 S:208 PL[204 77] SZ:64064 fmt:1 if:0 af:1 usg:20000b00 fg:00000004
06-10 14:14:36.333 267 267 I gralloc : alloc buffer:W:204 H:77 S:208 PL[204 77] SZ:64064 fmt:1 if:0 af:1 usg:20000b00 fg:00000004
06-10 14:14:36.468 1050 2129 I okhttp.OkHttpClient: <-- 200 OK http://tymsgapi.qun7.com/v1/core/ykota (170ms, unknown-length body)
06-10 14:14:36.475 1050 1050 W System.err: java.lang.NullPointerException: Attempt to invoke virtual method 'java.lang.String com.etna.haqu.model.business.bean.db.remote.RemoteUpdateBean.getDownloadId()' on a null object reference
06-10 14:14:36.476 1050 1050 W System.err: at com.dangbei.etna.update.remote.RemoteUpdateHelper$requestRemoteInfoInner$1$2.invoke(RemoteUpdateHelper.kt:178)
06-10 14:14:36.476 1050 1050 W System.err: at com.dangbei.etna.update.remote.RemoteUpdateHelper$requestRemoteInfoInner$1$2.invoke(RemoteUpdateHelper.kt:170)
06-10 14:14:36.476 1050 1050 W System.err: at com.etna.haqu.support.ext.FlowExtKt$safeCollect$3.emit(FlowExt.kt:52)
06-10 14:14:36.476 1050 1050 W System.err: at kotlinx.coroutines.flow.FlowKt__ErrorsKt$catchImpl$2.emit(Errors.kt:158)
06-10 14:14:36.477 1050 1050 W System.err: at kotlinx.coroutines.flow.FlowKt__ChannelsKt.emitAllImpl$FlowKt__ChannelsKt(Channels.kt:62)
06-10 14:14:36.477 1050 1050 W System.err: at kotlinx.coroutines.flow.FlowKt__ChannelsKt.access$emitAllImpl$FlowKt__ChannelsKt(Channels.kt:1)
06-10 14:14:36.477 1050 1050 W System.err: at kotlinx.coroutines.flow.FlowKt__ChannelsKt$emitAllImpl$1.invokeSuspend(Unknown Source:14)
06-10 14:14:36.477 1050 1050 W System.err: at kotlin.coroutines.jvm.internal.BaseContinuationImpl.resumeWith(ContinuationImpl.kt:33)
06-10 14:14:36.477 1050 1050 W System.err: at kotlinx.coroutines.DispatchedTask.run(DispatchedTask.kt:106)
06-10 14:14:36.477 1050 1050 W System.err: at android.os.Handler.handleCallback(Handler.java:938)
06-10 14:14:36.477 1050 1050 W System.err: at android.os.Handler.dispatchMessage(Handler.java:99)
06-10 14:14:36.477 1050 1050 W System.err: at android.os.Looper.loopOnce(Looper.java:201)
06-10 14:14:36.477 1050 1050 W System.err: at android.os.Looper.loop(Looper.java:288)
06-10 14:14:36.477 1050 1050 W System.err: at android.app.ActivityThread.main(ActivityThread.java:7854)
06-10 14:14:36.477 1050 1050 W System.err: at java.lang.reflect.Method.invoke(Native Method)
06-10 14:14:36.477 1050 1050 W System.err: at com.android.internal.os.RuntimeInit$MethodAndArgsCaller.run(RuntimeInit.java:548)
06-10 14:14:36.477 1050 1050 W System.err: at com.android.internal.os.ZygoteInit.main(ZygoteInit.java:1182)
06-10 14:14:36.487 2749 2810 E ccc : cccccc notifyUpdateChanged {"code":1,"data":{"hasUpdate":false,"what":2,"why":-1},"message":"更新状态变化"}
06-10 14:14:36.487 487 532 W IorapForwardingService: No service published for: iorapd
06-10 14:14:36.493 2749 2810 E ccc : cccccc EtnaSendUpdateStatusChangeBean.remoteUpdateChanged
06-10 14:14:36.497 1050 1050 E ccc : cccccc updateHelper 通知更新
06-10 14:14:36.498 2749 2810 E ccc : cccccc remote check callback 0
06-10 14:14:36.503 2749 2749 E ccc : cccccc event HomeActivity REMOTE_UPDATE_STATUS_CHANGED
06-10 14:14:36.504 1050 1069 E ccc : cccccc UpdateHelper onMessageReceived com.dangbei.haqusetting com.dangbei.etna.update {"action":"get","functionTag":"leaf_controller_function_controller_dangbei_update","value":0} com.dangbei.lerad.etna.aidl.IEtnaAidlCallback$Stub$Proxy@11441dd
06-10 14:14:36.505 1050 2092 E ccc : cccccc UpdateHelper onMessageReceived com.dangbei.haqusetting com.dangbei.etna.update {"action":"get","functionTag":"leaf_controller_function_controller_dangbei_update","value":0} com.dangbei.lerad.etna.aidl.IEtnaAidlCallback$Stub$Proxy@f9f9152
06-10 14:14:36.506 1050 1069 E ccc : cccccc 缓存获取遥控器版本 DB-15B-H5-R0111
06-10 14:14:36.507 1050 1067 E ccc : cccccc 请求电量缓存 85
06-10 14:14:36.508 1050 2092 E ccc : cccccc 缓存获取遥控器版本 DB-15B-H5-R0111
06-10 14:14:37.420 669 669 E WifiHAL : wifi_get_link_stats: requestResponse Error:-5
06-10 14:14:37.423 487 620 E WifiVendorHal: getWifiLinkLayerStats_1_5_Internal(l.1191) failed {.code = ERROR_INVALID_ARGS, .description = }
06-10 14:14:37.489 487 532 W IorapForwardingService: No service published for: iorapd
06-10 14:14:38.031 3196 3196 I ModuleDataForwa: type=1400 audit(0.0:1199): avc: denied { lock } for path="/data/user/0/com.dangbei.screencast/files/TD__Env_Synchronous_Lock__" dev="mmcblk0p25" ino=2733 scontext=u:r:platform_app:s0:c512,c768 tcontext=u:object_r:app_data_file:s0:c512,c768 tclass=file permissive=1 app=com.dangbei.screencast
06-10 14:14:38.491 487 532 W IorapForwardingService: No service published for: iorapd
06-10 14:14:38.545 1050 1344 E ccc : cccccc sendCycleCheckBroadcast
06-10 14:14:38.547 1050 1344 W ContextImpl: Calling a method in the system process without a qualified user: android.app.ContextImpl.sendBroadcast:1173 android.content.ContextWrapper.sendBroadcast:479 com.dangbei.etna.setting.core.SettingHelper.sendCycleToProjector:250 com.dangbei.etna.setting.core.SettingHelper.sendCycleCheckBroadcast:219 com.dangbei.etna.setting.core.SettingHelper.startLoop$lambda-0:177
06-10 14:14:38.552 1050 1344 W ContextImpl: Calling a method in the system process without a qualified user: android.app.ContextImpl.sendBroadcast:1173 android.content.ContextWrapper.sendBroadcast:479 com.dangbei.etna.setting.core.SettingHelper.sendCycleToVoice:235 com.dangbei.etna.setting.core.SettingHelper.sendCycleCheckBroadcast:220 com.dangbei.etna.setting.core.SettingHelper.startLoop$lambda-0:177
06-10 14:14:38.556 487 848 E ActivityManager: Sending non-protected broadcast com.dangbei.etna.setting.action_cycle_check_broadcast from system 1050:com.dangbei.lerad.etna.haqu/1000 pkg com.dangbei.lerad.etna.haqu
06-10 14:14:38.556 487 848 E ActivityManager: java.lang.Throwable
06-10 14:14:38.556 487 848 E ActivityManager: at com.android.server.am.ActivityManagerService.checkBroadcastFromSystem(ActivityManagerService.java:12816)
06-10 14:14:38.556 487 848 E ActivityManager: at com.android.server.am.ActivityManagerService.broadcastIntentLocked(ActivityManagerService.java:13513)
06-10 14:14:38.556 487 848 E ActivityManager: at com.android.server.am.ActivityManagerService.broadcastIntentLocked(ActivityManagerService.java:12833)
06-10 14:14:38.556 487 848 E ActivityManager: at com.android.server.am.ActivityManagerService.broadcastIntentWithFeature(ActivityManagerService.java:13670)
06-10 14:14:38.556 487 848 E ActivityManager: at android.app.IActivityManager$Stub.onTransact(IActivityManager.java:2326)
06-10 14:14:38.556 487 848 E ActivityManager: at com.android.server.am.ActivityManagerService.onTransact(ActivityManagerService.java:2509)
06-10 14:14:38.556 487 848 E ActivityManager: at android.os.Binder.execTransactInternal(Binder.java:1179)
06-10 14:14:38.556 487 848 E ActivityManager: at android.os.Binder.execTransact(Binder.java:1143)
06-10 14:14:38.559 487 548 I DropBoxManagerService: add tag=system_server_wtf isTagEnabled=true flags=0x2
06-10 14:14:38.600 1367 1367 D RockyVoice: RestartReceiver onReceive
06-10 14:14:38.823 487 509 W InputManager-JNI: Input channel object 'a8e438f Toast (client)' was disposed without first being removed with the input manager!
06-10 14:14:38.832 487 509 W NotificationService: Toast already killed. pkg=com.dangbei.haqusetting token=android.os.BinderProxy@241edd9
06-10 14:14:38.867 267 267 I gralloc : alloc buffer:W:186 H:77 S:192 PL[186 77] SZ:59136 fmt:1 if:0 af:1 usg:20000b00 fg:00000004
06-10 14:14:38.869 267 267 I gralloc : alloc buffer:W:186 H:77 S:192 PL[186 77] SZ:59136 fmt:1 if:0 af:1 usg:20000b00 fg:00000004
06-10 14:14:38.870 267 267 I gralloc : alloc buffer:W:186 H:77 S:192 PL[186 77] SZ:59136 fmt:1 if:0 af:1 usg:20000b00 fg:00000004
06-10 14:14:39.235 263 1004 E bt_upio : upio_set : /proc/bluetooth/sleep/btwrite(-1) incorrent
06-10 14:14:39.493 487 532 W IorapForwardingService: No service published for: iorapd
06-10 14:14:39.871 1133 1133 D aaa : LedStatusService onStartCommand begin
06-10 14:14:39.873 1133 4203 D aaa : topPkg is -------------- :com.dangbei.haqusetting
06-10 14:14:39.875 1189 1189 D bbb : onStartCommand begin !!!!!!! data分区剩余 20615MB
06-10 14:14:40.367 684 684 I RenderThread: type=1400 audit(0.0:1200): avc: denied { write } for name="code_cache" dev="mmcblk0p25" ino=508 scontext=u:r:platform_app:s0:c512,c768 tcontext=u:object_r:app_data_file:s0:c512,c768 tclass=dir permissive=1 app=com.softwinner.screenshot
06-10 14:14:40.367 684 684 I RenderThread: type=1400 audit(0.0:1201): avc: denied { add_name } for name="com.android.opengl.shaders_cache" scontext=u:r:platform_app:s0:c512,c768 tcontext=u:object_r:app_data_file:s0:c512,c768 tclass=dir permissive=1 app=com.softwinner.screenshot
06-10 14:14:40.367 684 684 I RenderThread: type=1400 audit(0.0:1202): avc: denied { create } for name="com.android.opengl.shaders_cache" scontext=u:r:platform_app:s0:c512,c768 tcontext=u:object_r:app_data_file:s0:c512,c768 tclass=file permissive=1 app=com.softwinner.screenshot
06-10 14:14:40.375 684 684 I RenderThread: type=1400 audit(0.0:1203): avc: denied { remove_name } for name="com.android.opengl.shaders_cache" dev="mmcblk0p25" ino=15363 scontext=u:r:platform_app:s0:c512,c768 tcontext=u:object_r:app_data_file:s0:c512,c768 tclass=dir permissive=1 app=com.softwinner.screenshot
06-10 14:14:40.375 684 684 I RenderThread: type=1400 audit(0.0:1204): avc: denied { unlink } for name="com.android.opengl.shaders_cache" dev="mmcblk0p25" ino=15363 scontext=u:r:platform_app:s0:c512,c768 tcontext=u:object_r:app_data_file:s0:c512,c768 tclass=file permissive=1 app=com.softwinner.screenshot
06-10 14:14:40.375 684 684 I RenderThread: type=1400 audit(0.0:1205): avc: denied { open } for path="/data/user_de/0/com.android.systemui/code_cache/com.android.opengl.shaders_cache" dev="mmcblk0p25" ino=15946 scontext=u:r:platform_app:s0:c512,c768 tcontext=u:object_r:app_data_file:s0:c512,c768 tclass=file permissive=1 app=com.softwinner.screenshot
06-10 14:14:40.379 684 684 I RenderThread: type=1400 audit(0.0:1206): avc: denied { setattr } for name="com.android.opengl.shaders_cache" dev="mmcblk0p25" ino=15946 scontext=u:r:platform_app:s0:c512,c768 tcontext=u:object_r:app_data_file:s0:c512,c768 tclass=file permissive=1 app=com.softwinner.screenshot
06-10 14:14:40.439 669 669 E WifiHAL : wifi_get_link_stats: requestResponse Error:-5
06-10 14:14:40.441 487 620 E WifiVendorHal: getWifiLinkLayerStats_1_5_Internal(l.1191) failed {.code = ERROR_INVALID_ARGS, .description = }
06-10 14:14:40.497 487 532 W IorapForwardingService: No service published for: iorapd
06-10 14:14:41.367 487 509 W InputManager-JNI: Input channel object 'f4d2e7f Toast (client)' was disposed without first being removed with the input manager!
06-10 14:14:41.375 487 509 W NotificationService: Toast already killed. pkg=com.dangbei.haqusetting token=android.os.BinderProxy@b777b13
06-10 14:14:41.500 487 532 W IorapForwardingService: No service published for: iorapd
06-10 14:14:42.502 487 532 W IorapForwardingService: No service published for: iorapd
06-10 14:14:43.471 669 669 E WifiHAL : wifi_get_link_stats: requestResponse Error:-5
06-10 14:14:43.473 487 620 E WifiVendorHal: getWifiLinkLayerStats_1_5_Internal(l.1191) failed {.code = ERROR_INVALID_ARGS, .description = }
06-10 14:14:43.505 487 532 W IorapForwardingService: No service published for: iorapd
06-10 14:14:43.616 277 297 D hdmi-cec: receive invalid cec message!
06-10 14:14:43.616 277 297 D hdmi-cec: receive poll message [04], skip!
06-10 14:14:44.507 487 532 W IorapForwardingService: No service published for: iorapd
06-10 14:14:45.513 487 532 W IorapForwardingService: No service published for: iorapd
06-10 14:14:45.945 2225 2348 D UtilLog : 日志批量上报 进行正常循环 !!!!!!本次有0次请求,共0条数据
06-10 14:14:46.492 669 669 E WifiHAL : wifi_get_link_stats: requestResponse Error:-5
06-10 14:14:46.495 487 620 E WifiVendorHal: getWifiLinkLayerStats_1_5_Internal(l.1191) failed {.code = ERROR_INVALID_ARGS, .description = }
06-10 14:14:46.516 487 532 W IorapForwardingService: No service published for: iorapd
06-10 14:14:47.518 487 532 W IorapForwardingService: No service published for: iorapd
06-10 14:14:47.909 1133 1133 D aaa : LedStatusService onStartCommand begin
06-10 14:14:47.914 1133 4214 D aaa : topPkg is -------------- :com.dangbei.haqusetting
06-10 14:14:47.924 1189 1189 D bbb : onStartCommand begin !!!!!!! data分区剩余 20615MB
06-10 14:14:47.953 1050 1320 E dangbei111: cccccc 检查遥控器是否连接: Dangbei E4:BB:D3:57:C0:7D
06-10 14:14:47.956 1050 1320 E dangbei111: cccccc 检查遥控器是否连接: 蓝牙的结果 Dangbei E4:BB:D3:57:C0:7D true
06-10 14:14:47.956 1050 1320 E dangbei111: cccccc 确实有遥控器 存在 取消check任务
06-10 14:14:47.956 1050 1320 E dangbei111: cccccc rc is connected, stop scan =E4:BB:D3:57:C0:7D
06-10 14:14:48.520 487 532 W IorapForwardingService: No service published for: iorapd
06-10 14:14:49.516 669 669 E WifiHAL : wifi_get_link_stats: requestResponse Error:-5
06-10 14:14:49.519 487 487 W WindowManager: removeWindowToken: Attempted to remove non-existing token: android.os.Binder@595aaf0
06-10 14:14:49.519 487 620 E WifiVendorHal: getWifiLinkLayerStats_1_5_Internal(l.1191) failed {.code = ERROR_INVALID_ARGS, .description = }
06-10 14:14:49.522 487 532 W IorapForwardingService: No service published for: iorapd
06-10 14:14:50.525 487 532 W IorapForwardingService: No service published for: iorapd
06-10 14:14:51.527 487 532 W IorapForwardingService: No service published for: iorapd
06-10 14:14:52.106 487 487 W WindowManager: removeWindowToken: Attempted to remove non-existing token: android.os.Binder@409effa
06-10 14:14:52.530 487 532 W IorapForwardingService: No service published for: iorapd
06-10 14:14:52.536 669 669 E WifiHAL : wifi_get_link_stats: requestResponse Error:-5
06-10 14:14:52.538 487 620 E WifiVendorHal: getWifiLinkLayerStats_1_5_Internal(l.1191) failed {.code = ERROR_INVALID_ARGS, .description = }
06-10 14:14:53.532 487 532 W IorapForwardingService: No service published for: iorapd
06-10 14:14:54.534 487 532 W IorapForwardingService: No service published for: iorapd
06-10 14:14:55.088 487 487 D CompatibilityChangeReporter: Compat change id reported: 168419799; UID 10057; state: DISABLED
06-10 14:14:55.536 487 532 W IorapForwardingService: No service published for: iorapd
06-10 14:14:55.551 669 669 E WifiHAL : wifi_get_link_stats: requestResponse Error:-5
06-10 14:14:55.553 487 620 E WifiVendorHal: getWifiLinkLayerStats_1_5_Internal(l.1191) failed {.code = ERROR_INVALID_ARGS, .description = }
06-10 14:14:55.950 2225 2348 D UtilLog : 日志批量上报 进行正常循环 !!!!!!本次有0次请求,共0条数据
06-10 14:14:55.951 1133 1133 D aaa : LedStatusService onStartCommand begin
06-10 14:14:55.953 1133 4228 D aaa : topPkg is -------------- :com.dangbei.haqusetting
06-10 14:14:55.957 1189 1189 D bbb : onStartCommand begin !!!!!!! data分区剩余 20615MB
06-10 14:14:56.055 487 848 D WifiNl80211Manager: Scan result ready event
06-10 14:14:56.055 487 848 D WifiNative: Scan result ready event
06-10 14:14:56.110 669 669 E WifiHAL : wifi_get_link_stats: requestResponse Error:-5
06-10 14:14:56.111 487 620 E WifiVendorHal: getWifiLinkLayerStats_1_5_Internal(l.1191) failed {.code = ERROR_INVALID_ARGS, .description = }
06-10 14:14:56.537 487 532 W IorapForwardingService: No service published for: iorapd
06-10 14:14:57.539 487 532 W IorapForwardingService: No service published for: iorapd
06-10 14:14:58.541 487 532 W IorapForwardingService: No service published for: iorapd
06-10 14:14:58.567 669 669 E WifiHAL : wifi_get_link_stats: requestResponse Error:-5
06-10 14:14:58.571 487 620 E WifiVendorHal: getWifiLinkLayerStats_1_5_Internal(l.1191) failed {.code = ERROR_INVALID_ARGS, .description = }
06-10 14:14:58.642 277 297 D hdmi-cec: receive invalid cec message!
06-10 14:14:58.642 277 297 D hdmi-cec: receive poll message [04], skip!
06-10 14:14:59.544 487 532 W IorapForwardingService: No service published for: iorapd
06-10 14:14:59.830 2225 2352 I TDLog : [APP] New data found, Submitting...
06-10 14:14:59.852 2225 2352 I TDLog : [APP] Failed to submit data!
06-10 14:15:00.546 487 532 W IorapForwardingService: No service published for: iorapd
06-10 14:15:01.549 487 532 W IorapForwardingService: No service published for: iorapd
06-10 14:15:01.583 669 669 E WifiHAL : wifi_get_link_stats: requestResponse Error:-5
06-10 14:15:01.585 487 620 E WifiVendorHal: getWifiLinkLayerStats_1_5_Internal(l.1191) failed {.code = ERROR_INVALID_ARGS, .description = }
06-10 14:15:02.552 487 532 W IorapForwardingService: No service published for: iorapd
06-10 14:15:03.555 487 532 W IorapForwardingService: No service published for: iorapd
06-10 14:15:04.042 1133 1133 D aaa : LedStatusService onStartCommand begin
06-10 14:15:04.048 1133 4242 D aaa : topPkg is -------------- :com.dangbei.haqusetting
06-10 14:15:04.052 1189 1189 D bbb : onStartCommand begin !!!!!!! data分区剩余 20615MB
06-10 14:15:04.224 487 998 W ZramWriteback: Writeback device is not set
06-10 14:15:04.224 487 998 D ZramWriteback: wait to flush
06-10 14:15:04.557 487 532 W IorapForwardingService: No service published for: iorapd
06-10 14:15:04.599 669 669 E WifiHAL : wifi_get_link_stats: requestResponse Error:-5
06-10 14:15:04.602 487 620 E WifiVendorHal: getWifiLinkLayerStats_1_5_Internal(l.1191) failed {.code = ERROR_INVALID_ARGS, .description = }
06-10 14:15:05.559 487 532 W IorapForwardingService: No service published for: iorapd
06-10 14:15:05.945 2225 2348 D UtilLog : 日志批量上报 进行正常循环 !!!!!!本次有0次请求,共0条数据
06-10 14:15:06.566 487 532 W IorapForwardingService: No service published for: iorapd
06-10 14:15:07.568 487 532 W IorapForwardingService: No service published for: iorapd
06-10 14:15:07.619 669 669 E WifiHAL : wifi_get_link_stats: requestResponse Error:-5
06-10 14:15:07.620 487 620 E WifiVendorHal: getWifiLinkLayerStats_1_5_Internal(l.1191) failed {.code = ERROR_INVALID_ARGS, .description = }
06-10 14:15:08.570 487 532 W IorapForwardingService: No service published for: iorapd
06-10 14:15:09.572 487 532 W IorapForwardingService: No service published for: iorapd
06-10 14:15:10.574 487 532 W IorapForwardingService: No service published for: iorapd
06-10 14:15:10.636 669 669 E WifiHAL : wifi_get_link_stats: requestResponse Error:-5
06-10 14:15:10.638 487 620 E WifiVendorHal: getWifiLinkLayerStats_1_5_Internal(l.1191) failed {.code = ERROR_INVALID_ARGS, .description = }
06-10 14:15:11.576 487 532 W IorapForwardingService: No service published for: iorapd
06-10 14:15:12.054 1133 1133 D aaa : LedStatusService onStartCommand begin
06-10 14:15:12.056 1189 1189 D bbb : onStartCommand begin !!!!!!! data分区剩余 20615MB
06-10 14:15:12.057 1133 4253 D aaa : topPkg is -------------- :com.dangbei.haqusetting
06-10 14:15:12.583 487 532 W IorapForwardingService: No service published for: iorapd
06-10 14:15:13.586 487 532 W IorapForwardingService: No service published for: iorapd
06-10 14:15:13.655 669 669 E WifiHAL : wifi_get_link_stats: requestResponse Error:-5
06-10 14:15:13.657 487 620 E WifiVendorHal: getWifiLinkLayerStats_1_5_Internal(l.1191) failed {.code = ERROR_INVALID_ARGS, .description = }
06-10 14:15:13.669 277 297 D hdmi-cec: receive invalid cec message!
06-10 14:15:13.669 277 297 D hdmi-cec: receive poll message [04], skip!
06-10 14:15:14.588 487 532 W IorapForwardingService: No service published for: iorapd
06-10 14:15:15.590 487 532 W IorapForwardingService: No service published for: iorapd
06-10 14:15:15.946 2225 2348 D UtilLog : 日志批量上报 进行正常循环 !!!!!!本次有0次请求,共0条数据
06-10 14:15:16.593 487 532 W IorapForwardingService: No service published for: iorapd
06-10 14:15:16.673 669 669 E WifiHAL : wifi_get_link_stats: requestResponse Error:-5
06-10 14:15:16.675 487 620 E WifiVendorHal: getWifiLinkLayerStats_1_5_Internal(l.1191) failed {.code = ERROR_INVALID_ARGS, .description = }
06-10 14:15:17.596 487 532 W IorapForwardingService: No service published for: iorapd
06-10 14:15:18.598 487 532 W IorapForwardingService: No service published for: iorapd
06-10 14:15:19.601 487 532 W IorapForwardingService: No service published for: iorapd
06-10 14:15:19.688 669 669 E WifiHAL : wifi_get_link_stats: requestResponse Error:-5
06-10 14:15:19.690 487 620 E WifiVendorHal: getWifiLinkLayerStats_1_5_Internal(l.1191) failed {.code = ERROR_INVALID_ARGS, .description = }
06-10 14:15:20.061 1133 1133 D aaa : LedStatusService onStartCommand begin
06-10 14:15:20.064 1133 4265 D aaa : topPkg is -------------- :com.dangbei.haqusetting
06-10 14:15:20.067 1189 1189 D bbb : onStartCommand begin !!!!!!! data分区剩余 20615MB
06-10 14:15:20.604 487 532 W IorapForwardingService: No service published for: iorapd
06-10 14:15:21.606 487 532 W IorapForwardingService: No service published for: iorapd
06-10 14:15:22.608 487 532 W IorapForwardingService: No service published for: iorapd
06-10 14:15:22.704 669 669 E WifiHAL : wifi_get_link_stats: requestResponse Error:-5
06-10 14:15:22.706 487 620 E WifiVendorHal: getWifiLinkLayerStats_1_5_Internal(l.1191) failed {.code = ERROR_INVALID_ARGS, .description = }
06-10 14:15:23.610 487 532 W IorapForwardingService: No service published for: iorapd
06-10 14:15:24.613 487 532 W IorapForwardingService: No service published for: iorapd
06-10 14:15:25.615 487 532 W IorapForwardingService: No service published for: iorapd
06-10 14:15:25.720 669 669 E WifiHAL : wifi_get_link_stats: requestResponse Error:-5
06-10 14:15:25.722 487 620 E WifiVendorHal: getWifiLinkLayerStats_1_5_Internal(l.1191) failed {.code = ERROR_INVALID_ARGS, .description = }
06-10 14:15:25.919 2225 2348 D UtilLog : 日志批量上报 进行正常循环 !!!!!!本次有0次请求,共0条数据
06-10 14:15:26.617 487 532 W IorapForwardingService: No service published for: iorapd
