01-01 08:00:11.827 262 262 W audio_route: Control 'SPK_L Mux' doesn't exist - skipping
01-01 08:00:11.827 262 262 W audio_route: Control 'External Speaker Switch' doesn't exist - skipping
01-01 08:00:11.827 262 262 W audio_route: unknown enum value string 0 for ctl LINEOUTL src LR
01-01 08:00:11.827 262 262 W audio_route: unknown enum value string 0 for ctl LINEOUTR src LR
01-01 08:00:11.827 262 262 W audio_route: Control 'DACR Mixer AIF1DA0R Switch' doesn't exist - skipping
01-01 08:00:11.827 262 262 W audio_route: Control 'DACL Mixer AIF1DA0L Switch' doesn't exist - skipping
01-01 08:00:11.827 262 262 W audio_route: Control 'AIF1 AD0L Mixer ADCL Switch' doesn't exist - skipping
01-01 08:00:11.827 262 262 W audio_route: Control 'AIF1 AD0R Mixer ADCR Switch' doesn't exist - skipping
01-01 08:00:11.827 262 262 W audio_route: Control 'Left Output Mixer DACL Switch' doesn't exist - skipping
01-01 08:00:11.827 262 262 W audio_route: Control 'Left Output Mixer DACR Switch' doesn't exist - skipping
01-01 08:00:11.827 262 262 W audio_route: Control 'Right Output Mixer DACL Switch' doesn't exist - skipping
01-01 08:00:11.827 262 262 W audio_route: Control 'Right Output Mixer DACR Switch' doesn't exist - skipping
01-01 08:00:11.827 262 262 W audio_route: Control 'Headphone Switch' doesn't exist - skipping
01-01 08:00:11.827 262 262 W audio_route: Control 'External Speaker Switch' doesn't exist - skipping
01-01 08:00:11.827 262 262 W audio_route: Control 'AIF1OUT0R Mux' doesn't exist - skipping
01-01 08:00:11.827 262 262 W audio_route: Control 'AIF1OUT0L Mux' doesn't exist - skipping
01-01 08:00:11.827 262 262 W audio_route: Control 'AIF1 AD0R Mixer ADCR Switch' doesn't exist - skipping
01-01 08:00:11.827 262 262 W audio_route: Control 'AIF1 AD0L Mixer ADCL Switch' doesn't exist - skipping
01-01 08:00:11.827 262 262 W audio_route: Control 'ADCR Mux' doesn't exist - skipping
01-01 08:00:11.827 262 262 W audio_route: Control 'ADCL Mux' doesn't exist - skipping
01-01 08:00:11.827 262 262 W audio_route: Control 'LADC input Mixer MIC1 boost Switch' doesn't exist - skipping
01-01 08:00:11.827 262 262 W audio_route: Control 'RADC input Mixer MIC1 boost Switch' doesn't exist - skipping
01-01 08:00:11.827 262 262 W audio_route: Control 'AIF1OUT0R Mux' doesn't exist - skipping
01-01 08:00:11.827 262 262 W audio_route: Control 'AIF1OUT0L Mux' doesn't exist - skipping
01-01 08:00:11.827 262 262 W audio_route: Control 'AIF1 AD0R Mixer ADCR Switch' doesn't exist - skipping
01-01 08:00:11.827 262 262 W audio_route: Control 'AIF1 AD0L Mixer ADCL Switch' doesn't exist - skipping
01-01 08:00:11.828 262 262 W audio_route: Control 'ADCR Mux' doesn't exist - skipping
01-01 08:00:11.828 262 262 W audio_route: Control 'ADCL Mux' doesn't exist - skipping
01-01 08:00:11.828 262 262 W audio_route: Control 'MIC2 SRC' doesn't exist - skipping
01-01 08:00:11.828 262 262 W audio_route: Control 'LADC input Mixer MIC2 boost Switch' doesn't exist - skipping
01-01 08:00:11.828 262 262 W audio_route: Control 'RADC input Mixer MIC2 boost Switch' doesn't exist - skipping
01-01 08:00:11.828 262 262 W audio_route: Control 'ADCL Mux' doesn't exist - skipping
01-01 08:00:11.828 262 262 W audio_route: Control 'ADCR Mux' doesn't exist - skipping
01-01 08:00:11.828 262 262 W audio_route: Control 'AIF1 AD0L Mixer ADCL Switch' doesn't exist - skipping
01-01 08:00:11.828 262 262 W audio_route: Control 'AIF1 AD0R Mixer ADCR Switch' doesn't exist - skipping
01-01 08:00:11.828 262 262 W audio_route: Control 'AIF1OUT0L Mux' doesn't exist - skipping
01-01 08:00:11.828 262 262 W audio_route: Control 'AIF1OUT0R Mux' doesn't exist - skipping
01-01 08:00:11.828 262 262 W audio_route: Control 'AIF2 ADC volume' doesn't exist - skipping
01-01 08:00:11.828 262 262 W audio_route: Control 'LEFT ADC input Mixer MIC1 boost Switch' doesn't exist - skipping
01-01 08:00:11.828 262 262 W audio_route: Control 'ADCL Mux' doesn't exist - skipping
01-01 08:00:11.828 262 262 W audio_route: Control 'AIF2 ADL Mixer ADCL Switch' doesn't exist - skipping
01-01 08:00:11.828 262 262 W audio_route: Control 'AIF2OUTL Mux' doesn't exist - skipping
01-01 08:00:11.828 262 262 W audio_route: Control 'AIF2INL Mux' doesn't exist - skipping
01-01 08:00:11.828 262 262 W audio_route: Control 'AIF2INL Mux switch aif2inl aif2Switch' doesn't exist - skipping
01-01 08:00:11.828 262 262 W audio_route: Control 'DACL Mixer AIF2DACL Switch' doesn't exist - skipping
01-01 08:00:11.828 262 262 W audio_route: Control 'Right Output Mixer DACL Switch' doesn't exist - skipping
01-01 08:00:11.828 262 262 W audio_route: Control 'Left Output Mixer DACL Switch' doesn't exist - skipping
01-01 08:00:11.828 262 262 W audio_route: Control 'SPK_L Mux' doesn't exist - skipping
01-01 08:00:11.828 262 262 W audio_route: Control 'SPK_R Mux' doesn't exist - skipping
01-01 08:00:11.828 262 262 W audio_route: Control 'External Speaker Switch' doesn't exist - skipping
01-01 08:00:11.828 262 262 W audio_route: Control 'AIF2 ADC volume' doesn't exist - skipping
01-01 08:00:11.828 262 262 W audio_route: Control 'MIC2 SRC' doesn't exist - skipping
01-01 08:00:11.828 262 262 W audio_route: Control 'LEFT ADC input Mixer MIC2 boost Switch' doesn't exist - skipping
01-01 08:00:11.828 262 262 W audio_route: Control 'ADCL Mux' doesn't exist - skipping
01-01 08:00:11.828 262 262 W audio_route: Control 'AIF2 ADL Mixer ADCL Switch' doesn't exist - skipping
01-01 08:00:11.828 262 262 W audio_route: Control 'AIF2OUTL Mux' doesn't exist - skipping
01-01 08:00:11.828 262 262 W audio_route: Control 'AIF2INL Mux' doesn't exist - skipping
01-01 08:00:11.828 262 262 W audio_route: Control 'AIF2INL Mux switch aif2inl aif2Switch' doesn't exist - skipping
01-01 08:00:11.828 262 262 W audio_route: Control 'DACL Mixer AIF2DACL Switch' doesn't exist - skipping
01-01 08:00:11.828 262 262 W audio_route: Control 'Left Output Mixer DACL Switch' doesn't exist - skipping
01-01 08:00:11.828 262 262 W audio_route: Control 'Right Output Mixer DACL Switch' doesn't exist - skipping
01-01 08:00:11.828 262 262 W audio_route: Control 'HP_L Mux' doesn't exist - skipping
01-01 08:00:11.828 262 262 W audio_route: Control 'HP_R Mux' doesn't exist - skipping
01-01 08:00:11.828 262 262 W audio_route: Control 'Headphone Switch' doesn't exist - skipping
01-01 08:00:11.828 262 262 W audio_route: Control 'AIF2 ADC volume' doesn't exist - skipping
01-01 08:00:11.828 262 262 W audio_route: Control 'LEFT ADC input Mixer MIC1 boost Switch' doesn't exist - skipping
01-01 08:00:11.828 262 262 W audio_route: Control 'ADCL Mux' doesn't exist - skipping
01-01 08:00:11.828 262 262 W audio_route: Control 'AIF2 ADL Mixer ADCL Switch' doesn't exist - skipping
01-01 08:00:11.828 262 262 W audio_route: Control 'AIF2OUTL Mux' doesn't exist - skipping
01-01 08:00:11.828 262 262 W audio_route: Control 'AIF2INL Mux' doesn't exist - skipping
01-01 08:00:11.828 262 262 W audio_route: Control 'AIF2INL Mux switch aif2inl aif2Switch' doesn't exist - skipping
01-01 08:00:11.828 262 262 W audio_route: Control 'DACL Mixer AIF2DACL Switch' doesn't exist - skipping
01-01 08:00:11.828 262 262 W audio_route: Control 'Left Output Mixer DACL Switch' doesn't exist - skipping
01-01 08:00:11.829 262 262 W audio_route: Control 'Right Output Mixer DACL Switch' doesn't exist - skipping
01-01 08:00:11.829 262 262 W audio_route: Control 'HP_L Mux' doesn't exist - skipping
01-01 08:00:11.829 262 262 W audio_route: Control 'HP_R Mux' doesn't exist - skipping
01-01 08:00:11.829 262 262 W audio_route: Control 'Headphone Switch' doesn't exist - skipping
01-01 08:00:11.829 262 262 W audio_route: Control 'AIF2INL Mux' doesn't exist - skipping
01-01 08:00:11.829 262 262 W audio_route: Control 'AIF2INL Mux switch aif2inl aif2Switch' doesn't exist - skipping
01-01 08:00:11.829 262 262 W audio_route: Control 'AIF2 ADR Mixer AIF2 DACL Switch' doesn't exist - skipping
01-01 08:00:11.829 262 262 W audio_route: Control 'AIF3OUT Mux' doesn't exist - skipping
01-01 08:00:11.829 262 262 W audio_route: Control 'AIF2INR Mux VIR switch aif2inr aif3Switch' doesn't exist - skipping
01-01 08:00:11.829 262 262 W audio_route: Control 'AIF2 ADL Mixer AIF2 DACR Switch' doesn't exist - skipping
01-01 08:00:11.829 262 262 W audio_route: Control 'AIF2OUTL Mux' doesn't exist - skipping
01-01 08:00:11.829 262 262 W audio_route: Control 'AIF2 ADC volume' doesn't exist - skipping
01-01 08:00:11.829 262 262 W audio_route: Control 'LEFT ADC input Mixer MIC1 boost Switch' doesn't exist - skipping
01-01 08:00:11.829 262 262 W audio_route: Control 'ADCL Mux' doesn't exist - skipping
01-01 08:00:11.829 262 262 W audio_route: Control 'AIF2 ADL Mixer ADCL Switch' doesn't exist - skipping
01-01 08:00:11.829 262 262 W audio_route: Control 'AIF2OUTL Mux' doesn't exist - skipping
01-01 08:00:11.829 262 262 W audio_route: Control 'AIF2INL Mux' doesn't exist - skipping
01-01 08:00:11.829 262 262 W audio_route: Control 'AIF2INL Mux switch aif2inl aif2Switch' doesn't exist - skipping
01-01 08:00:11.829 262 262 W audio_route: Control 'DACL Mixer AIF2DACL Switch' doesn't exist - skipping
01-01 08:00:11.829 262 262 W audio_route: Control 'EAR Mux' doesn't exist - skipping
01-01 08:00:11.829 262 262 W audio_route: Control 'Earpiece Switch' doesn't exist - skipping
01-01 08:00:11.829 262 262 W audio_route: Control 'AIF1 AD0L Mixer ADCL Switch' doesn't exist - skipping
01-01 08:00:11.829 262 262 W audio_route: Control 'AIF1 AD0L Mixer AIF2 DACL Switch' doesn't exist - skipping
01-01 08:00:11.829 262 262 W audio_route: Control 'AIF1OUT0L Mux' doesn't exist - skipping
01-01 08:00:11.829 262 262 W audio_route: Control 'AIF1 AD0L Mixer ADCL Switch' doesn't exist - skipping
01-01 08:00:11.829 262 262 W audio_route: Control 'AIF1 AD0L Mixer AIF2 DACL Switch' doesn't exist - skipping
01-01 08:00:11.829 262 262 W audio_route: Control 'AIF1OUT0L Mux' doesn't exist - skipping
01-01 08:00:11.829 262 262 W audio_route: Control 'AIF1 AD0L Mixer AIF2 DACL Switch' doesn't exist - skipping
01-01 08:00:11.829 262 262 W audio_route: Control 'AIF1 AD0L Mixer AIF2 DACR Switch' doesn't exist - skipping
01-01 08:00:11.829 262 262 W audio_route: Control 'AIF1OUT0L Mux' doesn't exist - skipping
01-01 08:00:11.829 262 262 W audio_route: Control 'Line Out Mixer MIC1 boost Switch' doesn't exist - skipping
01-01 08:00:11.829 262 262 W audio_route: Control 'MIC2 SRC' doesn't exist - skipping
01-01 08:00:11.829 262 262 W audio_route: Control 'Line Out Mixer MIC2 boost Switch' doesn't exist - skipping
01-01 08:00:11.829 262 262 W audio_route: Control 'Left Output Mixer LINEINL-LINEINR Switch' doesn't exist - skipping
01-01 08:00:11.829 262 262 W audio_route: Control 'Right Output Mixer LINEINL-LINEINR Switch' doesn't exist - skipping
01-01 08:00:11.829 262 262 W audio_route: Control 'EAR Mux' doesn't exist - skipping
01-01 08:00:11.829 262 262 W audio_route: Control 'External Speaker Switch' doesn't exist - skipping
01-01 08:00:11.829 262 262 W audio_route: Control 'Headphone Switch' doesn't exist - skipping
01-01 08:00:11.829 262 262 W audio_route: Control 'Headphone Switch' doesn't exist - skipping
01-01 08:00:11.829 262 262 W audio_route: Control 'Earpiece Switch' doesn't exist - skipping
01-01 08:00:11.829 262 262 W audio_route: Control 'LEFT ADC input Mixer LININL-R Switch' doesn't exist - skipping
01-01 08:00:11.829 262 262 W audio_route: Control 'ADCL Mux' doesn't exist - skipping
01-01 08:00:11.829 262 262 W audio_route: Control 'AIF2 ADL Mixer ADCL Switch' doesn't exist - skipping
01-01 08:00:11.829 262 262 W audio_route: Control 'AIF3OUT Mux' doesn't exist - skipping
01-01 08:00:11.830 262 262 W audio_route: Control 'AIF2INL Mux switch aif2inl aif2Switch' doesn't exist - skipping
01-01 08:00:11.830 262 262 W audio_route: Control 'AIF2INR Mux VIR switch aif2inr aif3Switch' doesn't exist - skipping
01-01 08:00:11.830 262 262 W audio_route: Control 'DACR Mixer AIF2DACR Switch' doesn't exist - skipping
01-01 08:00:11.830 262 262 W audio_route: Control 'Right Output Mixer DACR Switch' doesn't exist - skipping
01-01 08:00:11.830 262 262 W audio_route: Control 'Line Out Mixer Right Output mixer Switch' doesn't exist - skipping
01-01 08:00:11.830 262 262 W audio_route: Control 'AIF1OUT0L Mux' doesn't exist - skipping
01-01 08:00:11.830 262 262 W audio_route: Control 'AIF1 AD0L Mixer ADCL Switch' doesn't exist - skipping
01-01 08:00:11.830 262 262 W audio_route: Control 'ADCL Mux' doesn't exist - skipping
01-01 08:00:11.830 262 262 W audio_route: Control 'LEFT ADC input Mixer MIC1 boost Switch' doesn't exist - skipping
01-01 08:00:11.830 262 262 W audio_route: Control 'LEFT ADC input Mixer LININL-R Switch' doesn't exist - skipping
01-01 08:00:11.830 262 262 W audio_route: Control 'AIF1OUT0L Mux' doesn't exist - skipping
01-01 08:00:11.830 262 262 W audio_route: Control 'AIF1 AD0L Mixer ADCL Switch' doesn't exist - skipping
01-01 08:00:11.830 262 262 W audio_route: Control 'ADCL Mux' doesn't exist - skipping
01-01 08:00:11.830 262 262 W audio_route: Control 'LEFT ADC input Mixer MIC2 boost Switch' doesn't exist - skipping
01-01 08:00:11.830 262 262 W audio_route: Control 'LEFT ADC input Mixer LININL-R Switch' doesn't exist - skipping
01-01 08:00:11.830 262 262 W audio_route: Control 'AIF1OUT0L Mux' doesn't exist - skipping
01-01 08:00:11.830 262 262 W audio_route: Control 'AIF1 AD0L Mixer ADCL Switch' doesn't exist - skipping
01-01 08:00:11.830 262 262 W audio_route: Control 'AIF1 AD0L Mixer AIF2 DACR Switch' doesn't exist - skipping
01-01 08:00:11.830 262 262 W audio_route: Control 'AIF1IN0L Mux' doesn't exist - skipping
01-01 08:00:11.830 262 262 W audio_route: Control 'AIF2 ADL Mixer AIF1 DA0L Switch' doesn't exist - skipping
01-01 08:00:11.830 262 262 W audio_route: Control 'AIF2 ADL Mixer AIF1 DA0L Switch' doesn't exist - skipping
01-01 08:00:11.830 262 262 W audio_route: Control 'AIF3OUT Mux' doesn't exist - skipping
01-01 08:00:11.830 262 262 W audio_route: Control 'AIF2INR Mux switch aif2inr aif2Switch' doesn't exist - skipping
01-01 08:00:11.830 262 262 W audio_route: Control 'AIF2INR Mux VIR switch aif2inr aif3Switch' doesn't exist - skipping
01-01 08:00:11.830 262 262 W audio_route: Control 'AIF1 AD0L Mixer AIF2 DACR Switch' doesn't exist - skipping
01-01 08:00:11.830 262 262 W audio_route: Control 'AIF1OUT0L Mux' doesn't exist - skipping
01-01 08:00:11.830 262 262 W audio_route: Control 'AC DACR mixer I2S_DACDATR Switch' doesn't exist - skipping
01-01 08:00:11.830 262 262 W audio_route: Control 'AC DACL mixer I2S_DACDATL Switch' doesn't exist - skipping
01-01 08:00:11.830 262 262 W audio_route: Control 'Right Output Mixer DACR Switch' doesn't exist - skipping
01-01 08:00:11.830 262 262 W audio_route: Control 'Left Output Mixer DACL Switch' doesn't exist - skipping
01-01 08:00:11.830 262 262 W audio_route: Control 'External Speaker Switch' doesn't exist - skipping
01-01 08:00:11.830 262 262 D audio_route: Apply path: media-speaker-headphones
01-01 08:00:11.830 262 262 D audio_route: Apply path: media-headset-mic
01-01 08:00:11.831 262 291 V audio_hw_primary: adev_get_master_volume, line: 3587
01-01 08:00:11.832 262 291 V audio_hw_primary: adev_set_master_volume, line: 3579
01-01 08:00:11.832 282 282 I AudioFlinger: loadHwModule() Loaded primary audio interface, handle 10
01-01 08:00:11.832 282 282 I AudioFlinger: openOutput() this 0xf5eea000, module 10 Device type:0x2,@:, SamplingRate 48000, Format 0x000001, Channels 0x3, flags 0x2
01-01 08:00:11.833 262 291 D audio_hw_primary: adev_open_output_stream
01-01 08:00:11.833 262 291 V audio_hw_primary: adev_open_output_stream, flags: 2
01-01 08:00:11.833 262 291 V audio_hw_primary: +++++++++++++++ adev_open_output_stream: req_sample_rate: 44100, fmt: 1, channel_count: 3
01-01 08:00:11.834 282 282 I AudioFlinger: HAL output buffer size 960 frames, normal sink buffer size 960 frames
01-01 08:00:11.901 282 282 I BufferProvider: found effect "Multichannel Downmix To Stereo" from The Android Open Source Project
01-01 08:00:11.903 282 282 D AudioFlinger: Failed to add event callback
01-01 08:00:11.907 282 451 I AudioFlinger: AudioFlinger's thread 0xf5b32c40 tid=451 ready to run
01-01 08:00:11.908 282 451 W AudioFlinger: no wake lock to update, system not ready yet
01-01 08:00:11.908 282 451 D AudioFlinger: ro.audio.silent is ignored since no output device is set
01-01 08:00:11.908 262 262 D audio_hw_primary: out_standby
01-01 08:00:11.910 282 451 W AudioFlinger: no wake lock to update, system not ready yet
01-01 08:00:11.910 282 451 D AudioFlinger: ro.audio.silent is ignored since no output device is set
01-01 08:00:11.910 282 282 V APM_AudioPolicyManager: checkAndSetVolume cannot set volume group 3 volume when isn ot requested for comm
01-01 08:00:11.931 282 282 W AudioFlinger: moveEffects() bad srcOutput 0
01-01 08:00:11.932 282 282 V APM_AudioPolicyManager: selectOutputForMusicEffects selected output 13
01-01 08:00:11.933 282 282 V APM_AudioPolicyManager: setOutputDevices device {type:0x2,@:} delayMs 0
01-01 08:00:11.933 282 282 V APM_AudioPolicyManager: setOutputDevices() prevDevice {type:0x2,@:}
01-01 08:00:11.935 282 282 V APM_AudioPolicyManager: setOutputDevices changing device to {type:0x2,@:}
01-01 08:00:11.958 262 262 V audio_hw_primary: adev_create_audio_patch num_sources: 1, num_sinks: 1
01-01 08:00:11.958 262 262 V audio_hw_primary: playback device: 2
01-01 08:00:11.961 282 282 V APM_AudioPolicyManager: setOutputDevices() AF::createAudioPatch returned 0 patchHandle 12 num_sources 1 num_sinks 1
01-01 08:00:11.967 282 282 V APM_AudioPolicyManager: checkAndSetVolume cannot set volume group 3 volume when isn ot requested for comm
01-01 08:00:11.971 282 282 I AudioFlinger: openOutput() this 0xf5eea000, module 10 Device type:0x2,@:, SamplingRate 32000, Format 0x000003, Channels 0x3, flags 0x1
01-01 08:00:11.972 262 262 D audio_hw_primary: adev_open_output_stream
01-01 08:00:11.972 262 262 V audio_hw_primary: adev_open_output_stream, flags: 1
01-01 08:00:11.972 262 262 D audio_hw_primary: config format 0x3 raw_flag 1
01-01 08:00:11.972 262 262 V audio_hw_primary: +++++++++++++++ adev_open_output_stream: req_sample_rate: 32000, fmt: 3, channel_count: 3
01-01 08:00:11.974 282 282 I AudioFlinger: HAL output buffer size 2048 frames, normal sink buffer size 2048 frames
01-01 08:00:11.974 282 282 D AudioFlinger: Failed to add event callback
01-01 08:00:11.976 282 454 I AudioFlinger: AudioFlinger's thread 0xf5d68440 tid=454 ready to run
01-01 08:00:11.976 282 454 W AudioFlinger: no wake lock to update, system not ready yet
01-01 08:00:11.976 282 454 D AudioFlinger: ro.audio.silent is ignored since no output device is set
01-01 08:00:11.977 262 262 V audio_hw_primary: out_set_parameters: closing=true
01-01 08:00:11.977 262 262 D audio_hw_primary: out_standby
01-01 08:00:11.986 262 262 V audio_hw_primary: out_set_parameters: exiting=1
01-01 08:00:11.987 282 282 E AudioFlinger: Error when setting parameters on exit: -61
01-01 08:00:11.993 282 454 W AudioFlinger: no wake lock to update, system not ready yet
01-01 08:00:11.993 282 454 D AudioFlinger: ro.audio.silent is ignored since no output device is set
01-01 08:00:11.993 262 262 D audio_hw_primary: out_standby
01-01 08:00:11.994 282 282 W APM_AudioPolicyManager: Input profile contains no device on module primary
01-01 08:00:11.994 282 282 W APM_AudioPolicyManager: Input profile contains no device on module primary
01-01 08:00:12.005 262 291 D xm_audio: -->adev_open, name=audio_hw_if, socketthread_running=false, pth_listen=0
01-01 08:00:12.007 282 282 I AudioFlinger: loadHwModule() Loaded xm_hidraw audio interface, handle 18
01-01 08:00:12.009 262 262 D xm_audio: -->adev_open_input_stream
01-01 08:00:12.010 262 262 D xm_audio: -->adev_open_input_stream, config->sample_rate=16000
01-01 08:00:12.010 262 262 D xm_audio: -->adev_open_input_stream exit
01-01 08:00:12.011 262 262 I xm_audio: in_get_sample_rate
01-01 08:00:12.011 262 457 D xm_audio: socket_thread start
01-01 08:00:12.011 262 457 D xm_audio: create socket g_is_running4
01-01 08:00:12.012 262 457 D xm_audio: create socket g_is_running5
01-01 08:00:12.012 262 457 E xm_audio: so socket connect suc
01-01 08:00:12.012 322 330 D XM_HIDREAD: Client connected.
01-01 08:00:12.012 322 330 D XM_HIDREAD: accept before.
01-01 08:00:12.012 262 458 D xm_audio: data_thread start
01-01 08:00:12.012 322 459 D XM_HIDREAD: handle_client start.
01-01 08:00:12.012 262 262 I xm_audio: in_get_channels
01-01 08:00:12.019 262 262 I xm_audio: in_get_sample_rate
01-01 08:00:12.019 262 262 I xm_audio: in_get_channels
01-01 08:00:12.019 262 262 I xm_audio: in_get_channels
01-01 08:00:12.020 262 262 I xm_audio: in_get_buffer_size
01-01 08:00:12.020 262 262 I xm_audio: in_get_buffer_size: fsize=512.000000, size=512
01-01 08:00:12.021 262 262 I xm_audio: in_get_buffer_size
01-01 08:00:12.021 262 262 I xm_audio: in_get_buffer_size: fsize=512.000000, size=512
01-01 08:00:12.021 262 262 I xm_audio: in_get_sample_rate
01-01 08:00:12.021 262 262 I xm_audio: in_get_channels
01-01 08:00:12.023 282 461 I AudioFlinger: AudioFlinger's thread 0xf5add180 tid=461 ready to run
01-01 08:00:12.025 282 461 W AudioFlinger: no wake lock to update, system not ready yet
01-01 08:00:12.026 282 461 W AudioFlinger: no wake lock to update, system not ready yet
01-01 08:00:12.027 262 262 D xm_audio: -->adev_close_input_stream
01-01 08:00:12.027 262 262 D xm_audio: -->adev_close_input_stream ready free stream.
01-01 08:00:12.027 262 262 D xm_audio: -->adev_close_input_stream free stream finish.
01-01 08:00:12.068 257 257 D Zygote : VMRuntime.setVerifierEnabled(false)
01-01 08:00:12.078 282 282 I bt_a2dp_hw: system/bt/audio_a2dp_hw/src/audio_a2dp_hw.cc:1893 adev_open: adev_open: adev_open in A2dp_hw module
01-01 08:00:12.079 282 282 I AudioFlinger: loadHwModule() Loaded a2dp audio interface, handle 26
01-01 08:00:12.079 282 282 V APM_AudioPolicyManager: onNewAudioModulesAvailableInt: Input device list is empty! for profile a2dp input
01-01 08:00:12.085 262 262 I r_submix: adev_open(name=audio_hw_if)
01-01 08:00:12.087 262 262 I r_submix: adev_init_check()
01-01 08:00:12.087 282 282 I AudioFlinger: loadHwModule() Loaded r_submix audio interface, handle 34
01-01 08:00:12.088 262 262 D r_submix: adev_open_input_stream(addr=0)
01-01 08:00:12.088 262 262 D r_submix: submix_audio_device_create_pipe_l(addr=0, idx=9)
01-01 08:00:12.088 262 262 D r_submix: now using address 0 for route 9
01-01 08:00:12.095 282 464 I AudioFlinger: AudioFlinger's thread 0xf5add000 tid=464 ready to run
01-01 08:00:12.096 262 262 D r_submix: adev_close_input_stream()
01-01 08:00:12.097 262 262 D r_submix: submix_audio_device_release_pipe_l(idx=9) addr=0
01-01 08:00:12.097 262 262 D r_submix: submix_audio_device_destroy_pipe_l(): pipe destroyed
01-01 08:00:12.099 282 282 I audioserver: Waiting for activity service
01-01 08:00:12.249 257 426 I zygote : Verified 2763 classes from mainline modules in 312.665ms
01-01 08:00:12.303 365 365 W awplayer: : Set log level to 3
01-01 08:00:12.356 365 365 I cedarc : : register avs decoder success!
01-01 08:00:12.357 365 365 I cedarc : : register h264 decoder success!
01-01 08:00:12.358 365 365 I cedarc : : register h265 decoder success!
01-01 08:00:12.358 365 365 I cedarc : : register mjpeg decoder success!
01-01 08:00:12.358 365 365 I cedarc : : register mjpegplus decoder success!
01-01 08:00:12.359 365 365 I cedarc : : register mpeg2 decoder success!
01-01 08:00:12.359 365 365 W awplayer: : Invalid plugin,function CedarPluginVDInit not found.
01-01 08:00:12.359 365 365 I cedarc : : register mpeg4dx decoder success!
01-01 08:00:12.359 365 365 I cedarc : : register mpeg4H263 decoder success!
01-01 08:00:12.360 365 365 I cedarc : : register mpeg4Normal decoder success!
01-01 08:00:12.360 365 365 I cedarc : : register Mpeg4Vp6 decoder success!
01-01 08:00:12.360 365 365 I cedarc : : register vp6Soft decoder success!
01-01 08:00:12.360 365 365 I cedarc : : register vp8 decoder success!
01-01 08:00:12.361 365 365 E cedarc : : register Wmv12Soft decoder failure!!!
01-01 08:00:12.361 365 365 I cedarc : : register vc1 decoder success!
01-01 08:00:12.361 365 365 D cedarc : : register Vp9Hw decoder success!
01-01 08:00:12.361 365 365 I cedarc : : register avs2 decoder success!
01-01 08:00:12.366 365 365 D awplayer: : aw stream init...
01-01 08:00:12.366 365 365 D awplayer: : Register stream rtp version v1.1
01-01 08:00:12.377 365 365 I mediaserver: ServiceManager: 0xf5e6d960
01-01 08:00:12.378 365 365 W BatteryNotifier: batterystats service unavailable!
01-01 08:00:12.378 365 365 W BatteryNotifier: batterystats service unavailable!
01-01 08:00:12.494 477 477 E cutils-trace: Error opening trace file: No such file or directory (2)
01-01 08:00:12.547 393 405 I adbd : adbd mDNS service _adb._tcp registered: 1
01-01 08:00:12.548 480 480 E cutils-trace: Error opening trace file: No such file or directory (2)
01-01 08:00:12.549 393 411 I adbd : adbd mDNS service _adb-tls-connect._tcp registered: 1
01-01 08:00:12.574 257 257 D Zygote : VMRuntime.setVerifierEnabled(true)
01-01 08:00:12.607 257 257 I zygote : Explicit concurrent copying GC freed 6063(605KB) AllocSpace objects, 0(0B) LOS objects, 68% free, 721KB/2257KB, paused 133us total 31.817ms
01-01 08:00:12.632 257 257 I zygote : Explicit concurrent copying GC freed 229(40KB) AllocSpace objects, 0(0B) LOS objects, 68% free, 712KB/2248KB, paused 59us total 24.680ms
01-01 08:00:12.710 257 257 D Zygote : Forked child process 487
01-01 08:00:12.711 257 257 I Zygote : System server process 487 has been created
01-01 08:00:12.712 257 257 I Zygote : Accepting command socket connections
01-01 08:00:13.033 487 487 I Zygote : seccomp disabled by setenforce 0
01-01 08:00:13.048 337 337 I rainbow_flow: type=1400 audit(0.0:305): avc: denied { ioctl } for path="/dev/spidev1.0" dev="tmpfs" ino=6881 ioctlcmd=0x6b00 scontext=u:r:init:s0 tcontext=u:object_r:device:s0 tclass=chr_file permissive=1
01-01 08:00:13.053 487 487 W system_server: Failed to upload odrefresh metrics: metrics file '/data/misc/odrefresh/odrefresh-metrics.txt' could not be opened: No such file or directory
01-01 08:00:13.060 393 408 I adbd : jdwp connection from 487
01-01 08:00:13.064 487 508 D Zygote : begin preload_base
01-01 08:00:13.064 487 508 I Zygote : Calling ZygoteHooks.beginPreload()
01-01 08:00:13.244 277 277 I EventThread: type=1400 audit(0.0:306): avc: denied { search } for name="extcon" dev="sysfs" ino=18109 scontext=u:r:hal_tv_cec_default:s0 tcontext=u:object_r:sysfs_extcon:s0 tclass=dir permissive=1
01-01 08:00:13.266 487 508 D ApplicationLoaders: Created zygote-cached class loader: /system/framework/android.hidl.base-V1.0-java.jar
01-01 08:00:13.273 487 508 D ApplicationLoaders: Created zygote-cached class loader: /system/framework/android.hidl.manager-V1.0-java.jar
01-01 08:00:13.281 487 508 D ApplicationLoaders: Created zygote-cached class loader: /system/framework/android.test.base.jar
01-01 08:00:13.281 487 508 I Zygote : Preloading resources...
01-01 08:00:13.306 487 508 W Resources: Preloaded drawable resource #0x1080286 (android:drawable/dialog_background_material) that varies with configuration!!
01-01 08:00:13.339 487 508 I Zygote : ...preloaded 64 resources in 57ms.
01-01 08:00:13.346 487 508 I Zygote : ...preloaded 41 resources in 7ms.
01-01 08:00:13.347 487 508 D Zygote : Zygote:ThreadPreadloadBase took 285ms.
01-01 08:00:13.349 487 518 D Zygote : Zygote:ThreadPreadloadClass start
01-01 08:00:13.352 487 519 I Zygote : Preloading classes...
01-01 08:00:13.357 487 487 I SystemServerTiming: InitBeforeStartServices
01-01 08:00:13.363 487 487 I SystemServer: Entered the Android system server!
01-01 08:00:13.404 487 520 D libEGL : loaded /vendor/lib/egl/libGLES_mali.so
01-01 08:00:13.458 487 519 I Typeface: Preloading /system/fonts/Roboto-Regular.ttf
01-01 08:00:13.459 487 519 I Typeface: Preloading /system/fonts/RobotoStatic-Regular.ttf
01-01 08:00:13.476 288 288 D RenderEngine: shader cache generated - 48 shaders in 1679.526123 ms
01-01 08:00:13.479 288 288 I HidlServiceManagement: Registered android.frameworks.displayservice@1.0::IDisplayService/default
01-01 08:00:13.479 288 288 D SurfaceFlinger: Setting power mode 2 on display 0
01-01 08:00:13.480 271 271 D sunxihwc: setPowerMode: device(hdmi0) power mode: On
01-01 08:00:13.480 271 271 I sunxihwc: setRuntimeState: disp2 blank control [unblank], driver usage [1]
01-01 08:00:13.480 288 288 D SurfaceFlinger: Finished setting power mode 2 on display 0
01-01 08:00:13.589 487 519 I Typeface: Preloading /system/fonts/NotoSansCJK-Regular.ttc
01-01 08:00:13.590 487 519 I Typeface: Preloading /system/fonts/NotoSerifCJK-Regular.ttc
01-01 08:00:13.634 487 519 E ActivityRecognitionHardware: activity_recognition HAL is deprecated. class_init is effectively a no-op
01-01 08:00:13.673 383 383 I update_engine: [INFO:cleanup_previous_update_action.cc(112)] Executing task 1
01-01 08:00:13.676 383 383 I update_engine: [INFO:cleanup_previous_update_action.cc(124)] CleanupPreviousUpdateAction scheduled task ID 3 for WaitBootCompleted
01-01 08:00:13.711 487 487 E UsbAlsaJackDetectorJNI: Can't register UsbAlsaJackDetector native methods
01-01 08:00:13.744 487 487 I SystemServerInitThreadPool: Creating instance with 4 threads
01-01 08:00:13.746 487 487 I SystemServerTiming: StartServices
01-01 08:00:13.746 487 487 D SystemServer: VMRuntime.setVerifierEnabled(false)
01-01 08:00:13.747 487 487 I SystemServerTiming: startBootstrapServices
01-01 08:00:13.747 487 487 I SystemServerTiming: StartWatchdog
01-01 08:00:13.747 487 527 I SystemServerTimingAsync: InitThreadPoolExec:loadPreinstalledSystemFontMap
01-01 08:00:13.747 487 527 D SystemServerInitThreadPool: Started executing loadPreinstalledSystemFontMap
01-01 08:00:13.747 487 527 I SystemServerTimingAsync: loadPreinstalledSystemFontMap
01-01 08:00:13.751 525 525 D BootAnimation: BootAnimationPreloadTiming start time: 11673ms
01-01 08:00:13.764 525 525 E BootAnimation: no audio.wav could be found!
01-01 08:00:13.765 525 525 D BootAnimation: BootAnimationPreloadStopTiming start time: 11686ms
01-01 08:00:13.766 288 352 E HWComposer: getSupportedContentTypes: getSupportedContentTypes failed for display 0: Unsupported (8)
01-01 08:00:13.767 487 487 I SystemServer: Reading configuration...
01-01 08:00:13.767 487 487 I SystemServerTiming: ReadingSystemConfig
01-01 08:00:13.769 525 536 E cutils-trace: Error opening trace file: No such file or directory (2)
01-01 08:00:13.769 487 487 I SystemServerTiming: PlatformCompat
01-01 08:00:13.773 487 487 D CompatConfig: Found a config file: /system/etc/compatconfig/icu4j-platform-compat-config.xml
01-01 08:00:13.777 487 538 I SystemServerTimingAsync: InitThreadPoolExec:ReadingSystemConfig
01-01 08:00:13.777 487 538 D SystemServerInitThreadPool: Started executing ReadingSystemConfig
01-01 08:00:13.780 487 538 I SystemConfig: Reading permissions from /system/etc/sysconfig/preinstalled-packages-platform-full-base.xml
01-01 08:00:13.780 487 519 D MtpDeviceJNI: register_android_mtp_MtpDevice
01-01 08:00:13.783 487 538 I incfs : Initial API level of the device: 31
01-01 08:00:13.783 487 538 I incfs : ro.incremental.enable: module:/vendor/lib/modules/incrementalfs.ko
01-01 08:00:13.784 487 538 I incfs : isFsAvailable: false
01-01 08:00:13.784 487 538 I incfs : isFsAvailable: false
01-01 08:00:13.784 487 538 E incfs : could not open IncFs kernel module "/vendor/lib/modules/incrementalfs.ko": No such file or directory
01-01 08:00:13.784 487 538 E incfs : IncFs_Features: failed to open features dir, assuming v1/none.: No such file or directory
01-01 08:00:13.784 487 538 I SystemConfig: Reading permissions from /system/etc/sysconfig/preinstalled-packages-platform.xml
01-01 08:00:13.786 487 538 I SystemConfig: Reading permissions from /system/etc/sysconfig/framework-sysconfig.xml
01-01 08:00:13.788 487 538 I SystemConfig: Reading permissions from /system/etc/sysconfig/hiddenapi-package-whitelist.xml
01-01 08:00:13.791 525 536 D libEGL : loaded /vendor/lib/egl/libGLES_mali.so
01-01 08:00:13.794 487 487 D CompatConfig: Adding: com.android.server.compat.config.Change@af5af12
01-01 08:00:13.795 487 538 I SystemConfig: Reading permissions from /system/etc/sysconfig/preinstalled-packages-com.android.providers.media.module.xml
01-01 08:00:13.796 487 487 D CompatConfig: Found a config file: /system/etc/compatconfig/framework-platform-compat-config.xml
01-01 08:00:13.802 487 487 D CompatConfig: Adding: com.android.server.compat.config.Change@b55b8e0
01-01 08:00:13.803 487 487 D CompatConfig: Adding: com.android.server.compat.config.Change@8fbaa5e
01-01 08:00:13.804 487 538 I SystemConfig: Reading permissions from /system/etc/permissions/com.android.documentsui.xml
01-01 08:00:13.804 487 487 D CompatConfig: Adding: com.android.server.compat.config.Change@3c45e3f
01-01 08:00:13.804 487 487 D CompatConfig: Adding: com.android.server.compat.config.Change@30d830c
01-01 08:00:13.805 487 487 D CompatConfig: Adding: com.android.server.compat.config.Change@1f6a455
01-01 08:00:13.805 487 487 D CompatConfig: Adding: com.android.server.compat.config.Change@ad40e6a
01-01 08:00:13.806 487 487 D CompatConfig: Adding: com.android.server.compat.config.Change@8aa9f5b
01-01 08:00:13.808 487 487 D CompatConfig: Adding: com.android.server.compat.config.Change@895c3f8
01-01 08:00:13.808 487 487 D CompatConfig: Adding: com.android.server.compat.config.Change@34a30d1
01-01 08:00:13.809 487 487 D CompatConfig: Adding: com.android.server.compat.config.Change@41ca736
01-01 08:00:13.810 487 487 D CompatConfig: Adding: com.android.server.compat.config.Change@4e9d637
01-01 08:00:13.810 487 487 D CompatConfig: Adding: com.android.server.compat.config.Change@c5f27a4
01-01 08:00:13.811 487 487 D CompatConfig: Adding: com.android.server.compat.config.Change@f70090d
01-01 08:00:13.811 487 487 D CompatConfig: Adding: com.android.server.compat.config.Change@28400c2
01-01 08:00:13.812 487 487 D CompatConfig: Adding: com.android.server.compat.config.Change@27b9ed3
01-01 08:00:13.812 487 487 D CompatConfig: Adding: com.android.server.compat.config.Change@3391a10
01-01 08:00:13.813 487 487 D CompatConfig: Adding: com.android.server.compat.config.Change@da12909
01-01 08:00:13.813 487 487 D CompatConfig: Adding: com.android.server.compat.config.Change@e15670e
01-01 08:00:13.813 487 487 D CompatConfig: Adding: com.android.server.compat.config.Change@757552f
01-01 08:00:13.814 487 487 D CompatConfig: Adding: com.android.server.compat.config.Change@d7dc73c
01-01 08:00:13.814 487 487 D CompatConfig: Adding: com.android.server.compat.config.Change@5aa4cc5
01-01 08:00:13.815 487 487 D CompatConfig: Adding: com.android.server.compat.config.Change@244e61a
01-01 08:00:13.815 487 487 D CompatConfig: Adding: com.android.server.compat.config.Change@78e154b
01-01 08:00:13.816 487 487 D CompatConfig: Adding: com.android.server.compat.config.Change@4fe1b28
01-01 08:00:13.817 487 487 D CompatConfig: Adding: com.android.server.compat.config.Change@567f041
01-01 08:00:13.817 487 487 D CompatConfig: Adding: com.android.server.compat.config.Change@bbb49e6
01-01 08:00:13.818 487 487 D CompatConfig: Adding: com.android.server.compat.config.Change@d26bb27
01-01 08:00:13.818 487 487 D CompatConfig: Adding: com.android.server.compat.config.Change@dadc1d4
01-01 08:00:13.819 487 487 D CompatConfig: Adding: com.android.server.compat.config.Change@2024f7d
01-01 08:00:13.820 487 487 D CompatConfig: Adding: com.android.server.compat.config.Change@6e21e72
01-01 08:00:13.821 487 487 D CompatConfig: Adding: com.android.server.compat.config.Change@1b9e2c3
01-01 08:00:13.821 487 487 D CompatConfig: Adding: com.android.server.compat.config.Change@50f2740
01-01 08:00:13.822 487 487 D CompatConfig: Adding: com.android.server.compat.config.Change@e96679
01-01 08:00:13.822 487 487 D CompatConfig: Adding: com.android.server.compat.config.Change@b2fafbe
01-01 08:00:13.823 487 487 D CompatConfig: Adding: com.android.server.compat.config.Change@5cde81f
01-01 08:00:13.823 487 487 D CompatConfig: Adding: com.android.server.compat.config.Change@c5f776c
01-01 08:00:13.823 487 487 D CompatConfig: Adding: com.android.server.compat.config.Change@490f135
01-01 08:00:13.824 487 487 D CompatConfig: Adding: com.android.server.compat.config.Change@f3309ca
01-01 08:00:13.824 487 487 D CompatConfig: Adding: com.android.server.compat.config.Change@1f2e73b
01-01 08:00:13.825 487 487 D CompatConfig: Adding: com.android.server.compat.config.Change@9829e58
01-01 08:00:13.825 487 487 D CompatConfig: Adding: com.android.server.compat.config.Change@8ec6bb1
01-01 08:00:13.826 487 487 D CompatConfig: Adding: com.android.server.compat.config.Change@15ff896
01-01 08:00:13.826 487 487 D CompatConfig: Adding: com.android.server.compat.config.Change@d9ebc17
01-01 08:00:13.827 487 487 D CompatConfig: Adding: com.android.server.compat.config.Change@aaf4804
01-01 08:00:13.828 487 487 D CompatConfig: Adding: com.android.server.compat.config.Change@bab11ed
01-01 08:00:13.828 487 487 D CompatConfig: Adding: com.android.server.compat.config.Change@19b0822
01-01 08:00:13.829 487 487 D CompatConfig: Adding: com.android.server.compat.config.Change@7c902b3
01-01 08:00:13.830 487 487 D CompatConfig: Adding: com.android.server.compat.config.Change@8dae070
01-01 08:00:13.831 487 487 D CompatConfig: Adding: com.android.server.compat.config.Change@c33dfe9
01-01 08:00:13.831 487 487 D CompatConfig: Adding: com.android.server.compat.config.Change@785846e
01-01 08:00:13.832 487 487 D CompatConfig: Adding: com.android.server.compat.config.Change@d47170f
01-01 08:00:13.833 487 487 D CompatConfig: Adding: com.android.server.compat.config.Change@4e5939c
01-01 08:00:13.833 487 487 D CompatConfig: Adding: com.android.server.compat.config.Change@f6191a5
01-01 08:00:13.834 487 487 D CompatConfig: Adding: com.android.server.compat.config.Change@189797a
01-01 08:00:13.834 487 487 D CompatConfig: Adding: com.android.server.compat.config.Change@8e8152b
01-01 08:00:13.835 487 487 D CompatConfig: Adding: com.android.server.compat.config.Change@b864d88
01-01 08:00:13.835 487 487 D CompatConfig: Adding: com.android.server.compat.config.Change@2fea321
01-01 08:00:13.836 487 487 D CompatConfig: Adding: com.android.server.compat.config.Change@8a5b346
01-01 08:00:13.836 487 487 D CompatConfig: Found a config file: /system/etc/compatconfig/documents-ui-compat-config.xml
01-01 08:00:13.837 487 487 D CompatConfig: Adding: com.android.server.compat.config.Change@bf6ba34
01-01 08:00:13.838 487 487 D CompatConfig: Found a config file: /system/etc/compatconfig/calendar-provider-compat-config.xml
01-01 08:00:13.839 487 487 D CompatConfig: Adding: com.android.server.compat.config.Change@4f9bdd2
01-01 08:00:13.840 487 487 D CompatConfig: Found a config file: /system/etc/compatconfig/services-platform-compat-config.xml
01-01 08:00:13.844 487 487 D CompatConfig: Adding: com.android.server.compat.config.Change@d5f45a0
01-01 08:00:13.845 487 487 D CompatConfig: Adding: com.android.server.compat.config.Change@f11e51e
01-01 08:00:13.846 487 487 D CompatConfig: Adding: com.android.server.compat.config.Change@1a1e1ff
01-01 08:00:13.847 487 487 D CompatConfig: Adding: com.android.server.compat.config.Change@f031bcc
01-01 08:00:13.847 487 487 D CompatConfig: Adding: com.android.server.compat.config.Change@2932e15
01-01 08:00:13.847 487 487 D CompatConfig: Adding: com.android.server.compat.config.Change@9f3352a
01-01 08:00:13.848 487 487 D CompatConfig: Adding: com.android.server.compat.config.Change@f3c9f1b
01-01 08:00:13.849 487 487 D CompatConfig: Adding: com.android.server.compat.config.Change@f2c28b8
01-01 08:00:13.849 487 487 D CompatConfig: Adding: com.android.server.compat.config.Change@859691
01-01 08:00:13.850 487 487 D CompatConfig: Adding: com.android.server.compat.config.Change@1e779f6
01-01 08:00:13.851 487 487 D CompatConfig: Adding: com.android.server.compat.config.Change@fc11f7
01-01 08:00:13.851 487 487 D CompatConfig: Adding: com.android.server.compat.config.Change@4d71864
01-01 08:00:13.852 487 487 D CompatConfig: Adding: com.android.server.compat.config.Change@a5c0acd
01-01 08:00:13.852 487 487 D CompatConfig: Adding: com.android.server.compat.config.Change@c093f82
01-01 08:00:13.853 487 487 D CompatConfig: Adding: com.android.server.compat.config.Change@1d5d693
01-01 08:00:13.854 487 487 D CompatConfig: Adding: com.android.server.compat.config.Change@81f56d0
01-01 08:00:13.854 487 487 D CompatConfig: Adding: com.android.server.compat.config.Change@6ab86c9
01-01 08:00:13.855 487 487 D CompatConfig: Adding: com.android.server.compat.config.Change@28fd1ce
01-01 08:00:13.855 487 487 D CompatConfig: Adding: com.android.server.compat.config.Change@c7d48ef
01-01 08:00:13.855 487 487 D CompatConfig: Adding: com.android.server.compat.config.Change@56b0ffc
01-01 08:00:13.856 487 487 D CompatConfig: Adding: com.android.server.compat.config.Change@65cc685
01-01 08:00:13.857 487 487 D CompatConfig: Adding: com.android.server.compat.config.Change@9db3cda
01-01 08:00:13.858 487 487 D CompatConfig: Adding: com.android.server.compat.config.Change@97f850b
01-01 08:00:13.858 487 487 D CompatConfig: Adding: com.android.server.compat.config.Change@6284601
01-01 08:00:13.859 487 487 D CompatConfig: Adding: com.android.server.compat.config.Change@a404ca6
01-01 08:00:13.859 487 487 D CompatConfig: Adding: com.android.server.compat.config.Change@31f66e7
01-01 08:00:13.860 487 487 D CompatConfig: Adding: com.android.server.compat.config.Change@3636294
01-01 08:00:13.861 487 487 D CompatConfig: Adding: com.android.server.compat.config.Change@bd2413d
01-01 08:00:13.862 487 487 D CompatConfig: Adding: com.android.server.compat.config.Change@a948d32
01-01 08:00:13.862 487 487 D CompatConfig: Adding: com.android.server.compat.config.Change@af18a83
01-01 08:00:13.863 487 487 D CompatConfig: Adding: com.android.server.compat.config.Change@55e1400
01-01 08:00:13.863 487 487 D CompatConfig: Adding: com.android.server.compat.config.Change@b26b439
01-01 08:00:13.863 487 487 D CompatConfig: Adding: com.android.server.compat.config.Change@77a4a7e
01-01 08:00:13.864 487 487 D CompatConfig: Adding: com.android.server.compat.config.Change@d384bdf
01-01 08:00:13.865 487 487 D CompatConfig: Adding: com.android.server.compat.config.Change@590702c
01-01 08:00:13.865 487 487 D CompatConfig: Adding: com.android.server.compat.config.Change@eb55af5
01-01 08:00:13.866 487 487 D CompatConfig: Adding: com.android.server.compat.config.Change@36c908a
01-01 08:00:13.866 487 487 D CompatConfig: Adding: com.android.server.compat.config.Change@dffc6fb
01-01 08:00:13.867 487 487 D CompatConfig: Adding: com.android.server.compat.config.Change@5aa6318
01-01 08:00:13.868 487 487 D CompatConfig: Adding: com.android.server.compat.config.Change@4db171
01-01 08:00:13.868 487 487 D CompatConfig: Adding: com.android.server.compat.config.Change@b8b2b56
01-01 08:00:13.869 487 487 D CompatConfig: Adding: com.android.server.compat.config.Change@bf9d7d7
01-01 08:00:13.869 487 487 D CompatConfig: Adding: com.android.server.compat.config.Change@6e98c4
01-01 08:00:13.869 487 487 D CompatConfig: Adding: com.android.server.compat.config.Change@d3af3ad
01-01 08:00:13.871 487 487 D CompatConfig: Adding: com.android.server.compat.config.Change@d26a6e2
01-01 08:00:13.872 487 487 D CompatConfig: Adding: com.android.server.compat.config.Change@51a1a73
01-01 08:00:13.872 487 487 D CompatConfig: Adding: com.android.server.compat.config.Change@81e7d30
01-01 08:00:13.873 487 487 D CompatConfig: Adding: com.android.server.compat.config.Change@2401da9
01-01 08:00:13.874 487 487 D CompatConfig: Adding: com.android.server.compat.config.Change@80c4f2e
01-01 08:00:13.874 487 487 D CompatConfig: Adding: com.android.server.compat.config.Change@8f1eacf
01-01 08:00:13.875 487 487 D CompatConfig: Adding: com.android.server.compat.config.Change@fa63c5c
01-01 08:00:13.875 487 487 D CompatConfig: Adding: com.android.server.compat.config.Change@b53eb65
01-01 08:00:13.876 487 487 D CompatConfig: No directory /system/system_ext/etc/compatconfig, skipping
01-01 08:00:13.872 525 525 I BootAnimation: type=1400 audit(0.0:307): avc: denied { search } for name="data" dev="mmcblk0p25" ino=87 scontext=u:r:bootanim:s0 tcontext=u:object_r:system_data_file:s0:c512,c768 tclass=dir permissive=1
01-01 08:00:13.877 487 538 I SystemConfig: Reading permissions from /system/etc/permissions/android.test.runner.xml
01-01 08:00:13.878 487 487 D CompatConfig: No directory /apex/com.android.wifi/etc/compatconfig, skipping
01-01 08:00:13.878 487 487 D CompatConfig: No directory /apex/com.android.vndk.v31/etc/compatconfig, skipping
01-01 08:00:13.878 487 487 D CompatConfig: No directory /apex/com.android.tzdata/etc/compatconfig, skipping
01-01 08:00:13.878 487 487 D CompatConfig: No directory /apex/com.android.tethering/etc/compatconfig, skipping
01-01 08:00:13.878 487 487 D CompatConfig: No directory /apex/com.android.sdkext/etc/compatconfig, skipping
01-01 08:00:13.878 487 487 D CompatConfig: No directory /apex/com.android.scheduling/etc/compatconfig, skipping
01-01 08:00:13.879 487 487 D CompatConfig: No directory /apex/com.android.runtime/etc/compatconfig, skipping
01-01 08:00:13.879 487 487 D CompatConfig: No directory /apex/com.android.resolv/etc/compatconfig, skipping
01-01 08:00:13.879 487 487 D CompatConfig: No directory /apex/com.android.permission/etc/compatconfig, skipping
01-01 08:00:13.879 487 487 D CompatConfig: No directory /apex/com.android.os.statsd/etc/compatconfig, skipping
01-01 08:00:13.879 487 487 D CompatConfig: No directory /apex/com.android.neuralnetworks/etc/compatconfig, skipping
01-01 08:00:13.879 487 538 I SystemConfig: Reading permissions from /system/etc/permissions/org.apache.http.legacy.xml
01-01 08:00:13.880 487 487 D CompatConfig: Found a config file: /apex/com.android.mediaprovider/etc/compatconfig/media-provider-platform-compat-config.xml
01-01 08:00:13.881 487 538 I SystemConfig: Reading permissions from /system/etc/permissions/android.software.webview.xml
01-01 08:00:13.881 197 197 I hwservicemanager: getTransport: Cannot find entry android.hardware.configstore@1.0::ISurfaceFlingerConfigs/default in either framework or device VINTF manifest.
01-01 08:00:13.882 487 487 D CompatConfig: Adding: com.android.server.compat.config.Change@c631606
01-01 08:00:13.883 487 487 D CompatConfig: Adding: com.android.server.compat.config.Change@58a64c7
01-01 08:00:13.883 487 487 D CompatConfig: Adding: com.android.server.compat.config.Change@f8bbaf4
01-01 08:00:13.884 487 487 D CompatConfig: Adding: com.android.server.compat.config.Change@e2d221d
01-01 08:00:13.885 487 487 D CompatConfig: Adding: com.android.server.compat.config.Change@90a8c92
01-01 08:00:13.887 487 487 D CompatConfig: Adding: com.android.server.compat.config.Change@b3e8663
01-01 08:00:13.887 487 538 I SystemConfig: Reading permissions from /system/etc/permissions/privapp-permissions-platform.xml
01-01 08:00:13.887 487 487 D CompatConfig: Adding: com.android.server.compat.config.Change@dfec319
01-01 08:00:13.889 487 487 D CompatConfig: No directory /apex/com.android.media.swcodec/etc/compatconfig, skipping
01-01 08:00:13.889 487 487 D CompatConfig: No directory /apex/com.android.media/etc/compatconfig, skipping
01-01 08:00:13.889 487 487 D CompatConfig: No directory /apex/com.android.ipsec/etc/compatconfig, skipping
01-01 08:00:13.889 487 487 D CompatConfig: No directory /apex/com.android.i18n/etc/compatconfig, skipping
01-01 08:00:13.889 487 487 D CompatConfig: No directory /apex/com.android.extservices/etc/compatconfig, skipping
01-01 08:00:13.889 487 487 D CompatConfig: No directory /apex/com.android.conscrypt/etc/compatconfig, skipping
01-01 08:00:13.890 487 487 D CompatConfig: Found a config file: /apex/com.android.art/etc/compatconfig/libcore-platform-compat-config.xml
01-01 08:00:13.892 487 487 D CompatConfig: Adding: com.android.server.compat.config.Change@a8925bf
01-01 08:00:13.893 487 487 D CompatConfig: Adding: com.android.server.compat.config.Change@69f748c
01-01 08:00:13.893 487 487 D CompatConfig: Adding: com.android.server.compat.config.Change@7af77d5
01-01 08:00:13.893 487 487 D CompatConfig: Adding: com.android.server.compat.config.Change@ff71bea
01-01 08:00:13.894 487 487 D CompatConfig: Adding: com.android.server.compat.config.Change@7b45edb
01-01 08:00:13.895 487 487 D CompatConfig: No directory /apex/com.android.appsearch/etc/compatconfig, skipping
01-01 08:00:13.895 487 487 D CompatConfig: No directory /apex/com.android.adbd/etc/compatconfig, skipping
01-01 08:00:13.901 487 487 I SystemServerTiming: StartFileIntegrityService
01-01 08:00:13.901 487 487 I SystemServiceManager: Starting com.android.server.security.FileIntegrityService
01-01 08:00:13.905 487 538 I SystemConfig: Reading permissions from /system/etc/permissions/android.software.controls.xml
01-01 08:00:13.907 487 538 I SystemConfig: Reading permissions from /system/etc/permissions/com.android.networkstack.tethering.xml
01-01 08:00:13.909 487 538 I SystemConfig: Reading permissions from /system/etc/permissions/privapp-vendor-permissions.xml
01-01 08:00:13.912 487 538 I SystemConfig: Reading permissions from /system/etc/permissions/oranth-privapp-permissions.xml
01-01 08:00:13.919 525 536 D BootAnimation: BootAnimationShownTiming start time: 11840ms
01-01 08:00:13.919 487 538 I SystemConfig: Reading permissions from /system/etc/permissions/android.test.base.xml
01-01 08:00:13.921 487 538 I SystemConfig: Reading permissions from /system/etc/permissions/com.android.media.remotedisplay.xml
01-01 08:00:13.923 487 538 I SystemConfig: Reading permissions from /system/etc/permissions/permissions-awbms.xml
01-01 08:00:13.928 487 538 I SystemConfig: Reading permissions from /system/etc/permissions/com.android.location.provider.xml
01-01 08:00:13.932 487 538 I SystemConfig: Reading permissions from /system/etc/permissions/android.hardware.location.network.xml
