06-10 14:08:54.299 3029 3029 I Thread-4: type=1400 audit(0.0:1178): avc: denied { open } for path="/data/user/0/com.dangbei.screencast/crashsdk/tags/pv.wa" dev="mmcblk0p25" ino=2871 scontext=u:r:platform_app:s0:c512,c768 tcontext=u:object_r:app_data_file:s0:c512,c768 tclass=file permissive=1 app=com.dangbei.screencast
06-10 14:08:54.631 487 532 W IorapForwardingService: No service published for: iorapd
06-10 14:08:55.633 487 532 W IorapForwardingService: No service published for: iorapd
06-10 14:08:55.909 2225 2348 D UtilLog : 日志批量上报 进行正常循环 !!!!!!本次有0次请求,共0条数据
06-10 14:08:56.383 669 669 E WifiHAL : wifi_get_link_stats: requestResponse Error:-5
06-10 14:08:56.385 487 620 E WifiVendorHal: getWifiLinkLayerStats_1_5_Internal(l.1191) failed {.code = ERROR_INVALID_ARGS, .description = }
06-10 14:08:56.635 487 532 W IorapForwardingService: No service published for: iorapd
06-10 14:08:57.638 487 532 W IorapForwardingService: No service published for: iorapd
06-10 14:08:58.505 277 297 D hdmi-cec: receive invalid cec message!
06-10 14:08:58.506 277 297 D hdmi-cec: receive poll message [04], skip!
06-10 14:08:58.640 487 532 W IorapForwardingService: No service published for: iorapd
06-10 14:08:59.123 3029 3029 I ModuleDataForwa: type=1400 audit(0.0:1179): avc: denied { lock } for path="/data/user/0/com.dangbei.screencast/files/TD__Env_Synchronous_Lock__" dev="mmcblk0p25" ino=2733 scontext=u:r:platform_app:s0:c512,c768 tcontext=u:object_r:app_data_file:s0:c512,c768 tclass=file permissive=1 app=com.dangbei.screencast
06-10 14:08:59.212 3029 3038 I gbei.screencas: Background concurrent copying GC freed 49794(6045KB) AllocSpace objects, 0(0B) LOS objects, 49% free, 5954KB/11MB, paused 140us total 143.574ms
06-10 14:08:59.400 669 669 E WifiHAL : wifi_get_link_stats: requestResponse Error:-5
06-10 14:08:59.403 487 620 E WifiVendorHal: getWifiLinkLayerStats_1_5_Internal(l.1191) failed {.code = ERROR_INVALID_ARGS, .description = }
06-10 14:08:59.642 487 532 W IorapForwardingService: No service published for: iorapd
06-10 14:09:00.644 487 532 W IorapForwardingService: No service published for: iorapd
06-10 14:09:01.647 487 532 W IorapForwardingService: No service published for: iorapd
06-10 14:09:02.117 1133 1133 D aaa : LedStatusService onStartCommand begin
06-10 14:09:02.118 1189 1189 D bbb : onStartCommand begin !!!!!!! data分区剩余 20615MB
06-10 14:09:02.121 1133 3586 D aaa : topPkg is -------------- :com.dangbei.haqusetting
06-10 14:09:02.417 669 669 E WifiHAL : wifi_get_link_stats: requestResponse Error:-5
06-10 14:09:02.418 487 620 E WifiVendorHal: getWifiLinkLayerStats_1_5_Internal(l.1191) failed {.code = ERROR_INVALID_ARGS, .description = }
06-10 14:09:02.650 487 532 W IorapForwardingService: No service published for: iorapd
06-10 14:09:03.652 487 532 W IorapForwardingService: No service published for: iorapd
06-10 14:09:04.199 487 998 W ZramWriteback: Writeback device is not set
06-10 14:09:04.199 487 998 D ZramWriteback: wait to flush
06-10 14:09:04.655 487 532 W IorapForwardingService: No service published for: iorapd
06-10 14:09:05.434 669 669 E WifiHAL : wifi_get_link_stats: requestResponse Error:-5
06-10 14:09:05.437 487 620 E WifiVendorHal: getWifiLinkLayerStats_1_5_Internal(l.1191) failed {.code = ERROR_INVALID_ARGS, .description = }
06-10 14:09:05.657 487 532 W IorapForwardingService: No service published for: iorapd
06-10 14:09:05.924 2225 2348 D UtilLog : 日志批量上报 进行正常循环 !!!!!!本次有0次请求,共0条数据
06-10 14:09:06.659 487 532 W IorapForwardingService: No service published for: iorapd
06-10 14:09:07.661 487 532 W IorapForwardingService: No service published for: iorapd
06-10 14:09:08.452 669 669 E WifiHAL : wifi_get_link_stats: requestResponse Error:-5
06-10 14:09:08.454 487 620 E WifiVendorHal: getWifiLinkLayerStats_1_5_Internal(l.1191) failed {.code = ERROR_INVALID_ARGS, .description = }
06-10 14:09:08.662 487 532 W IorapForwardingService: No service published for: iorapd
06-10 14:09:09.666 487 532 W IorapForwardingService: No service published for: iorapd
06-10 14:09:10.094 3029 3038 I gbei.screencas: Background concurrent copying GC freed 38962(5407KB) AllocSpace objects, 0(0B) LOS objects, 49% free, 6138KB/11MB, paused 149us total 148.193ms
06-10 14:09:10.140 1133 1133 D aaa : LedStatusService onStartCommand begin
06-10 14:09:10.142 1133 3604 D aaa : topPkg is -------------- :com.dangbei.haqusetting
06-10 14:09:10.142 1189 1189 D bbb : onStartCommand begin !!!!!!! data分区剩余 20615MB
06-10 14:09:10.669 487 532 W IorapForwardingService: No service published for: iorapd
06-10 14:09:11.465 669 669 E WifiHAL : wifi_get_link_stats: requestResponse Error:-5
06-10 14:09:11.468 487 620 E WifiVendorHal: getWifiLinkLayerStats_1_5_Internal(l.1191) failed {.code = ERROR_INVALID_ARGS, .description = }
06-10 14:09:11.671 487 532 W IorapForwardingService: No service published for: iorapd
06-10 14:09:12.674 487 532 W IorapForwardingService: No service published for: iorapd
06-10 14:09:13.534 277 297 D hdmi-cec: receive invalid cec message!
06-10 14:09:13.534 277 297 D hdmi-cec: receive poll message [04], skip!
06-10 14:09:13.676 487 532 W IorapForwardingService: No service published for: iorapd
06-10 14:09:14.485 669 669 E WifiHAL : wifi_get_link_stats: requestResponse Error:-5
06-10 14:09:14.487 487 620 E WifiVendorHal: getWifiLinkLayerStats_1_5_Internal(l.1191) failed {.code = ERROR_INVALID_ARGS, .description = }
06-10 14:09:14.678 487 532 W IorapForwardingService: No service published for: iorapd
06-10 14:09:15.680 487 532 W IorapForwardingService: No service published for: iorapd
06-10 14:09:15.945 2225 2348 D UtilLog : 日志批量上报 进行正常循环 !!!!!!本次有0次请求,共0条数据
06-10 14:09:16.683 487 532 W IorapForwardingService: No service published for: iorapd
06-10 14:09:17.506 669 669 E WifiHAL : wifi_get_link_stats: requestResponse Error:-5
06-10 14:09:17.508 487 620 E WifiVendorHal: getWifiLinkLayerStats_1_5_Internal(l.1191) failed {.code = ERROR_INVALID_ARGS, .description = }
06-10 14:09:17.686 487 532 W IorapForwardingService: No service published for: iorapd
06-10 14:09:18.199 1189 1189 D bbb : onStartCommand begin !!!!!!! data分区剩余 20615MB
06-10 14:09:18.204 1133 1133 D aaa : LedStatusService onStartCommand begin
06-10 14:09:18.206 1133 3615 D aaa : topPkg is -------------- :com.dangbei.haqusetting
06-10 14:09:18.688 487 532 W IorapForwardingService: No service published for: iorapd
06-10 14:09:18.719 677 1005 W bt_btm : system/bt/main/bte_logmsg.cc:194 LogMsg: btm_sec_pairing_timeout not processed state: IDLE
06-10 14:09:19.691 487 532 W IorapForwardingService: No service published for: iorapd
06-10 14:09:20.525 669 669 E WifiHAL : wifi_get_link_stats: requestResponse Error:-5
06-10 14:09:20.527 487 620 E WifiVendorHal: getWifiLinkLayerStats_1_5_Internal(l.1191) failed {.code = ERROR_INVALID_ARGS, .description = }
06-10 14:09:20.693 487 532 W IorapForwardingService: No service published for: iorapd
06-10 14:09:21.696 487 532 W IorapForwardingService: No service published for: iorapd
06-10 14:09:22.699 487 532 W IorapForwardingService: No service published for: iorapd
06-10 14:09:23.544 669 669 E WifiHAL : wifi_get_link_stats: requestResponse Error:-5
06-10 14:09:23.546 487 620 E WifiVendorHal: getWifiLinkLayerStats_1_5_Internal(l.1191) failed {.code = ERROR_INVALID_ARGS, .description = }
06-10 14:09:23.701 487 532 W IorapForwardingService: No service published for: iorapd
06-10 14:09:24.703 487 532 W IorapForwardingService: No service published for: iorapd
06-10 14:09:25.706 487 532 W IorapForwardingService: No service published for: iorapd
06-10 14:09:25.914 2225 2348 D UtilLog : 日志批量上报 进行正常循环 !!!!!!本次有0次请求,共0条数据
06-10 14:09:26.240 1189 1189 D bbb : onStartCommand begin !!!!!!! data分区剩余 20615MB
06-10 14:09:26.247 1133 1133 D aaa : LedStatusService onStartCommand begin
06-10 14:09:26.249 1133 3627 D aaa : topPkg is -------------- :com.dangbei.haqusetting
06-10 14:09:26.561 669 669 E WifiHAL : wifi_get_link_stats: requestResponse Error:-5
06-10 14:09:26.563 487 620 E WifiVendorHal: getWifiLinkLayerStats_1_5_Internal(l.1191) failed {.code = ERROR_INVALID_ARGS, .description = }
06-10 14:09:26.709 487 532 W IorapForwardingService: No service published for: iorapd
06-10 14:09:27.714 487 532 W IorapForwardingService: No service published for: iorapd
06-10 14:09:28.562 277 297 D hdmi-cec: receive invalid cec message!
06-10 14:09:28.562 277 297 D hdmi-cec: receive poll message [04], skip!
06-10 14:09:28.717 487 532 W IorapForwardingService: No service published for: iorapd
06-10 14:09:29.581 669 669 E WifiHAL : wifi_get_link_stats: requestResponse Error:-5
06-10 14:09:29.583 487 620 E WifiVendorHal: getWifiLinkLayerStats_1_5_Internal(l.1191) failed {.code = ERROR_INVALID_ARGS, .description = }
06-10 14:09:29.719 487 532 W IorapForwardingService: No service published for: iorapd
06-10 14:09:30.722 487 532 W IorapForwardingService: No service published for: iorapd
06-10 14:09:31.724 487 532 W IorapForwardingService: No service published for: iorapd
06-10 14:09:32.598 669 669 E WifiHAL : wifi_get_link_stats: requestResponse Error:-5
06-10 14:09:32.600 487 620 E WifiVendorHal: getWifiLinkLayerStats_1_5_Internal(l.1191) failed {.code = ERROR_INVALID_ARGS, .description = }
06-10 14:09:32.725 487 532 W IorapForwardingService: No service published for: iorapd
06-10 14:09:33.729 487 532 W IorapForwardingService: No service published for: iorapd
06-10 14:09:34.200 487 998 W ZramWriteback: Writeback device is not set
06-10 14:09:34.200 487 998 D ZramWriteback: wait to flush
06-10 14:09:34.262 1189 1189 D bbb : onStartCommand begin !!!!!!! data分区剩余 20615MB
06-10 14:09:34.264 1133 1133 D aaa : LedStatusService onStartCommand begin
06-10 14:09:34.265 1133 3639 D aaa : topPkg is -------------- :com.dangbei.haqusetting
06-10 14:09:34.732 487 532 W IorapForwardingService: No service published for: iorapd
06-10 14:09:35.610 669 669 E WifiHAL : wifi_get_link_stats: requestResponse Error:-5
06-10 14:09:35.611 487 620 E WifiVendorHal: getWifiLinkLayerStats_1_5_Internal(l.1191) failed {.code = ERROR_INVALID_ARGS, .description = }
06-10 14:09:35.734 487 532 W IorapForwardingService: No service published for: iorapd
06-10 14:09:35.943 2225 2348 D UtilLog : 日志批量上报 进行正常循环 !!!!!!本次有0次请求,共0条数据
06-10 14:09:36.737 487 532 W IorapForwardingService: No service published for: iorapd
06-10 14:09:37.103 2225 2352 I TDLog : [APP] New data found, Submitting...
06-10 14:09:37.121 2225 2352 I TDLog : [APP] Failed to submit data!
06-10 14:09:37.740 487 532 W IorapForwardingService: No service published for: iorapd
06-10 14:09:38.623 669 669 E WifiHAL : wifi_get_link_stats: requestResponse Error:-5
06-10 14:09:38.625 487 620 E WifiVendorHal: getWifiLinkLayerStats_1_5_Internal(l.1191) failed {.code = ERROR_INVALID_ARGS, .description = }
06-10 14:09:38.742 487 532 W IorapForwardingService: No service published for: iorapd
06-10 14:09:39.720 766 1400 D DhcpClient: Received packet: 82:c8:b8:a5:a3:3e ACK: your new IP /192.168.3.47, netmask /255.255.254.0, gateways [/192.168.3.1] DNS servers: /202.96.134.133 /202.96.128.166 , lease time 3600
06-10 14:09:39.745 487 532 W IorapForwardingService: No service published for: iorapd
06-10 14:09:40.748 487 532 W IorapForwardingService: No service published for: iorapd
06-10 14:09:41.641 669 669 E WifiHAL : wifi_get_link_stats: requestResponse Error:-5
06-10 14:09:41.643 487 620 E WifiVendorHal: getWifiLinkLayerStats_1_5_Internal(l.1191) failed {.code = ERROR_INVALID_ARGS, .description = }
06-10 14:09:41.750 487 532 W IorapForwardingService: No service published for: iorapd
06-10 14:09:42.321 1189 1189 D bbb : onStartCommand begin !!!!!!! data分区剩余 20615MB
06-10 14:09:42.324 1133 1133 D aaa : LedStatusService onStartCommand begin
06-10 14:09:42.328 1133 3653 D aaa : topPkg is -------------- :com.dangbei.haqusetting
06-10 14:09:42.752 487 532 W IorapForwardingService: No service published for: iorapd
06-10 14:09:43.161 3029 3038 I gbei.screencas: Background concurrent copying GC freed 58964(6159KB) AllocSpace objects, 4(80KB) LOS objects, 49% free, 6027KB/11MB, paused 149us total 157.661ms
06-10 14:09:43.588 277 297 D hdmi-cec: receive invalid cec message!
06-10 14:09:43.588 277 297 D hdmi-cec: receive poll message [04], skip!
06-10 14:09:43.754 487 532 W IorapForwardingService: No service published for: iorapd
06-10 14:09:44.656 669 669 E WifiHAL : wifi_get_link_stats: requestResponse Error:-5
06-10 14:09:44.658 487 620 E WifiVendorHal: getWifiLinkLayerStats_1_5_Internal(l.1191) failed {.code = ERROR_INVALID_ARGS, .description = }
06-10 14:09:44.757 487 532 W IorapForwardingService: No service published for: iorapd
06-10 14:09:45.758 487 532 W IorapForwardingService: No service published for: iorapd
06-10 14:09:45.946 2225 2348 D UtilLog : 日志批量上报 进行正常循环 !!!!!!本次有0次请求,共0条数据
06-10 14:09:46.760 487 532 W IorapForwardingService: No service published for: iorapd
06-10 14:09:47.672 669 669 E WifiHAL : wifi_get_link_stats: requestResponse Error:-5
06-10 14:09:47.674 487 620 E WifiVendorHal: getWifiLinkLayerStats_1_5_Internal(l.1191) failed {.code = ERROR_INVALID_ARGS, .description = }
06-10 14:09:47.763 487 532 W IorapForwardingService: No service published for: iorapd
06-10 14:09:48.765 487 532 W IorapForwardingService: No service published for: iorapd
06-10 14:09:49.768 487 532 W IorapForwardingService: No service published for: iorapd
06-10 14:09:50.371 1133 1133 D aaa : LedStatusService onStartCommand begin
06-10 14:09:50.373 1133 3664 D aaa : topPkg is -------------- :com.dangbei.haqusetting
06-10 14:09:50.374 1189 1189 D bbb : onStartCommand begin !!!!!!! data分区剩余 20615MB
06-10 14:09:50.689 669 669 E WifiHAL : wifi_get_link_stats: requestResponse Error:-5
06-10 14:09:50.691 487 620 E WifiVendorHal: getWifiLinkLayerStats_1_5_Internal(l.1191) failed {.code = ERROR_INVALID_ARGS, .description = }
06-10 14:09:50.771 487 532 W IorapForwardingService: No service published for: iorapd
06-10 14:09:51.773 487 532 W IorapForwardingService: No service published for: iorapd
06-10 14:09:52.775 487 532 W IorapForwardingService: No service published for: iorapd
06-10 14:09:53.707 669 669 E WifiHAL : wifi_get_link_stats: requestResponse Error:-5
06-10 14:09:53.709 487 620 E WifiVendorHal: getWifiLinkLayerStats_1_5_Internal(l.1191) failed {.code = ERROR_INVALID_ARGS, .description = }
06-10 14:09:53.778 487 532 W IorapForwardingService: No service published for: iorapd
06-10 14:09:54.781 487 532 W IorapForwardingService: No service published for: iorapd
06-10 14:09:55.784 487 532 W IorapForwardingService: No service published for: iorapd
06-10 14:09:55.946 2225 2348 D UtilLog : 日志批量上报 进行正常循环 !!!!!!本次有0次请求,共0条数据
06-10 14:09:56.724 669 669 E WifiHAL : wifi_get_link_stats: requestResponse Error:-5
06-10 14:09:56.726 487 620 E WifiVendorHal: getWifiLinkLayerStats_1_5_Internal(l.1191) failed {.code = ERROR_INVALID_ARGS, .description = }
06-10 14:09:56.785 487 532 W IorapForwardingService: No service published for: iorapd
06-10 14:09:57.787 487 532 W IorapForwardingService: No service published for: iorapd
06-10 14:09:58.411 1189 1189 D bbb : onStartCommand begin !!!!!!! data分区剩余 20615MB
06-10 14:09:58.414 1133 1133 D aaa : LedStatusService onStartCommand begin
06-10 14:09:58.417 1133 3676 D aaa : topPkg is -------------- :com.dangbei.haqusetting
06-10 14:09:58.615 277 297 D hdmi-cec: receive invalid cec message!
06-10 14:09:58.615 277 297 D hdmi-cec: receive poll message [04], skip!
06-10 14:09:58.789 487 532 W IorapForwardingService: No service published for: iorapd
06-10 14:09:59.746 669 669 E WifiHAL : wifi_get_link_stats: requestResponse Error:-5
06-10 14:09:59.748 487 620 E WifiVendorHal: getWifiLinkLayerStats_1_5_Internal(l.1191) failed {.code = ERROR_INVALID_ARGS, .description = }
06-10 14:09:59.792 487 532 W IorapForwardingService: No service published for: iorapd
06-10 14:10:00.795 487 532 W IorapForwardingService: No service published for: iorapd
06-10 14:10:01.797 487 532 W IorapForwardingService: No service published for: iorapd
06-10 14:10:02.760 669 669 E WifiHAL : wifi_get_link_stats: requestResponse Error:-5
06-10 14:10:02.763 487 620 E WifiVendorHal: getWifiLinkLayerStats_1_5_Internal(l.1191) failed {.code = ERROR_INVALID_ARGS, .description = }
06-10 14:10:02.798 487 532 W IorapForwardingService: No service published for: iorapd
06-10 14:10:03.483 3029 3038 I gbei.screencas: Background concurrent copying GC freed 51082(5953KB) AllocSpace objects, 0(0B) LOS objects, 49% free, 6067KB/11MB, paused 277us total 194.617ms
06-10 14:10:03.801 487 532 W IorapForwardingService: No service published for: iorapd
06-10 14:10:04.202 487 998 W ZramWriteback: Writeback device is not set
06-10 14:10:04.202 487 998 D ZramWriteback: wait to flush
06-10 14:10:04.803 487 532 W IorapForwardingService: No service published for: iorapd
06-10 14:10:05.778 669 669 E WifiHAL : wifi_get_link_stats: requestResponse Error:-5
06-10 14:10:05.780 487 620 E WifiVendorHal: getWifiLinkLayerStats_1_5_Internal(l.1191) failed {.code = ERROR_INVALID_ARGS, .description = }
06-10 14:10:05.805 487 532 W IorapForwardingService: No service published for: iorapd
06-10 14:10:05.945 2225 2348 D UtilLog : 日志批量上报 进行正常循环 !!!!!!本次有0次请求,共0条数据
06-10 14:10:06.474 1189 1189 D bbb : onStartCommand begin !!!!!!! data分区剩余 20615MB
06-10 14:10:06.501 1133 1133 D aaa : LedStatusService onStartCommand begin
06-10 14:10:06.514 1133 3688 D aaa : topPkg is -------------- :com.dangbei.haqusetting
06-10 14:10:06.808 487 532 W IorapForwardingService: No service published for: iorapd
06-10 14:10:07.810 487 532 W IorapForwardingService: No service published for: iorapd
06-10 14:10:08.795 669 669 E WifiHAL : wifi_get_link_stats: requestResponse Error:-5
06-10 14:10:08.798 487 620 E WifiVendorHal: getWifiLinkLayerStats_1_5_Internal(l.1191) failed {.code = ERROR_INVALID_ARGS, .description = }
06-10 14:10:08.812 487 532 W IorapForwardingService: No service published for: iorapd
06-10 14:10:09.814 487 532 W IorapForwardingService: No service published for: iorapd
06-10 14:10:10.815 487 532 W IorapForwardingService: No service published for: iorapd
06-10 14:10:11.813 669 669 E WifiHAL : wifi_get_link_stats: requestResponse Error:-5
06-10 14:10:11.816 487 620 E WifiVendorHal: getWifiLinkLayerStats_1_5_Internal(l.1191) failed {.code = ERROR_INVALID_ARGS, .description = }
06-10 14:10:11.819 487 532 W IorapForwardingService: No service published for: iorapd
06-10 14:10:12.821 487 532 W IorapForwardingService: No service published for: iorapd
06-10 14:10:12.866 3196 3293 D nStackXCoAP: IsInSameNetwork:[276] :IsInSameNetwork exec
06-10 14:10:12.866 3196 3293 I nStackXDFinder: GetLocalInterfaceDetail:[461] :GetLocalInterfaceDetail in
06-10 14:10:12.866 3196 3293 E nStackXCoAP: IsInSameNetwork:[281] :IsInSameNetwork: not priority process
06-10 14:10:12.867 3196 3293 D nStackXCoAP: ParseServiceDiscover:[330] :new device join
06-10 14:10:12.867 3196 3293 I nStackXDFinder: NotifyDeviceListChanged:[540] :notify callback: device list changed callback is null
06-10 14:10:12.867 3196 3293 E nStackXDFinder: GetLocalIp:[401] :GetLocalIp exec
06-10 14:10:12.871 3196 3293 D nStackXCoAP: IsInSameNetwork:[276] :IsInSameNetwork exec
06-10 14:10:12.871 3196 3293 I nStackXDFinder: GetLocalInterfaceDetail:[461] :GetLocalInterfaceDetail in
06-10 14:10:12.871 3196 3293 E nStackXCoAP: IsInSameNetwork:[281] :IsInSameNetwork: not priority process
06-10 14:10:12.871 3196 3293 D nStackXCoAP: ParseServiceDiscover:[330] :new device join
06-10 14:10:12.872 3196 3293 E nStackXDFinder: GetLocalIp:[401] :GetLocalIp exec
06-10 14:10:13.136 3196 3293 D nStackXCoAP: CoapMessageHandler:[133] :2.01
06-10 14:10:13.136 3196 3293 D nStackXCoAP: CoapMessageHandler:[133] :2.01
06-10 14:10:13.166 3196 3293 D nStackXCoAP: IsInSameNetwork:[276] :IsInSameNetwork exec
06-10 14:10:13.166 3196 3293 I nStackXDFinder: GetLocalInterfaceDetail:[461] :GetLocalInterfaceDetail in
06-10 14:10:13.166 3196 3293 E nStackXCoAP: IsInSameNetwork:[281] :IsInSameNetwork: not priority process
06-10 14:10:13.166 3196 3293 D nStackXCoAP: ParseServiceDiscover:[330] :new device join
06-10 14:10:13.167 3196 3293 E nStackXDFinder: GetLocalIp:[401] :GetLocalIp exec
06-10 14:10:13.213 3196 3293 D nStackXCoAP: CoapMessageHandler:[133] :2.01
06-10 14:10:13.262 3196 3293 D nStackXCoAP: IsInSameNetwork:[276] :IsInSameNetwork exec
06-10 14:10:13.262 3196 3293 I nStackXDFinder: GetLocalInterfaceDetail:[461] :GetLocalInterfaceDetail in
06-10 14:10:13.262 3196 3293 E nStackXCoAP: IsInSameNetwork:[281] :IsInSameNetwork: not priority process
06-10 14:10:13.262 3196 3293 D nStackXCoAP: ParseServiceDiscover:[330] :new device join
06-10 14:10:13.262 3196 3293 E nStackXDFinder: GetLocalIp:[401] :GetLocalIp exec
06-10 14:10:13.347 3196 3293 D nStackXCoAP: CoapMessageHandler:[133] :2.01
06-10 14:10:13.642 277 297 D hdmi-cec: receive invalid cec message!
06-10 14:10:13.642 277 297 D hdmi-cec: receive poll message [04], skip!
06-10 14:10:13.823 487 532 W IorapForwardingService: No service published for: iorapd
06-10 14:10:13.878 3196 3293 D nStackXCoAP: IsInSameNetwork:[276] :IsInSameNetwork exec
06-10 14:10:13.878 3196 3293 I nStackXDFinder: GetLocalInterfaceDetail:[461] :GetLocalInterfaceDetail in
06-10 14:10:13.878 3196 3293 E nStackXCoAP: IsInSameNetwork:[281] :IsInSameNetwork: not priority process
06-10 14:10:13.878 3196 3293 D nStackXCoAP: ParseServiceDiscover:[330] :new device join
06-10 14:10:13.879 3196 3293 E nStackXDFinder: GetLocalIp:[401] :GetLocalIp exec
06-10 14:10:13.954 3196 3293 D nStackXCoAP: CoapMessageHandler:[133] :2.01
06-10 14:10:14.286 3196 3293 D nStackXCoAP: IsInSameNetwork:[276] :IsInSameNetwork exec
06-10 14:10:14.286 3196 3293 I nStackXDFinder: GetLocalInterfaceDetail:[461] :GetLocalInterfaceDetail in
06-10 14:10:14.286 3196 3293 E nStackXCoAP: IsInSameNetwork:[281] :IsInSameNetwork: not priority process
06-10 14:10:14.286 3196 3293 D nStackXCoAP: ParseServiceDiscover:[330] :new device join
06-10 14:10:14.286 3196 3293 E nStackXDFinder: GetLocalIp:[401] :GetLocalIp exec
06-10 14:10:14.306 3196 3293 D nStackXCoAP: CoapMessageHandler:[133] :2.01
06-10 14:10:14.485 1189 1189 D bbb : onStartCommand begin !!!!!!! data分区剩余 20615MB
06-10 14:10:14.489 1133 1133 D aaa : LedStatusService onStartCommand begin
06-10 14:10:14.490 1133 3699 D aaa : topPkg is -------------- :com.dangbei.haqusetting
06-10 14:10:14.826 487 532 W IorapForwardingService: No service published for: iorapd
06-10 14:10:14.832 669 669 E WifiHAL : wifi_get_link_stats: requestResponse Error:-5
06-10 14:10:14.834 487 620 E WifiVendorHal: getWifiLinkLayerStats_1_5_Internal(l.1191) failed {.code = ERROR_INVALID_ARGS, .description = }
06-10 14:10:14.900 3196 3293 D nStackXCoAP: IsInSameNetwork:[276] :IsInSameNetwork exec
06-10 14:10:14.900 3196 3293 I nStackXDFinder: GetLocalInterfaceDetail:[461] :GetLocalInterfaceDetail in
06-10 14:10:14.900 3196 3293 E nStackXCoAP: IsInSameNetwork:[281] :IsInSameNetwork: not priority process
06-10 14:10:14.900 3196 3293 D nStackXCoAP: ParseServiceDiscover:[330] :new device join
06-10 14:10:14.901 3196 3293 E nStackXDFinder: GetLocalIp:[401] :GetLocalIp exec
06-10 14:10:14.927 3196 3293 D nStackXCoAP: CoapMessageHandler:[133] :2.01
06-10 14:10:15.830 487 532 W IorapForwardingService: No service published for: iorapd
06-10 14:10:15.945 2225 2348 D UtilLog : 日志批量上报 进行正常循环 !!!!!!本次有0次请求,共0条数据
06-10 14:10:15.993 487 1413 D WifiNl80211Manager: Scan result ready event
06-10 14:10:15.994 487 1413 D WifiNative: Scan result ready event
06-10 14:10:16.072 669 669 E WifiHAL : wifi_get_link_stats: requestResponse Error:-5
06-10 14:10:16.074 487 620 E WifiVendorHal: getWifiLinkLayerStats_1_5_Internal(l.1191) failed {.code = ERROR_INVALID_ARGS, .description = }
06-10 14:10:16.344 3196 3293 D nStackXCoAP: IsInSameNetwork:[276] :IsInSameNetwork exec
06-10 14:10:16.344 3196 3293 I nStackXDFinder: GetLocalInterfaceDetail:[461] :GetLocalInterfaceDetail in
06-10 14:10:16.344 3196 3293 E nStackXCoAP: IsInSameNetwork:[281] :IsInSameNetwork: not priority process
06-10 14:10:16.344 3196 3293 D nStackXCoAP: ParseServiceDiscover:[330] :new device join
06-10 14:10:16.344 3196 3293 E nStackXDFinder: GetLocalIp:[401] :GetLocalIp exec
06-10 14:10:16.833 487 532 W IorapForwardingService: No service published for: iorapd
06-10 14:10:16.989 3196 3293 D nStackXCoAP: CoapMessageHandler:[133] :2.01
06-10 14:10:17.067 3196 3293 D nStackXCoAP: IsInSameNetwork:[276] :IsInSameNetwork exec
06-10 14:10:17.067 3196 3293 I nStackXDFinder: GetLocalInterfaceDetail:[461] :GetLocalInterfaceDetail in
06-10 14:10:17.068 3196 3293 E nStackXCoAP: IsInSameNetwork:[281] :IsInSameNetwork: not priority process
06-10 14:10:17.068 3196 3293 D nStackXCoAP: ParseServiceDiscover:[330] :new device join
06-10 14:10:17.068 3196 3293 E nStackXDFinder: GetLocalIp:[401] :GetLocalIp exec
06-10 14:10:17.240 3196 3293 D nStackXCoAP: CoapMessageHandler:[133] :2.01
06-10 14:10:17.366 3196 3293 D nStackXCoAP: IsInSameNetwork:[276] :IsInSameNetwork exec
06-10 14:10:17.366 3196 3293 I nStackXDFinder: GetLocalInterfaceDetail:[461] :GetLocalInterfaceDetail in
06-10 14:10:17.366 3196 3293 E nStackXCoAP: IsInSameNetwork:[281] :IsInSameNetwork: not priority process
06-10 14:10:17.366 3196 3293 D nStackXCoAP: ParseServiceDiscover:[330] :new device join
06-10 14:10:17.366 3196 3293 E nStackXDFinder: GetLocalIp:[401] :GetLocalIp exec
06-10 14:10:17.779 3196 3293 D nStackXCoAP: CoapMessageHandler:[133] :2.01
06-10 14:10:17.835 487 532 W IorapForwardingService: No service published for: iorapd
06-10 14:10:17.848 669 669 E WifiHAL : wifi_get_link_stats: requestResponse Error:-5
06-10 14:10:17.850 487 620 E WifiVendorHal: getWifiLinkLayerStats_1_5_Internal(l.1191) failed {.code = ERROR_INVALID_ARGS, .description = }
06-10 14:10:18.838 487 532 W IorapForwardingService: No service published for: iorapd
06-10 14:10:19.840 487 532 W IorapForwardingService: No service published for: iorapd
06-10 14:10:20.843 487 532 W IorapForwardingService: No service published for: iorapd
06-10 14:10:20.862 669 669 E WifiHAL : wifi_get_link_stats: requestResponse Error:-5
06-10 14:10:20.863 487 620 E WifiVendorHal: getWifiLinkLayerStats_1_5_Internal(l.1191) failed {.code = ERROR_INVALID_ARGS, .description = }
06-10 14:10:21.847 487 532 W IorapForwardingService: No service published for: iorapd
06-10 14:10:22.542 1189 1189 D bbb : onStartCommand begin !!!!!!! data分区剩余 20615MB
06-10 14:10:22.550 1133 1133 D aaa : LedStatusService onStartCommand begin
06-10 14:10:22.554 1133 3712 D aaa : topPkg is -------------- :com.dangbei.haqusetting
06-10 14:10:22.850 487 532 W IorapForwardingService: No service published for: iorapd
06-10 14:10:23.852 487 532 W IorapForwardingService: No service published for: iorapd
06-10 14:10:23.874 669 669 E WifiHAL : wifi_get_link_stats: requestResponse Error:-5
06-10 14:10:23.876 487 620 E WifiVendorHal: getWifiLinkLayerStats_1_5_Internal(l.1191) failed {.code = ERROR_INVALID_ARGS, .description = }
06-10 14:10:24.034 766 776 I rkstack.proces: Background concurrent copying GC freed 737625(22MB) AllocSpace objects, 30(1800KB) LOS objects, 49% free, 3101KB/6202KB, paused 113us total 139.872ms
06-10 14:10:24.854 487 532 W IorapForwardingService: No service published for: iorapd
06-10 14:10:25.857 487 532 W IorapForwardingService: No service published for: iorapd
06-10 14:10:25.945 2225 2348 D UtilLog : 日志批量上报 进行正常循环 !!!!!!本次有0次请求,共0条数据
06-10 14:10:26.860 487 532 W IorapForwardingService: No service published for: iorapd
06-10 14:10:26.891 669 669 E WifiHAL : wifi_get_link_stats: requestResponse Error:-5
06-10 14:10:26.893 487 620 E WifiVendorHal: getWifiLinkLayerStats_1_5_Internal(l.1191) failed {.code = ERROR_INVALID_ARGS, .description = }
06-10 14:10:27.362 3029 3038 I gbei.screencas: Background concurrent copying GC freed 57676(5981KB) AllocSpace objects, 0(0B) LOS objects, 49% free, 6035KB/11MB, paused 189us total 156.122ms
06-10 14:10:27.862 487 532 W IorapForwardingService: No service published for: iorapd
06-10 14:10:28.668 277 297 D hdmi-cec: receive invalid cec message!
06-10 14:10:28.669 277 297 D hdmi-cec: receive poll message [04], skip!
06-10 14:10:28.865 487 532 W IorapForwardingService: No service published for: iorapd
06-10 14:10:29.866 487 532 W IorapForwardingService: No service published for: iorapd
06-10 14:10:29.904 669 669 E WifiHAL : wifi_get_link_stats: requestResponse Error:-5
06-10 14:10:29.906 487 620 E WifiVendorHal: getWifiLinkLayerStats_1_5_Internal(l.1191) failed {.code = ERROR_INVALID_ARGS, .description = }
06-10 14:10:30.616 1189 1189 D bbb : onStartCommand begin !!!!!!! data分区剩余 20615MB
06-10 14:10:30.631 1133 1133 D aaa : LedStatusService onStartCommand begin
06-10 14:10:30.633 1133 3724 D aaa : topPkg is -------------- :com.dangbei.haqusetting
06-10 14:10:30.689 766 1400 D DhcpClient: Received packet: 82:c8:b8:a5:a3:3e ACK: your new IP /192.168.3.47, netmask /255.255.254.0, gateways [/192.168.3.1] DNS servers: /202.96.134.133 /202.96.128.166 , lease time 3600
06-10 14:10:30.869 487 532 W IorapForwardingService: No service published for: iorapd
06-10 14:10:31.871 487 532 W IorapForwardingService: No service published for: iorapd
06-10 14:10:32.411 766 1400 D DhcpClient: Received packet: 82:c8:b8:a5:a3:3e ACK: your new IP /192.168.3.47, netmask /255.255.254.0, gateways [/192.168.3.1] DNS servers: /202.96.134.133 /202.96.128.166 , lease time 3600
06-10 14:10:32.873 487 532 W IorapForwardingService: No service published for: iorapd
06-10 14:10:32.919 669 669 E WifiHAL : wifi_get_link_stats: requestResponse Error:-5
06-10 14:10:32.920 487 620 E WifiVendorHal: getWifiLinkLayerStats_1_5_Internal(l.1191) failed {.code = ERROR_INVALID_ARGS, .description = }
06-10 14:10:33.875 487 532 W IorapForwardingService: No service published for: iorapd
06-10 14:10:34.199 2165 2165 I rainbow_flow: type=1400 audit(0.0:1180): avc: denied { ioctl } for path="/dev/spidev1.0" dev="tmpfs" ino=6881 ioctlcmd=0x6b00 scontext=u:r:init:s0 tcontext=u:object_r:device:s0 tclass=chr_file permissive=1
06-10 14:10:34.203 487 998 W ZramWriteback: Writeback device is not set
06-10 14:10:34.203 487 998 D ZramWriteback: wait to flush
06-10 14:10:34.563 3029 3029 I cling--ap-1: type=1400 audit(0.0:1181): avc: denied { read } for name="address" dev="sysfs" ino=28601 scontext=u:r:platform_app:s0:c512,c768 tcontext=u:object_r:sysfs:s0 tclass=file permissive=1 app=com.dangbei.screencast
06-10 14:10:34.563 3029 3029 I cling--ap-1: type=1400 audit(0.0:1182): avc: denied { open } for path="/sys/devices/platform/unisoc_wifi/net/wlan1/address" dev="sysfs" ino=28601 scontext=u:r:platform_app:s0:c512,c768 tcontext=u:object_r:sysfs:s0 tclass=file permissive=1 app=com.dangbei.screencast
06-10 14:10:34.563 3029 3029 I cling--ap-1: type=1400 audit(0.0:1183): avc: denied { getattr } for path="/sys/devices/platform/unisoc_wifi/net/wlan1/address" dev="sysfs" ino=28601 scontext=u:r:platform_app:s0:c512,c768 tcontext=u:object_r:sysfs:s0 tclass=file permissive=1 app=com.dangbei.screencast
06-10 14:10:34.675 277 277 I EventThread: type=1400 audit(0.0:1184): avc: denied { search } for name="extcon" dev="sysfs" ino=18109 scontext=u:r:hal_tv_cec_default:s0 tcontext=u:object_r:sysfs_extcon:s0 tclass=dir permissive=1
06-10 14:10:34.877 487 532 W IorapForwardingService: No service published for: iorapd
06-10 14:10:35.879 487 532 W IorapForwardingService: No service published for: iorapd
06-10 14:10:35.931 669 669 E WifiHAL : wifi_get_link_stats: requestResponse Error:-5
06-10 14:10:35.932 487 620 E WifiVendorHal: getWifiLinkLayerStats_1_5_Internal(l.1191) failed {.code = ERROR_INVALID_ARGS, .description = }
06-10 14:10:35.945 2225 2348 D UtilLog : 日志批量上报 进行正常循环 !!!!!!本次有0次请求,共0条数据
06-10 14:10:36.213 2225 2352 I TDLog : [APP] New data found, Submitting...
06-10 14:10:36.232 2225 2352 I TDLog : [APP] Failed to submit data!
06-10 14:10:36.881 487 532 W IorapForwardingService: No service published for: iorapd
06-10 14:10:37.384 1103 1103 E CrashHandler: clear CrashInfo
06-10 14:10:37.385 1103 1103 I FrameWorkHelper: setLastCrashInfo:
06-10 14:10:37.884 487 532 W IorapForwardingService: No service published for: iorapd
06-10 14:10:38.615 1189 1189 D bbb : onStartCommand begin !!!!!!! data分区剩余 20615MB
06-10 14:10:38.615 1133 1133 D aaa : LedStatusService onStartCommand begin
06-10 14:10:38.616 1133 3737 D aaa : topPkg is -------------- :com.dangbei.haqusetting
06-10 14:10:38.887 487 532 W IorapForwardingService: No service published for: iorapd
06-10 14:10:38.944 669 669 E WifiHAL : wifi_get_link_stats: requestResponse Error:-5
06-10 14:10:38.946 487 620 E WifiVendorHal: getWifiLinkLayerStats_1_5_Internal(l.1191) failed {.code = ERROR_INVALID_ARGS, .description = }
06-10 14:10:39.889 487 532 W IorapForwardingService: No service published for: iorapd
06-10 14:10:40.892 487 532 W IorapForwardingService: No service published for: iorapd
06-10 14:10:41.894 487 532 W IorapForwardingService: No service published for: iorapd
06-10 14:10:41.963 669 669 E WifiHAL : wifi_get_link_stats: requestResponse Error:-5
06-10 14:10:41.965 487 620 E WifiVendorHal: getWifiLinkLayerStats_1_5_Internal(l.1191) failed {.code = ERROR_INVALID_ARGS, .description = }
06-10 14:10:42.898 487 532 W IorapForwardingService: No service published for: iorapd
06-10 14:10:43.695 277 297 D hdmi-cec: receive invalid cec message!
06-10 14:10:43.695 277 297 D hdmi-cec: receive poll message [04], skip!
06-10 14:10:43.901 487 532 W IorapForwardingService: No service published for: iorapd
06-10 14:10:44.903 487 532 W IorapForwardingService: No service published for: iorapd
06-10 14:10:44.981 669 669 E WifiHAL : wifi_get_link_stats: requestResponse Error:-5
06-10 14:10:44.983 487 620 E WifiVendorHal: getWifiLinkLayerStats_1_5_Internal(l.1191) failed {.code = ERROR_INVALID_ARGS, .description = }
06-10 14:10:45.906 487 532 W IorapForwardingService: No service published for: iorapd
06-10 14:10:45.945 2225 2348 D UtilLog : 日志批量上报 进行正常循环 !!!!!!本次有0次请求,共0条数据
06-10 14:10:46.591 3742 3742 I Thread-2: type=1400 audit(0.0:1185): avc: denied { execute } for name="am" dev="dm-5" ino=1160 scontext=u:r:system_app:s0 tcontext=u:object_r:vendor_file:s0 tclass=file permissive=1
06-10 14:10:46.591 3742 3742 I Thread-2: type=1400 audit(0.0:1186): avc: denied { read open } for path="/vendor/xbin/am" dev="dm-5" ino=1160 scontext=u:r:system_app:s0 tcontext=u:object_r:vendor_file:s0 tclass=file permissive=1
06-10 14:10:46.591 3742 3742 I Thread-2: type=1400 audit(0.0:1187): avc: denied { execute_no_trans } for path="/vendor/xbin/am" dev="dm-5" ino=1160 scontext=u:r:system_app:s0 tcontext=u:object_r:vendor_file:s0 tclass=file permissive=1
06-10 14:10:46.660 1133 1133 D aaa : LedStatusService onStartCommand begin
06-10 14:10:46.662 1133 3750 D aaa : topPkg is -------------- :com.dangbei.haqusetting
06-10 14:10:46.662 1189 1189 D bbb : onStartCommand begin !!!!!!! data分区剩余 20615MB
06-10 14:10:46.908 487 532 W IorapForwardingService: No service published for: iorapd
06-10 14:10:47.911 487 532 W IorapForwardingService: No service published for: iorapd
06-10 14:10:47.916 3029 3038 I gbei.screencas: Background concurrent copying GC freed 51229(5863KB) AllocSpace objects, 0(0B) LOS objects, 49% free, 6065KB/11MB, paused 233us total 138.797ms
06-10 14:10:47.996 669 669 E WifiHAL : wifi_get_link_stats: requestResponse Error:-5
06-10 14:10:47.998 487 620 E WifiVendorHal: getWifiLinkLayerStats_1_5_Internal(l.1191) failed {.code = ERROR_INVALID_ARGS, .description = }
06-10 14:10:48.915 487 532 W IorapForwardingService: No service published for: iorapd
06-10 14:10:49.918 487 532 W IorapForwardingService: No service published for: iorapd
06-10 14:10:50.921 487 532 W IorapForwardingService: No service published for: iorapd
06-10 14:10:51.018 669 669 E WifiHAL : wifi_get_link_stats: requestResponse Error:-5
06-10 14:10:51.020 487 620 E WifiVendorHal: getWifiLinkLayerStats_1_5_Internal(l.1191) failed {.code = ERROR_INVALID_ARGS, .description = }
06-10 14:10:51.923 487 532 W IorapForwardingService: No service published for: iorapd
06-10 14:10:52.926 487 532 W IorapForwardingService: No service published for: iorapd
06-10 14:10:53.928 487 532 W IorapForwardingService: No service published for: iorapd
06-10 14:10:54.037 669 669 E WifiHAL : wifi_get_link_stats: requestResponse Error:-5
06-10 14:10:54.039 487 620 E WifiVendorHal: getWifiLinkLayerStats_1_5_Internal(l.1191) failed {.code = ERROR_INVALID_ARGS, .description = }
06-10 14:10:54.708 1133 1133 D aaa : LedStatusService onStartCommand begin
06-10 14:10:54.711 1189 1189 D bbb : onStartCommand begin !!!!!!! data分区剩余 20615MB
06-10 14:10:54.714 1133 3763 D aaa : topPkg is -------------- :com.dangbei.haqusetting
06-10 14:10:54.932 487 532 W IorapForwardingService: No service published for: iorapd
06-10 14:10:55.934 487 532 W IorapForwardingService: No service published for: iorapd
06-10 14:10:55.946 2225 2348 D UtilLog : 日志批量上报 进行正常循环 !!!!!!本次有0次请求,共0条数据
06-10 14:10:56.937 487 532 W IorapForwardingService: No service published for: iorapd
06-10 14:10:57.055 669 669 E WifiHAL : wifi_get_link_stats: requestResponse Error:-5
06-10 14:10:57.057 487 620 E WifiVendorHal: getWifiLinkLayerStats_1_5_Internal(l.1191) failed {.code = ERROR_INVALID_ARGS, .description = }
06-10 14:10:57.939 487 532 W IorapForwardingService: No service published for: iorapd
06-10 14:10:58.220 277 297 D hdmi-cec: receive invalid cec message!
06-10 14:10:58.220 277 297 D hdmi-cec: receive poll message [04], skip!
06-10 14:10:58.941 487 532 W IorapForwardingService: No service published for: iorapd
06-10 14:10:59.944 487 532 W IorapForwardingService: No service published for: iorapd
06-10 14:11:00.072 669 669 E WifiHAL : wifi_get_link_stats: requestResponse Error:-5
06-10 14:11:00.073 487 620 E WifiVendorHal: getWifiLinkLayerStats_1_5_Internal(l.1191) failed {.code = ERROR_INVALID_ARGS, .description = }
06-10 14:11:00.948 487 532 W IorapForwardingService: No service published for: iorapd
06-10 14:11:01.952 487 532 W IorapForwardingService: No service published for: iorapd
06-10 14:11:02.725 1133 1133 D aaa : LedStatusService onStartCommand begin
06-10 14:11:02.728 1133 3774 D aaa : topPkg is -------------- :com.dangbei.haqusetting
06-10 14:11:02.731 1189 1189 D bbb : onStartCommand begin !!!!!!! data分区剩余 20615MB
06-10 14:11:02.954 487 532 W IorapForwardingService: No service published for: iorapd
06-10 14:11:03.088 669 669 E WifiHAL : wifi_get_link_stats: requestResponse Error:-5
06-10 14:11:03.090 487 620 E WifiVendorHal: getWifiLinkLayerStats_1_5_Internal(l.1191) failed {.code = ERROR_INVALID_ARGS, .description = }
06-10 14:11:03.956 487 532 W IorapForwardingService: No service published for: iorapd
06-10 14:11:04.205 487 998 W ZramWriteback: Writeback device is not set
06-10 14:11:04.206 487 998 D ZramWriteback: wait to flush
06-10 14:11:04.959 487 532 W IorapForwardingService: No service published for: iorapd
06-10 14:11:05.946 2225 2348 D UtilLog : 日志批量上报 进行正常循环 !!!!!!本次有0次请求,共0条数据
06-10 14:11:05.961 487 532 W IorapForwardingService: No service published for: iorapd
06-10 14:11:06.105 669 669 E WifiHAL : wifi_get_link_stats: requestResponse Error:-5
06-10 14:11:06.107 487 620 E WifiVendorHal: getWifiLinkLayerStats_1_5_Internal(l.1191) failed {.code = ERROR_INVALID_ARGS, .description = }
06-10 14:11:06.963 487 532 W IorapForwardingService: No service published for: iorapd
06-10 14:11:07.686 322 3561 D XM_HIDREAD: poll ret=1, event=1
06-10 14:11:07.686 322 3561 D XM_HIDREAD: [9 bytes]:01 00 00 51 00 00 00 00 00
06-10 14:11:07.687 487 606 D TvWindowManager: key event key = KEYCODE_DPAD_DOWN down = true
06-10 14:11:07.688 487 605 D GpioService: mFlickerEnable = true
06-10 14:11:07.744 322 3561 D XM_HIDREAD: poll ret=1, event=1
06-10 14:11:07.744 322 3561 D XM_HIDREAD: [9 bytes]:01 00 00 00 00 00 00 00 00
06-10 14:11:07.745 487 606 D TvWindowManager: key event key = KEYCODE_DPAD_DOWN down = false
06-10 14:11:07.837 487 605 D GpioService: mFlickerEnable = true
06-10 14:11:07.839 2259 2259 I SogouIME: onKeyDown: keyoCode=20
06-10 14:11:07.839 2259 2259 I DefaultIMS: onKeyDown: keyoCode=20
06-10 14:11:07.844 2259 2259 I SogouIME: onKeyUp: keyoCode=20
06-10 14:11:07.844 2259 2259 I DefaultIMS: onKeyUp: keyoCode=20
06-10 14:11:07.846 322 3561 D XM_HIDREAD: poll ret=1, event=1
06-10 14:11:07.846 322 3561 D XM_HIDREAD: [9 bytes]:01 00 00 51 00 00 00 00 00
06-10 14:11:07.847 487 606 D TvWindowManager: key event key = KEYCODE_DPAD_DOWN down = true
06-10 14:11:07.849 487 605 D GpioService: mFlickerEnable = true
06-10 14:11:07.855 2259 2259 I DefaultIMS: onStartInput attribute=android.view.inputmethod.EditorInfo@fdba82 restarting=false inputType: 0
06-10 14:11:07.944 322 3561 D XM_HIDREAD: poll ret=1, event=1
06-10 14:11:07.945 487 606 D TvWindowManager: key event key = KEYCODE_DPAD_DOWN down = false
06-10 14:11:07.945 322 3561 D XM_HIDREAD: [9 bytes]:01 00 00 00 00 00 00 00 00
06-10 14:11:07.966 487 532 W IorapForwardingService: No service published for: iorapd
06-10 14:11:07.995 487 605 D GpioService: mFlickerEnable = true
06-10 14:11:07.996 2259 2259 I SogouIME: onKeyDown: keyoCode=20
06-10 14:11:07.996 2259 2259 I DefaultIMS: onKeyDown: keyoCode=20
06-10 14:11:08.000 2259 2259 I SogouIME: onKeyUp: keyoCode=20
06-10 14:11:08.000 2259 2259 I DefaultIMS: onKeyUp: keyoCode=20
06-10 14:11:08.005 322 3561 D XM_HIDREAD: poll ret=1, event=1
06-10 14:11:08.005 322 3561 D XM_HIDREAD: [9 bytes]:01 00 00 51 00 00 00 00 00
06-10 14:11:08.005 487 606 D TvWindowManager: key event key = KEYCODE_DPAD_DOWN down = true
06-10 14:11:08.006 487 605 D GpioService: mFlickerEnable = true
06-10 14:11:08.015 2259 2259 I DefaultIMS: onStartInput attribute=android.view.inputmethod.EditorInfo@d683593 restarting=false inputType: 0
06-10 14:11:08.105 322 3561 D XM_HIDREAD: poll ret=1, event=1
06-10 14:11:08.105 322 3561 D XM_HIDREAD: [9 bytes]:01 00 00 00 00 00 00 00 00
06-10 14:11:08.106 487 606 D TvWindowManager: key event key = KEYCODE_DPAD_DOWN down = false
06-10 14:11:08.156 487 605 D GpioService: mFlickerEnable = true
06-10 14:11:08.158 2259 2259 I SogouIME: onKeyDown: keyoCode=20
06-10 14:11:08.158 2259 2259 I DefaultIMS: onKeyDown: keyoCode=20
06-10 14:11:08.162 2259 2259 I SogouIME: onKeyUp: keyoCode=20
06-10 14:11:08.162 2259 2259 I DefaultIMS: onKeyUp: keyoCode=20
06-10 14:11:08.182 2259 2259 I DefaultIMS: onStartInput attribute=android.view.inputmethod.EditorInfo@863c9d0 restarting=false inputType: 0
06-10 14:11:08.185 322 3561 D XM_HIDREAD: poll ret=1, event=1
06-10 14:11:08.185 322 3561 D XM_HIDREAD: [9 bytes]:01 00 00 51 00 00 00 00 00
06-10 14:11:08.185 487 606 D TvWindowManager: key event key = KEYCODE_DPAD_DOWN down = true
06-10 14:11:08.186 487 605 D GpioService: mFlickerEnable = true
06-10 14:11:08.285 322 3561 D XM_HIDREAD: poll ret=1, event=1
06-10 14:11:08.285 322 3561 D XM_HIDREAD: [9 bytes]:01 00 00 00 00 00 00 00 00
06-10 14:11:08.285 487 606 D TvWindowManager: key event key = KEYCODE_DPAD_DOWN down = false
06-10 14:11:08.336 487 605 D GpioService: mFlickerEnable = true
06-10 14:11:08.338 2259 2259 I SogouIME: onKeyDown: keyoCode=20
06-10 14:11:08.339 2259 2259 I DefaultIMS: onKeyDown: keyoCode=20
06-10 14:11:08.348 2259 2259 I SogouIME: onKeyUp: keyoCode=20
06-10 14:11:08.348 2259 2259 I DefaultIMS: onKeyUp: keyoCode=20
06-10 14:11:08.352 2259 2259 I DefaultIMS: onStartInput attribute=android.view.inputmethod.EditorInfo@da7dc9 restarting=false inputType: 0
06-10 14:11:08.561 677 1268 D BluetoothAdapterService: cancelDiscovery
06-10 14:11:08.562 677 1005 I bt_btif_dm: system/bt/btif/src/btif_dm.cc:1884 btif_dm_cancel_discovery: Cancel search
06-10 14:11:08.968 487 532 W IorapForwardingService: No service published for: iorapd
06-10 14:11:09.120 669 669 E WifiHAL : wifi_get_link_stats: requestResponse Error:-5
06-10 14:11:09.123 487 620 E WifiVendorHal: getWifiLinkLayerStats_1_5_Internal(l.1191) failed {.code = ERROR_INVALID_ARGS, .description = }
06-10 14:11:09.970 487 532 W IorapForwardingService: No service published for: iorapd
06-10 14:11:10.166 3029 3038 I gbei.screencas: Background concurrent copying GC freed 54746(6399KB) AllocSpace objects, 0(0B) LOS objects, 49% free, 6060KB/11MB, paused 209us total 182.870ms
06-10 14:11:10.761 1133 1133 D aaa : LedStatusService onStartCommand begin
06-10 14:11:10.763 1133 3810 D aaa : topPkg is -------------- :com.dangbei.haqusetting
06-10 14:11:10.764 1189 1189 D bbb : onStartCommand begin !!!!!!! data分区剩余 20615MB
06-10 14:11:10.973 487 532 W IorapForwardingService: No service published for: iorapd
06-10 14:11:11.975 487 532 W IorapForwardingService: No service published for: iorapd
06-10 14:11:12.140 669 669 E WifiHAL : wifi_get_link_stats: requestResponse Error:-5
06-10 14:11:12.143 487 620 E WifiVendorHal: getWifiLinkLayerStats_1_5_Internal(l.1191) failed {.code = ERROR_INVALID_ARGS, .description = }
06-10 14:11:12.978 487 532 W IorapForwardingService: No service published for: iorapd
06-10 14:11:13.247 277 297 D hdmi-cec: receive invalid cec message!
06-10 14:11:13.248 277 297 D hdmi-cec: receive poll message [04], skip!
06-10 14:11:13.980 487 532 W IorapForwardingService: No service published for: iorapd
06-10 14:11:14.983 487 532 W IorapForwardingService: No service published for: iorapd
06-10 14:11:15.159 669 669 E WifiHAL : wifi_get_link_stats: requestResponse Error:-5
06-10 14:11:15.162 487 620 E WifiVendorHal: getWifiLinkLayerStats_1_5_Internal(l.1191) failed {.code = ERROR_INVALID_ARGS, .description = }
06-10 14:11:15.792 1103 1114 I d.leradlaunche: Background concurrent copying GC freed 391395(14MB) AllocSpace objects, 82(6776KB) LOS objects, 49% free, 10MB/20MB, paused 224us total 290.596ms
06-10 14:11:15.945 2225 2348 D UtilLog : 日志批量上报 进行正常循环 !!!!!!本次有0次请求,共0条数据
06-10 14:11:15.986 487 532 W IorapForwardingService: No service published for: iorapd
06-10 14:11:16.988 487 532 W IorapForwardingService: No service published for: iorapd
06-10 14:11:17.991 487 532 W IorapForwardingService: No service published for: iorapd
06-10 14:11:18.178 669 669 E WifiHAL : wifi_get_link_stats: requestResponse Error:-5
06-10 14:11:18.182 487 620 E WifiVendorHal: getWifiLinkLayerStats_1_5_Internal(l.1191) failed {.code = ERROR_INVALID_ARGS, .description = }
06-10 14:11:18.806 1189 1189 D bbb : onStartCommand begin !!!!!!! data分区剩余 20615MB
06-10 14:11:18.807 1133 1133 D aaa : LedStatusService onStartCommand begin
06-10 14:11:18.810 1133 3822 D aaa : topPkg is -------------- :com.dangbei.haqusetting
06-10 14:11:18.993 487 532 W IorapForwardingService: No service published for: iorapd
06-10 14:11:19.996 487 532 W IorapForwardingService: No service published for: iorapd
06-10 14:11:20.999 487 532 W IorapForwardingService: No service published for: iorapd
06-10 14:11:21.197 669 669 E WifiHAL : wifi_get_link_stats: requestResponse Error:-5
06-10 14:11:21.199 487 620 E WifiVendorHal: getWifiLinkLayerStats_1_5_Internal(l.1191) failed {.code = ERROR_INVALID_ARGS, .description = }
06-10 14:11:22.002 487 532 W IorapForwardingService: No service published for: iorapd
06-10 14:11:23.004 487 532 W IorapForwardingService: No service published for: iorapd
06-10 14:11:24.006 487 532 W IorapForwardingService: No service published for: iorapd
06-10 14:11:24.215 669 669 E WifiHAL : wifi_get_link_stats: requestResponse Error:-5
06-10 14:11:24.218 487 620 E WifiVendorHal: getWifiLinkLayerStats_1_5_Internal(l.1191) failed {.code = ERROR_INVALID_ARGS, .description = }
06-10 14:11:25.008 487 532 W IorapForwardingService: No service published for: iorapd
06-10 14:11:25.936 2225 2348 D UtilLog : 日志批量上报 进行正常循环 !!!!!!本次有0次请求,共0条数据
06-10 14:11:26.011 487 532 W IorapForwardingService: No service published for: iorapd
06-10 14:11:26.846 1189 1189 D bbb : onStartCommand begin !!!!!!! data分区剩余 20615MB
06-10 14:11:26.853 1133 1133 D aaa : LedStatusService onStartCommand begin
06-10 14:11:26.855 1133 3833 D aaa : topPkg is -------------- :com.dangbei.haqusetting
06-10 14:11:27.014 487 532 W IorapForwardingService: No service published for: iorapd
06-10 14:11:27.232 669 669 E WifiHAL : wifi_get_link_stats: requestResponse Error:-5
06-10 14:11:27.234 487 620 E WifiVendorHal: getWifiLinkLayerStats_1_5_Internal(l.1191) failed {.code = ERROR_INVALID_ARGS, .description = }
06-10 14:11:28.017 487 532 W IorapForwardingService: No service published for: iorapd
06-10 14:11:28.273 277 297 D hdmi-cec: receive invalid cec message!
06-10 14:11:28.274 277 297 D hdmi-cec: receive poll message [04], skip!
06-10 14:11:29.020 487 532 W IorapForwardingService: No service published for: iorapd
06-10 14:11:30.022 487 532 W IorapForwardingService: No service published for: iorapd
06-10 14:11:30.251 669 669 E WifiHAL : wifi_get_link_stats: requestResponse Error:-5
06-10 14:11:30.253 487 620 E WifiVendorHal: getWifiLinkLayerStats_1_5_Internal(l.1191) failed {.code = ERROR_INVALID_ARGS, .description = }
06-10 14:11:31.025 487 532 W IorapForwardingService: No service published for: iorapd
06-10 14:11:32.027 487 532 W IorapForwardingService: No service published for: iorapd
06-10 14:11:33.029 487 532 W IorapForwardingService: No service published for: iorapd
06-10 14:11:33.266 669 669 E WifiHAL : wifi_get_link_stats: requestResponse Error:-5
06-10 14:11:33.267 487 620 E WifiVendorHal: getWifiLinkLayerStats_1_5_Internal(l.1191) failed {.code = ERROR_INVALID_ARGS, .description = }
06-10 14:11:34.031 487 532 W IorapForwardingService: No service published for: iorapd
06-10 14:11:34.207 487 998 W ZramWriteback: Writeback device is not set
06-10 14:11:34.207 487 998 D ZramWriteback: wait to flush
06-10 14:11:34.262 3029 3038 I gbei.screencas: Background concurrent copying GC freed 56939(6271KB) AllocSpace objects, 0(0B) LOS objects, 49% free, 6022KB/11MB, paused 127us total 140.223ms
06-10 14:11:34.875 1189 1189 D bbb : onStartCommand begin !!!!!!! data分区剩余 20615MB
06-10 14:11:34.880 1133 1133 D aaa : LedStatusService onStartCommand begin
06-10 14:11:34.882 1133 3845 D aaa : topPkg is -------------- :com.dangbei.haqusetting
