06-09 11:43:15.666 487 538 D SystemServerInitThreadPool: Finished executing Update app-ops uidState in case package com.dangbei.lerad.etna.haqu changed
06-09 11:43:15.666 487 538 I SystemServerTimingAsync: InitThreadPoolExec:Update app-ops uidState in case package com.oranth.powerwindow changed
06-09 11:43:15.666 487 538 D SystemServerInitThreadPool: Started executing Update app-ops uidState in case package com.oranth.powerwindow changed
06-09 11:43:15.666 487 538 D SystemServerInitThreadPool: Finished executing Update app-ops uidState in case package com.oranth.powerwindow changed
06-09 11:43:15.666 487 487 I SystemServerTiming: watchDeviceProvisioning
06-09 11:43:15.666 487 527 I SystemServerTimingAsync: InitThreadPoolExec:Update app-ops uidState in case package com.oranth.usbopenft changed
06-09 11:43:15.666 487 527 D SystemServerInitThreadPool: Started executing Update app-ops uidState in case package com.oranth.usbopenft changed
06-09 11:43:15.666 487 527 D SystemServerInitThreadPool: Finished executing Update app-ops uidState in case package com.oranth.usbopenft changed
06-09 11:43:15.666 487 527 I SystemServerTimingAsync: InitThreadPoolExec:Update app-ops uidState in case package com.android.wallpaperbackup changed
06-09 11:43:15.666 487 527 D SystemServerInitThreadPool: Started executing Update app-ops uidState in case package com.android.wallpaperbackup changed
06-09 11:43:15.666 487 527 D SystemServerInitThreadPool: Finished executing Update app-ops uidState in case package com.android.wallpaperbackup changed
06-09 11:43:15.666 487 579 D SystemServerInitThreadPool: Finished executing Update app-ops uidState in case package com.android.providers.contacts changed
06-09 11:43:15.667 487 538 I SystemServerTimingAsync: InitThreadPoolExec:Update app-ops uidState in case package com.android.location.fused changed
06-09 11:43:15.667 487 579 I SystemServerTimingAsync: InitThreadPoolExec:Update app-ops uidState in case package com.dangbei.haqusetting changed
06-09 11:43:15.667 487 538 D SystemServerInitThreadPool: Started executing Update app-ops uidState in case package com.android.location.fused changed
06-09 11:43:15.667 487 588 D SystemServerInitThreadPool: Started executing Update app-ops uidState in case package com.oranth.inputmacsn changed
06-09 11:43:15.667 487 527 I SystemServerTimingAsync: InitThreadPoolExec:Update app-ops uidState in case package com.oranth.storage changed
06-09 11:43:15.667 487 527 D SystemServerInitThreadPool: Started executing Update app-ops uidState in case package com.oranth.storage changed
06-09 11:43:15.667 487 588 D SystemServerInitThreadPool: Finished executing Update app-ops uidState in case package com.oranth.inputmacsn changed
06-09 11:43:15.667 487 579 D SystemServerInitThreadPool: Started executing Update app-ops uidState in case package com.dangbei.haqusetting changed
06-09 11:43:15.667 487 588 I SystemServerTimingAsync: InitThreadPoolExec:Update app-ops uidState in case package com.softwinner.miracastReceiver changed
06-09 11:43:15.667 487 588 D SystemServerInitThreadPool: Started executing Update app-ops uidState in case package com.softwinner.miracastReceiver changed
06-09 11:43:15.667 487 538 D SystemServerInitThreadPool: Finished executing Update app-ops uidState in case package com.android.location.fused changed
06-09 11:43:15.667 487 579 D SystemServerInitThreadPool: Finished executing Update app-ops uidState in case package com.dangbei.haqusetting changed
06-09 11:43:15.667 487 527 D SystemServerInitThreadPool: Finished executing Update app-ops uidState in case package com.oranth.storage changed
06-09 11:43:15.667 487 588 D SystemServerInitThreadPool: Finished executing Update app-ops uidState in case package com.softwinner.miracastReceiver changed
06-09 11:43:15.683 487 487 I SystemServerTiming: retrieveSettings
06-09 11:43:15.686 487 487 I ActivityTaskManager: Config changes=10000000 {1.0 ?mcc?mnc [zh_CN] ldltr sw720dp w1280dp h696dp 240dpi xlrg long land television -touch qwerty/v/v dpad/v winConfig={ mBounds=Rect(0, 0 - 1920, 1080) mAppBounds=Rect(0, 0 - 1920, 1080) mMaxBounds=Rect(0, 0 - 1920, 1080) mWindowingMode=fullscreen mDisplayWindowingMode=fullscreen mActivityType=undefined mAlwaysOnTop=undefined mRotation=ROTATION_0} s.6 fontWeightAdjustment=0}
06-09 11:43:15.687 487 487 I WindowManager: Override config changes=10000000 {1.0 ?mcc?mnc [zh_CN] ldltr sw720dp w1280dp h696dp 240dpi xlrg long land television -touch qwerty/v/v dpad/v winConfig={ mBounds=Rect(0, 0 - 1920, 1080) mAppBounds=Rect(0, 0 - 1920, 1080) mMaxBounds=Rect(0, 0 - 1920, 1080) mWindowingMode=fullscreen mDisplayWindowingMode=fullscreen mActivityType=undefined mAlwaysOnTop=undefined mRotation=ROTATION_0} s.6 fontWeightAdjustment=0} for displayId=0
06-09 11:43:15.690 487 487 I SystemServerTiming: Ugm.onSystemReady
06-09 11:43:15.690 487 487 I SystemServerTiming: updateForceBackgroundCheck
06-09 11:43:15.691 487 487 I SystemServer: Making services ready
06-09 11:43:15.691 487 487 I SystemServerTiming: StartActivityManagerReadyPhase
06-09 11:43:15.691 487 487 I SystemServiceManager: Starting phase 550
06-09 11:43:15.691 487 487 I SystemServerTiming: OnBootPhase_550
06-09 11:43:15.693 197 197 I hwservicemanager: getTransport: Cannot find entry android.hardware.thermal@2.0::IThermal/default in either framework or device VINTF manifest.
06-09 11:43:15.693 487 487 E ThermalHalWrapper: Thermal HAL 2.0 service not connected.
06-09 11:43:15.694 197 197 I hwservicemanager: getTransport: Cannot find entry android.hardware.thermal@1.1::IThermal/default in either framework or device VINTF manifest.
06-09 11:43:15.694 487 487 E ThermalHalWrapper: Thermal HAL 1.1 service not connected.
06-09 11:43:15.694 197 197 I hwservicemanager: getTransport: Cannot find entry android.hardware.thermal@1.0::IThermal/default in either framework or device VINTF manifest.
06-09 11:43:15.694 487 487 E ThermalHalWrapper: Thermal HAL 1.0 service not connected.
06-09 11:43:15.694 487 487 W ThermalManagerService: No Thermal HAL service on this device
06-09 11:43:15.698 487 487 W ActivityManager: Unable to start service Intent { act=com.android.ITelecomService cmp=com.android.server.telecom/.components.TelecomService } U=0: not found
06-09 11:43:15.702 487 487 I SyncManager: No initial accounts
06-09 11:43:15.707 487 487 D BluetoothManagerService: Bluetooth boot completed
06-09 11:43:15.707 487 487 D BluetoothManagerService: Auto-enabling Bluetooth.
06-09 11:43:15.708 487 487 D BluetoothA2dp: Binding service...
06-09 11:43:15.711 487 532 D BluetoothManagerService: MESSAGE_ENABLE(0): mBluetooth = null
06-09 11:43:15.711 487 532 D BluetoothManagerService: binding Bluetooth service
06-09 11:43:15.712 487 487 I BluetoothAirplaneModeListener: start
06-09 11:43:15.714 487 532 D CompatibilityChangeReporter: Compat change id reported: 135634846; UID 1002; state: DISABLED
06-09 11:43:15.732 487 487 W InputMethodUtils: Found no fallback locale. imis=[InputMethodInfo{com.sohu.inputmethod.sogou.tv/.SogouIME, settings: com.sohu.inputmethod.sogou.SogouIMESettingsLauncher}]
06-09 11:43:15.733 257 257 D Zygote : Forked child process 677
06-09 11:43:15.734 487 487 W InputMethodUtils: No software keyboard is found. imis=[InputMethodInfo{com.sohu.inputmethod.sogou.tv/.SogouIME, settings: com.sohu.inputmethod.sogou.SogouIMESettingsLauncher}] systemLocale=zh_CN fallbackLocale=null
06-09 11:43:15.735 487 549 I ActivityManager: app.processName = com.android.bluetooth
06-09 11:43:15.735 487 549 I ActivityManager: Start proc 677:com.android.bluetooth/1002 for service {com.android.bluetooth/com.android.bluetooth.btservice.AdapterService}
06-09 11:43:15.736 487 487 I RebootEscrowManager: No reboot escrow data found for users, skipping loading escrow data
06-09 11:43:15.740 487 487 I WallpaperManagerService: No static wallpaper imagery; defaults will be shown
06-09 11:43:15.740 487 487 V WallpaperManagerService: bindWallpaperComponentLocked: componentName=ComponentInfo{com.android.systemui/com.android.systemui.ImageWallpaper}
06-09 11:43:15.740 677 677 I Zygote : seccomp disabled by setenforce 0
06-09 11:43:15.744 487 487 D CompatibilityChangeReporter: Compat change id reported: 135634846; UID 10061; state: DISABLED
06-09 11:43:15.744 487 487 D CompatibilityChangeReporter: Compat change id reported: 177438394; UID 10061; state: DISABLED
06-09 11:43:15.744 487 487 D CompatibilityChangeReporter: Compat change id reported: 135772972; UID 10061; state: DISABLED
06-09 11:43:15.744 487 487 D CompatibilityChangeReporter: Compat change id reported: 135754954; UID 10061; state: ENABLED
06-09 11:43:15.745 487 549 D CompatibilityChangeReporter: Compat change id reported: 143937733; UID 10061; state: ENABLED
06-09 11:43:15.757 257 257 D Zygote : Forked child process 684
06-09 11:43:15.759 393 408 I adbd : jdwp connection from 677
06-09 11:43:15.760 487 549 I ActivityManager: app.processName = com.android.systemui
06-09 11:43:15.760 487 549 I ActivityManager: Start proc 684:com.android.systemui/u0a61 for service {com.android.systemui/com.android.systemui.ImageWallpaper}
06-09 11:43:15.762 487 487 E BitmapFactory: Unable to decode stream: java.io.FileNotFoundException: /data/system/users/0/wallpaper_orig: open failed: ENOENT (No such file or directory)
06-09 11:43:15.762 487 487 W WallpaperManagerService: Invalid wallpaper data
06-09 11:43:15.762 487 487 E WallpaperManagerService: Unable to apply new wallpaper
06-09 11:43:15.764 262 262 V audio_hw_primary: adev_set_parameters, A2dpSuspended=false
06-09 11:43:15.764 487 487 D AdbService: systemReady
06-09 11:43:15.765 487 637 D BluetoothManagerService: Trying to bind to profile: 1, while Bluetooth was disabled
06-09 11:43:15.765 487 487 D SoundTriggerService: onBootPhase: 550 : false
06-09 11:43:15.766 487 637 D BluetoothA2dp: Binding service...
06-09 11:43:15.767 487 538 I SystemServerTimingAsync: InitThreadPoolExec:UsbService$Lifecycle#onBootPhase
06-09 11:43:15.767 487 538 D SystemServerInitThreadPool: Started executing UsbService$Lifecycle#onBootPhase
06-09 11:43:15.769 278 278 E android.hardware.usb@1.0-service: Failed to open /sys/class/typec
06-09 11:43:15.769 487 646 E UsbPortManager: port status enquiry failed
06-09 11:43:15.770 262 262 V audio_hw_primary: adev_set_parameters, BT_SCO=off
06-09 11:43:15.770 487 538 D SystemServerInitThreadPool: Finished executing UsbService$Lifecycle#onBootPhase
06-09 11:43:15.771 487 638 I AS.AudioDeviceInventory: removePreferredDevicesForStrategySync, strategy: 14
06-09 11:43:15.773 487 487 I AppBindingService: Updating constants with: null
06-09 11:43:15.777 684 684 I Zygote : seccomp disabled by setenforce 0
06-09 11:43:15.781 262 262 D audio_hw_primary: Mic get_audio_devices_active:
06-09 11:43:15.781 262 262 D audio_hw_primary: get_audio_devices_active: AUDIO_HDMI
06-09 11:43:15.782 262 262 D xm_audio: adev_get_parameters
06-09 11:43:15.782 282 422 I hash_map_utils: system/bt/osi/src/hash_map_utils.cc:81 hash_map_utils_dump_string_keys_string_values: key: 'audio_devices_out_active' value: ''
06-09 11:43:15.783 262 262 V audio_hw_primary: adev_set_parameters, mediasw.sft.rawdata=HDMI_RAW
06-09 11:43:15.780 1 1 I /system/bin/init: type=1107 audit(0.0:342): uid=0 auid=4294967295 ses=4294967295 subj=u:r:init:s0 msg='avc: denied { set } for property=vendor.mediasw.sft.rawdata pid=262 uid=1041 gid=1005 scontext=u:r:hal_audio_default:s0 tcontext=u:object_r:vendor_audio_prop:s0 tclass=property_service permissive=1'
06-09 11:43:15.789 282 422 I AudioFlinger: systemReady
06-09 11:43:15.789 487 487 I PackageManager: Permission ownership changed. Updating all permissions.
06-09 11:43:15.794 393 408 I adbd : jdwp connection from 684
06-09 11:43:15.795 487 637 D AS.AudioService: No vibrator found
06-09 11:43:15.832 365 473 D MediaCodecList: Allowing all OMX codecs
06-09 11:43:15.834 487 487 W SystemServiceManager: Service com.android.server.policy.PermissionPolicyService took 61 ms in onBootPhase
06-09 11:43:15.834 487 487 I SystemServerTiming: StartObservingNativeCrashes
06-09 11:43:15.834 487 591 D CompatibilityChangeReporter: Compat change id reported: 168419799; UID 1002; state: DISABLED
06-09 11:43:15.835 487 487 I SystemServerTiming: RegisterAppOpsPolicy
06-09 11:43:15.835 487 591 W ActivityManager: Slow operation: 56ms so far, now at attachApplicationLocked: immediately before bindApplication
06-09 11:43:15.837 365 473 E cutils-trace: Error opening trace file: No such file or directory (2)
06-09 11:43:15.842 487 591 W ActivityManager: Slow operation: 63ms so far, now at attachApplicationLocked: immediately after bindApplication
06-09 11:43:15.842 487 591 W ActivityManager: Slow operation: 63ms so far, now at attachApplicationLocked: after updateLruProcessLocked
06-09 11:43:15.843 365 473 I OMXClient: IOmx service obtained
06-09 11:43:15.844 370 370 I OMXStore: makeComponentInstance(OMX.allwinner.video.decoder.avc) in android.hardwar process
06-09 11:43:15.854 487 591 W ActivityManager: Slow operation: 75ms so far, now at attachApplicationLocked: after mServices.attachApplicationLocked
06-09 11:43:15.854 370 370 I omx_vdec_aw: : OmxDecoderCreate.
06-09 11:43:15.855 370 370 W omx_vdec: <__AwOmxVdecSetParameter:1561>: Set Parameter called in valid state
06-09 11:43:15.856 370 370 W omx_vdec: : pParamProfileLevel->nProfileIndex[0x3] error!
06-09 11:43:15.856 370 370 E OMXNodeInstance: getParameter(0xf7119000:allwinner.decoder.avc, ParamVideoProfileLevelQuerySupported(0x600000f)) ERROR: BadParameter(0x80001005)
06-09 11:43:15.856 370 370 W omx_vdec: <__AwOmxVdecGetExtensionIndex:1737>: GetExtensionIndex OMX.google.android.index.describeColorFormat, err [0x80001001].
06-09 11:43:15.856 487 510 D CompatibilityChangeReporter: Compat change id reported: 168419799; UID 10061; state: DISABLED
06-09 11:43:15.856 370 370 W omx_vdec: <__AwOmxVdecGetExtensionIndex:1737>: GetExtensionIndex OMX.google.android.index.describeColorFormat2, err [0x80001001].
06-09 11:43:15.856 370 370 E omx_vdec: : erro: pParamData->nIndex > m_sPortFormatType.nIndex
06-09 11:43:15.856 370 370 W omx_vdec: <__AwOmxVdecGetExtensionIndex:1737>: GetExtensionIndex OMX.google.android.index.describeColorFormat, err [0x80001001].
06-09 11:43:15.856 370 370 W omx_vdec: <__AwOmxVdecGetExtensionIndex:1737>: GetExtensionIndex OMX.google.android.index.describeColorFormat2, err [0x80001001].
06-09 11:43:15.856 370 370 E omx_vdec: : erro: pParamData->nIndex > m_sPortFormatType.nIndex
06-09 11:43:15.857 370 370 W omx_vdec: <__AwOmxVdecGetExtensionIndex:1737>: GetExtensionIndex OMX.google.android.index.describeColorFormat, err [0x80001001].
06-09 11:43:15.857 370 370 W omx_vdec: <__AwOmxVdecGetExtensionIndex:1737>: GetExtensionIndex OMX.google.android.index.describeColorFormat2, err [0x80001001].
06-09 11:43:15.857 677 677 D CompatibilityChangeReporter: Compat change id reported: 171979766; UID 1002; state: ENABLED
06-09 11:43:15.857 370 370 E omx_vdec: : erro: pParamData->nIndex > m_sPortFormatType.nIndex
06-09 11:43:15.857 370 370 W omx_vdec: <__AwOmxVdecGetExtensionIndex:1737>: GetExtensionIndex OMX.google.android.index.describeColorFormat, err [0x80001001].
06-09 11:43:15.857 370 370 W omx_vdec: <__AwOmxVdecGetExtensionIndex:1737>: GetExtensionIndex OMX.google.android.index.describeColorFormat2, err [0x80001001].
06-09 11:43:15.857 370 370 E omx_vdec: : erro: pParamData->nIndex > m_sPortFormatType.nIndex
06-09 11:43:15.857 370 370 W omx_vdec: <__AwOmxVdecGetExtensionIndex:1737>: GetExtensionIndex OMX.google.android.index.describeColorFormat, err [0x80001001].
06-09 11:43:15.857 370 370 W omx_vdec: <__AwOmxVdecGetExtensionIndex:1737>: GetExtensionIndex OMX.google.android.index.describeColorFormat2, err [0x80001001].
06-09 11:43:15.857 370 370 E omx_vdec: : erro: pParamData->nIndex > m_sPortFormatType.nIndex
06-09 11:43:15.858 370 370 W omx_vdec: <__AwOmxVdecGetExtensionIndex:1737>: GetExtensionIndex OMX.google.android.index.describeColorFormat, err [0x80001001].
06-09 11:43:15.858 370 370 W omx_vdec: <__AwOmxVdecGetExtensionIndex:1737>: GetExtensionIndex OMX.google.android.index.describeColorFormat2, err [0x80001001].
06-09 11:43:15.858 370 370 E omx_vdec: : erro: pParamData->nIndex > m_sPortFormatType.nIndex
06-09 11:43:15.858 370 370 W omx_vdec: <__AwOmxVdecGetExtensionIndex:1737>: GetExtensionIndex OMX.google.android.index.describeColorFormat, err [0x80001001].
06-09 11:43:15.858 370 370 W omx_vdec: <__AwOmxVdecGetExtensionIndex:1737>: GetExtensionIndex OMX.google.android.index.describeColorFormat2, err [0x80001001].
06-09 11:43:15.858 370 370 E omx_vdec: : erro: pParamData->nIndex > m_sPortFormatType.nIndex
06-09 11:43:15.858 370 370 W omx_vdec: <__AwOmxVdecGetExtensionIndex:1737>: GetExtensionIndex OMX.google.android.index.describeColorFormat, err [0x80001001].
06-09 11:43:15.858 370 370 W omx_vdec: <__AwOmxVdecGetExtensionIndex:1737>: GetExtensionIndex OMX.google.android.index.describeColorFormat2, err [0x80001001].
06-09 11:43:15.858 370 370 E omx_vdec: : erro: pParamData->nIndex > m_sPortFormatType.nIndex
06-09 11:43:15.859 370 370 W omx_vdec: <__AwOmxVdecGetExtensionIndex:1737>: GetExtensionIndex OMX.google.android.index.describeColorFormat, err [0x80001001].
06-09 11:43:15.859 370 370 W omx_vdec: <__AwOmxVdecGetExtensionIndex:1737>: GetExtensionIndex OMX.google.android.index.describeColorFormat2, err [0x80001001].
06-09 11:43:15.859 370 370 E omx_vdec: : erro: pParamData->nIndex > m_sPortFormatType.nIndex
06-09 11:43:15.859 370 370 W omx_vdec: <__AwOmxVdecGetExtensionIndex:1737>: GetExtensionIndex OMX.google.android.index.describeColorFormat, err [0x80001001].
06-09 11:43:15.859 370 370 W omx_vdec: <__AwOmxVdecGetExtensionIndex:1737>: GetExtensionIndex OMX.google.android.index.describeColorFormat2, err [0x80001001].
06-09 11:43:15.859 370 370 E omx_vdec: : erro: pParamData->nIndex > m_sPortFormatType.nIndex
06-09 11:43:15.859 370 370 W omx_vdec: <__AwOmxVdecGetExtensionIndex:1737>: GetExtensionIndex OMX.google.android.index.describeColorFormat, err [0x80001001].
06-09 11:43:15.859 370 370 W omx_vdec: <__AwOmxVdecGetExtensionIndex:1737>: GetExtensionIndex OMX.google.android.index.describeColorFormat2, err [0x80001001].
06-09 11:43:15.860 370 370 E omx_vdec: : erro: pParamData->nIndex > m_sPortFormatType.nIndex
06-09 11:43:15.860 370 370 W omx_vdec: <__AwOmxVdecGetExtensionIndex:1737>: GetExtensionIndex OMX.google.android.index.describeColorFormat, err [0x80001001].
06-09 11:43:15.860 370 370 W omx_vdec: <__AwOmxVdecGetExtensionIndex:1737>: GetExtensionIndex OMX.google.android.index.describeColorFormat2, err [0x80001001].
06-09 11:43:15.860 370 370 E omx_vdec: : erro: pParamData->nIndex > m_sPortFormatType.nIndex
06-09 11:43:15.860 370 370 W omx_vdec: <__AwOmxVdecGetExtensionIndex:1737>: GetExtensionIndex OMX.google.android.index.describeColorFormat, err [0x80001001].
06-09 11:43:15.860 370 370 W omx_vdec: <__AwOmxVdecGetExtensionIndex:1737>: GetExtensionIndex OMX.google.android.index.describeColorFormat2, err [0x80001001].
06-09 11:43:15.860 370 370 E omx_vdec: : erro: pParamData->nIndex > m_sPortFormatType.nIndex
06-09 11:43:15.860 370 370 W omx_vdec: <__AwOmxVdecGetExtensionIndex:1737>: GetExtensionIndex OMX.google.android.index.describeColorFormat, err [0x80001001].
06-09 11:43:15.860 370 370 W omx_vdec: <__AwOmxVdecGetExtensionIndex:1737>: GetExtensionIndex OMX.google.android.index.describeColorFormat2, err [0x80001001].
06-09 11:43:15.860 370 370 E omx_vdec: : erro: pParamData->nIndex > m_sPortFormatType.nIndex
06-09 11:43:15.861 370 370 W omx_vdec: <__AwOmxVdecGetExtensionIndex:1737>: GetExtensionIndex OMX.google.android.index.describeColorFormat, err [0x80001001].
06-09 11:43:15.861 370 370 W omx_vdec: <__AwOmxVdecGetExtensionIndex:1737>: GetExtensionIndex OMX.google.android.index.describeColorFormat2, err [0x80001001].
06-09 11:43:15.861 370 370 E omx_vdec: : erro: pParamData->nIndex > m_sPortFormatType.nIndex
06-09 11:43:15.861 370 370 W omx_vdec: <__AwOmxVdecGetExtensionIndex:1737>: GetExtensionIndex OMX.google.android.index.describeColorFormat, err [0x80001001].
06-09 11:43:15.861 370 370 W omx_vdec: <__AwOmxVdecGetExtensionIndex:1737>: GetExtensionIndex OMX.google.android.index.describeColorFormat2, err [0x80001001].
06-09 11:43:15.861 370 370 E omx_vdec: : erro: pParamData->nIndex > m_sPortFormatType.nIndex
06-09 11:43:15.861 370 370 W omx_vdec: <__AwOmxVdecGetExtensionIndex:1737>: GetExtensionIndex OMX.google.android.index.describeColorFormat, err [0x80001001].
06-09 11:43:15.861 370 370 W omx_vdec: <__AwOmxVdecGetExtensionIndex:1737>: GetExtensionIndex OMX.google.android.index.describeColorFormat2, err [0x80001001].
06-09 11:43:15.863 370 370 E omx_vdec: : erro: pParamData->nIndex > m_sPortFormatType.nIndex
06-09 11:43:15.863 370 370 W omx_vdec: <__AwOmxVdecGetExtensionIndex:1737>: GetExtensionIndex OMX.google.android.index.describeColorFormat, err [0x80001001].
06-09 11:43:15.863 370 370 W omx_vdec: <__AwOmxVdecGetExtensionIndex:1737>: GetExtensionIndex OMX.google.android.index.describeColorFormat2, err [0x80001001].
06-09 11:43:15.863 370 370 E omx_vdec: : erro: pParamData->nIndex > m_sPortFormatType.nIndex
06-09 11:43:15.863 370 370 W omx_vdec: <__AwOmxVdecGetExtensionIndex:1737>: GetExtensionIndex OMX.google.android.index.describeColorFormat, err [0x80001001].
06-09 11:43:15.864 370 370 W omx_vdec: <__AwOmxVdecGetExtensionIndex:1737>: GetExtensionIndex OMX.google.android.index.describeColorFormat2, err [0x80001001].
06-09 11:43:15.864 370 370 E omx_vdec: : erro: pParamData->nIndex > m_sPortFormatType.nIndex
06-09 11:43:15.864 370 370 W omx_vdec: <__AwOmxVdecGetExtensionIndex:1737>: GetExtensionIndex OMX.google.android.index.describeColorFormat, err [0x80001001].
06-09 11:43:15.864 370 370 W omx_vdec: <__AwOmxVdecGetExtensionIndex:1737>: GetExtensionIndex OMX.google.android.index.describeColorFormat2, err [0x80001001].
06-09 11:43:15.864 370 370 E omx_vdec: : erro: pParamData->nIndex > m_sPortFormatType.nIndex
06-09 11:43:15.864 370 370 W omx_vdec: <__AwOmxVdecGetExtensionIndex:1737>: GetExtensionIndex OMX.google.android.index.describeColorFormat, err [0x80001001].
06-09 11:43:15.864 370 370 W omx_vdec: <__AwOmxVdecGetExtensionIndex:1737>: GetExtensionIndex OMX.google.android.index.describeColorFormat2, err [0x80001001].
06-09 11:43:15.864 370 370 E omx_vdec: : erro: pParamData->nIndex > m_sPortFormatType.nIndex
06-09 11:43:15.864 370 370 W omx_vdec: <__AwOmxVdecGetExtensionIndex:1737>: GetExtensionIndex OMX.google.android.index.describeColorFormat, err [0x80001001].
06-09 11:43:15.865 370 370 W omx_vdec: <__AwOmxVdecGetExtensionIndex:1737>: GetExtensionIndex OMX.google.android.index.describeColorFormat2, err [0x80001001].
06-09 11:43:15.865 370 370 E omx_vdec: : erro: pParamData->nIndex > m_sPortFormatType.nIndex
06-09 11:43:15.865 370 370 W omx_vdec: <__AwOmxVdecGetExtensionIndex:1737>: GetExtensionIndex OMX.google.android.index.describeColorFormat, err [0x80001001].
06-09 11:43:15.865 370 370 W omx_vdec: <__AwOmxVdecGetExtensionIndex:1737>: GetExtensionIndex OMX.google.android.index.describeColorFormat2, err [0x80001001].
06-09 11:43:15.865 370 370 E omx_vdec: : erro: pParamData->nIndex > m_sPortFormatType.nIndex
06-09 11:43:15.865 370 370 W omx_vdec: <__AwOmxVdecGetExtensionIndex:1737>: GetExtensionIndex OMX.google.android.index.describeColorFormat, err [0x80001001].
06-09 11:43:15.865 370 370 W omx_vdec: <__AwOmxVdecGetExtensionIndex:1737>: GetExtensionIndex OMX.google.android.index.describeColorFormat2, err [0x80001001].
06-09 11:43:15.865 370 370 E omx_vdec: : erro: pParamData->nIndex > m_sPortFormatType.nIndex
06-09 11:43:15.865 370 370 W omx_vdec: <__AwOmxVdecGetExtensionIndex:1737>: GetExtensionIndex OMX.google.android.index.describeColorFormat, err [0x80001001].
06-09 11:43:15.866 370 370 W omx_vdec: <__AwOmxVdecGetExtensionIndex:1737>: GetExtensionIndex OMX.google.android.index.describeColorFormat2, err [0x80001001].
06-09 11:43:15.866 370 370 E omx_vdec: : erro: pParamData->nIndex > m_sPortFormatType.nIndex
06-09 11:43:15.866 370 370 W omx_vdec: <__AwOmxVdecGetExtensionIndex:1737>: GetExtensionIndex OMX.google.android.index.describeColorFormat, err [0x80001001].
06-09 11:43:15.866 370 370 W omx_vdec: <__AwOmxVdecGetExtensionIndex:1737>: GetExtensionIndex OMX.google.android.index.describeColorFormat2, err [0x80001001].
06-09 11:43:15.866 370 370 E omx_vdec: : erro: pParamData->nIndex > m_sPortFormatType.nIndex
06-09 11:43:15.866 370 370 W omx_vdec: <__AwOmxVdecGetExtensionIndex:1737>: GetExtensionIndex OMX.google.android.index.describeColorFormat, err [0x80001001].
06-09 11:43:15.866 370 370 W omx_vdec: <__AwOmxVdecGetExtensionIndex:1737>: GetExtensionIndex OMX.google.android.index.describeColorFormat2, err [0x80001001].
06-09 11:43:15.866 370 370 E omx_vdec: : erro: pParamData->nIndex > m_sPortFormatType.nIndex
06-09 11:43:15.866 370 370 W omx_vdec: <__AwOmxVdecGetExtensionIndex:1737>: GetExtensionIndex OMX.google.android.index.describeColorFormat, err [0x80001001].
06-09 11:43:15.867 370 370 W omx_vdec: <__AwOmxVdecGetExtensionIndex:1737>: GetExtensionIndex OMX.google.android.index.describeColorFormat2, err [0x80001001].
06-09 11:43:15.867 370 370 E omx_vdec: : erro: pParamData->nIndex > m_sPortFormatType.nIndex
06-09 11:43:15.867 370 370 W omx_vdec: <__AwOmxVdecGetExtensionIndex:1737>: GetExtensionIndex OMX.google.android.index.describeColorFormat, err [0x80001001].
06-09 11:43:15.867 370 370 W omx_vdec: <__AwOmxVdecGetExtensionIndex:1737>: GetExtensionIndex OMX.google.android.index.describeColorFormat2, err [0x80001001].
06-09 11:43:15.867 370 370 E omx_vdec: : erro: pParamData->nIndex > m_sPortFormatType.nIndex
06-09 11:43:15.867 370 370 W omx_vdec: <__AwOmxVdecGetExtensionIndex:1737>: GetExtensionIndex OMX.google.android.index.describeColorFormat, err [0x80001001].
06-09 11:43:15.867 370 370 W omx_vdec: <__AwOmxVdecGetExtensionIndex:1737>: GetExtensionIndex OMX.google.android.index.describeColorFormat2, err [0x80001001].
06-09 11:43:15.867 370 370 E omx_vdec: : erro: pParamData->nIndex > m_sPortFormatType.nIndex
06-09 11:43:15.868 370 370 W omx_vdec: <__AwOmxVdecGetExtensionIndex:1737>: GetExtensionIndex OMX.google.android.index.describeColorFormat, err [0x80001001].
06-09 11:43:15.868 370 370 W omx_vdec: <__AwOmxVdecGetExtensionIndex:1737>: GetExtensionIndex OMX.google.android.index.describeColorFormat2, err [0x80001001].
06-09 11:43:15.868 370 370 E omx_vdec: : erro: pParamData->nIndex > m_sPortFormatType.nIndex
06-09 11:43:15.868 684 684 D CompatibilityChangeReporter: Compat change id reported: 171979766; UID 10061; state: ENABLED
06-09 11:43:15.868 370 370 W omx_vdec: <__AwOmxVdecGetExtensionIndex:1737>: GetExtensionIndex OMX.google.android.index.describeColorFormat, err [0x80001001].
06-09 11:43:15.868 370 370 W omx_vdec: <__AwOmxVdecGetExtensionIndex:1737>: GetExtensionIndex OMX.google.android.index.describeColorFormat2, err [0x80001001].
06-09 11:43:15.868 370 370 E omx_vdec: : erro: pParamData->nIndex > m_sPortFormatType.nIndex
06-09 11:43:15.868 370 370 W omx_vdec: <__AwOmxVdecGetExtensionIndex:1737>: GetExtensionIndex OMX.google.android.index.describeColorFormat, err [0x80001001].
06-09 11:43:15.868 370 370 W omx_vdec: <__AwOmxVdecGetExtensionIndex:1737>: GetExtensionIndex OMX.google.android.index.describeColorFormat2, err [0x80001001].
06-09 11:43:15.868 365 473 W ACodec : [OMX.allwinner.video.decoder.avc] stopping checking formats after 32: COLOR_FormatYUV420Planar(13)
06-09 11:43:15.868 370 370 W omx_vdec: <__AwOmxVdecGetExtensionIndex:1737>: GetExtensionIndex OMX.google.android.index.configureVideoTunnelMode, err [0x80001001].
06-09 11:43:15.869 370 370 E OMXNodeInstance: getExtensionIndex(0xf7119000:allwinner.decoder.avc, OMX.google.android.index.configureVideoTunnelMode) ERROR: Undefined(0x80001001)
06-09 11:43:15.869 365 473 D MediaCodecInfo: detail feature-tunneled-playback wasn't present to remove
06-09 11:43:15.869 370 370 W omx_vdec: <__AwOmxVdecGetExtensionIndex:1737>: GetExtensionIndex OMX.google.android.index.storeANWBufferInMetadata, err [0x80001001].
06-09 11:43:15.869 370 370 W omx_vdec_aw: <__anSetExtPara:3011>: Setparameter: unknown param 2131755011
06-09 11:43:15.869 370 370 W OMXNodeInstance: [0xf7119000:allwinner.decoder.avc] component does not support metadata mode; using fallback
06-09 11:43:15.869 370 718 W libc : invalid pthread_t (0) passed to pthread_join
06-09 11:43:15.869 370 718 W libc : invalid pthread_t (0) passed to pthread_join
06-09 11:43:15.869 370 718 W libc : invalid pthread_t (0) passed to pthread_join
06-09 11:43:15.864 337 337 I rainbow_flow: type=1400 audit(0.0:343): avc: denied { ioctl } for path="/dev/spidev1.0" dev="tmpfs" ino=6881 ioctlcmd=0x6b00 scontext=u:r:init:s0 tcontext=u:object_r:device:s0 tclass=chr_file permissive=1
06-09 11:43:15.873 365 473 I OMXClient: IOmx service obtained
06-09 11:43:15.873 370 370 I OMXStore: makeComponentInstance(OMX.allwinner.video.decoder.avc.secure) in android.hardwar process
06-09 11:43:15.875 487 487 I SystemServerTiming: MakeNetworkManagementServiceReady
06-09 11:43:15.875 487 579 I SystemServerTimingAsync: InitThreadPoolExec:WebViewFactoryPreparation
06-09 11:43:15.876 487 579 D SystemServerInitThreadPool: Started executing WebViewFactoryPreparation
06-09 11:43:15.876 487 579 I SystemServer: WebViewFactoryPreparation
06-09 11:43:15.876 487 579 I SystemServerTimingAsync: WebViewFactoryPreparation
06-09 11:43:15.876 487 487 W NetworkManagement: setDataSaverMode(): already false
06-09 11:43:15.881 487 487 I SystemServerTiming: MakeIpSecServiceReady
06-09 11:43:15.884 370 370 E omx_vdec: : This platform does not support secure video playback
06-09 11:43:15.884 370 370 E omx_sem : : handle is null
06-09 11:43:15.884 370 370 E omx_sem : : handle is null
06-09 11:43:15.884 370 370 E omx_sem : : handle is null
06-09 11:43:15.884 370 370 E omx_sem : : handle is null
06-09 11:43:15.884 370 370 E omx_sem : : handle is null
06-09 11:43:15.884 370 370 W omx_vdec_aw: : pdec is null
06-09 11:43:15.884 370 370 E android.hardware.media.omx@1.0-service: Failed to allocate omx component 'OMX.allwinner.video.decoder.avc.secure' err=InvalidComponentName(0x80001002)
06-09 11:43:15.884 487 579 D CompatibilityChangeReporter: Compat change id reported: 135634846; UID 1000; state: DISABLED
06-09 11:43:15.886 487 579 D CompatibilityChangeReporter: Compat change id reported: 177438394; UID 1000; state: DISABLED
06-09 11:43:15.886 487 579 D CompatibilityChangeReporter: Compat change id reported: 135772972; UID 1000; state: DISABLED
06-09 11:43:15.887 487 487 D IpSecService: IpSecService is ready
06-09 11:43:15.887 487 579 D CompatibilityChangeReporter: Compat change id reported: 178038272; UID 1000; state: DISABLED
06-09 11:43:15.887 487 487 I SystemServerTiming: MakeNetworkStatsServiceReady
06-09 11:43:15.888 365 473 W OmxInfoBuilder: Fail to add media type video/avc to codec OMX.allwinner.video.decoder.avc.secure
06-09 11:43:15.889 487 579 D SystemServerInitThreadPool: Finished executing WebViewFactoryPreparation
06-09 11:43:15.891 487 556 W BatteryExternalStatsWorker: error reading modem stats:ERROR_PHONE_NOT_AVAILABLE
06-09 11:43:15.891 365 473 I OMXClient: IOmx service obtained
06-09 11:43:15.892 370 370 I OMXStore: makeComponentInstance(OMX.allwinner.video.decoder.hevc) in android.hardwar process
06-09 11:43:15.893 370 370 I omx_vdec_aw: : OmxDecoderCreate.
06-09 11:43:15.894 370 370 W omx_vdec: <__AwOmxVdecSetParameter:1561>: Set Parameter called in valid state
06-09 11:43:15.896 487 618 W NetworkPolicy: setRestrictBackgroundUL: already false
06-09 11:43:15.892 277 277 I EventThread: type=1400 audit(0.0:344): avc: denied { search } for name="extcon" dev="sysfs" ino=18109 scontext=u:r:hal_tv_cec_default:s0 tcontext=u:object_r:sysfs_extcon:s0 tclass=dir permissive=1
06-09 11:43:15.897 370 370 W omx_vdec: : pParamProfileLevel->nProfileIndex[0x1] error!
06-09 11:43:15.897 370 370 E OMXNodeInstance: getParameter(0xf7119000:allwinner.decoder.hevc, ParamVideoProfileLevelQuerySupported(0x600000f)) ERROR: BadParameter(0x80001005)
06-09 11:43:15.897 370 370 W omx_vdec: <__AwOmxVdecGetExtensionIndex:1737>: GetExtensionIndex OMX.google.android.index.describeColorFormat, err [0x80001001].
06-09 11:43:15.897 370 370 W omx_vdec: <__AwOmxVdecGetExtensionIndex:1737>: GetExtensionIndex OMX.google.android.index.describeColorFormat2, err [0x80001001].
06-09 11:43:15.897 370 370 E omx_vdec: : erro: pParamData->nIndex > m_sPortFormatType.nIndex
06-09 11:43:15.897 370 370 W omx_vdec: <__AwOmxVdecGetExtensionIndex:1737>: GetExtensionIndex OMX.google.android.index.describeColorFormat, err [0x80001001].
06-09 11:43:15.897 370 370 W omx_vdec: <__AwOmxVdecGetExtensionIndex:1737>: GetExtensionIndex OMX.google.android.index.describeColorFormat2, err [0x80001001].
06-09 11:43:15.898 370 370 E omx_vdec: : erro: pParamData->nIndex > m_sPortFormatType.nIndex
06-09 11:43:15.898 370 370 W omx_vdec: <__AwOmxVdecGetExtensionIndex:1737>: GetExtensionIndex OMX.google.android.index.describeColorFormat, err [0x80001001].
06-09 11:43:15.898 370 370 W omx_vdec: <__AwOmxVdecGetExtensionIndex:1737>: GetExtensionIndex OMX.google.android.index.describeColorFormat2, err [0x80001001].
06-09 11:43:15.898 370 370 E omx_vdec: : erro: pParamData->nIndex > m_sPortFormatType.nIndex
06-09 11:43:15.898 370 370 W omx_vdec: <__AwOmxVdecGetExtensionIndex:1737>: GetExtensionIndex OMX.google.android.index.describeColorFormat, err [0x80001001].
06-09 11:43:15.898 370 370 W omx_vdec: <__AwOmxVdecGetExtensionIndex:1737>: GetExtensionIndex OMX.google.android.index.describeColorFormat2, err [0x80001001].
06-09 11:43:15.898 370 370 E omx_vdec: : erro: pParamData->nIndex > m_sPortFormatType.nIndex
06-09 11:43:15.898 370 370 W omx_vdec: <__AwOmxVdecGetExtensionIndex:1737>: GetExtensionIndex OMX.google.android.index.describeColorFormat, err [0x80001001].
06-09 11:43:15.898 370 370 W omx_vdec: <__AwOmxVdecGetExtensionIndex:1737>: GetExtensionIndex OMX.google.android.index.describeColorFormat2, err [0x80001001].
06-09 11:43:15.899 370 370 E omx_vdec: : erro: pParamData->nIndex > m_sPortFormatType.nIndex
06-09 11:43:15.899 370 370 W omx_vdec: <__AwOmxVdecGetExtensionIndex:1737>: GetExtensionIndex OMX.google.android.index.describeColorFormat, err [0x80001001].
06-09 11:43:15.899 370 370 W omx_vdec: <__AwOmxVdecGetExtensionIndex:1737>: GetExtensionIndex OMX.google.android.index.describeColorFormat2, err [0x80001001].
06-09 11:43:15.899 370 370 E omx_vdec: : erro: pParamData->nIndex > m_sPortFormatType.nIndex
06-09 11:43:15.899 370 370 W omx_vdec: <__AwOmxVdecGetExtensionIndex:1737>: GetExtensionIndex OMX.google.android.index.describeColorFormat, err [0x80001001].
06-09 11:43:15.899 370 370 W omx_vdec: <__AwOmxVdecGetExtensionIndex:1737>: GetExtensionIndex OMX.google.android.index.describeColorFormat2, err [0x80001001].
06-09 11:43:15.899 370 370 E omx_vdec: : erro: pParamData->nIndex > m_sPortFormatType.nIndex
06-09 11:43:15.899 370 370 W omx_vdec: <__AwOmxVdecGetExtensionIndex:1737>: GetExtensionIndex OMX.google.android.index.describeColorFormat, err [0x80001001].
06-09 11:43:15.900 370 370 W omx_vdec: <__AwOmxVdecGetExtensionIndex:1737>: GetExtensionIndex OMX.google.android.index.describeColorFormat2, err [0x80001001].
06-09 11:43:15.900 370 370 E omx_vdec: : erro: pParamData->nIndex > m_sPortFormatType.nIndex
06-09 11:43:15.900 370 370 W omx_vdec: <__AwOmxVdecGetExtensionIndex:1737>: GetExtensionIndex OMX.google.android.index.describeColorFormat, err [0x80001001].
06-09 11:43:15.900 370 370 W omx_vdec: <__AwOmxVdecGetExtensionIndex:1737>: GetExtensionIndex OMX.google.android.index.describeColorFormat2, err [0x80001001].
06-09 11:43:15.900 370 370 E omx_vdec: : erro: pParamData->nIndex > m_sPortFormatType.nIndex
06-09 11:43:15.900 370 370 W omx_vdec: <__AwOmxVdecGetExtensionIndex:1737>: GetExtensionIndex OMX.google.android.index.describeColorFormat, err [0x80001001].
06-09 11:43:15.900 370 370 W omx_vdec: <__AwOmxVdecGetExtensionIndex:1737>: GetExtensionIndex OMX.google.android.index.describeColorFormat2, err [0x80001001].
06-09 11:43:15.900 370 370 E omx_vdec: : erro: pParamData->nIndex > m_sPortFormatType.nIndex
06-09 11:43:15.900 370 370 W omx_vdec: <__AwOmxVdecGetExtensionIndex:1737>: GetExtensionIndex OMX.google.android.index.describeColorFormat, err [0x80001001].
06-09 11:43:15.900 370 370 W omx_vdec: <__AwOmxVdecGetExtensionIndex:1737>: GetExtensionIndex OMX.google.android.index.describeColorFormat2, err [0x80001001].
06-09 11:43:15.901 370 370 E omx_vdec: : erro: pParamData->nIndex > m_sPortFormatType.nIndex
06-09 11:43:15.901 370 370 W omx_vdec: <__AwOmxVdecGetExtensionIndex:1737>: GetExtensionIndex OMX.google.android.index.describeColorFormat, err [0x80001001].
06-09 11:43:15.901 370 370 W omx_vdec: <__AwOmxVdecGetExtensionIndex:1737>: GetExtensionIndex OMX.google.android.index.describeColorFormat2, err [0x80001001].
06-09 11:43:15.901 370 370 E omx_vdec: : erro: pParamData->nIndex > m_sPortFormatType.nIndex
06-09 11:43:15.901 370 370 W omx_vdec: <__AwOmxVdecGetExtensionIndex:1737>: GetExtensionIndex OMX.google.android.index.describeColorFormat, err [0x80001001].
06-09 11:43:15.902 370 370 W omx_vdec: <__AwOmxVdecGetExtensionIndex:1737>: GetExtensionIndex OMX.google.android.index.describeColorFormat2, err [0x80001001].
06-09 11:43:15.902 370 370 E omx_vdec: : erro: pParamData->nIndex > m_sPortFormatType.nIndex
06-09 11:43:15.902 370 370 W omx_vdec: <__AwOmxVdecGetExtensionIndex:1737>: GetExtensionIndex OMX.google.android.index.describeColorFormat, err [0x80001001].
06-09 11:43:15.902 370 370 W omx_vdec: <__AwOmxVdecGetExtensionIndex:1737>: GetExtensionIndex OMX.google.android.index.describeColorFormat2, err [0x80001001].
06-09 11:43:15.902 370 370 E omx_vdec: : erro: pParamData->nIndex > m_sPortFormatType.nIndex
06-09 11:43:15.902 370 370 W omx_vdec: <__AwOmxVdecGetExtensionIndex:1737>: GetExtensionIndex OMX.google.android.index.describeColorFormat, err [0x80001001].
06-09 11:43:15.902 257 257 D Zygote : Forked child process 726
06-09 11:43:15.902 370 417 W omx_vdec: <__AwOmxVdecGetExtensionIndex:1737>: GetExtensionIndex OMX.google.android.index.describeColorFormat2, err [0x80001001].
06-09 11:43:15.903 370 417 E omx_vdec: : erro: pParamData->nIndex > m_sPortFormatType.nIndex
06-09 11:43:15.903 370 417 W omx_vdec: <__AwOmxVdecGetExtensionIndex:1737>: GetExtensionIndex OMX.google.android.index.describeColorFormat, err [0x80001001].
06-09 11:43:15.903 370 417 W omx_vdec: <__AwOmxVdecGetExtensionIndex:1737>: GetExtensionIndex OMX.google.android.index.describeColorFormat2, err [0x80001001].
06-09 11:43:15.903 370 370 E omx_vdec: : erro: pParamData->nIndex > m_sPortFormatType.nIndex
06-09 11:43:15.903 370 370 W omx_vdec: <__AwOmxVdecGetExtensionIndex:1737>: GetExtensionIndex OMX.google.android.index.describeColorFormat, err [0x80001001].
06-09 11:43:15.904 370 370 W omx_vdec: <__AwOmxVdecGetExtensionIndex:1737>: GetExtensionIndex OMX.google.android.index.describeColorFormat2, err [0x80001001].
06-09 11:43:15.904 487 487 W BestClock: java.time.DateTimeException: Missing NTP fix
06-09 11:43:15.904 487 549 I ActivityManager: app.processName = WebViewLoader-armeabi-v7a
06-09 11:43:15.904 487 549 I ActivityManager: Start proc 726:WebViewLoader-armeabi-v7a/1037 [android.webkit.WebViewLibraryLoader$RelroFileCreator] for null
06-09 11:43:15.904 370 370 E omx_vdec: : erro: pParamData->nIndex > m_sPortFormatType.nIndex
06-09 11:43:15.904 370 370 W omx_vdec: <__AwOmxVdecGetExtensionIndex:1737>: GetExtensionIndex OMX.google.android.index.describeColorFormat, err [0x80001001].
06-09 11:43:15.904 370 370 W omx_vdec: <__AwOmxVdecGetExtensionIndex:1737>: GetExtensionIndex OMX.google.android.index.describeColorFormat2, err [0x80001001].
06-09 11:43:15.905 370 370 E omx_vdec: : erro: pParamData->nIndex > m_sPortFormatType.nIndex
06-09 11:43:15.905 370 370 W omx_vdec: <__AwOmxVdecGetExtensionIndex:1737>: GetExtensionIndex OMX.google.android.index.describeColorFormat, err [0x80001001].
06-09 11:43:15.905 370 370 W omx_vdec: <__AwOmxVdecGetExtensionIndex:1737>: GetExtensionIndex OMX.google.android.index.describeColorFormat2, err [0x80001001].
06-09 11:43:15.905 370 370 E omx_vdec: : erro: pParamData->nIndex > m_sPortFormatType.nIndex
06-09 11:43:15.905 370 370 W omx_vdec: <__AwOmxVdecGetExtensionIndex:1737>: GetExtensionIndex OMX.google.android.index.describeColorFormat, err [0x80001001].
06-09 11:43:15.905 370 370 W omx_vdec: <__AwOmxVdecGetExtensionIndex:1737>: GetExtensionIndex OMX.google.android.index.describeColorFormat2, err [0x80001001].
06-09 11:43:15.905 370 370 E omx_vdec: : erro: pParamData->nIndex > m_sPortFormatType.nIndex
06-09 11:43:15.906 370 370 W omx_vdec: <__AwOmxVdecGetExtensionIndex:1737>: GetExtensionIndex OMX.google.android.index.describeColorFormat, err [0x80001001].
06-09 11:43:15.906 370 370 W omx_vdec: <__AwOmxVdecGetExtensionIndex:1737>: GetExtensionIndex OMX.google.android.index.describeColorFormat2, err [0x80001001].
06-09 11:43:15.906 370 370 E omx_vdec: : erro: pParamData->nIndex > m_sPortFormatType.nIndex
06-09 11:43:15.906 370 370 W omx_vdec: <__AwOmxVdecGetExtensionIndex:1737>: GetExtensionIndex OMX.google.android.index.describeColorFormat, err [0x80001001].
06-09 11:43:15.906 370 370 W omx_vdec: <__AwOmxVdecGetExtensionIndex:1737>: GetExtensionIndex OMX.google.android.index.describeColorFormat2, err [0x80001001].
06-09 11:43:15.906 370 370 E omx_vdec: : erro: pParamData->nIndex > m_sPortFormatType.nIndex
06-09 11:43:15.906 370 370 W omx_vdec: <__AwOmxVdecGetExtensionIndex:1737>: GetExtensionIndex OMX.google.android.index.describeColorFormat, err [0x80001001].
06-09 11:43:15.907 370 370 W omx_vdec: <__AwOmxVdecGetExtensionIndex:1737>: GetExtensionIndex OMX.google.android.index.describeColorFormat2, err [0x80001001].
06-09 11:43:15.907 370 370 E omx_vdec: : erro: pParamData->nIndex > m_sPortFormatType.nIndex
06-09 11:43:15.907 370 370 W omx_vdec: <__AwOmxVdecGetExtensionIndex:1737>: GetExtensionIndex OMX.google.android.index.describeColorFormat, err [0x80001001].
06-09 11:43:15.907 370 370 W omx_vdec: <__AwOmxVdecGetExtensionIndex:1737>: GetExtensionIndex OMX.google.android.index.describeColorFormat2, err [0x80001001].
06-09 11:43:15.907 370 370 E omx_vdec: : erro: pParamData->nIndex > m_sPortFormatType.nIndex
06-09 11:43:15.907 370 370 W omx_vdec: <__AwOmxVdecGetExtensionIndex:1737>: GetExtensionIndex OMX.google.android.index.describeColorFormat, err [0x80001001].
06-09 11:43:15.907 370 370 W omx_vdec: <__AwOmxVdecGetExtensionIndex:1737>: GetExtensionIndex OMX.google.android.index.describeColorFormat2, err [0x80001001].
06-09 11:43:15.907 370 370 E omx_vdec: : erro: pParamData->nIndex > m_sPortFormatType.nIndex
06-09 11:43:15.908 370 370 W omx_vdec: <__AwOmxVdecGetExtensionIndex:1737>: GetExtensionIndex OMX.google.android.index.describeColorFormat, err [0x80001001].
06-09 11:43:15.908 370 370 W omx_vdec: <__AwOmxVdecGetExtensionIndex:1737>: GetExtensionIndex OMX.google.android.index.describeColorFormat2, err [0x80001001].
06-09 11:43:15.908 370 370 E omx_vdec: : erro: pParamData->nIndex > m_sPortFormatType.nIndex
06-09 11:43:15.908 370 370 W omx_vdec: <__AwOmxVdecGetExtensionIndex:1737>: GetExtensionIndex OMX.google.android.index.describeColorFormat, err [0x80001001].
06-09 11:43:15.908 370 370 W omx_vdec: <__AwOmxVdecGetExtensionIndex:1737>: GetExtensionIndex OMX.google.android.index.describeColorFormat2, err [0x80001001].
06-09 11:43:15.908 370 370 E omx_vdec: : erro: pParamData->nIndex > m_sPortFormatType.nIndex
06-09 11:43:15.908 370 370 W omx_vdec: <__AwOmxVdecGetExtensionIndex:1737>: GetExtensionIndex OMX.google.android.index.describeColorFormat, err [0x80001001].
06-09 11:43:15.908 370 370 W omx_vdec: <__AwOmxVdecGetExtensionIndex:1737>: GetExtensionIndex OMX.google.android.index.describeColorFormat2, err [0x80001001].
06-09 11:43:15.908 370 370 E omx_vdec: : erro: pParamData->nIndex > m_sPortFormatType.nIndex
06-09 11:43:15.909 370 370 W omx_vdec: <__AwOmxVdecGetExtensionIndex:1737>: GetExtensionIndex OMX.google.android.index.describeColorFormat, err [0x80001001].
06-09 11:43:15.909 370 370 W omx_vdec: <__AwOmxVdecGetExtensionIndex:1737>: GetExtensionIndex OMX.google.android.index.describeColorFormat2, err [0x80001001].
06-09 11:43:15.909 370 370 E omx_vdec: : erro: pParamData->nIndex > m_sPortFormatType.nIndex
06-09 11:43:15.909 370 370 W omx_vdec: <__AwOmxVdecGetExtensionIndex:1737>: GetExtensionIndex OMX.google.android.index.describeColorFormat, err [0x80001001].
06-09 11:43:15.909 370 370 W omx_vdec: <__AwOmxVdecGetExtensionIndex:1737>: GetExtensionIndex OMX.google.android.index.describeColorFormat2, err [0x80001001].
06-09 11:43:15.909 370 370 E omx_vdec: : erro: pParamData->nIndex > m_sPortFormatType.nIndex
06-09 11:43:15.909 370 370 W omx_vdec: <__AwOmxVdecGetExtensionIndex:1737>: GetExtensionIndex OMX.google.android.index.describeColorFormat, err [0x80001001].
06-09 11:43:15.909 370 370 W omx_vdec: <__AwOmxVdecGetExtensionIndex:1737>: GetExtensionIndex OMX.google.android.index.describeColorFormat2, err [0x80001001].
06-09 11:43:15.910 370 370 E omx_vdec: : erro: pParamData->nIndex > m_sPortFormatType.nIndex
06-09 11:43:15.910 370 370 W omx_vdec: <__AwOmxVdecGetExtensionIndex:1737>: GetExtensionIndex OMX.google.android.index.describeColorFormat, err [0x80001001].
06-09 11:43:15.910 370 370 W omx_vdec: <__AwOmxVdecGetExtensionIndex:1737>: GetExtensionIndex OMX.google.android.index.describeColorFormat2, err [0x80001001].
06-09 11:43:15.910 370 370 E omx_vdec: : erro: pParamData->nIndex > m_sPortFormatType.nIndex
06-09 11:43:15.910 370 370 W omx_vdec: <__AwOmxVdecGetExtensionIndex:1737>: GetExtensionIndex OMX.google.android.index.describeColorFormat, err [0x80001001].
06-09 11:43:15.910 370 370 W omx_vdec: <__AwOmxVdecGetExtensionIndex:1737>: GetExtensionIndex OMX.google.android.index.describeColorFormat2, err [0x80001001].
06-09 11:43:15.910 365 473 W ACodec : [OMX.allwinner.video.decoder.hevc] stopping checking formats after 32: COLOR_FormatYUV420Planar(13)
06-09 11:43:15.910 370 370 W omx_vdec: <__AwOmxVdecGetExtensionIndex:1737>: GetExtensionIndex OMX.google.android.index.configureVideoTunnelMode, err [0x80001001].
06-09 11:43:15.910 370 370 E OMXNodeInstance: getExtensionIndex(0xf7119000:allwinner.decoder.hevc, OMX.google.android.index.configureVideoTunnelMode) ERROR: Undefined(0x80001001)
06-09 11:43:15.910 365 473 D MediaCodecInfo: detail feature-tunneled-playback wasn't present to remove
06-09 11:43:15.911 370 370 W omx_vdec: <__AwOmxVdecGetExtensionIndex:1737>: GetExtensionIndex OMX.google.android.index.storeANWBufferInMetadata, err [0x80001001].
06-09 11:43:15.911 370 370 W omx_vdec_aw: <__anSetExtPara:3011>: Setparameter: unknown param 2131755011
06-09 11:43:15.911 370 370 W OMXNodeInstance: [0xf7119000:allwinner.decoder.hevc] component does not support metadata mode; using fallback
06-09 11:43:15.911 370 724 W libc : invalid pthread_t (0) passed to pthread_join
06-09 11:43:15.911 370 724 W libc : invalid pthread_t (0) passed to pthread_join
06-09 11:43:15.911 370 724 W libc : invalid pthread_t (0) passed to pthread_join
06-09 11:43:15.912 726 726 I Zygote : seccomp disabled by setenforce 0
06-09 11:43:15.914 365 473 I OMXClient: IOmx service obtained
06-09 11:43:15.914 370 370 I OMXStore: makeComponentInstance(OMX.allwinner.video.decoder.hevc.secure) in android.hardwar process
06-09 11:43:15.916 370 370 E omx_vdec: : This platform does not support secure video playback
06-09 11:43:15.916 370 370 E omx_sem : : handle is null
06-09 11:43:15.916 370 370 E omx_sem : : handle is null
06-09 11:43:15.916 370 370 E omx_sem : : handle is null
06-09 11:43:15.916 370 370 E omx_sem : : handle is null
06-09 11:43:15.916 370 370 E omx_sem : : handle is null
06-09 11:43:15.916 370 370 W omx_vdec_aw: : pdec is null
06-09 11:43:15.916 370 370 E android.hardware.media.omx@1.0-service: Failed to allocate omx component 'OMX.allwinner.video.decoder.hevc.secure' err=InvalidComponentName(0x80001002)
06-09 11:43:15.918 365 473 W OmxInfoBuilder: Fail to add media type video/hevc to codec OMX.allwinner.video.decoder.hevc.secure
06-09 11:43:15.920 365 473 I OMXClient: IOmx service obtained
06-09 11:43:15.920 370 370 I OMXStore: makeComponentInstance(OMX.allwinner.video.decoder.mpeg2) in android.hardwar process
06-09 11:43:15.921 487 618 W BestClock: java.time.DateTimeException: Missing NTP fix
06-09 11:43:15.921 370 370 I omx_vdec_aw: : OmxDecoderCreate.
06-09 11:43:15.923 370 370 W omx_vdec: <__AwOmxVdecSetParameter:1561>: Set Parameter called in valid state
06-09 11:43:15.923 370 370 W omx_vdec: : pParamProfileLevel->nProfileIndex[0x2] error!
06-09 11:43:15.923 370 370 E OMXNodeInstance: getParameter(0xf7119000:allwinner.decoder.mpeg2, ParamVideoProfileLevelQuerySupported(0x600000f)) ERROR: BadParameter(0x80001005)
06-09 11:43:15.923 370 370 W omx_vdec: <__AwOmxVdecGetExtensionIndex:1737>: GetExtensionIndex OMX.google.android.index.describeColorFormat, err [0x80001001].
06-09 11:43:15.924 370 370 W omx_vdec: <__AwOmxVdecGetExtensionIndex:1737>: GetExtensionIndex OMX.google.android.index.describeColorFormat2, err [0x80001001].
06-09 11:43:15.924 370 370 E omx_vdec: : erro: pParamData->nIndex > m_sPortFormatType.nIndex
06-09 11:43:15.924 370 370 W omx_vdec: <__AwOmxVdecGetExtensionIndex:1737>: GetExtensionIndex OMX.google.android.index.describeColorFormat, err [0x80001001].
06-09 11:43:15.924 370 370 W omx_vdec: <__AwOmxVdecGetExtensionIndex:1737>: GetExtensionIndex OMX.google.android.index.describeColorFormat2, err [0x80001001].
06-09 11:43:15.924 370 370 E omx_vdec: : erro: pParamData->nIndex > m_sPortFormatType.nIndex
06-09 11:43:15.924 370 370 W omx_vdec: <__AwOmxVdecGetExtensionIndex:1737>: GetExtensionIndex OMX.google.android.index.describeColorFormat, err [0x80001001].
06-09 11:43:15.924 370 370 W omx_vdec: <__AwOmxVdecGetExtensionIndex:1737>: GetExtensionIndex OMX.google.android.index.describeColorFormat2, err [0x80001001].
