01-01 08:00:13.936 487 538 I SystemConfig: Reading permissions from /system/etc/permissions/com.android.future.usb.accessory.xml
01-01 08:00:13.942 487 538 I SystemConfig: Reading permissions from /system/etc/permissions/android.software.live_wallpaper.xml
01-01 08:00:13.942 487 520 I Zygote : Preloading shared libraries...
01-01 08:00:13.946 487 538 I SystemConfig: Reading permissions from /system/etc/permissions/javax.obex.xml
01-01 08:00:13.949 487 538 I SystemConfig: Reading permissions from /system/etc/permissions/android.hardware.hdmi.cec.xml
01-01 08:00:13.951 487 538 I SystemConfig: Reading permissions from /system/etc/permissions/com.android.mediadrm.signer.xml
01-01 08:00:13.953 487 538 I SystemConfig: Reading permissions from /system/etc/permissions/com.android.networkstack.xml
01-01 08:00:13.955 487 538 I SystemConfig: Reading permissions from /system/etc/permissions/android.test.mock.xml
01-01 08:00:13.957 487 538 I SystemConfig: Reading permissions from /system/etc/permissions/platform.xml
01-01 08:00:13.967 487 538 I SystemConfig: Reading permissions from /vendor/etc/permissions/android.hardware.keystore.app_attest_key.xml
01-01 08:00:13.969 487 538 I SystemConfig: Reading permissions from /vendor/etc/permissions/android.software.backup.xml
01-01 08:00:13.981 487 538 I SystemConfig: Reading permissions from /vendor/etc/permissions/android.software.ipsec_tunnels.xml
01-01 08:00:13.986 197 197 I hwservicemanager: getTransport: Cannot find entry android.hardware.graphics.mapper@4.0::IMapper/default in either framework or device VINTF manifest.
01-01 08:00:13.987 525 536 I Gralloc4: mapper 4.x is not supported
01-01 08:00:13.987 487 538 I SystemConfig: Reading permissions from /vendor/etc/permissions/android.hardware.wifi.passpoint.xml
01-01 08:00:13.987 197 197 I hwservicemanager: getTransport: Cannot find entry android.hardware.graphics.mapper@3.0::IMapper/default in either framework or device VINTF manifest.
01-01 08:00:13.987 525 536 W Gralloc3: mapper 3.x is not supported
01-01 08:00:13.993 487 487 I SystemServerTiming: StartInstaller
01-01 08:00:13.993 487 487 I SystemServiceManager: Starting com.android.server.pm.Installer
01-01 08:00:13.994 525 536 E gralloc : Arm Module v1.0
01-01 08:00:13.995 197 197 I hwservicemanager: getTransport: Cannot find entry android.hardware.graphics.allocator@4.0::IAllocator/default in either framework or device VINTF manifest.
01-01 08:00:13.995 525 536 W Gralloc4: allocator 4.x is not supported
01-01 08:00:13.996 197 197 I hwservicemanager: getTransport: Cannot find entry android.hardware.graphics.allocator@3.0::IAllocator/default in either framework or device VINTF manifest.
01-01 08:00:13.996 525 536 W Gralloc3: allocator 3.x is not supported
01-01 08:00:13.997 361 372 D installd: Found quota mount /dev/block/by-name/userdata at /data
01-01 08:00:13.997 361 372 D installd: Found quota mount /dev/block/by-name/userdata at /data/user/0
01-01 08:00:14.000 487 538 I SystemConfig: Reading permissions from /vendor/etc/permissions/android.hardware.wifi.direct.xml
01-01 08:00:14.000 267 296 I gralloc : alloc buffer:W:1920 H:1080 S:1920 PL[1920 1080] SZ:8294400 fmt:43 if:0 af:43 usg:20000b00 fg:00000004
01-01 08:00:14.001 525 536 E ion : ioctl c0044901 failed with code -1: Inappropriate ioctl for device
01-01 08:00:14.001 487 487 I SystemServerTiming: DeviceIdentifiersPolicyService
01-01 08:00:14.001 487 538 I SystemConfig: Reading permissions from /vendor/etc/permissions/android.hardware.vulkan.level.xml
01-01 08:00:14.001 487 487 I SystemServiceManager: Starting com.android.server.os.DeviceIdentifiersPolicyService
01-01 08:00:14.004 487 538 I SystemConfig: Reading permissions from /vendor/etc/permissions/android.hardware.usb.accessory.xml
01-01 08:00:14.004 487 487 I SystemServerTiming: UriGrantsManagerService
01-01 08:00:14.005 487 487 I SystemServiceManager: Starting com.android.server.uri.UriGrantsManagerService$Lifecycle
01-01 08:00:14.005 487 538 I SystemConfig: Reading permissions from /vendor/etc/permissions/android.hardware.camera.front.xml
01-01 08:00:14.007 487 538 I SystemConfig: Reading permissions from /vendor/etc/permissions/id.hardware.camera.xml
01-01 08:00:14.009 487 538 I SystemConfig: Reading permissions from /vendor/etc/permissions/android.hardware.wifi.xml
01-01 08:00:14.011 487 538 I SystemConfig: Reading permissions from /vendor/etc/permissions/android.software.verified_boot.xml
01-01 08:00:14.011 487 487 I SystemServerTiming: StartPowerStatsService
01-01 08:00:14.011 487 487 I SystemServiceManager: Starting com.android.server.powerstats.PowerStatsService
01-01 08:00:14.012 487 538 I SystemConfig: Reading permissions from /vendor/etc/permissions/android.hardware.bluetooth.xml
01-01 08:00:14.014 196 196 E servicemanager: Could not find android.hardware.power.stats.IPowerStats/default in the VINTF manifest.
01-01 08:00:14.016 487 538 I SystemConfig: Reading permissions from /vendor/etc/permissions/android.hardware.ethernet.xml
01-01 08:00:14.017 487 538 I SystemConfig: Reading permissions from /vendor/etc/permissions/android.software.vulkan.deqp.level.xml
01-01 08:00:14.018 487 538 I SystemConfig: Reading permissions from /vendor/etc/permissions/android.hardware.bluetooth_le.xml
01-01 08:00:14.020 197 197 I hwservicemanager: getTransport: Cannot find entry android.hardware.power.stats@1.0::IPowerStats/default in either framework or device VINTF manifest.
01-01 08:00:14.020 487 538 I SystemConfig: Reading permissions from /vendor/etc/permissions/android.hardware.hardware_keystore.xml
01-01 08:00:14.022 487 487 E PowerStatsService: Unable to get power.stats HAL service.
01-01 08:00:14.022 487 487 E PowerStatsService: nativeInit failed to connect to power.stats HAL
01-01 08:00:14.025 487 538 I SystemConfig: Reading permissions from /vendor/etc/permissions/android.software.opengles.deqp.level.xml
01-01 08:00:14.027 487 487 I SystemServerTiming: StartIStatsService
01-01 08:00:14.027 487 538 I SystemConfig: Reading permissions from /vendor/etc/permissions/android.hardware.vulkan.version.xml
01-01 08:00:14.028 197 197 I hwservicemanager: getTransport: Cannot find entry android.frameworks.stats@1.0::IStats/default in either framework or device VINTF manifest.
01-01 08:00:14.029 487 487 E HidlServiceManagement: Service android.frameworks.stats@1.0::IStats/default must be in VINTF manifest in order to register/get.
01-01 08:00:14.029 487 487 W system_server: Cannot register HIDL android.frameworks.stats@1.0::IStats: -2147483648
01-01 08:00:14.030 487 538 I SystemConfig: Reading permissions from /vendor/etc/permissions/android.hardware.touchscreen.multitouch.xml
01-01 08:00:14.030 196 196 I servicemanager: Found android.frameworks.stats.IStats/default in framework VINTF manifest.
01-01 08:00:14.031 487 487 I SystemServerTiming: MemtrackProxyService
01-01 08:00:14.032 197 197 I hwservicemanager: getTransport: Cannot find entry android.hardware.memtrack@1.0::IMemtrack/default in either framework or device VINTF manifest.
01-01 08:00:14.033 487 538 I SystemConfig: Reading permissions from /vendor/etc/permissions/android.hardware.camera.flash-autofocus.xml
01-01 08:00:14.035 196 196 E servicemanager: Could not find android.hardware.memtrack.IMemtrack/default in the VINTF manifest.
01-01 08:00:14.035 487 538 I SystemConfig: Reading permissions from /vendor/etc/permissions/android.hardware.opengles.aep.xml
01-01 08:00:14.036 487 487 I Stability: Interface set with vintf stability wire protocol version 1 downgraded to system stability wire protocol version 1 stability
01-01 08:00:14.037 487 538 I SystemConfig: Reading permissions from /vendor/etc/permissions/android.hardware.usb.host.xml
01-01 08:00:14.038 487 487 I SystemServerTiming: StartActivityManager
01-01 08:00:14.038 487 487 I SystemServiceManager: Starting com.android.server.wm.ActivityTaskManagerService$Lifecycle
01-01 08:00:14.039 487 538 I SystemConfig: Reading permissions from /vendor/etc/permissions/android.software.midi.xml
01-01 08:00:14.040 487 538 I SystemConfig: Reading permissions from /vendor/etc/permissions/android.hardware.camera.external.xml
01-01 08:00:14.042 487 538 I SystemConfig: Reading permissions from /vendor/etc/permissions/android.hardware.vulkan.compute.xml
01-01 08:00:14.044 288 288 I SurfaceFlinger: Enter boot animation
01-01 08:00:14.045 487 538 I SystemConfig: Reading permissions from /vendor/etc/permissions/android.hardware.reboot_escrow.xml
01-01 08:00:14.046 271 271 E ion : ioctl c0044901 failed with code -1: Inappropriate ioctl for device
01-01 08:00:14.047 487 538 I SystemConfig: Reading permissions from /vendor/etc/permissions/android.software.pppoe.xml
01-01 08:00:14.049 487 538 I SystemConfig: Reading permissions from /vendor/etc/permissions/tv_core_hardware.xml
01-01 08:00:14.053 487 538 I SystemConfig: Reading permissions from /product/etc/sysconfig/preinstalled-packages-platform-handheld-product.xml
01-01 08:00:14.056 487 538 I SystemConfig: Reading permissions from /product/etc/sysconfig/preinstalled-packages-platform-overlays.xml
01-01 08:00:14.061 487 487 I SystemServiceManager: Starting com.android.server.am.ActivityManagerService$Lifecycle
01-01 08:00:14.063 487 538 I SystemConfig: Reading permissions from /product/etc/permissions/com.android.tv.xml
01-01 08:00:14.066 487 538 I SystemConfig: Reading permissions from /product/etc/permissions/com.android.settings.intelligence.xml
01-01 08:00:14.068 487 538 W SystemConfig: No directory /system_ext/etc/sysconfig, skipping
01-01 08:00:14.071 487 538 I SystemConfig: Reading permissions from /system_ext/etc/permissions/com.android.storagemanager.xml
01-01 08:00:14.073 487 538 I SystemConfig: Reading permissions from /system_ext/etc/permissions/com.android.tv.settings.xml
01-01 08:00:14.079 487 538 I SystemConfig: Reading permissions from /system_ext/etc/permissions/com.android.provision.xml
01-01 08:00:14.082 487 487 I ActivityManager: Memory class: 256
01-01 08:00:14.083 487 538 I SystemConfig: Reading permissions from /system_ext/etc/permissions/com.android.carrierconfig.xml
01-01 08:00:14.087 487 538 I SystemConfig: Reading permissions from /system_ext/etc/permissions/com.android.systemui.xml
01-01 08:00:14.091 487 538 I SystemConfig: Reading permissions from /system_ext/etc/permissions/com.softwinner.screenshot.xml
01-01 08:00:14.093 487 538 I SystemConfig: Reading permissions from /system_ext/etc/permissions/privapp-settingssetup.xml
01-01 08:00:14.096 487 538 I SystemConfig: Reading permissions from /system_ext/etc/permissions/provision-permissions.xml
01-01 08:00:14.098 267 296 I gralloc : alloc buffer:W:1920 H:1080 S:1920 PL[1920 1080] SZ:8294400 fmt:43 if:0 af:43 usg:20000b00 fg:00000004
01-01 08:00:14.100 487 548 I Binder : Setting heavy hitter watcher config: false, 0, 0.0
01-01 08:00:14.104 487 538 I SystemConfig: Reading permissions from /apex/com.android.ipsec/etc/permissions/android.net.ipsec.ike.xml
01-01 08:00:14.118 487 538 W SystemConfig: Failed to read public libraries file /vendor/etc/public.libraries.txt
01-01 08:00:14.118 487 538 W SystemConfig: java.io.FileNotFoundException: /vendor/etc/public.libraries.txt: open failed: ENOENT (No such file or directory)
01-01 08:00:14.118 487 538 W SystemConfig: at libcore.io.IoBridge.open(IoBridge.java:575)
01-01 08:00:14.118 487 538 W SystemConfig: at java.io.FileInputStream.(FileInputStream.java:160)
01-01 08:00:14.118 487 538 W SystemConfig: at java.io.FileReader.(FileReader.java:72)
01-01 08:00:14.118 487 538 W SystemConfig: at com.android.server.SystemConfig.readPublicLibrariesListFile(SystemConfig.java:1601)
01-01 08:00:14.118 487 538 W SystemConfig: at com.android.server.SystemConfig.readPublicNativeLibrariesList(SystemConfig.java:1583)
01-01 08:00:14.118 487 538 W SystemConfig: at com.android.server.SystemConfig.(SystemConfig.java:484)
01-01 08:00:14.118 487 538 W SystemConfig: at com.android.server.SystemConfig.getInstance(SystemConfig.java:272)
01-01 08:00:14.118 487 538 W SystemConfig: at com.android.server.SystemServer$$ExternalSyntheticLambda7.run(Unknown Source:0)
01-01 08:00:14.118 487 538 W SystemConfig: at com.android.server.SystemServerInitThreadPool.lambda$submitTask$0$SystemServerInitThreadPool(SystemServerInitThreadPool.java:105)
01-01 08:00:14.118 487 538 W SystemConfig: at com.android.server.SystemServerInitThreadPool$$ExternalSyntheticLambda0.run(Unknown Source:6)
01-01 08:00:14.118 487 538 W SystemConfig: at java.util.concurrent.Executors$RunnableAdapter.call(Executors.java:462)
01-01 08:00:14.118 487 538 W SystemConfig: at java.util.concurrent.FutureTask.run(FutureTask.java:266)
01-01 08:00:14.118 487 538 W SystemConfig: at java.util.concurrent.ThreadPoolExecutor.runWorker(ThreadPoolExecutor.java:1167)
01-01 08:00:14.118 487 538 W SystemConfig: at java.util.concurrent.ThreadPoolExecutor$Worker.run(ThreadPoolExecutor.java:641)
01-01 08:00:14.118 487 538 W SystemConfig: at com.android.internal.util.ConcurrentUtils$1$1.run(ConcurrentUtils.java:65)
01-01 08:00:14.118 487 538 W SystemConfig: Caused by: android.system.ErrnoException: open failed: ENOENT (No such file or directory)
01-01 08:00:14.118 487 538 W SystemConfig: at libcore.io.Linux.open(Native Method)
01-01 08:00:14.118 487 538 W SystemConfig: at libcore.io.ForwardingOs.open(ForwardingOs.java:567)
01-01 08:00:14.118 487 538 W SystemConfig: at libcore.io.BlockGuardOs.open(BlockGuardOs.java:273)
01-01 08:00:14.118 487 538 W SystemConfig: at libcore.io.IoBridge.open(IoBridge.java:561)
01-01 08:00:14.118 487 538 W SystemConfig: ... 14 more
01-01 08:00:14.120 487 538 D SystemServerInitThreadPool: Finished executing ReadingSystemConfig
01-01 08:00:14.177 487 487 D BatteryStatsImpl: Reading daily items from /data/system/batterystats-daily.xml
01-01 08:00:14.187 487 519 W Zygote : Class not found for preloading: android.view.SurfaceView$2
01-01 08:00:14.205 197 197 I hwservicemanager: getTransport: Cannot find entry android.hardware.power.stats@1.0::IPowerStats/default in either framework or device VINTF manifest.
01-01 08:00:14.206 487 556 E BatteryStatsService: Unable to load Power.Stats.HAL. Setting rail availability to false
01-01 08:00:14.209 487 556 E BluetoothAdapter: Bluetooth binder is null
01-01 08:00:14.210 487 556 I KernelCpuUidFreqTimeReader: mPerClusterTimesAvailable=false
01-01 08:00:14.231 487 556 W KernelCpuUidFreqTimeBpfMapReader: Failed to start tracking
01-01 08:00:14.232 487 556 W KernelCpuProcStringReader: File not found. It's normal if not implemented: /proc/uid_time_in_state
01-01 08:00:14.232 487 556 W KernelCpuUidActiveTimeBpfMapReader: Failed to start tracking
01-01 08:00:14.233 487 556 W KernelCpuProcStringReader: File not found. It's normal if not implemented: /proc/uid_concurrent_active_time
01-01 08:00:14.233 487 556 W KernelCpuUidClusterTimeBpfMapReader: Failed to start tracking
01-01 08:00:14.234 487 556 W KernelCpuProcStringReader: File not found. It's normal if not implemented: /proc/uid_concurrent_policy_time
01-01 08:00:14.236 487 556 E KernelCpuSpeedReader: Failed to read cpu-freq: /sys/devices/system/cpu/cpu0/cpufreq/stats/time_in_state: open failed: ENOENT (No such file or directory)
01-01 08:00:14.238 487 556 E system_server: Cannot read thread CPU times for PID 487
01-01 08:00:14.236 218 218 I Binder:218_2: type=1400 audit(0.0:308): avc: denied { read } for name="event_count" dev="sysfs" ino=22115 scontext=u:r:system_suspend:s0 tcontext=u:object_r:sysfs:s0 tclass=file permissive=1
01-01 08:00:14.240 218 218 I Binder:218_2: type=1400 audit(0.0:309): avc: denied { open } for path="/sys/devices/platform/soc@3000000/7040000.s_cir/wakeup/wakeup4/event_count" dev="sysfs" ino=22115 scontext=u:r:system_suspend:s0 tcontext=u:object_r:sysfs:s0 tclass=file permissive=1
01-01 08:00:14.240 218 218 I Binder:218_2: type=1400 audit(0.0:310): avc: denied { getattr } for path="/sys/devices/platform/soc@3000000/7040000.s_cir/wakeup/wakeup4/event_count" dev="sysfs" ino=22115 scontext=u:r:system_suspend:s0 tcontext=u:object_r:sysfs:s0 tclass=file permissive=1
01-01 08:00:14.253 487 556 W KernelMemoryBandwidthStats: No kernel memory bandwidth stats available
01-01 08:00:14.472 487 519 I Zygote : ...preloaded 7337 classes in 1120ms.
01-01 08:00:14.474 487 518 I Zygote : Called ZygoteHooks.endPreload()
01-01 08:00:14.475 487 518 I Zygote : Installed AndroidKeyStoreProvider in 1ms.
01-01 08:00:14.481 487 487 I IntentFirewall: Read new rules (A:0 B:0 S:0)
01-01 08:00:14.497 487 518 I Zygote : Warmed up JCA providers in 22ms.
01-01 08:00:14.497 487 518 D Zygote : Zygote:ThreadPreadloadClass took 1149ms.
01-01 08:00:14.503 487 487 E libprocessgroup: Failed to open /dev/memcg/apps: Permission denied
01-01 08:00:14.505 487 487 D AppOps : AppOpsService published
01-01 08:00:14.508 487 487 I SystemServerTiming: StartDataLoaderManagerService
01-01 08:00:14.508 487 487 I SystemServiceManager: Starting com.android.server.pm.DataLoaderManagerService
01-01 08:00:14.518 487 487 I SystemServerTiming: StartIncrementalService
01-01 08:00:14.525 487 487 I incfs-mounts: [incfs] Loaded incremental-fs mount info: 0 instances, 0 mount points
01-01 08:00:14.528 487 487 I SystemServerTiming: StartPowerManager
01-01 08:00:14.528 487 487 I SystemServiceManager: Starting com.android.server.power.PowerManagerService
01-01 08:00:14.546 196 196 I servicemanager: Found android.hardware.power.IPower/default in device VINTF manifest.
01-01 08:00:14.551 197 197 I hw-BpHwBinder: onLastStrongRef automatically unlinking death recipients
01-01 08:00:14.554 276 276 I AW_PowerHAL: Power setMode: INTERACTIVE to: 1
01-01 08:00:14.554 276 276 I AW_PowerHAL: not completed yet, ignore mode request other
01-01 08:00:14.554 276 276 I AW_PowerHAL: check: Mode 0 not Supported ,do nothing
01-01 08:00:14.563 487 487 I SystemServerTiming: StartThermalManager
01-01 08:00:14.563 487 487 I SystemServiceManager: Starting com.android.server.power.ThermalManagerService
01-01 08:00:14.564 487 487 I SystemServerTiming: StartHintManager
01-01 08:00:14.564 487 487 I SystemServiceManager: Starting com.android.server.power.hint.HintManagerService
01-01 08:00:14.566 487 487 E PowerHalController: getHintSessionPreferredRate failed: Status(-129, EX_TRANSACTION_FAILED): 'UNKNOWN_TRANSACTION: '
01-01 08:00:14.567 487 487 I SystemServerTiming: InitPowerManagement
01-01 08:00:14.570 487 487 I SystemServerTiming: StartRecoverySystemService
01-01 08:00:14.570 487 487 I SystemServiceManager: Starting com.android.server.recoverysystem.RecoverySystemService$Lifecycle
01-01 08:00:14.574 487 487 I PackageWatchdog: Syncing state, reason: added new observer
01-01 08:00:14.574 487 487 I PackageWatchdog: Not pruning observers, elapsed time: 0ms
01-01 08:00:14.574 487 487 I PackageWatchdog: Cancelling state sync, nothing to sync
01-01 08:00:14.574 487 547 I PackageWatchdog: Saving observer state to file
01-01 08:00:14.576 487 487 I SystemServerTiming: StartLightsService
01-01 08:00:14.576 487 487 I SystemServiceManager: Starting com.android.server.lights.LightsService
01-01 08:00:14.581 196 196 I servicemanager: Found android.hardware.light.ILights/default in device VINTF manifest.
01-01 08:00:14.584 275 275 I android.hardware.lights-service: Lights reporting supported lights size=1
01-01 08:00:14.587 487 487 I SystemServerTiming: StartSidekickService
01-01 08:00:14.587 487 487 I SystemServerTiming: StartDisplayManager
01-01 08:00:14.587 487 487 I SystemServiceManager: Starting com.android.server.display.DisplayManagerService
01-01 08:00:14.603 288 539 E HWComposer: getSupportedContentTypes: getSupportedContentTypes failed for display 0: Unsupported (8)
01-01 08:00:14.604 487 487 I SystemServerTiming: WaitForDisplay
01-01 08:00:14.604 487 487 I SystemServiceManager: Starting phase 100
01-01 08:00:14.604 487 487 I SystemServerTiming: OnBootPhase_100
01-01 08:00:14.618 487 533 I DisplayDeviceRepository: Display device added: DisplayDeviceInfo{"内置屏幕": uniqueId="local:0", 1920 x 1080, modeId 1, defaultModeId 1, supportedModes [{id=1, width=1920, height=1080, fps=60.000004, alternativeRefreshRates=[]}], colorMode 0, supportedColorModes [0], hdrCapabilities HdrCapabilities{mSupportedHdrTypes=[2, 3], mMaxLuminance=500.0, mMaxAverageLuminance=500.0, mMinLuminance=0.0}, allmSupported false, gameContentTypeSupported false, density 240, 0.16 x 0.16 dpi, appVsyncOff 1000000, presDeadline 16666666, touch INTERNAL, rotation 0, type INTERNAL, address {port=0}, deviceProductInfo null, state UNKNOWN, frameRateOverride , brightnessMinimum 0.0, brightnessMaximum 1.0, brightnessDefault 0.39763778, FLAG_DEFAULT_DISPLAY, FLAG_ROTATES_WITH_CONTENT, FLAG_SECURE, FLAG_SUPPORTS_PROTECTED_BUFFERS}
01-01 08:00:14.620 487 533 I LogicalDisplayMapper: Applying layout: [{addr: {port=0}, dispId: 0(ON)}], Previous layout: null
01-01 08:00:14.624 487 533 I LogicalDisplayMapper: Adding new display: 0: DisplayInfo{"内置屏幕", displayId 0", displayGroupId -1, FLAG_SECURE, FLAG_SUPPORTS_PROTECTED_BUFFERS, FLAG_TRUSTED, real 1920 x 1080, largest app 1920 x 1080, smallest app 1920 x 1080, appVsyncOff 1000000, presDeadline 16666666, mode 1, defaultMode 1, modes [{id=1, width=1920, height=1080, fps=60.000004, alternativeRefreshRates=[]}], hdrCapabilities HdrCapabilities{mSupportedHdrTypes=[2, 3], mMaxLuminance=500.0, mMaxAverageLuminance=500.0, mMinLuminance=0.0}, userDisabledHdrTypes [], minimalPostProcessingSupported false, rotation 0, state UNKNOWN, type INTERNAL, uniqueId "local:0", app 1920 x 1080, density 240 (0.16 x 0.16) dpi, layerStack 0, colorMode 0, supportedColorModes [0], address {port=0}, deviceProductInfo null, removeMode 0, refreshRateOverride 0.0, brightnessMinimum 0.0, brightnessMaximum 1.0, brightnessDefault 0.39763778}
01-01 08:00:14.624 487 533 I LogicalDisplayMapper: Setting new display group 0 for display 0, from previous group: null
01-01 08:00:14.626 487 487 I SystemServerTiming: StartDomainVerificationService
01-01 08:00:14.648 487 487 I SystemServerTiming: StartPackageManagerService
01-01 08:00:14.649 487 487 I Watchdog: Pausing HandlerChecker: main thread for reason: packagemanagermain. Pause count: 1
01-01 08:00:14.659 487 487 I PackageManagerTiming: create package manager
01-01 08:00:14.668 487 487 E PackageManager: /oem/delete.txt not exist
01-01 08:00:14.668 487 487 I PackageManagerTiming: createSubComponents
01-01 08:00:14.705 487 487 I PackageManagerTiming: addSharedUsers
01-01 08:00:14.710 487 487 I PackageManagerTiming: get system config
01-01 08:00:14.715 487 487 D PackageManager: Directories scanned as system partitions: [/system:0, /vendor:524288, /odm:4194304, /oem:262144, /product:1048576, /system/system_ext:2097152, /apex/com.android.wifi:8388608, /apex/com.android.vndk.v31:8388608, /apex/com.android.tzdata:8388608, /apex/com.android.tethering:8388608, /apex/com.android.sdkext:8388608, /apex/com.android.scheduling:8388608, /apex/com.android.runtime:8388608, /apex/com.android.resolv:8388608, /apex/com.android.permission:8388608, /apex/com.android.os.statsd:8388608, /apex/com.android.neuralnetworks:8388608, /apex/com.android.mediaprovider:8388608, /apex/com.android.media.swcodec:8388608, /apex/com.android.media:8388608, /apex/com.android.ipsec:8388608, /apex/com.android.i18n:8388608, /apex/com.android.extservices:8388608, /apex/com.android.conscrypt:8388608, /apex/com.android.art:8388608, /apex/com.android.appsearch:8388608, /apex/com.android.adbd:8388608]
01-01 08:00:14.723 487 487 D SELinuxMMAC: Using policy file /system/etc/selinux/plat_mac_permissions.xml
01-01 08:00:14.726 487 487 D SELinuxMMAC: Using policy file /system_ext/etc/selinux/system_ext_mac_permissions.xml
01-01 08:00:14.727 487 487 D SELinuxMMAC: Using policy file /vendor/etc/selinux/vendor_mac_permissions.xml
01-01 08:00:14.729 487 487 I PackageManagerTiming: loadFallbacks
01-01 08:00:14.732 487 487 D FallbackCategoryProvider: Found 1 fallback categories
01-01 08:00:14.732 487 487 I PackageManagerTiming: read user settings
01-01 08:00:14.772 487 527 D SystemServerInitThreadPool: Finished executing loadPreinstalledSystemFontMap
01-01 08:00:14.927 487 487 W android.permission.PermissionManager: Missing ActivityManager; assuming 1000 holds android.permission.SET_PREFERRED_APPLICATIONS
01-01 08:00:14.929 487 487 W android.permission.PermissionManager: Missing ActivityManager; assuming 1000 holds android.permission.SET_PREFERRED_APPLICATIONS
01-01 08:00:14.930 487 487 W android.permission.PermissionManager: Missing ActivityManager; assuming 1000 holds android.permission.SET_PREFERRED_APPLICATIONS
01-01 08:00:14.930 487 487 W android.permission.PermissionManager: Missing ActivityManager; assuming 1000 holds android.permission.SET_PREFERRED_APPLICATIONS
01-01 08:00:14.930 487 487 W android.permission.PermissionManager: Missing ActivityManager; assuming 1000 holds android.permission.SET_PREFERRED_APPLICATIONS
01-01 08:00:14.930 487 487 W android.permission.PermissionManager: Missing ActivityManager; assuming 1000 holds android.permission.SET_PREFERRED_APPLICATIONS
01-01 08:00:14.931 487 487 W android.permission.PermissionManager: Missing ActivityManager; assuming 1000 holds android.permission.SET_PREFERRED_APPLICATIONS
01-01 08:00:14.931 487 487 W android.permission.PermissionManager: Missing ActivityManager; assuming 1000 holds android.permission.SET_PREFERRED_APPLICATIONS
01-01 08:00:14.931 487 487 W android.permission.PermissionManager: Missing ActivityManager; assuming 1000 holds android.permission.SET_PREFERRED_APPLICATIONS
01-01 08:00:14.931 487 487 W android.permission.PermissionManager: Missing ActivityManager; assuming 1000 holds android.permission.SET_PREFERRED_APPLICATIONS
01-01 08:00:14.932 487 487 W android.permission.PermissionManager: Missing ActivityManager; assuming 1000 holds android.permission.SET_PREFERRED_APPLICATIONS
01-01 08:00:14.932 487 487 W android.permission.PermissionManager: Missing ActivityManager; assuming 1000 holds android.permission.SET_PREFERRED_APPLICATIONS
01-01 08:00:14.932 487 487 W android.permission.PermissionManager: Missing ActivityManager; assuming 1000 holds android.permission.SET_PREFERRED_APPLICATIONS
01-01 08:00:14.932 487 487 W android.permission.PermissionManager: Missing ActivityManager; assuming 1000 holds android.permission.SET_PREFERRED_APPLICATIONS
01-01 08:00:14.932 487 487 W android.permission.PermissionManager: Missing ActivityManager; assuming 1000 holds android.permission.SET_PREFERRED_APPLICATIONS
01-01 08:00:14.933 487 487 W android.permission.PermissionManager: Missing ActivityManager; assuming 1000 holds android.permission.SET_PREFERRED_APPLICATIONS
01-01 08:00:14.933 487 487 W android.permission.PermissionManager: Missing ActivityManager; assuming 1000 holds android.permission.SET_PREFERRED_APPLICATIONS
01-01 08:00:14.933 487 487 W android.permission.PermissionManager: Missing ActivityManager; assuming 1000 holds android.permission.SET_PREFERRED_APPLICATIONS
01-01 08:00:14.933 487 487 W android.permission.PermissionManager: Missing ActivityManager; assuming 1000 holds android.permission.SET_PREFERRED_APPLICATIONS
01-01 08:00:14.934 487 487 W android.permission.PermissionManager: Missing ActivityManager; assuming 1000 holds android.permission.SET_PREFERRED_APPLICATIONS
01-01 08:00:14.934 487 487 W android.permission.PermissionManager: Missing ActivityManager; assuming 1000 holds android.permission.SET_PREFERRED_APPLICATIONS
01-01 08:00:14.934 487 487 W android.permission.PermissionManager: Missing ActivityManager; assuming 1000 holds android.permission.SET_PREFERRED_APPLICATIONS
01-01 08:00:14.934 487 487 W android.permission.PermissionManager: Missing ActivityManager; assuming 1000 holds android.permission.SET_PREFERRED_APPLICATIONS
01-01 08:00:14.935 487 487 W android.permission.PermissionManager: Missing ActivityManager; assuming 1000 holds android.permission.SET_PREFERRED_APPLICATIONS
01-01 08:00:14.935 487 487 W android.permission.PermissionManager: Missing ActivityManager; assuming 1000 holds android.permission.SET_PREFERRED_APPLICATIONS
01-01 08:00:14.935 487 487 W android.permission.PermissionManager: Missing ActivityManager; assuming 1000 holds android.permission.SET_PREFERRED_APPLICATIONS
01-01 08:00:14.935 487 487 W android.permission.PermissionManager: Missing ActivityManager; assuming 1000 holds android.permission.SET_PREFERRED_APPLICATIONS
01-01 08:00:14.935 487 487 W android.permission.PermissionManager: Missing ActivityManager; assuming 1000 holds android.permission.SET_PREFERRED_APPLICATIONS
01-01 08:00:14.936 487 487 W android.permission.PermissionManager: Missing ActivityManager; assuming 1000 holds android.permission.SET_PREFERRED_APPLICATIONS
01-01 08:00:14.936 487 487 W android.permission.PermissionManager: Missing ActivityManager; assuming 1000 holds android.permission.SET_PREFERRED_APPLICATIONS
01-01 08:00:14.936 487 487 W android.permission.PermissionManager: Missing ActivityManager; assuming 1000 holds android.permission.SET_PREFERRED_APPLICATIONS
01-01 08:00:14.936 487 487 W android.permission.PermissionManager: Missing ActivityManager; assuming 1000 holds android.permission.SET_PREFERRED_APPLICATIONS
01-01 08:00:14.936 255 255 W ServiceManager: Service statscompanion didn't start. Returning NULL
01-01 08:00:14.936 487 487 W android.permission.PermissionManager: Missing ActivityManager; assuming 1000 holds android.permission.SET_PREFERRED_APPLICATIONS
01-01 08:00:14.937 487 487 W android.permission.PermissionManager: Missing ActivityManager; assuming 1000 holds android.permission.SET_PREFERRED_APPLICATIONS
01-01 08:00:14.937 487 487 W android.permission.PermissionManager: Missing ActivityManager; assuming 1000 holds android.permission.SET_PREFERRED_APPLICATIONS
01-01 08:00:14.937 487 487 W android.permission.PermissionManager: Missing ActivityManager; assuming 1000 holds android.permission.SET_PREFERRED_APPLICATIONS
01-01 08:00:14.937 487 487 W android.permission.PermissionManager: Missing ActivityManager; assuming 1000 holds android.permission.SET_PREFERRED_APPLICATIONS
01-01 08:00:14.938 487 487 W android.permission.PermissionManager: Missing ActivityManager; assuming 1000 holds android.permission.SET_PREFERRED_APPLICATIONS
01-01 08:00:14.938 487 487 W android.permission.PermissionManager: Missing ActivityManager; assuming 1000 holds android.permission.SET_PREFERRED_APPLICATIONS
01-01 08:00:14.938 487 487 W android.permission.PermissionManager: Missing ActivityManager; assuming 1000 holds android.permission.SET_PREFERRED_APPLICATIONS
01-01 08:00:14.939 487 487 W android.permission.PermissionManager: Missing ActivityManager; assuming 1000 holds android.permission.SET_PREFERRED_APPLICATIONS
01-01 08:00:14.939 487 487 W android.permission.PermissionManager: Missing ActivityManager; assuming 1000 holds android.permission.SET_PREFERRED_APPLICATIONS
01-01 08:00:14.939 255 255 I statsd : Statsd starts to listen to socket.
01-01 08:00:14.939 487 487 W android.permission.PermissionManager: Missing ActivityManager; assuming 1000 holds android.permission.SET_PREFERRED_APPLICATIONS
01-01 08:00:14.939 487 487 W android.permission.PermissionManager: Missing ActivityManager; assuming 1000 holds android.permission.SET_PREFERRED_APPLICATIONS
01-01 08:00:14.940 487 487 W android.permission.PermissionManager: Missing ActivityManager; assuming 1000 holds android.permission.SET_PREFERRED_APPLICATIONS
01-01 08:00:14.940 487 487 W android.permission.PermissionManager: Missing ActivityManager; assuming 1000 holds android.permission.SET_PREFERRED_APPLICATIONS
01-01 08:00:14.940 487 487 W android.permission.PermissionManager: Missing ActivityManager; assuming 1000 holds android.permission.SET_PREFERRED_APPLICATIONS
01-01 08:00:14.940 487 487 W android.permission.PermissionManager: Missing ActivityManager; assuming 1000 holds android.permission.SET_PREFERRED_APPLICATIONS
01-01 08:00:14.941 487 487 W android.permission.PermissionManager: Missing ActivityManager; assuming 1000 holds android.permission.SET_PREFERRED_APPLICATIONS
01-01 08:00:14.941 487 487 W android.permission.PermissionManager: Missing ActivityManager; assuming 1000 holds android.permission.SET_PREFERRED_APPLICATIONS
01-01 08:00:14.941 487 487 W android.permission.PermissionManager: Missing ActivityManager; assuming 1000 holds android.permission.SET_PREFERRED_APPLICATIONS
01-01 08:00:14.941 487 487 W android.permission.PermissionManager: Missing ActivityManager; assuming 1000 holds android.permission.SET_PREFERRED_APPLICATIONS
01-01 08:00:14.941 487 487 W android.permission.PermissionManager: Missing ActivityManager; assuming 1000 holds android.permission.SET_PREFERRED_APPLICATIONS
01-01 08:00:14.942 487 487 W android.permission.PermissionManager: Missing ActivityManager; assuming 1000 holds android.permission.SET_PREFERRED_APPLICATIONS
01-01 08:00:14.942 487 487 W android.permission.PermissionManager: Missing ActivityManager; assuming 1000 holds android.permission.SET_PREFERRED_APPLICATIONS
01-01 08:00:14.942 487 487 W android.permission.PermissionManager: Missing ActivityManager; assuming 1000 holds android.permission.SET_PREFERRED_APPLICATIONS
01-01 08:00:14.942 487 487 W android.permission.PermissionManager: Missing ActivityManager; assuming 1000 holds android.permission.SET_PREFERRED_APPLICATIONS
01-01 08:00:14.943 487 487 W android.permission.PermissionManager: Missing ActivityManager; assuming 1000 holds android.permission.SET_PREFERRED_APPLICATIONS
01-01 08:00:14.943 487 487 W android.permission.PermissionManager: Missing ActivityManager; assuming 1000 holds android.permission.SET_PREFERRED_APPLICATIONS
01-01 08:00:14.943 487 487 W android.permission.PermissionManager: Missing ActivityManager; assuming 1000 holds android.permission.SET_PREFERRED_APPLICATIONS
01-01 08:00:14.943 487 487 W android.permission.PermissionManager: Missing ActivityManager; assuming 1000 holds android.permission.SET_PREFERRED_APPLICATIONS
01-01 08:00:14.944 487 487 W android.permission.PermissionManager: Missing ActivityManager; assuming 1000 holds android.permission.SET_PREFERRED_APPLICATIONS
01-01 08:00:14.944 487 487 W android.permission.PermissionManager: Missing ActivityManager; assuming 1000 holds android.permission.SET_PREFERRED_APPLICATIONS
01-01 08:00:14.944 487 487 W android.permission.PermissionManager: Missing ActivityManager; assuming 1000 holds android.permission.SET_PREFERRED_APPLICATIONS
01-01 08:00:14.944 487 487 W android.permission.PermissionManager: Missing ActivityManager; assuming 1000 holds android.permission.SET_PREFERRED_APPLICATIONS
01-01 08:00:14.944 487 487 W android.permission.PermissionManager: Missing ActivityManager; assuming 1000 holds android.permission.SET_PREFERRED_APPLICATIONS
01-01 08:00:14.945 487 487 W android.permission.PermissionManager: Missing ActivityManager; assuming 1000 holds android.permission.SET_PREFERRED_APPLICATIONS
01-01 08:00:14.945 487 487 W android.permission.PermissionManager: Missing ActivityManager; assuming 1000 holds android.permission.SET_PREFERRED_APPLICATIONS
01-01 08:00:14.945 487 487 W android.permission.PermissionManager: Missing ActivityManager; assuming 1000 holds android.permission.SET_PREFERRED_APPLICATIONS
01-01 08:00:14.945 487 487 W android.permission.PermissionManager: Missing ActivityManager; assuming 1000 holds android.permission.SET_PREFERRED_APPLICATIONS
01-01 08:00:14.945 487 487 W android.permission.PermissionManager: Missing ActivityManager; assuming 1000 holds android.permission.SET_PREFERRED_APPLICATIONS
01-01 08:00:14.946 487 487 W android.permission.PermissionManager: Missing ActivityManager; assuming 1000 holds android.permission.SET_PREFERRED_APPLICATIONS
01-01 08:00:14.946 487 487 W android.permission.PermissionManager: Missing ActivityManager; assuming 1000 holds android.permission.SET_PREFERRED_APPLICATIONS
01-01 08:00:14.946 487 487 W android.permission.PermissionManager: Missing ActivityManager; assuming 1000 holds android.permission.SET_PREFERRED_APPLICATIONS
01-01 08:00:14.946 487 487 W android.permission.PermissionManager: Missing ActivityManager; assuming 1000 holds android.permission.SET_PREFERRED_APPLICATIONS
01-01 08:00:14.947 487 487 W android.permission.PermissionManager: Missing ActivityManager; assuming 1000 holds android.permission.SET_PREFERRED_APPLICATIONS
01-01 08:00:14.947 487 487 W android.permission.PermissionManager: Missing ActivityManager; assuming 1000 holds android.permission.SET_PREFERRED_APPLICATIONS
01-01 08:00:14.947 487 487 W android.permission.PermissionManager: Missing ActivityManager; assuming 1000 holds android.permission.SET_PREFERRED_APPLICATIONS
01-01 08:00:14.947 487 487 W android.permission.PermissionManager: Missing ActivityManager; assuming 1000 holds android.permission.SET_PREFERRED_APPLICATIONS
01-01 08:00:14.947 487 487 W android.permission.PermissionManager: Missing ActivityManager; assuming 1000 holds android.permission.SET_PREFERRED_APPLICATIONS
01-01 08:00:14.948 487 487 W android.permission.PermissionManager: Missing ActivityManager; assuming 1000 holds android.permission.SET_PREFERRED_APPLICATIONS
01-01 08:00:14.948 487 487 W android.permission.PermissionManager: Missing ActivityManager; assuming 1000 holds android.permission.SET_PREFERRED_APPLICATIONS
01-01 08:00:14.948 487 487 W android.permission.PermissionManager: Missing ActivityManager; assuming 1000 holds android.permission.SET_PREFERRED_APPLICATIONS
01-01 08:00:14.948 487 487 W android.permission.PermissionManager: Missing ActivityManager; assuming 1000 holds android.permission.SET_PREFERRED_APPLICATIONS
01-01 08:00:14.948 487 487 W android.permission.PermissionManager: Missing ActivityManager; assuming 1000 holds android.permission.SET_PREFERRED_APPLICATIONS
01-01 08:00:14.949 487 487 W android.permission.PermissionManager: Missing ActivityManager; assuming 1000 holds android.permission.SET_PREFERRED_APPLICATIONS
01-01 08:00:14.949 487 487 W android.permission.PermissionManager: Missing ActivityManager; assuming 1000 holds android.permission.SET_PREFERRED_APPLICATIONS
01-01 08:00:14.949 487 487 W android.permission.PermissionManager: Missing ActivityManager; assuming 1000 holds android.permission.SET_PREFERRED_APPLICATIONS
01-01 08:00:14.949 487 487 W android.permission.PermissionManager: Missing ActivityManager; assuming 1000 holds android.permission.SET_PREFERRED_APPLICATIONS
01-01 08:00:14.950 487 487 W android.permission.PermissionManager: Missing ActivityManager; assuming 1000 holds android.permission.SET_PREFERRED_APPLICATIONS
01-01 08:00:14.950 487 487 W android.permission.PermissionManager: Missing ActivityManager; assuming 1000 holds android.permission.SET_PREFERRED_APPLICATIONS
01-01 08:00:14.950 487 487 W android.permission.PermissionManager: Missing ActivityManager; assuming 1000 holds android.permission.SET_PREFERRED_APPLICATIONS
01-01 08:00:14.950 487 487 W android.permission.PermissionManager: Missing ActivityManager; assuming 1000 holds android.permission.SET_PREFERRED_APPLICATIONS
01-01 08:00:14.951 487 487 W android.permission.PermissionManager: Missing ActivityManager; assuming 1000 holds android.permission.SET_PREFERRED_APPLICATIONS
01-01 08:00:14.951 487 487 W android.permission.PermissionManager: Missing ActivityManager; assuming 1000 holds android.permission.SET_PREFERRED_APPLICATIONS
01-01 08:00:14.951 487 487 W android.permission.PermissionManager: Missing ActivityManager; assuming 1000 holds android.permission.SET_PREFERRED_APPLICATIONS
01-01 08:00:14.951 487 487 W android.permission.PermissionManager: Missing ActivityManager; assuming 1000 holds android.permission.SET_PREFERRED_APPLICATIONS
01-01 08:00:14.951 487 487 W android.permission.PermissionManager: Missing ActivityManager; assuming 1000 holds android.permission.SET_PREFERRED_APPLICATIONS
01-01 08:00:14.952 487 487 W android.permission.PermissionManager: Missing ActivityManager; assuming 1000 holds android.permission.SET_PREFERRED_APPLICATIONS
01-01 08:00:14.952 487 487 W android.permission.PermissionManager: Missing ActivityManager; assuming 1000 holds android.permission.SET_PREFERRED_APPLICATIONS
01-01 08:00:14.952 487 487 W android.permission.PermissionManager: Missing ActivityManager; assuming 1000 holds android.permission.SET_PREFERRED_APPLICATIONS
01-01 08:00:14.952 487 487 W android.permission.PermissionManager: Missing ActivityManager; assuming 1000 holds android.permission.SET_PREFERRED_APPLICATIONS
01-01 08:00:14.952 487 487 W android.permission.PermissionManager: Missing ActivityManager; assuming 1000 holds android.permission.SET_PREFERRED_APPLICATIONS
01-01 08:00:14.953 487 487 W android.permission.PermissionManager: Missing ActivityManager; assuming 1000 holds android.permission.SET_PREFERRED_APPLICATIONS
01-01 08:00:14.953 487 487 W android.permission.PermissionManager: Missing ActivityManager; assuming 1000 holds android.permission.SET_PREFERRED_APPLICATIONS
01-01 08:00:14.953 487 487 W android.permission.PermissionManager: Missing ActivityManager; assuming 1000 holds android.permission.SET_PREFERRED_APPLICATIONS
01-01 08:00:14.954 487 487 W android.permission.PermissionManager: Missing ActivityManager; assuming 1000 holds android.permission.SET_PREFERRED_APPLICATIONS
01-01 08:00:14.954 487 487 W android.permission.PermissionManager: Missing ActivityManager; assuming 1000 holds android.permission.SET_PREFERRED_APPLICATIONS
01-01 08:00:14.954 487 487 W android.permission.PermissionManager: Missing ActivityManager; assuming 1000 holds android.permission.SET_PREFERRED_APPLICATIONS
01-01 08:00:14.954 487 487 W android.permission.PermissionManager: Missing ActivityManager; assuming 1000 holds android.permission.SET_PREFERRED_APPLICATIONS
01-01 08:00:14.955 487 487 W android.permission.PermissionManager: Missing ActivityManager; assuming 1000 holds android.permission.SET_PREFERRED_APPLICATIONS
01-01 08:00:14.955 487 487 W android.permission.PermissionManager: Missing ActivityManager; assuming 1000 holds android.permission.SET_PREFERRED_APPLICATIONS
01-01 08:00:14.955 487 487 W android.permission.PermissionManager: Missing ActivityManager; assuming 1000 holds android.permission.SET_PREFERRED_APPLICATIONS
01-01 08:00:14.981 487 487 W PackageSettings: Missing permission state for package: com.android.cts.priv.ctsshim
01-01 08:00:14.981 487 487 W PackageSettings: Missing permission state for package: com.android.internal.systemui.navbar.gestural_wide_back
01-01 08:00:14.981 487 487 W PackageSettings: Missing permission state for package: com.softwinner.awlogsettings
01-01 08:00:14.982 487 487 W PackageSettings: Missing permission state for package: com.android.htmlviewer
01-01 08:00:14.982 487 487 W PackageSettings: Missing permission state for package: com.android.internal.systemui.onehanded.gestural
01-01 08:00:14.982 487 487 W PackageSettings: Missing permission state for package: com.android.simappdialog
01-01 08:00:14.982 487 487 W PackageSettings: Missing permission state for package: com.android.connectivity.resources
01-01 08:00:14.982 487 487 W PackageSettings: Missing permission state for package: com.android.modulemetadata
01-01 08:00:14.982 487 487 W PackageSettings: Missing permission state for package: com.google.android.apps.searchlite.overlay
01-01 08:00:14.982 487 487 W PackageSettings: Missing permission state for package: com.android.internal.systemui.navbar.threebutton
01-01 08:00:14.982 487 487 W PackageSettings: Missing permission state for package: com.google.android.networkstackconfig
01-01 08:00:14.983 487 487 W PackageSettings: Missing permission state for package: com.android.internal.systemui.navbar.gestural_extra_wide_back
01-01 08:00:14.983 487 487 W PackageSettings: Missing permission state for package: com.android.dreams.basic
01-01 08:00:14.983 487 487 W PackageSettings: Missing permission state for package: android.ext.shared
01-01 08:00:14.983 487 487 W PackageSettings: Missing permission state for package: com.google.android.networkstack.tetheringconfig
01-01 08:00:14.983 487 487 W PackageSettings: Missing permission state for package: com.android.wifi.resources
01-01 08:00:14.983 487 487 W PackageSettings: Missing permission state for package: com.android.theme.font.notoserifsource
01-01 08:00:14.983 487 487 W PackageSettings: Missing permission state for package: com.allwinnertech.packageoverride
01-01 08:00:14.984 487 487 W PackageSettings: Missing permission state for package: com.android.bookmarkprovider
01-01 08:00:14.984 487 487 W PackageSettings: Missing permission state for package: com.android.cts.ctsshim
01-01 08:00:14.984 487 487 W PackageSettings: Missing permission state for package: com.softwinner.theme.icon
01-01 08:00:14.984 487 487 W PackageSettings: Missing permission state for package: com.softwinner.theme.color
01-01 08:00:14.984 487 487 W PackageSettings: Missing permission state for package: com.android.internal.systemui.navbar.gestural
01-01 08:00:14.985 487 487 W PackageSettings: Missing permission state for package: com.android.internal.systemui.navbar.gestural_narrow_back
01-01 08:00:14.985 487 487 W PackageSettings: Missing permission state for package: android.auto_generated_rro_vendor__
01-01 08:00:14.986 487 487 W PackageSettings: Missing permission state for shared user: android.uid.log
01-01 08:00:14.986 487 487 W PackageSettings: Missing permission state for shared user: android.uid.nfc
01-01 08:00:14.986 487 487 W PackageSettings: Missing permission state for shared user: android.uid.uwb
01-01 08:00:14.995 487 487 D PackageManager: Keeping known cache cb51b19e02f4f101d73524b81419a1f8cfae66e4
01-01 08:00:14.997 487 487 D PackageManager: No files in app dir /system/system_ext/overlay
01-01 08:00:15.005 487 487 I PackageBackwardCompatibility: Loaded android.content.pm.AndroidTestBaseUpdater
01-01 08:00:15.008 487 487 D CompatibilityChangeReporter: Compat change id reported: 143539591; UID -1; state: ENABLED
01-01 08:00:15.023 487 487 D PackageManager: No files in app dir /oem/overlay
01-01 08:00:15.023 487 487 D PackageManager: No files in app dir /odm/overlay
01-01 08:00:15.037 487 487 W PackageManager: Failed to parse /system/framework/arm: Missing base APK in /system/framework/arm
01-01 08:00:15.037 487 487 W PackageManager: Failed to parse /system/framework/oat: Missing base APK in /system/framework/oat/arm
01-01 08:00:15.101 487 487 D CompatibilityChangeReporter: Compat change id reported: 143539591; UID -1; state: DISABLED
01-01 08:00:15.102 487 487 D CompatibilityChangeReporter: Compat change id reported: 168782947; UID -1; state: DISABLED
01-01 08:00:15.177 487 487 D CompatibilityChangeReporter: Compat change id reported: 168782947; UID -1; state: ENABLED
01-01 08:00:15.193 487 575 D PackageParsing: homlet: force set orientation: 0
01-01 08:00:15.195 487 575 D CompatibilityChangeReporter: Compat change id reported: 150232615; UID -1; state: ENABLED
01-01 08:00:15.213 487 487 W PackageManager: Provider ComponentInfo{com.dangbei.leard.leradlauncher/androidx.core.content.FileProvider} already defined; ignoring
01-01 08:00:15.272 487 504 I system_server: Background young concurrent copying GC freed 183729(9677KB) AllocSpace objects, 108(2492KB) LOS objects, 79% free, 6478KB/30MB, paused 245us total 223.633ms
01-01 08:00:15.285 487 487 W PackageManager: Failed to parse /system/priv-app/SettingsAssist: /system/priv-app/SettingsAssist/SettingsAssist.apk (at Binary XML file line #34): com.softwinner.settingsassist.Recovery: Targeting S+ (version 31 and above) requires that an explicit value for android:exported be defined when intent filters are present
01-01 08:00:15.386 487 487 D PackageManager: No files in app dir /vendor/priv-app
01-01 08:00:15.387 487 487 D PackageManager: No files in app dir /vendor/app
01-01 08:00:15.387 487 487 D PackageManager: No files in app dir /odm/priv-app
01-01 08:00:15.387 487 487 D PackageManager: No files in app dir /odm/app
01-01 08:00:15.387 487 487 D PackageManager: No files in app dir /oem/priv-app
01-01 08:00:15.387 487 487 D PackageManager: No files in app dir /oem/app
01-01 08:00:15.467 487 487 D PackageManager: No files in app dir /apex/com.android.vndk.v31/priv-app
01-01 08:00:15.467 487 487 D PackageManager: No files in app dir /apex/com.android.vndk.v31/app
01-01 08:00:15.467 487 487 D PackageManager: No files in app dir /apex/com.android.tzdata/priv-app
01-01 08:00:15.467 487 487 D PackageManager: No files in app dir /apex/com.android.tzdata/app
01-01 08:00:15.475 487 487 D PackageManager: No files in app dir /apex/com.android.tethering/app
01-01 08:00:15.475 487 487 D PackageManager: No files in app dir /apex/com.android.sdkext/priv-app
01-01 08:00:15.475 487 487 D PackageManager: No files in app dir /apex/com.android.sdkext/app
01-01 08:00:15.475 487 487 D PackageManager: No files in app dir /apex/com.android.scheduling/priv-app
01-01 08:00:15.475 487 487 D PackageManager: No files in app dir /apex/com.android.scheduling/app
01-01 08:00:15.475 487 487 D PackageManager: No files in app dir /apex/com.android.runtime/priv-app
01-01 08:00:15.475 487 487 D PackageManager: No files in app dir /apex/com.android.runtime/app
01-01 08:00:15.476 487 487 D PackageManager: No files in app dir /apex/com.android.resolv/priv-app
01-01 08:00:15.476 487 487 D PackageManager: No files in app dir /apex/com.android.resolv/app
01-01 08:00:15.490 487 487 D PackageManager: No files in app dir /apex/com.android.permission/app
01-01 08:00:15.491 487 487 D PackageManager: No files in app dir /apex/com.android.os.statsd/priv-app
01-01 08:00:15.491 487 487 D PackageManager: No files in app dir /apex/com.android.os.statsd/app
01-01 08:00:15.491 487 487 D PackageManager: No files in app dir /apex/com.android.neuralnetworks/priv-app
01-01 08:00:15.491 487 487 D PackageManager: No files in app dir /apex/com.android.neuralnetworks/app
01-01 08:00:15.497 487 487 D PackageManager: No files in app dir /apex/com.android.mediaprovider/app
01-01 08:00:15.498 487 487 D PackageManager: No files in app dir /apex/com.android.media.swcodec/priv-app
