01-01 08:00:10.068 222 222 D tee_supplicant: looping
01-01 08:00:10.077 222 280 D tee_supplicant: looping
01-01 08:00:10.095 263 263 I HidlServiceManagement: Registered android.hardware.bluetooth@1.0::IBluetoothHci/default
01-01 08:00:10.103 263 263 I HidlServiceManagement: Removing namespace from process name android.hardware.bluetooth@1.0-service to bluetooth@1.0-service.
01-01 08:00:10.107 263 263 I LegacySupport: Registration complete for android.hardware.bluetooth@1.0::IBluetoothHci/default.
01-01 08:00:10.127 256 256 I netd : Creating child chains: 145115us
01-01 08:00:10.127 256 256 I netd : Setting up OEM hooks: 393us
01-01 08:00:10.127 256 256 I netd : Setting up FirewallController hooks: 73us
01-01 08:00:10.129 265 265 E cutils-trace: Error opening trace file: No such file or directory (2)
01-01 08:00:10.137 267 267 E cutils-trace: Error opening trace file: No such file or directory (2)
01-01 08:00:10.143 275 275 I android.hardware.lights-service: Light Hal current version V2.0.0
01-01 08:00:10.144 275 275 D lights_device: success open disp device type=0.
01-01 08:00:10.146 256 256 I netd : Setting up TetherController hooks: 18923us
01-01 08:00:10.147 222 222 D tee_supplicant: looping
01-01 08:00:10.147 196 196 I servicemanager: Found android.hardware.light.ILights/default in device VINTF manifest.
01-01 08:00:10.147 265 265 I HidlServiceManagement: Registered android.hardware.cas@1.2::IMediaCasService/default
01-01 08:00:10.148 265 265 I HidlServiceManagement: Removing namespace from process name android.hardware.cas@1.2-service to cas@1.2-service.
01-01 08:00:10.151 276 276 I AW_PowerHAL: AW Power HAL AIDL Service is starting.
01-01 08:00:10.155 276 276 I AW_PowerHAL: PowerHAL initiated
01-01 08:00:10.155 278 278 E android.hardware.usb.gadget@1.1-service.aw: configfs setup not done yet
01-01 08:00:10.156 278 278 E cutils-trace: Error opening trace file: No such file or directory (2)
01-01 08:00:10.158 196 196 I servicemanager: Found android.hardware.power.IPower/default in device VINTF manifest.
01-01 08:00:10.166 256 256 I netd : Setting up BandwidthController hooks: 20346us
01-01 08:00:10.167 256 256 I netd : Setting up IdletimerController hooks: 273us
01-01 08:00:10.170 264 264 I android.hardware.camera.provider@2.4-external-service: External camera provider service is starting.
01-01 08:00:10.172 264 264 E cutils-trace: Error opening trace file: No such file or directory (2)
01-01 08:00:10.176 278 278 I HidlServiceManagement: Registered android.hardware.usb@1.0::IUsb/default
01-01 08:00:10.177 278 278 I HidlServiceManagement: Removing namespace from process name android.hardware.usb@1.0-service.aw to usb@1.0-service.aw.
01-01 08:00:10.177 262 262 I HidlServiceManagement: Registered android.hardware.audio@7.0::IDevicesFactory/default
01-01 08:00:10.184 273 273 E cutils-trace: Error opening trace file: No such file or directory (2)
01-01 08:00:10.206 278 278 I HidlServiceManagement: Registered android.hardware.usb.gadget@1.1::IUsbGadget/default
01-01 08:00:10.206 278 278 I android.hardware.usb@1.0-service: USB HAL Ready.
01-01 08:00:10.210 196 196 I servicemanager: Found android.hardware.rebootescrow.IRebootEscrow/default in device VINTF manifest.
01-01 08:00:10.211 256 256 I netd : Setting up StrictController hooks: 44713us
01-01 08:00:10.212 256 256 I netd : Initializing ClatdController: 278us
01-01 08:00:10.213 277 277 E cutils-trace: Error opening trace file: No such file or directory (2)
01-01 08:00:10.214 256 256 I netd : Initializing traffic control: 2270us
01-01 08:00:10.215 262 262 I HidlServiceManagement: Removing namespace from process name android.hardware.audio.service to audio.service.
01-01 08:00:10.216 266 266 I HidlServiceManagement: Registered android.hardware.gatekeeper@1.0::IGatekeeper/default
01-01 08:00:10.216 266 266 I HidlServiceManagement: Removing namespace from process name android.hardware.gatekeeper@1.0-service-aw to gatekeeper@1.0-service-aw.
01-01 08:00:10.216 266 266 I LegacySupport: Registration complete for android.hardware.gatekeeper@1.0::IGatekeeper/default.
01-01 08:00:10.217 267 267 E gralloc : Arm Module v1.0
01-01 08:00:10.226 273 273 W healthd : No battery devices found
01-01 08:00:10.216 179 179 I init : type=1400 audit(0.0:18): avc: denied { add_name } for name="runtime_enable" scontext=u:r:vendor_init:s0 tcontext=u:object_r:sysfs_disp:s0 tclass=dir permissive=1
01-01 08:00:10.221 262 262 I LegacySupport: Registration complete for android.hardware.audio@7.0::IDevicesFactory/default.
01-01 08:00:10.220 179 179 I init : type=1400 audit(0.0:19): avc: denied { create } for name="runtime_enable" scontext=u:r:vendor_init:s0 tcontext=u:object_r:sysfs_disp:s0 tclass=file permissive=1
01-01 08:00:10.227 273 273 I android.hardware.health@2.1-service: default instance initializing with healthd_config...
01-01 08:00:10.231 277 277 D hdmi-cec: Loading: sunxi HDMI CEC module
01-01 08:00:10.232 273 273 I HidlServiceManagement: Registered android.hardware.health@2.1::IHealth/default
01-01 08:00:10.232 267 267 I HidlServiceManagement: Registered android.hardware.graphics.allocator@2.0::IAllocator/default
01-01 08:00:10.232 267 267 I HidlServiceManagement: Removing namespace from process name android.hardware.graphics.allocator@2.0-service to allocator@2.0-service.
01-01 08:00:10.232 273 273 I HidlServiceManagement: Removing namespace from process name android.hardware.health@2.1-service to health@2.1-service.
01-01 08:00:10.233 273 273 I android.hardware.health@2.1-service: default: Hal init done
01-01 08:00:10.233 267 267 I LegacySupport: Registration complete for android.hardware.graphics.allocator@2.0::IAllocator/default.
01-01 08:00:10.235 277 297 I hdmi-cec: HDMI-CEC EventThread start
01-01 08:00:10.235 279 279 I display.output-service: DisplayOutputManagerService is started
01-01 08:00:10.244 273 273 W healthd : battery none chg=
01-01 08:00:10.244 279 279 I display.output-service: DisplayOutputManagerService current version V2.2.0
01-01 08:00:10.245 279 279 E cutils-trace: Error opening trace file: No such file or directory (2)
01-01 08:00:10.248 179 179 I : file system registered
01-01 08:00:10.253 277 277 I HidlServiceManagement: Registered android.hardware.tv.cec@1.0::IHdmiCec/default
01-01 08:00:10.254 277 277 I HidlServiceManagement: Removing namespace from process name android.hardware.tv.cec@1.0-service to cec@1.0-service.
01-01 08:00:10.254 277 277 I LegacySupport: Registration complete for android.hardware.tv.cec@1.0::IHdmiCec/default.
01-01 08:00:10.256 197 197 I hwservicemanager: Since vendor.display.config@1.0::IDisplayConfig/default is not registered, trying to start it as a lazy HAL.
01-01 08:00:10.260 197 197 I hwservicemanager: Since vendor.display.config@1.0::IDisplayConfig/default is not registered, trying to start it as a lazy HAL.
01-01 08:00:10.260 279 279 I HidlServiceManagement: getService: Trying again for vendor.display.config@1.0::IDisplayConfig/default...
01-01 08:00:10.266 197 300 W libc : Unable to set property "ctl.interface_start" to "vendor.display.config@1.0::IDisplayConfig/default": error code: 0x20
01-01 08:00:10.266 197 300 I hwservicemanager: Tried to start vendor.display.config@1.0::IDisplayConfig/default as a lazy service, but was unable to. Usually this happens when a service is not installed, but if the service is intended to be used as a lazy service, then it may be configured incorrectly.
01-01 08:00:10.267 197 298 W libc : Unable to set property "ctl.interface_start" to "vendor.display.config@1.0::IDisplayConfig/default": error code: 0x20
01-01 08:00:10.267 197 298 I hwservicemanager: Tried to start vendor.display.config@1.0::IDisplayConfig/default as a lazy service, but was unable to. Usually this happens when a service is not installed, but if the service is intended to be used as a lazy service, then it may be configured incorrectly.
01-01 08:00:10.282 286 302 E GpuMem : Failed to retrieve pinned program from /sys/fs/bpf/prog_gpu_mem_tracepoint_gpu_mem_gpu_mem_total [2(No such file or directory)]
01-01 08:00:10.284 286 302 E GpuMemTracer: Cannot initialize GpuMemTracer before GpuMem
01-01 08:00:10.289 271 271 I sunxihwc: open: Loading: sunxi hwcomposer module
01-01 08:00:10.290 271 271 E cutils-trace: Error opening trace file: No such file or directory (2)
01-01 08:00:10.290 284 284 I credstore: Registered binder service
01-01 08:00:10.288 303 303 I init : type=1400 audit(0.0:20): avc: denied { execute_no_trans } for path="/system/bin/xiriservice.sh" dev="dm-2" ino=1296 scontext=u:r:init:s0 tcontext=u:object_r:system_file:s0 tclass=file permissive=1
01-01 08:00:10.292 271 271 I HidlServiceManagement: Registered android.hardware.graphics.composer@2.2::IComposer/default
01-01 08:00:10.292 271 271 I HidlServiceManagement: Removing namespace from process name android.hardware.graphics.composer@2.2-service to composer@2.2-service.
01-01 08:00:10.292 1 1 I init : type=1400 audit(0.0:21): avc: denied { setattr } for name="ext_csd" dev="debugfs" ino=6468 scontext=u:r:init:s0 tcontext=u:object_r:debugfs_mmc:s0 tclass=file permissive=1
01-01 08:00:10.301 1 1 I init : processing action (boot) from (/system/etc/init/dumpstate.rc:1)
01-01 08:00:10.305 1 1 I init : processing action (boot) from (/system/etc/init/gsid.rc:25)
01-01 08:00:10.308 293 293 D Sunxi_PQ: ic_id=2, de_version=201 0x2
01-01 08:00:10.309 293 293 D Sunxi_PQ: /vendor/lib/libde201.so
01-01 08:00:10.313 293 293 D Sunxi_PQ: maybe /vendor/etc/firmware/disp_firmware, fd:-1 @O_RDONLY.
01-01 08:00:10.315 293 293 D Sunxi_PQ: config display firmware completed...
01-01 08:00:10.315 293 293 D Sunxi_PQ: There is not the /vendor/etc/firmware/disp_firmware, creat it.
01-01 08:00:10.312 293 293 I pqd : type=1400 audit(0.0:22): avc: denied { read write } for name="disp_firmware" dev="mmcblk0p25" ino=225 scontext=u:r:pqd:s0 tcontext=u:object_r:system_data_root_file:s0 tclass=file permissive=1
01-01 08:00:10.312 293 293 I pqd : type=1400 audit(0.0:23): avc: denied { open } for path="/data/disp_firmware" dev="mmcblk0p25" ino=225 scontext=u:r:pqd:s0 tcontext=u:object_r:system_data_root_file:s0 tclass=file permissive=1
01-01 08:00:10.312 293 293 I pqd : type=1400 audit(0.0:24): avc: denied { map } for path="/data/disp_firmware" dev="mmcblk0p25" ino=225 scontext=u:r:pqd:s0 tcontext=u:object_r:system_data_root_file:s0 tclass=file permissive=1
01-01 08:00:10.316 293 293 D Sunxi_PQ: sunxi PQ wait for client connect from tcp port:5005...
01-01 08:00:10.320 1 1 I init : starting service 'exec 13 (/system/bin/gsid run-startup-tasks)'...
01-01 08:00:10.323 293 309 D Sunxi_PQ: creat a connect thread to deal the socket.
01-01 08:00:10.320 303 303 I xiriservice.sh: type=1400 audit(0.0:25): avc: denied { write } for name="tmp" dev="mmcblk0p25" ino=85 scontext=u:r:init:s0 tcontext=u:object_r:shell_data_file:s0 tclass=dir permissive=1 bug=b/77873135
01-01 08:00:10.324 301 301 I onstartup.sh: type=1400 audit(0.0:26): avc: denied { write search } for name="tmp" dev="mmcblk0p25" ino=85 scontext=u:r:onstartup:s0 tcontext=u:object_r:shell_data_file:s0 tclass=dir permissive=1
01-01 08:00:10.332 301 301 I onstartup.sh: type=1400 audit(0.0:27): avc: denied { getattr } for path="/data/local/tmp" dev="mmcblk0p25" ino=85 scontext=u:r:onstartup:s0 tcontext=u:object_r:shell_data_file:s0 tclass=dir permissive=1
01-01 08:00:10.336 256 256 I netd : Enabling bandwidth control: 122157us
01-01 08:00:10.341 293 308 D Sunxi_PQ: Sunxi PQ entry tanslate thread.
01-01 08:00:10.342 256 256 I netd : Initializing RouteController: 6144us
01-01 08:00:10.343 256 256 D XfrmController: XfrmController::ipSecAddXfrmInterface, line=1479
01-01 08:00:10.346 1 1 I init : processing action (boot) from (/vendor/etc/init/android.hardware.usb@1.0-service.aw.rc:6)
01-01 08:00:10.347 1 1 I init : processing action (boot) from (/vendor/etc/init/display.output-service.rc:1)
01-01 08:00:10.347 256 256 D XfrmController: XfrmController::ipSecRemoveTunnelInterface, line=1692
01-01 08:00:10.347 256 256 D XfrmController: deviceName=ipsec_test
01-01 08:00:10.352 1 1 I init : processing action (boot) from (/vendor/etc/init/hwinfo.rc:8)
01-01 08:00:10.347 262 262 I HidlServiceManagement: Registered android.hardware.audio.effect@7.0::IEffectsFactory/default
01-01 08:00:10.348 262 262 I LegacySupport: Registration complete for android.hardware.audio.effect@7.0::IEffectsFactory/default.
01-01 08:00:10.349 197 197 I hwservicemanager: getTransport: Cannot find entry android.hardware.soundtrigger@2.3::ISoundTriggerHw/default in either framework or device VINTF manifest.
01-01 08:00:10.353 262 262 E LegacySupport: Could not get passthrough implementation for android.hardware.soundtrigger@2.3::ISoundTriggerHw/default.
01-01 08:00:10.358 179 179 I sunxi-rfkill soc@3000000: rfkill: set block: 0
01-01 08:00:10.358 179 179 I sunxi-rfkill soc@3000000: rfkill: bt power on success
01-01 08:00:10.359 1 1 I init : processing action (boot) from (/vendor/etc/init/init.bluetooth.common.rc:1)
01-01 08:00:10.355 197 197 I hwservicemanager: getTransport: Cannot find entry android.hardware.soundtrigger@2.2::ISoundTriggerHw/default in either framework or device VINTF manifest.
01-01 08:00:10.361 262 262 E LegacySupport: Could not get passthrough implementation for android.hardware.soundtrigger@2.2::ISoundTriggerHw/default.
01-01 08:00:10.365 1 1 I init : processing action (boot) from (/vendor/etc/init/init.display.rc:1)
01-01 08:00:10.365 197 197 I hwservicemanager: getTransport: Cannot find entry android.hardware.soundtrigger@2.1::ISoundTriggerHw/default in either framework or device VINTF manifest.
01-01 08:00:10.368 1 1 I init : processing action (enable_property_trigger) from (:0)
01-01 08:00:10.369 1 1 I init : processing action (apexd.status=ready && ro.product.cpu.abilist32=*) from (/system/etc/init/hw/init.rc:94)
01-01 08:00:10.366 262 262 E LegacySupport: Could not get passthrough implementation for android.hardware.soundtrigger@2.1::ISoundTriggerHw/default.
01-01 08:00:10.367 197 197 I hwservicemanager: getTransport: Cannot find entry android.hardware.soundtrigger@2.0::ISoundTriggerHw/default in either framework or device VINTF manifest.
01-01 08:00:10.373 262 262 E LegacySupport: Could not get passthrough implementation for android.hardware.soundtrigger@2.0::ISoundTriggerHw/default.
01-01 08:00:10.373 262 262 W audiohalservice: Could not register Soundtrigger API
01-01 08:00:10.374 197 197 I hwservicemanager: getTransport: Cannot find entry android.hardware.bluetooth.audio@2.1::IBluetoothAudioProvidersFactory/default in either framework or device VINTF manifest.
01-01 08:00:10.375 262 262 E LegacySupport: Could not get passthrough implementation for android.hardware.bluetooth.audio@2.1::IBluetoothAudioProvidersFactory/default.
01-01 08:00:10.372 314 314 I init : type=1400 audit(0.0:28): avc: denied { write } for name="kmsg_debug" dev="tmpfs" ino=182 scontext=u:r:init:s0 tcontext=u:object_r:kmsg_debug_device:s0 tclass=chr_file permissive=1
01-01 08:00:10.376 197 197 I hwservicemanager: getTransport: Cannot find entry android.hardware.bluetooth.audio@2.0::IBluetoothAudioProvidersFactory/default in either framework or device VINTF manifest.
01-01 08:00:10.372 314 314 I init : type=1400 audit(0.0:29): avc: denied { open } for path="/dev/kmsg_debug" dev="tmpfs" ino=182 scontext=u:r:init:s0 tcontext=u:object_r:kmsg_debug_device:s0 tclass=chr_file permissive=1
01-01 08:00:10.376 311 311 D XiriService: XiriService version 2.5.0.11258
01-01 08:00:10.377 262 262 E LegacySupport: Could not get passthrough implementation for android.hardware.bluetooth.audio@2.0::IBluetoothAudioProvidersFactory/default.
01-01 08:00:10.377 262 262 W audiohalservice: Could not register Bluetooth Audio API
01-01 08:00:10.377 197 197 I hwservicemanager: getTransport: Cannot find entry android.hardware.bluetooth.a2dp@1.0::IBluetoothAudioOffload/default in either framework or device VINTF manifest.
01-01 08:00:10.378 262 262 E LegacySupport: Could not get passthrough implementation for android.hardware.bluetooth.a2dp@1.0::IBluetoothAudioOffload/default.
01-01 08:00:10.378 262 262 W audiohalservice: Could not register Bluetooth Audio Offload API
01-01 08:00:10.384 313 313 I pgrep : type=1400 audit(0.0:30): avc: denied { read } for scontext=u:r:toolbox:s0 tcontext=u:r:init:s0 tclass=file permissive=1
01-01 08:00:10.384 313 313 I pgrep : type=1400 audit(0.0:31): avc: denied { read } for scontext=u:r:toolbox:s0 tcontext=u:r:kernel:s0 tclass=file permissive=1
01-01 08:00:10.386 310 310 I gsid : no DSU: No such file or directory
01-01 08:00:10.384 313 313 I pgrep : type=1400 audit(0.0:32): avc: denied { getattr } for path="/proc/1" dev="proc" ino=196 scontext=u:r:toolbox:s0 tcontext=u:r:init:s0 tclass=dir permissive=1
01-01 08:00:10.384 313 313 I pgrep : type=1400 audit(0.0:33): avc: denied { search } for name="1" dev="proc" ino=196 scontext=u:r:toolbox:s0 tcontext=u:r:init:s0 tclass=dir permissive=1
01-01 08:00:10.388 313 313 I pgrep : type=1400 audit(0.0:34): avc: denied { open } for path="/proc/1/stat" dev="proc" ino=8647 scontext=u:r:toolbox:s0 tcontext=u:r:init:s0 tclass=file permissive=1
01-01 08:00:10.388 313 313 I pgrep : type=1400 audit(0.0:35): avc: denied { getattr } for path="/proc/2" dev="proc" ino=8558 scontext=u:r:toolbox:s0 tcontext=u:r:kernel:s0 tclass=dir permissive=1
01-01 08:00:10.388 313 313 I pgrep : type=1400 audit(0.0:36): avc: denied { search } for name="2" dev="proc" ino=8558 scontext=u:r:toolbox:s0 tcontext=u:r:kernel:s0 tclass=dir permissive=1
01-01 08:00:10.388 313 313 I pgrep : type=1400 audit(0.0:37): avc: denied { open } for path="/proc/2/stat" dev="proc" ino=8648 scontext=u:r:toolbox:s0 tcontext=u:r:kernel:s0 tclass=file permissive=1
01-01 08:00:10.388 301 301 I onstartup.sh: type=1400 audit(0.0:38): avc: denied { getattr } for path="/data/local/fast_apks_installed" dev="mmcblk0p25" ino=229 scontext=u:r:onstartup:s0 tcontext=u:object_r:onstartup_system_file:s0 tclass=file permissive=1
01-01 08:00:10.388 311 311 I xiriservice_All: type=1400 audit(0.0:39): avc: denied { search } for name="com.android.connectivity.resources" dev="mmcblk0p25" ino=523 scontext=u:r:init:s0 tcontext=u:object_r:privapp_data_file:s0:c512,c768 tclass=dir permissive=1
01-01 08:00:10.392 311 311 I xiriservice_All: type=1400 audit(0.0:40): avc: denied { search } for name="android" dev="mmcblk0p25" ino=527 scontext=u:r:init:s0 tcontext=u:object_r:system_app_data_file:s0 tclass=dir permissive=1
01-01 08:00:10.402 256 256 D XfrmController: Sending Netlink XFRM Message: XFRM_MSG_FLUSHSA
01-01 08:00:10.402 256 256 D XfrmController: Sending Netlink XFRM Message: XFRM_MSG_FLUSHPOLICY
01-01 08:00:10.400 311 311 I xiriservice_All: type=1400 audit(0.0:41): avc: denied { read } for name="lib" dev="mmcblk0p25" ino=15315 scontext=u:r:init:s0 tcontext=u:object_r:system_app_data_file:s0 tclass=lnk_file permissive=1
01-01 08:00:10.402 256 256 I netd : Initializing XfrmController: 60187us
01-01 08:00:10.400 313 313 I pgrep : type=1400 audit(0.0:42): avc: denied { read } for scontext=u:r:toolbox:s0 tcontext=u:r:vendor_init:s0 tclass=file permissive=1
01-01 08:00:10.400 313 313 I pgrep : type=1400 audit(0.0:43): avc: denied { sys_ptrace } for capability=19 scontext=u:r:toolbox:s0 tcontext=u:r:toolbox:s0 tclass=capability permissive=1
01-01 08:00:10.400 313 313 I pgrep : type=1400 audit(0.0:44): avc: denied { read } for scontext=u:r:toolbox:s0 tcontext=u:r:ueventd:s0 tclass=file permissive=1
01-01 08:00:10.400 313 313 I pgrep : type=1400 audit(0.0:45): avc: denied { read } for scontext=u:r:toolbox:s0 tcontext=u:r:logd:s0 tclass=file permissive=1
01-01 08:00:10.400 313 313 I pgrep : type=1400 audit(0.0:46): avc: denied { read } for scontext=u:r:toolbox:s0 tcontext=u:r:lmkd:s0 tclass=file permissive=1
01-01 08:00:10.400 313 313 I pgrep : type=1400 audit(0.0:47): avc: denied { read } for scontext=u:r:toolbox:s0 tcontext=u:r:servicemanager:s0 tclass=file permissive=1
01-01 08:00:10.400 313 313 I pgrep : type=1400 audit(0.0:48): avc: denied { read } for scontext=u:r:toolbox:s0 tcontext=u:r:hwservicemanager:s0 tclass=file permissive=1
01-01 08:00:10.400 313 313 I pgrep : type=1400 audit(0.0:49): avc: denied { read } for scontext=u:r:toolbox:s0 tcontext=u:r:vndservicemanager:s0 tclass=file permissive=1
01-01 08:00:10.400 313 313 I pgrep : type=1400 audit(0.0:50): avc: denied { read } for scontext=u:r:toolbox:s0 tcontext=u:r:shell:s0 tclass=file permissive=1
01-01 08:00:10.400 313 313 I pgrep : type=1400 audit(0.0:51): avc: denied { read } for scontext=u:r:toolbox:s0 tcontext=u:r:vold:s0 tclass=file permissive=1
01-01 08:00:10.400 313 313 I pgrep : type=1400 audit(0.0:52): avc: denied { read } for scontext=u:r:toolbox:s0 tcontext=u:r:system_suspend:s0 tclass=file permissive=1
01-01 08:00:10.400 313 313 I pgrep : type=1400 audit(0.0:53): avc: denied { read } for scontext=u:r:toolbox:s0 tcontext=u:r:keystore:s0 tclass=file permissive=1
01-01 08:00:10.400 313 313 I pgrep : type=1400 audit(0.0:54): avc: denied { read } for scontext=u:r:toolbox:s0 tcontext=u:r:hal_bootctl_default:s0 tclass=file permissive=1
01-01 08:00:10.400 313 313 I pgrep : type=1400 audit(0.0:55): avc: denied { read } for scontext=u:r:toolbox:s0 tcontext=u:r:hal_keymint_default:s0 tclass=file permissive=1
01-01 08:00:10.400 313 313 I pgrep : type=1400 audit(0.0:56): avc: denied { read } for scontext=u:r:toolbox:s0 tcontext=u:r:tee:s0 tclass=file permissive=1
01-01 08:00:10.400 313 313 I pgrep : type=1400 audit(0.0:57): avc: denied { read } for scontext=u:r:toolbox:s0 tcontext=u:r:tombstoned:s0 tclass=file permissive=1
01-01 08:00:10.400 313 313 I pgrep : type=1400 audit(0.0:58): avc: denied { read } for scontext=u:r:toolbox:s0 tcontext=u:r:statsd:s0 tclass=file permissive=1
01-01 08:00:10.400 313 313 I pgrep : type=1400 audit(0.0:59): avc: denied { read } for scontext=u:r:toolbox:s0 tcontext=u:r:netd:s0 tclass=file permissive=1
01-01 08:00:10.400 313 313 I pgrep : type=1400 audit(0.0:60): avc: denied { read } for scontext=u:r:toolbox:s0 tcontext=u:r:zygote:s0 tclass=file permissive=1
01-01 08:00:10.400 313 313 I pgrep : type=1400 audit(0.0:61): avc: denied { read } for scontext=u:r:toolbox:s0 tcontext=u:r:hal_allocator_default:s0 tclass=file permissive=1
01-01 08:00:10.400 313 313 I pgrep : type=1400 audit(0.0:62): avc: denied { read } for scontext=u:r:toolbox:s0 tcontext=u:r:hal_audio_default:s0 tclass=file permissive=1
01-01 08:00:10.400 313 313 I pgrep : type=1400 audit(0.0:63): avc: denied { read } for scontext=u:r:toolbox:s0 tcontext=u:r:hal_bluetooth_default:s0 tclass=file permissive=1
01-01 08:00:10.400 313 313 I pgrep : type=1400 audit(0.0:64): avc: denied { read } for scontext=u:r:toolbox:s0 tcontext=u:r:hal_camera_default:s0 tclass=file permissive=1
01-01 08:00:10.400 313 313 I pgrep : type=1400 audit(0.0:65): avc: denied { read } for scontext=u:r:toolbox:s0 tcontext=u:r:hal_cas_default:s0 tclass=file permissive=1
01-01 08:00:10.400 313 313 I pgrep : type=1400 audit(0.0:66): avc: denied { read } for scontext=u:r:toolbox:s0 tcontext=u:r:hal_gatekeeper_default:s0 tclass=file permissive=1
01-01 08:00:10.400 313 313 I pgrep : type=1400 audit(0.0:67): avc: denied { read } for scontext=u:r:toolbox:s0 tcontext=u:r:hal_graphics_allocator_default:s0 tclass=file permissive=1
01-01 08:00:10.400 313 313 I pgrep : type=1400 audit(0.0:68): avc: denied { read } for scontext=u:r:toolbox:s0 tcontext=u:r:hal_graphics_composer_default:s0 tclass=file permissive=1
01-01 08:00:10.400 313 313 I pgrep : type=1400 audit(0.0:69): avc: denied { read } for scontext=u:r:toolbox:s0 tcontext=u:r:hal_health_default:s0 tclass=file permissive=1
01-01 08:00:10.400 313 313 I pgrep : type=1400 audit(0.0:70): avc: denied { read } for scontext=u:r:toolbox:s0 tcontext=u:r:hal_light_default:s0 tclass=file permissive=1
01-01 08:00:10.404 313 313 I pgrep : type=1400 audit(0.0:71): avc: denied { read } for scontext=u:r:toolbox:s0 tcontext=u:r:hal_power_default:s0 tclass=file permissive=1
01-01 08:00:10.404 313 313 I pgrep : type=1400 audit(0.0:72): avc: denied { read } for scontext=u:r:toolbox:s0 tcontext=u:r:hal_tv_cec_default:s0 tclass=file permissive=1
01-01 08:00:10.404 313 313 I pgrep : type=1400 audit(0.0:73): avc: denied { read } for scontext=u:r:toolbox:s0 tcontext=u:r:hal_usb_impl:s0 tclass=file permissive=1
01-01 08:00:10.404 313 313 I pgrep : type=1400 audit(0.0:74): avc: denied { read } for scontext=u:r:toolbox:s0 tcontext=u:r:hal_awdisplayoutput_default:s0 tclass=file permissive=1
01-01 08:00:10.404 313 313 I pgrep : type=1400 audit(0.0:75): avc: denied { read } for scontext=u:r:toolbox:s0 tcontext=u:r:hal_rebootescrow_default:s0 tclass=file permissive=1
01-01 08:00:10.404 313 313 I pgrep : type=1400 audit(0.0:76): avc: denied { read } for scontext=u:r:toolbox:s0 tcontext=u:r:audioserver:s0 tclass=file permissive=1
01-01 08:00:10.404 313 313 I pgrep : type=1400 audit(0.0:77): avc: denied { read } for scontext=u:r:toolbox:s0 tcontext=u:r:credstore:s0 tclass=file permissive=1
01-01 08:00:10.404 313 313 I pgrep : type=1400 audit(0.0:78): avc: denied { read } for scontext=u:r:toolbox:s0 tcontext=u:r:gpuservice:s0 tclass=file permissive=1
01-01 08:00:10.404 313 313 I pgrep : type=1400 audit(0.0:79): avc: denied { read } for scontext=u:r:toolbox:s0 tcontext=u:r:surfaceflinger:s0 tclass=file permissive=1
01-01 08:00:10.404 313 313 I pgrep : type=1400 audit(0.0:80): avc: denied { read } for scontext=u:r:toolbox:s0 tcontext=u:r:pqd:s0 tclass=file permissive=1
01-01 08:00:10.404 313 313 I pgrep : type=1400 audit(0.0:81): avc: denied { read } for scontext=u:r:toolbox:s0 tcontext=u:r:onstartup:s0 tclass=file permissive=1
01-01 08:00:10.404 313 313 I pgrep : type=1400 audit(0.0:82): avc: denied { read } for scontext=u:r:toolbox:s0 tcontext=u:r:init:s0 tclass=file permissive=1
01-01 08:00:10.404 313 313 I pgrep : type=1400 audit(0.0:83): avc: denied { read } for scontext=u:r:toolbox:s0 tcontext=u:r:boringssl_self_test:s0 tclass=file permissive=1
01-01 08:00:10.404 313 313 I pgrep : type=1400 audit(0.0:84): avc: denied { getattr } for path="/proc/179" dev="proc" ino=2107 scontext=u:r:toolbox:s0 tcontext=u:r:vendor_init:s0 tclass=dir permissive=1
01-01 08:00:10.404 313 313 I pgrep : type=1400 audit(0.0:85): avc: denied { read } for scontext=u:r:toolbox:s0 tcontext=u:r:vendor_init:s0 tclass=file permissive=1
01-01 08:00:10.404 313 313 I pgrep : type=1400 audit(0.0:86): avc: denied { search } for name="179" dev="proc" ino=2107 scontext=u:r:toolbox:s0 tcontext=u:r:vendor_init:s0 tclass=dir permissive=1
01-01 08:00:10.404 313 313 I pgrep : type=1400 audit(0.0:87): avc: denied { open } for path="/proc/179/stat" dev="proc" ino=9269 scontext=u:r:toolbox:s0 tcontext=u:r:vendor_init:s0 tclass=file permissive=1
01-01 08:00:10.404 313 313 I pgrep : type=1400 audit(0.0:88): avc: denied { getattr } for path="/proc/182" dev="proc" ino=2149 scontext=u:r:toolbox:s0 tcontext=u:r:ueventd:s0 tclass=dir permissive=1
01-01 08:00:10.404 313 313 I pgrep : type=1400 audit(0.0:89): avc: denied { search } for name="182" dev="proc" ino=2149 scontext=u:r:toolbox:s0 tcontext=u:r:ueventd:s0 tclass=dir permissive=1
01-01 08:00:10.404 313 313 I pgrep : type=1400 audit(0.0:90): avc: denied { open } for path="/proc/182/stat" dev="proc" ino=9270 scontext=u:r:toolbox:s0 tcontext=u:r:ueventd:s0 tclass=file permissive=1
01-01 08:00:10.404 313 313 I pgrep : type=1400 audit(0.0:91): avc: denied { getattr } for path="/proc/193" dev="proc" ino=6906 scontext=u:r:toolbox:s0 tcontext=u:r:logd:s0 tclass=dir permissive=1
01-01 08:00:10.404 313 313 I pgrep : type=1400 audit(0.0:92): avc: denied { search } for name="193" dev="proc" ino=6906 scontext=u:r:toolbox:s0 tcontext=u:r:logd:s0 tclass=dir permissive=1
01-01 08:00:10.404 313 313 I pgrep : type=1400 audit(0.0:93): avc: denied { open } for path="/proc/193/stat" dev="proc" ino=9272 scontext=u:r:toolbox:s0 tcontext=u:r:logd:s0 tclass=file permissive=1
01-01 08:00:10.404 313 313 I pgrep : type=1400 audit(0.0:94): avc: denied { getattr } for path="/proc/194" dev="proc" ino=2246 scontext=u:r:toolbox:s0 tcontext=u:r:lmkd:s0 tclass=dir permissive=1
01-01 08:00:10.404 313 313 I pgrep : type=1400 audit(0.0:95): avc: denied { read } for scontext=u:r:toolbox:s0 tcontext=u:r:lmkd:s0 tclass=file permissive=1
01-01 08:00:10.404 313 313 I pgrep : type=1400 audit(0.0:96): avc: denied { search } for name="194" dev="proc" ino=2246 scontext=u:r:toolbox:s0 tcontext=u:r:lmkd:s0 tclass=dir permissive=1
01-01 08:00:10.404 313 313 I pgrep : type=1400 audit(0.0:97): avc: denied { open } for path="/proc/194/stat" dev="proc" ino=9273 scontext=u:r:toolbox:s0 tcontext=u:r:lmkd:s0 tclass=file permissive=1
01-01 08:00:10.404 313 313 I pgrep : type=1400 audit(0.0:98): avc: denied { getattr } for path="/proc/196" dev="proc" ino=6910 scontext=u:r:toolbox:s0 tcontext=u:r:servicemanager:s0 tclass=dir permissive=1
01-01 08:00:10.404 313 313 I pgrep : type=1400 audit(0.0:99): avc: denied { read } for scontext=u:r:toolbox:s0 tcontext=u:r:servicemanager:s0 tclass=file permissive=1
01-01 08:00:10.404 313 313 I pgrep : type=1400 audit(0.0:100): avc: denied { search } for name="196" dev="proc" ino=6910 scontext=u:r:toolbox:s0 tcontext=u:r:servicemanager:s0 tclass=dir permissive=1
01-01 08:00:10.404 313 313 I pgrep : type=1400 audit(0.0:101): avc: denied { open } for path="/proc/196/stat" dev="proc" ino=9275 scontext=u:r:toolbox:s0 tcontext=u:r:servicemanager:s0 tclass=file permissive=1
01-01 08:00:10.404 313 313 I pgrep : type=1400 audit(0.0:102): avc: denied { getattr } for path="/proc/197" dev="proc" ino=1718 scontext=u:r:toolbox:s0 tcontext=u:r:hwservicemanager:s0 tclass=dir permissive=1
01-01 08:00:10.404 313 313 I pgrep : type=1400 audit(0.0:103): avc: denied { search } for name="197" dev="proc" ino=1718 scontext=u:r:toolbox:s0 tcontext=u:r:hwservicemanager:s0 tclass=dir permissive=1
01-01 08:00:10.404 313 313 I pgrep : type=1400 audit(0.0:104): avc: denied { open } for path="/proc/197/stat" dev="proc" ino=9276 scontext=u:r:toolbox:s0 tcontext=u:r:hwservicemanager:s0 tclass=file permissive=1
01-01 08:00:10.404 313 313 I pgrep : type=1400 audit(0.0:105): avc: denied { getattr } for path="/proc/198" dev="proc" ino=6916 scontext=u:r:toolbox:s0 tcontext=u:r:vndservicemanager:s0 tclass=dir permissive=1
01-01 08:00:10.404 313 313 I pgrep : type=1400 audit(0.0:106): avc: denied { read } for scontext=u:r:toolbox:s0 tcontext=u:r:vndservicemanager:s0 tclass=file permissive=1
01-01 08:00:10.404 313 313 I pgrep : type=1400 audit(0.0:107): avc: denied { search } for name="198" dev="proc" ino=6916 scontext=u:r:toolbox:s0 tcontext=u:r:vndservicemanager:s0 tclass=dir permissive=1
01-01 08:00:10.404 313 313 I pgrep : type=1400 audit(0.0:108): avc: denied { open } for path="/proc/198/stat" dev="proc" ino=9277 scontext=u:r:toolbox:s0 tcontext=u:r:vndservicemanager:s0 tclass=file permissive=1
01-01 08:00:10.408 313 313 I pgrep : type=1400 audit(0.0:109): avc: denied { getattr } for path="/proc/200" dev="proc" ino=2262 scontext=u:r:toolbox:s0 tcontext=u:r:shell:s0 tclass=dir permissive=1
01-01 08:00:10.408 313 313 I pgrep : type=1400 audit(0.0:110): avc: denied { read } for scontext=u:r:toolbox:s0 tcontext=u:r:shell:s0 tclass=file permissive=1
01-01 08:00:10.408 313 313 I pgrep : type=1400 audit(0.0:111): avc: denied { search } for name="200" dev="proc" ino=2262 scontext=u:r:toolbox:s0 tcontext=u:r:shell:s0 tclass=dir permissive=1
01-01 08:00:10.408 313 313 I pgrep : type=1400 audit(0.0:112): avc: denied { open } for path="/proc/200/stat" dev="proc" ino=9279 scontext=u:r:toolbox:s0 tcontext=u:r:shell:s0 tclass=file permissive=1
01-01 08:00:10.408 313 313 I pgrep : type=1400 audit(0.0:113): avc: denied { getattr } for path="/proc/201" dev="proc" ino=1753 scontext=u:r:toolbox:s0 tcontext=u:r:vold:s0 tclass=dir permissive=1
01-01 08:00:10.408 313 313 I pgrep : type=1400 audit(0.0:114): avc: denied { search } for name="201" dev="proc" ino=1753 scontext=u:r:toolbox:s0 tcontext=u:r:vold:s0 tclass=dir permissive=1
01-01 08:00:10.408 313 313 I pgrep : type=1400 audit(0.0:115): avc: denied { open } for path="/proc/201/stat" dev="proc" ino=9280 scontext=u:r:toolbox:s0 tcontext=u:r:vold:s0 tclass=file permissive=1
01-01 08:00:10.408 313 313 I pgrep : type=1400 audit(0.0:116): avc: denied { getattr } for path="/proc/218" dev="proc" ino=6994 scontext=u:r:toolbox:s0 tcontext=u:r:system_suspend:s0 tclass=dir permissive=1
01-01 08:00:10.408 313 313 I pgrep : type=1400 audit(0.0:117): avc: denied { search } for name="218" dev="proc" ino=6994 scontext=u:r:toolbox:s0 tcontext=u:r:system_suspend:s0 tclass=dir permissive=1
01-01 08:00:10.408 313 313 I pgrep : type=1400 audit(0.0:118): avc: denied { open } for path="/proc/218/stat" dev="proc" ino=9285 scontext=u:r:toolbox:s0 tcontext=u:r:system_suspend:s0 tclass=file permissive=1
01-01 08:00:10.408 313 313 I pgrep : type=1400 audit(0.0:119): avc: denied { getattr } for path="/proc/219" dev="proc" ino=1789 scontext=u:r:toolbox:s0 tcontext=u:r:keystore:s0 tclass=dir permissive=1
01-01 08:00:10.408 313 313 I pgrep : type=1400 audit(0.0:120): avc: denied { search } for name="219" dev="proc" ino=1789 scontext=u:r:toolbox:s0 tcontext=u:r:keystore:s0 tclass=dir permissive=1
01-01 08:00:10.408 313 313 I pgrep : type=1400 audit(0.0:121): avc: denied { open } for path="/proc/219/stat" dev="proc" ino=9286 scontext=u:r:toolbox:s0 tcontext=u:r:keystore:s0 tclass=file permissive=1
01-01 08:00:10.408 313 313 I pgrep : type=1400 audit(0.0:122): avc: denied { getattr } for path="/proc/220" dev="proc" ino=7027 scontext=u:r:toolbox:s0 tcontext=u:r:hal_bootctl_default:s0 tclass=dir permissive=1
01-01 08:00:10.408 313 313 I pgrep : type=1400 audit(0.0:123): avc: denied { search } for name="220" dev="proc" ino=7027 scontext=u:r:toolbox:s0 tcontext=u:r:hal_bootctl_default:s0 tclass=dir permissive=1
01-01 08:00:10.408 313 313 I pgrep : type=1400 audit(0.0:124): avc: denied { open } for path="/proc/220/stat" dev="proc" ino=9287 scontext=u:r:toolbox:s0 tcontext=u:r:hal_bootctl_default:s0 tclass=file permissive=1
01-01 08:00:10.408 313 313 I pgrep : type=1400 audit(0.0:125): avc: denied { getattr } for path="/proc/221" dev="proc" ino=1793 scontext=u:r:toolbox:s0 tcontext=u:r:hal_keymint_default:s0 tclass=dir permissive=1
01-01 08:00:10.408 313 313 I pgrep : type=1400 audit(0.0:126): avc: denied { search } for name="221" dev="proc" ino=1793 scontext=u:r:toolbox:s0 tcontext=u:r:hal_keymint_default:s0 tclass=dir permissive=1
01-01 08:00:10.408 313 313 I pgrep : type=1400 audit(0.0:127): avc: denied { open } for path="/proc/221/stat" dev="proc" ino=9288 scontext=u:r:toolbox:s0 tcontext=u:r:hal_keymint_default:s0 tclass=file permissive=1
01-01 08:00:10.408 313 313 I pgrep : type=1400 audit(0.0:128): avc: denied { getattr } for path="/proc/222" dev="proc" ino=2361 scontext=u:r:toolbox:s0 tcontext=u:r:tee:s0 tclass=dir permissive=1
01-01 08:00:10.408 313 313 I pgrep : type=1400 audit(0.0:129): avc: denied { search } for name="222" dev="proc" ino=2361 scontext=u:r:toolbox:s0 tcontext=u:r:tee:s0 tclass=dir permissive=1
01-01 08:00:10.408 313 313 I pgrep : type=1400 audit(0.0:130): avc: denied { open } for path="/proc/222/stat" dev="proc" ino=9289 scontext=u:r:toolbox:s0 tcontext=u:r:tee:s0 tclass=file permissive=1
01-01 08:00:10.408 313 313 I pgrep : type=1400 audit(0.0:131): avc: denied { getattr } for path="/proc/234" dev="proc" ino=2420 scontext=u:r:toolbox:s0 tcontext=u:r:tombstoned:s0 tclass=dir permissive=1
01-01 08:00:10.408 313 313 I pgrep : type=1400 audit(0.0:132): avc: denied { search } for name="234" dev="proc" ino=2420 scontext=u:r:toolbox:s0 tcontext=u:r:tombstoned:s0 tclass=dir permissive=1
01-01 08:00:10.408 313 313 I pgrep : type=1400 audit(0.0:133): avc: denied { open } for path="/proc/234/stat" dev="proc" ino=9293 scontext=u:r:toolbox:s0 tcontext=u:r:tombstoned:s0 tclass=file permissive=1
01-01 08:00:10.408 313 313 I pgrep : type=1400 audit(0.0:134): avc: denied { getattr } for path="/proc/255" dev="proc" ino=2621 scontext=u:r:toolbox:s0 tcontext=u:r:statsd:s0 tclass=dir permissive=1
01-01 08:00:10.408 313 313 I pgrep : type=1400 audit(0.0:135): avc: denied { search } for name="255" dev="proc" ino=2621 scontext=u:r:toolbox:s0 tcontext=u:r:statsd:s0 tclass=dir permissive=1
01-01 08:00:10.408 313 313 I pgrep : type=1400 audit(0.0:136): avc: denied { open } for path="/proc/255/stat" dev="proc" ino=9294 scontext=u:r:toolbox:s0 tcontext=u:r:statsd:s0 tclass=file permissive=1
01-01 08:00:10.408 313 313 I pgrep : type=1400 audit(0.0:137): avc: denied { getattr } for path="/proc/256" dev="proc" ino=7326 scontext=u:r:toolbox:s0 tcontext=u:r:netd:s0 tclass=dir permissive=1
01-01 08:00:10.408 313 313 I pgrep : type=1400 audit(0.0:138): avc: denied { search } for name="256" dev="proc" ino=7326 scontext=u:r:toolbox:s0 tcontext=u:r:netd:s0 tclass=dir permissive=1
01-01 08:00:10.408 313 313 I pgrep : type=1400 audit(0.0:139): avc: denied { open } for path="/proc/256/stat" dev="proc" ino=9295 scontext=u:r:toolbox:s0 tcontext=u:r:netd:s0 tclass=file permissive=1
01-01 08:00:10.408 313 313 I pgrep : type=1400 audit(0.0:140): avc: denied { getattr } for path="/proc/257" dev="proc" ino=482 scontext=u:r:toolbox:s0 tcontext=u:r:zygote:s0 tclass=dir permissive=1
01-01 08:00:10.408 313 313 I pgrep : type=1400 audit(0.0:141): avc: denied { search } for name="257" dev="proc" ino=482 scontext=u:r:toolbox:s0 tcontext=u:r:zygote:s0 tclass=dir permissive=1
01-01 08:00:10.408 313 313 I pgrep : type=1400 audit(0.0:142): avc: denied { open } for path="/proc/257/stat" dev="proc" ino=9296 scontext=u:r:toolbox:s0 tcontext=u:r:zygote:s0 tclass=file permissive=1
01-01 08:00:10.408 313 313 I pgrep : type=1400 audit(0.0:143): avc: denied { getattr } for path="/proc/261" dev="proc" ino=495 scontext=u:r:toolbox:s0 tcontext=u:r:hal_allocator_default:s0 tclass=dir permissive=1
01-01 08:00:10.408 313 313 I pgrep : type=1400 audit(0.0:144): avc: denied { search } for name="261" dev="proc" ino=495 scontext=u:r:toolbox:s0 tcontext=u:r:hal_allocator_default:s0 tclass=dir permissive=1
01-01 08:00:10.408 313 313 I pgrep : type=1400 audit(0.0:145): avc: denied { open } for path="/proc/261/stat" dev="proc" ino=9297 scontext=u:r:toolbox:s0 tcontext=u:r:hal_allocator_default:s0 tclass=file permissive=1
01-01 08:00:10.408 313 313 I pgrep : type=1400 audit(0.0:146): avc: denied { getattr } for path="/proc/262" dev="proc" ino=502 scontext=u:r:toolbox:s0 tcontext=u:r:hal_audio_default:s0 tclass=dir permissive=1
01-01 08:00:10.408 313 313 I pgrep : type=1400 audit(0.0:147): avc: denied { search } for name="262" dev="proc" ino=502 scontext=u:r:toolbox:s0 tcontext=u:r:hal_audio_default:s0 tclass=dir permissive=1
01-01 08:00:10.408 313 313 I pgrep : type=1400 audit(0.0:148): avc: denied { open } for path="/proc/262/stat" dev="proc" ino=9298 scontext=u:r:toolbox:s0 tcontext=u:r:hal_audio_default:s0 tclass=file permissive=1
01-01 08:00:10.408 313 313 I pgrep : type=1400 audit(0.0:149): avc: denied { getattr } for path="/proc/263" dev="proc" ino=7370 scontext=u:r:toolbox:s0 tcontext=u:r:hal_bluetooth_default:s0 tclass=dir permissive=1
01-01 08:00:10.412 313 313 I pgrep : type=1400 audit(0.0:150): avc: denied { search } for name="263" dev="proc" ino=7370 scontext=u:r:toolbox:s0 tcontext=u:r:hal_bluetooth_default:s0 tclass=dir permissive=1
01-01 08:00:10.412 313 313 I pgrep : type=1400 audit(0.0:151): avc: denied { open } for path="/proc/263/stat" dev="proc" ino=9299 scontext=u:r:toolbox:s0 tcontext=u:r:hal_bluetooth_default:s0 tclass=file permissive=1
01-01 08:00:10.412 313 313 I pgrep : type=1400 audit(0.0:152): avc: denied { getattr } for path="/proc/264" dev="proc" ino=517 scontext=u:r:toolbox:s0 tcontext=u:r:hal_camera_default:s0 tclass=dir permissive=1
01-01 08:00:10.412 313 313 I pgrep : type=1400 audit(0.0:153): avc: denied { search } for name="264" dev="proc" ino=517 scontext=u:r:toolbox:s0 tcontext=u:r:hal_camera_default:s0 tclass=dir permissive=1
01-01 08:00:10.412 313 313 I pgrep : type=1400 audit(0.0:154): avc: denied { open } for path="/proc/264/stat" dev="proc" ino=9300 scontext=u:r:toolbox:s0 tcontext=u:r:hal_camera_default:s0 tclass=file permissive=1
01-01 08:00:10.412 313 313 I pgrep : type=1400 audit(0.0:155): avc: denied { getattr } for path="/proc/265" dev="proc" ino=519 scontext=u:r:toolbox:s0 tcontext=u:r:hal_cas_default:s0 tclass=dir permissive=1
01-01 08:00:10.412 313 313 I pgrep : type=1400 audit(0.0:156): avc: denied { search } for name="265" dev="proc" ino=519 scontext=u:r:toolbox:s0 tcontext=u:r:hal_cas_default:s0 tclass=dir permissive=1
01-01 08:00:10.412 313 313 I pgrep : type=1400 audit(0.0:157): avc: denied { open } for path="/proc/265/stat" dev="proc" ino=9301 scontext=u:r:toolbox:s0 tcontext=u:r:hal_cas_default:s0 tclass=file permissive=1
01-01 08:00:10.430 256 256 E cutils-trace: Error opening trace file: No such file or directory (2)
01-01 08:00:10.412 313 313 I pgrep : type=1400 audit(0.0:158): avc: denied { getattr } for path="/proc/266" dev="proc" ino=8204 scontext=u:r:toolbox:s0 tcontext=u:r:hal_gatekeeper_default:s0 tclass=dir permissive=1
01-01 08:00:10.412 313 313 I pgrep : type=1400 audit(0.0:159): avc: denied { search } for name="266" dev="proc" ino=8204 scontext=u:r:toolbox:s0 tcontext=u:r:hal_gatekeeper_default:s0 tclass=dir permissive=1
01-01 08:00:10.412 313 313 I pgrep : type=1400 audit(0.0:160): avc: denied { open } for path="/proc/266/stat" dev="proc" ino=9302 scontext=u:r:toolbox:s0 tcontext=u:r:hal_gatekeeper_default:s0 tclass=file permissive=1
01-01 08:00:10.412 313 313 I pgrep : type=1400 audit(0.0:161): avc: denied { getattr } for path="/proc/267" dev="proc" ino=529 scontext=u:r:toolbox:s0 tcontext=u:r:hal_graphics_allocator_default:s0 tclass=dir permissive=1
01-01 08:00:10.412 313 313 I pgrep : type=1400 audit(0.0:162): avc: denied { search } for name="267" dev="proc" ino=529 scontext=u:r:toolbox:s0 tcontext=u:r:hal_graphics_allocator_default:s0 tclass=dir permissive=1
01-01 08:00:10.412 313 313 I pgrep : type=1400 audit(0.0:163): avc: denied { open } for path="/proc/267/stat" dev="proc" ino=9303 scontext=u:r:toolbox:s0 tcontext=u:r:hal_graphics_allocator_default:s0 tclass=file permissive=1
01-01 08:00:10.412 313 313 I pgrep : type=1400 audit(0.0:164): avc: denied { getattr } for path="/proc/271" dev="proc" ino=8238 scontext=u:r:toolbox:s0 tcontext=u:r:hal_graphics_composer_default:s0 tclass=dir permissive=1
01-01 08:00:10.412 313 313 I pgrep : type=1400 audit(0.0:165): avc: denied { search } for name="271" dev="proc" ino=8238 scontext=u:r:toolbox:s0 tcontext=u:r:hal_graphics_composer_default:s0 tclass=dir permissive=1
01-01 08:00:10.412 313 313 I pgrep : type=1400 audit(0.0:166): avc: denied { open } for path="/proc/271/stat" dev="proc" ino=9306 scontext=u:r:toolbox:s0 tcontext=u:r:hal_graphics_composer_default:s0 tclass=file permissive=1
01-01 08:00:10.412 313 313 I pgrep : type=1400 audit(0.0:167): avc: denied { getattr } for path="/proc/273" dev="proc" ino=533 scontext=u:r:toolbox:s0 tcontext=u:r:hal_health_default:s0 tclass=dir permissive=1
01-01 08:00:10.412 313 313 I pgrep : type=1400 audit(0.0:168): avc: denied { search } for name="273" dev="proc" ino=533 scontext=u:r:toolbox:s0 tcontext=u:r:hal_health_default:s0 tclass=dir permissive=1
01-01 08:00:10.412 313 313 I pgrep : type=1400 audit(0.0:169): avc: denied { open } for path="/proc/273/stat" dev="proc" ino=9307 scontext=u:r:toolbox:s0 tcontext=u:r:hal_health_default:s0 tclass=file permissive=1
01-01 08:00:10.412 313 313 I pgrep : type=1400 audit(0.0:170): avc: denied { getattr } for path="/proc/275" dev="proc" ino=537 scontext=u:r:toolbox:s0 tcontext=u:r:hal_light_default:s0 tclass=dir permissive=1
01-01 08:00:10.412 313 313 I pgrep : type=1400 audit(0.0:171): avc: denied { search } for name="275" dev="proc" ino=537 scontext=u:r:toolbox:s0 tcontext=u:r:hal_light_default:s0 tclass=dir permissive=1
01-01 08:00:10.412 313 313 I pgrep : type=1400 audit(0.0:172): avc: denied { open } for path="/proc/275/stat" dev="proc" ino=9308 scontext=u:r:toolbox:s0 tcontext=u:r:hal_light_default:s0 tclass=file permissive=1
01-01 08:00:10.412 313 313 I pgrep : type=1400 audit(0.0:173): avc: denied { getattr } for path="/proc/276" dev="proc" ino=2732 scontext=u:r:toolbox:s0 tcontext=u:r:hal_power_default:s0 tclass=dir permissive=1
01-01 08:00:10.412 313 313 I pgrep : type=1400 audit(0.0:174): avc: denied { search } for name="276" dev="proc" ino=2732 scontext=u:r:toolbox:s0 tcontext=u:r:hal_power_default:s0 tclass=dir permissive=1
01-01 08:00:10.412 313 313 I pgrep : type=1400 audit(0.0:175): avc: denied { open } for path="/proc/276/stat" dev="proc" ino=9309 scontext=u:r:toolbox:s0 tcontext=u:r:hal_power_default:s0 tclass=file permissive=1
01-01 08:00:10.412 313 313 I pgrep : type=1400 audit(0.0:176): avc: denied { getattr } for path="/proc/277" dev="proc" ino=546 scontext=u:r:toolbox:s0 tcontext=u:r:hal_tv_cec_default:s0 tclass=dir permissive=1
01-01 08:00:10.412 313 313 I pgrep : type=1400 audit(0.0:177): avc: denied { search } for name="277" dev="proc" ino=546 scontext=u:r:toolbox:s0 tcontext=u:r:hal_tv_cec_default:s0 tclass=dir permissive=1
01-01 08:00:10.412 313 313 I pgrep : type=1400 audit(0.0:178): avc: denied { open } for path="/proc/277/stat" dev="proc" ino=9310 scontext=u:r:toolbox:s0 tcontext=u:r:hal_tv_cec_default:s0 tclass=file permissive=1
01-01 08:00:10.412 313 313 I pgrep : type=1400 audit(0.0:179): avc: denied { getattr } for path="/proc/278" dev="proc" ino=8290 scontext=u:r:toolbox:s0 tcontext=u:r:hal_usb_impl:s0 tclass=dir permissive=1
01-01 08:00:10.412 313 313 I pgrep : type=1400 audit(0.0:180): avc: denied { search } for name="278" dev="proc" ino=8290 scontext=u:r:toolbox:s0 tcontext=u:r:hal_usb_impl:s0 tclass=dir permissive=1
01-01 08:00:10.412 313 313 I pgrep : type=1400 audit(0.0:181): avc: denied { open } for path="/proc/278/stat" dev="proc" ino=9311 scontext=u:r:toolbox:s0 tcontext=u:r:hal_usb_impl:s0 tclass=file permissive=1
01-01 08:00:10.412 313 313 I pgrep : type=1400 audit(0.0:182): avc: denied { getattr } for path="/proc/279" dev="proc" ino=8335 scontext=u:r:toolbox:s0 tcontext=u:r:hal_awdisplayoutput_default:s0 tclass=dir permissive=1
01-01 08:00:10.412 313 313 I pgrep : type=1400 audit(0.0:183): avc: denied { search } for name="279" dev="proc" ino=8335 scontext=u:r:toolbox:s0 tcontext=u:r:hal_awdisplayoutput_default:s0 tclass=dir permissive=1
01-01 08:00:10.412 313 313 I pgrep : type=1400 audit(0.0:184): avc: denied { open } for path="/proc/279/stat" dev="proc" ino=9312 scontext=u:r:toolbox:s0 tcontext=u:r:hal_awdisplayoutput_default:s0 tclass=file permissive=1
01-01 08:00:10.412 313 313 I pgrep : type=1400 audit(0.0:185): avc: denied { getattr } for path="/proc/281" dev="proc" ino=8311 scontext=u:r:toolbox:s0 tcontext=u:r:hal_rebootescrow_default:s0 tclass=dir permissive=1
01-01 08:00:10.412 313 313 I pgrep : type=1400 audit(0.0:186): avc: denied { search } for name="281" dev="proc" ino=8311 scontext=u:r:toolbox:s0 tcontext=u:r:hal_rebootescrow_default:s0 tclass=dir permissive=1
01-01 08:00:10.412 313 313 I pgrep : type=1400 audit(0.0:187): avc: denied { open } for path="/proc/281/stat" dev="proc" ino=9313 scontext=u:r:toolbox:s0 tcontext=u:r:hal_rebootescrow_default:s0 tclass=file permissive=1
01-01 08:00:10.412 313 313 I pgrep : type=1400 audit(0.0:188): avc: denied { getattr } for path="/proc/282" dev="proc" ino=7771 scontext=u:r:toolbox:s0 tcontext=u:r:audioserver:s0 tclass=dir permissive=1
01-01 08:00:10.412 313 313 I pgrep : type=1400 audit(0.0:189): avc: denied { search } for name="282" dev="proc" ino=7771 scontext=u:r:toolbox:s0 tcontext=u:r:audioserver:s0 tclass=dir permissive=1
01-01 08:00:10.412 313 313 I pgrep : type=1400 audit(0.0:190): avc: denied { open } for path="/proc/282/stat" dev="proc" ino=9314 scontext=u:r:toolbox:s0 tcontext=u:r:audioserver:s0 tclass=file permissive=1
01-01 08:00:10.412 313 313 I pgrep : type=1400 audit(0.0:191): avc: denied { getattr } for path="/proc/284" dev="proc" ino=604 scontext=u:r:toolbox:s0 tcontext=u:r:credstore:s0 tclass=dir permissive=1
01-01 08:00:10.412 313 313 I pgrep : type=1400 audit(0.0:192): avc: denied { search } for name="284" dev="proc" ino=604 scontext=u:r:toolbox:s0 tcontext=u:r:credstore:s0 tclass=dir permissive=1
01-01 08:00:10.412 313 313 I pgrep : type=1400 audit(0.0:193): avc: denied { open } for path="/proc/284/stat" dev="proc" ino=9315 scontext=u:r:toolbox:s0 tcontext=u:r:credstore:s0 tclass=file permissive=1
01-01 08:00:10.412 313 313 I pgrep : type=1400 audit(0.0:194): avc: denied { getattr } for path="/proc/286" dev="proc" ino=8364 scontext=u:r:toolbox:s0 tcontext=u:r:gpuservice:s0 tclass=dir permissive=1
01-01 08:00:10.412 313 313 I pgrep : type=1400 audit(0.0:195): avc: denied { search } for name="286" dev="proc" ino=8364 scontext=u:r:toolbox:s0 tcontext=u:r:gpuservice:s0 tclass=dir permissive=1
01-01 08:00:10.412 313 313 I pgrep : type=1400 audit(0.0:196): avc: denied { open } for path="/proc/286/stat" dev="proc" ino=9316 scontext=u:r:toolbox:s0 tcontext=u:r:gpuservice:s0 tclass=file permissive=1
01-01 08:00:10.412 313 313 I pgrep : type=1400 audit(0.0:197): avc: denied { getattr } for path="/proc/288" dev="proc" ino=8419 scontext=u:r:toolbox:s0 tcontext=u:r:surfaceflinger:s0 tclass=dir permissive=1
01-01 08:00:10.412 313 313 I pgrep : type=1400 audit(0.0:198): avc: denied { search } for name="288" dev="proc" ino=8419 scontext=u:r:toolbox:s0 tcontext=u:r:surfaceflinger:s0 tclass=dir permissive=1
01-01 08:00:10.412 313 313 I pgrep : type=1400 audit(0.0:199): avc: denied { open } for path="/proc/288/stat" dev="proc" ino=9317 scontext=u:r:toolbox:s0 tcontext=u:r:surfaceflinger:s0 tclass=file permissive=1
01-01 08:00:10.412 313 313 I pgrep : type=1400 audit(0.0:200): avc: denied { getattr } for path="/proc/293" dev="proc" ino=710 scontext=u:r:toolbox:s0 tcontext=u:r:pqd:s0 tclass=dir permissive=1
