06-09 11:43:17.889 487 958 W Codec2Client: query -- param skipped: index = 1342179345.
06-09 11:43:17.889 487 958 W Codec2Client: query -- param skipped: index = 2415921170.
06-09 11:43:17.889 487 818 I ExplicitHealthCheckController: Explicit health check supported packages [PackageConfig{com.android.networkstack, 86400000}]
06-09 11:43:17.889 487 818 D PackageWatchdog: Received supported packages [PackageConfig{com.android.networkstack, 86400000}]
06-09 11:43:17.889 380 960 D SimpleC2Component: Using output block pool with poolID 23 => got 23 - 0
06-09 11:43:17.890 487 818 D ExplicitHealthCheckController: Getting health check requested packages
06-09 11:43:17.892 487 510 I ExplicitHealthCheckController: Explicit health check requested packages []
06-09 11:43:17.894 684 684 V SystemUIService: Starting SystemUI services for user 0.
06-09 11:43:17.894 684 684 D SystemUIService: loading: com.android.systemui.util.NotificationChannels
06-09 11:43:17.895 684 684 D SystemUIService: running: com.android.systemui.util.NotificationChannels@112c0b3
06-09 11:43:17.895 487 510 I ExplicitHealthCheckController: No more health check requests, unbinding...
06-09 11:43:17.897 487 958 D CCodecBufferChannel: [c2.android.vorbis.decoder#815] Created input block pool with allocatorID 16 => poolID 22 - OK (0)
06-09 11:43:17.898 487 510 I ExplicitHealthCheckController: Explicit health check service is unbound
06-09 11:43:17.899 677 677 I bt_btif : system/bt/btif/src/bluetooth.cc:417 get_profile_interface: get_profile_interface: id = gatt
06-09 11:43:17.905 677 677 D CompatibilityChangeReporter: Compat change id reported: 160794467; UID 1002; state: ENABLED
06-09 11:43:17.907 487 958 I CCodecBufferChannel: [c2.android.vorbis.decoder#815] Created output block pool with allocatorID 16 => poolID 24 - OK
06-09 11:43:17.907 487 958 D CCodecBufferChannel: [c2.android.vorbis.decoder#815] Configured output block pool ids 24 => OK
06-09 11:43:17.910 487 487 W Looper : Drained
06-09 11:43:17.911 684 684 D SystemUIService: loading: com.android.systemui.oranth.ManagerService
06-09 11:43:17.912 196 196 E SELinux : avc: denied { find } for pid=684 uid=10061 name=oranth_manager scontext=u:r:platform_app:s0:c512,c768 tcontext=u:object_r:default_android_service:s0 tclass=service_manager permissive=1
06-09 11:43:17.914 380 961 D SimpleC2Component: Using output block pool with poolID 24 => got 24 - 0
06-09 11:43:17.924 684 684 D SystemUIService: running: com.android.systemui.oranth.ManagerService@3becde9
06-09 11:43:17.924 684 684 I ManagerService: -------------------- oranth manager service ---------
06-09 11:43:17.934 677 846 I bt_stack_manager: system/bt/btif/src/stack_manager.cc:246 event_start_up_stack: event_start_up_stack is bringing up the stack
06-09 11:43:17.934 677 846 I bt_core_module: system/bt/btcore/src/module.cc:85 module_start_up: module_start_up Starting module "btif_config_module"
06-09 11:43:17.934 677 846 I bt_core_module: system/bt/btcore/src/module.cc:90 module_start_up: module_start_up Started module "btif_config_module"
06-09 11:43:17.934 677 846 I bt_core_module: system/bt/btcore/src/module.cc:85 module_start_up: module_start_up Starting module "btsnoop_module"
06-09 11:43:17.935 677 846 I droid.bluetoot: [0609/114317.934978:INFO:btsnoop.cc(209)] start_up: Snoop Logs disabled
06-09 11:43:17.935 677 846 I droid.bluetoot: [0609/114317.935227:INFO:btsnoop.cc(356)] delete_btsnoop_files: Deleting snoop logs if they exist. filtered = 1
06-09 11:43:17.935 677 846 I droid.bluetoot: [0609/114317.935492:INFO:btsnoop.cc(356)] delete_btsnoop_files: Deleting snoop logs if they exist. filtered = 0
06-09 11:43:17.935 677 846 I bt_core_module: system/bt/btcore/src/module.cc:90 module_start_up: module_start_up Started module "btsnoop_module"
06-09 11:43:17.935 677 846 I bt_core_module: system/bt/btcore/src/module.cc:85 module_start_up: module_start_up Starting module "hci_module"
06-09 11:43:17.935 677 846 I bt_hci : system/bt/hci/src/hci_layer.cc:200 hci_module_start_up: hci_module_start_up
06-09 11:43:17.944 677 966 I droid.bluetoot: [0609/114317.944659:INFO:message_loop_thread.cc(224)] Run: message loop starting for thread bt_hci_thread
06-09 11:43:17.945 684 702 I ndroid.systemu: Background young concurrent copying GC freed 24505(1126KB) AllocSpace objects, 0(0B) LOS objects, 87% free, 3394KB/27MB, paused 161us total 159.461ms
06-09 11:43:17.945 677 966 I bt_hci : system/bt/hci/src/hci_layer_android.cc:159 hci_initialize: hci_initialize
06-09 11:43:17.946 197 197 I hwservicemanager: getTransport: Cannot find entry android.hardware.bluetooth@1.1::IBluetoothHci/default in either framework or device VINTF manifest.
06-09 11:43:17.948 677 846 I bt_hci : system/bt/hci/src/hci_layer.cc:257 hci_module_start_up: hci_module_start_up starting async portion
06-09 11:43:17.948 677 966 I bt_hci : system/bt/hci/src/hci_layer_android.cc:178 hci_initialize: hci_initialize: IBluetoothHci::getService() returned 0xf0f58380 (remote)
06-09 11:43:17.948 677 966 E cutils-trace: Error opening trace file: No such file or directory (2)
06-09 11:43:17.949 263 263 I android.hardware.bluetooth@1.0-impl: BluetoothHci::initialize()
06-09 11:43:17.951 263 263 D android.hardware.bluetooth@1.0-service: get_local_address: Trying /sys/class/addr_mgt/addr_bt
06-09 11:43:17.952 263 263 D android.hardware.bluetooth@1.0-service: get_local_address: Got Factory BDA 8B:66:39:99:6E:AE
06-09 11:43:17.952 263 263 D WifiHWInfo: Start to load wireless module hardware info table...
06-09 11:43:17.952 263 263 D WifiHWInfo: Entry [01], BUS: SDIO, ID: 0x024C8179, Name: rtl8189es.
06-09 11:43:17.952 263 263 D WifiHWInfo: Entry [02], BUS: SDIO, ID: 0x024CB723, Name: rtl8723bs_vq0.
06-09 11:43:17.952 263 263 D WifiHWInfo: Entry [03], BUS: SDIO, ID: 0x024CB703, Name: rtl8723cs.
06-09 11:43:17.952 263 263 D WifiHWInfo: Entry [04], BUS: SDIO, ID: 0x024CD723, Name: rtl8723ds.
06-09 11:43:17.952 263 263 D WifiHWInfo: Entry [05], BUS: SDIO, ID: 0x024CF179, Name: rtl8189fs.
06-09 11:43:17.952 263 263 D WifiHWInfo: Entry [06], BUS: SDIO, ID: 0x024CB822, Name: rtl88x2bs.
06-09 11:43:17.952 263 263 D WifiHWInfo: Entry [07], BUS: USB, ID: 0x0BDAD723, Name: rtl8723du.
06-09 11:43:17.952 263 263 D WifiHWInfo: Entry [08], BUS: USB, ID: 0x0BDA8179, Name: rtl8188etv.
06-09 11:43:17.952 263 263 D WifiHWInfo: Entry [09], BUS: USB, ID: 0x0BDA0179, Name: rtl8188eu.
06-09 11:43:17.952 263 263 D WifiHWInfo: Entry [10], BUS: USB, ID: 0x0BDA818B, Name: rtl8192eu.
06-09 11:43:17.952 263 263 D WifiHWInfo: Entry [11], BUS: USB, ID: 0x0BDAB720, Name: rtl8723bu.
06-09 11:43:17.952 263 263 D WifiHWInfo: Entry [12], BUS: USB, ID: 0x0BDAC82C, Name: rtl8822cu.
06-09 11:43:17.952 263 263 D WifiHWInfo: Entry [13], BUS: USB, ID: 0x0BDAF179, Name: rtl8188fu.
06-09 11:43:17.952 263 263 D WifiHWInfo: Entry [14], BUS: SDIO, ID: 0x02D0A9A6, Name: ap6212.
06-09 11:43:17.952 263 263 D WifiHWInfo: Entry [15], BUS: SDIO, ID: 0x02D04330, Name: ap6330.
06-09 11:43:17.952 263 263 D WifiHWInfo: Entry [16], BUS: SDIO, ID: 0x02D04356, Name: ap6356s.
06-09 11:43:17.952 263 263 D WifiHWInfo: Entry [17], BUS: SDIO, ID: 0x02D0A9BF, Name: ap6255.
06-09 11:43:17.952 263 263 D WifiHWInfo: Entry [18], BUS: SDIO, ID: 0x02D04334, Name: bcm43342.
06-09 11:43:17.952 263 263 D WifiHWInfo: Entry [19], BUS: SDIO, ID: 0x00202281, Name: xr819.
06-09 11:43:17.952 263 263 D WifiHWInfo: Entry [20], BUS: SDIO, ID: 0x0A9E2282, Name: xr829.
06-09 11:43:17.953 263 263 D WifiHWInfo: Entry [21], BUS: SDIO, ID: 0x0271050A, Name: qca6174a.
06-09 11:43:17.953 263 263 D WifiHWInfo: Entry [22], BUS: SDIO, ID: 0x30303030, Name: ssv6x5x.
06-09 11:43:17.953 263 263 D WifiHWInfo: Entry [23], BUS: SDIO, ID: 0x00000000, Name: uwe5621.
06-09 11:43:17.953 263 263 D WifiHWInfo: Entry [24], BUS: SDIO, ID: 0x54490145, Name: aic8800.
06-09 11:43:17.953 263 263 D WifiHWInfo: Entry [25], BUS: SDIO, ID: 0xC8A1C08D, Name: aic8800.
06-09 11:43:17.953 263 263 D WifiHWInfo: Entry [26], BUS: USB, ID: 0xA69C8800, Name: aic8800.
06-09 11:43:17.953 263 263 D WifiHWInfo: Entry [27], BUS: USB, ID: 0x007A8888, Name: atbm6023is.
06-09 11:43:17.953 263 263 D WifiHWInfo: Entry [28], BUS: SDIO, ID: 0x02E79086, Name: 9012p.
06-09 11:43:17.953 263 263 D WifiHWInfo: Entry [29], BUS: SDIO, ID: 0x007A6011, Name: atbm613x_wifi_sdio.
06-09 11:43:17.953 263 263 D WifiHWInfo: Entry [30], BUS: SDIO, ID: 0x024CC822, Name: 88x2cs.
06-09 11:43:17.953 263 263 D WifiHWInfo: Entry [31], BUS: SDIO, ID: 0x000018F0, Name: dummy.
06-09 11:43:17.953 263 263 D libbt-auto-detect: init, get libbt name: libbt-sprd.so.
06-09 11:43:17.955 263 263 I bt_vendor: init
06-09 11:43:17.957 263 263 D bt_vnd_hci: sprd_vendor_hci_init
06-09 11:43:17.957 263 263 I bt_chip_vendor: marlin3_init
06-09 11:43:17.957 263 263 I bt_vnd_conf: Attempt to load conf from /vendor/etc/bt_configure_pskey.ini
06-09 11:43:17.957 263 969 D bt_vnd_hci: hci_server_thread
06-09 11:43:17.957 263 969 D bt_vnd_hci: name: bt_vendor_sprd_hci
06-09 11:43:17.957 263 969 D bt_vnd_hci: listen socket: bt_vendor_sprd_hci, fd: 6
06-09 11:43:17.957 263 969 D bt_vnd_hci: hci_server_thread wati for btools
06-09 11:43:17.952 1 1 I /system/bin/init: type=1107 audit(0.0:365): uid=0 auid=4294967295 ses=4294967295 subj=u:r:init:s0 msg='avc: denied { set } for property=vendor.driver.lpm.load pid=263 uid=1002 gid=1002 scontext=u:r:hal_bluetooth_default:s0 tcontext=u:object_r:vendor_wireless_prop:s0 tclass=property_service permissive=1'
06-09 11:43:17.958 263 263 D bt_vnd_conf: device_class -> 0x001F00
06-09 11:43:17.958 263 263 D bt_vnd_conf: feature_set -> 0xBF, 0xFE, 0x8D, 0xFE, 0xDB, 0x3D, 0x7B, 0x87, 0xFF, 0xA7, 0xFF, 0x7F, 0x00, 0xE0, 0xF7, 0x3E
06-09 11:43:17.958 263 263 D bt_vnd_conf: device_addr -> 0x6D, 0x6D, 0x8E, 0x8E, 0x8F, 0x8F
06-09 11:43:17.958 263 263 D bt_vnd_conf: comp_id -> 0x01EC
06-09 11:43:17.958 263 263 D bt_vnd_conf: g_sys_uart0_communication_supported -> 1
06-09 11:43:17.958 263 263 D bt_vnd_conf: cp2_log_mode -> 1
06-09 11:43:17.958 263 263 D bt_vnd_conf: LogLevel -> 0xFF
06-09 11:43:17.958 263 263 D bt_vnd_conf: g_central_or_perpheral -> 0
06-09 11:43:17.958 263 263 D bt_vnd_conf: Log_BitMask -> 0xFFFF
06-09 11:43:17.958 263 263 D bt_vnd_conf: super_ssp_enable -> 0
06-09 11:43:17.958 263 263 D bt_vnd_conf: common_rfu_b3 -> 2
06-09 11:43:17.958 263 263 D bt_vnd_conf: common_rfu_w -> 0x00000000, 0x00000000
06-09 11:43:17.958 263 263 D bt_vnd_conf: le_rfu_w -> 0x00000000, 0x000000000
06-09 11:43:17.958 263 263 D bt_vnd_conf: lmp_rfu_w -> 0x00000000, 0x000000000
06-09 11:43:17.958 263 263 D bt_vnd_conf: lc_rfu_w -> 0x00000000, 0x000000000
06-09 11:43:17.958 263 263 D bt_vnd_conf: g_wbs_nv_117 -> 0x004D
06-09 11:43:17.959 263 263 D bt_vnd_conf: g_wbs_nv_118 -> 0x0066
06-09 11:43:17.959 263 263 D bt_vnd_conf: g_nbv_nv_117 -> 0x009B
06-09 11:43:17.959 263 263 D bt_vnd_conf: g_nbv_nv_118 -> 0x0066
06-09 11:43:17.959 263 263 D bt_vnd_conf: g_sys_sco_transmit_mode -> 0
06-09 11:43:17.959 263 263 D bt_vnd_conf: audio_rfu_b1 -> 0
06-09 11:43:17.959 263 263 D bt_vnd_conf: audio_rfu_b2 -> 0
06-09 11:43:17.959 263 263 D bt_vnd_conf: audio_rfu_b3 -> 0
06-09 11:43:17.959 263 263 D bt_vnd_conf: audio_rfu_w -> 0x00000000, 0x00000000
06-09 11:43:17.959 263 263 D bt_vnd_conf: g_sys_sleep_in_standby_supported -> 1
06-09 11:43:17.959 263 263 D bt_vnd_conf: g_sys_sleep_master_supported -> 1
01-01 08:00:20.406 1 1 I init : processing action (vendor.driver.lpm.load=1) from (/vendor/etc/init/init.bluetooth.common.rc:68)
01-01 08:00:20.407 1 1 I init : processing action (vendor.init.lpm.load=1) from (/vendor/etc/init/init.bluetooth.common.rc:71)
06-09 11:43:17.959 263 263 D bt_vnd_conf: g_sys_sleep_slave_supported -> 1
06-09 11:43:17.959 263 263 D bt_vnd_conf: power_rfu_b1 -> 0
06-09 11:43:17.959 263 263 D bt_vnd_conf: power_rfu_w -> 0x00000000, 0x00000000
06-09 11:43:17.959 263 263 D bt_vnd_conf: win_ext -> 40
06-09 11:43:17.959 263 263 D bt_vnd_conf: edr_tx_edr_delay -> 6
06-09 11:43:17.959 263 263 D bt_vnd_conf: edr_rx_edr_delay -> 8
06-09 11:43:17.959 263 263 D bt_vnd_conf: tx_delay -> 12
06-09 11:43:17.959 263 263 D bt_vnd_conf: rx_delay -> 34
06-09 11:43:17.959 263 263 D bt_vnd_conf: bb_rfu_w -> 0x00000000, 0x00000000
06-09 11:43:17.959 263 263 D bt_vnd_conf: agc_mode -> 0
06-09 11:43:17.959 263 263 D bt_vnd_conf: diff_or_eq -> 0xFF
06-09 11:43:17.959 263 263 D bt_vnd_conf: ramp_mode -> 0
06-09 11:43:17.959 263 263 D bt_vnd_conf: modem_rfu_b1 -> 0
06-09 11:43:17.959 263 263 D bt_vnd_conf: modem_rfu_w -> 0x00000000, 0x00000000
06-09 11:43:17.959 263 263 D bt_vnd_conf: BQB_BitMask_1 -> 0x00000000
06-09 11:43:17.959 263 263 D bt_vnd_conf: BQB_BitMask_2 -> 0x00000000
06-09 11:43:17.959 263 263 D bt_vnd_conf: bt_coex_threshold -> 0x04E2, 0x1F40, 0x0020, 0x00C8, 0x000A, 0x0000, 0x0000, 0x0000
06-09 11:43:17.959 263 263 D bt_vnd_conf: other_rfu_w -> 0x00000000, 0x00000000
06-09 11:43:17.959 263 263 I bt_vnd_conf: Attempt to load conf from /vendor/etc/bt_configure_rf.ini
06-09 11:43:17.960 263 263 D bt_vnd_conf: g_GainValue_A -> 0xE000, 0xE000, 0xE000, 0xE000, 0xE000, 0xE000
06-09 11:43:17.960 263 263 D bt_vnd_conf: g_ClassicPowerValue_A -> 0x4115, 0x3A15, 0x3415, 0x2E15, 0x2715, 0x2115, 0x1A15, 0x1315, 0x0D15, 0x0715
06-09 11:43:17.960 263 263 D bt_vnd_conf: g_LEPowerValue_A -> 0x3B15, 0x3715, 0x3315, 0x2F15, 0x2B15, 0x2715, 0x2315, 0x1F15, 0x1B15, 0x1715, 0x1315, 0x0F15, 0x0B15, 0x0815, 0x0415, 0x0015
06-09 11:43:17.960 263 263 D bt_vnd_conf: g_BRChannelpwrvalue_A -> 0x0915, 0x0915, 0x0815, 0x0815, 0x0815, 0x0815, 0x0715, 0x0715
06-09 11:43:17.960 263 263 D bt_vnd_conf: g_EDRChannelpwrvalue_A -> 0x0D15, 0x0D15, 0x0C15, 0x0C15, 0x0B15, 0x0B15, 0x0B15, 0x0B15
06-09 11:43:17.960 263 263 D bt_vnd_conf: g_LEChannelpwrvalue_A -> 0x1015,0x1015,0x0F15,0x0F15,0x0F15,0x0F15,0x0F15,0x0F15
06-09 11:43:17.960 263 263 D bt_vnd_conf: g_GainValue_B -> 0xE000, 0xE000, 0xE000, 0xE000, 0xE000, 0xE000
06-09 11:43:17.960 263 263 D bt_vnd_conf: g_ClassicPowerValue_B -> 0x4D15, 0x4615, 0x3D15, 0x3615, 0x2D15, 0x2615, 0x1F15, 0x1815, 0x0F15, 0x0815
06-09 11:43:17.960 263 263 D bt_vnd_conf: g_LEPowerValue_B -> 0x4B15, 0x4B15, 0x4B15, 0x4B15, 0x4B15, 0x4615, 0x4015, 0x3B15, 0x3615, 0x3015, 0x2B15, 0x2615, 0x2015, 0x1A15, 0x1415, 0x0E15
06-09 11:43:17.960 263 263 D bt_vnd_conf: g_BRChannelpwrvalue_B -> 0x0915, 0x0915, 0x0815, 0x0815, 0x0815, 0x0815, 0x0715, 0x0715
06-09 11:43:17.960 263 263 D bt_vnd_conf: g_EDRChannelpwrvalue_B -> 0x0D15, 0x0D15, 0x0C15, 0x0C15, 0x0B15, 0x0B15, 0x0B15, 0x0B15
06-09 11:43:17.960 263 263 D bt_vnd_conf: g_LEChannelpwrvalue_B -> 0x1015,0x1015,0x0F15,0x0F15,0x0F15,0x0F15,0x0F15,0x0F15
06-09 11:43:17.960 263 263 D bt_vnd_conf: LE_fix_powerword -> 0x00
06-09 11:43:17.960 263 263 D bt_vnd_conf: Classic_pc_by_channel -> 0xFF
06-09 11:43:17.960 263 263 D bt_vnd_conf: LE_pc_by_channel -> 0xFF
06-09 11:43:17.960 263 263 D bt_vnd_conf: RF_switch_mode -> 0x01
06-09 11:43:17.960 263 263 D bt_vnd_conf: Data_Capture_Mode -> 0x00
06-09 11:43:17.960 263 263 D bt_vnd_conf: Analog_IQ_Debug_Mode -> 0x00
06-09 11:43:17.960 263 263 D bt_vnd_conf: RF_common_rfu_b3 -> 0x55
06-09 11:43:17.960 263 263 D bt_vnd_conf: RF_common_rfu_w -> 0x555F4344, 0x5555C855, 0x55555555, 0x55555555, 0x55555555
06-09 11:43:17.960 263 263 I bt_vnd_conf: set_mac_address
06-09 11:43:17.960 263 263 D bt_vendor: marlin3 start up
06-09 11:43:17.960 263 263 D android.hardware.bluetooth@1.0-impl: Open vendor library loaded
06-09 11:43:17.960 263 263 E bt_upio : init_rfkill: No rfkill control node found
06-09 11:43:17.960 263 263 I bt_userial_vendor: userial vendor open: opening /dev/ttyBT0, baud 14
06-09 11:43:17.960 263 263 D bt_vendor: check_access, /dev/ttyBT0 R/W access OK after wait 0ms
01-01 08:00:20.409 263 263 I : mtty_open probe is success!
01-01 08:00:20.409 263 263 E bluetooth_set_power: start_block=0
01-01 08:00:20.415 263 263 I WCN : start_marlin [MARLIN_BLUETOOTH]
01-01 08:00:20.415 263 263 D : CPU: 3 PID: 263 Comm: bluetooth@1.0-s Tainted: G O 5.4.125+ #9
01-01 08:00:20.415 263 263 D Hardware name: sun50iw9 (DT)
01-01 08:00:20.415 263 263 D Call trace:
01-01 08:00:20.415 263 263 D : dump_backtrace.cfi_jt+0x0/0x4
01-01 08:00:20.415 263 263 D : dump_stack+0xbc/0x104
01-01 08:00:20.415 263 263 D : marlin_set_power+0x2c/0x78c [uwe5621_bsp_sdio]
01-01 08:00:20.416 263 263 D : start_marlin+0xbc/0x14c [uwe5621_bsp_sdio]
01-01 08:00:20.416 263 263 D : bluetooth_set_power+0x44/0x70 [sprdbt_tty]
01-01 08:00:20.416 263 263 D : mtty_open+0xb0/0x150 [sprdbt_tty]
01-01 08:00:20.416 263 263 D : tty_open+0x350/0x550
01-01 08:00:20.416 263 263 D : chrdev_open+0x1d8/0x254
01-01 08:00:20.416 263 263 D : do_dentry_open+0x270/0x3ac
01-01 08:00:20.416 263 263 D : vfs_open+0x2c/0x38
01-01 08:00:20.416 263 263 D : path_openat+0x6a8/0xf78
01-01 08:00:20.416 263 263 D : do_filp_open+0x78/0x124
01-01 08:00:20.416 263 263 D : do_sys_open+0x13c/0x290
01-01 08:00:20.416 263 263 D : __arm64_compat_sys_openat+0x24/0x30
01-01 08:00:20.416 263 263 D : el0_svc_common+0xb8/0x1cc
01-01 08:00:20.416 263 263 D : el0_svc_compat_handler+0x1c/0x28
01-01 08:00:20.416 263 263 D : el0_svc_compat+0x8/0x24
01-01 08:00:20.416 263 263 I WCN : marlin power state:0, subsys: [MARLIN_BLUETOOTH] power 1
01-01 08:00:20.416 263 263 I WCN : the first power on start
06-09 11:43:17.967 684 684 I FalsingManager: xdpi, ydpi: 0.16, 0.16
06-09 11:43:17.967 684 684 I FalsingManager: width, height: 1920, 1080
06-09 11:43:17.964 684 684 I SharedPreferenc: type=1400 audit(0.0:366): avc: denied { open } for path="/data/user_de/0/com.android.systemui/shared_prefs/plugin_prefs.xml" dev="mmcblk0p25" ino=2192 scontext=u:r:platform_app:s0:c512,c768 tcontext=u:object_r:app_data_file:s0:c512,c768 tclass=file permissive=1 app=com.softwinner.screenshot
06-09 11:43:17.988 487 817 W ServiceManager: Permission failure: android.permission.HIGH_SAMPLING_RATE_SENSORS from uid=10061 pid=684
06-09 11:43:18.006 684 684 D NavigationModeController: getCurrentUserContext: contextUser=0 currentUser=0
06-09 11:43:18.006 684 684 D NavigationModeController: getCurrentInteractionMode: mode=0 contextUser=0
06-09 11:43:18.007 684 684 D NavigationModeController: updateCurrentInteractionMode: mode=0
06-09 11:43:18.007 684 684 D NavigationModeController: contextUser=0
06-09 11:43:18.007 684 684 D NavigationModeController: assetPaths=
06-09 11:43:18.007 684 684 D NavigationModeController: and /system/framework/framework-res.apk
06-09 11:43:18.007 684 684 D NavigationModeController: /vendor/overlay/framework-res__auto_generated_rro_vendor.apk
06-09 11:43:18.007 684 684 D NavigationModeController: /product/overlay/AwAccentColor/AwAccentColorOverlay.apk
06-09 11:43:18.007 684 684 D NavigationModeController: /product/overlay/AwIconShape/AwIconShapeOverlay.apk
06-09 11:43:18.007 684 684 D NavigationModeController: and /system/system_ext/priv-app/SystemUI/SystemUI.apk
06-09 11:43:18.007 487 959 D CCodecBufferChannel: [c2.android.vorbis.decoder#703] MediaCodec discarded an unknown buffer
06-09 11:43:18.007 487 959 D CCodecBufferChannel: [c2.android.vorbis.decoder#703] MediaCodec discarded an unknown buffer
06-09 11:43:18.007 487 959 D CCodecBufferChannel: [c2.android.vorbis.decoder#703] MediaCodec discarded an unknown buffer
06-09 11:43:18.008 684 684 D NavigationModeController: getCurrentInteractionMode: mode=0 contextUser=0
06-09 11:43:18.013 487 959 I hw-BpHwBinder: onLastStrongRef automatically unlinking death recipients
06-09 11:43:18.031 684 684 D TvPipController: onImeVisibilityChanged(), visible=false, height=0
06-09 11:43:18.031 684 684 D TvPipController: onActionsChanged()
06-09 11:43:18.031 684 684 D TvPipMenuController: setAppActions()
06-09 11:43:18.031 684 684 D TvPipController: onImeVisibilityChanged(), visible=false, height=0
06-09 11:43:18.031 684 684 D TvPipController: onActionsChanged()
06-09 11:43:18.031 684 684 D TvPipMenuController: setAppActions()
06-09 11:43:18.031 684 684 W KeyguardUpdateMonitor: invalid subId in handleServiceStateChange()
06-09 11:43:18.037 487 487 D BluetoothA2dp: Binding service...
06-09 11:43:18.040 684 974 V MediaRouter: Selecting route: RouteInfo{ name=手机, description=null, status=null, category=RouteCategory{ name=系统 types=ROUTE_TYPE_LIVE_AUDIO ROUTE_TYPE_LIVE_VIDEO groupable=false }, supportedTypes=ROUTE_TYPE_LIVE_AUDIO ROUTE_TYPE_LIVE_VIDEO , presentationDisplay=null }
06-09 11:43:18.040 684 974 I MediaRouter: Skip setBluetoothA2dpOn(): types=8388615, isPlaybackActive()=false, BT route=null
06-09 11:43:18.051 487 958 D CCodecBufferChannel: [c2.android.vorbis.decoder#815] MediaCodec discarded an unknown buffer
06-09 11:43:18.051 487 958 D CCodecBufferChannel: [c2.android.vorbis.decoder#815] MediaCodec discarded an unknown buffer
06-09 11:43:18.054 487 958 I hw-BpHwBinder: onLastStrongRef automatically unlinking death recipients
06-09 11:43:18.054 380 821 I hw-BpHwBinder: onLastStrongRef automatically unlinking death recipients
06-09 11:43:18.055 380 821 V C2Store : in ~ComponentModule
06-09 11:43:18.055 380 821 V C2Store : unloading dll
06-09 11:43:18.074 684 684 E libEGL : validate_display:538 error 3001 (EGL_NOT_INITIALIZED)
01-01 08:00:20.534 263 263 I sunxi-rfkill soc@3000000: rfkill: wlan power on success
01-01 08:00:20.534 263 263 I WCN : marlin chip en pull up
01-01 08:00:20.560 263 263 I sdiohal : sdiohal_scan_card
01-01 08:00:20.560 263 263 I sunxi-rfkill soc@3000000: rfkill: bus_index: 1
01-01 08:00:20.560 0 0 E : [ C0] sunxi-mmc 4021000.sdmmc: smc 2 p1 err, cmd 52, RTO !!
01-01 08:00:20.567 263 263 W sdiohal : probe of mmc2:8800:1 failed with error -110
01-01 08:00:20.568 0 0 E : [ C0] sunxi-mmc 4021000.sdmmc: smc 2 p1 err, cmd 7, RTO !!
01-01 08:00:20.575 0 0 E : [ C0] sunxi-mmc 4021000.sdmmc: smc 2 p1 err, cmd 7, RTO !!
01-01 08:00:20.583 0 0 E : [ C0] sunxi-mmc 4021000.sdmmc: smc 2 p1 err, cmd 7, RTO !!
01-01 08:00:20.590 0 0 E : [ C0] sunxi-mmc 4021000.sdmmc: smc 2 p1 err, cmd 7, RTO !!
06-09 11:43:18.150 322 329 D XM_HIDREAD: add@ add@/bus/sdio/drivers/sdiohal
06-09 11:43:18.144 322 322 I xm_hidread: type=1400 audit(0.0:367): avc: denied { read } for scontext=u:r:init:s0 tcontext=u:r:init:s0 tclass=netlink_kobject_uevent_socket permissive=1
06-09 11:43:18.152 322 329 D XM_HIDREAD: remove@ remove@/devices/platform/soc@3000000/4021000.sdmmc/mmc_host/mmc2/mmc2:8800/mmc2:8800:1
06-09 11:43:18.152 322 329 D XM_HIDREAD: remove@ remove@/devices/platform/soc@3000000/4021000.sdmmc/mmc_host/mmc2/mmc2:8800
01-01 08:00:20.600 128 128 I mmc2 : card 8800 removed
01-01 08:00:20.601 128 128 I sunxi-mmc 4021000.sdmmc: sdc set ios:clk 0Hz bm PP pm OFF vdd 0 width 1 timing LEGACY(SDR12) dt B
01-01 08:00:20.602 128 128 I sunxi-mmc 4021000.sdmmc: sdc set ios:clk 0Hz bm PP pm UP vdd 23 width 1 timing LEGACY(SDR12) dt B
01-01 08:00:20.615 128 128 I sunxi-mmc 4021000.sdmmc: sdc set ios:clk 400000Hz bm PP pm ON vdd 23 width 1 timing LEGACY(SDR12) dt B
01-01 08:00:20.628 0 0 E : [ C0] sunxi-mmc 4021000.sdmmc: smc 2 p1 err, cmd 52, RTO !!
01-01 08:00:20.637 0 0 E : [ C0] sunxi-mmc 4021000.sdmmc: smc 2 p1 err, cmd 52, RTO !!
01-01 08:00:20.644 128 128 I sunxi-mmc 4021000.sdmmc: sdc set ios:clk 400000Hz bm PP pm ON vdd 23 width 1 timing LEGACY(SDR12) dt B
06-09 11:43:18.197 487 534 D CompatibilityChangeReporter: Compat change id reported: 158002302; UID 10061; state: ENABLED
06-09 11:43:18.199 684 684 V WallpaperService: Setting wallpaper dimming: 0
01-01 08:00:20.647 128 128 I sunxi-mmc 4021000.sdmmc: sdc set ios:clk 400000Hz bm PP pm ON vdd 23 width 1 timing LEGACY(SDR12) dt B
06-09 11:43:18.213 322 329 D XM_HIDREAD: add@ add@/devices/platform/soc@3000000/4021000.sdmmc/mmc_host/mmc2/mmc2:8800
06-09 11:43:18.214 322 329 D XM_HIDREAD: add@ add@/devices/platform/soc@3000000/4021000.sdmmc/mmc_host/mmc2/mmc2:8800/mmc2:8800:1
06-09 11:43:18.214 197 197 I hwservicemanager: getTransport: Cannot find entry android.hardware.configstore@1.0::ISurfaceFlingerConfigs/default in either framework or device VINTF manifest.
01-01 08:00:20.660 128 128 I sunxi-mmc 4021000.sdmmc: sdc set ios:clk 400000Hz bm PP pm ON vdd 23 width 4 timing LEGACY(SDR12) dt B
01-01 08:00:20.660 128 128 I sunxi-mmc 4021000.sdmmc: sdc set ios:clk 400000Hz bm PP pm ON vdd 23 width 4 timing UHS-SDR104 dt B
01-01 08:00:20.660 128 128 I sunxi-mmc 4021000.sdmmc: sdc set ios:clk 150000000Hz bm PP pm ON vdd 23 width 4 timing UHS-SDR104 dt B
01-01 08:00:20.661 128 128 I mmc2 : new ultra high speed SDR104 SDIO card at address 8800
01-01 08:00:20.663 128 128 I sdiohal : sdiohal_probe: func->class=0, vendor=0x0000, device=0x0000, func_num=0x0001, clock=150000000, SDIOHAL_RX_RECVBUF_LEN:200,SDIOHAL_32_BIT_RX_RECVBUF_LEN:32.
01-01 08:00:20.663 128 128 I WCN : marlin_get_wcn_chipid: chipid: 0x56630001
01-01 08:00:20.663 128 128 I WCN : marlin_scan_finish!
01-01 08:00:20.663 128 128 I sdiohal : sdiohal_probe: sdio_dev_host, max_req_size=0x2000000, max_blk_count=0x2000, max_blk_size=0x1000
01-01 08:00:20.663 128 128 I sdiohal : probe ok
01-01 08:00:20.663 263 263 I sdiohal : scan end!
01-01 08:00:20.663 263 263 I WCN : then marlin start to download
01-01 08:00:20.663 17 17 I WCN : marlin_request_firmware from /vendor/etc/firmware/wcnmodem.bin start!
06-09 11:43:18.216 684 949 D EglHelper: createEglContext start
06-09 11:43:18.228 684 949 D EglHelper: createEglContext done
06-09 11:43:18.228 684 949 D EglHelper: createEglSurface start
06-09 11:43:18.229 684 949 D EglHelper: createEglSurface done
01-01 08:00:20.673 17 17 I WCN : marlin_firmware_parse_image imagepack is WCNE type,need parse it
01-01 08:00:20.673 17 17 I WCN : marlin marlin_firmware_write imagepack is WCNE type,need parse it
01-01 08:00:20.674 0 0 E : [ C0] sunxi-mmc 4021000.sdmmc: smc 2 p1 err, cmd 53, WR DCE !!
01-01 08:00:20.682 133 133 I sunxi-mmc 4021000.sdmmc: *****retry:start*****
01-01 08:00:20.682 133 133 I sunxi-mmc 4021000.sdmmc: REG_DRV_DL: 0x00010000
01-01 08:00:20.682 133 133 I sunxi-mmc 4021000.sdmmc: REG_SD_NTSR: 0x81710000
01-01 08:00:20.682 133 133 I sunxi-mmc 4021000.sdmmc: *****retry:re-send cmd*****
01-01 08:00:20.682 0 0 E : [ C0] sunxi-mmc 4021000.sdmmc: smc 2 p1 err, cmd 53, WR DCE !!
06-09 11:43:18.237 487 533 I ActivityManagerTiming: FinishBooting
06-09 11:43:18.237 257 257 W Zygote : forkRepeatedly terminated due to non-simple command
06-09 11:43:18.237 257 257 D Zygote : mbuffer starts with 1 , nice name is , mEnd = 19, mNext = 19, mLinesLeft = 0, mFd = 4
06-09 11:43:18.240 487 533 I ActivityManager: About to commit checkpoint
06-09 11:43:18.241 487 533 I SystemServiceManager: Starting phase 1000
06-09 11:43:18.241 487 533 I ActivityManagerTiming: OnBootPhase_1000
06-09 11:43:18.241 487 533 E PowerStatsService: Failed to start PowerStatsService loggers
01-01 08:00:20.690 133 133 I sunxi-mmc 4021000.sdmmc: *****retry:start*****
01-01 08:00:20.690 133 133 I sunxi-mmc 4021000.sdmmc: REG_DRV_DL: 0x00010000
01-01 08:00:20.690 133 133 I sunxi-mmc 4021000.sdmmc: REG_SD_NTSR: 0x81710000
01-01 08:00:20.690 133 133 I sunxi-mmc 4021000.sdmmc: *****retry:re-send cmd*****
01-01 08:00:20.690 0 0 E : [ C0] sunxi-mmc 4021000.sdmmc: smc 2 p1 err, cmd 53, WR DCE !!
06-09 11:43:18.245 487 592 D AppStandbyController: Loading headless system app cache. appIdleEnabled=false
06-09 11:43:18.246 487 564 V DisplayPowerController[0]: Brightness [0.39763778] reason changing to: 'manual', previous reason: 'override'.
06-09 11:43:18.256 487 532 W IorapForwardingService: No service published for: iorapd
01-01 08:00:20.699 133 133 I sunxi-mmc 4021000.sdmmc: *****retry:start*****
01-01 08:00:20.699 133 133 I sunxi-mmc 4021000.sdmmc: REG_DRV_DL: 0x00010000
01-01 08:00:20.699 133 133 I sunxi-mmc 4021000.sdmmc: REG_SD_NTSR: 0x81710000
01-01 08:00:20.699 133 133 I sunxi-mmc 4021000.sdmmc: *****retry:re-send cmd*****
01-01 08:00:20.699 0 0 E : [ C0] sunxi-mmc 4021000.sdmmc: smc 2 p1 err, cmd 53, WR DCE !!
01-01 08:00:20.707 133 133 I sunxi-mmc 4021000.sdmmc: *****retry:start*****
01-01 08:00:20.707 133 133 I sunxi-mmc 4021000.sdmmc: REG_DRV_DL: 0x00030000
01-01 08:00:20.707 133 133 I sunxi-mmc 4021000.sdmmc: REG_SD_NTSR: 0x81710110
01-01 08:00:20.707 133 133 I sunxi-mmc 4021000.sdmmc: *****retry:re-send cmd*****
01-01 08:00:20.707 0 0 D : [ C0] 4,end
06-09 11:43:18.262 487 594 D RollbackManager: mRollbackLifetimeDurationInMillis=1209600000
06-09 11:43:18.272 487 533 D IorapForwardingService: BgJob Scheduled (jobId=283673059, interval: 86400000ms)
06-09 11:43:18.274 487 533 D TestHarnessModeService: Completing Test Harness Mode setup.
06-09 11:43:18.282 487 612 D StorageManagerService: Thinking about init, mBootCompleted=true, mDaemonConnected=true
06-09 11:43:18.283 487 612 D StorageManagerService: Setting up emulation state, initlocked=false
06-09 11:43:18.286 201 201 D vold : fscrypt_unlock_user_key 0 serial=0
06-09 11:43:18.287 487 612 D StorageManagerService: Thinking about reset, mBootCompleted=true, mDaemonConnected=true
06-09 11:43:18.290 487 612 I StorageSessionController: Started resetting external storage service...
06-09 11:43:18.293 487 612 I StorageSessionController: Finished resetting external storage service
06-09 11:43:18.295 487 612 I StorageManagerService: Resetting vold...
06-09 11:43:18.298 487 612 I StorageManagerService: Reset vold
06-09 11:43:18.300 201 201 I vold : onUserAdded: 0
01-01 08:00:20.766 17 17 I WCN : combin_img 4 marlin_firmware_write finish and successful
01-01 08:00:20.766 17 17 I WCN : marlin_start_run read reset reg val:0x180008
01-01 08:00:20.766 17 17 I WCN : after do marlin_start_run reset reg val:0x80008
06-09 11:43:18.321 487 620 D WifiService: Handle boot completed
06-09 11:43:18.321 487 528 D AdbService: boot completed
06-09 11:43:18.324 487 533 D SoundTriggerService: onBootPhase: 1000 : false
06-09 11:43:18.326 766 886 I Tethering: USB bcast connected:false configured:false rndis:false ncm:false
01-01 08:00:20.766 17 17 I WCN : s_marlin_bootup_time=18688043844
01-01 08:00:20.772 17 17 I WCN : clock mode: TCXO, outside clock
01-01 08:00:20.772 17 17 I WCN : marlin_write_cali_data sync init_state:0x0
06-09 11:43:18.327 487 992 I HibernationStateDiskStore: No hibernation file on disk for file /data/system/hibernation/states
06-09 11:43:18.329 487 528 E AdbDebuggingManager: Expected keyStore, but got tag=adbKey
06-09 11:43:18.330 487 620 I WifiScoreCard: Installing MemoryStore
06-09 11:43:18.330 487 620 I WifiHealthMonitor: Installing MemoryStore
06-09 11:43:18.330 487 533 D CompatibilityChangeReporter: Compat change id reported: 168936375; UID 1000; state: ENABLED
06-09 11:43:18.331 487 533 D CompatibilityChangeReporter: Compat change id reported: 168936375; UID 1000; state: DISABLED
06-09 11:43:18.337 487 528 E AdbDebuggingManager: Expected keyStore, but got tag=adbKey
06-09 11:43:18.341 487 533 D CompatibilityChangeReporter: Compat change id reported: 73144566; UID 1000; state: ENABLED
06-09 11:43:18.342 487 533 D CompatibilityChangeReporter: Compat change id reported: 73144566; UID 1000; state: DISABLED
06-09 11:43:18.352 487 533 D GameManagerService: onBootCompleted
01-01 08:00:20.800 17 17 I WCN : marlin_write_cali_data sync init_state:0x0
06-09 11:43:18.356 487 533 D AppSearchStatsCollector: atoms registered
06-09 11:43:18.356 487 533 D ActivityManagerTiming: TotalBootTime took to complete: 7450ms
06-09 11:43:18.356 487 533 D SystemServerInitThreadPool: Shutdown requested
06-09 11:43:18.356 487 533 I SystemServerTiming: WaitInitThreadPoolShutdown
06-09 11:43:18.363 487 533 D SystemServerInitThreadPool: Shutdown successful
06-09 11:43:18.365 487 533 D ActivityManager: refreshZramWriteback
06-09 11:43:18.365 487 533 D ActivityManager: real start flush
01-01 08:00:20.814 1 1 I init : processing action (sys.boot_completed=1) from (/system/etc/init/hw/init.rc:1130)
01-01 08:00:20.815 1 1 I init : starting service 'exec 16 (/bin/rm -rf /data/per_boot)'...
06-09 11:43:18.372 393 403 I adbd : adbd_auth: received a new framework connection
06-09 11:43:18.372 393 403 I adbd : adbd_auth: received new framework fd 31 (current = -1)
06-09 11:43:18.374 487 533 I ActivityManager: User 0 state changed from BOOTING to RUNNING_LOCKED
06-09 11:43:18.374 487 998 W ZramWriteback: Writeback device is not set
06-09 11:43:18.374 487 998 D ZramWriteback: wait to flush
06-09 11:43:18.374 487 533 W ActivityManager: UserLifecycleEvent 4 received without an active userJourneySession.
01-01 08:00:20.821 1 1 I init : SVC_EXEC service 'exec 16 (/bin/rm -rf /data/per_boot)' pid 996 (uid 1000 gid 1000+0 context default) started; waiting...
06-09 11:43:18.378 487 533 D StorageManagerService: unlockUserKey: 0 isFileEncryptedNativeOrEmulated: false hasToken: false hasSecret: false
06-09 11:43:18.380 487 533 W ActivityManager: UserLifecycleEvent 5 received without an active userJourneySession.
06-09 11:43:18.380 487 533 D ActivityManager: Started unlocking user 0
06-09 11:43:18.380 487 533 D ActivityManager: Unlocking user 0 progress 0
06-09 11:43:18.381 487 533 D ActivityManager: Unlocking user 0 progress 5
06-09 11:43:18.381 201 201 D vold : fscrypt_prepare_user_storage for volume null, user 0, serial 0, flags 2
06-09 11:43:18.382 201 201 D vold : Preparing: /data/system_ce/0
06-09 11:43:18.382 201 201 D vold : Preparing: /data/misc_ce/0
06-09 11:43:18.382 201 201 D vold : Preparing: /data/vendor_ce/0
06-09 11:43:18.382 201 201 D vold : Preparing: /data/media/0
01-01 08:00:20.828 17 17 I WCN : marlin_write_cali_data sync init_state:0x0
06-09 11:43:18.383 201 201 D vold : Preparing: /data/data
06-09 11:43:18.383 201 201 D vold : Starting restorecon of /data/system_ce/0
06-09 11:43:18.389 201 201 D vold : Finished restorecon of /data/system_ce/0
06-09 11:43:18.390 201 201 D vold : Starting restorecon of /data/vendor_ce/0
06-09 11:43:18.395 201 201 D vold : Finished restorecon of /data/vendor_ce/0
06-09 11:43:18.395 201 201 D vold : Starting restorecon of /data/misc_ce/0
06-09 11:43:18.403 201 201 D vold : Finished restorecon of /data/misc_ce/0
06-09 11:43:18.403 201 201 D vold : /system/bin/vold_prepare_subdirs
06-09 11:43:18.403 201 201 D vold : prepare
06-09 11:43:18.403 201 201 D vold :
06-09 11:43:18.403 201 201 D vold : 0
06-09 11:43:18.403 201 201 D vold : 2
01-01 08:00:20.856 17 17 I WCN : marlin_write_cali_data sync init_state:0xf0f0f0f1
01-01 08:00:20.856 17 17 I WCN : sdio_config bt_wake_host trigger:[high]
01-01 08:00:20.856 17 17 I WCN : sdio_config irq:[inband]
01-01 08:00:20.856 17 17 I WCN : sdio_config wake_host_level_duration_time:[20ms]
01-01 08:00:20.856 17 17 I WCN : sdio_config wake_host_data_separation:[bt/wifi reuse]
01-01 08:00:20.856 17 17 I WCN : marlin_send_sdio_config_to_cp sdio_config:0x80f01 (enable config)
01-01 08:00:20.856 17 17 I WCN : marlin_write_cali_data finish
01-01 08:00:20.856 17 17 I WCN : check_cp_ready sync val:0xf0f0f0f2, prj_type val:0xe0e0e0e0
06-09 11:43:18.415 789 796 I webview_zygote: Background young concurrent copying GC freed 5634(320KB) AllocSpace objects, 0(0B) LOS objects, 89% free, 2883KB/26MB, paused 21.921ms total 84.358ms
01-01 08:00:20.884 17 17 I WCN : check_cp_ready sync val:0xf0f0f0f2, prj_type val:0xe0e0e0e0
06-09 11:43:18.447 1002 1002 D vold_prepare_subdirs: Setting up mode 771 uid 1000 gid 1000 context u:object_r:system_data_file:s0:c512,c768 on path: /data/data
06-09 11:43:18.449 1002 1002 D vold_prepare_subdirs: Setting up mode 700 uid 0 gid 0 context u:object_r:vold_data_file:s0 on path: /data/misc_ce/0/vold
06-09 11:43:18.450 1002 1002 D vold_prepare_subdirs: Setting up mode 700 uid 0 gid 0 context u:object_r:storaged_data_file:s0 on path: /data/misc_ce/0/storaged
06-09 11:43:18.452 1002 1002 D vold_prepare_subdirs: Setting up mode 700 uid 0 gid 0 context u:object_r:rollback_data_file:s0 on path: /data/misc_ce/0/rollback
06-09 11:43:18.453 1002 1002 D vold_prepare_subdirs: Setting up mode 700 uid 0 gid 0 context u:object_r:apex_rollback_data_file:s0 on path: /data/misc_ce/0/apexrollback
06-09 11:43:18.454 1002 1002 D vold_prepare_subdirs: Setting up mode 711 uid 0 gid 0 context u:object_r:apex_module_data_file:s0 on path: /data/misc_ce/0/apexdata
06-09 11:43:18.456 1002 1002 D vold_prepare_subdirs: Setting up mode 771 uid 0 gid 1000 context u:object_r:apex_wifi_data_file:s0 on path: /data/misc_ce/0/apexdata/com.android.wifi
06-09 11:43:18.457 1002 1002 D vold_prepare_subdirs: Setting up mode 771 uid 0 gid 1000 context u:object_r:apex_module_data_file:s0 on path: /data/misc_ce/0/apexdata/com.android.vndk.v31
06-09 11:43:18.458 1002 1002 D vold_prepare_subdirs: Setting up mode 771 uid 0 gid 1000 context u:object_r:apex_module_data_file:s0 on path: /data/misc_ce/0/apexdata/com.android.tzdata
06-09 11:43:18.459 1002 1002 D vold_prepare_subdirs: Setting up mode 771 uid 0 gid 1000 context u:object_r:apex_module_data_file:s0 on path: /data/misc_ce/0/apexdata/com.android.tethering
06-09 11:43:18.460 1002 1002 D vold_prepare_subdirs: Setting up mode 771 uid 0 gid 1000 context u:object_r:apex_module_data_file:s0 on path: /data/misc_ce/0/apexdata/com.android.sdkext
06-09 11:43:18.460 1002 1002 D vold_prepare_subdirs: Setting up mode 771 uid 0 gid 1000 context u:object_r:apex_module_data_file:s0 on path: /data/misc_ce/0/apexdata/com.android.scheduling
06-09 11:43:18.461 1002 1002 D vold_prepare_subdirs: Setting up mode 771 uid 0 gid 1000 context u:object_r:apex_module_data_file:s0 on path: /data/misc_ce/0/apexdata/com.android.runtime
06-09 11:43:18.462 1002 1002 D vold_prepare_subdirs: Setting up mode 771 uid 0 gid 1000 context u:object_r:apex_module_data_file:s0 on path: /data/misc_ce/0/apexdata/com.android.resolv
06-09 11:43:18.464 1002 1002 D vold_prepare_subdirs: Setting up mode 771 uid 0 gid 1000 context u:object_r:apex_permission_data_file:s0 on path: /data/misc_ce/0/apexdata/com.android.permission
06-09 11:43:18.465 1002 1002 D vold_prepare_subdirs: Setting up mode 771 uid 0 gid 1000 context u:object_r:apex_module_data_file:s0 on path: /data/misc_ce/0/apexdata/com.android.os.statsd
06-09 11:43:18.467 1002 1002 D vold_prepare_subdirs: Setting up mode 771 uid 0 gid 1000 context u:object_r:apex_module_data_file:s0 on path: /data/misc_ce/0/apexdata/com.android.neuralnetworks
01-01 08:00:20.912 17 17 I WCN : check_cp_ready sync val:0xf0f0f0f2, prj_type val:0xe0e0e0e0
06-09 11:43:18.468 1002 1002 D vold_prepare_subdirs: Setting up mode 771 uid 0 gid 1000 context u:object_r:apex_module_data_file:s0 on path: /data/misc_ce/0/apexdata/com.android.mediaprovider
06-09 11:43:18.470 1002 1002 D vold_prepare_subdirs: Setting up mode 771 uid 0 gid 1000 context u:object_r:apex_module_data_file:s0 on path: /data/misc_ce/0/apexdata/com.android.media.swcodec
06-09 11:43:18.472 1002 1002 D vold_prepare_subdirs: Setting up mode 771 uid 0 gid 1000 context u:object_r:apex_module_data_file:s0 on path: /data/misc_ce/0/apexdata/com.android.media
06-09 11:43:18.473 1002 1002 D vold_prepare_subdirs: Setting up mode 771 uid 0 gid 1000 context u:object_r:apex_module_data_file:s0 on path: /data/misc_ce/0/apexdata/com.android.ipsec
06-09 11:43:18.474 1002 1002 D vold_prepare_subdirs: Setting up mode 771 uid 0 gid 1000 context u:object_r:apex_module_data_file:s0 on path: /data/misc_ce/0/apexdata/com.android.i18n
06-09 11:43:18.474 1002 1002 D vold_prepare_subdirs: Setting up mode 771 uid 0 gid 1000 context u:object_r:apex_module_data_file:s0 on path: /data/misc_ce/0/apexdata/com.android.extservices
06-09 11:43:18.475 1002 1002 D vold_prepare_subdirs: Setting up mode 771 uid 0 gid 1000 context u:object_r:apex_module_data_file:s0 on path: /data/misc_ce/0/apexdata/com.android.conscrypt
06-09 11:43:18.476 1002 1002 D vold_prepare_subdirs: Setting up mode 771 uid 0 gid 1000 context u:object_r:apex_module_data_file:s0 on path: /data/misc_ce/0/apexdata/com.android.art
06-09 11:43:18.477 1002 1002 D vold_prepare_subdirs: Setting up mode 771 uid 0 gid 1000 context u:object_r:apex_appsearch_data_file:s0 on path: /data/misc_ce/0/apexdata/com.android.appsearch
06-09 11:43:18.478 1002 1002 D vold_prepare_subdirs: Setting up mode 771 uid 0 gid 1000 context u:object_r:apex_module_data_file:s0 on path: /data/misc_ce/0/apexdata/com.android.adbd
06-09 11:43:18.479 1002 1002 D vold_prepare_subdirs: Setting up mode 700 uid 1000 gid 1000 context u:object_r:backup_data_file:s0 on path: /data/system_ce/0/backup
06-09 11:43:18.480 1002 1002 D vold_prepare_subdirs: Setting up mode 700 uid 1000 gid 1000 context u:object_r:backup_data_file:s0 on path: /data/system_ce/0/backup_stage
06-09 11:43:18.481 1002 1002 D vold_prepare_subdirs: Setting up mode 700 uid 1000 gid 1000 context u:object_r:face_vendor_data_file:s0 on path: /data/vendor_ce/0/facedata
06-09 11:43:18.484 487 533 V UserDataPreparer: Found /data/user/0 with serial number 0
06-09 11:43:18.485 487 533 V UserDataPreparer: Found /data/system_ce/0 with serial number 0
06-09 11:43:18.485 487 533 D UserDataPreparer: Setting property: sys.user.0.ce_available=true
06-09 11:43:18.487 487 533 V PackageManager: reconcileAppsData for null u0 0x2 migrateAppData=false
01-01 08:00:20.940 17 17 I WCN : check_cp_ready sync val:0xf0f0f0f2, prj_type val:0xe0e0e0e0
01-01 08:00:20.968 17 17 I WCN : check_cp_ready sync val:0xf0f0f0ff, prj_type val:0xe0e0e0e0
01-01 08:00:20.968 17 17 I sdiohal : sdiohal_runtime_get entry
01-01 08:00:20.968 17 17 D : [xw] before reg = 0x1
01-01 08:00:20.968 17 17 D : [xw] after reg = 0x3
01-01 08:00:20.972 17 17 I WCN : get_cp2_version entry!
01-01 08:00:20.973 350 350 I WCN : WCND at cmd read:WCN_VER:Platform Version:MARLIN3E_20A_W25.16.1~Project Version:uwe5623_marlin3E_ott~04-14-2025 17:37:38~
01-01 08:00:20.973 17 17 I WCN : switch_cp2_log - close entry!
01-01 08:00:20.974 350 350 I WCN : WCND at cmd read:OK
01-01 08:00:20.974 263 263 I WCN : then marlin download finished and run ok
01-01 08:00:20.974 263 263 E bluetooth_set_power: end_block=0
06-09 11:43:18.531 263 263 I bt_userial_vendor: device fd = 5 open
06-09 11:43:18.532 263 263 I bt_chip_vendor: marlin3_pskey_preload
06-09 11:43:18.532 263 263 D bt_vnd_hci: sprd_vnd_send_hci_vsc a0 fc b0 00 1f 00 00 bf fe 8d fe db 3d 7b 87 ff a7 ff 7f 00 e0 f7 3e ae 6e 99 39 66 8b ec 01 01 01 ff 00 ff ff 00 02 00 00 00 00 00 00 00 00 00 00 00 00 00 00 00 00 00 00 00 00 00 00 00 00 00 00 00 00 00 00 00 00 4d 00 66 00 9b 00 66 00 00 00 00 00 00 00 00 00 00 00 00 00 01 01 01 00 00 00 00 00 00 00 00 00 28 00 00 00 06 08 0c 22 00 00 00 00 00 00 00 00 00 ff 00 00 00 00 00 00 00 00 00 00 00 00 00 00 00 00 00 00 e2 04 40 1f 20 00 c8 00 0a 00 00 00 00 00 00 00 00 00 00 00 00 00 00 00 00 00 00 00 00 00 00 00 00 00 00 00 00 00 00 00
06-09 11:43:18.532 263 263 E bt_upio : upio_set : /proc/bluetooth/sleep/btwrite(-1) incorrent
06-09 11:43:18.535 263 1004 I bt_chip_vendor: Bluetooth Firmware Node: 4069 Date: 2015-04-08
06-09 11:43:18.532 1 1 I /system/bin/init: type=1107 audit(0.0:368): uid=0 auid=4294967295 ses=4294967295 subj=u:r:init:s0 msg='avc: denied { set } for property=rw.vendor.bluetooth.fw.ver pid=263 uid=1002 gid=1002 scontext=u:r:hal_bluetooth_default:s0 tcontext=u:object_r:default_prop:s0 tclass=property_service permissive=1'
06-09 11:43:18.537 263 1004 I bt_chip_vendor: yujian.qin marlin3_rf_preload
06-09 11:43:18.537 263 1004 D bt_vnd_hci: sprd_vnd_send_hci_vsc a2 fc fc 00 e0 00 e0 00 e0 00 e0 00 e0 00 e0 15 41 15 3a 15 34 15 2e 15 27 15 21 15 1a 15 13 15 0d 15 07 15 3b 15 37 15 33 15 2f 15 2b 15 27 15 23 15 1f 15 1b 15 17 15 13 15 0f 15 0b 15 08 15 04 15 00 15 09 15 09 15 08 15 08 15 08 15 08 15 07 15 07 15 0d 15 0d 15 0c 15 0c 15 0b 15 0b 15 0b 15 0b 15 10 15 10 15 0f 15 0f 15 0f 15 0f 15 0f 15 0f 00 e0 00 e0 00 e0 00 e0 00 e0 00 e0 15 4d 15 46 15 3d 15 36 15 2d 15 26 15 1f 15 18 15 0f 15 08 15 4b 15 4b 15 4b 15 4b 15 4b 15 46 15 40 15 3b 15 36 15 30 15 2b 15 26 15 20 15 1a 15 14 15 0e 15 09 15 09 15 08 15 08 15 08 15 08 15 07 15 07 15 0d 15 0d 15 0c 15 0c 15 0b 15 0b 15 0b 15 0b 15 10 15 10 15 0f 15 0f 15 0f 15 0f 15 0f 15 0f 00 00 ff ff 01 00 00 55 44 43 5f 55 55 c8 55 55 55 55 55 55 55 55 55 55 55 55 55 55
06-09 11:43:18.558 263 1004 I bt_chip_vendor: hw_rf_cback hw_core_cback response: [0xFCA2, 0x0000, 0x00]
06-09 11:43:18.558 263 1004 I bt_chip_vendor: hw_core_enable
06-09 11:43:18.558 263 1004 I bt_chip_vendor: hw_core_enable : 1
06-09 11:43:18.558 263 1004 E bt_upio : upio_set : /proc/bluetooth/sleep/btwrite(-1) incorrent
06-09 11:43:18.560 263 1004 I bt_chip_vendor: hw_core_cback hw_core_cback response: [0xFCA1, 0x0000, 0x01]
06-09 11:43:18.560 263 1004 D android.hardware.bluetooth@1.0-impl: OnFirmwareConfigured result: 0
06-09 11:43:18.560 263 1004 I android.hardware.bluetooth@1.0-impl: Firmware configured in 0.028s
06-09 11:43:18.560 263 1004 I android.hardware.bluetooth@1.0-impl: OnFirmwareConfigured: lpm_timeout_ms 1500
06-09 11:43:18.560 677 966 I bt_hci : system/bt/hci/src/hci_layer.cc:367 event_finish_startup: event_finish_startup
06-09 11:43:18.560 263 1004 D android.hardware.bluetooth@1.0-impl: low_power_mode_cb result: 0
06-09 11:43:18.560 263 1004 D android.hardware.bluetooth@1.0-impl: OnFirmwareConfigured Calling StartLowPowerWatchdog()
06-09 11:43:18.560 677 846 I bt_core_module: system/bt/btcore/src/module.cc:90 module_start_up: module_start_up Started module "hci_module"
06-09 11:43:18.562 677 846 I bt_l2cap: system/bt/stack/l2cap/l2c_api.cc:134 L2CA_Register: L2CAP Registered service classic PSM: 0x0001
06-09 11:43:18.563 677 846 I bt_l2cap: system/bt/stack/l2cap/l2c_api.cc:134 L2CA_Register: L2CAP Registered service classic PSM: 0x001f
06-09 11:43:18.563 677 846 I bluetooth: system/bt/stack/gatt/gatt_api.cc:1019 GATT_Register: Allocated name:GattProfileDb uuid:81818181-8181-8181-8181-818181818181 gatt_if:1 eatt_support:0
06-09 11:43:18.563 677 846 I droid.bluetoot: [0609/114318.563463:INFO:gatt_api.cc(179)] GATTS_AddService
06-09 11:43:18.563 677 846 I droid.bluetoot: [0609/114318.563705:INFO:gatt_api.cc(288)] GATTS_AddService: service parsed correctly, now starting
06-09 11:43:18.563 677 846 I droid.bluetoot: [0609/114318.563820:INFO:gatt_sr_hash.cc(124)] gatts_calculate_database_hash: hash=80AEB10BC70DCCEFA207489DCED98FED
06-09 11:43:18.563 677 846 I bt_l2cap: system/bt/stack/l2cap/l2c_api.cc:434 L2CA_RegisterLECoc: Registered service LE COC PSM: 0x0027
06-09 11:43:18.564 677 846 I bt_l2cap: system/bt/stack/l2cap/l2c_api.cc:134 L2CA_Register: L2CAP Registered service classic PSM: 0x0003
06-09 11:43:18.564 677 846 I bluetooth: system/bt/stack/gatt/gatt_api.cc:1019 GATT_Register: Allocated name:Gap uuid:82828282-8282-8282-8282-828282828282 gatt_if:2 eatt_support:0
06-09 11:43:18.564 677 846 I droid.bluetoot: [0609/114318.564378:INFO:gatt_api.cc(179)] GATTS_AddService
06-09 11:43:18.564 677 846 I droid.bluetoot: [0609/114318.564447:INFO:gatt_api.cc(288)] GATTS_AddService: service parsed correctly, now starting
06-09 11:43:18.564 677 846 I droid.bluetoot: [0609/114318.564541:INFO:gatt_sr_hash.cc(124)] gatts_calculate_database_hash: hash=8991C462EBE9D90B9EA0DA3E16D0F513
06-09 11:43:18.564 677 846 I bt_bte : system/bt/main/bte_logmsg.cc:248 load_levels_from_config: BTE_InitTraceLevels -- TRC_HCI : Level 2
06-09 11:43:18.565 677 846 I bt_bte : system/bt/main/bte_logmsg.cc:248 load_levels_from_config: BTE_InitTraceLevels -- TRC_L2CAP : Level 2
06-09 11:43:18.565 677 846 I bt_bte : system/bt/main/bte_logmsg.cc:248 load_levels_from_config: BTE_InitTraceLevels -- TRC_RFCOMM : Level 2
06-09 11:43:18.565 677 846 I bt_bte : system/bt/main/bte_logmsg.cc:248 load_levels_from_config: BTE_InitTraceLevels -- TRC_AVDT : Level 2
06-09 11:43:18.565 677 846 I bt_bte : system/bt/main/bte_logmsg.cc:248 load_levels_from_config: BTE_InitTraceLevels -- TRC_AVRC : Level 2
06-09 11:43:18.565 677 846 I bt_bte : system/bt/main/bte_logmsg.cc:248 load_levels_from_config: BTE_InitTraceLevels -- TRC_A2D : Level 2
06-09 11:43:18.565 677 846 I bt_bte : system/bt/main/bte_logmsg.cc:248 load_levels_from_config: BTE_InitTraceLevels -- TRC_BNEP : Level 2
06-09 11:43:18.565 677 846 I bt_bte : system/bt/main/bte_logmsg.cc:248 load_levels_from_config: BTE_InitTraceLevels -- TRC_BTM : Level 2
06-09 11:43:18.565 677 846 I bt_bte : system/bt/main/bte_logmsg.cc:248 load_levels_from_config: BTE_InitTraceLevels -- TRC_HID_HOST : Level 2
06-09 11:43:18.565 677 846 I bt_bte : system/bt/main/bte_logmsg.cc:248 load_levels_from_config: BTE_InitTraceLevels -- TRC_PAN : Level 2
06-09 11:43:18.565 677 846 I bt_bte : system/bt/main/bte_logmsg.cc:248 load_levels_from_config: BTE_InitTraceLevels -- TRC_SDP : Level 2
06-09 11:43:18.565 677 846 I bt_bte : system/bt/main/bte_logmsg.cc:248 load_levels_from_config: BTE_InitTraceLevels -- TRC_SMP : Level 2
06-09 11:43:18.565 677 846 I bt_bte : system/bt/main/bte_logmsg.cc:248 load_levels_from_config: BTE_InitTraceLevels -- TRC_HID_DEV : Level 2
06-09 11:43:18.565 677 846 I bt_bte : system/bt/main/bte_logmsg.cc:248 load_levels_from_config: BTE_InitTraceLevels -- TRC_BTAPP : Level 2
06-09 11:43:18.565 677 846 I bt_bte : system/bt/main/bte_logmsg.cc:248 load_levels_from_config: BTE_InitTraceLevels -- TRC_BTIF : Level 2
06-09 11:43:18.575 677 1005 I bt_stack: [INFO:message_loop_thread.cc(224)] Run: message loop starting for thread bt_main_thread
06-09 11:43:18.577 677 846 I bt_core_module: system/bt/btcore/src/module.cc:85 module_start_up: module_start_up Starting module "controller_module"
06-09 11:43:18.608 487 487 W Looper : Slow dispatch took 284ms main h=android.os.Handler c=com.android.server.hdmi.WorkSourceUidPreservingRunnable@ef3865d m=0
01-01 08:00:21.050 350 350 E : recv_kernel_event address b4:2f:03:15:73:2f
06-09 11:43:18.731 487 656 W HdmiCecController: Failed to send 45:7D with errorCode=1
06-09 11:43:18.731 277 277 D hdmi-cec: setOption, flag=0x0005, value=0x007a686f
06-09 11:43:18.732 277 277 D hdmi-cec: reset logical address to broadcast
06-09 11:43:18.736 277 277 D hdmi-cec: reset logical address to broadcast
06-09 11:43:18.749 487 487 W Looper : Slow delivery took 259ms main h=android.os.Handler c=com.android.server.hdmi.WorkSourceUidPreservingRunnable@98ebbd2 m=0
06-09 11:43:18.757 487 487 W Looper : Slow dispatch took 140ms main h=android.os.Handler c=com.android.server.hdmi.WorkSourceUidPreservingRunnable@98ebbd2 m=0
