06-09 11:43:16.003 370 417 W omx_vdec: <__AwOmxVdecGetExtensionIndex:1737>: GetExtensionIndex OMX.google.android.index.describeColorFormat2, err [0x80001001].
06-09 11:43:16.004 370 417 E omx_vdec: : erro: pParamData->nIndex > m_sPortFormatType.nIndex
06-09 11:43:16.004 370 417 W omx_vdec: <__AwOmxVdecGetExtensionIndex:1737>: GetExtensionIndex OMX.google.android.index.describeColorFormat, err [0x80001001].
06-09 11:43:16.004 370 417 W omx_vdec: <__AwOmxVdecGetExtensionIndex:1737>: GetExtensionIndex OMX.google.android.index.describeColorFormat2, err [0x80001001].
06-09 11:43:16.004 370 417 E omx_vdec: : erro: pParamData->nIndex > m_sPortFormatType.nIndex
06-09 11:43:16.004 370 417 W omx_vdec: <__AwOmxVdecGetExtensionIndex:1737>: GetExtensionIndex OMX.google.android.index.describeColorFormat, err [0x80001001].
06-09 11:43:16.004 370 417 W omx_vdec: <__AwOmxVdecGetExtensionIndex:1737>: GetExtensionIndex OMX.google.android.index.describeColorFormat2, err [0x80001001].
06-09 11:43:16.005 370 417 E omx_vdec: : erro: pParamData->nIndex > m_sPortFormatType.nIndex
06-09 11:43:16.005 370 417 W omx_vdec: <__AwOmxVdecGetExtensionIndex:1737>: GetExtensionIndex OMX.google.android.index.describeColorFormat, err [0x80001001].
06-09 11:43:16.005 370 417 W omx_vdec: <__AwOmxVdecGetExtensionIndex:1737>: GetExtensionIndex OMX.google.android.index.describeColorFormat2, err [0x80001001].
06-09 11:43:16.005 370 417 E omx_vdec: : erro: pParamData->nIndex > m_sPortFormatType.nIndex
06-09 11:43:16.005 370 417 W omx_vdec: <__AwOmxVdecGetExtensionIndex:1737>: GetExtensionIndex OMX.google.android.index.describeColorFormat, err [0x80001001].
06-09 11:43:16.005 370 417 W omx_vdec: <__AwOmxVdecGetExtensionIndex:1737>: GetExtensionIndex OMX.google.android.index.describeColorFormat2, err [0x80001001].
06-09 11:43:16.005 370 417 E omx_vdec: : erro: pParamData->nIndex > m_sPortFormatType.nIndex
06-09 11:43:16.005 370 417 W omx_vdec: <__AwOmxVdecGetExtensionIndex:1737>: GetExtensionIndex OMX.google.android.index.describeColorFormat, err [0x80001001].
06-09 11:43:16.006 370 417 W omx_vdec: <__AwOmxVdecGetExtensionIndex:1737>: GetExtensionIndex OMX.google.android.index.describeColorFormat2, err [0x80001001].
06-09 11:43:16.006 370 417 E omx_vdec: : erro: pParamData->nIndex > m_sPortFormatType.nIndex
06-09 11:43:16.006 370 417 W omx_vdec: <__AwOmxVdecGetExtensionIndex:1737>: GetExtensionIndex OMX.google.android.index.describeColorFormat, err [0x80001001].
06-09 11:43:16.006 370 417 W omx_vdec: <__AwOmxVdecGetExtensionIndex:1737>: GetExtensionIndex OMX.google.android.index.describeColorFormat2, err [0x80001001].
06-09 11:43:16.006 370 417 E omx_vdec: : erro: pParamData->nIndex > m_sPortFormatType.nIndex
06-09 11:43:16.006 370 417 W omx_vdec: <__AwOmxVdecGetExtensionIndex:1737>: GetExtensionIndex OMX.google.android.index.describeColorFormat, err [0x80001001].
06-09 11:43:16.006 370 417 W omx_vdec: <__AwOmxVdecGetExtensionIndex:1737>: GetExtensionIndex OMX.google.android.index.describeColorFormat2, err [0x80001001].
06-09 11:43:16.007 370 417 E omx_vdec: : erro: pParamData->nIndex > m_sPortFormatType.nIndex
06-09 11:43:16.007 370 417 W omx_vdec: <__AwOmxVdecGetExtensionIndex:1737>: GetExtensionIndex OMX.google.android.index.describeColorFormat, err [0x80001001].
06-09 11:43:16.007 370 417 W omx_vdec: <__AwOmxVdecGetExtensionIndex:1737>: GetExtensionIndex OMX.google.android.index.describeColorFormat2, err [0x80001001].
06-09 11:43:16.007 370 417 E omx_vdec: : erro: pParamData->nIndex > m_sPortFormatType.nIndex
06-09 11:43:16.007 370 417 W omx_vdec: <__AwOmxVdecGetExtensionIndex:1737>: GetExtensionIndex OMX.google.android.index.describeColorFormat, err [0x80001001].
06-09 11:43:16.007 370 417 W omx_vdec: <__AwOmxVdecGetExtensionIndex:1737>: GetExtensionIndex OMX.google.android.index.describeColorFormat2, err [0x80001001].
06-09 11:43:16.007 370 417 E omx_vdec: : erro: pParamData->nIndex > m_sPortFormatType.nIndex
06-09 11:43:16.008 370 417 W omx_vdec: <__AwOmxVdecGetExtensionIndex:1737>: GetExtensionIndex OMX.google.android.index.describeColorFormat, err [0x80001001].
06-09 11:43:16.008 370 417 W omx_vdec: <__AwOmxVdecGetExtensionIndex:1737>: GetExtensionIndex OMX.google.android.index.describeColorFormat2, err [0x80001001].
06-09 11:43:16.008 370 417 E omx_vdec: : erro: pParamData->nIndex > m_sPortFormatType.nIndex
06-09 11:43:16.008 370 417 W omx_vdec: <__AwOmxVdecGetExtensionIndex:1737>: GetExtensionIndex OMX.google.android.index.describeColorFormat, err [0x80001001].
06-09 11:43:16.008 370 417 W omx_vdec: <__AwOmxVdecGetExtensionIndex:1737>: GetExtensionIndex OMX.google.android.index.describeColorFormat2, err [0x80001001].
06-09 11:43:16.008 370 417 E omx_vdec: : erro: pParamData->nIndex > m_sPortFormatType.nIndex
06-09 11:43:16.008 370 417 W omx_vdec: <__AwOmxVdecGetExtensionIndex:1737>: GetExtensionIndex OMX.google.android.index.describeColorFormat, err [0x80001001].
06-09 11:43:16.008 370 417 W omx_vdec: <__AwOmxVdecGetExtensionIndex:1737>: GetExtensionIndex OMX.google.android.index.describeColorFormat2, err [0x80001001].
06-09 11:43:16.009 370 417 E omx_vdec: : erro: pParamData->nIndex > m_sPortFormatType.nIndex
06-09 11:43:16.009 370 417 W omx_vdec: <__AwOmxVdecGetExtensionIndex:1737>: GetExtensionIndex OMX.google.android.index.describeColorFormat, err [0x80001001].
06-09 11:43:16.009 487 627 D ConnectivityService: NetReassign [no changes]
06-09 11:43:16.009 370 417 W omx_vdec: <__AwOmxVdecGetExtensionIndex:1737>: GetExtensionIndex OMX.google.android.index.describeColorFormat2, err [0x80001001].
06-09 11:43:16.009 370 417 E omx_vdec: : erro: pParamData->nIndex > m_sPortFormatType.nIndex
06-09 11:43:16.009 370 417 W omx_vdec: <__AwOmxVdecGetExtensionIndex:1737>: GetExtensionIndex OMX.google.android.index.describeColorFormat, err [0x80001001].
06-09 11:43:16.010 487 487 I SystemServerTiming: MakeVpnManagerServiceReady
06-09 11:43:16.010 370 417 W omx_vdec: <__AwOmxVdecGetExtensionIndex:1737>: GetExtensionIndex OMX.google.android.index.describeColorFormat2, err [0x80001001].
06-09 11:43:16.010 370 417 E omx_vdec: : erro: pParamData->nIndex > m_sPortFormatType.nIndex
06-09 11:43:16.010 370 417 W omx_vdec: <__AwOmxVdecGetExtensionIndex:1737>: GetExtensionIndex OMX.google.android.index.describeColorFormat, err [0x80001001].
06-09 11:43:16.010 370 417 W omx_vdec: <__AwOmxVdecGetExtensionIndex:1737>: GetExtensionIndex OMX.google.android.index.describeColorFormat2, err [0x80001001].
06-09 11:43:16.010 370 417 E omx_vdec: : erro: pParamData->nIndex > m_sPortFormatType.nIndex
06-09 11:43:16.010 370 417 W omx_vdec: <__AwOmxVdecGetExtensionIndex:1737>: GetExtensionIndex OMX.google.android.index.describeColorFormat, err [0x80001001].
06-09 11:43:16.011 370 417 W omx_vdec: <__AwOmxVdecGetExtensionIndex:1737>: GetExtensionIndex OMX.google.android.index.describeColorFormat2, err [0x80001001].
06-09 11:43:16.013 370 417 E omx_vdec: : erro: pParamData->nIndex > m_sPortFormatType.nIndex
06-09 11:43:16.013 370 417 W omx_vdec: <__AwOmxVdecGetExtensionIndex:1737>: GetExtensionIndex OMX.google.android.index.describeColorFormat, err [0x80001001].
06-09 11:43:16.014 370 417 W omx_vdec: <__AwOmxVdecGetExtensionIndex:1737>: GetExtensionIndex OMX.google.android.index.describeColorFormat2, err [0x80001001].
06-09 11:43:16.014 370 417 E omx_vdec: : erro: pParamData->nIndex > m_sPortFormatType.nIndex
06-09 11:43:16.014 370 417 W omx_vdec: <__AwOmxVdecGetExtensionIndex:1737>: GetExtensionIndex OMX.google.android.index.describeColorFormat, err [0x80001001].
06-09 11:43:16.014 370 417 W omx_vdec: <__AwOmxVdecGetExtensionIndex:1737>: GetExtensionIndex OMX.google.android.index.describeColorFormat2, err [0x80001001].
06-09 11:43:16.014 370 417 E omx_vdec: : erro: pParamData->nIndex > m_sPortFormatType.nIndex
06-09 11:43:16.014 370 417 W omx_vdec: <__AwOmxVdecGetExtensionIndex:1737>: GetExtensionIndex OMX.google.android.index.describeColorFormat, err [0x80001001].
06-09 11:43:16.014 370 417 W omx_vdec: <__AwOmxVdecGetExtensionIndex:1737>: GetExtensionIndex OMX.google.android.index.describeColorFormat2, err [0x80001001].
06-09 11:43:16.014 370 417 E omx_vdec: : erro: pParamData->nIndex > m_sPortFormatType.nIndex
06-09 11:43:16.015 370 417 W omx_vdec: <__AwOmxVdecGetExtensionIndex:1737>: GetExtensionIndex OMX.google.android.index.describeColorFormat, err [0x80001001].
06-09 11:43:16.015 370 417 W omx_vdec: <__AwOmxVdecGetExtensionIndex:1737>: GetExtensionIndex OMX.google.android.index.describeColorFormat2, err [0x80001001].
06-09 11:43:16.015 370 417 E omx_vdec: : erro: pParamData->nIndex > m_sPortFormatType.nIndex
06-09 11:43:16.015 370 417 W omx_vdec: <__AwOmxVdecGetExtensionIndex:1737>: GetExtensionIndex OMX.google.android.index.describeColorFormat, err [0x80001001].
06-09 11:43:16.015 370 417 W omx_vdec: <__AwOmxVdecGetExtensionIndex:1737>: GetExtensionIndex OMX.google.android.index.describeColorFormat2, err [0x80001001].
06-09 11:43:16.015 370 417 E omx_vdec: : erro: pParamData->nIndex > m_sPortFormatType.nIndex
06-09 11:43:16.015 370 417 W omx_vdec: <__AwOmxVdecGetExtensionIndex:1737>: GetExtensionIndex OMX.google.android.index.describeColorFormat, err [0x80001001].
06-09 11:43:16.015 370 417 W omx_vdec: <__AwOmxVdecGetExtensionIndex:1737>: GetExtensionIndex OMX.google.android.index.describeColorFormat2, err [0x80001001].
06-09 11:43:16.015 365 473 W ACodec : [OMX.allwinner.video.decoder.vp9] stopping checking formats after 32: COLOR_FormatYUV420Planar(13)
06-09 11:43:16.016 370 417 W omx_vdec: <__AwOmxVdecGetExtensionIndex:1737>: GetExtensionIndex OMX.google.android.index.configureVideoTunnelMode, err [0x80001001].
06-09 11:43:16.016 370 417 E OMXNodeInstance: getExtensionIndex(0xf7119000:allwinner.decoder.vp9, OMX.google.android.index.configureVideoTunnelMode) ERROR: Undefined(0x80001001)
06-09 11:43:16.016 365 473 D MediaCodecInfo: detail feature-tunneled-playback wasn't present to remove
06-09 11:43:16.016 370 417 W omx_vdec: <__AwOmxVdecGetExtensionIndex:1737>: GetExtensionIndex OMX.google.android.index.storeANWBufferInMetadata, err [0x80001001].
06-09 11:43:16.016 370 417 W omx_vdec_aw: <__anSetExtPara:3011>: Setparameter: unknown param 2131755011
06-09 11:43:16.016 370 417 W OMXNodeInstance: [0xf7119000:allwinner.decoder.vp9] component does not support metadata mode; using fallback
06-09 11:43:16.016 370 753 W libc : invalid pthread_t (0) passed to pthread_join
06-09 11:43:16.016 370 753 W libc : invalid pthread_t (0) passed to pthread_join
06-09 11:43:16.016 370 753 W libc : invalid pthread_t (0) passed to pthread_join
06-09 11:43:16.018 365 473 I OMXClient: IOmx service obtained
06-09 11:43:16.018 370 417 I OMXStore: makeComponentInstance(OMX.allwinner.video.decoder.vp9.secure) in android.hardwar process
06-09 11:43:16.019 370 417 E omx_vdec: : This platform does not support secure video playback
06-09 11:43:16.019 370 417 E omx_sem : : handle is null
06-09 11:43:16.019 370 417 E omx_sem : : handle is null
06-09 11:43:16.019 370 417 E omx_sem : : handle is null
06-09 11:43:16.019 370 417 E omx_sem : : handle is null
06-09 11:43:16.019 370 417 E omx_sem : : handle is null
06-09 11:43:16.019 370 417 W omx_vdec_aw: : pdec is null
06-09 11:43:16.019 370 417 E android.hardware.media.omx@1.0-service: Failed to allocate omx component 'OMX.allwinner.video.decoder.vp9.secure' err=InvalidComponentName(0x80001002)
06-09 11:43:16.020 365 473 W OmxInfoBuilder: Fail to add media type video/x-vnd.on2.vp9 to codec OMX.allwinner.video.decoder.vp9.secure
06-09 11:43:16.021 365 473 I OMXClient: IOmx service obtained
06-09 11:43:16.021 370 417 I OMXStore: makeComponentInstance(OMX.allwinner.video.encoder.avc) in android.hardwar process
06-09 11:43:16.023 487 720 W PackageManager: Loading a package that does not exist for the calling user. package=null, user=0
06-09 11:43:16.023 726 726 D nativeloader: classloader namespace configured for unbundled product apk. library_path=/product/app/webview/lib/arm:/product/app/webview/webview.apk!/lib/armeabi-v7a:/product/lib:/system/product/lib
06-09 11:43:16.068 487 487 I SystemServerTiming: MakeVcnManagementServiceReady
06-09 11:43:16.071 370 417 W cedarc : : cannot open /dev/sunxi_soc_info, it maybe ok!
06-09 11:43:16.071 487 627 D ConnectivityService: Got NetworkProvider Messenger for VcnNetworkProvider
06-09 11:43:16.071 370 417 I cedarc : : *** ic_version = 0x3301000012011,
06-09 11:43:16.073 370 417 E OMXNodeInstance: getParameter(0xf705c000:allwinner.encoder.avc, ParamVideoProfileLevelQuerySupported(0x600000f)) ERROR: BadParameter(0x80001005)
06-09 11:43:16.073 365 473 W OMXUtils: do not know color format 0x7f000789 = 2130708361
06-09 11:43:16.074 365 473 W OMXUtils: do not know color format 0x7f000001 = 2130706433
06-09 11:43:16.074 370 417 E omx_venc: <__AwOmxVencGetParameter:882>: get_parameter erro: pParamData->nIndex > m_sInPortFormatType.nIndex, param index 3. impl in->index 2.
06-09 11:43:16.074 370 417 E OMXNodeInstance: getConfig(0xf705c000:allwinner.encoder.avc, ConfigAndroidIntraRefresh(0x6f60000a)) ERROR: UnsupportedIndex(0x8000101a)
06-09 11:43:16.074 370 417 E omx_venc: : get_parameter: unknown param 0xf71f1d00
06-09 11:43:16.074 370 417 E omx_venc: 
06-09 11:43:16.074 370 417 E OMXNodeInstance: getParameter(0xf705c000:allwinner.encoder.avc, ParamVideoIntraRefresh(0x6000006)) ERROR: UnsupportedIndex(0x8000101a)
06-09 11:43:16.074 365 473 D MediaCodecInfo: detail feature-frame-parsing wasn't present to remove
01-01 08:00:18.520 417 417 D : enable_cedar_hw_clk,516
06-09 11:43:16.076 370 417 I cedarc : : not malloc locks
06-09 11:43:16.077 487 627 D ConnectivityService: NetReassign [no changes]
01-01 08:00:18.524 417 417 D : disable_cedar_hw_clk,546
06-09 11:43:16.083 677 677 V GraphicsEnvironment: ANGLE Developer option for 'com.android.bluetooth' set to: 'default'
06-09 11:43:16.084 677 677 V GraphicsEnvironment: Neither updatable production driver nor prerelease driver is supported.
06-09 11:43:16.086 365 473 I Codec2Client: Available Codec2 services: "software"
06-09 11:43:16.087 487 487 I SystemServerTiming: MakeNetworkPolicyServiceReady
06-09 11:43:16.087 677 677 D NetworkSecurityConfig: No Network Security Config specified, using platform default
06-09 11:43:16.088 677 677 D NetworkSecurityConfig: No Network Security Config specified, using platform default
06-09 11:43:16.088 380 380 V C2Store : in init
06-09 11:43:16.089 380 380 V C2Store : loading dll
06-09 11:43:16.090 487 627 D ConnectivityService: NetReassign [no changes]
06-09 11:43:16.092 487 487 I SystemServerTiming: PhaseThirdPartyAppsCanStart
06-09 11:43:16.092 487 487 I SystemServiceManager: Starting phase 600
06-09 11:43:16.092 487 487 I SystemServerTiming: OnBootPhase_600
06-09 11:43:16.094 487 487 I ExplicitHealthCheckController: Explicit health checks enabled.
06-09 11:43:16.094 487 487 I PackageWatchdog: Syncing state, reason: health check state enabled
06-09 11:43:16.094 487 487 I PackageWatchdog: Not pruning observers, elapsed time: 0ms
06-09 11:43:16.094 487 547 I PackageWatchdog: Saving observer state to file
06-09 11:43:16.095 487 487 I PackageWatchdog: Cancelling state sync, nothing to sync
06-09 11:43:16.106 487 487 W LocationManagerService: no network location provider found
06-09 11:43:16.110 487 487 I ServiceWatcher: [fused] chose new implementation 1000/com.android.location.fused/.FusedLocationService@0
06-09 11:43:16.114 196 196 E servicemanager: Could not find android.hardware.gnss.IGnss/default in the VINTF manifest.
06-09 11:43:16.115 487 487 D GnssLocationProviderJni: Trying IGnss_V2_1::getService()
06-09 11:43:16.115 380 380 V C2Store : in ~ComponentModule
06-09 11:43:16.115 380 380 V C2Store : unloading dll
06-09 11:43:16.115 380 380 V C2Store : in init
06-09 11:43:16.116 380 380 V C2Store : loading dll
06-09 11:43:16.116 197 197 I hwservicemanager: getTransport: Cannot find entry android.hardware.gnss@2.1::IGnss/default in either framework or device VINTF manifest.
06-09 11:43:16.116 487 487 D GnssLocationProviderJni: gnssHal 2.1 was null, trying 2.0
06-09 11:43:16.116 197 197 I hwservicemanager: getTransport: Cannot find entry android.hardware.gnss@2.0::IGnss/default in either framework or device VINTF manifest.
06-09 11:43:16.116 487 487 D GnssLocationProviderJni: gnssHal 2.0 was null, trying 1.1
06-09 11:43:16.117 197 197 I hwservicemanager: getTransport: Cannot find entry android.hardware.gnss@1.1::IGnss/default in either framework or device VINTF manifest.
06-09 11:43:16.117 487 487 D GnssLocationProviderJni: gnssHal 1.1 was null, trying 1.0
06-09 11:43:16.117 197 197 I hwservicemanager: getTransport: Cannot find entry android.hardware.gnss@1.0::IGnss/default in either framework or device VINTF manifest.
06-09 11:43:16.120 487 528 D CompatibilityChangeReporter: Compat change id reported: 168419799; UID 1000; state: DISABLED
06-09 11:43:16.124 487 487 E LocationManagerService: no geocoder provider found
06-09 11:43:16.125 487 487 E ActivityRecognitionHardware: activity_recognition HAL is deprecated. is_supported is effectively a no-op
06-09 11:43:16.125 487 487 E LocationManagerService: unable to bind ActivityRecognitionProxy
06-09 11:43:16.126 487 487 I WallpaperManagerService: switch-user-0
06-09 11:43:16.127 487 487 V WallpaperManagerService: bindWallpaperComponentLocked: componentName=ComponentInfo{com.android.systemui/com.android.systemui.ImageWallpaper}
06-09 11:43:16.134 380 380 V C2Store : in ~ComponentModule
06-09 11:43:16.135 380 380 V C2Store : unloading dll
06-09 11:43:16.135 380 380 V C2Store : in init
06-09 11:43:16.135 380 380 V C2Store : loading dll
06-09 11:43:16.139 487 487 D SoundTriggerService: onBootPhase: 600 : false
06-09 11:43:16.144 219 219 I keystore2: keystore2::authorization: on_lock_screen_event(LockScreenEvent(0), user_id=0, password.is_some()=false, unlocking_sids=Some([]))
06-09 11:43:16.162 380 380 V C2Store : in ~ComponentModule
06-09 11:43:16.162 380 380 V C2Store : unloading dll
06-09 11:43:16.163 380 380 V C2Store : in init
06-09 11:43:16.163 380 380 V C2Store : loading dll
06-09 11:43:16.180 380 380 V C2Store : in ~ComponentModule
06-09 11:43:16.180 380 380 V C2Store : unloading dll
06-09 11:43:16.180 380 380 V C2Store : in init
06-09 11:43:16.180 380 380 V C2Store : loading dll
06-09 11:43:16.186 487 487 W AlarmManager: Unrecognized alarm listener com.android.server.stats.StatsCompanionService$AnomalyAlarmListener@e685f93
06-09 11:43:16.187 487 487 W AlarmManager: Unrecognized alarm listener com.android.server.stats.StatsCompanionService$PullingAlarmListener@e41abd0
06-09 11:43:16.187 487 487 W AlarmManager: Unrecognized alarm listener com.android.server.stats.StatsCompanionService$PeriodicAlarmListener@72fb7c9
06-09 11:43:16.192 380 380 V C2Store : in ~ComponentModule
06-09 11:43:16.192 380 380 V C2Store : unloading dll
06-09 11:43:16.193 380 380 V C2Store : in init
06-09 11:43:16.193 380 380 V C2Store : loading dll
06-09 11:43:16.197 487 504 I system_server: Background concurrent copying GC freed 113848(5696KB) AllocSpace objects, 17(548KB) LOS objects, 49% free, 8699KB/16MB, paused 216us total 400.037ms
06-09 11:43:16.201 487 505 W JHwRemoteBinder: BinderProxy is being destroyed but the application did not call unlinkToDeath to unlink all of its death recipients beforehand. Releasing leaked death recipient: com.android.server.usb.UsbDeviceManager$UsbHandlerHal$UsbGadgetDeathRecipient
06-09 11:43:16.205 487 487 I StatsCompanionService: Told statsd that StatsCompanionService is alive.
06-09 11:43:16.205 487 547 D StatsPullAtomService: Registering NetworkStats pullers with statsd
06-09 11:43:16.209 380 380 V C2Store : in ~ComponentModule
06-09 11:43:16.209 380 380 V C2Store : unloading dll
06-09 11:43:16.209 380 380 V C2Store : in init
06-09 11:43:16.209 380 380 V C2Store : loading dll
06-09 11:43:16.210 487 487 I SystemServerTiming: StartNetworkStack
06-09 11:43:16.212 487 487 D ConnectivityModuleConnector: Starting networking module android.net.INetworkStackConnector
06-09 11:43:16.213 487 487 D ConnectivityModuleConnector: Starting networking module in network_stack process
06-09 11:43:16.218 487 547 W BestClock: java.time.DateTimeException: Missing NTP fix
06-09 11:43:16.221 487 487 D CompatibilityChangeReporter: Compat change id reported: 135634846; UID 1073; state: DISABLED
06-09 11:43:16.222 487 487 D ConnectivityModuleConnector: Networking module service start requested
06-09 11:43:16.223 380 380 V C2Store : in ~ComponentModule
06-09 11:43:16.223 380 380 V C2Store : unloading dll
06-09 11:43:16.223 380 380 V C2Store : in init
06-09 11:43:16.223 380 380 V C2Store : loading dll
06-09 11:43:16.224 487 487 I SystemServerTiming: StartTethering
06-09 11:43:16.224 487 487 D ConnectivityModuleConnector: Starting networking module android.net.ITetheringConnector
06-09 11:43:16.224 487 487 D ConnectivityModuleConnector: Starting networking module in network_stack process
06-09 11:43:16.227 487 487 D ConnectivityModuleConnector: Networking module service start requested
06-09 11:43:16.228 487 487 I SystemServerTiming: MakeCountryDetectionServiceReady
06-09 11:43:16.228 487 487 I SystemServerTiming: MakeNetworkTimeUpdateReady
06-09 11:43:16.233 487 487 D ConnectivityService: requestNetwork for uid/pid:1000/487 activeRequest: null callbackRequest: 16 [NetworkRequest [ REQUEST id=17, [ Capabilities: INTERNET&NOT_RESTRICTED&TRUSTED&NOT_VCN_MANAGED Uid: 1000 RequestorUid: 1000 RequestorPkg: android] ]] callback flags: 0 priority: 2147483647
06-09 11:43:16.233 487 627 D ConnectivityService: NetReassign [no changes]
06-09 11:43:16.234 487 663 D PPPOE : got request NetworkRequest [ REQUEST id=17, [ Capabilities: INTERNET&NOT_RESTRICTED&TRUSTED&NOT_VCN_MANAGED Uid: 1000 RequestorUid: 1000 RequestorPkg: android] ]
06-09 11:43:16.235 487 487 I SystemServerTiming: MakeInputManagerServiceReady
06-09 11:43:16.240 257 257 D Zygote : Forked child process 766
06-09 11:43:16.243 487 606 I InputReader: Reconfiguring input devices, changes=DEVICE_ALIAS |
06-09 11:43:16.246 487 532 W IorapForwardingService: No service published for: iorapd
06-09 11:43:16.247 487 549 I ActivityManager: app.processName = com.android.networkstack.process
06-09 11:43:16.247 487 549 I ActivityManager: Start proc 766:com.android.networkstack.process/1073 for service {com.android.networkstack/com.android.server.NetworkStackService}
06-09 11:43:16.253 487 606 I InputReader: Reconfiguring input devices, changes=KEYBOARD_LAYOUTS |
06-09 11:43:16.256 677 677 V AdapterServiceConfig: Adding HeadsetService
06-09 11:43:16.256 766 766 I Zygote : seccomp disabled by setenforce 0
06-09 11:43:16.257 487 547 W BestClock: java.time.DateTimeException: Missing NTP fix
06-09 11:43:16.257 677 677 V AdapterServiceConfig: Adding A2dpService
06-09 11:43:16.257 677 677 V AdapterServiceConfig: Adding HidHostService
06-09 11:43:16.257 487 487 I SystemServerTiming: MakeTelephonyRegistryReady
06-09 11:43:16.259 487 618 W BestClock: java.time.DateTimeException: Missing NTP fix
06-09 11:43:16.259 677 677 V AdapterServiceConfig: Adding PanService
06-09 11:43:16.259 677 677 V AdapterServiceConfig: Adding GattService
06-09 11:43:16.259 677 677 V AdapterServiceConfig: Adding BluetoothMapService
06-09 11:43:16.259 677 677 V AdapterServiceConfig: Adding AvrcpTargetService
06-09 11:43:16.259 677 677 V AdapterServiceConfig: Adding HidDeviceService
06-09 11:43:16.259 677 677 V AdapterServiceConfig: Adding BluetoothOppService
06-09 11:43:16.259 677 677 V AdapterServiceConfig: Adding BluetoothPbapService
06-09 11:43:16.260 487 618 W BestClock: java.time.DateTimeException: Missing NTP fix
06-09 11:43:16.263 487 487 I SystemServerTiming: MakeMediaRouterServiceReady
06-09 11:43:16.263 380 380 V C2Store : in ~ComponentModule
06-09 11:43:16.264 380 380 V C2Store : unloading dll
06-09 11:43:16.264 380 380 V C2Store : in init
06-09 11:43:16.264 380 380 V C2Store : loading dll
06-09 11:43:16.264 337 337 I rainbow_flow: type=1400 audit(0.0:346): avc: denied { ioctl } for path="/dev/spidev1.0" dev="tmpfs" ino=6881 ioctlcmd=0x6b00 scontext=u:r:init:s0 tcontext=u:object_r:device:s0 tclass=chr_file permissive=1
06-09 11:43:16.268 487 487 I SystemServerTiming: MakeMmsServiceReady
06-09 11:43:16.269 487 487 I MmsServiceBroker: Delay connecting to MmsService until an API is called
06-09 11:43:16.269 487 487 I SystemServerTiming: IncidentDaemonReady
06-09 11:43:16.271 487 547 W BestClock: java.time.DateTimeException: Missing NTP fix
06-09 11:43:16.275 257 257 W Zygote : forkRepeatedly terminated due to non-simple command
06-09 11:43:16.275 257 257 D Zygote : mbuffer starts with 14, nice name is webview_zygote, mEnd = 401, mNext = 159, mLinesLeft = 6, mFd = 4
06-09 11:43:16.276 393 408 I adbd : jdwp connection from 766
06-09 11:43:16.276 380 380 I mediaswcodec: missing struct descriptor #Param::CoreIndex(--004) for field values of struct #Param::CoreIndex(F-12004)
06-09 11:43:16.277 380 380 I mediaswcodec: missing struct descriptor #Param::CoreIndex(--1812) for field values of struct #Param::CoreIndex(F-11812)
06-09 11:43:16.277 487 487 I SystemServerTiming: MakeIncrementalServiceReady
06-09 11:43:16.277 487 487 I SystemServerTiming: getCurrentUser
06-09 11:43:16.277 487 487 I ActivityManager: Current user:0
06-09 11:43:16.277 487 487 I SystemServerTiming: ActivityManagerStartApps
06-09 11:43:16.278 487 487 I SystemServerTiming: ssm.StartUser-0
06-09 11:43:16.278 487 487 I SystemServiceManager: Calling onStartUser 0
06-09 11:43:16.279 380 380 V C2Store : in ~ComponentModule
06-09 11:43:16.280 380 380 V C2Store : unloading dll
06-09 11:43:16.281 380 380 V C2Store : in init
06-09 11:43:16.281 380 380 V C2Store : loading dll
06-09 11:43:16.290 487 487 V StorageManagerService: Package com.dangbei.lerad.leradwatcher has legacy storage
06-09 11:43:16.290 487 487 V StorageManagerService: Package com.android.cts.priv.ctsshim does not have legacy storage
06-09 11:43:16.290 487 487 V StorageManagerService: Package com.android.dynsystem does not have legacy storage
06-09 11:43:16.290 487 487 V StorageManagerService: Package com.dangbei.lerad.rocky does not have legacy storage
06-09 11:43:16.291 487 487 V StorageManagerService: Package com.android.providers.calendar does not have legacy storage
06-09 11:43:16.292 380 380 V C2Store : in ~ComponentModule
06-09 11:43:16.292 380 380 V C2Store : unloading dll
06-09 11:43:16.292 380 380 V C2Store : in init
06-09 11:43:16.292 380 380 V C2Store : loading dll
06-09 11:43:16.292 726 726 I WebViewLoader-: System.exit called, status: 0
06-09 11:43:16.292 726 726 I AndroidRuntime: VM exiting with result code 0, cleanup skipped.
06-09 11:43:16.298 380 380 V C2Store : in ~ComponentModule
06-09 11:43:16.298 380 380 V C2Store : unloading dll
06-09 11:43:16.298 380 380 V C2Store : in init
06-09 11:43:16.298 380 380 V C2Store : loading dll
06-09 11:43:16.299 487 487 V StorageManagerService: Package com.android.tv.settings does not have legacy storage
06-09 11:43:16.299 487 487 V StorageManagerService: Package com.android.providers.media does not have legacy storage
06-09 11:43:16.299 487 487 V StorageManagerService: Package com.oranth.factory does not have legacy storage
06-09 11:43:16.299 487 487 V StorageManagerService: Package com.android.internal.systemui.navbar.gestural_wide_back does not have legacy storage
06-09 11:43:16.299 487 487 V StorageManagerService: Package com.dangbei.zhushou.os does not have legacy storage
06-09 11:43:16.299 487 487 V StorageManagerService: Package com.android.wallpapercropper does not have legacy storage
06-09 11:43:16.300 487 487 V StorageManagerService: Package com.softwinner.provision does not have legacy storage
06-09 11:43:16.300 487 487 V StorageManagerService: Package com.softwinner.awlogsettings does not have legacy storage
06-09 11:43:16.300 487 487 V StorageManagerService: Package com.android.documentsui does not have legacy storage
06-09 11:43:16.300 487 487 V StorageManagerService: Package com.sohu.inputmethod.sogou.tv has legacy storage
06-09 11:43:16.300 487 487 V StorageManagerService: Package com.android.externalstorage does not have legacy storage
06-09 11:43:16.300 487 487 V StorageManagerService: Package com.android.htmlviewer does not have legacy storage
06-09 11:43:16.300 487 487 V StorageManagerService: Package com.android.companiondevicemanager does not have legacy storage
06-09 11:43:16.300 487 487 V StorageManagerService: Package com.android.mms.service does not have legacy storage
06-09 11:43:16.300 487 487 V StorageManagerService: Package com.android.providers.downloads does not have legacy storage
06-09 11:43:16.300 487 487 V StorageManagerService: Package com.android.providers.tv does not have legacy storage
06-09 11:43:16.300 487 487 V StorageManagerService: Package com.android.internal.systemui.onehanded.gestural does not have legacy storage
06-09 11:43:16.300 487 487 V StorageManagerService: Package com.oranth.ledstatus does not have legacy storage
06-09 11:43:16.300 487 487 V StorageManagerService: Package com.dangbei.lerad.videoposter has legacy storage
06-09 11:43:16.301 487 487 V StorageManagerService: Package com.android.providers.downloads.ui does not have legacy storage
06-09 11:43:16.301 487 487 V StorageManagerService: Package com.android.pacprocessor does not have legacy storage
06-09 11:43:16.301 487 487 V StorageManagerService: Package com.android.simappdialog does not have legacy storage
06-09 11:43:16.301 487 487 V StorageManagerService: Package com.android.networkstack does not have legacy storage
06-09 11:43:16.301 487 487 V StorageManagerService: Package com.android.connectivity.resources does not have legacy storage
06-09 11:43:16.301 487 487 V StorageManagerService: Package com.android.modulemetadata does not have legacy storage
06-09 11:43:16.301 487 487 V StorageManagerService: Package com.android.certinstaller does not have legacy storage
06-09 11:43:16.301 487 487 V StorageManagerService: Package com.android.carrierconfig does not have legacy storage
06-09 11:43:16.301 487 487 V StorageManagerService: Package com.google.android.apps.searchlite.overlay does not have legacy storage
06-09 11:43:16.301 487 487 V StorageManagerService: Package com.android.internal.systemui.navbar.threebutton does not have legacy storage
06-09 11:43:16.301 487 487 V StorageManagerService: Package android does not have legacy storage
06-09 11:43:16.301 487 487 V StorageManagerService: Package com.google.android.networkstackconfig does not have legacy storage
06-09 11:43:16.301 487 487 V StorageManagerService: Package com.softwinner.settingssetup does not have legacy storage
06-09 11:43:16.301 487 487 V StorageManagerService: Package com.android.egg does not have legacy storage
06-09 11:43:16.302 487 487 V StorageManagerService: Package com.android.mtp does not have legacy storage
06-09 11:43:16.302 487 487 V StorageManagerService: Package com.android.backupconfirm does not have legacy storage
06-09 11:43:16.302 487 487 V StorageManagerService: Package com.softwinner.timerswitch does not have legacy storage
06-09 11:43:16.302 487 487 V StorageManagerService: Package com.android.statementservice does not have legacy storage
06-09 11:43:16.302 487 487 V StorageManagerService: Package com.dangbei.screencast has legacy storage
06-09 11:43:16.302 487 487 V StorageManagerService: Package com.android.settings.intelligence does not have legacy storage
06-09 11:43:16.302 487 487 V StorageManagerService: Package com.android.internal.systemui.navbar.gestural_extra_wide_back does not have legacy storage
06-09 11:43:16.302 487 487 V StorageManagerService: Package com.dangbei.leard.leradlauncher does not have legacy storage
06-09 11:43:16.302 487 487 V StorageManagerService: Package com.android.providers.settings does not have legacy storage
06-09 11:43:16.302 487 487 V StorageManagerService: Package com.android.sharedstoragebackup does not have legacy storage
06-09 11:43:16.302 487 487 V StorageManagerService: Package com.android.printspooler does not have legacy storage
06-09 11:43:16.302 487 487 V StorageManagerService: Package com.android.dreams.basic does not have legacy storage
06-09 11:43:16.302 487 487 V StorageManagerService: Package com.android.webview does not have legacy storage
06-09 11:43:16.302 487 487 V StorageManagerService: Package com.android.se does not have legacy storage
06-09 11:43:16.303 487 487 V StorageManagerService: Package com.android.tv does not have legacy storage
06-09 11:43:16.303 487 487 V StorageManagerService: Package com.android.inputdevices does not have legacy storage
06-09 11:43:16.303 487 487 V StorageManagerService: Package com.android.bips does not have legacy storage
06-09 11:43:16.303 487 487 V StorageManagerService: Package com.oranth.inputmacsn does not have legacy storage
06-09 11:43:16.303 487 487 V StorageManagerService: Package com.android.musicfx does not have legacy storage
06-09 11:43:16.303 487 487 V StorageManagerService: Package com.dangbei.hqguide does not have legacy storage
06-09 11:43:16.303 487 487 V StorageManagerService: Package com.dangbei.hqmedia does not have legacy storage
06-09 11:43:16.303 487 487 V StorageManagerService: Package android.ext.shared does not have legacy storage
06-09 11:43:16.303 487 487 V StorageManagerService: Package com.android.onetimeinitializer does not have legacy storage
06-09 11:43:16.303 487 487 V StorageManagerService: Package com.android.keychain does not have legacy storage
06-09 11:43:16.303 487 487 V StorageManagerService: Package com.android.printservice.recommendation does not have legacy storage
06-09 11:43:16.303 487 487 V StorageManagerService: Package com.google.android.networkstack.tetheringconfig does not have legacy storage
06-09 11:43:16.303 487 487 V StorageManagerService: Package android.ext.services does not have legacy storage
06-09 11:43:16.303 487 487 V StorageManagerService: Package com.android.wifi.resources does not have legacy storage
06-09 11:43:16.303 487 487 V StorageManagerService: Package com.android.localtransport does not have legacy storage
06-09 11:43:16.303 487 487 V StorageManagerService: Package com.android.packageinstaller does not have legacy storage
06-09 11:43:16.304 487 487 V StorageManagerService: Package com.android.theme.font.notoserifsource does not have legacy storage
06-09 11:43:16.304 487 487 V StorageManagerService: Package com.android.proxyhandler does not have legacy storage
06-09 11:43:16.304 487 487 V StorageManagerService: Package com.softwinner.screenshot does not have legacy storage
06-09 11:43:16.304 487 487 V StorageManagerService: Package com.android.managedprovisioning does not have legacy storage
06-09 11:43:16.304 487 487 V StorageManagerService: Package com.oranth.usbopenft does not have legacy storage
06-09 11:43:16.304 487 487 V StorageManagerService: Package com.android.networkstack.tethering does not have legacy storage
06-09 11:43:16.304 487 487 V StorageManagerService: Package com.android.soundpicker does not have legacy storage
06-09 11:43:16.304 487 487 V StorageManagerService: Package com.dangbei.lerad.etna.haqu does not have legacy storage
06-09 11:43:16.304 380 380 V C2Store : in ~ComponentModule
06-09 11:43:16.304 380 380 V C2Store : unloading dll
06-09 11:43:16.304 487 487 V StorageManagerService: Package com.allwinnertech.packageoverride does not have legacy storage
06-09 11:43:16.304 487 487 V StorageManagerService: Package com.android.smspush does not have legacy storage
06-09 11:43:16.304 380 380 V C2Store : in init
06-09 11:43:16.304 380 380 V C2Store : loading dll
06-09 11:43:16.304 487 487 V StorageManagerService: Package com.android.wallpaper.livepicker does not have legacy storage
06-09 11:43:16.304 487 487 V StorageManagerService: Package com.tv.filemanager.os has legacy storage
06-09 11:43:16.304 487 487 V StorageManagerService: Package com.oranth.powerwindow does not have legacy storage
06-09 11:43:16.304 487 487 V StorageManagerService: Package com.android.storagemanager does not have legacy storage
06-09 11:43:16.304 487 487 V StorageManagerService: Package com.android.bookmarkprovider does not have legacy storage
06-09 11:43:16.304 487 487 V StorageManagerService: Package com.android.networkstack.permissionconfig does not have legacy storage
06-09 11:43:16.305 487 487 V StorageManagerService: Package com.android.cts.ctsshim does not have legacy storage
06-09 11:43:16.305 487 487 V StorageManagerService: Package com.dangbei.lerad.screensaver does not have legacy storage
06-09 11:43:16.305 487 487 V StorageManagerService: Package com.android.remoteprovisioner does not have legacy storage
06-09 11:43:16.305 487 487 V StorageManagerService: Package com.softwinner.theme.icon does not have legacy storage
06-09 11:43:16.305 487 487 V StorageManagerService: Package com.android.wallpaper does not have legacy storage
06-09 11:43:16.305 487 487 V StorageManagerService: Package com.android.vpndialogs does not have legacy storage
06-09 11:43:16.305 487 487 V StorageManagerService: Package com.android.music does not have legacy storage
06-09 11:43:16.305 487 487 V StorageManagerService: Package com.android.shell does not have legacy storage
06-09 11:43:16.305 487 487 V StorageManagerService: Package com.android.wallpaperbackup does not have legacy storage
06-09 11:43:16.305 487 487 V StorageManagerService: Package com.android.providers.blockednumber does not have legacy storage
06-09 11:43:16.305 487 487 V StorageManagerService: Package com.android.providers.userdictionary does not have legacy storage
06-09 11:43:16.305 487 487 V StorageManagerService: Package com.android.providers.media.module does not have legacy storage
06-09 11:43:16.305 487 487 V StorageManagerService: Package com.softwinner.theme.color does not have legacy storage
06-09 11:43:16.305 487 487 V StorageManagerService: Package com.oranth.storage does not have legacy storage
06-09 11:43:16.305 487 487 V StorageManagerService: Package com.android.hotspot2.osulogin does not have legacy storage
06-09 11:43:16.305 487 487 V StorageManagerService: Package com.android.internal.systemui.navbar.gestural does not have legacy storage
06-09 11:43:16.306 487 487 V StorageManagerService: Package com.android.location.fused does not have legacy storage
06-09 11:43:16.306 487 487 V StorageManagerService: Package com.android.systemui does not have legacy storage
06-09 11:43:16.306 487 487 V StorageManagerService: Package com.dangbei.haqusetting does not have legacy storage
06-09 11:43:16.306 487 487 V StorageManagerService: Package com.android.bluetoothmidiservice does not have legacy storage
06-09 11:43:16.306 487 487 V StorageManagerService: Package com.softwinner.awmanager does not have legacy storage
06-09 11:43:16.306 487 487 V StorageManagerService: Package com.android.permissioncontroller does not have legacy storage
06-09 11:43:16.306 487 487 V StorageManagerService: Package com.softwinner.miracastReceiver does not have legacy storage
06-09 11:43:16.306 487 487 V StorageManagerService: Package com.android.traceur does not have legacy storage
06-09 11:43:16.306 487 487 V StorageManagerService: Package com.android.bluetooth does not have legacy storage
06-09 11:43:16.306 487 487 V StorageManagerService: Package com.android.providers.contacts does not have legacy storage
06-09 11:43:16.306 487 487 V StorageManagerService: Package com.android.captiveportallogin does not have legacy storage
06-09 11:43:16.306 487 487 V StorageManagerService: Package com.android.internal.systemui.navbar.gestural_narrow_back does not have legacy storage
06-09 11:43:16.306 487 487 V StorageManagerService: Package android.auto_generated_rro_vendor__ does not have legacy storage
06-09 11:43:16.309 257 257 D Zygote : Forked child process 789
06-09 11:43:16.310 487 547 W BestClock: java.time.DateTimeException: Missing NTP fix
06-09 11:43:16.311 380 380 V C2Store : in ~ComponentModule
06-09 11:43:16.311 380 380 V C2Store : unloading dll
06-09 11:43:16.311 380 380 V C2Store : in init
06-09 11:43:16.311 380 380 V C2Store : loading dll
06-09 11:43:16.314 487 723 W ZygoteProcess: Got error connecting to zygote, retrying. msg= Connection refused
06-09 11:43:16.316 487 547 W BestClock: java.time.DateTimeException: Missing NTP fix
06-09 11:43:16.316 487 763 D CompatibilityChangeReporter: Compat change id reported: 168419799; UID 1073; state: DISABLED
06-09 11:43:16.320 789 789 I Zygote : seccomp disabled by setenforce 0
06-09 11:43:16.326 487 763 D CompatibilityChangeReporter: Compat change id reported: 168419799; UID 1073; state: DISABLED
06-09 11:43:16.329 487 618 W BestClock: java.time.DateTimeException: Missing NTP fix
06-09 11:43:16.330 487 618 W BestClock: java.time.DateTimeException: Missing NTP fix
06-09 11:43:16.330 766 766 D CompatibilityChangeReporter: Compat change id reported: 171979766; UID 1073; state: ENABLED
06-09 11:43:16.332 789 789 I WebViewZygoteInit: Starting WebViewZygoteInit
06-09 11:43:16.339 380 380 V C2Store : in ~ComponentModule
06-09 11:43:16.339 380 380 V C2Store : unloading dll
06-09 11:43:16.340 380 380 V C2Store : in init
06-09 11:43:16.340 380 380 V C2Store : loading dll
06-09 11:43:16.340 789 789 I Zygote : seccomp disabled by setenforce 0
06-09 11:43:16.345 487 551 I libprocessgroup: Successfully killed process cgroup uid 1037 pid 726 in 0ms
06-09 11:43:16.345 257 257 I Zygote : Process 726 exited cleanly (0)
06-09 11:43:16.345 487 547 W BestClock: java.time.DateTimeException: Missing NTP fix
06-09 11:43:16.346 487 763 I ActivityManager: Process WebViewLoader-armeabi-v7a (pid 726) has died: psvc PER
06-09 11:43:16.347 487 487 W VoiceInteractionManager: no available voice recognition services found for user 0
06-09 11:43:16.348 487 487 W AppBindingService: [Default SMS app] u0 Target package not found
06-09 11:43:16.352 487 556 E KernelCpuSpeedReader: Failed to read cpu-freq: /sys/devices/system/cpu/cpu0/cpufreq/stats/time_in_state: open failed: ENOENT (No such file or directory)
06-09 11:43:16.354 487 556 E system_server: Cannot read thread CPU times for PID 487
06-09 11:43:16.355 487 487 V GameManagerService: Settings file doesn't exists, skip reading
06-09 11:43:16.355 487 618 W BestClock: java.time.DateTimeException: Missing NTP fix
06-09 11:43:16.355 487 547 W BestClock: java.time.DateTimeException: Missing NTP fix
06-09 11:43:16.356 487 487 I SystemServerTiming: startPersistentApps
06-09 11:43:16.352 684 684 I ndroid.systemui: type=1400 audit(0.0:347): avc: denied { search } for name="com.android.systemui" dev="mmcblk0p25" ino=506 scontext=u:r:platform_app:s0:c512,c768 tcontext=u:object_r:app_data_file:s0:c512,c768 tclass=dir permissive=1 app=com.softwinner.screenshot
06-09 11:43:16.357 487 618 W BestClock: java.time.DateTimeException: Missing NTP fix
06-09 11:43:16.357 487 487 D CompatibilityChangeReporter: Compat change id reported: 135634846; UID 1068; state: DISABLED
06-09 11:43:16.359 684 684 V GraphicsEnvironment: ANGLE Developer option for 'com.android.systemui' set to: 'default'
06-09 11:43:16.360 487 487 I SystemServerTiming: startHomeOnAllDisplays
06-09 11:43:16.361 684 684 V GraphicsEnvironment: Neither updatable production driver nor prerelease driver is supported.
06-09 11:43:16.362 380 380 V C2Store : in ~ComponentModule
06-09 11:43:16.362 380 380 V C2Store : unloading dll
06-09 11:43:16.362 380 380 V C2Store : in init
06-09 11:43:16.362 380 380 V C2Store : loading dll
06-09 11:43:16.364 487 487 I ActivityStarter: ---START u0 {act=android.intent.action.MAIN cat=[android.intent.category.HOME] flg=0x10000100 cmp=com.android.tv.settings/.system.FallbackHome (has extras)} from uid 0
06-09 11:43:16.365 684 684 D NetworkSecurityConfig: No Network Security Config specified, using platform default
06-09 11:43:16.366 684 684 D NetworkSecurityConfig: No Network Security Config specified, using platform default
06-09 11:43:16.373 789 789 I WebViewZygoteInit: Beginning application preload for com.android.webview
06-09 11:43:16.374 380 380 V C2Store : in ~ComponentModule
06-09 11:43:16.375 380 380 V C2Store : unloading dll
06-09 11:43:16.375 380 380 V C2Store : in init
06-09 11:43:16.375 380 380 V C2Store : loading dll
06-09 11:43:16.378 257 257 D Zygote : Forked child process 800
06-09 11:43:16.388 800 800 I Zygote : seccomp disabled by setenforce 0
06-09 11:43:16.390 487 547 W BestClock: java.time.DateTimeException: Missing NTP fix
06-09 11:43:16.392 789 789 D nativeloader: classloader namespace configured for unbundled product apk. library_path=/product/app/webview/lib/arm:/product/app/webview/webview.apk!/lib/armeabi-v7a:/product/lib:/system/product/lib
06-09 11:43:16.394 487 547 W BestClock: java.time.DateTimeException: Missing NTP fix
06-09 11:43:16.392 277 277 I EventThread: type=1400 audit(0.0:348): avc: denied { search } for name="extcon" dev="sysfs" ino=18109 scontext=u:r:hal_tv_cec_default:s0 tcontext=u:object_r:sysfs_extcon:s0 tclass=dir permissive=1
06-09 11:43:16.405 380 380 V C2Store : in ~ComponentModule
06-09 11:43:16.406 380 380 V C2Store : unloading dll
06-09 11:43:16.406 380 380 V C2Store : in init
06-09 11:43:16.406 380 380 V C2Store : loading dll
06-09 11:43:16.404 337 337 I rainbow_flow: type=1400 audit(0.0:349): avc: denied { ioctl } for path="/dev/spidev1.0" dev="tmpfs" ino=6881 ioctlcmd=0x6b00 scontext=u:r:init:s0 tcontext=u:object_r:device:s0 tclass=chr_file permissive=1
06-09 11:43:16.408 393 408 I adbd : jdwp connection from 800
06-09 11:43:16.412 684 684 V SystemUIService: SystemUIApplication constructed.
06-09 11:43:16.422 766 766 V GraphicsEnvironment: ANGLE Developer option for 'com.android.networkstack' set to: 'default'
06-09 11:43:16.423 766 766 V GraphicsEnvironment: Neither updatable production driver nor prerelease driver is supported.
06-09 11:43:16.425 766 766 D NetworkSecurityConfig: No Network Security Config specified, using platform default
06-09 11:43:16.426 766 766 D NetworkSecurityConfig: No Network Security Config specified, using platform default
06-09 11:43:16.432 380 380 I mediaswcodec: missing struct descriptor #Param::CoreIndex(--004) for field values of struct #Param::CoreIndex(F-12004)
06-09 11:43:16.434 487 547 W BestClock: java.time.DateTimeException: Missing NTP fix
06-09 11:43:16.435 380 380 D C2SoftHevcEnc: Given level 6000 does not cover current configuration: adjusting to 6001
06-09 11:43:16.436 380 380 V C2Store : in ~ComponentModule
06-09 11:43:16.436 380 380 V C2Store : unloading dll
06-09 11:43:16.437 380 380 V C2Store : in init
06-09 11:43:16.437 380 380 V C2Store : loading dll
06-09 11:43:16.446 487 547 W BestClock: java.time.DateTimeException: Missing NTP fix
06-09 11:43:16.449 380 380 V C2Store : in ~ComponentModule
06-09 11:43:16.449 380 380 V C2Store : unloading dll
06-09 11:43:16.449 380 380 V C2Store : in init
06-09 11:43:16.449 380 380 V C2Store : loading dll
06-09 11:43:16.452 684 684 I ndroid.systemui: type=1400 audit(0.0:350): avc: denied { getattr } for path="/data/user_de/0/com.android.systemui/cache" dev="mmcblk0p25" ino=507 scontext=u:r:platform_app:s0:c512,c768 tcontext=u:object_r:app_data_file:s0:c512,c768 tclass=dir permissive=1 app=com.softwinner.screenshot
06-09 11:43:16.458 487 763 W StorageManagerService: No primary storage defined yet; hacking together a stub
06-09 11:43:16.460 380 380 V C2Store : in ~ComponentModule
06-09 11:43:16.461 380 380 V C2Store : unloading dll
06-09 11:43:16.461 380 380 V C2Store : in init
06-09 11:43:16.461 380 380 V C2Store : loading dll
06-09 11:43:16.473 487 547 W BestClock: java.time.DateTimeException: Missing NTP fix
06-09 11:43:16.476 380 380 V C2Store : in ~ComponentModule
06-09 11:43:16.476 380 380 V C2Store : unloading dll
06-09 11:43:16.476 380 380 V C2Store : in init
06-09 11:43:16.476 380 380 V C2Store : loading dll
06-09 11:43:16.477 487 487 D CompatibilityChangeReporter: Compat change id reported: 174042980; UID 1000; state: DISABLED
06-09 11:43:16.477 487 547 W BestClock: java.time.DateTimeException: Missing NTP fix
06-09 11:43:16.489 380 380 V C2Store : in ~ComponentModule
06-09 11:43:16.489 380 380 V C2Store : unloading dll
06-09 11:43:16.489 380 380 V C2Store : in init
06-09 11:43:16.489 380 380 V C2Store : loading dll
06-09 11:43:16.489 487 487 D libcheckfile: checkfile_init
06-09 11:43:16.490 487 487 D ActivityTaskManager: isHomeLauncher info= ActivityInfo{d178281 com.android.tv.settings.system.FallbackHome}
06-09 11:43:16.499 487 487 W System.err: java.io.IOException: Cannot run program "su": error=2, No such file or directory
06-09 11:43:16.496 336 336 I xiriservice_All: type=1400 audit(0.0:351): avc: denied { read } for scontext=u:r:init:s0 tcontext=u:r:init:s0 tclass=netlink_kobject_uevent_socket permissive=1
06-09 11:43:16.504 487 487 W System.err: at java.lang.ProcessBuilder.start(ProcessBuilder.java:1050)
06-09 11:43:16.505 487 487 W System.err: at java.lang.Runtime.exec(Runtime.java:694)
06-09 11:43:16.505 487 487 W System.err: at java.lang.Runtime.exec(Runtime.java:524)
06-09 11:43:16.505 487 487 W System.err: at java.lang.Runtime.exec(Runtime.java:421)
06-09 11:43:16.505 487 487 W System.err: at com.android.server.wm.ActivityRecord.executeCMD(ActivityRecord.java:5940)
06-09 11:43:16.505 487 487 W System.err: at com.android.server.wm.ActivityRecord.isHomeLauncher(ActivityRecord.java:2431)
06-09 11:43:16.505 487 487 W System.err: at com.android.server.wm.RootWindowContainer.startPowerModeLaunchIfNeeded(RootWindowContainer.java:3653)
06-09 11:43:16.505 487 487 W System.err: at com.android.server.wm.ActivityStarter.startActivityInner(ActivityStarter.java:1786)
06-09 11:43:16.505 487 487 W System.err: at com.android.server.wm.ActivityStarter.startActivityUnchecked(ActivityStarter.java:1579)
06-09 11:43:16.505 487 487 W System.err: at com.android.server.wm.ActivityStarter.executeRequest(ActivityStarter.java:1186)
06-09 11:43:16.505 487 487 W System.err: at com.android.server.wm.ActivityStarter.execute(ActivityStarter.java:667)
06-09 11:43:16.505 487 487 W System.err: at com.android.server.wm.ActivityStartController.startHomeActivity(ActivityStartController.java:177)
