06-09 11:43:19.377 669 669 D WifiHWInfo: Entry [22], BUS: SDIO, ID: 0x30303030, Name: ssv6x5x.
06-09 11:43:19.377 669 669 D WifiHWInfo: Entry [23], BUS: SDIO, ID: 0x00000000, Name: uwe5621.
06-09 11:43:19.377 669 669 D WifiHWInfo: Entry [24], BUS: SDIO, ID: 0x54490145, Name: aic8800.
06-09 11:43:19.377 669 669 D WifiHWInfo: Entry [25], BUS: SDIO, ID: 0xC8A1C08D, Name: aic8800.
06-09 11:43:19.377 669 669 D WifiHWInfo: Entry [26], BUS: USB, ID: 0xA69C8800, Name: aic8800.
06-09 11:43:19.377 669 669 D WifiHWInfo: Entry [27], BUS: USB, ID: 0x007A8888, Name: atbm6023is.
06-09 11:43:19.377 669 669 D WifiHWInfo: Entry [28], BUS: SDIO, ID: 0x02E79086, Name: 9012p.
06-09 11:43:19.377 669 669 D WifiHWInfo: Entry [29], BUS: SDIO, ID: 0x007A6011, Name: atbm613x_wifi_sdio.
06-09 11:43:19.377 669 669 D WifiHWInfo: Entry [30], BUS: SDIO, ID: 0x024CC822, Name: 88x2cs.
06-09 11:43:19.377 669 669 D WifiHWInfo: Entry [31], BUS: SDIO, ID: 0x000018F0, Name: dummy.
06-09 11:43:19.377 669 669 W android.hardware.wifi@1.0-service-lazy: DRIVER_MODULE_TAG: sprdwl_ng : Success
06-09 11:43:19.377 322 329 D XM_HIDREAD: add@ add@/devices/virtual/devlink/regulator.8--5101400.ohci0-controller
06-09 11:43:19.376 487 548 I LaunchParamsPersister: Didn't find launch param folder for user 0
06-09 11:43:19.377 669 669 I android.hardware.wifi@1.0-service-lazy: driver_module_path: /vendor/lib/modules/sprdwl_ng.ko
06-09 11:43:19.378 669 669 I android.hardware.wifi@1.0-service-lazy: driver_module_arg:
01-01 08:00:21.824 179 179 W sunxi-ohci: OHCI SUNXI driver
01-01 08:00:21.825 179 179 W : sunxi ohci0-controller don't init wakeup source
01-01 08:00:21.825 179 179 W [sunxi-ohci0]: probe, pdev->name: 5101400.ohci0-controller, sunxi_ohci: 0xffffffc008f81378
01-01 08:00:21.825 179 179 I sunxi-ohci 5101400.ohci0-controller: OHCI Host Controller
01-01 08:00:21.825 179 179 I sunxi-ohci 5101400.ohci0-controller: new USB bus registered, assigned bus number 5
01-01 08:00:21.826 179 179 I sunxi-ohci 5101400.ohci0-controller: irq 51, io mem 0x05101400
06-09 11:43:19.381 487 662 D EthernetNetworkFactory: acceptRequest, request: NetworkRequest [ REQUEST id=23, [ Capabilities: INTERNET&NOT_RESTRICTED&TRUSTED&NOT_VCN_MANAGED Uid: 1000 RequestorUid: 1000 RequestorPkg: android] ]
06-09 11:43:19.383 487 533 I ActivityStarter: ---START u0 {act=android.intent.action.MAIN cat=[android.intent.category.HOME] flg=0x10000100 cmp=com.dangbei.leard.leradlauncher/com.dangbei.launcher.home.LauncherActivity (has extras)} from uid 0
06-09 11:43:19.383 288 288 I BpBinder: onLastStrongRef automatically unlinking death recipients:
06-09 11:43:19.385 487 662 I EthernetNetworkFactory: networkForRequest, request: NetworkRequest [ REQUEST id=23, [ Capabilities: INTERNET&NOT_RESTRICTED&TRUSTED&NOT_VCN_MANAGED Uid: 1000 RequestorUid: 1000 RequestorPkg: android] ], network: null
06-09 11:43:19.392 487 548 W ActivityManager: UserLifecycleEvent 6 received without an active userJourneySession.
06-09 11:43:19.408 257 257 D Zygote : Forked child process 1050
06-09 11:43:19.408 487 549 W ActivityManager: Slow operation: 225ms so far, now at startProcess: returned from zygote!
06-09 11:43:19.415 1050 1050 I Zygote : seccomp disabled by setenforce 0
06-09 11:43:19.424 487 533 D CompatibilityChangeReporter: Compat change id reported: 174042980; UID 1000; state: DISABLED
06-09 11:43:19.433 487 533 D ActivityTaskManager: isHomeLauncher info= ActivityInfo{e45aa6b com.dangbei.launcher.home.LauncherActivity}
06-09 11:43:19.443 322 329 D XM_HIDREAD: add@ add@/bus/platform/drivers/unisoc_wifi
06-09 11:43:19.443 322 329 D XM_HIDREAD: add@ add@/devices/platform/unisoc_wifi
06-09 11:43:19.443 322 329 D XM_HIDREAD: add@ add@/devices/platform/soc@3000000/5101400.ohci0-controller/usb5
06-09 11:43:19.443 322 329 D XM_HIDREAD: add@ add@/devices/platform/soc@3000000/5101400.ohci0-controller/usb5/5-0:1.0
06-09 11:43:19.445 322 329 D XM_HIDREAD: add@ add@/devices/platform/unisoc_wifi/wakeup/wakeup25
06-09 11:43:19.446 487 487 W NotificationHistory: Attempted to add notif for locked/gone/disabled user 0
01-01 08:00:21.886 669 669 I WCN : start_marlin [MARLIN_WIFI]
01-01 08:00:21.886 669 669 D : CPU: 1 PID: 669 Comm: wifi@1.0-servic Tainted: G O 5.4.125+ #9
01-01 08:00:21.886 669 669 D Hardware name: sun50iw9 (DT)
01-01 08:00:21.886 669 669 D Call trace:
01-01 08:00:21.886 669 669 D : dump_backtrace.cfi_jt+0x0/0x4
01-01 08:00:21.886 669 669 D : dump_stack+0xbc/0x104
01-01 08:00:21.886 669 669 D : marlin_set_power+0x2c/0x78c [uwe5621_bsp_sdio]
01-01 08:00:21.887 669 669 D : start_marlin+0xbc/0x14c [uwe5621_bsp_sdio]
01-01 08:00:21.887 669 669 D : sprdwl_probe+0x28/0x3f4 [sprdwl_ng]
01-01 08:00:21.887 669 669 D : platform_drv_probe+0xac/0xf0
01-01 08:00:21.887 669 669 D : really_probe+0x340/0x8f8
01-01 08:00:21.887 669 669 D : driver_probe_device+0x70/0x144
01-01 08:00:21.887 669 669 D : __device_attach_driver+0x14c/0x210
01-01 08:00:21.887 669 669 D : bus_for_each_drv+0x98/0x10c
01-01 08:00:21.887 669 669 D : __device_attach.llvm.14547616182355937686+0x108/0x1a8
01-01 08:00:21.887 669 669 D : bus_probe_device+0x3c/0xdc
01-01 08:00:21.887 669 669 D : device_add+0x950/0xb78
01-01 08:00:21.887 669 669 D : platform_device_add+0x90/0x260
01-01 08:00:21.887 669 669 D : init_module+0x48/0xfc4 [sprdwl_ng]
01-01 08:00:21.887 669 669 D : do_one_initcall+0xc4/0x238
01-01 08:00:21.887 669 669 D : do_init_module+0x58/0x2e0
01-01 08:00:21.887 669 669 D : load_module+0x31b8/0x3a40
01-01 08:00:21.887 669 669 D : __arm64_sys_finit_module+0xbc/0x120
01-01 08:00:21.887 669 669 D : el0_svc_common+0xb8/0x1cc
01-01 08:00:21.887 669 669 D : el0_svc_compat_handler+0x1c/0x28
01-01 08:00:21.887 669 669 D : el0_svc_compat+0x8/0x24
01-01 08:00:21.887 669 669 I WCN : marlin power state:1, subsys: [MARLIN_WIFI] power 1
01-01 08:00:21.887 669 669 I WCN : marlin have open, GNSS is closed
01-01 08:00:21.888 179 179 I usb5 : New USB device found, idVendor=1d6b, idProduct=0001, bcdDevice= 5.04
01-01 08:00:21.888 179 179 I usb5 : New USB device strings: Mfr=3, Product=2, SerialNumber=1
01-01 08:00:21.888 179 179 I usb5 : Product: OHCI Host Controller
01-01 08:00:21.888 179 179 I usb5 : Manufacturer: Linux 5.4.125+ ohci_hcd
01-01 08:00:21.888 179 179 I usb5 : SerialNumber: sunxi-ohci
01-01 08:00:21.889 179 179 I hub 5-0 : 1.0: USB hub found
01-01 08:00:21.889 179 179 I hub 5-0 : 1.0: 1 port detected
01-01 08:00:21.892 179 179 W : sunxi ohci1-controller don't init wakeup source
01-01 08:00:21.892 179 179 W [sunxi-ohci1]: probe, pdev->name: 5200400.ohci1-controller, sunxi_ohci: 0xffffffc008f81a38
01-01 08:00:21.895 179 179 I sunxi-ohci 5200400.ohci1-controller: OHCI Host Controller
01-01 08:00:21.895 179 179 I sunxi-ohci 5200400.ohci1-controller: new USB bus registered, assigned bus number 6
01-01 08:00:21.895 179 179 E debugfs : Directory 'sunxi-ohci' with parent 'ohci' already present!
06-09 11:43:19.455 322 329 D XM_HIDREAD: add@ add@/devices/virtual/devlink/regulator.8--5200400.ohci1-controller
06-09 11:43:19.456 487 487 W Looper : Slow dispatch took 156ms main h=com.android.server.notification.NotificationManagerService$WorkerHandler c=com.android.server.notification.NotificationManagerService$PostNotificationRunnable@4a95a61 m=0
06-09 11:43:19.457 393 408 I adbd : jdwp connection from 1050
01-01 08:00:21.908 179 179 I sunxi-ohci 5200400.ohci1-controller: irq 53, io mem 0x05200400
06-09 11:43:19.465 487 533 W System.err: java.io.IOException: Cannot run program "su": error=2, No such file or directory
06-09 11:43:19.467 487 533 W System.err: at java.lang.ProcessBuilder.start(ProcessBuilder.java:1050)
06-09 11:43:19.467 487 533 W System.err: at java.lang.Runtime.exec(Runtime.java:694)
06-09 11:43:19.467 487 533 W System.err: at java.lang.Runtime.exec(Runtime.java:524)
06-09 11:43:19.467 487 533 W System.err: at java.lang.Runtime.exec(Runtime.java:421)
06-09 11:43:19.467 487 533 W System.err: at com.android.server.wm.ActivityRecord.executeCMD(ActivityRecord.java:5940)
06-09 11:43:19.467 487 533 W System.err: at com.android.server.wm.ActivityRecord.isHomeLauncher(ActivityRecord.java:2431)
06-09 11:43:19.467 487 533 W System.err: at com.android.server.wm.RootWindowContainer.startPowerModeLaunchIfNeeded(RootWindowContainer.java:3653)
06-09 11:43:19.467 487 533 W System.err: at com.android.server.wm.ActivityStarter.startActivityInner(ActivityStarter.java:1786)
06-09 11:43:19.467 487 533 W System.err: at com.android.server.wm.ActivityStarter.startActivityUnchecked(ActivityStarter.java:1579)
06-09 11:43:19.467 487 533 W System.err: at com.android.server.wm.ActivityStarter.executeRequest(ActivityStarter.java:1186)
06-09 11:43:19.467 487 533 W System.err: at com.android.server.wm.ActivityStarter.execute(ActivityStarter.java:667)
06-09 11:43:19.467 487 533 W System.err: at com.android.server.wm.ActivityStartController.startHomeActivity(ActivityStartController.java:177)
06-09 11:43:19.467 487 533 W System.err: at com.android.server.wm.RootWindowContainer.startHomeOnTaskDisplayArea(RootWindowContainer.java:1565)
06-09 11:43:19.467 487 533 W System.err: at com.android.server.wm.RootWindowContainer.lambda$startHomeOnEmptyDisplays$11$RootWindowContainer(RootWindowContainer.java:1485)
06-09 11:43:19.467 487 533 W System.err: at com.android.server.wm.RootWindowContainer$$ExternalSyntheticLambda22.accept(Unknown Source:6)
06-09 11:43:19.467 487 533 W System.err: at com.android.server.wm.TaskDisplayArea.forAllTaskDisplayAreas(TaskDisplayArea.java:529)
06-09 11:43:19.468 487 533 W System.err: at com.android.server.wm.DisplayArea.forAllTaskDisplayAreas(DisplayArea.java:369)
06-09 11:43:19.468 487 533 W System.err: at com.android.server.wm.DisplayArea.forAllTaskDisplayAreas(DisplayArea.java:369)
06-09 11:43:19.468 487 533 W System.err: at com.android.server.wm.DisplayArea.forAllTaskDisplayAreas(DisplayArea.java:369)
06-09 11:43:19.468 487 533 W System.err: at com.android.server.wm.DisplayArea.forAllTaskDisplayAreas(DisplayArea.java:369)
06-09 11:43:19.468 487 533 W System.err: at com.android.server.wm.DisplayArea.forAllTaskDisplayAreas(DisplayArea.java:369)
06-09 11:43:19.468 487 533 W System.err: at com.android.server.wm.WindowContainer.forAllTaskDisplayAreas(WindowContainer.java:1966)
06-09 11:43:19.468 487 533 W System.err: at com.android.server.wm.WindowContainer.forAllTaskDisplayAreas(WindowContainer.java:1977)
06-09 11:43:19.468 487 533 W System.err: at com.android.server.wm.RootWindowContainer.startHomeOnEmptyDisplays(RootWindowContainer.java:1483)
06-09 11:43:19.468 487 533 W System.err: at com.android.server.wm.ActivityTaskSupervisor$ActivityTaskSupervisorHandler.handleMessageInner(ActivityTaskSupervisor.java:2642)
06-09 11:43:19.468 487 533 W System.err: at com.android.server.wm.ActivityTaskSupervisor$ActivityTaskSupervisorHandler.handleMessage(ActivityTaskSupervisor.java:2548)
06-09 11:43:19.468 487 533 W System.err: at android.os.Handler.dispatchMessage(Handler.java:106)
06-09 11:43:19.468 487 533 W System.err: at android.os.Looper.loopOnce(Looper.java:201)
06-09 11:43:19.468 487 533 W System.err: at android.os.Looper.loop(Looper.java:288)
06-09 11:43:19.468 487 533 W System.err: at android.os.HandlerThread.run(HandlerThread.java:67)
06-09 11:43:19.468 487 533 W System.err: at com.android.server.ServiceThread.run(ServiceThread.java:44)
06-09 11:43:19.468 487 533 W System.err: Caused by: java.io.IOException: error=2, No such file or directory
06-09 11:43:19.468 487 533 W System.err: at java.lang.UNIXProcess.forkAndExec(Native Method)
06-09 11:43:19.468 487 533 W System.err: at java.lang.UNIXProcess.(UNIXProcess.java:133)
06-09 11:43:19.468 487 533 W System.err: at java.lang.ProcessImpl.start(ProcessImpl.java:141)
06-09 11:43:19.468 487 533 W System.err: at java.lang.ProcessBuilder.start(ProcessBuilder.java:1029)
06-09 11:43:19.468 487 533 W System.err: ... 30 more
06-09 11:43:19.469 276 276 I AW_PowerHAL: Power setMode: SUSTAINED_PERFORMANCE to: 1
06-09 11:43:19.471 487 533 D CompatibilityChangeReporter: Compat change id reported: 168419799; UID 1000; state: DISABLED
01-01 08:00:21.912 669 669 E sprdwl : __sprdwl_cmd_getbuf cant't get vif, ctx_id: 0
06-09 11:43:19.475 487 547 W Searchables: No global search activity found
06-09 11:43:19.482 684 949 V WallpaperService: Setting wallpaper dimming: 0.05
06-09 11:43:19.487 487 848 D CompatibilityChangeReporter: Compat change id reported: 168419799; UID 10074; state: DISABLED
06-09 11:43:19.487 487 848 W ActivityManager: Slow operation: 91ms so far, now at attachApplicationLocked: immediately before bindApplication
06-09 11:43:19.489 487 487 V NotificationAssistants: disabling notification assistant for user 0: ComponentInfo{android.ext.services/android.ext.services.notification.Assistant}
06-09 11:43:19.490 487 848 W ActivityManager: Slow operation: 93ms so far, now at attachApplicationLocked: immediately after bindApplication
06-09 11:43:19.490 487 1047 E TaskPersister: File error accessing recents directory (directory doesn't exist?).
06-09 11:43:19.491 487 848 W ActivityManager: Slow operation: 95ms so far, now at attachApplicationLocked: after updateLruProcessLocked
06-09 11:43:19.491 487 487 D NotificationListeners: Removing active service ComponentInfo{android.ext.services/android.ext.services.notification.Assistant}
06-09 11:43:19.498 487 848 W ActivityManager: Slow operation: 102ms so far, now at attachApplicationLocked: after mServices.attachApplicationLocked
06-09 11:43:19.502 1030 1030 D CompatibilityChangeReporter: Compat change id reported: 171979766; UID 10074; state: DISABLED
06-09 11:43:19.503 487 549 W ActivityManager: Slow operation: 320ms so far, now at startProcess: done updating battery stats
06-09 11:43:19.503 487 549 W ActivityManager: Slow operation: 320ms so far, now at startProcess: building log message
06-09 11:43:19.503 487 549 I ActivityManager: app.processName = com.dangbei.lerad.etna.haqu
06-09 11:43:19.503 487 549 I ActivityManager: Start proc 1050:com.dangbei.lerad.etna.haqu/1000 for added application com.dangbei.lerad.etna.haqu
06-09 11:43:19.503 487 549 W ActivityManager: Slow operation: 320ms so far, now at startProcess: starting to update pids map
06-09 11:43:19.503 487 549 W ActivityManager: Slow operation: 320ms so far, now at startProcess: done updating pids map
06-09 11:43:19.503 487 549 W ActivityManager: Slow operation: 243ms so far, now at startProcess: asking zygote to start proc
06-09 11:43:19.504 487 549 D CompatibilityChangeReporter: Compat change id reported: 143937733; UID 10019; state: ENABLED
06-09 11:43:19.506 487 547 I ActivityManager: com.android.keychain is exempt from freezer
06-09 11:43:19.507 276 276 W AW_PowerHAL: Could not open nsi-bw: No such file or directory
06-09 11:43:19.508 276 276 I AW_PowerHAL: cur-mode:PERFORMANCE
06-09 11:43:19.511 487 533 I ActivityManager: com.dangbei.leard.leradlauncher is exempt from freezer
06-09 11:43:19.526 322 329 D XM_HIDREAD: add@ add@/devices/platform/soc@3000000/5200400.ohci1-controller/usb6
01-01 08:00:21.972 179 179 I usb6 : New USB device found, idVendor=1d6b, idProduct=0001, bcdDevice= 5.04
01-01 08:00:21.972 179 179 I usb6 : New USB device strings: Mfr=3, Product=2, SerialNumber=1
01-01 08:00:21.972 179 179 I usb6 : Product: OHCI Host Controller
01-01 08:00:21.972 179 179 I usb6 : Manufacturer: Linux 5.4.125+ ohci_hcd
01-01 08:00:21.972 179 179 I usb6 : SerialNumber: sunxi-ohci
06-09 11:43:19.531 322 329 D XM_HIDREAD: add@ add@/devices/platform/soc@3000000/5200400.ohci1-controller/usb6/6-0:1.0
01-01 08:00:21.981 179 179 I hub 6-0 : 1.0: USB hub found
01-01 08:00:21.981 179 179 I hub 6-0 : 1.0: 1 port detected
06-09 11:43:19.537 257 257 D Zygote : Forked child process 1071
06-09 11:43:19.538 487 549 W ActivityManager: Slow operation: 278ms so far, now at startProcess: returned from zygote!
06-09 11:43:19.539 322 329 D XM_HIDREAD: add@ add@/devices/virtual/devlink/regulator.8--5310400.ohci2-controller
01-01 08:00:21.987 179 179 W : sunxi ohci2-controller don't init wakeup source
01-01 08:00:21.987 179 179 W [sunxi-ohci2]: probe, pdev->name: 5310400.ohci2-controller, sunxi_ohci: 0xffffffc008f820f8
01-01 08:00:21.988 179 179 I sunxi-ohci 5310400.ohci2-controller: OHCI Host Controller
01-01 08:00:21.988 179 179 I sunxi-ohci 5310400.ohci2-controller: new USB bus registered, assigned bus number 7
01-01 08:00:21.988 179 179 E debugfs : Directory 'sunxi-ohci' with parent 'ohci' already present!
06-09 11:43:19.541 487 487 V NotificationAssistants: enabling notification assistant for 0: ComponentInfo{android.ext.services/android.ext.services.notification.Assistant}
06-09 11:43:19.542 487 549 W ActivityManager: Slow operation: 282ms so far, now at startProcess: done updating battery stats
06-09 11:43:19.543 487 549 W ActivityManager: Slow operation: 283ms so far, now at startProcess: building log message
06-09 11:43:19.543 487 549 I ActivityManager: app.processName = com.android.traceur
06-09 11:43:19.543 487 549 I ActivityManager: Start proc 1071:com.android.traceur/u0a19 for broadcast {com.android.traceur/com.android.traceur.Receiver}
06-09 11:43:19.543 487 549 W ActivityManager: Slow operation: 283ms so far, now at startProcess: starting to update pids map
06-09 11:43:19.543 487 549 W ActivityManager: Slow operation: 283ms so far, now at startProcess: done updating pids map
06-09 11:43:19.550 487 487 V NotificationAssistants: binding: Intent { act=android.service.notification.NotificationAssistantService cmp=android.ext.services/.notification.Assistant (has extras) }
01-01 08:00:21.999 179 179 I sunxi-ohci 5310400.ohci2-controller: irq 55, io mem 0x05310400
06-09 11:43:19.556 1071 1071 I Zygote : seccomp disabled by setenforce 0
06-09 11:43:19.564 257 257 D Zygote : Forked child process 1073
06-09 11:43:19.565 487 549 W ActivityManager: Slow operation: 60ms so far, now at startProcess: returned from zygote!
06-09 11:43:19.570 1050 1050 D CompatibilityChangeReporter: Compat change id reported: 171979766; UID 1000; state: DISABLED
06-09 11:43:19.573 487 487 W Looper : Slow delivery took 260ms main h=android.app.ActivityThread$H c=android.app.LoadedApk$ReceiverDispatcher$Args$$ExternalSyntheticLambda0@5f2e6 m=0
06-09 11:43:19.581 684 684 D TvPipController: onTaskStackChanged()
06-09 11:43:19.585 1073 1073 I Zygote : seccomp disabled by setenforce 0
06-09 11:43:19.588 1050 1050 D ApplicationLoaders: Returning zygote-cached class loader: /system/framework/android.test.base.jar
06-09 11:43:19.588 1050 1050 D ApplicationLoaders: Returning zygote-cached class loader: /system/framework/android.hidl.manager-V1.0-java.jar
06-09 11:43:19.588 1050 1050 D ApplicationLoaders: Returning zygote-cached class loader: /system/framework/android.hidl.base-V1.0-java.jar
06-09 11:43:19.603 393 408 I adbd : jdwp connection from 1071
06-09 11:43:19.604 487 649 I BackupManagerService: isBackupEnabled() => false due to absent settings file
06-09 11:43:19.604 487 649 D BackupManagerService: user:0 readBackupEnableState enabled:false
06-09 11:43:19.604 487 649 I BackupManagerService: [UserID:0] Backup enabled => false
06-09 11:43:19.604 487 549 W ActivityManager: Slow operation: 99ms so far, now at startProcess: done updating battery stats
06-09 11:43:19.605 487 549 W ActivityManager: Slow operation: 99ms so far, now at startProcess: building log message
06-09 11:43:19.605 487 549 I ActivityManager: app.processName = com.android.keychain
06-09 11:43:19.606 487 549 I ActivityManager: Start proc 1073:com.android.keychain/1000 for service {com.android.keychain/com.android.keychain.KeyChainService}
06-09 11:43:19.607 197 197 I hwservicemanager: getTransport: Cannot find entry android.hardware.graphics.mapper@4.0::IMapper/default in either framework or device VINTF manifest.
06-09 11:43:19.608 684 949 I Gralloc4: mapper 4.x is not supported
06-09 11:43:19.608 197 197 I hwservicemanager: getTransport: Cannot find entry android.hardware.graphics.mapper@3.0::IMapper/default in either framework or device VINTF manifest.
06-09 11:43:19.608 684 949 W Gralloc3: mapper 3.x is not supported
06-09 11:43:19.612 322 329 D XM_HIDREAD: add@ add@/devices/platform/soc@3000000/5310400.ohci2-controller/usb7
01-01 08:00:22.060 179 179 I usb7 : New USB device found, idVendor=1d6b, idProduct=0001, bcdDevice= 5.04
01-01 08:00:22.060 179 179 I usb7 : New USB device strings: Mfr=3, Product=2, SerialNumber=1
01-01 08:00:22.060 179 179 I usb7 : Product: OHCI Host Controller
01-01 08:00:22.060 179 179 I usb7 : Manufacturer: Linux 5.4.125+ ohci_hcd
01-01 08:00:22.060 179 179 I usb7 : SerialNumber: sunxi-ohci
01-01 08:00:22.062 179 179 I hub 7-0 : 1.0: USB hub found
01-01 08:00:22.062 179 179 I hub 7-0 : 1.0: 1 port detected
06-09 11:43:19.613 322 329 D XM_HIDREAD: add@ add@/devices/platform/soc@3000000/5310400.ohci2-controller/usb7/7-0:1.0
06-09 11:43:19.617 322 329 D XM_HIDREAD: add@ add@/devices/virtual/devlink/regulator.8--5311400.ohci3-controller
01-01 08:00:22.065 179 179 W : sunxi ohci3-controller don't init wakeup source
06-09 11:43:19.628 393 408 I adbd : jdwp connection from 1073
01-01 08:00:22.065 179 179 W [sunxi-ohci3]: probe, pdev->name: 5311400.ohci3-controller, sunxi_ohci: 0xffffffc008f827b8
01-01 08:00:22.067 179 179 I sunxi-ohci 5311400.ohci3-controller: OHCI Host Controller
01-01 08:00:22.067 179 179 I sunxi-ohci 5311400.ohci3-controller: new USB bus registered, assigned bus number 8
01-01 08:00:22.067 179 179 E debugfs : Directory 'sunxi-ohci' with parent 'ohci' already present!
06-09 11:43:19.630 487 549 W ActivityManager: Slow operation: 125ms so far, now at startProcess: starting to update pids map
06-09 11:43:19.630 487 549 W ActivityManager: Slow operation: 125ms so far, now at startProcess: done updating pids map
06-09 11:43:19.630 487 549 W ActivityManager: Slow operation: 120ms so far, now at startProcess: asking zygote to start proc
01-01 08:00:22.079 179 179 I sunxi-ohci 5311400.ohci3-controller: irq 57, io mem 0x05311400
06-09 11:43:19.637 487 848 D CompatibilityChangeReporter: Compat change id reported: 168419799; UID 10019; state: DISABLED
06-09 11:43:19.649 684 949 E gralloc : Arm Module v1.0
06-09 11:43:19.653 257 257 D Zygote : Forked child process 1103
06-09 11:43:19.654 487 549 W ActivityManager: Slow operation: 144ms so far, now at startProcess: returned from zygote!
06-09 11:43:19.654 197 197 I hwservicemanager: getTransport: Cannot find entry android.hardware.graphics.allocator@4.0::IAllocator/default in either framework or device VINTF manifest.
06-09 11:43:19.655 684 949 W Gralloc4: allocator 4.x is not supported
06-09 11:43:19.655 197 197 I hwservicemanager: getTransport: Cannot find entry android.hardware.graphics.allocator@3.0::IAllocator/default in either framework or device VINTF manifest.
06-09 11:43:19.656 684 949 W Gralloc3: allocator 3.x is not supported
06-09 11:43:19.662 1103 1103 I Zygote : seccomp disabled by setenforce 0
06-09 11:43:19.668 267 267 I gralloc : alloc buffer:W:1920 H:1080 S:1920 PL[1920 1080] SZ:8294400 fmt:43 if:0 af:43 usg:20000b00 fg:00000004
06-09 11:43:19.670 684 949 E ion : ioctl c0044901 failed with code -1: Inappropriate ioctl for device
06-09 11:43:19.671 487 549 W ActivityManager: Slow operation: 161ms so far, now at startProcess: done updating battery stats
06-09 11:43:19.671 487 549 W ActivityManager: Slow operation: 161ms so far, now at startProcess: building log message
06-09 11:43:19.671 487 549 I ActivityManager: app.processName = com.dangbei.leard.leradlauncher
06-09 11:43:19.671 487 549 I ActivityManager: Start proc 1103:com.dangbei.leard.leradlauncher/1000 for top-activity {com.dangbei.leard.leradlauncher/com.dangbei.launcher.home.LauncherActivity}
06-09 11:43:19.671 487 549 W ActivityManager: Slow operation: 161ms so far, now at startProcess: starting to update pids map
06-09 11:43:19.672 487 549 W ActivityManager: Slow operation: 162ms so far, now at startProcess: done updating pids map
06-09 11:43:19.676 1071 1071 D CompatibilityChangeReporter: Compat change id reported: 171979766; UID 10019; state: ENABLED
06-09 11:43:19.677 1050 1050 E lerad.etna.haq: Dex checksum does not match for dex: /system/priv-app/dangbei-etna-service/dangbei-etna-service.apk.Expected: 3515138170, actual: 4233525070
01-01 08:00:22.140 179 179 I usb8 : New USB device found, idVendor=1d6b, idProduct=0001, bcdDevice= 5.04
01-01 08:00:22.140 179 179 I usb8 : New USB device strings: Mfr=3, Product=2, SerialNumber=1
01-01 08:00:22.140 179 179 I usb8 : Product: OHCI Host Controller
01-01 08:00:22.140 179 179 I usb8 : Manufacturer: Linux 5.4.125+ ohci_hcd
01-01 08:00:22.140 179 179 I usb8 : SerialNumber: sunxi-ohci
06-09 11:43:19.695 322 329 D XM_HIDREAD: add@ add@/devices/platform/soc@3000000/5311400.ohci3-controller/usb8
06-09 11:43:19.698 322 329 D XM_HIDREAD: add@ add@/devices/platform/soc@3000000/5311400.ohci3-controller/usb8/8-0:1.0
06-09 11:43:19.700 267 267 I gralloc : alloc buffer:W:1920 H:1080 S:1920 PL[1920 1080] SZ:8294400 fmt:43 if:0 af:43 usg:20000b00 fg:00000004
06-09 11:43:19.702 487 487 I AccountManagerService: User 0 is unlocked - opening CE database
06-09 11:43:19.702 271 271 W sunxihwc: computeLayerMemoryFootprint: Unknown pixelformat(-1)
01-01 08:00:22.147 179 179 I hub 8-0 : 1.0: USB hub found
01-01 08:00:22.147 179 179 I hub 8-0 : 1.0: 1 port detected
06-09 11:43:19.704 322 329 D XM_HIDREAD: add@ add@/bus/platform/drivers/sunxi-ohci
06-09 11:43:19.705 322 329 D XM_HIDREAD: add@ add@/module/ohci_sunxi
06-09 11:43:19.706 393 408 I adbd : jdwp connection from 1103
01-01 08:00:22.204 35 35 I usb 5-1 : new full-speed USB device number 2 using sunxi-ohci
06-09 11:43:19.768 487 848 D CompatibilityChangeReporter: Compat change id reported: 168419799; UID 1000; state: DISABLED
01-01 08:00:22.217 179 179 D : get det_vbus is fail, -84
01-01 08:00:22.217 179 179 D : get id is fail, -84
06-09 11:43:19.769 1030 1030 V GraphicsEnvironment: ANGLE Developer option for 'com.android.providers.media.module' set to: 'default'
06-09 11:43:19.769 1030 1030 V GraphicsEnvironment: Neither updatable production driver nor prerelease driver is supported.
06-09 11:43:19.772 1030 1030 D NetworkSecurityConfig: No Network Security Config specified, using platform default
06-09 11:43:19.773 1030 1030 D NetworkSecurityConfig: No Network Security Config specified, using platform default
06-09 11:43:19.778 322 329 D XM_HIDREAD: add@ add@/bus/platform/drivers/otg manager
06-09 11:43:19.778 322 329 D XM_HIDREAD: add@ add@/module/sunxi_usbc
06-09 11:43:19.787 1119 1119 I AidlLazyServiceRegistrar: Registering service gsiservice
06-09 11:43:19.813 1073 1073 D CompatibilityChangeReporter: Compat change id reported: 171979766; UID 1000; state: ENABLED
06-09 11:43:19.824 487 848 D AW_CODE : rotation =0
06-09 11:43:19.847 487 848 D CompatibilityChangeReporter: Compat change id reported: 174042980; UID 1000; state: DISABLED
06-09 11:43:19.872 487 848 W ActivityManager: Slow operation: 69ms so far, now at attachApplicationLocked: after mServices.attachApplicationLocked
06-09 11:43:19.878 1124 1124 D VoHCI : VoHCI service version: v1.0.0
06-09 11:43:19.881 1124 1124 E VoHCI : Cannot get card id for name: VoHCILoopback
06-09 11:43:19.885 1103 1103 D CompatibilityChangeReporter: Compat change id reported: 171979766; UID 1000; state: DISABLED
06-09 11:43:19.899 1050 1050 V GraphicsEnvironment: ANGLE Developer option for 'com.dangbei.lerad.etna.haqu' set to: 'default'
06-09 11:43:19.899 1071 1071 V GraphicsEnvironment: ANGLE Developer option for 'com.android.traceur' set to: 'default'
06-09 11:43:19.899 1071 1071 V GraphicsEnvironment: Neither updatable production driver nor prerelease driver is supported.
06-09 11:43:19.900 1050 1050 V GraphicsEnvironment: Neither updatable production driver nor prerelease driver is supported.
06-09 11:43:19.902 1071 1071 D NetworkSecurityConfig: No Network Security Config specified, using platform default
06-09 11:43:19.904 487 487 W Looper : Slow dispatch took 326ms main h=android.app.ActivityThread$H c=android.app.LoadedApk$ReceiverDispatcher$Args$$ExternalSyntheticLambda0@5b126a0 m=0
06-09 11:43:19.907 487 676 I SyncManager: Loaded persisted syncs: 0 periodic syncs, 0 oneshot syncs, 16 total system server jobs, JobStats: FirstLoad: 5/2/0 LastSave: -1/-1/-1
06-09 11:43:19.907 1071 1071 D NetworkSecurityConfig: No Network Security Config specified, using platform default
06-09 11:43:19.912 1050 1050 D NetworkSecurityConfig: Using Network Security Config from resource network_security_config debugBuild: false
06-09 11:43:19.912 1103 1103 D ApplicationLoaders: Returning zygote-cached class loader: /system/framework/android.test.base.jar
06-09 11:43:19.912 1103 1103 D ApplicationLoaders: Returning zygote-cached class loader: /system/framework/android.hidl.manager-V1.0-java.jar
06-09 11:43:19.912 1103 1103 D ApplicationLoaders: Returning zygote-cached class loader: /system/framework/android.hidl.base-V1.0-java.jar
06-09 11:43:19.913 277 277 D hdmi-cec: cec physical address: 2.0.0.0
06-09 11:43:19.915 277 277 D hdmi-cec: cec physical address: 2.0.0.0
06-09 11:43:19.916 277 277 D hdmi-cec: cec physical address: 2.0.0.0
06-09 11:43:19.918 277 277 D hdmi-cec: addLogicalAddress (4)
06-09 11:43:19.920 1050 1050 D NetworkSecurityConfig: Using Network Security Config from resource network_security_config debugBuild: false
06-09 11:43:19.942 1030 1030 V MediaProvider: Attached media from com.android.providers.media.module
01-01 08:00:22.439 35 35 I usb 5-1 : New USB device found, idVendor=046d, idProduct=c092, bcdDevice=52.00
01-01 08:00:22.439 35 35 I usb 5-1 : New USB device strings: Mfr=1, Product=2, SerialNumber=3
01-01 08:00:22.439 35 35 I usb 5-1 : Product: G102 LIGHTSYNC Gaming Mouse
01-01 08:00:22.439 35 35 I usb 5-1 : Manufacturer: Logitech
01-01 08:00:22.439 35 35 I usb 5-1 : SerialNumber: 205B36775633
06-09 11:43:19.992 322 329 D XM_HIDREAD: add@ add@/devices/platform/soc@3000000/5101400.ohci0-controller/usb5/5-1
06-09 11:43:19.997 1071 1071 I Traceur : Received BOOT_COMPLETE
06-09 11:43:19.999 322 329 D XM_HIDREAD: add@ add@/devices/platform/soc@3000000/5101400.ohci0-controller/usb5/5-1/5-1:1.0
06-09 11:43:20.010 322 329 D XM_HIDREAD: add@ add@/devices/platform/soc@3000000/5101400.ohci0-controller/usb5/5-1/5-1:1.0/0003:046D:C092.0001
06-09 11:43:20.011 322 329 D XM_HIDREAD: add@ add@/devices/platform/soc@3000000/5101400.ohci0-controller/usb5/5-1/5-1:1.0/0003:046D:C092.0001/input/input2
01-01 08:00:22.460 35 35 I input : Logitech G102 LIGHTSYNC Gaming Mouse as /devices/platform/soc@3000000/5101400.ohci0-controller/usb5/5-1/5-1:1.0/0003:046D:C092.0001/input/input2
01-01 08:00:22.464 35 35 I hid-generic 0003: 046D:C092.0001: input,hidraw0: USB HID v1.11 Mouse [Logitech G102 LIGHTSYNC Gaming Mouse] on usb-sunxi-ohci-1/input0
01-01 08:00:22.476 35 35 I input : Logitech G102 LIGHTSYNC Gaming Mouse Keyboard as /devices/platform/soc@3000000/5101400.ohci0-controller/usb5/5-1/5-1:1.1/0003:046D:C092.0002/input/input3
01-01 08:00:22.482 35 35 I input : Logitech G102 LIGHTSYNC Gaming Mouse Consumer Control as /devices/platform/soc@3000000/5101400.ohci0-controller/usb5/5-1/5-1:1.1/0003:046D:C092.0002/input/input4
01-01 08:00:22.484 35 35 I input : Logitech G102 LIGHTSYNC Gaming Mouse System Control as /devices/platform/soc@3000000/5101400.ohci0-controller/usb5/5-1/5-1:1.1/0003:046D:C092.0002/input/input5
06-09 11:43:20.013 322 329 D XM_HIDREAD: add@ add@/devices/platform/soc@3000000/5101400.ohci0-controller/usb5/5-1/5-1:1.0/0003:046D:C092.0001/input/input2/event2
06-09 11:43:20.014 322 329 D XM_HIDREAD: add@ add@/devices/platform/soc@3000000/5101400.ohci0-controller/usb5/5-1/5-1:1.0/0003:046D:C092.0001/hidraw/hidraw0
06-09 11:43:20.014 322 329 D XM_HIDREAD: ready open:/dev/hidraw0
06-09 11:43:20.014 322 329 D XM_HIDREAD: open:/dev/hidraw0 resultFD:-1
06-09 11:43:20.015 322 329 E XM_HIDREAD: open hidraw error: No such file or directory, wait to retry...
06-09 11:43:20.020 277 277 D hdmi-cec: cec physical address: 2.0.0.0
06-09 11:43:20.022 277 277 D hdmi-cec: cec physical address: 2.0.0.0
06-09 11:43:20.030 277 277 D hdmi-cec: cec physical address: 2.0.0.0
06-09 11:43:20.053 487 848 I ActivityManager: com.oranth.ledstatus is exempt from freezer
06-09 11:43:20.054 487 848 D CompatibilityChangeReporter: Compat change id reported: 135634846; UID 1000; state: DISABLED
06-09 11:43:20.082 257 257 D Zygote : Forked child process 1133
06-09 11:43:20.083 336 338 D DONGLE_SERVICE: check_smartctrl_hidraw_node, vid=1133, pid =49298
06-09 11:43:20.083 336 338 E DONGLE_SERVICE: not supported: /dev/hidraw0
01-01 08:00:22.538 35 35 I hid-generic 0003: 046D:C092.0002: input,hiddev96,hidraw1: USB HID v1.11 Keyboard [Logitech G102 LIGHTSYNC Gaming Mouse] on usb-sunxi-ohci-1/input1
06-09 11:43:20.092 487 549 I ActivityManager: app.processName = com.oranth.ledstatus
06-09 11:43:20.092 487 549 I ActivityManager: Start proc 1133:com.oranth.ledstatus/1000 for broadcast {com.oranth.ledstatus/com.oranth.ledstatus.BootCompletedReceiver}
06-09 11:43:20.096 487 606 D EventHub: No input device configuration file found for device 'Logitech G102 LIGHTSYNC Gaming Mouse'.
06-09 11:43:20.097 1133 1133 I Zygote : seccomp disabled by setenforce 0
06-09 11:43:20.099 487 606 I EventHub: usingClockIoctl=true
06-09 11:43:20.100 487 606 I EventHub: New device: id=3, fd=322, path='/dev/input/event2', name='Logitech G102 LIGHTSYNC Gaming Mouse', classes=CURSOR | EXTERNAL, configuration='', keyLayout='', keyCharacterMap='', builtinKeyboard=false,
06-09 11:43:20.100 487 606 I InputReader: Device added: id=4, eventHubId=3, name='Logitech G102 LIGHTSYNC Gaming Mouse', descriptor='0c945141df4847607bfc33914f112e8b3a79788d',sources=0x00002002
06-09 11:43:20.105 1133 1133 I ranth.ledstatu: Late-enabling -Xcheck:jni
06-09 11:43:20.114 1050 1050 I MultiDex: VM with version 2.1.0 has multidex support
06-09 11:43:20.114 1050 1050 I MultiDex: Installing application
06-09 11:43:20.114 1050 1050 I MultiDex: VM has multidex support, MultiDex support library is disabled.
06-09 11:43:20.115 322 329 E XM_HIDREAD: trying to reopen hidraw: /dev/hidraw0
06-09 11:43:20.115 322 329 D XM_HIDREAD: ready open:/dev/hidraw0
06-09 11:43:20.115 487 693 D UsbHostManager: USB device attached: vidpid 046d:c092 mfg/product/ver/serial Logitech/G102 LIGHTSYNC Gaming Mouse/52.00/205B36775633 hasAudio/HID/Storage: false/true/false
06-09 11:43:20.121 1030 1030 I TranscodeHelper: Empty transcode compat stale
06-09 11:43:20.124 1030 1030 I TranscodeHelper: Parsed 0 packages from resource
06-09 11:43:20.128 1030 1030 I TranscodeHelper: Empty device config transcode compat manifest
06-09 11:43:20.138 487 693 D UsbDeviceDescriptor: 1 configs
06-09 11:43:20.139 487 549 W ActivityManager: Slow operation: 68ms so far, now at startProcess: done updating pids map
06-09 11:43:20.140 337 337 I rainbow_flow: type=1400 audit(0.0:419): avc: denied { ioctl } for path="/dev/spidev1.0" dev="tmpfs" ino=6881 ioctlcmd=0x6b00 scontext=u:r:init:s0 tcontext=u:object_r:device:s0 tclass=chr_file permissive=1
06-09 11:43:20.159 336 338 D DONGLE_SERVICE: check_smartctrl_hidraw_node, vid=1133, pid =49298
06-09 11:43:20.159 336 338 E DONGLE_SERVICE: not supported: /dev/hidraw1
06-09 11:43:20.160 322 329 D XM_HIDREAD: open:/dev/hidraw0 resultFD:8
06-09 11:43:20.160 322 329 D XM_HIDREAD: 1 ready ioctl hidrawFD 8
06-09 11:43:20.160 322 329 D XM_HIDREAD: 2 ready ioctl hidrawFD 8
06-09 11:43:20.160 277 277 D hdmi-cec: cec physical address: 2.0.0.0
06-09 11:43:20.160 322 329 D XM_HIDREAD: 3 ready ioctl hidrawFD 8
06-09 11:43:20.160 322 329 D XM_HIDREAD: 4 ready ioctl hidrawFD 8
06-09 11:43:20.160 322 329 D XM_HIDREAD: ioctl hidrawFD HIDIOCGRDESC ret 0
06-09 11:43:20.160 322 329 D XM_HIDREAD: dinfo.vendor:1133,dinfo.product:49298
06-09 11:43:20.160 322 329 E XM_HIDREAD: : /dev/hidraw0
06-09 11:43:20.160 322 329 D XM_HIDREAD: add@ add@/devices/platform/soc@3000000/5101400.ohci0-controller/usb5/5-1/5-1:1.1
06-09 11:43:20.160 322 329 D XM_HIDREAD: add@ add@/devices/platform/soc@3000000/5101400.ohci0-controller/usb5/5-1/5-1:1.1/0003:046D:C092.0002
06-09 11:43:20.160 322 329 D XM_HIDREAD: add@ add@/devices/platform/soc@3000000/5101400.ohci0-controller/usb5/5-1/5-1:1.1/0003:046D:C092.0002/input/input3
06-09 11:43:20.160 322 329 D XM_HIDREAD: add@ add@/devices/platform/soc@3000000/5101400.ohci0-controller/usb5/5-1/5-1:1.1/0003:046D:C092.0002/input/input3/event3
06-09 11:43:20.160 322 329 D XM_HIDREAD: add@ add@/devices/platform/soc@3000000/5101400.ohci0-controller/usb5/5-1/5-1:1.1/0003:046D:C092.0002/input/input4
06-09 11:43:20.160 322 329 D XM_HIDREAD: add@ add@/devices/platform/soc@3000000/5101400.ohci0-controller/usb5/5-1/5-1:1.1/0003:046D:C092.0002/input/input4/event4
06-09 11:43:20.160 322 329 D XM_HIDREAD: add@ add@/devices/platform/soc@3000000/5101400.ohci0-controller/usb5/5-1/5-1:1.1/0003:046D:C092.0002/input/input5
06-09 11:43:20.161 322 329 D XM_HIDREAD: add@ add@/devices/platform/soc@3000000/5101400.ohci0-controller/usb5/5-1/5-1:1.1/0003:046D:C092.0002/input/input5/event5
06-09 11:43:20.161 322 329 D XM_HIDREAD: add@ add@/class/usbmisc
06-09 11:43:20.161 322 329 D XM_HIDREAD: add@ add@/devices/platform/soc@3000000/5101400.ohci0-controller/usb5/5-1/5-1:1.1/usbmisc/hiddev0
06-09 11:43:20.161 322 329 D XM_HIDREAD: add@ add@/devices/platform/soc@3000000/5101400.ohci0-controller/usb5/5-1/5-1:1.1/0003:046D:C092.0002/hidraw/hidraw1
06-09 11:43:20.161 322 329 D XM_HIDREAD: ready open:/dev/hidraw1
06-09 11:43:20.161 322 329 D XM_HIDREAD: open:/dev/hidraw1 resultFD:9
06-09 11:43:20.161 322 329 D XM_HIDREAD: 1 ready ioctl hidrawFD 9
06-09 11:43:20.161 322 329 D XM_HIDREAD: 2 ready ioctl hidrawFD 9
06-09 11:43:20.161 322 329 D XM_HIDREAD: 3 ready ioctl hidrawFD 9
06-09 11:43:20.161 322 329 D XM_HIDREAD: 4 ready ioctl hidrawFD 9
06-09 11:43:20.161 322 329 D XM_HIDREAD: ioctl hidrawFD HIDIOCGRDESC ret 0
06-09 11:43:20.161 322 329 D XM_HIDREAD: dinfo.vendor:1133,dinfo.product:49298
06-09 11:43:20.161 322 329 E XM_HIDREAD: : /dev/hidraw1
06-09 11:43:20.161 322 329 D XM_HIDREAD: add@ add@/devices/virtual/wakeup/wakeup26
06-09 11:43:20.156 336 336 I xiriservice_All: type=1400 audit(0.0:420): avc: denied { read } for scontext=u:r:init:s0 tcontext=u:r:init:s0 tclass=netlink_kobject_uevent_socket permissive=1
06-09 11:43:20.156 322 322 I xm_hidread: type=1400 audit(0.0:421): avc: denied { read write } for name="hidraw1" dev="tmpfs" ino=16017 scontext=u:r:init:s0 tcontext=u:object_r:device:s0 tclass=chr_file permissive=1
06-09 11:43:20.156 322 322 I xm_hidread: type=1400 audit(0.0:422): avc: denied { open } for path="/dev/hidraw1" dev="tmpfs" ino=16017 scontext=u:r:init:s0 tcontext=u:object_r:device:s0 tclass=chr_file permissive=1
06-09 11:43:20.163 487 606 D EventHub: No input device configuration file found for device 'Logitech G102 LIGHTSYNC Gaming Mouse Keyboard'.
06-09 11:43:20.167 487 848 W StorageManagerService: Reporting emulated;0 unmounted due to system locked
06-09 11:43:20.167 277 277 D hdmi-cec: cec physical address: 2.0.0.0
06-09 11:43:20.187 393 408 I adbd : jdwp connection from 1133
06-09 11:43:20.187 487 487 W Looper : Slow dispatch took 272ms main h=android.os.Handler c=com.android.server.hdmi.WorkSourceUidPreservingRunnable@ddbf5a6 m=0
06-09 11:43:20.193 322 329 D XM_HIDREAD: add@ add@/devices/virtual/wakeup/wakeup27
06-09 11:43:20.193 487 693 D UsbHostManager: Added device UsbDevice[mName=/dev/bus/usb/005/002,mVendorId=1133,mProductId=49298,mClass=0,mSubclass=0,mProtocol=0,mManufacturerName=Logitech,mProductName=G102 LIGHTSYNC Gaming Mouse,mVersion=52.00,mSerialNumberReader=com.android.server.usb.UsbSerialReader@66f2a0b, mHasAudioPlayback=false, mHasAudioCapture=false, mHasMidi=false, mHasVideoCapture=false, mHasVideoPlayback=false, mConfigurations=[
06-09 11:43:20.193 487 693 D UsbHostManager: UsbConfiguration[mId=1,mName=U152.00_B0010 ,mAttributes=160,mMaxPower=150,mInterfaces=[
06-09 11:43:20.193 487 693 D UsbHostManager: UsbInterface[mId=0,mAlternateSetting=0,mName=null,mClass=3,mSubclass=1,mProtocol=2,mEndpoints=[
06-09 11:43:20.193 487 693 D UsbHostManager: UsbEndpoint[mAddress=129,mAttributes=3,mMaxPacketSize=8,mInterval=1]]
06-09 11:43:20.193 487 693 D UsbHostManager: UsbInterface[mId=1,mAlternateSetting=0,mName=null,mClass=3,mSubclass=0,mProtocol=0,mEndpoints=[
06-09 11:43:20.193 487 693 D UsbHostManager: UsbEndpoint[mAddress=130,mAttributes=3,mMaxPacketSize=20,mInterval=1]]]]
06-09 11:43:20.194 487 606 I EventHub: usingClockIoctl=true
06-09 11:43:20.194 487 606 I EventHub: New device: id=4, fd=330, path='/dev/input/event3', name='Logitech G102 LIGHTSYNC Gaming Mouse Keyboard', classes=KEYBOARD | ALPHAKEY | EXTERNAL, configuration='', keyLayout='/system/usr/keylayout/Generic.kl', keyCharacterMap='/system/usr/keychars/Generic.kcm', builtinKeyboard=false,
06-09 11:43:20.195 487 606 D EventHub: No input device configuration file found for device 'Logitech G102 LIGHTSYNC Gaming Mouse Consumer Control'.
06-09 11:43:20.197 1073 1073 V GraphicsEnvironment: ANGLE Developer option for 'com.android.keychain' set to: 'default'
06-09 11:43:20.197 1073 1073 V GraphicsEnvironment: Neither updatable production driver nor prerelease driver is supported.
06-09 11:43:20.199 1030 1030 V MediaStore: Examining volume emulated;0 with name external_primary and state checking
06-09 11:43:20.202 1073 1073 D NetworkSecurityConfig: No Network Security Config specified, using platform default
06-09 11:43:20.202 1073 1073 D NetworkSecurityConfig: No Network Security Config specified, using platform default
06-09 11:43:20.210 322 329 D XM_HIDREAD: add@ add@/devices/virtual/wakeup/wakeup28
06-09 11:43:20.211 487 606 W EventHub: Unable to disable kernel key repeat for /dev/input/event4: Function not implemented
06-09 11:43:20.211 487 606 I EventHub: usingClockIoctl=true
06-09 11:43:20.211 487 606 I EventHub: New device: id=5, fd=332, path='/dev/input/event4', name='Logitech G102 LIGHTSYNC Gaming Mouse Consumer Control', classes=KEYBOARD | DPAD | JOYSTICK | EXTERNAL, configuration='', keyLayout='/system/usr/keylayout/Generic.kl', keyCharacterMap='/system/usr/keychars/Generic.kcm', builtinKeyboard=false,
06-09 11:43:20.212 487 606 D EventHub: No input device configuration file found for device 'Logitech G102 LIGHTSYNC Gaming Mouse System Control'.
06-09 11:43:20.214 487 487 V NotificationAssistants: 0 notification assistant service connected: ComponentInfo{android.ext.services/android.ext.services.notification.Assistant}
06-09 11:43:20.219 1103 1103 V GraphicsEnvironment: ANGLE Developer option for 'com.dangbei.leard.leradlauncher' set to: 'default'
06-09 11:43:20.219 1103 1103 V GraphicsEnvironment: Neither updatable production driver nor prerelease driver is supported.
06-09 11:43:20.221 1030 1030 D CompatibilityChangeReporter: Compat change id reported: 148180766; UID 10074; state: ENABLED
06-09 11:43:20.222 1103 1103 D NetworkSecurityConfig: Using Network Security Config from resource network_permission_config debugBuild: false
06-09 11:43:20.225 1103 1103 D NetworkSecurityConfig: Using Network Security Config from resource network_permission_config debugBuild: false
06-09 11:43:20.228 322 329 D XM_HIDREAD: add@ add@/devices/virtual/wakeup/wakeup29
06-09 11:43:20.229 487 606 W EventHub: Unable to disable kernel key repeat for /dev/input/event5: Function not implemented
06-09 11:43:20.229 487 606 I EventHub: usingClockIoctl=true
06-09 11:43:20.229 487 606 I EventHub: New device: id=6, fd=334, path='/dev/input/event5', name='Logitech G102 LIGHTSYNC Gaming Mouse System Control', classes=KEYBOARD | EXTERNAL, configuration='', keyLayout='/system/usr/keylayout/Generic.kl', keyCharacterMap='/system/usr/keychars/Generic.kcm', builtinKeyboard=false,
06-09 11:43:20.231 487 606 I InputReader: Device added: id=4, eventHubId=6, name='Logitech G102 LIGHTSYNC Gaming Mouse System Control', descriptor='0c945141df4847607bfc33914f112e8b3a79788d',sources=0x00002103
06-09 11:43:20.232 487 606 I InputReader: Device added: id=4, eventHubId=5, name='Logitech G102 LIGHTSYNC Gaming Mouse Consumer Control', descriptor='0c945141df4847607bfc33914f112e8b3a79788d',sources=0x01002313
06-09 11:43:20.232 487 606 I InputReader: Device added: id=4, eventHubId=4, name='Logitech G102 LIGHTSYNC Gaming Mouse Keyboard', descriptor='0c945141df4847607bfc33914f112e8b3a79788d',sources=0x01002313
06-09 11:43:20.233 487 548 D CompatibilityChangeReporter: Compat change id reported: 135634846; UID 10014; state: DISABLED
06-09 11:43:20.233 487 548 D CompatibilityChangeReporter: Compat change id reported: 177438394; UID 10014; state: DISABLED
06-09 11:43:20.234 487 548 D CompatibilityChangeReporter: Compat change id reported: 135772972; UID 10014; state: DISABLED
06-09 11:43:20.234 487 548 D CompatibilityChangeReporter: Compat change id reported: 135754954; UID 10014; state: ENABLED
06-09 11:43:20.237 487 549 D CompatibilityChangeReporter: Compat change id reported: 143937733; UID 10014; state: ENABLED
06-09 11:43:20.241 1030 1030 D PulledMetrics: Registering callback with StatsManager
06-09 11:43:20.264 257 257 D Zygote : Forked child process 1153
06-09 11:43:20.267 487 532 W IorapForwardingService: No service published for: iorapd
06-09 11:43:20.268 487 549 I ActivityManager: app.processName = android.process.media
06-09 11:43:20.268 487 549 I ActivityManager: Start proc 1153:android.process.media/u0a14 for broadcast {com.android.mtp/com.android.mtp.UsbIntentReceiver}
06-09 11:43:20.290 487 763 D CompatibilityChangeReporter: Compat change id reported: 168419799; UID 1000; state: DISABLED
06-09 11:43:20.294 1103 1103 I MultiDex: VM with version 2.1.0 has multidex support
06-09 11:43:20.295 1103 1103 I MultiDex: Installing application
06-09 11:43:20.295 1103 1103 I MultiDex: VM has multidex support, MultiDex support library is disabled.
06-09 11:43:20.307 487 487 W Looper : Drained
06-09 11:43:20.314 1153 1153 I Zygote : seccomp disabled by setenforce 0
06-09 11:43:20.314 1030 1149 V MediaProvider: onConfigure() for external.db
06-09 11:43:20.347 487 1012 I StorageUserConnection: Service: [ComponentInfo{com.android.providers.media.module/com.android.providers.media.fuse.ExternalStorageServiceImpl}] connected. User [0]
06-09 11:43:20.348 487 591 W StorageManagerService: Reporting emulated;0 unmounted due to system locked
06-09 11:43:20.358 1030 1154 I ExternalStorageServiceImpl: Starting session for id: emulated;0
06-09 11:43:20.361 1030 1154 V FuseDaemonThread: Waiting 1000ms for FUSE start. Count 4
06-09 11:43:20.362 393 408 I adbd : jdwp connection from 1153
06-09 11:43:20.366 1030 1149 V MediaProvider: onOpen() for external.db
06-09 11:43:20.368 1030 1149 V MediaProvider: onOpen() finished for external.db
06-09 11:43:20.377 383 383 W ServiceManager: Waited one second for gsiservice (is service started? are binder threads started and available?)
06-09 11:43:20.378 1133 1133 D CompatibilityChangeReporter: Compat change id reported: 171979766; UID 1000; state: DISABLED
06-09 11:43:20.382 196 196 I BpBinder: onLastStrongRef automatically unlinking death recipients:
06-09 11:43:20.383 1030 1163 I FuseDaemonThread: Starting thread for emulated;0 ...
06-09 11:43:20.386 1030 1163 I FuseDaemon: Starting fuse...
06-09 11:43:20.395 322 329 D XM_HIDREAD: remove@ remove@/devices/virtual/block/dm-4
06-09 11:43:20.399 322 329 D XM_HIDREAD: remove@ remove@/devices/virtual/bdi/253:4
06-09 11:43:20.396 29 29 I kdevtmpfs: type=1400 audit(0.0:423): avc: denied { setattr } for name="dm-4" dev="devtmpfs" ino=6472 scontext=u:r:kernel:s0 tcontext=u:object_r:device:s0 tclass=blk_file permissive=1
01-01 08:00:22.849 29 29 W audit : audit_lost=15 audit_rate_limit=5 audit_backlog_limit=64
01-01 08:00:22.849 29 29 E audit : rate limit exceeded
06-09 11:43:20.408 322 329 D XM_HIDREAD: remove@ remove@/devices/virtual/block/dm-4
06-09 11:43:20.414 487 591 D CompatibilityChangeReporter: Compat change id reported: 168419799; UID 10014; state: DISABLED
06-09 11:43:20.426 383 383 I update_engine: CheckTargetMergeState for vendor_b returned: 5
06-09 11:43:20.427 487 817 W StorageManagerService: Reporting emulated;0 unmounted due to system locked
06-09 11:43:20.436 677 677 D GattService: Unlocked userId 0
06-09 11:43:20.438 1153 1153 D CompatibilityChangeReporter: Compat change id reported: 171979766; UID 10014; state: ENABLED
01-01 08:00:22.896 350 350 I WCN : WCND at cmd read:3
06-09 11:43:20.451 487 487 W NotificationHistory: Attempted to add notif for locked/gone/disabled user 0
06-09 11:43:20.455 322 329 D XM_HIDREAD: remove@ remove@/devices/virtual/block/dm-0
06-09 11:43:20.464 1133 1133 D ApplicationLoaders: Returning zygote-cached class loader: /system/framework/android.test.base.jar
06-09 11:43:20.464 1133 1133 D ApplicationLoaders: Returning zygote-cached class loader: /system/framework/android.hidl.manager-V1.0-java.jar
06-09 11:43:20.465 1133 1133 D ApplicationLoaders: Returning zygote-cached class loader: /system/framework/android.hidl.base-V1.0-java.jar
01-01 08:00:22.917 669 669 I WCN : get_board_ant_num [three_ant]
01-01 08:00:22.917 669 669 E : wifi ini path = /vendor/etc/wifi_56630001_3ant.ini
06-09 11:43:20.477 322 329 D XM_HIDREAD: remove@ remove@/devices/virtual/bdi/253:0
06-09 11:43:20.481 322 329 D XM_HIDREAD: remove@ remove@/devices/virtual/block/dm-0
06-09 11:43:20.492 322 329 D XM_HIDREAD: remove@ remove@/devices/virtual/block/dm-1
01-01 08:00:22.934 669 669 E sprdwl : __sprdwl_cmd_getbuf cant't get vif, ctx_id: 0
06-09 11:43:20.497 322 329 D XM_HIDREAD: remove@ remove@/devices/virtual/bdi/253:1
06-09 11:43:20.498 322 329 D XM_HIDREAD: remove@ remove@/devices/virtual/block/dm-1
06-09 11:43:20.520 487 848 W StorageManagerService: Reporting emulated;0 unmounted due to system locked
