06-10 15:20:24.924 523 629 D NsdService: cn=0,1,2,3da=trueet=0,3,5ft=0x527FFFF7,0x1Emd=0,1,2Cpk=b07727d6f6cd6e08b58ede525ec3cdeaa252ad9f683feb212ef8a205246554e7pw=falsesf=0x4sr=44100ss=16sv=falsetp=UDPvn=65537 vs=220.68vv=2 rhd=5.6.0.0
06-10 15:20:24.924 523 629 D NsdService: mdnssd [register, 4, b42f0315e8b9@当贝投屏B1, _raop._tcp, 46583, CXR4dHZlcnM9MQ1hbT1BcHBsZVRWMiwxBGNoPTIKY249MCwxLDIsMwdkYT10cnVlCGV0PTAsMyw1EmZ0PTB4NTI3RkZGRjcsMHgxRQhtZD0wLDEsMkNwaz1iMDc3MjdkNmY2Y2Q2ZTA4YjU4ZWRlNTI1ZWMzY2RlYWEyNTJhZDlmNjgzZmViMjEyZWY4YTIwNTI0NjU1NGU3CHB3PWZhbHNlBnNmPTB4NAhzcj00NDEwMAVzcz0xNghzdj1mYWxzZQZ0cD1VRFAIdm49NjU1MzcJdnM9MjIwLjY4BHZ2PTILcmhkPTUuNi4wLjA=]
06-10 15:20:24.926 523 629 D NsdService: Register 3 4
06-10 15:20:25.196 1066 1342 W MediaProvider: isAppCloneUserPair for user 0: false
06-10 15:20:25.304 1066 1342 I MediaProvider: Scanned external_primary due to REASON_MOUNTED, found 47 items in 481ms, 1 inserts 11 updates 0 deletes
06-10 15:20:25.307 1066 1342 I MediaProvider: End Intent { act=com.android.providers.media.action.SCAN_VOLUME (has extras) }
06-10 15:20:25.308 1066 1342 I MediaProvider: Begin Intent { act=android.intent.action.MEDIA_MOUNTED dat=file:///storage/emulated/0 flg=0x5000010 cmp=com.android.providers.media.module/com.android.providers.media.MediaService (has extras) }
06-10 15:20:25.309 1066 1342 I MediaProvider: Volume MediaVolume name: [external_primary] id: [emulated;0] user: [UserHandle{0}] path: [/storage/emulated/0] already attached
06-10 15:20:25.309 1066 1342 I MediaProvider: End Intent { act=android.intent.action.MEDIA_MOUNTED dat=file:///storage/emulated/0 flg=0x5000010 cmp=com.android.providers.media.module/com.android.providers.media.MediaService (has extras) }
06-10 15:20:25.309 1066 1342 I MediaProvider: Begin Intent { act=android.intent.action.MEDIA_MOUNTED dat=file:///storage/emulated/0 flg=0x5000010 cmp=com.android.providers.media.module/com.android.providers.media.MediaService (has extras) }
06-10 15:20:25.309 1066 1342 I MediaProvider: Volume MediaVolume name: [external_primary] id: [emulated;0] user: [UserHandle{0}] path: [/storage/emulated/0] already attached
06-10 15:20:25.309 1066 1342 I MediaProvider: End Intent { act=android.intent.action.MEDIA_MOUNTED dat=file:///storage/emulated/0 flg=0x5000010 cmp=com.android.providers.media.module/com.android.providers.media.MediaService (has extras) }
06-10 15:20:25.381 523 629 D NsdService: Register service
06-10 15:20:25.381 523 629 D NsdService: registerService: 5 name: 当贝投屏B1, type: _db_cast_screen._tcp, host: null, port: 36867, txtRecord: au=1cV=20830mV=100h265=1maxR=4096-3152model=DBBOX-A2deviceid=20:02:FE:19:C2:0E
06-10 15:20:25.381 523 629 D NsdService: mdnssd [register, 5, 当贝投屏B1, _db_cast_screen._tcp, 36867, BGF1PTEIY1Y9MjA4MzAGbVY9MTAwBmgyNjU9MQ5tYXhSPTQwOTYtMzE1Mg5tb2RlbD1EQkJPWC1BMhpkZXZpY2VpZD0yMDowMjpGRToxOTpDMjowRQ==]
06-10 15:20:25.383 523 629 D NsdService: Register 4 5
06-10 15:20:25.503 2658 2658 W audit : audit_lost=705 audit_rate_limit=5 audit_backlog_limit=64
06-10 15:20:25.503 2658 2658 E audit : rate limit exceeded
06-10 15:20:25.698 523 629 D NsdService: Native daemon message SERVICE_REGISTERED: 606 4 "b42f0315e8b9@当贝投屏B1"
06-10 15:20:25.699 523 629 D NsdService: Native daemon message SERVICE_REGISTERED: 606 3 "当贝投屏B1"
06-10 15:20:25.749 523 881 D BufferPoolAccessor2.0: bufferpool2 0xbd462358 : 0(0 size) total buffers - 0(0 size) used buffers - 2/7 (recycle/alloc) - 5/42 (fetch/transfer)
06-10 15:20:25.749 523 881 D BufferPoolAccessor2.0: evictor expired: 1, evicted: 1
06-10 15:20:25.763 378 756 D BufferPoolAccessor2.0: bufferpool2 0xf7221198 : 0(0 size) total buffers - 0(0 size) used buffers - 25/28 (recycle/alloc) - 3/27 (fetch/transfer)
06-10 15:20:25.764 378 756 D BufferPoolAccessor2.0: bufferpool2 0xf7220dd8 : 0(0 size) total buffers - 0(0 size) used buffers - 17/19 (recycle/alloc) - 2/18 (fetch/transfer)
06-10 15:20:25.764 378 756 D BufferPoolAccessor2.0: evictor expired: 8, evicted: 2
06-10 15:20:25.819 523 544 W IorapForwardingService: No service published for: iorapd
06-10 15:20:25.858 2592 2687 E accept : myIp:192.168.3.12
06-10 15:20:25.862 2592 2687 E accept : connect error
06-10 15:20:25.873 2592 2687 I UpnpServiceImpl: >>> Starting UPnP service...
06-10 15:20:25.874 2592 2687 I UpnpServiceImpl: Using configuration: org.fourthline.cling.android.AndroidUpnpServiceConfiguration
06-10 15:20:25.879 2592 2687 I Router : Creating Router: org.fourthline.cling.android.AndroidRouter
06-10 15:20:25.881 2592 2687 W Router : enable lock:org.fourthline.cling.android.AndroidRouter@5cec7aa_java.util.concurrent.locks.ReentrantReadWriteLock$WriteLock@15cff9b[Unlocked]
06-10 15:20:25.898 2592 2687 W tworkAddressFactoryImpl: Network interface may not be multicast capable: dummy0
06-10 15:20:25.904 2592 2687 I MulticastReceiver: Creating wildcard socket (for receiving multicast datagrams) on port: 1900
06-10 15:20:25.906 2592 2687 I MulticastReceiver: Joining multicast group: /239.255.255.250:1900 on network interface: wlan0
06-10 15:20:25.930 2592 2687 E accept : Adding connector try: 192.168.3.12/192.168.3.12:40583
06-10 15:20:25.934 2592 2687 E accept : Adding connector result: 192.168.3.12/192.168.3.12:40583
06-10 15:20:25.954 822 914 D BufferPoolAccessor2.0: evictor expired: 2, evicted: 0
06-10 15:20:26.033 2592 2687 I JettyServletContainer: Registering UPnP servlet under context path: /upnp
06-10 15:20:26.037 2592 2687 I DatagramIO: Creating bound socket (for datagram input/output) on: 192.168.3.12/192.168.3.12
06-10 15:20:26.040 2592 2936 E JettyServletContainer: gogogo
06-10 15:20:26.040 2592 2936 I JettyServletContainer: Starting Jetty server...
06-10 15:20:26.042 2592 2936 W System.err: 2025-06-10 15:20:26.041:INFO:lcaf.p:jetty-8.y.z-SNAPSHOT
06-10 15:20:26.044 2592 2687 I Router : WiFi multicast lock acquired
06-10 15:20:26.045 523 813 I WifiService: acquireMulticastLock uid=10015
06-10 15:20:26.047 2592 2687 I Router : WiFi lock acquired
06-10 15:20:26.048 523 813 I WifiService: acquireWifiLock uid=10015 lockMode=3
06-10 15:20:26.052 2592 2687 W Router : enable unlock:org.fourthline.cling.android.AndroidRouter@5cec7aa
06-10 15:20:26.052 2592 2687 I UpnpServiceImpl: <<< UPnP service started successfully
06-10 15:20:26.093 2592 2936 W System.err: 2025-06-10 15:20:26.093:INFO:lcaf.a:Started @192.168.3.12:40583
06-10 15:20:26.096 523 629 D NsdService: Native daemon message SERVICE_REGISTERED: 606 5 "当贝投屏B1"
06-10 15:20:26.100 2796 2796 I CrashSDKNormalH: type=1400 audit(0.0:1178): avc: denied { open } for path="/data/user/0/com.dangbei.screencast/crashsdk/tags/NOITCENNOC0IEWAUH0MOC.st" dev="mmcblk0p25" ino=2286 scontext=u:r:platform_app:s0:c512,c768 tcontext=u:object_r:app_data_file:s0:c512,c768 tclass=file permissive=1 app=com.dangbei.screencast
06-10 15:20:26.100 2796 2796 I CrashSDKNormalH: type=1400 audit(0.0:1179): avc: denied { lock } for path="/data/user/0/com.dangbei.screencast/crashsdk/tags/NOITCENNOC0IEWAUH0MOC.st" dev="mmcblk0p25" ino=2286 scontext=u:r:platform_app:s0:c512,c768 tcontext=u:object_r:app_data_file:s0:c512,c768 tclass=file permissive=1 app=com.dangbei.screencast
06-10 15:20:26.137 2592 2687 E g : channel :os
06-10 15:20:26.648 2592 2592 I efs-base: type=1400 audit(0.0:1180): avc: denied { create } for name="wa_gzip_1_1_2592_6480_1749540026653" scontext=u:r:platform_app:s0:c512,c768 tcontext=u:object_r:app_data_file:s0:c512,c768 tclass=file permissive=1 app=com.dangbei.screencast
06-10 15:20:26.652 2592 2592 I efs-base: type=1400 audit(0.0:1181): avc: denied { unlink } for name="wa_none_1_1_1231_3387_1749540005169" dev="mmcblk0p25" ino=3149 scontext=u:r:platform_app:s0:c512,c768 tcontext=u:object_r:app_data_file:s0:c512,c768 tclass=file permissive=1 app=com.dangbei.screencast
06-10 15:20:26.652 2592 2592 I efs-base: type=1400 audit(0.0:1182): avc: denied { rmdir } for name="1231" dev="mmcblk0p25" ino=3142 scontext=u:r:platform_app:s0:c512,c768 tcontext=u:object_r:app_data_file:s0:c512,c768 tclass=dir permissive=1 app=com.dangbei.screencast
06-10 15:20:26.658 2592 2662 I efs.base: lt=event`ev_ct=efs_core`ev_ac=log_lag`tm=2025-06-10 15:20:65`dn=180e67c4-68c7-41cd-91c1-435b7b306a53`ps=com.dangbei.screencast`um_os=android`stime=1749540016237`pid=2592`fr=android`pkg=com.dangbei.screencast`vcode=20830`dsp_w=1920`uid=180e67c4-68c7-41cd-91c1-435b7b306a53`rom=12`wid=180e67c4-68c7-41cd-91c1-435b7b306a53`um_app_carrier=`um_access=wifi`um_app_channel=os`um_crash_sdk_version=1.4.0`ctime=1749540026`model=dbbox-a2`lang=zh`net=wifi`brand=dangbei`dsp_h=1080`um_network_type=0`ver=v2.8.3`cnt=1`build_model=DBBOX-A2`w_tm=1749540026`appid=5fc60c21094d637f3130af19`um_umid_header=aib544115ba8ed0477c60559b90a00c8b2`sdk=31`tzone=Asia/Shanghai`sdk_ver=1.3.6.umeng
06-10 15:20:26.749 523 881 D BufferPoolAccessor2.0: bufferpool2 0xf1ab3798 : 0(0 size) total buffers - 0(0 size) used buffers - 2/7 (recycle/alloc) - 5/50 (fetch/transfer)
06-10 15:20:26.749 523 881 D BufferPoolAccessor2.0: bufferpool2 0xbd462498 : 0(0 size) total buffers - 0(0 size) used buffers - 1/7 (recycle/alloc) - 6/60 (fetch/transfer)
06-10 15:20:26.749 523 881 D BufferPoolAccessor2.0: evictor expired: 8, evicted: 2
06-10 15:20:26.764 378 756 D BufferPoolAccessor2.0: bufferpool2 0xf72212d8 : 0(0 size) total buffers - 0(0 size) used buffers - 20/23 (recycle/alloc) - 3/22 (fetch/transfer)
06-10 15:20:26.764 378 756 D BufferPoolAccessor2.0: evictor expired: 1, evicted: 1
06-10 15:20:26.821 523 544 W IorapForwardingService: No service published for: iorapd
06-10 15:20:26.901 2592 2660 I efs.base: wa upload succ, HttpResponse {succ=true, code=200, data='暂不支持该服务', extra={req_url=https://errlog.umeng.com/api/crashsdk/logcollect}}
06-10 15:20:26.929 523 523 W NotificationHistory: Attempted to add notif for locked/gone/disabled user 0
06-10 15:20:26.934 683 683 V TvNotificationHandler: Notification not added because it isn't relevant for tv
06-10 15:20:27.144 664 664 E WifiHAL : wifi_get_link_stats: requestResponse Error:-5
06-10 15:20:27.145 523 619 E WifiVendorHal: getWifiLinkLayerStats_1_5_Internal(l.1191) failed {.code = ERROR_INVALID_ARGS, .description = }
06-10 15:20:27.365 523 813 W TelephonyPermissions: reportAccessDeniedToReadIdentifiers:com.dangbei.screencast:getSerial:-1
06-10 15:20:27.445 2796 2870 V NFC : this device does not have NFC support
06-10 15:20:27.718 523 1007 W ZramWriteback: Writeback device is not set
06-10 15:20:27.718 523 1007 D ZramWriteback: wait to flush
06-10 15:20:27.822 523 544 W IorapForwardingService: No service published for: iorapd
06-10 15:20:28.122 523 761 D SntpClient: request time failed: java.net.SocketTimeoutException: Poll timed out
06-10 15:20:28.123 523 761 D SntpClient: request time failed
06-10 15:20:28.159 523 761 D SntpClient: round trip: 18ms, clock offset: 126ms
06-10 15:20:28.684 2961 2961 I Thread-2: type=1400 audit(0.0:1183): avc: denied { execute } for name="am" dev="dm-5" ino=1160 scontext=u:r:system_app:s0 tcontext=u:object_r:vendor_file:s0 tclass=file permissive=1
06-10 15:20:28.684 2961 2961 I Thread-2: type=1400 audit(0.0:1184): avc: denied { read open } for path="/vendor/xbin/am" dev="dm-5" ino=1160 scontext=u:r:system_app:s0 tcontext=u:object_r:vendor_file:s0 tclass=file permissive=1
06-10 15:20:28.684 2961 2961 I Thread-2: type=1400 audit(0.0:1185): avc: denied { execute_no_trans } for path="/vendor/xbin/am" dev="dm-5" ino=1160 scontext=u:r:system_app:s0 tcontext=u:object_r:vendor_file:s0 tclass=file permissive=1
06-10 15:20:28.753 1249 1249 D bbb : onStartCommand begin !!!!!!! data分区剩余 24985MB
06-10 15:20:28.757 1190 1190 D aaa : LedStatusService onStartCommand begin
06-10 15:20:28.759 1190 2969 D aaa : topPkg is -------------- :com.dangbei.leard.leradlauncher
06-10 15:20:28.762 1190 2969 D aaa : WiFi is connect
06-10 15:20:28.825 523 544 W IorapForwardingService: No service published for: iorapd
06-10 15:20:29.800 281 307 D hdmi-cec: receive invalid cec message!
06-10 15:20:29.800 281 307 D hdmi-cec: receive poll message [04], skip!
06-10 15:20:29.827 523 544 W IorapForwardingService: No service published for: iorapd
06-10 15:20:30.160 664 664 E WifiHAL : wifi_get_link_stats: requestResponse Error:-5
06-10 15:20:30.162 523 619 E WifiVendorHal: getWifiLinkLayerStats_1_5_Internal(l.1191) failed {.code = ERROR_INVALID_ARGS, .description = }
06-10 15:20:30.516 1071 1071 E ccc : cccccc 有设备 取消移除任务
06-10 15:20:30.829 523 544 W IorapForwardingService: No service published for: iorapd
06-10 15:20:31.674 2592 2638 I crashsdk: crashsdk uploading logs
06-10 15:20:31.832 523 544 W IorapForwardingService: No service published for: iorapd
06-10 15:20:32.834 523 544 W IorapForwardingService: No service published for: iorapd
06-10 15:20:32.975 223 2878 I keystore2: keystore2::watchdog: Watchdog thread idle -> terminating. Have a great day.
06-10 15:20:33.176 664 664 E WifiHAL : wifi_get_link_stats: requestResponse Error:-5
06-10 15:20:33.178 523 619 E WifiVendorHal: getWifiLinkLayerStats_1_5_Internal(l.1191) failed {.code = ERROR_INVALID_ARGS, .description = }
06-10 15:20:33.621 523 602 D CompatibilityChangeReporter: Compat change id reported: 168419799; UID 10027; state: DISABLED
06-10 15:20:33.628 523 619 E WifiHealthMonitor: Hit PackageManager exception
06-10 15:20:33.628 523 619 E WifiHealthMonitor: android.content.pm.PackageManager$NameNotFoundException: No module info for package: com.android.wifi
06-10 15:20:33.628 523 619 E WifiHealthMonitor: at android.app.ApplicationPackageManager.getModuleInfo(ApplicationPackageManager.java:1079)
06-10 15:20:33.628 523 619 E WifiHealthMonitor: at com.android.server.wifi.WifiHealthMonitor.getWifiStackVersion(WifiHealthMonitor.java:366)
06-10 15:20:33.628 523 619 E WifiHealthMonitor: at com.android.server.wifi.WifiHealthMonitor.extractCurrentSoftwareBuildInfo(WifiHealthMonitor.java:587)
06-10 15:20:33.628 523 619 E WifiHealthMonitor: at com.android.server.wifi.WifiHealthMonitor.postBootSwBuildCheck(WifiHealthMonitor.java:522)
06-10 15:20:33.628 523 619 E WifiHealthMonitor: at com.android.server.wifi.WifiHealthMonitor.postBootDetectionHandler(WifiHealthMonitor.java:513)
06-10 15:20:33.628 523 619 E WifiHealthMonitor: at com.android.server.wifi.WifiHealthMonitor.access$500(WifiHealthMonitor.java:71)
06-10 15:20:33.628 523 619 E WifiHealthMonitor: at com.android.server.wifi.WifiHealthMonitor$2.onAlarm(WifiHealthMonitor.java:190)
06-10 15:20:33.628 523 619 E WifiHealthMonitor: at android.app.AlarmManager$ListenerWrapper.run(AlarmManager.java:323)
06-10 15:20:33.628 523 619 E WifiHealthMonitor: at android.os.Handler.handleCallback(Handler.java:938)
06-10 15:20:33.628 523 619 E WifiHealthMonitor: at android.os.Handler.dispatchMessage(Handler.java:99)
06-10 15:20:33.628 523 619 E WifiHealthMonitor: at android.os.Looper.loopOnce(Looper.java:201)
06-10 15:20:33.628 523 619 E WifiHealthMonitor: at android.os.Looper.loop(Looper.java:288)
06-10 15:20:33.628 523 619 E WifiHealthMonitor: at android.os.HandlerThread.run(HandlerThread.java:67)
06-10 15:20:33.630 664 664 E WifiHAL : wifi_get_driver_version: Error -5 happened.
06-10 15:20:33.630 664 664 E android.hardware.wifi@1.0-service-lazy: Failed to get driver version: INVALID_ARGS
06-10 15:20:33.631 523 619 E WifiVendorHal: requestChipDebugInfo(l.2167) failed {.code = ERROR_INVALID_ARGS, .description = failed to get driver version}
06-10 15:20:33.632 523 619 I WifiVendorHal: Driver: null Firmware: null
06-10 15:20:33.632 664 664 E WifiHAL : wifi_get_driver_version: Error -5 happened.
06-10 15:20:33.633 664 664 E android.hardware.wifi@1.0-service-lazy: Failed to get driver version: INVALID_ARGS
06-10 15:20:33.634 523 619 E WifiVendorHal: requestChipDebugInfo(l.2167) failed {.code = ERROR_INVALID_ARGS, .description = failed to get driver version}
06-10 15:20:33.634 523 619 I WifiVendorHal: Driver: null Firmware: null
06-10 15:20:33.634 2089 2975 D EpgDataCleanupService: Received intent: Intent { act=com.android.providers.tv.intent.CLEAN_UP_EPG_DATA cmp=com.android.providers.tv/.EpgDataCleanupService }
06-10 15:20:33.660 260 260 I Binder:260_1: type=1400 audit(0.0:1186): avc: denied { add_name } for name="globalAlert" scontext=u:r:netd:s0 tcontext=u:object_r:proc_net:s0 tclass=dir permissive=1
06-10 15:20:33.660 260 260 I Binder:260_1: type=1400 audit(0.0:1187): avc: denied { create } for name="globalAlert" scontext=u:r:netd:s0 tcontext=u:object_r:proc_net:s0 tclass=file permissive=1
06-10 15:20:33.836 523 544 W IorapForwardingService: No service published for: iorapd
06-10 15:20:34.027 523 813 D WifiNl80211Manager: Scan result ready event
06-10 15:20:34.027 523 813 D WifiNative: Scan result ready event
06-10 15:20:34.075 523 623 D WificondScannerImpl: Filtering out 17 scan results.
06-10 15:20:34.089 664 664 E WifiHAL : wifi_get_link_stats: requestResponse Error:-5
06-10 15:20:34.090 523 619 E WifiVendorHal: getWifiLinkLayerStats_1_5_Internal(l.1191) failed {.code = ERROR_INVALID_ARGS, .description = }
06-10 15:20:34.385 2592 2601 I gbei.screencas: Background concurrent copying GC freed 213753(19MB) AllocSpace objects, 35(2024KB) LOS objects, 49% free, 4768KB/9536KB, paused 157us total 172.487ms
06-10 15:20:34.410 2350 2439 D UtilLog : 日志批量上报 进行正常循环 !!!!!!本次有0次请求,共0条数据
06-10 15:20:34.839 523 544 W IorapForwardingService: No service published for: iorapd
06-10 15:20:35.841 523 544 W IorapForwardingService: No service published for: iorapd
06-10 15:20:36.192 664 664 E WifiHAL : wifi_get_link_stats: requestResponse Error:-5
06-10 15:20:36.194 523 619 E WifiVendorHal: getWifiLinkLayerStats_1_5_Internal(l.1191) failed {.code = ERROR_INVALID_ARGS, .description = }
06-10 15:20:36.797 1190 1190 D aaa : LedStatusService onStartCommand begin
06-10 15:20:36.800 1190 2984 D aaa : topPkg is -------------- :com.dangbei.leard.leradlauncher
06-10 15:20:36.800 1249 1249 D bbb : onStartCommand begin !!!!!!! data分区剩余 24985MB
06-10 15:20:36.805 1190 2984 D aaa : WiFi is connect
06-10 15:20:36.843 523 544 W IorapForwardingService: No service published for: iorapd
06-10 15:20:37.308 281 281 I EventThread: type=1400 audit(0.0:1188): avc: denied { search } for name="extcon" dev="sysfs" ino=18109 scontext=u:r:hal_tv_cec_default:s0 tcontext=u:object_r:sysfs_extcon:s0 tclass=dir permissive=1
06-10 15:20:37.487 674 855 I bt_btif_dm: system/bt/btif/src/btif_dm.cc:548 btif_update_remote_properties: cod from storage is also unclassified
06-10 15:20:37.845 523 544 W IorapForwardingService: No service published for: iorapd
06-10 15:20:38.847 523 544 W IorapForwardingService: No service published for: iorapd
06-10 15:20:39.211 664 664 E WifiHAL : wifi_get_link_stats: requestResponse Error:-5
06-10 15:20:39.213 523 619 E WifiVendorHal: getWifiLinkLayerStats_1_5_Internal(l.1191) failed {.code = ERROR_INVALID_ARGS, .description = }
06-10 15:20:39.849 523 544 W IorapForwardingService: No service published for: iorapd
06-10 15:20:40.599 523 592 I ActivityManager: Killing 1620:com.android.dynsystem/1000 (adj 985): empty #17
06-10 15:20:40.601 523 592 I ActivityManager: Killing 1357:com.android.localtransport/1000 (adj 995): empty #18
06-10 15:20:40.604 523 592 I ActivityManager: Killing 1279:com.android.music/u0a45 (adj 995): empty #19
06-10 15:20:40.607 523 592 I ActivityManager: Killing 1282:android.process.acore/u0a21 (adj 999): empty #20
06-10 15:20:40.653 261 261 I Zygote : Process 1620 exited due to signal 9 (Killed)
06-10 15:20:40.655 261 261 I Zygote : Process 1357 exited due to signal 9 (Killed)
06-10 15:20:40.667 523 659 D CountryDetector: No listener is left
06-10 15:20:40.676 261 261 I Zygote : Process 1282 exited due to signal 9 (Killed)
06-10 15:20:40.686 261 261 I Zygote : Process 1279 exited due to signal 9 (Killed)
06-10 15:20:40.694 523 553 I libprocessgroup: Successfully killed process cgroup uid 1000 pid 1620 in 93ms
06-10 15:20:40.695 523 553 I libprocessgroup: Successfully killed process cgroup uid 1000 pid 1357 in 0ms
06-10 15:20:40.695 523 553 I libprocessgroup: Successfully killed process cgroup uid 10045 pid 1279 in 0ms
06-10 15:20:40.695 523 553 I libprocessgroup: Successfully killed process cgroup uid 10021 pid 1282 in 0ms
06-10 15:20:40.851 523 544 W IorapForwardingService: No service published for: iorapd
06-10 15:20:41.854 523 544 W IorapForwardingService: No service published for: iorapd
06-10 15:20:42.225 664 664 E WifiHAL : wifi_get_link_stats: requestResponse Error:-5
06-10 15:20:42.227 523 619 E WifiVendorHal: getWifiLinkLayerStats_1_5_Internal(l.1191) failed {.code = ERROR_INVALID_ARGS, .description = }
06-10 15:20:42.856 523 544 W IorapForwardingService: No service published for: iorapd
06-10 15:20:43.859 523 544 W IorapForwardingService: No service published for: iorapd
06-10 15:20:44.410 2350 2439 D UtilLog : 日志批量上报 进行正常循环 !!!!!!本次有0次请求,共0条数据
06-10 15:20:44.818 1249 1249 D bbb : onStartCommand begin !!!!!!! data分区剩余 24985MB
06-10 15:20:44.820 1190 1190 D aaa : LedStatusService onStartCommand begin
06-10 15:20:44.822 1190 2997 D aaa : topPkg is -------------- :com.dangbei.leard.leradlauncher
06-10 15:20:44.825 281 307 D hdmi-cec: receive invalid cec message!
06-10 15:20:44.825 281 307 D hdmi-cec: receive poll message [04], skip!
06-10 15:20:44.830 1190 2997 D aaa : WiFi is connect
06-10 15:20:44.863 523 544 W IorapForwardingService: No service published for: iorapd
06-10 15:20:45.244 664 664 E WifiHAL : wifi_get_link_stats: requestResponse Error:-5
06-10 15:20:45.246 523 619 E WifiVendorHal: getWifiLinkLayerStats_1_5_Internal(l.1191) failed {.code = ERROR_INVALID_ARGS, .description = }
06-10 15:20:45.865 523 544 W IorapForwardingService: No service published for: iorapd
06-10 15:20:46.867 523 544 W IorapForwardingService: No service published for: iorapd
06-10 15:20:47.869 523 544 W IorapForwardingService: No service published for: iorapd
06-10 15:20:48.261 664 664 E WifiHAL : wifi_get_link_stats: requestResponse Error:-5
06-10 15:20:48.263 523 619 E WifiVendorHal: getWifiLinkLayerStats_1_5_Internal(l.1191) failed {.code = ERROR_INVALID_ARGS, .description = }
06-10 15:20:48.872 523 544 W IorapForwardingService: No service published for: iorapd
06-10 15:20:49.875 523 544 W IorapForwardingService: No service published for: iorapd
06-10 15:20:50.267 2796 2877 D nStackXCoAP: IsInSameNetwork:[276] :IsInSameNetwork exec
06-10 15:20:50.267 2796 2877 I nStackXDFinder: GetLocalInterfaceDetail:[461] :GetLocalInterfaceDetail in
06-10 15:20:50.267 2796 2877 E nStackXCoAP: IsInSameNetwork:[281] :IsInSameNetwork: not priority process
06-10 15:20:50.267 2796 2877 D nStackXCoAP: ParseServiceDiscover:[330] :new device join
06-10 15:20:50.268 2796 2877 I nStackXDFinder: NotifyDeviceListChanged:[540] :notify callback: device list changed callback is null
06-10 15:20:50.268 2796 2877 E nStackXDFinder: GetLocalIp:[401] :GetLocalIp exec
06-10 15:20:50.313 2796 2877 D nStackXCoAP: CoapMessageHandler:[133] :2.01
06-10 15:20:50.373 2796 2877 D nStackXCoAP: IsInSameNetwork:[276] :IsInSameNetwork exec
06-10 15:20:50.373 2796 2877 I nStackXDFinder: GetLocalInterfaceDetail:[461] :GetLocalInterfaceDetail in
06-10 15:20:50.373 2796 2877 E nStackXCoAP: IsInSameNetwork:[281] :IsInSameNetwork: not priority process
06-10 15:20:50.373 2796 2877 D nStackXCoAP: ParseServiceDiscover:[330] :new device join
06-10 15:20:50.373 2796 2877 E nStackXDFinder: GetLocalIp:[401] :GetLocalIp exec
06-10 15:20:50.646 2796 2877 D nStackXCoAP: CoapMessageHandler:[133] :2.01
06-10 15:20:50.686 2796 2877 D nStackXCoAP: IsInSameNetwork:[276] :IsInSameNetwork exec
06-10 15:20:50.686 2796 2877 I nStackXDFinder: GetLocalInterfaceDetail:[461] :GetLocalInterfaceDetail in
06-10 15:20:50.686 2796 2877 E nStackXCoAP: IsInSameNetwork:[281] :IsInSameNetwork: not priority process
06-10 15:20:50.686 2796 2877 D nStackXCoAP: ParseServiceDiscover:[330] :new device join
06-10 15:20:50.686 2796 2877 E nStackXDFinder: GetLocalIp:[401] :GetLocalIp exec
06-10 15:20:50.697 2796 2877 D nStackXCoAP: IsInSameNetwork:[276] :IsInSameNetwork exec
06-10 15:20:50.698 2796 2877 I nStackXDFinder: GetLocalInterfaceDetail:[461] :GetLocalInterfaceDetail in
06-10 15:20:50.698 2796 2877 E nStackXCoAP: IsInSameNetwork:[281] :IsInSameNetwork: not priority process
06-10 15:20:50.698 2796 2877 D nStackXCoAP: ParseServiceDiscover:[330] :new device join
06-10 15:20:50.698 2796 2877 E nStackXDFinder: GetLocalIp:[401] :GetLocalIp exec
06-10 15:20:50.783 2796 2877 D nStackXCoAP: IsInSameNetwork:[276] :IsInSameNetwork exec
06-10 15:20:50.783 2796 2877 I nStackXDFinder: GetLocalInterfaceDetail:[461] :GetLocalInterfaceDetail in
06-10 15:20:50.783 2796 2877 E nStackXCoAP: IsInSameNetwork:[281] :IsInSameNetwork: not priority process
06-10 15:20:50.783 2796 2877 D nStackXCoAP: ParseServiceDiscover:[330] :new device join
06-10 15:20:50.783 2796 2877 E nStackXDFinder: GetLocalIp:[401] :GetLocalIp exec
06-10 15:20:50.863 2796 2877 D nStackXCoAP: CoapMessageHandler:[133] :2.01
06-10 15:20:50.877 523 544 W IorapForwardingService: No service published for: iorapd
06-10 15:20:50.904 2796 2877 D nStackXCoAP: CoapMessageHandler:[133] :2.01
06-10 15:20:50.907 2796 2877 D nStackXCoAP: CoapMessageHandler:[133] :2.01
06-10 15:20:50.984 2796 2877 D nStackXCoAP: IsInSameNetwork:[276] :IsInSameNetwork exec
06-10 15:20:50.984 2796 2877 I nStackXDFinder: GetLocalInterfaceDetail:[461] :GetLocalInterfaceDetail in
06-10 15:20:50.984 2796 2877 E nStackXCoAP: IsInSameNetwork:[281] :IsInSameNetwork: not priority process
06-10 15:20:50.984 2796 2877 D nStackXCoAP: ParseServiceDiscover:[330] :new device join
06-10 15:20:50.985 2796 2877 E nStackXDFinder: GetLocalIp:[401] :GetLocalIp exec
06-10 15:20:51.058 2796 2877 D nStackXCoAP: CoapMessageHandler:[133] :2.01
06-10 15:20:51.090 2796 2877 D nStackXCoAP: IsInSameNetwork:[276] :IsInSameNetwork exec
06-10 15:20:51.090 2796 2877 I nStackXDFinder: GetLocalInterfaceDetail:[461] :GetLocalInterfaceDetail in
06-10 15:20:51.090 2796 2877 E nStackXCoAP: IsInSameNetwork:[281] :IsInSameNetwork: not priority process
06-10 15:20:51.090 2796 2877 D nStackXCoAP: ParseServiceDiscover:[330] :new device join
06-10 15:20:51.090 2796 2877 E nStackXDFinder: GetLocalIp:[401] :GetLocalIp exec
06-10 15:20:51.189 2796 2877 D nStackXCoAP: IsInSameNetwork:[276] :IsInSameNetwork exec
06-10 15:20:51.189 2796 2877 I nStackXDFinder: GetLocalInterfaceDetail:[461] :GetLocalInterfaceDetail in
06-10 15:20:51.190 2796 2877 E nStackXCoAP: IsInSameNetwork:[281] :IsInSameNetwork: not priority process
06-10 15:20:51.190 2796 2877 D nStackXCoAP: ParseServiceDiscover:[330] :new device join
06-10 15:20:51.190 2796 2877 E nStackXDFinder: GetLocalIp:[401] :GetLocalIp exec
06-10 15:20:51.278 664 664 E WifiHAL : wifi_get_link_stats: requestResponse Error:-5
06-10 15:20:51.280 523 619 E WifiVendorHal: getWifiLinkLayerStats_1_5_Internal(l.1191) failed {.code = ERROR_INVALID_ARGS, .description = }
06-10 15:20:51.394 2796 2877 D nStackXCoAP: IsInSameNetwork:[276] :IsInSameNetwork exec
06-10 15:20:51.394 2796 2877 I nStackXDFinder: GetLocalInterfaceDetail:[461] :GetLocalInterfaceDetail in
06-10 15:20:51.394 2796 2877 E nStackXCoAP: IsInSameNetwork:[281] :IsInSameNetwork: not priority process
06-10 15:20:51.394 2796 2877 D nStackXCoAP: ParseServiceDiscover:[330] :new device join
06-10 15:20:51.394 2796 2877 E nStackXDFinder: GetLocalIp:[401] :GetLocalIp exec
06-10 15:20:51.498 2796 2877 D nStackXCoAP: IsInSameNetwork:[276] :IsInSameNetwork exec
06-10 15:20:51.498 2796 2877 I nStackXDFinder: GetLocalInterfaceDetail:[461] :GetLocalInterfaceDetail in
06-10 15:20:51.498 2796 2877 E nStackXCoAP: IsInSameNetwork:[281] :IsInSameNetwork: not priority process
06-10 15:20:51.498 2796 2877 D nStackXCoAP: ParseServiceDiscover:[330] :new device join
06-10 15:20:51.498 2796 2877 E nStackXDFinder: GetLocalIp:[401] :GetLocalIp exec
06-10 15:20:51.522 2796 2877 D nStackXCoAP: CoapMessageHandler:[133] :2.01
06-10 15:20:51.559 2796 2877 D nStackXCoAP: CoapMessageHandler:[133] :2.01
06-10 15:20:51.605 2796 2877 D nStackXCoAP: IsInSameNetwork:[276] :IsInSameNetwork exec
06-10 15:20:51.605 2796 2877 I nStackXDFinder: GetLocalInterfaceDetail:[461] :GetLocalInterfaceDetail in
06-10 15:20:51.605 2796 2877 E nStackXCoAP: IsInSameNetwork:[281] :IsInSameNetwork: not priority process
06-10 15:20:51.605 2796 2877 D nStackXCoAP: ParseServiceDiscover:[330] :new device join
06-10 15:20:51.605 2796 2877 E nStackXDFinder: GetLocalIp:[401] :GetLocalIp exec
06-10 15:20:51.631 2796 2877 D nStackXCoAP: CoapMessageHandler:[133] :2.01
06-10 15:20:51.806 2796 2877 D nStackXCoAP: IsInSameNetwork:[276] :IsInSameNetwork exec
06-10 15:20:51.806 2796 2877 I nStackXDFinder: GetLocalInterfaceDetail:[461] :GetLocalInterfaceDetail in
06-10 15:20:51.806 2796 2877 E nStackXCoAP: IsInSameNetwork:[281] :IsInSameNetwork: not priority process
06-10 15:20:51.806 2796 2877 D nStackXCoAP: ParseServiceDiscover:[330] :new device join
06-10 15:20:51.806 2796 2877 E nStackXDFinder: GetLocalIp:[401] :GetLocalIp exec
06-10 15:20:51.879 523 544 W IorapForwardingService: No service published for: iorapd
06-10 15:20:51.913 2796 2877 D nStackXCoAP: IsInSameNetwork:[276] :IsInSameNetwork exec
06-10 15:20:51.913 2796 2877 I nStackXDFinder: GetLocalInterfaceDetail:[461] :GetLocalInterfaceDetail in
06-10 15:20:51.913 2796 2877 E nStackXCoAP: IsInSameNetwork:[281] :IsInSameNetwork: not priority process
06-10 15:20:51.913 2796 2877 D nStackXCoAP: ParseServiceDiscover:[330] :new device join
06-10 15:20:51.913 2796 2877 E nStackXDFinder: GetLocalIp:[401] :GetLocalIp exec
06-10 15:20:51.939 2796 2877 D nStackXCoAP: CoapMessageHandler:[133] :2.01
06-10 15:20:52.131 2796 2877 D nStackXCoAP: IsInSameNetwork:[276] :IsInSameNetwork exec
06-10 15:20:52.131 2796 2877 I nStackXDFinder: GetLocalInterfaceDetail:[461] :GetLocalInterfaceDetail in
06-10 15:20:52.131 2796 2877 E nStackXCoAP: IsInSameNetwork:[281] :IsInSameNetwork: not priority process
06-10 15:20:52.131 2796 2877 D nStackXCoAP: ParseServiceDiscover:[330] :new device join
06-10 15:20:52.131 2796 2877 E nStackXDFinder: GetLocalIp:[401] :GetLocalIp exec
06-10 15:20:52.239 2796 2877 D nStackXCoAP: IsInSameNetwork:[276] :IsInSameNetwork exec
06-10 15:20:52.239 2796 2877 I nStackXDFinder: GetLocalInterfaceDetail:[461] :GetLocalInterfaceDetail in
06-10 15:20:52.239 2796 2877 E nStackXCoAP: IsInSameNetwork:[281] :IsInSameNetwork: not priority process
06-10 15:20:52.239 2796 2877 D nStackXCoAP: ParseServiceDiscover:[330] :new device join
06-10 15:20:52.239 2796 2877 E nStackXDFinder: GetLocalIp:[401] :GetLocalIp exec
06-10 15:20:52.243 2592 2601 I gbei.screencas: Background concurrent copying GC freed 53597(4893KB) AllocSpace objects, 15(444KB) LOS objects, 49% free, 4111KB/8223KB, paused 226us total 133.472ms
06-10 15:20:52.324 2796 2877 D nStackXCoAP: IsInSameNetwork:[276] :IsInSameNetwork exec
06-10 15:20:52.324 2796 2877 I nStackXDFinder: GetLocalInterfaceDetail:[461] :GetLocalInterfaceDetail in
06-10 15:20:52.324 2796 2877 E nStackXCoAP: IsInSameNetwork:[281] :IsInSameNetwork: not priority process
06-10 15:20:52.324 2796 2877 D nStackXCoAP: ParseServiceDiscover:[330] :new device join
06-10 15:20:52.324 2796 2877 E nStackXDFinder: GetLocalIp:[401] :GetLocalIp exec
06-10 15:20:52.495 2796 2877 D nStackXCoAP: CoapMessageHandler:[133] :2.01
06-10 15:20:52.520 2796 2877 D nStackXCoAP: IsInSameNetwork:[276] :IsInSameNetwork exec
06-10 15:20:52.520 2796 2877 I nStackXDFinder: GetLocalInterfaceDetail:[461] :GetLocalInterfaceDetail in
06-10 15:20:52.520 2796 2877 E nStackXCoAP: IsInSameNetwork:[281] :IsInSameNetwork: not priority process
06-10 15:20:52.520 2796 2877 D nStackXCoAP: ParseServiceDiscover:[330] :new device join
06-10 15:20:52.520 2796 2877 E nStackXDFinder: GetLocalIp:[401] :GetLocalIp exec
06-10 15:20:52.621 2796 2877 D nStackXCoAP: IsInSameNetwork:[276] :IsInSameNetwork exec
06-10 15:20:52.621 2796 2877 I nStackXDFinder: GetLocalInterfaceDetail:[461] :GetLocalInterfaceDetail in
06-10 15:20:52.621 2796 2877 E nStackXCoAP: IsInSameNetwork:[281] :IsInSameNetwork: not priority process
06-10 15:20:52.621 2796 2877 D nStackXCoAP: ParseServiceDiscover:[330] :new device join
06-10 15:20:52.621 2796 2877 E nStackXDFinder: GetLocalIp:[401] :GetLocalIp exec
06-10 15:20:52.652 1973 1973 I rainbow_flow: type=1400 audit(0.0:1189): avc: denied { ioctl } for path="/dev/spidev1.0" dev="tmpfs" ino=1377 ioctlcmd=0x6b00 scontext=u:r:init:s0 tcontext=u:object_r:device:s0 tclass=chr_file permissive=1
06-10 15:20:52.688 2796 2877 D nStackXCoAP: CoapMessageHandler:[133] :2.01
06-10 15:20:52.717 2796 2877 D nStackXCoAP: CoapMessageHandler:[133] :2.01
06-10 15:20:52.728 2796 2877 D nStackXCoAP: IsInSameNetwork:[276] :IsInSameNetwork exec
06-10 15:20:52.729 2796 2877 I nStackXDFinder: GetLocalInterfaceDetail:[461] :GetLocalInterfaceDetail in
06-10 15:20:52.729 2796 2877 E nStackXCoAP: IsInSameNetwork:[281] :IsInSameNetwork: not priority process
06-10 15:20:52.729 2796 2877 D nStackXCoAP: ParseServiceDiscover:[330] :new device join
06-10 15:20:52.729 2796 2877 E nStackXDFinder: GetLocalIp:[401] :GetLocalIp exec
06-10 15:20:52.865 2796 2877 D nStackXCoAP: CoapMessageHandler:[133] :2.01
06-10 15:20:52.873 1249 1249 D bbb : onStartCommand begin !!!!!!! data分区剩余 24985MB
06-10 15:20:52.873 1190 1190 D aaa : LedStatusService onStartCommand begin
06-10 15:20:52.874 1190 3008 D aaa : topPkg is -------------- :com.dangbei.leard.leradlauncher
06-10 15:20:52.881 523 544 W IorapForwardingService: No service published for: iorapd
06-10 15:20:52.883 1190 3008 D aaa : WiFi is connect
06-10 15:20:52.904 2592 2592 I ModuleDataForwa: type=1400 audit(0.0:1190): avc: denied { rename } for name="TD_IP_CACHE.xml" dev="mmcblk0p25" ino=2919 scontext=u:r:platform_app:s0:c512,c768 tcontext=u:object_r:app_data_file:s0:c512,c768 tclass=file permissive=1 app=com.dangbei.screencast
06-10 15:20:52.908 2592 2592 I ModuleDataForwa: type=1400 audit(0.0:1191): avc: denied { setattr } for name="TD_IP_CACHE.xml" dev="mmcblk0p25" ino=3004 scontext=u:r:platform_app:s0:c512,c768 tcontext=u:object_r:app_data_file:s0:c512,c768 tclass=file permissive=1 app=com.dangbei.screencast
06-10 15:20:52.929 2796 2877 D nStackXCoAP: IsInSameNetwork:[276] :IsInSameNetwork exec
06-10 15:20:52.929 2796 2877 I nStackXDFinder: GetLocalInterfaceDetail:[461] :GetLocalInterfaceDetail in
06-10 15:20:52.929 2796 2877 E nStackXCoAP: IsInSameNetwork:[281] :IsInSameNetwork: not priority process
06-10 15:20:52.929 2796 2877 D nStackXCoAP: ParseServiceDiscover:[330] :new device join
06-10 15:20:52.929 2796 2877 E nStackXDFinder: GetLocalIp:[401] :GetLocalIp exec
06-10 15:20:52.938 2796 2877 D nStackXCoAP: CoapMessageHandler:[133] :2.01
06-10 15:20:52.954 2796 2877 D nStackXCoAP: CoapMessageHandler:[133] :2.01
06-10 15:20:53.040 2796 2877 D nStackXCoAP: IsInSameNetwork:[276] :IsInSameNetwork exec
06-10 15:20:53.040 2796 2877 I nStackXDFinder: GetLocalInterfaceDetail:[461] :GetLocalInterfaceDetail in
06-10 15:20:53.040 2796 2877 E nStackXCoAP: IsInSameNetwork:[281] :IsInSameNetwork: not priority process
06-10 15:20:53.040 2796 2877 D nStackXCoAP: ParseServiceDiscover:[330] :new device join
06-10 15:20:53.041 2796 2877 E nStackXDFinder: GetLocalIp:[401] :GetLocalIp exec
06-10 15:20:53.238 2796 2877 D nStackXCoAP: IsInSameNetwork:[276] :IsInSameNetwork exec
06-10 15:20:53.238 2796 2877 I nStackXDFinder: GetLocalInterfaceDetail:[461] :GetLocalInterfaceDetail in
06-10 15:20:53.238 2796 2877 E nStackXCoAP: IsInSameNetwork:[281] :IsInSameNetwork: not priority process
06-10 15:20:53.238 2796 2877 D nStackXCoAP: ParseServiceDiscover:[330] :new device join
06-10 15:20:53.238 2796 2877 E nStackXDFinder: GetLocalIp:[401] :GetLocalIp exec
06-10 15:20:53.344 2796 2877 D nStackXCoAP: IsInSameNetwork:[276] :IsInSameNetwork exec
06-10 15:20:53.345 2796 2877 I nStackXDFinder: GetLocalInterfaceDetail:[461] :GetLocalInterfaceDetail in
06-10 15:20:53.345 2796 2877 E nStackXCoAP: IsInSameNetwork:[281] :IsInSameNetwork: not priority process
06-10 15:20:53.345 2796 2877 D nStackXCoAP: ParseServiceDiscover:[330] :new device join
06-10 15:20:53.345 2796 2877 E nStackXDFinder: GetLocalIp:[401] :GetLocalIp exec
06-10 15:20:53.420 2796 2877 D nStackXCoAP: CoapMessageHandler:[133] :2.01
06-10 15:20:53.427 2796 2877 D nStackXCoAP: CoapMessageHandler:[133] :2.01
06-10 15:20:53.445 2796 2877 D nStackXCoAP: IsInSameNetwork:[276] :IsInSameNetwork exec
06-10 15:20:53.445 2796 2877 I nStackXDFinder: GetLocalInterfaceDetail:[461] :GetLocalInterfaceDetail in
06-10 15:20:53.445 2796 2877 E nStackXCoAP: IsInSameNetwork:[281] :IsInSameNetwork: not priority process
06-10 15:20:53.445 2796 2877 D nStackXCoAP: ParseServiceDiscover:[330] :new device join
06-10 15:20:53.446 2796 2877 E nStackXDFinder: GetLocalIp:[401] :GetLocalIp exec
06-10 15:20:53.758 2796 2877 D nStackXCoAP: IsInSameNetwork:[276] :IsInSameNetwork exec
06-10 15:20:53.758 2796 2877 I nStackXDFinder: GetLocalInterfaceDetail:[461] :GetLocalInterfaceDetail in
06-10 15:20:53.758 2796 2877 E nStackXCoAP: IsInSameNetwork:[281] :IsInSameNetwork: not priority process
06-10 15:20:53.758 2796 2877 D nStackXCoAP: ParseServiceDiscover:[330] :new device join
06-10 15:20:53.758 2796 2877 E nStackXDFinder: GetLocalIp:[401] :GetLocalIp exec
06-10 15:20:53.772 2796 2877 D nStackXCoAP: IsInSameNetwork:[276] :IsInSameNetwork exec
06-10 15:20:53.773 2796 2877 I nStackXDFinder: GetLocalInterfaceDetail:[461] :GetLocalInterfaceDetail in
06-10 15:20:53.773 2796 2877 E nStackXCoAP: IsInSameNetwork:[281] :IsInSameNetwork: not priority process
06-10 15:20:53.773 2796 2877 D nStackXCoAP: ParseServiceDiscover:[330] :new device join
06-10 15:20:53.773 2796 2877 E nStackXDFinder: GetLocalIp:[401] :GetLocalIp exec
06-10 15:20:53.883 523 544 W IorapForwardingService: No service published for: iorapd
06-10 15:20:53.952 2796 2877 D nStackXCoAP: IsInSameNetwork:[276] :IsInSameNetwork exec
06-10 15:20:53.952 2796 2877 I nStackXDFinder: GetLocalInterfaceDetail:[461] :GetLocalInterfaceDetail in
06-10 15:20:53.952 2796 2877 E nStackXCoAP: IsInSameNetwork:[281] :IsInSameNetwork: not priority process
06-10 15:20:53.952 2796 2877 D nStackXCoAP: ParseServiceDiscover:[330] :new device join
06-10 15:20:53.952 2796 2877 E nStackXDFinder: GetLocalIp:[401] :GetLocalIp exec
06-10 15:20:54.066 2796 2877 D nStackXCoAP: IsInSameNetwork:[276] :IsInSameNetwork exec
06-10 15:20:54.066 2796 2877 I nStackXDFinder: GetLocalInterfaceDetail:[461] :GetLocalInterfaceDetail in
06-10 15:20:54.066 2796 2877 E nStackXCoAP: IsInSameNetwork:[281] :IsInSameNetwork: not priority process
06-10 15:20:54.066 2796 2877 D nStackXCoAP: ParseServiceDiscover:[330] :new device join
06-10 15:20:54.066 2796 2877 E nStackXDFinder: GetLocalIp:[401] :GetLocalIp exec
06-10 15:20:54.100 2796 2877 D nStackXCoAP: CoapMessageHandler:[133] :2.01
06-10 15:20:54.125 2796 2877 D nStackXCoAP: CoapMessageHandler:[133] :2.01
06-10 15:20:54.166 2796 2877 D nStackXCoAP: IsInSameNetwork:[276] :IsInSameNetwork exec
06-10 15:20:54.166 2796 2877 I nStackXDFinder: GetLocalInterfaceDetail:[461] :GetLocalInterfaceDetail in
06-10 15:20:54.166 2796 2877 E nStackXCoAP: IsInSameNetwork:[281] :IsInSameNetwork: not priority process
06-10 15:20:54.166 2796 2877 D nStackXCoAP: ParseServiceDiscover:[330] :new device join
06-10 15:20:54.166 2796 2877 E nStackXDFinder: GetLocalIp:[401] :GetLocalIp exec
06-10 15:20:54.185 2796 2877 D nStackXCoAP: CoapMessageHandler:[133] :2.01
06-10 15:20:54.186 2796 2877 D nStackXCoAP: CoapMessageHandler:[133] :2.01
06-10 15:20:54.297 664 664 E WifiHAL : wifi_get_link_stats: requestResponse Error:-5
06-10 15:20:54.299 523 619 E WifiVendorHal: getWifiLinkLayerStats_1_5_Internal(l.1191) failed {.code = ERROR_INVALID_ARGS, .description = }
06-10 15:20:54.363 2796 2877 D nStackXCoAP: IsInSameNetwork:[276] :IsInSameNetwork exec
06-10 15:20:54.363 2796 2877 I nStackXDFinder: GetLocalInterfaceDetail:[461] :GetLocalInterfaceDetail in
06-10 15:20:54.363 2796 2877 E nStackXCoAP: IsInSameNetwork:[281] :IsInSameNetwork: not priority process
06-10 15:20:54.363 2796 2877 D nStackXCoAP: ParseServiceDiscover:[330] :new device join
06-10 15:20:54.363 2796 2877 E nStackXDFinder: GetLocalIp:[401] :GetLocalIp exec
06-10 15:20:54.387 2796 2877 D nStackXCoAP: CoapMessageHandler:[133] :2.01
06-10 15:20:54.414 2350 2439 D UtilLog : 日志批量上报 进行正常循环 !!!!!!本次有0次请求,共0条数据
06-10 15:20:54.475 2796 2877 D nStackXCoAP: CoapMessageHandler:[133] :2.01
06-10 15:20:54.671 2796 2877 D nStackXCoAP: IsInSameNetwork:[276] :IsInSameNetwork exec
06-10 15:20:54.672 2796 2877 I nStackXDFinder: GetLocalInterfaceDetail:[461] :GetLocalInterfaceDetail in
06-10 15:20:54.672 2796 2877 E nStackXCoAP: IsInSameNetwork:[281] :IsInSameNetwork: not priority process
06-10 15:20:54.672 2796 2877 D nStackXCoAP: ParseServiceDiscover:[330] :new device join
06-10 15:20:54.672 2796 2877 E nStackXDFinder: GetLocalIp:[401] :GetLocalIp exec
06-10 15:20:54.736 2796 2877 D nStackXCoAP: CoapMessageHandler:[133] :2.01
06-10 15:20:54.780 2796 2877 D nStackXCoAP: IsInSameNetwork:[276] :IsInSameNetwork exec
06-10 15:20:54.780 2796 2877 I nStackXDFinder: GetLocalInterfaceDetail:[461] :GetLocalInterfaceDetail in
06-10 15:20:54.780 2796 2877 E nStackXCoAP: IsInSameNetwork:[281] :IsInSameNetwork: not priority process
06-10 15:20:54.780 2796 2877 D nStackXCoAP: ParseServiceDiscover:[330] :new device join
06-10 15:20:54.781 2796 2877 E nStackXDFinder: GetLocalIp:[401] :GetLocalIp exec
06-10 15:20:54.801 2796 2877 D nStackXCoAP: CoapMessageHandler:[133] :2.01
06-10 15:20:54.884 2796 2877 D nStackXCoAP: IsInSameNetwork:[276] :IsInSameNetwork exec
06-10 15:20:54.884 2796 2877 I nStackXDFinder: GetLocalInterfaceDetail:[461] :GetLocalInterfaceDetail in
06-10 15:20:54.884 2796 2877 E nStackXCoAP: IsInSameNetwork:[281] :IsInSameNetwork: not priority process
06-10 15:20:54.884 2796 2877 D nStackXCoAP: ParseServiceDiscover:[330] :new device join
06-10 15:20:54.884 2796 2877 E nStackXDFinder: GetLocalIp:[401] :GetLocalIp exec
06-10 15:20:54.886 523 544 W IorapForwardingService: No service published for: iorapd
06-10 15:20:54.965 523 542 D CompatibilityChangeReporter: Compat change id reported: 168419799; UID 10073; state: DISABLED
06-10 15:20:54.975 1942 1972 I PermissionControllerServiceImpl: Updating user sensitive for user 0
06-10 15:20:55.080 2796 2877 D nStackXCoAP: IsInSameNetwork:[276] :IsInSameNetwork exec
06-10 15:20:55.080 2796 2877 I nStackXDFinder: GetLocalInterfaceDetail:[461] :GetLocalInterfaceDetail in
06-10 15:20:55.080 2796 2877 E nStackXCoAP: IsInSameNetwork:[281] :IsInSameNetwork: not priority process
06-10 15:20:55.080 2796 2877 D nStackXCoAP: ParseServiceDiscover:[330] :new device join
06-10 15:20:55.080 2796 2877 E nStackXDFinder: GetLocalIp:[401] :GetLocalIp exec
06-10 15:20:55.087 2796 2877 D nStackXCoAP: CoapMessageHandler:[133] :2.01
06-10 15:20:55.189 2796 2877 D nStackXCoAP: IsInSameNetwork:[276] :IsInSameNetwork exec
06-10 15:20:55.189 2796 2877 I nStackXDFinder: GetLocalInterfaceDetail:[461] :GetLocalInterfaceDetail in
06-10 15:20:55.189 2796 2877 E nStackXCoAP: IsInSameNetwork:[281] :IsInSameNetwork: not priority process
06-10 15:20:55.189 2796 2877 D nStackXCoAP: ParseServiceDiscover:[330] :new device join
06-10 15:20:55.190 2796 2877 E nStackXDFinder: GetLocalIp:[401] :GetLocalIp exec
06-10 15:20:55.576 2592 2592 I cling--ap-4: type=1400 audit(0.0:1192): avc: denied { read } for name="address" dev="sysfs" ino=28790 scontext=u:r:platform_app:s0:c512,c768 tcontext=u:object_r:sysfs:s0 tclass=file permissive=1 app=com.dangbei.screencast
06-10 15:20:55.576 2592 2592 I cling--ap-4: type=1400 audit(0.0:1193): avc: denied { open } for path="/sys/devices/platform/unisoc_wifi/net/wlan1/address" dev="sysfs" ino=28790 scontext=u:r:platform_app:s0:c512,c768 tcontext=u:object_r:sysfs:s0 tclass=file permissive=1 app=com.dangbei.screencast
06-10 15:20:55.576 2592 2592 I cling--ap-4: type=1400 audit(0.0:1194): avc: denied { getattr } for path="/sys/devices/platform/unisoc_wifi/net/wlan1/address" dev="sysfs" ino=28790 scontext=u:r:platform_app:s0:c512,c768 tcontext=u:object_r:sysfs:s0 tclass=file permissive=1 app=com.dangbei.screencast
06-10 15:20:55.709 2796 2877 D nStackXCoAP: CoapMessageHandler:[133] :2.01
06-10 15:20:55.888 523 544 W IorapForwardingService: No service published for: iorapd
06-10 15:20:56.626 2796 2877 D nStackXCoAP: CoapMessageHandler:[133] :2.01
06-10 15:20:56.890 523 544 W IorapForwardingService: No service published for: iorapd
06-10 15:20:57.313 664 664 E WifiHAL : wifi_get_link_stats: requestResponse Error:-5
06-10 15:20:57.315 523 619 E WifiVendorHal: getWifiLinkLayerStats_1_5_Internal(l.1191) failed {.code = ERROR_INVALID_ARGS, .description = }
06-10 15:20:57.719 523 1007 W ZramWriteback: Writeback device is not set
06-10 15:20:57.719 523 1007 D ZramWriteback: wait to flush
06-10 15:20:57.893 523 544 W IorapForwardingService: No service published for: iorapd
06-10 15:20:58.895 523 544 W IorapForwardingService: No service published for: iorapd
06-10 15:20:59.851 281 307 D hdmi-cec: receive invalid cec message!
06-10 15:20:59.851 281 307 D hdmi-cec: receive poll message [04], skip!
06-10 15:20:59.897 523 544 W IorapForwardingService: No service published for: iorapd
06-10 15:21:00.328 664 664 E WifiHAL : wifi_get_link_stats: requestResponse Error:-5
06-10 15:21:00.330 523 619 E WifiVendorHal: getWifiLinkLayerStats_1_5_Internal(l.1191) failed {.code = ERROR_INVALID_ARGS, .description = }
06-10 15:21:00.899 523 544 W IorapForwardingService: No service published for: iorapd
06-10 15:21:00.916 1249 1249 D bbb : onStartCommand begin !!!!!!! data分区剩余 24985MB
06-10 15:21:00.919 1190 1190 D aaa : LedStatusService onStartCommand begin
06-10 15:21:00.920 1190 3027 D aaa : topPkg is -------------- :com.dangbei.leard.leradlauncher
06-10 15:21:00.927 1190 3027 D aaa : WiFi is connect
06-10 15:21:01.901 523 544 W IorapForwardingService: No service published for: iorapd
06-10 15:21:02.290 2592 2601 I gbei.screencas: Background concurrent copying GC freed 37672(4516KB) AllocSpace objects, 4(80KB) LOS objects, 49% free, 4158KB/8317KB, paused 251us total 133.234ms
06-10 15:21:02.903 523 544 W IorapForwardingService: No service published for: iorapd
06-10 15:21:03.345 664 664 E WifiHAL : wifi_get_link_stats: requestResponse Error:-5
06-10 15:21:03.346 523 619 E WifiVendorHal: getWifiLinkLayerStats_1_5_Internal(l.1191) failed {.code = ERROR_INVALID_ARGS, .description = }
06-10 15:21:03.905 523 544 W IorapForwardingService: No service published for: iorapd
06-10 15:21:04.271 2350 2438 I TDLog : [APP] New data found, Submitting...
06-10 15:21:04.278 2350 2438 I TDLog : [APP] Failed to submit data!
06-10 15:21:04.410 2350 2439 D UtilLog : 日志批量上报 进行正常循环 !!!!!!本次有0次请求,共0条数据
06-10 15:21:04.907 523 544 W IorapForwardingService: No service published for: iorapd
06-10 15:21:04.984 674 855 I bt_btif_dm: system/bt/btif/src/btif_dm.cc:548 btif_update_remote_properties: cod from storage is also unclassified
06-10 15:21:05.051 387 3032 I adbd : host-22: read thread spawning
06-10 15:21:05.051 387 3033 I adbd : host-22: write thread spawning
06-10 15:21:05.053 387 387 I adbd : host-22: already offline
06-10 15:21:05.054 387 387 I adbd : Calling send_auth_request...
06-10 15:21:05.080 387 387 I adbd : Calling send_auth_request...
06-10 15:21:05.137 387 387 I adbd : prompting user to authorize key
06-10 15:21:05.137 387 387 I adbd : adbd_auth: sending prompt with id 0
06-10 15:21:05.137 387 387 I adbd : adbd_auth: prompting user for adb authentication
06-10 15:21:05.138 387 403 I adbd : adbd_auth: marking framework writable
06-10 15:21:05.138 523 1002 D AdbDebuggingManager: Received public key: QAAAAFFyfRNP6d6d3d2Yqv6MpwL5MiEpuvRZ/iEJKxt0Hni5dzz9Ekxfjdw0Y7B883ZxHP7VGynNSBbUE7KaRGQs+/bN1mBNU+1PPMXSQ0F9OeZk0de2+LNjg0E8m7BAcNsHkRrY9GbFjo67wc9mItZKV3UhbVtC/6mt1BTar1LBFmTPstB7JLRG3d43mNs6r7o20nLOIokOE2mT2FITubNzIFmBbyaVN3zTAvpl0xNgoENhzg8jQdkTr640mwZM2upyTn5gpQ1UWUYGej8PNfHonqYcd/Gdrw2X/C/2Q6gVCHHW/nhbir9RSwwFRtmP7DE8q9897j+2cqoMZin01S/swk9a/u2+StOjk0SRFxrIBRT3Cs2kDj8YIoN0dT/XeVfmJaCDQiE8nWxqQEZxqZ2JfrHJWAhrz8e+UwvkYf7SFfAGpkwaCGu0rmj02QU/a/VzHEWKO+n0GgneR7YAEzYCGjavXuPpmz2xZygdDDDJ2L2Z4JBu+UNxDEDrRKaN5STfxuNlbkxtZJ0Kqw9FrosizuNj9ABlTQz5K9ADcqIDRkMDb2+jYZJCYIYw/JESQm4h3uirZ7rSQnSr/HbYMeTcRmkbGk2EFC+jAiPTwB/G+Dy5N8zz2tkupMYK3IwTuA3D5LHhuNHfzGmdWEFAFKQruqO0ve/GGgeCARzdcbyXxP+hzrX9tAEAAQA= @unknown
06-10 15:21:05.140 523 542 D AdbDebuggingManager: Logging key QAAAAFFyfRNP6d6d3d2Yqv6MpwL5MiEpuvRZ/iEJKxt0Hni5dzz9Ekxfjdw0Y7B883ZxHP7VGynNSBbUE7KaRGQs+/bN1mBNU+1PPMXSQ0F9OeZk0de2+LNjg0E8m7BAcNsHkRrY9GbFjo67wc9mItZKV3UhbVtC/6mt1BTar1LBFmTPstB7JLRG3d43mNs6r7o20nLOIokOE2mT2FITubNzIFmBbyaVN3zTAvpl0xNgoENhzg8jQdkTr640mwZM2upyTn5gpQ1UWUYGej8PNfHonqYcd/Gdrw2X/C/2Q6gVCHHW/nhbir9RSwwFRtmP7DE8q9897j+2cqoMZin01S/swk9a/u2+StOjk0SRFxrIBRT3Cs2kDj8YIoN0dT/XeVfmJaCDQiE8nWxqQEZxqZ2JfrHJWAhrz8e+UwvkYf7SFfAGpkwaCGu0rmj02QU/a/VzHEWKO+n0GgneR7YAEzYCGjavXuPpmz2xZygdDDDJ2L2Z4JBu+UNxDEDrRKaN5STfxuNlbkxtZJ0Kqw9FrosizuNj9ABlTQz5K9ADcqIDRkMDb2+jYZJCYIYw/JESQm4h3uirZ7rSQnSr/HbYMeTcRmkbGk2EFC+jAiPTwB/G+Dy5N8zz2tkupMYK3IwTuA3D5LHhuNHfzGmdWEFAFKQruqO0ve/GGgeCARzdcbyXxP+hzrX9tAEAAQA= @unknown, state = 1, alwaysAllow = false, lastConnectionTime = 0, authWindow = 604800000
06-10 15:21:05.141 387 403 I adbd : adbd_auth: received packet: OK
06-10 15:21:05.142 387 403 I adbd : adb client 0 authorized
06-10 15:21:05.142 387 403 I adbd : adbd_auth: no prompts to send
06-10 15:21:05.142 387 387 I adbd : adb client authorized
