06-10 15:20:20.873 523 2784 D CCodecConfig: c2::u32 input.buffers.max-size.value = 32768
06-10 15:20:20.873 523 2784 D CCodecConfig: c2::u32 input.delay.value = 0
06-10 15:20:20.873 523 2784 D CCodecConfig: string input.media-type.value = "audio/vorbis"
06-10 15:20:20.873 523 2784 D CCodecConfig: string output.media-type.value = "audio/raw"
06-10 15:20:20.873 523 2784 D CCodecConfig: c2::u32 raw.channel-count.value = 1
06-10 15:20:20.873 523 2784 D CCodecConfig: c2::u32 raw.sample-rate.value = 48000
06-10 15:20:20.873 523 2784 D CCodecConfig: }
06-10 15:20:20.874 523 2784 D CCodec : [c2.android.vorbis.decoder] buffers are bound to CCodec for this session
06-10 15:20:20.874 523 2784 D CCodecConfig: no c2 equivalents for durationUs
06-10 15:20:20.874 523 2784 D CCodecConfig: no c2 equivalents for track-id
06-10 15:20:20.874 523 2784 D CCodecConfig: no c2 equivalents for csd-1
06-10 15:20:20.875 523 2784 D CCodecConfig: no c2 equivalents for channel-mask
06-10 15:20:20.875 523 2784 D CCodecConfig: no c2 equivalents for flags
06-10 15:20:20.875 523 2784 D CCodecConfig: c2 config diff is c2::u32 coded.bitrate.value = 112000
06-10 15:20:20.875 523 2784 D CCodecConfig: c2::u32 raw.channel-count.value = 2
06-10 15:20:20.875 523 2784 D CCodecConfig: c2::u32 raw.sample-rate.value = 44100
06-10 15:20:20.877 523 2784 W Codec2Client: query -- param skipped: index = 1107298332.
06-10 15:20:20.877 523 2784 D CCodec : setup formats input: AMessage(what = 0x00000000) = {
06-10 15:20:20.877 523 2784 D CCodec : int32_t bitrate = 112000
06-10 15:20:20.877 523 2784 D CCodec : int32_t channel-count = 2
06-10 15:20:20.877 523 2784 D CCodec : int32_t max-input-size = 32768
06-10 15:20:20.877 523 2784 D CCodec : string mime = "audio/vorbis"
06-10 15:20:20.877 523 2784 D CCodec : int32_t sample-rate = 44100
06-10 15:20:20.877 523 2784 D CCodec : }
06-10 15:20:20.877 523 2784 D CCodec : setup formats output: AMessage(what = 0x00000000) = {
06-10 15:20:20.877 523 2784 D CCodec : int32_t channel-count = 2
06-10 15:20:20.877 523 2784 D CCodec : string mime = "audio/raw"
06-10 15:20:20.877 523 2784 D CCodec : int32_t sample-rate = 44100
06-10 15:20:20.877 523 2784 D CCodec : int32_t channel-mask = 3
06-10 15:20:20.877 523 2784 D CCodec : }
06-10 15:20:20.877 523 2784 I CCodecConfig: query failed after returning 7 values (BAD_INDEX)
06-10 15:20:20.878 523 2784 W Codec2Client: query -- param skipped: index = 1342179345.
06-10 15:20:20.878 523 2784 W Codec2Client: query -- param skipped: index = 2415921170.
06-10 15:20:20.879 523 2784 D CCodecBufferChannel: [c2.android.vorbis.decoder#602] Created input block pool with allocatorID 16 => poolID 25 - OK (0)
06-10 15:20:20.880 523 2784 I CCodecBufferChannel: [c2.android.vorbis.decoder#602] Created output block pool with allocatorID 16 => poolID 27 - OK
06-10 15:20:20.880 523 2784 D CCodecBufferChannel: [c2.android.vorbis.decoder#602] Configured output block pool ids 27 => OK
06-10 15:20:20.883 378 2786 D SimpleC2Component: Using output block pool with poolID 27 => got 27 - 0
06-10 15:20:20.903 334 2768 D XM_HIDREAD: poll ret=1, event=1
06-10 15:20:20.903 334 2768 D XM_HIDREAD: [9 bytes]:01 00 00 52 00 00 00 00 00
06-10 15:20:20.903 523 607 D TvWindowManager: key event key = KEYCODE_DPAD_UP down = true
06-10 15:20:20.905 523 606 D GpioService: mFlickerEnable = true
06-10 15:20:20.906 2146 2146 I SogouIME: onKeyDown: keyoCode=19
06-10 15:20:20.906 2146 2146 I DefaultIMS: onKeyDown: keyoCode=19
06-10 15:20:20.907 1128 1128 E SecondScreen: FirstScreenLayoutView dispatchKeyEvent 19
06-10 15:20:20.912 2146 2146 I DefaultIMS: onStartInput attribute=android.view.inputmethod.EditorInfo@947cfea restarting=false inputType: 0
06-10 15:20:20.954 523 2784 D CCodecBufferChannel: [c2.android.vorbis.decoder#602] MediaCodec discarded an unknown buffer
06-10 15:20:20.954 523 2784 D CCodecBufferChannel: [c2.android.vorbis.decoder#602] MediaCodec discarded an unknown buffer
06-10 15:20:20.957 523 2784 I hw-BpHwBinder: onLastStrongRef automatically unlinking death recipients
06-10 15:20:20.957 378 2781 I hw-BpHwBinder: onLastStrongRef automatically unlinking death recipients
06-10 15:20:20.958 378 2781 V C2Store : in ~ComponentModule
06-10 15:20:20.958 378 2781 V C2Store : unloading dll
06-10 15:20:21.001 434 434 W hdr10p_Configure: 64 callbacks suppressed
06-10 15:20:21.001 434 434 I : DVI mode selected: packets not configured
06-10 15:20:21.001 434 434 W set_vsif_config: 64 callbacks suppressed
06-10 15:20:21.001 434 434 I : Error: set vsif failed
06-10 15:20:21.020 434 434 I : DVI mode selected: packets not configured
06-10 15:20:21.020 434 434 I : Error: set vsif failed
06-10 15:20:21.023 334 2768 D XM_HIDREAD: poll ret=1, event=1
06-10 15:20:21.023 334 2768 D XM_HIDREAD: [9 bytes]:01 00 00 00 00 00 00 00 00
06-10 15:20:21.023 523 607 D TvWindowManager: key event key = KEYCODE_DPAD_UP down = false
06-10 15:20:21.025 2146 2146 I SogouIME: onKeyUp: keyoCode=19
06-10 15:20:21.026 2146 2146 I DefaultIMS: onKeyUp: keyoCode=19
06-10 15:20:21.027 1128 1128 E SecondScreen: FirstScreenLayoutView dispatchKeyEvent 19
06-10 15:20:21.120 664 664 E WifiHAL : wifi_get_link_stats: requestResponse Error:-5
06-10 15:20:21.122 523 619 E WifiVendorHal: getWifiLinkLayerStats_1_5_Internal(l.1191) failed {.code = ERROR_INVALID_ARGS, .description = }
06-10 15:20:21.203 674 1016 I bt_stack: [INFO:hearing_aid.cc(1796)] GetDeviceCount: Not initialized yet
06-10 15:20:21.219 1066 1191 W MediaProvider: getVolumePath for unknown volume: internal
06-10 15:20:21.222 1066 1191 W MediaProvider: getVolumePath for unknown volume: internal
06-10 15:20:21.223 1066 1191 W MediaProvider: getVolumePath for unknown volume: internal
06-10 15:20:21.224 1066 1191 W MediaProvider: getVolumePath for unknown volume: internal
06-10 15:20:21.225 1066 1191 W MediaProvider: getVolumePath for unknown volume: internal
06-10 15:20:21.226 1066 1191 W MediaProvider: getVolumePath for unknown volume: internal
06-10 15:20:21.226 1066 1191 W MediaProvider: getVolumePath for unknown volume: internal
06-10 15:20:21.227 1066 1191 W MediaProvider: getVolumePath for unknown volume: internal
06-10 15:20:21.228 1066 1191 W MediaProvider: getVolumePath for unknown volume: internal
06-10 15:20:21.228 1066 1191 W MediaProvider: getVolumePath for unknown volume: internal
06-10 15:20:21.229 1066 1191 W MediaProvider: getVolumePath for unknown volume: internal
06-10 15:20:21.229 1066 1191 W MediaProvider: getVolumePath for unknown volume: internal
06-10 15:20:21.230 1066 1191 W MediaProvider: getVolumePath for unknown volume: internal
06-10 15:20:21.231 1066 1191 W MediaProvider: getVolumePath for unknown volume: internal
06-10 15:20:21.233 1066 1191 W MediaProvider: getVolumePath for unknown volume: internal
06-10 15:20:21.234 1066 1191 W MediaProvider: getVolumePath for unknown volume: internal
06-10 15:20:21.235 1066 1191 W MediaProvider: getVolumePath for unknown volume: internal
06-10 15:20:21.236 1066 1191 W MediaProvider: getVolumePath for unknown volume: internal
06-10 15:20:21.237 1066 1191 W MediaProvider: getVolumePath for unknown volume: internal
06-10 15:20:21.237 1066 1191 W MediaProvider: getVolumePath for unknown volume: internal
06-10 15:20:21.238 1066 1191 W MediaProvider: getVolumePath for unknown volume: internal
06-10 15:20:21.239 1066 1191 W MediaProvider: getVolumePath for unknown volume: internal
06-10 15:20:21.240 1066 1191 W MediaProvider: getVolumePath for unknown volume: internal
06-10 15:20:21.241 1066 1191 W MediaProvider: getVolumePath for unknown volume: internal
06-10 15:20:21.375 357 357 E : Send upper Vendor Specific event.
06-10 15:20:21.628 2592 2592 I Timer-1 : type=1400 audit(0.0:1143): avc: denied { search } for name="net" dev="sysfs" ino=10442 scontext=u:r:platform_app:s0:c512,c768 tcontext=u:object_r:sysfs_net:s0 tclass=dir permissive=1 app=com.dangbei.screencast
06-10 15:20:21.632 2592 2592 I Timer-1 : type=1400 audit(0.0:1144): avc: denied { read } for name="address" dev="sysfs" ino=28790 scontext=u:r:platform_app:s0:c512,c768 tcontext=u:object_r:sysfs:s0 tclass=file permissive=1 app=com.dangbei.screencast
06-10 15:20:21.632 2592 2592 I Timer-1 : type=1400 audit(0.0:1145): avc: denied { open } for path="/sys/devices/platform/unisoc_wifi/net/wlan1/address" dev="sysfs" ino=28790 scontext=u:r:platform_app:s0:c512,c768 tcontext=u:object_r:sysfs:s0 tclass=file permissive=1 app=com.dangbei.screencast
06-10 15:20:21.632 2592 2592 I Timer-1 : type=1400 audit(0.0:1146): avc: denied { getattr } for path="/sys/devices/platform/unisoc_wifi/net/wlan1/address" dev="sysfs" ino=28790 scontext=u:r:platform_app:s0:c512,c768 tcontext=u:object_r:sysfs:s0 tclass=file permissive=1 app=com.dangbei.screencast
06-10 15:20:21.668 2592 2645 I efs.config: No update is required, less than 8h since the last update
06-10 15:20:21.664 2592 2592 I efs-base: type=1400 audit(0.0:1147): avc: denied { search } for name="com.dangbei.screencast" dev="mmcblk0p25" ino=891 scontext=u:r:platform_app:s0:c512,c768 tcontext=u:object_r:app_data_file:s0:c512,c768 tclass=dir permissive=1 app=com.dangbei.screencast
06-10 15:20:21.692 523 813 W TelephonyPermissions: reportAccessDeniedToReadIdentifiers:com.dangbei.screencast:getSerial:-1
06-10 15:20:21.754 2592 2653 V NFC : this device does not have NFC support
06-10 15:20:21.811 523 544 W IorapForwardingService: No service published for: iorapd
06-10 15:20:21.811 523 814 I WifiService: releaseMulticastLock uid=10015
06-10 15:20:21.813 523 814 I WifiService: releaseMulticastLock uid=10015
06-10 15:20:21.837 2592 2592 D HiSight-SinkService: setDiscoverable true
06-10 15:20:21.839 1128 2108 D wenhc : getScreenInfo uri = content://com.dangbei.screencast.parts.info/screen_cast
06-10 15:20:21.839 2592 2592 D NearFieldManager: init.
06-10 15:20:21.839 2592 2592 D NearFieldManager: try check dmsdp
06-10 15:20:21.851 2592 2592 D NearFieldManager: package not exist
06-10 15:20:21.857 523 537 D CompatibilityChangeReporter: Compat change id reported: 135634846; UID 10015; state: DISABLED
06-10 15:20:21.858 2592 2592 D NearFieldManager: bind nearfield service true
06-10 15:20:21.858 523 552 D CompatibilityChangeReporter: Compat change id reported: 143937733; UID 10015; state: DISABLED
06-10 15:20:21.861 2592 2592 D NearFieldManager: registerCallback true
06-10 15:20:21.861 2592 2592 D HiSight-Discovery: set deviceInfo type:46
06-10 15:20:21.861 2592 2592 D HiSight-Discovery: startAdvertise 1
06-10 15:20:21.874 261 261 D Zygote : Forked child process 2796
06-10 15:20:21.876 523 552 I ActivityManager: app.processName = com.huawei.connection
06-10 15:20:21.876 523 552 I ActivityManager: Start proc 2796:com.huawei.connection/u0a15 for service {com.dangbei.screencast/com.huawei.connection.service.NearFieldManagerService}
06-10 15:20:21.882 2796 2796 I Zygote : seccomp disabled by setenforce 0
06-10 15:20:21.900 1973 1973 W audit : audit_lost=685 audit_rate_limit=5 audit_backlog_limit=64
06-10 15:20:21.900 1973 1973 E audit : rate limit exceeded
06-10 15:20:21.907 387 408 I adbd : jdwp connection from 2796
06-10 15:20:21.930 2796 2796 D CompatibilityChangeReporter: Compat change id reported: 171979766; UID 10015; state: DISABLED
06-10 15:20:21.940 2796 2796 D ApplicationLoaders: Returning zygote-cached class loader: /system/framework/android.test.base.jar
06-10 15:20:21.941 2796 2796 D ApplicationLoaders: Returning zygote-cached class loader: /system/framework/android.hidl.manager-V1.0-java.jar
06-10 15:20:21.941 2796 2796 D ApplicationLoaders: Returning zygote-cached class loader: /system/framework/android.hidl.base-V1.0-java.jar
06-10 15:20:21.972 2796 2796 V GraphicsEnvironment: ANGLE Developer option for 'com.dangbei.screencast' set to: 'default'
06-10 15:20:21.972 2796 2796 V GraphicsEnvironment: Neither updatable production driver nor prerelease driver is supported.
06-10 15:20:21.976 2796 2796 D NetworkSecurityConfig: Using Network Security Config from resource network_security_config debugBuild: false
06-10 15:20:21.979 2796 2796 D NetworkSecurityConfig: Using Network Security Config from resource network_security_config debugBuild: false
06-10 15:20:21.982 2796 2796 I MultiDex: VM with version 2.1.0 has multidex support
06-10 15:20:21.982 2796 2796 I MultiDex: Installing application
06-10 15:20:21.982 2796 2796 I MultiDex: VM has multidex support, MultiDex support library is disabled.
06-10 15:20:22.006 334 2768 D XM_HIDREAD: poll ret=1, event=1
06-10 15:20:22.006 334 2768 D XM_HIDREAD: [9 bytes]:01 00 00 4F 00 00 00 00 00
06-10 15:20:22.006 523 607 D TvWindowManager: key event key = KEYCODE_DPAD_RIGHT down = true
06-10 15:20:22.007 523 606 D GpioService: mFlickerEnable = true
06-10 15:20:22.008 2146 2146 I SogouIME: onKeyDown: keyoCode=22
06-10 15:20:22.008 2146 2146 I DefaultIMS: onKeyDown: keyoCode=22
06-10 15:20:22.013 1128 1128 E SecondScreen: FirstScreenLayoutView dispatchKeyEvent 22
06-10 15:20:22.021 2146 2146 I DefaultIMS: onStartInput attribute=android.view.inputmethod.EditorInfo@d7060af restarting=false inputType: 0
06-10 15:20:22.057 434 434 I : DVI mode selected: packets not configured
06-10 15:20:22.057 434 434 I : Error: set vsif failed
06-10 15:20:22.104 2796 2837 I crashsdk: version unique build id: 6230cced
06-10 15:20:22.117 2796 2822 I crashsdk: begin hack android.os.Process
06-10 15:20:22.117 2796 2822 I crashsdk: end hack android.os.Process
06-10 15:20:22.118 2796 2838 D crashsdk: Native log stat thread 2838 setup, waiting
06-10 15:20:22.141 334 2768 D XM_HIDREAD: poll ret=1, event=1
06-10 15:20:22.141 334 2768 D XM_HIDREAD: [9 bytes]:01 00 00 00 00 00 00 00 00
06-10 15:20:22.141 523 607 D TvWindowManager: key event key = KEYCODE_DPAD_RIGHT down = false
06-10 15:20:22.143 2146 2146 I SogouIME: onKeyUp: keyoCode=22
06-10 15:20:22.143 2146 2146 I DefaultIMS: onKeyUp: keyoCode=22
06-10 15:20:22.145 1128 1128 E SecondScreen: FirstScreenLayoutView dispatchKeyEvent 22
06-10 15:20:22.167 2796 2796 I TDLog : setReportUncaughtExceptions: true
06-10 15:20:22.169 2796 2822 I Matrix.AnrTracer: anrTrace, final mAnrBeatTime:400, mAnrBeatRate:400
06-10 15:20:22.169 2796 2796 E Application: onCreate:Version:v2.8.3/20830/883432e
06-10 15:20:22.178 2796 2822 E LaunchManager: Non main process !
06-10 15:20:22.178 2796 2822 W System.err: java.lang.NullPointerException: Attempt to invoke virtual method 'boolean com.efs.sdk.launch.LaunchConfigManager.enableTracer()' on a null object reference
06-10 15:20:22.178 2796 2822 W System.err: at com.umeng.umcrash.UMCrash.init(Unknown Source:403)
06-10 15:20:22.179 2796 2822 W System.err: at java.lang.reflect.Method.invoke(Native Method)
06-10 15:20:22.179 2796 2822 W System.err: at com.umeng.commonsdk.UMConfigure.init(Unknown Source:811)
06-10 15:20:22.179 2796 2822 W System.err: at b.f.f.b.a(:4)
06-10 15:20:22.179 2796 2822 W System.err: at h.o.a.run(Unknown Source:2)
06-10 15:20:22.194 2796 2842 W efs.send_log: tryFileLock start!
06-10 15:20:22.200 2796 2796 D NearFieldManagerService: NearFieldManagerService.
06-10 15:20:22.200 2796 2796 D NearFieldManagerService: onCreate, enter.
06-10 15:20:22.200 2796 2796 I NearFieldManagerService: onBind, enter.
06-10 15:20:22.201 2796 2796 D NearFieldManagerService: initService
06-10 15:20:22.201 2796 2796 D NearFieldManagerService: NearField starting...
06-10 15:20:22.201 2796 2796 D NearFieldUtils: checkSystemProperty in
06-10 15:20:22.202 2796 2796 D NearFieldUtils: checkSystemProperty: systemProperties:
06-10 15:20:22.202 2796 2796 E NearFieldUtils: validProperty: priority is null
06-10 15:20:22.227 2592 2592 D NearFieldManager: service connected.
06-10 15:20:22.233 2592 2592 D HiSight-Discovery: eventId: 4001
06-10 15:20:22.234 2592 2795 D HiSight-Discovery: msg 4001
06-10 15:20:22.234 2592 2795 D HiSight-Discovery: bind success, status Ready
06-10 15:20:22.234 2592 2795 D HiSight-Discovery: startAdvertise 2
06-10 15:20:22.234 2592 2795 D HiSight-Discovery: stopAdvertise.
06-10 15:20:22.234 2592 2795 D HiSight-Discovery: nearFieldStartListen deviceType 46
06-10 15:20:22.236 2796 2796 I crashsdk: Catcher mask: 5000, 20480
06-10 15:20:22.236 2796 2812 I NearFieldManagerImpl: setDeviceInfo, sDeviceId changes
06-10 15:20:22.237 2796 2796 I crashsdk: Catcher thread 2801
06-10 15:20:22.237 2796 2796 D crashsdk: Register ANR handler ...
06-10 15:20:22.238 2796 2812 I NearFieldManagerImpl: setDeviceInfo, sDeviceName changes
06-10 15:20:22.246 2796 2812 D NearFieldManagerImpl: setServiceData, sServiceData=[], serviceData=[32]
06-10 15:20:22.247 2592 2795 E NearFieldManager: setIdnNetworkPriority: networkPortPriority is empty
06-10 15:20:22.247 2592 2795 D NearFieldManager: StartListen moduleId: CastPlusDiscoveryModule
06-10 15:20:22.251 2796 2796 D NearFieldManagerImpl: onReceive action get:android.net.conn.CONNECTIVITY_CHANGE
06-10 15:20:22.251 2796 2812 D NearFieldManagerImpl: startListen: moduleId: CastPlusDiscoveryModule
06-10 15:20:22.251 2796 2812 D NearFieldUtils: getPreferredIpAddress exec
06-10 15:20:22.251 2796 2812 D NearFieldUtils: getPreferredIpAddress by custom priority
06-10 15:20:22.251 2796 2812 D NearFieldUtils: getIpByInterfaceSetting customIdnNetworkPriority:[]
06-10 15:20:22.251 2796 2812 D NearFieldUtils: getPreferredIpAddress by default priority
06-10 15:20:22.253 523 607 D TvWindowManager: key event key = KEYCODE_DPAD_RIGHT down = true
06-10 15:20:22.253 334 2768 D XM_HIDREAD: poll ret=1, event=1
06-10 15:20:22.254 334 2768 D XM_HIDREAD: [9 bytes]:01 00 00 4F 00 00 00 00 00
06-10 15:20:22.255 523 606 D GpioService: mFlickerEnable = true
06-10 15:20:22.255 523 537 W ServiceManager: Permission failure: android.permission.HIGH_SAMPLING_RATE_SENSORS from uid=10015 pid=2796
06-10 15:20:22.256 2146 2146 I SogouIME: onKeyDown: keyoCode=22
06-10 15:20:22.256 2146 2146 I DefaultIMS: onKeyDown: keyoCode=22
06-10 15:20:22.258 1128 1128 E SecondScreen: FirstScreenLayoutView dispatchKeyEvent 22
06-10 15:20:22.261 2796 2866 W efs.info.manager: network change: wifi
06-10 15:20:22.261 2796 2796 D NearFieldUtils: getPreferredIpAddress exec
06-10 15:20:22.261 2796 2796 D NearFieldUtils: getPreferredIpAddress by custom priority
06-10 15:20:22.261 2796 2796 D NearFieldUtils: getIpByInterfaceSetting customIdnNetworkPriority:[]
06-10 15:20:22.261 2796 2796 D NearFieldUtils: getPreferredIpAddress by default priority
06-10 15:20:22.264 2796 2842 I efs.config: --->>> 删除旧的配置文件 false
06-10 15:20:22.267 2146 2146 I DefaultIMS: onStartInput attribute=android.view.inputmethod.EditorInfo@ca8acbc restarting=false inputType: 0
06-10 15:20:22.270 2796 2865 I efs.base: lt=event`ev_ct=efs_core`ev_ac=pvuv`tm=2025-06-10 15:20:22`dn=180e67c4-68c7-41cd-91c1-435b7b306a53`ps=com.huawei.connection`um_os=android`stime=1749540021876`pid=2796`fr=android`pkg=com.dangbei.screencast`vcode=20830`dsp_w=1920`uid=180e67c4-68c7-41cd-91c1-435b7b306a53`rom=12`wid=180e67c4-68c7-41cd-91c1-435b7b306a53`um_app_carrier=`um_access=wifi`um_app_channel=os`um_crash_sdk_version=1.4.0`ctime=1749540022`model=dbbox-a2`lang=zh`net=wifi`brand=dangbei`dsp_h=1080`um_network_type=0`ver=v2.8.3`build_model=DBBOX-A2`w_tm=1749540022`appid=5fc60c21094d637f3130af19`um_umid_header=aib544115ba8ed0477c60559b90a00c8b2`sdk=31`tzone=Asia/Shanghai`sdk_ver=1.3.6.umeng
06-10 15:20:22.276 2796 2823 I TDLog : TalkingData SDK init...
06-10 15:20:22.276 2796 2823 I TDLog : SDK_VERSION is: Android+TD+V5.0.7 gp Type:Native Build_Num:2141
06-10 15:20:22.276 2796 2823 I TDLog : App ID is: B9D7815EC975466AB1332111FCE62DF5
06-10 15:20:22.276 2796 2823 I TDLog : App Channel is: os
06-10 15:20:22.276 2796 2823 I TDLog : App Custom is:
06-10 15:20:22.276 2796 2823 I TDLog : SDK_OVC is: TDOVC+a3bb7754719798526508b6caad480dd7+SaaS
06-10 15:20:22.289 434 434 I : DVI mode selected: packets not configured
06-10 15:20:22.289 434 434 I : Error: set vsif failed
06-10 15:20:22.291 2796 2842 I efs.config: current config version (-1) is older than another (1735614866)
06-10 15:20:22.292 2796 2842 I efs.config: load config from storage and notify observer
06-10 15:20:22.308 2796 2796 D NearFieldUtils: to get wlan0 ip address
06-10 15:20:22.308 2796 2796 D NearFieldUtils: get wlan0 IP succeed.
06-10 15:20:22.308 2796 2796 E NearFieldManagerImpl: notifyByPriority: interfaceNameInUse is null
06-10 15:20:22.308 2796 2796 D NearFieldManagerImpl: handleConnectivityAction: notified by default
06-10 15:20:22.321 1064 1064 E sprdwl : sprdwl_rx_rsp_process ctx_id 0 recv rsp[WIFI_CMD_TX_DATA] status[SPRDWL_CMD_STATUS_ERROR]
06-10 15:20:22.342 2796 2812 D NearFieldUtils: to get wlan0 ip address
06-10 15:20:22.342 2796 2812 D NearFieldUtils: get wlan0 IP succeed.
06-10 15:20:22.342 2796 2812 D NearFieldManagerImpl: sDeviceType: 46
06-10 15:20:22.342 2796 2812 D NearFieldManagerImpl: registerDevice() is called.
06-10 15:20:22.343 2796 2812 E NearFieldManagerUtilsNative: Begin System.loadLibrary()
06-10 15:20:22.366 334 2768 D XM_HIDREAD: poll ret=1, event=1
06-10 15:20:22.366 334 2768 D XM_HIDREAD: [9 bytes]:01 00 00 00 00 00 00 00 00
06-10 15:20:22.366 523 607 D TvWindowManager: key event key = KEYCODE_DPAD_RIGHT down = false
06-10 15:20:22.370 2146 2146 I SogouIME: onKeyUp: keyoCode=22
06-10 15:20:22.370 2146 2146 I DefaultIMS: onKeyUp: keyoCode=22
06-10 15:20:22.373 1128 1128 E SecondScreen: FirstScreenLayoutView dispatchKeyEvent 22
06-10 15:20:22.385 2796 2796 D NearFieldUtils: to get wlan0 ip address
06-10 15:20:22.385 2796 2796 D NearFieldUtils: get wlan0 IP succeed.
06-10 15:20:22.385 2796 2796 I NearFieldManagerImpl: wlan Connected
06-10 15:20:22.407 2796 2812 I HicomNfTimerManager: epoll fd:124 create success
06-10 15:20:22.407 2796 2812 I HicomNfTimerManager: epoll add fd:128--->124 success
06-10 15:20:22.407 2796 2812 I HicomNfTimerManager: time fd:128 add to epoll success
06-10 15:20:22.426 2796 2796 I HicomNf_java_to_c: notifyNetworkStateChanged with maskStr, networkType: 0, networkState: 0, mask:
06-10 15:20:22.426 2796 2812 D nStackXDFinder: NSTACKX_Init:[146] :nstack ctrl creat epollfd 130
06-10 15:20:22.427 2796 2796 I HicomNfMainCtrlManager: NotifyNetworkStateChanged is called with networkState: 0
06-10 15:20:22.427 2796 2796 I HicomNfMainCtrlManager: P2P and USB are both disconnected
06-10 15:20:22.427 2796 2796 I HicomNfSecureManager: stop listening
06-10 15:20:22.427 2796 2796 I HicomNfSecureManager: StopListening, m_sessionInfoLock out, before calling NSTACKX_DMsgClose 2
06-10 15:20:22.427 2796 2796 I HicomNfSecureManager: StopListening, after calling NSTACKX_DMsgClose 2
06-10 15:20:22.427 2796 2812 I nStackXDFinder: InitDefaultInterfaceName:[779] :InitDefaultInterfaceName exec
06-10 15:20:22.427 2796 2812 D nStackXCoAP: CoapServerInit:[174] :CoapServerInit is called
06-10 15:20:22.427 2796 2812 E nStackXDFinder: GetLocalIp:[401] :GetLocalIp exec
06-10 15:20:22.427 2796 2812 E nStackXDFinder: GetLocalIp:[407] :GetLocalIp, ifInfo is null
06-10 15:20:22.427 2796 2812 I HicomNfMainCtrlManager: NSTACKX_RegisterDevice is called
06-10 15:20:22.427 2796 2812 D NearFieldManagerImpl: Register device success.
06-10 15:20:22.428 2796 2812 I NearFieldManagerImpl: serviceName is castPlus
06-10 15:20:22.428 2796 2812 D NearFieldManagerImpl: registerCapability() called with: capabilityBitmapNum = 1, capabilityBitmap = [8]
06-10 15:20:22.428 2796 2812 I HicomNf_java_to_c: registerCapability, capabilityBitmapNum: 1
06-10 15:20:22.428 2796 2812 I HicomNfMainCtrlManager: RegisterCapability: 1, 8
06-10 15:20:22.428 2796 2812 D NearFieldManagerImpl: Register capability succeed with capabilityBitmapNum = 1, capabilityBitmap = [8]
06-10 15:20:22.428 2796 2812 D NearFieldManagerImpl: registerServiceData() called with: serviceData = 32
06-10 15:20:22.429 2796 2812 D NearFieldManagerImpl: registerModule() called with: packageModuleName = com.huawei.connection+CastPlusDiscoveryModule
06-10 15:20:22.429 2796 2812 I HicomNf_java_to_c: registerModule, moduleName: com.huawei.connection+CastPlusDiscoveryModule
06-10 15:20:22.429 2796 2812 I HicomNfMainCtrlManager: Enter RegisterModule
06-10 15:20:22.429 2796 2812 I HicomNfRegManager: RegisterModule OK, add module name com.huawei.connection+CastPlusDiscoveryModule
06-10 15:20:22.433 2796 2877 I nStackXDFinder: UpdateLocalNetworkInterface:[472] :UpdateLocalNetworkInterface exec,initerfaceName:wlan0
06-10 15:20:22.433 2796 2877 E nStackXDFinder: GetLocalIp:[401] :GetLocalIp exec
06-10 15:20:22.433 2796 2877 E nStackXDFinder: GetLocalIp:[407] :GetLocalIp, ifInfo is null
06-10 15:20:22.433 2796 2877 I nStackXDFinder: UpdateLocalNetworkInterface:[498] :UpdateLocalNetworkInterface copy ip value in default process
06-10 15:20:22.433 2796 2877 E nStackXDFinder: GetLocalIp:[401] :GetLocalIp exec
06-10 15:20:22.433 2796 2877 D nStackXCoAP: CoapServerInit:[174] :CoapServerInit is called
06-10 15:20:22.433 2796 2877 E nStackXDFinder: GetLocalIp:[401] :GetLocalIp exec
06-10 15:20:22.434 2796 2877 I nStackXUtil: BindToDevice:[352] :BindToDevice exec
06-10 15:20:22.423 1064 1064 E sprdwl : sprdwl_rx_rsp_process ctx_id 0 recv rsp[WIFI_CMD_TX_DATA] status[SPRDWL_CMD_STATUS_ERROR]
06-10 15:20:22.434 2796 2877 I nStackXUtil: GetInterfaceByPriority:[279] :GetInterfaceByPriority exec
06-10 15:20:22.434 2796 2877 I nStackXUtil: GetInterfaceByDefault:[309] :GetInterfaceByDefault exec
06-10 15:20:22.434 2796 2877 I nStackXUtil: GetInterfaceByDefault:[316] :GetInterfaceByDefault, ndevice name: lo
06-10 15:20:22.434 2796 2877 I nStackXUtil: GetInterfaceByDefault:[316] :GetInterfaceByDefault, ndevice name: wlan0
06-10 15:20:22.435 2796 2877 I nStackXUtil: BindToDevice:[374] :BindToDevice, Bind localAddr name: wlan0
06-10 15:20:22.435 2796 2877 E nStackXUtil: BindToDeviceInner:[188] :setsockopt fail, errno = 1
06-10 15:20:22.435 2796 2877 E nStackXCoAP: CoapGetContext:[250] :bind to device fail
06-10 15:20:22.435 2796 2877 D nStackXCoAP: CoapInitResources:[744] :CoapInitResources g_wlanOrEthContext update
06-10 15:20:22.436 2796 2877 I nStackXDFinder: RegisterServiceData:[728] :RegisterServiceData, serviceData=[32]
06-10 15:20:22.438 2592 2795 I Hisight-DeviceListManager: init DeviceListManager.
06-10 15:20:22.445 2796 2796 I HicomNf_java_to_c: notifyNetworkStateChanged with maskStr, networkType: 0, networkState: 1, mask: 255.255.254.0
06-10 15:20:22.445 2796 2796 I HicomNfMainCtrlManager: NotifyNetworkStateChanged is called with networkState: 1
06-10 15:20:22.445 2796 2796 I HicomNfSecureManager: StartListening, before calling NSTACKX_DMsgServer
06-10 15:20:22.445 2796 2796 I nStackXDMsg: NSTACKX_DMsgServer:[1335] :msgReceiver is not NULL
06-10 15:20:22.446 2796 2796 D nStackXDMsg: StartDMsgMainThread:[1274] :pthread_create
06-10 15:20:22.446 2796 2796 I HicomNfSecureManager: StartListening, after calling NSTACKX_DMsgServer
06-10 15:20:22.446 2796 2796 I HicomNfSecureManager: OnehopSecureCtrlManager: succeeded to StartListening with type 0
06-10 15:20:22.448 2592 2795 D Hisight-DeviceListManager: get old secret key
06-10 15:20:22.440 1064 1064 E sprdwl : sprdwl_rx_rsp_process ctx_id 0 recv rsp[WIFI_CMD_TX_DATA] status[SPRDWL_CMD_STATUS_ERROR]
06-10 15:20:22.467 334 2768 D XM_HIDREAD: poll ret=1, event=1
06-10 15:20:22.467 334 2768 D XM_HIDREAD: [9 bytes]:01 00 00 4F 00 00 00 00 00
06-10 15:20:22.467 523 607 D TvWindowManager: key event key = KEYCODE_DPAD_RIGHT down = true
06-10 15:20:22.469 523 606 D GpioService: mFlickerEnable = true
06-10 15:20:22.471 2146 2146 I SogouIME: onKeyDown: keyoCode=22
06-10 15:20:22.472 2146 2146 I DefaultIMS: onKeyDown: keyoCode=22
06-10 15:20:22.476 1128 1128 E SecondScreen: FirstScreenLayoutView dispatchKeyEvent 22
06-10 15:20:22.484 2146 2146 I DefaultIMS: onStartInput attribute=android.view.inputmethod.EditorInfo@ddb0445 restarting=false inputType: 0
06-10 15:20:22.488 2592 2795 E Hisight-ConnectAuthCallBack: readSecureFile failed, no such file
06-10 15:20:22.488 2592 2795 W Hisight-DeviceListManager: deviceRecords is empty
06-10 15:20:22.488 2592 2795 W Hisight-DeviceListManager: occur error, clear all the list
06-10 15:20:22.489 2592 2795 D Hisight-HiChainAuthControl: start HiChainAuthControl
06-10 15:20:22.509 434 434 I : DVI mode selected: packets not configured
06-10 15:20:22.509 434 434 I : Error: set vsif failed
06-10 15:20:22.564 2592 2795 I ConnectAuthJNI: JNI_OnLoad begin load
06-10 15:20:22.564 2592 2795 I ConnectAuthJNI: RegisterNativeMethod begin
06-10 15:20:22.565 2592 2795 I ConnectAuthJNI: RegisterNativeMethod end
06-10 15:20:22.565 2592 2795 I ConnectAuthJNI: RegisterNativeMethod 1004 methodLen=10
06-10 15:20:22.565 2592 2795 I ConnectAuthJNI: RegisterNativeMethod 1007 RegisterNatives=0
06-10 15:20:22.565 2592 2795 I ConnectAuthJNI: InitArraylist 1013
06-10 15:20:22.565 2592 2795 I ConnectAuthJNI: InitConnectAuthStaticJNIMethod 1114 methodRet=0
06-10 15:20:22.565 2592 2795 E ConnectAuthJNI: JNI_OnLoad finish....1138
06-10 15:20:22.565 2592 2795 D Hisight-HiChainAuthControl: setupAuthIfNeeded, HiChainInstance hasn't been initialized
06-10 15:20:22.565 2592 2795 I ConnectAuthJNI: Java_com_huawei_hisight_security_ConnectAuthNative_nativeSetup 795 call HiChainNativeSetup
06-10 15:20:22.568 2592 2795 I ConnectAuthJNI: HiChainNativeSetup 565 registe_log
06-10 15:20:22.568 2592 2795 I ConnectAuthJNI: HksStorageRegisterFileCallbacks 245 register hks file callback status =0
06-10 15:20:22.568 2592 2795 I ConnectAuthJNI: HksRegisterGetDeviceIdCallback 268 register hks get hardware udid callback status =0
06-10 15:20:22.569 2592 2795 D ConnectAuthJNI: [HiChain] get_instance Begin get instance
06-10 15:20:22.569 2592 2795 I ConnectAuthJNI: [HKS] hks_service_key_info_init hks init : begin
06-10 15:20:22.569 2592 2795 I ConnectAuthJNI: FileRead 113 FileRead
06-10 15:20:22.569 2592 2795 I ConnectAuthJNI: FileRead 122 FileRead call readSecureFile begin
06-10 15:20:22.578 2592 2795 E Hisight-ConnectAuthCallBack: readSecureFile failed, no such file
06-10 15:20:22.578 2592 2795 W ConnectAuthJNI: FileRead 132 FileRead call readSecureFile byteArray is null
06-10 15:20:22.580 334 2768 D XM_HIDREAD: poll ret=1, event=1
06-10 15:20:22.580 334 2768 D XM_HIDREAD: [9 bytes]:01 00 00 00 00 00 00 00 00
06-10 15:20:22.581 523 607 D TvWindowManager: key event key = KEYCODE_DPAD_RIGHT down = false
06-10 15:20:22.583 2146 2146 I SogouIME: onKeyUp: keyoCode=22
06-10 15:20:22.583 2146 2146 I DefaultIMS: onKeyUp: keyoCode=22
06-10 15:20:22.585 1128 1128 E SecondScreen: FirstScreenLayoutView dispatchKeyEvent 22
06-10 15:20:22.585 2592 2795 I ConnectAuthJNI: [HKS] hks_rkc_init RKC init:begin, is_key_info_exist=0
06-10 15:20:22.586 2592 2795 I ConnectAuthJNI: [HKS] hks_rkc_init_entropy the entropy is empty
06-10 15:20:22.586 2592 2795 I ConnectAuthJNI: FileSize 214 FileSize
06-10 15:20:22.597 2592 2795 I ConnectAuthJNI: FileSize 230 fileSize=258
06-10 15:20:22.597 2592 2795 I ConnectAuthJNI: FileRead 113 FileRead
06-10 15:20:22.597 2592 2795 I ConnectAuthJNI: FileRead 122 FileRead call readSecureFile begin
06-10 15:20:22.598 2592 2795 I ConnectAuthJNI: FileRead 135 FileRead call readSecureFile end
06-10 15:20:22.599 2592 2795 I ConnectAuthJNI: FileRead 150 fileBuff size 258, buf len 258
06-10 15:20:22.599 2592 2795 I ConnectAuthJNI: FileSize 214 FileSize
06-10 15:20:22.604 2592 2795 I ConnectAuthJNI: FileSize 230 fileSize=258
06-10 15:20:22.605 2592 2795 I ConnectAuthJNI: FileRead 113 FileRead
06-10 15:20:22.605 2592 2795 I ConnectAuthJNI: FileRead 122 FileRead call readSecureFile begin
06-10 15:20:22.605 2592 2795 I ConnectAuthJNI: FileRead 135 FileRead call readSecureFile end
06-10 15:20:22.605 2592 2795 I ConnectAuthJNI: FileRead 150 fileBuff size 258, buf len 258
06-10 15:20:22.605 2592 2795 I ConnectAuthJNI: [HKS] hks_rkc_load_ksf load ksf success
06-10 15:20:22.605 2592 2795 I ConnectAuthJNI: [HKS] hks_rkc_init root key component init success
06-10 15:20:22.605 2592 2795 I ConnectAuthJNI: [HKS] hks_rkc_init RKC init:end,rc=0
06-10 15:20:22.605 2592 2795 I ConnectAuthJNI: [HKS] hks_service_key_info_init hks init : end
06-10 15:20:22.606 2592 2795 I ConnectAuthJNI: GetHiChainProtocolParamsCallback 371 GetHiChainProtocolParamsCallback operation_code= 99
06-10 15:20:22.606 2592 2795 I ConnectAuthJNI: paramLen is ,=0
06-10 15:20:22.606 2592 2795 I ConnectAuthJNI: paramLen is ,=0
06-10 15:20:22.606 2592 2795 I ConnectAuthJNI: GetHiChainProtocolParamsCallback 402 GetHiChainProtocolParamsCallback end
06-10 15:20:22.606 2592 2795 I ConnectAuthJNI: [HiChain] get_instance Get instance success
06-10 15:20:22.606 2592 2795 I ConnectAuthJNI: Java_com_huawei_hisight_security_ConnectAuthNative_nativeGetHiChainInstance 598 get instance success
06-10 15:20:22.606 2592 2795 D Hisight-HiChainAuthControl: destroyAuth
06-10 15:20:22.606 2592 2795 I ConnectAuthJNI: Java_com_huawei_hisight_security_ConnectAuthNative_nativeDestroy 603 destroy
06-10 15:20:22.606 2592 2795 D Hisight-HiChainAuthControl: setupAuthIfNeeded, HiChainInstance hasn't been initialized
06-10 15:20:22.606 2592 2795 I ConnectAuthJNI: Java_com_huawei_hisight_security_ConnectAuthNative_nativeSetup 795 call HiChainNativeSetup
06-10 15:20:22.606 2592 2795 I ConnectAuthJNI: HiChainNativeSetup 565 registe_log
06-10 15:20:22.606 2592 2795 I ConnectAuthJNI: HksStorageRegisterFileCallbacks 245 register hks file callback status =0
06-10 15:20:22.606 2592 2795 I ConnectAuthJNI: HksRegisterGetDeviceIdCallback 268 register hks get hardware udid callback status =0
06-10 15:20:22.606 2592 2795 D ConnectAuthJNI: [HiChain] get_instance Begin get instance
06-10 15:20:22.606 2592 2795 I ConnectAuthJNI: [HKS] hks_service_key_info_init hks init : begin
06-10 15:20:22.606 2592 2795 I ConnectAuthJNI: [HKS] hks_service_key_info_init hks init : end
06-10 15:20:22.606 2592 2795 I ConnectAuthJNI: GetHiChainProtocolParamsCallback 371 GetHiChainProtocolParamsCallback operation_code= 99
06-10 15:20:22.606 2592 2795 I ConnectAuthJNI: paramLen is ,=0
06-10 15:20:22.606 2592 2795 I ConnectAuthJNI: paramLen is ,=0
06-10 15:20:22.606 2592 2795 I ConnectAuthJNI: GetHiChainProtocolParamsCallback 402 GetHiChainProtocolParamsCallback end
06-10 15:20:22.606 2592 2795 I ConnectAuthJNI: [HiChain] get_instance Get instance success
06-10 15:20:22.606 2592 2795 I ConnectAuthJNI: Java_com_huawei_hisight_security_ConnectAuthNative_nativeGetHiChainInstance 598 get instance success
06-10 15:20:22.607 2592 2795 W ConnectAuthJNI: GetListTrustPeers 899 trustPeerSize=0
06-10 15:20:22.607 2592 2795 D Hisight-HiChainAuthControl: destroyAuth
06-10 15:20:22.607 2592 2795 I ConnectAuthJNI: Java_com_huawei_hisight_security_ConnectAuthNative_nativeDestroy 603 destroy
06-10 15:20:22.607 2592 2795 D Hisight-HiChainAuthControl: setupAuthIfNeeded, HiChainInstance hasn't been initialized
06-10 15:20:22.607 2592 2795 I ConnectAuthJNI: Java_com_huawei_hisight_security_ConnectAuthNative_nativeSetup 795 call HiChainNativeSetup
06-10 15:20:22.607 2592 2795 I ConnectAuthJNI: HiChainNativeSetup 565 registe_log
06-10 15:20:22.607 2592 2795 I ConnectAuthJNI: HksStorageRegisterFileCallbacks 245 register hks file callback status =0
06-10 15:20:22.607 2592 2795 I ConnectAuthJNI: HksRegisterGetDeviceIdCallback 268 register hks get hardware udid callback status =0
06-10 15:20:22.607 2592 2795 D ConnectAuthJNI: [HiChain] get_instance Begin get instance
06-10 15:20:22.607 2592 2795 I ConnectAuthJNI: [HKS] hks_service_key_info_init hks init : begin
06-10 15:20:22.607 2592 2795 I ConnectAuthJNI: [HKS] hks_service_key_info_init hks init : end
06-10 15:20:22.607 2592 2795 I ConnectAuthJNI: GetHiChainProtocolParamsCallback 371 GetHiChainProtocolParamsCallback operation_code= 99
06-10 15:20:22.607 2592 2795 I ConnectAuthJNI: paramLen is ,=0
06-10 15:20:22.607 2592 2795 I ConnectAuthJNI: paramLen is ,=0
06-10 15:20:22.607 2592 2795 I ConnectAuthJNI: GetHiChainProtocolParamsCallback 402 GetHiChainProtocolParamsCallback end
06-10 15:20:22.607 2592 2795 I ConnectAuthJNI: [HiChain] get_instance Get instance success
06-10 15:20:22.607 2592 2795 I ConnectAuthJNI: Java_com_huawei_hisight_security_ConnectAuthNative_nativeGetHiChainInstance 598 get instance success
06-10 15:20:22.607 2592 2795 W ConnectAuthJNI: GetListTrustPeers 899 trustPeerSize=0
06-10 15:20:22.609 2592 2795 D Hisight-DeviceListManager: init trusted list size: 0
06-10 15:20:22.609 2592 2795 D HiSight-ConnectionManager: setAuthInfo, authMode: 1
06-10 15:20:22.692 334 2768 D XM_HIDREAD: poll ret=1, event=1
06-10 15:20:22.692 334 2768 D XM_HIDREAD: [9 bytes]:01 00 00 4F 00 00 00 00 00
06-10 15:20:22.692 523 607 D TvWindowManager: key event key = KEYCODE_DPAD_RIGHT down = true
06-10 15:20:22.693 523 606 D GpioService: mFlickerEnable = true
06-10 15:20:22.695 2146 2146 I SogouIME: onKeyDown: keyoCode=22
06-10 15:20:22.695 2146 2146 I DefaultIMS: onKeyDown: keyoCode=22
06-10 15:20:22.696 1128 1128 E SecondScreen: FirstScreenLayoutView dispatchKeyEvent 22
06-10 15:20:22.702 2146 2146 I DefaultIMS: onStartInput attribute=android.view.inputmethod.EditorInfo@f9fd754 restarting=false inputType: 0
06-10 15:20:22.744 434 434 I : DVI mode selected: packets not configured
06-10 15:20:22.744 434 434 I : Error: set vsif failed
06-10 15:20:22.813 523 544 W IorapForwardingService: No service published for: iorapd
06-10 15:20:22.827 334 2768 D XM_HIDREAD: poll ret=1, event=1
06-10 15:20:22.827 334 2768 D XM_HIDREAD: [9 bytes]:01 00 00 00 00 00 00 00 00
06-10 15:20:22.827 523 607 D TvWindowManager: key event key = KEYCODE_DPAD_RIGHT down = false
06-10 15:20:22.830 2146 2146 I SogouIME: onKeyUp: keyoCode=22
06-10 15:20:22.830 2146 2146 I DefaultIMS: onKeyUp: keyoCode=22
06-10 15:20:22.831 2592 2677 E raop : JavaCallback init
06-10 15:20:22.831 1128 1128 E SecondScreen: FirstScreenLayoutView dispatchKeyEvent 22
06-10 15:20:22.976 1066 1191 W MediaProvider: getVolumePath for unknown volume: internal
06-10 15:20:22.978 1066 1191 W MediaProvider: getVolumePath for unknown volume: internal
06-10 15:20:22.979 1066 1191 W MediaProvider: getVolumePath for unknown volume: internal
06-10 15:20:22.980 1066 1191 W MediaProvider: getVolumePath for unknown volume: internal
06-10 15:20:22.981 1066 1191 W MediaProvider: getVolumePath for unknown volume: internal
06-10 15:20:22.983 1066 1191 W MediaProvider: getVolumePath for unknown volume: internal
06-10 15:20:22.984 1066 1191 W MediaProvider: getVolumePath for unknown volume: internal
06-10 15:20:22.985 1066 1191 W MediaProvider: getVolumePath for unknown volume: internal
06-10 15:20:22.986 1066 1191 W MediaProvider: getVolumePath for unknown volume: internal
06-10 15:20:22.988 1066 1191 W MediaProvider: getVolumePath for unknown volume: internal
06-10 15:20:22.989 1066 1191 W MediaProvider: getVolumePath for unknown volume: internal
06-10 15:20:22.990 1066 1191 W MediaProvider: getVolumePath for unknown volume: internal
06-10 15:20:22.991 1066 1191 W MediaProvider: getVolumePath for unknown volume: internal
06-10 15:20:22.992 1066 1191 W MediaProvider: getVolumePath for unknown volume: internal
06-10 15:20:22.993 1066 1191 W MediaProvider: getVolumePath for unknown volume: internal
06-10 15:20:22.994 1066 1191 W MediaProvider: getVolumePath for unknown volume: internal
06-10 15:20:22.996 1066 1191 W MediaProvider: getVolumePath for unknown volume: internal
06-10 15:20:22.997 1066 1191 W MediaProvider: getVolumePath for unknown volume: internal
06-10 15:20:22.998 1066 1191 W MediaProvider: getVolumePath for unknown volume: internal
06-10 15:20:22.999 1066 1191 W MediaProvider: getVolumePath for unknown volume: internal
06-10 15:20:23.000 1066 1191 W MediaProvider: getVolumePath for unknown volume: internal
06-10 15:20:23.001 1066 1191 W MediaProvider: getVolumePath for unknown volume: internal
06-10 15:20:23.006 1066 1191 W MediaProvider: getVolumePath for unknown volume: internal
06-10 15:20:23.008 1066 1191 W MediaProvider: getVolumePath for unknown volume: internal
06-10 15:20:23.009 1066 1191 W MediaProvider: getVolumePath for unknown volume: internal
06-10 15:20:23.010 1066 1191 W MediaProvider: getVolumePath for unknown volume: internal
06-10 15:20:23.010 1066 1191 W MediaProvider: getVolumePath for unknown volume: internal
06-10 15:20:23.011 1066 1191 W MediaProvider: getVolumePath for unknown volume: internal
06-10 15:20:23.012 1066 1191 W MediaProvider: getVolumePath for unknown volume: internal
06-10 15:20:23.032 1066 1191 W MediaProvider: getVolumePath for unknown volume: internal
06-10 15:20:23.041 1066 1191 W MediaProvider: getVolumePath for unknown volume: internal
06-10 15:20:23.042 1066 1191 W MediaProvider: getVolumePath for unknown volume: internal
06-10 15:20:23.043 1066 1191 W MediaProvider: getVolumePath for unknown volume: internal
06-10 15:20:23.114 523 761 D SntpClient: request time failed: java.net.SocketTimeoutException: Poll timed out
06-10 15:20:23.142 434 434 I : DVI mode selected: packets not configured
06-10 15:20:23.142 434 434 I : Error: set vsif failed
06-10 15:20:23.581 334 2768 D XM_HIDREAD: poll ret=1, event=1
06-10 15:20:23.581 334 2768 D XM_HIDREAD: [9 bytes]:01 00 00 29 00 00 00 00 00
06-10 15:20:23.581 523 607 D TvWindowManager: key event key = KEYCODE_BACK down = true
06-10 15:20:23.583 523 606 D GpioService: mFlickerEnable = true
06-10 15:20:23.694 523 523 W NotificationHistory: Attempted to add notif for locked/gone/disabled user 0
06-10 15:20:23.698 683 683 V TvNotificationHandler: Notification not added because it isn't relevant for tv
06-10 15:20:23.732 523 606 D GpioService: mFlickerEnable = true
06-10 15:20:23.733 2146 2146 I SogouIME: onKeyDown: keyoCode=4
06-10 15:20:23.733 2146 2146 I DefaultIMS: onKeyDown: keyoCode=4
06-10 15:20:23.735 1128 1128 E SecondScreen: FirstScreenLayoutView dispatchKeyEvent 4
06-10 15:20:23.738 334 2768 D XM_HIDREAD: poll ret=1, event=1
06-10 15:20:23.739 334 2768 D XM_HIDREAD: [9 bytes]:01 00 00 00 00 00 00 00 00
06-10 15:20:23.739 523 607 D TvWindowManager: key event key = KEYCODE_BACK down = false
06-10 15:20:23.742 523 543 D AutofillManagerService: onBackKeyPressed()
06-10 15:20:23.742 523 543 D AutofillManagerServiceImpl: Reset component for user 0:
06-10 15:20:23.743 523 543 D AutofillUI: destroySaveUiUiThread(): already destroyed
06-10 15:20:23.749 523 544 D CompatibilityChangeReporter: Compat change id reported: 168419799; UID 10075; state: DISABLED
06-10 15:20:23.753 2146 2146 I SogouIME: onKeyUp: keyoCode=4
06-10 15:20:23.755 2146 2146 I DefaultIMS: onKeyUp: keyoCode=4
06-10 15:20:23.757 2146 2146 I DefaultIMS: onStartInput attribute=android.view.inputmethod.EditorInfo@2301633 restarting=false inputType: 0
06-10 15:20:23.765 1128 1128 E SecondScreen: FirstScreenLayoutView dispatchKeyEvent 4
06-10 15:20:23.794 434 434 I : DVI mode selected: packets not configured
06-10 15:20:23.794 434 434 I : Error: set vsif failed
06-10 15:20:23.814 523 544 W IorapForwardingService: No service published for: iorapd
06-10 15:20:23.847 357 357 E : Send upper Vendor Specific event.
06-10 15:20:23.936 2350 2388 D UtilLog : 日志批量上报 进行正常循环 !!!!!!本次有0次请求,共0条数据
06-10 15:20:24.132 664 664 E WifiHAL : wifi_get_link_stats: requestResponse Error:-5
06-10 15:20:24.134 523 619 E WifiVendorHal: getWifiLinkLayerStats_1_5_Internal(l.1191) failed {.code = ERROR_INVALID_ARGS, .description = }
06-10 15:20:24.411 2350 2439 D UtilLog : 日志批量上报 进行正常循环 !!!!!!本次有0次请求,共0条数据
06-10 15:20:24.428 1066 1191 W MediaProvider: getVolumePath for unknown volume: internal
06-10 15:20:24.430 1066 1191 W MediaProvider: getVolumePath for unknown volume: internal
06-10 15:20:24.431 1066 1191 W MediaProvider: getVolumePath for unknown volume: internal
06-10 15:20:24.432 1066 1191 W MediaProvider: getVolumePath for unknown volume: internal
06-10 15:20:24.433 1066 1191 W MediaProvider: getVolumePath for unknown volume: internal
06-10 15:20:24.434 1066 1191 W MediaProvider: getVolumePath for unknown volume: internal
06-10 15:20:24.434 1066 1191 W MediaProvider: getVolumePath for unknown volume: internal
06-10 15:20:24.435 1066 1191 W MediaProvider: getVolumePath for unknown volume: internal
06-10 15:20:24.436 1066 1191 W MediaProvider: getVolumePath for unknown volume: internal
06-10 15:20:24.436 1066 1191 W MediaProvider: getVolumePath for unknown volume: internal
06-10 15:20:24.437 1066 1191 W MediaProvider: getVolumePath for unknown volume: internal
06-10 15:20:24.438 1066 1191 W MediaProvider: getVolumePath for unknown volume: internal
06-10 15:20:24.439 1066 1191 W MediaProvider: getVolumePath for unknown volume: internal
06-10 15:20:24.439 1066 1191 W MediaProvider: getVolumePath for unknown volume: internal
06-10 15:20:24.440 1066 1191 W MediaProvider: getVolumePath for unknown volume: internal
06-10 15:20:24.441 1066 1191 W MediaProvider: getVolumePath for unknown volume: internal
06-10 15:20:24.442 1066 1191 W MediaProvider: getVolumePath for unknown volume: internal
06-10 15:20:24.443 1066 1191 W MediaProvider: getVolumePath for unknown volume: internal
06-10 15:20:24.444 1066 1191 W MediaProvider: getVolumePath for unknown volume: internal
06-10 15:20:24.445 1066 1191 W MediaProvider: getVolumePath for unknown volume: internal
06-10 15:20:24.445 1066 1191 W MediaProvider: getVolumePath for unknown volume: internal
06-10 15:20:24.447 1066 1191 W MediaProvider: getVolumePath for unknown volume: internal
06-10 15:20:24.448 1066 1191 W MediaProvider: getVolumePath for unknown volume: internal
06-10 15:20:24.449 1066 1191 W MediaProvider: getVolumePath for unknown volume: internal
06-10 15:20:24.449 1066 1191 W MediaProvider: getVolumePath for unknown volume: internal
06-10 15:20:24.450 1066 1191 W MediaProvider: getVolumePath for unknown volume: internal
06-10 15:20:24.451 1066 1191 W MediaProvider: getVolumePath for unknown volume: internal
06-10 15:20:24.452 1066 1191 W MediaProvider: getVolumePath for unknown volume: internal
06-10 15:20:24.453 1066 1191 W MediaProvider: getVolumePath for unknown volume: internal
06-10 15:20:24.454 1066 1191 W MediaProvider: getVolumePath for unknown volume: internal
06-10 15:20:24.455 1066 1191 W MediaProvider: getVolumePath for unknown volume: internal
06-10 15:20:24.456 1066 1191 W MediaProvider: getVolumePath for unknown volume: internal
06-10 15:20:24.456 1066 1191 W MediaProvider: getVolumePath for unknown volume: internal
06-10 15:20:24.612 2592 2592 I CrashSDKNormalH: type=1400 audit(0.0:1168): avc: denied { search } for name="com.dangbei.screencast" dev="mmcblk0p25" ino=891 scontext=u:r:platform_app:s0:c512,c768 tcontext=u:object_r:app_data_file:s0:c512,c768 tclass=dir permissive=1 app=com.dangbei.screencast
06-10 15:20:24.612 2592 2592 I CrashSDKNormalH: type=1400 audit(0.0:1169): avc: denied { read } for name="tags" dev="mmcblk0p25" ino=1918 scontext=u:r:platform_app:s0:c512,c768 tcontext=u:object_r:app_data_file:s0:c512,c768 tclass=dir permissive=1 app=com.dangbei.screencast
06-10 15:20:24.612 2592 2592 I CrashSDKNormalH: type=1400 audit(0.0:1170): avc: denied { open } for path="/data/user/0/com.dangbei.screencast/crashsdk/tags" dev="mmcblk0p25" ino=1918 scontext=u:r:platform_app:s0:c512,c768 tcontext=u:object_r:app_data_file:s0:c512,c768 tclass=dir permissive=1 app=com.dangbei.screencast
06-10 15:20:24.807 1066 1191 W MediaProvider: getVolumePath for unknown volume: internal
06-10 15:20:24.808 1066 1191 W MediaProvider: getVolumePath for unknown volume: internal
06-10 15:20:24.809 1066 1191 W MediaProvider: getVolumePath for unknown volume: internal
06-10 15:20:24.810 1066 1191 W MediaProvider: getVolumePath for unknown volume: internal
06-10 15:20:24.811 1066 1342 I MediaProvider: Scanned internal due to REASON_MOUNTED, found 230 items in 19079ms, 0 inserts 224 updates 0 deletes
06-10 15:20:24.811 1066 1191 W MediaProvider: getVolumePath for unknown volume: internal
06-10 15:20:24.812 1066 1191 W MediaProvider: getVolumePath for unknown volume: internal
06-10 15:20:24.813 1066 1191 W MediaProvider: getVolumePath for unknown volume: internal
06-10 15:20:24.814 1066 1191 W MediaProvider: getVolumePath for unknown volume: internal
06-10 15:20:24.814 1066 1191 W MediaProvider: getVolumePath for unknown volume: internal
06-10 15:20:24.816 523 544 W IorapForwardingService: No service published for: iorapd
06-10 15:20:24.832 2592 2592 I MirrorHelper: type=1400 audit(0.0:1171): avc: denied { search } for name="net" dev="sysfs" ino=10442 scontext=u:r:platform_app:s0:c512,c768 tcontext=u:object_r:sysfs_net:s0 tclass=dir permissive=1 app=com.dangbei.screencast
06-10 15:20:24.880 2592 2592 I Thread-36: type=1400 audit(0.0:1172): avc: denied { getattr } for path="/data/user/0/com.dangbei.screencast/cache" dev="mmcblk0p25" ino=892 scontext=u:r:platform_app:s0:c512,c768 tcontext=u:object_r:app_data_file:s0:c512,c768 tclass=dir permissive=1 app=com.dangbei.screencast
06-10 15:20:24.889 2592 2925 I PlatformDependent: Your platform does not provide complete low-level API for accessing direct buffers reliably. Unless explicitly requested, heap buffer will always be preferred to avoid potential system instability.
06-10 15:20:24.899 2592 2677 W VideoCapabilities: Unrecognized profile/level 0/3 for video/mpeg2
06-10 15:20:24.912 523 629 D NsdService: Register service
06-10 15:20:24.913 523 629 D NsdService: registerService: 3 name: 当贝投屏B1, type: _airplay._tcp, host: null, port: 45653, txtRecord: srcvers=220.68features=0x527FFFF7,0x1E'pi=2e388006-13ba-4041-9a67-25dd4a43d536Cpk=b07727d6f6cd6e08b58ede525ec3cdeaa252ad9f683feb212ef8a205246554e7vv=2 flags=0x4model=AppleTV2,1deviceid=b4:2f:03:15:e8:b9
06-10 15:20:24.913 523 629 D NsdService: mdnssd [register, 3, 当贝投屏B1, _airplay._tcp, 45653, DnNyY3ZlcnM9MjIwLjY4GGZlYXR1cmVzPTB4NTI3RkZGRjcsMHgxRSdwaT0yZTM4ODAwNi0xM2JhLTQwNDEtOWE2Ny0yNWRkNGE0M2Q1MzZDcGs9YjA3NzI3ZDZmNmNkNmUwOGI1OGVkZTUyNWVjM2NkZWFhMjUyYWQ5ZjY4M2ZlYjIxMmVmOGEyMDUyNDY1NTRlNwR2dj0yCWZsYWdzPTB4NBBtb2RlbD1BcHBsZVRWMiwxGmRldmljZWlkPWI0OjJmOjAzOjE1OmU4OmI5]
06-10 15:20:24.915 523 629 D NsdService: Register 2 3
06-10 15:20:24.924 523 629 D NsdService: Register service
06-10 15:20:24.924 523 629 D NsdService: registerService: 4 name: b42f0315e8b9@当贝投屏B1, type: _raop._tcp, host: null, port: 46583, txtRecord: txtvers=1 am=AppleTV2,1ch=2
