06-10 15:19:54.625 523 523 I SystemServiceManager: Starting com.android.server.usb.UsbService$Lifecycle
06-10 15:19:54.625 523 523 I SystemServerTiming: StartSerialService
06-10 15:19:54.626 523 549 I SystemServerTimingAsync: InitThreadPoolExec:UsbService$Lifecycle#onStart
06-10 15:19:54.626 523 549 D SystemServerInitThreadPool: Started executing UsbService$Lifecycle#onStart
06-10 15:19:54.627 523 523 I SystemServerTiming: StartHardwarePropertiesManagerService
06-10 15:19:54.627 200 200 I hwservicemanager: getTransport: Cannot find entry android.hardware.thermal@1.0::IThermal/default in either framework or device VINTF manifest.
06-10 15:19:54.628 523 523 E HardwarePropertiesManagerService-JNI: Unable to get Thermal service.
06-10 15:19:54.628 523 523 I SystemServerTiming: StartTwilightService
06-10 15:19:54.628 523 523 I SystemServiceManager: Starting com.android.server.twilight.TwilightService
06-10 15:19:54.628 523 523 I SystemServerTiming: StartColorDisplay
06-10 15:19:54.629 523 523 I SystemServiceManager: Starting com.android.server.display.color.ColorDisplayService
06-10 15:19:54.629 523 549 E UsbDeviceManager: failed to write to /sys/class/android_usb/android0/f_rndis/ethaddr
06-10 15:19:54.630 523 523 I SystemServerTiming: StartJobScheduler
06-10 15:19:54.630 523 523 I SystemServiceManager: Starting com.android.server.job.JobSchedulerService
06-10 15:19:54.632 523 549 I android_os_HwBinder: HwBinder: Starting thread pool for getting: android.hardware.usb.gadget@1.0::IUsbGadget/default
06-10 15:19:54.635 549 549 I : read descriptors
06-10 15:19:54.636 549 549 I : read strings
06-10 15:19:54.636 549 549 I : read descriptors
06-10 15:19:54.636 549 549 I : read strings
06-10 15:19:54.636 523 523 D JobStore: Start tag: job-info
06-10 15:19:54.638 523 549 W StorageManagerService: No primary storage defined yet; hacking together a stub
06-10 15:19:54.639 523 549 I android_os_HwBinder: HwBinder: Starting thread pool for getting: android.hidl.manager@1.0::IServiceManager/default
06-10 15:19:54.640 523 523 I JobStore: Read 5 jobs
06-10 15:19:54.640 523 567 I UsbDeviceManager: Usb gadget hal service started android.hardware.usb.gadget@1.0::IUsbGadget default
06-10 15:19:54.641 523 549 I android_os_HwBinder: HwBinder: Starting thread pool for getting: android.hardware.usb.gadget@1.0::IUsbGadget/default
06-10 15:19:54.643 523 542 I android_os_HwBinder: HwBinder: Starting thread pool for getting: android.hardware.usb.gadget@1.0::IUsbGadget/default
06-10 15:19:54.644 523 542 E UsbDeviceManager: prcessing MSG_GET_CURRENT_USB_FUNCTIONS
06-10 15:19:54.644 523 542 E UsbDeviceManager: updating mCurrentFunctions
06-10 15:19:54.644 523 542 E UsbDeviceManager: mCurrentFunctions:0applied:1
06-10 15:19:54.646 523 626 D ConnectivityService: NetReassign [no changes]
06-10 15:19:54.648 523 549 I android_os_HwBinder: HwBinder: Starting thread pool for getting: android.hidl.manager@1.0::IServiceManager/default
06-10 15:19:54.649 523 643 I UsbPortManager: Usb hal service started android.hardware.usb@1.0::IUsb default
06-10 15:19:54.650 523 549 I android_os_HwBinder: HwBinder: Starting thread pool for getting: android.hardware.usb@1.0::IUsb/default
06-10 15:19:54.651 523 523 V HistoricalRegistry: Interaction before persistence initialized
06-10 15:19:54.651 523 523 V HistoricalRegistry: Interaction before persistence initialized
06-10 15:19:54.651 282 282 I android.hardware.usb@1.0-service: registering callback
06-10 15:19:54.652 282 282 E android.hardware.usb@1.0-service: Failed to open /sys/class/typec
06-10 15:19:54.652 282 645 E android.hardware.usb@1.0-service: creating thread
06-10 15:19:54.652 523 523 I SystemServerTiming: StartSoundTrigger
06-10 15:19:54.652 523 523 I SystemServiceManager: Starting com.android.server.soundtrigger.SoundTriggerService
06-10 15:19:54.653 523 549 I UsbPortManager: USB HAL version: 10
06-10 15:19:54.653 523 523 I SystemServerTiming: StartTrustManager
06-10 15:19:54.653 523 523 I SystemServiceManager: Starting com.android.server.trust.TrustManagerService
06-10 15:19:54.656 523 549 D SystemServerInitThreadPool: Finished executing UsbService$Lifecycle#onStart
06-10 15:19:54.657 523 523 I SystemServerTiming: StartBackupManager
06-10 15:19:54.657 523 523 I SystemServiceManager: Starting com.android.server.backup.BackupManagerService$Lifecycle
06-10 15:19:54.660 523 523 I SystemServerTiming: StartAppWidgetService
06-10 15:19:54.660 523 523 I SystemServiceManager: Starting com.android.server.appwidget.AppWidgetService
06-10 15:19:54.662 523 523 I SystemServerTiming: StartVoiceRecognitionManager
06-10 15:19:54.662 523 523 I SystemServiceManager: Starting com.android.server.voiceinteraction.VoiceInteractionManagerService
06-10 15:19:54.670 523 523 I SystemServerTiming: StartAppHibernationService
06-10 15:19:54.671 523 523 I SystemServiceManager: Starting com.android.server.apphibernation.AppHibernationService
06-10 15:19:54.673 523 523 I SystemServerTiming: StartGestureLauncher
06-10 15:19:54.673 523 523 I SystemServiceManager: Starting com.android.server.GestureLauncherService
06-10 15:19:54.673 523 523 I SystemServerTiming: StartSensorNotification
06-10 15:19:54.673 523 523 I SystemServiceManager: Starting com.android.server.SensorNotificationService
06-10 15:19:54.673 523 523 I SystemServerTiming: StartDiskStatsService
06-10 15:19:54.675 523 523 I SystemServerTiming: RuntimeService
06-10 15:19:54.676 523 523 I SystemServerTiming: StartNetworkTimeUpdateService
06-10 15:19:54.677 523 523 I SystemServerTiming: CertBlacklister
06-10 15:19:54.677 523 523 I SystemServerTiming: StartEmergencyAffordanceService
06-10 15:19:54.678 523 523 I SystemServiceManager: Starting com.android.server.emergency.EmergencyAffordanceService
06-10 15:19:54.678 523 523 I SystemServerTiming: StartDreamManager
06-10 15:19:54.678 523 523 I SystemServiceManager: Starting com.android.server.dreams.DreamManagerService
06-10 15:19:54.678 523 541 I SystemServerTimingAsync: InitThreadPoolExec:startBlobStoreManagerService
06-10 15:19:54.678 523 541 D SystemServerInitThreadPool: Started executing startBlobStoreManagerService
06-10 15:19:54.678 523 541 I SystemServerTimingAsync: startBlobStoreManagerService
06-10 15:19:54.679 523 541 I SystemServiceManager: Starting com.android.server.blob.BlobStoreManagerService
06-10 15:19:54.679 523 523 I SystemServerTiming: AddGraphicsStatsService
06-10 15:19:54.681 523 544 W IorapForwardingService: No service published for: iorapd
06-10 15:19:54.682 523 541 D SystemServerInitThreadPool: Finished executing startBlobStoreManagerService
06-10 15:19:54.683 523 523 I SystemServerTiming: StartRestrictionManager
06-10 15:19:54.683 523 523 I SystemServiceManager: Starting com.android.server.restrictions.RestrictionsManagerService
06-10 15:19:54.685 523 523 I SystemServerTiming: StartMediaSessionService
06-10 15:19:54.685 523 523 I SystemServiceManager: Starting com.android.server.media.MediaSessionService
06-10 15:19:54.692 523 523 I SystemServerTiming: StartHdmiControlService
06-10 15:19:54.692 523 523 I SystemServiceManager: Starting com.android.server.hdmi.HdmiControlService
06-10 15:19:54.699 200 200 I hwservicemanager: getTransport: Cannot find entry android.hardware.tv.cec@1.1::IHdmiCec/default in either framework or device VINTF manifest.
06-10 15:19:54.699 523 523 E HDMI : [1]:Couldn't connect to cec@1.1java.util.NoSuchElementException
06-10 15:19:54.700 523 523 W HDMI : [1]:Couldn't get tv.cec service.
06-10 15:19:54.700 523 523 W HDMI : [1]:Unable to use cec@1.1
06-10 15:19:54.701 523 523 I android_os_HwBinder: HwBinder: Starting thread pool for getting: android.hardware.tv.cec@1.0::IHdmiCec/default
06-10 15:19:54.703 523 523 I HdmiControlService: Device does not support MHL-control.
06-10 15:19:54.704 281 281 D hdmi-cec: setOption, flag=0x0002, value=0x00000000
06-10 15:19:54.713 523 523 I SystemServerTiming: StartTvInputManager
06-10 15:19:54.713 523 523 I SystemServiceManager: Starting com.android.server.tv.TvInputManagerService
06-10 15:19:54.716 200 200 I hwservicemanager: getTransport: Cannot find entry android.hardware.tv.input@1.0::ITvInput/default in either framework or device VINTF manifest.
06-10 15:19:54.716 523 523 E TvInputHal: Couldn't get tv.input service.
06-10 15:19:54.719 523 523 I SystemServerTiming: StartMediaResourceMonitor
06-10 15:19:54.719 523 523 I SystemServiceManager: Starting com.android.server.media.MediaResourceMonitorService
06-10 15:19:54.719 523 523 I SystemServerTiming: StartTvRemoteService
06-10 15:19:54.719 523 523 I SystemServiceManager: Starting com.android.server.tv.TvRemoteService
06-10 15:19:54.720 523 523 I SystemServerTiming: StartMediaRouterService
06-10 15:19:54.720 523 523 V HistoricalRegistry: Interaction before persistence initialized
06-10 15:19:54.722 523 523 I SystemServerTiming: StartBiometricService
06-10 15:19:54.722 523 523 I SystemServiceManager: Starting com.android.server.biometrics.BiometricService
06-10 15:19:54.727 523 523 I SystemServerTiming: StartAuthService
06-10 15:19:54.727 523 523 I SystemServiceManager: Starting com.android.server.biometrics.AuthService
06-10 15:19:54.729 523 523 I SystemServerTiming: StartBackgroundDexOptService
06-10 15:19:54.729 523 523 W BackgroundDexOptService: SysProp pm.dexopt.downgrade_after_inactive_days not set
06-10 15:19:54.730 523 523 I SystemServerTiming: StartDynamicCodeLoggingService
06-10 15:19:54.731 523 523 I SystemServerTiming: StartPruneInstantAppsJobService
06-10 15:19:54.732 523 523 I SystemServerTiming: StartShortcutServiceLifecycle
06-10 15:19:54.732 523 523 I SystemServiceManager: Starting com.android.server.pm.ShortcutService$Lifecycle
06-10 15:19:54.733 523 523 V HistoricalRegistry: Interaction before persistence initialized
06-10 15:19:54.735 523 523 I SystemServerTiming: StartLauncherAppsService
06-10 15:19:54.735 523 523 I SystemServiceManager: Starting com.android.server.pm.LauncherAppsService
06-10 15:19:54.737 523 523 I SystemServerTiming: StartCrossProfileAppsService
06-10 15:19:54.737 523 523 I SystemServiceManager: Starting com.android.server.pm.CrossProfileAppsService
06-10 15:19:54.738 523 523 I SystemServerTiming: StartPeopleService
06-10 15:19:54.738 523 523 I SystemServiceManager: Starting com.android.server.people.PeopleService
06-10 15:19:54.739 523 523 I SystemServerTiming: StartMediaMetricsManager
06-10 15:19:54.739 523 523 I SystemServiceManager: Starting com.android.server.media.metrics.MediaMetricsManagerService
06-10 15:19:54.742 523 523 I SystemServerTiming: StartMediaProjectionManager
06-10 15:19:54.742 523 523 I SystemServiceManager: Starting com.android.server.media.projection.MediaProjectionManagerService
06-10 15:19:54.743 523 523 V MediaRouter: Selecting route: RouteInfo{ name=手机, description=null, status=null, category=RouteCategory{ name=系统 types=ROUTE_TYPE_LIVE_AUDIO ROUTE_TYPE_LIVE_VIDEO groupable=false }, supportedTypes=ROUTE_TYPE_LIVE_AUDIO ROUTE_TYPE_LIVE_VIDEO , presentationDisplay=null }
06-10 15:19:54.743 523 523 I MediaRouter: Skip setBluetoothA2dpOn(): types=8388615, isPlaybackActive()=false, BT route=null
06-10 15:19:54.744 523 523 I SystemServerTiming: StartSliceManagerService
06-10 15:19:54.744 523 523 I SystemServiceManager: Starting com.android.server.slice.SliceManagerService$Lifecycle
06-10 15:19:54.747 523 523 I SystemServerTiming: StartStatsCompanion
06-10 15:19:54.752 523 618 E system_server: Could not write anonymous vdex /apex/com.android.os.statsd/javalib/oat/arm/service-statsd.vdex: Could not create directory /apex/com.android.os.statsd/javalib/oat
06-10 15:19:54.752 523 523 I SystemServiceManager: Starting com.android.server.stats.StatsCompanion$Lifecycle
06-10 15:19:54.755 523 523 I SystemServerTiming: StartRebootReadinessManagerService
06-10 15:19:54.761 523 523 I SystemServiceManager: Starting com.android.server.scheduling.RebootReadinessManagerService$Lifecycle
06-10 15:19:54.761 523 618 E system_server: Could not write anonymous vdex /apex/com.android.scheduling/javalib/oat/arm/service-scheduling.vdex: Could not create directory /apex/com.android.scheduling/javalib/oat
06-10 15:19:54.765 259 263 I ServiceManager: Waiting for service 'statscompanion' on '/dev/binder' successful after waiting 1211ms
06-10 15:19:54.766 523 523 I TetheringManager: registerTetheringEventCallback:android
06-10 15:19:54.767 523 523 I TetheringManager: registerTetheringEventCallback caller:android
06-10 15:19:54.768 523 523 I SystemServerTiming: StartStatsPullAtomService
06-10 15:19:54.768 523 523 I SystemServiceManager: Starting com.android.server.stats.pull.StatsPullAtomService
06-10 15:19:54.768 523 523 I SystemServerTiming: StartIncidentCompanionService
06-10 15:19:54.768 523 523 I SystemServiceManager: Starting com.android.server.incident.IncidentCompanionService
06-10 15:19:54.769 523 523 I SystemServerTiming: StartMmsService
06-10 15:19:54.769 523 523 I SystemServiceManager: Starting com.android.server.MmsServiceBroker
06-10 15:19:54.772 523 523 I SystemServerTiming: StartAutoFillService
06-10 15:19:54.772 523 523 I SystemServiceManager: Starting com.android.server.autofill.AutofillManagerService
06-10 15:19:54.774 523 523 D AutofillManagerService: setLogLevelFromSettings(): level=2, debug=true, verbose=false
06-10 15:19:54.774 523 523 D AutofillManagerService: setMaxPartitionsFromSettings(): 10
06-10 15:19:54.774 523 523 D AutofillManagerService: setMaxVisibleDatasetsFromSettings(): 0
06-10 15:19:54.775 523 523 D AutofillManagerServiceImpl: Reset component for user 0:
06-10 15:19:54.775 523 543 D AutofillUI: destroySaveUiUiThread(): already destroyed
06-10 15:19:54.772 281 281 I EventThread: type=1400 audit(0.0:325): avc: denied { search } for name="extcon" dev="sysfs" ino=18109 scontext=u:r:hal_tv_cec_default:s0 tcontext=u:object_r:sysfs_extcon:s0 tclass=dir permissive=1
06-10 15:19:54.777 523 523 D SystemServer: TranslationService not defined by OEM
06-10 15:19:54.777 523 523 I SystemServerTiming: StartClipboardService
06-10 15:19:54.777 523 523 I SystemServiceManager: Starting com.android.server.clipboard.ClipboardService
06-10 15:19:54.780 523 523 I SystemServerTiming: AppServiceManager
06-10 15:19:54.780 523 523 I SystemServiceManager: Starting com.android.server.appbinding.AppBindingService$Lifecycle
06-10 15:19:54.781 523 523 I SystemServerTiming: startTracingServiceProxy
06-10 15:19:54.781 523 523 I SystemServiceManager: Starting com.android.server.tracing.TracingServiceProxy
06-10 15:19:54.783 523 523 I SystemServerTiming: startOranthService
06-10 15:19:54.783 523 523 I SystemServiceManager: Starting com.android.server.oranth.OranthManagerService$Lifecycle
06-10 15:19:54.784 523 523 I OranthManagerService: -------------- OranthManagerService --------------
06-10 15:19:54.784 199 199 E SELinux : avc: denied { add } for pid=523 uid=1000 name=oranth_manager scontext=u:r:system_server:s0 tcontext=u:object_r:default_android_service:s0 tclass=service_manager permissive=1
06-10 15:19:54.784 523 523 I SystemServerTiming: MakeLockSettingsServiceReady
06-10 15:19:54.790 200 200 I hwservicemanager: getTransport: Cannot find entry android.hardware.weaver@1.0::IWeaver/default in either framework or device VINTF manifest.
06-10 15:19:54.791 523 523 I SyntheticPasswordManager: Device does not support weaver
06-10 15:19:54.791 200 200 I hwservicemanager: getTransport: Cannot find entry android.hardware.authsecret@1.0::IAuthSecret/default in either framework or device VINTF manifest.
06-10 15:19:54.791 523 523 I LockSettingsService: Device doesn't implement AuthSecret HAL
06-10 15:19:54.793 523 523 I SystemServerTiming: StartBootPhaseLockSettingsReady
06-10 15:19:54.793 523 523 I SystemServiceManager: Starting phase 480
06-10 15:19:54.793 523 523 I SystemServerTiming: OnBootPhase_480
06-10 15:19:54.793 523 523 D SoundTriggerService: onBootPhase: 480 : false
06-10 15:19:54.795 523 523 I SystemServerTiming: StartBootPhaseSystemServicesReady
06-10 15:19:54.795 523 523 I SystemServiceManager: Starting phase 500
06-10 15:19:54.795 523 523 I SystemServerTiming: OnBootPhase_500
06-10 15:19:54.795 523 523 E StatsPullAtomCallbackImpl: Failed to start PowerStatsService statsd pullers
06-10 15:19:54.798 523 523 D ConnectivityService: requestNetwork for uid/pid:1000/523 activeRequest: null callbackRequest: 9 [NetworkRequest [ REQUEST id=10, [ Capabilities: INTERNET&NOT_RESTRICTED&TRUSTED&NOT_VCN_MANAGED Uid: 1000 RequestorUid: 1000 RequestorPkg: android] ]] callback flags: 0 priority: 2147483647
06-10 15:19:54.799 523 523 E BatteryStatsService: Could not register PowerStatsInternal
06-10 15:19:54.799 523 626 D ConnectivityService: NetReassign [no changes]
06-10 15:19:54.801 523 523 V HintManagerService: Initializing HintManager service...
06-10 15:19:54.801 523 523 V HistoricalRegistry: Interaction before persistence initialized
06-10 15:19:54.804 523 523 D AppStandbyController: Setting app idle enabled state
06-10 15:19:54.807 523 523 V HistoricalRegistry: Interaction before persistence initialized
06-10 15:19:54.812 523 523 V VibratorManagerService: Initializing VibratorManager service...
06-10 15:19:54.812 523 523 V HistoricalRegistry: Interaction before persistence initialized
06-10 15:19:54.813 523 523 V VibratorManagerService: VibratorManager service initialized
06-10 15:19:54.818 523 626 D ConnectivityService: NetReassign [no changes]
06-10 15:19:54.822 523 523 I ActivityTaskManager: Config changes=200 {1.0 ?mcc?mnc [zh_CN] ldltr sw720dp w1280dp h696dp 240dpi xlrg long land television -touch qwerty/v/v dpad/v winConfig={ mBounds=Rect(0, 0 - 1920, 1080) mAppBounds=Rect(0, 0 - 1920, 1080) mMaxBounds=Rect(0, 0 - 1920, 1080) mWindowingMode=fullscreen mDisplayWindowingMode=fullscreen mActivityType=undefined mAlwaysOnTop=undefined mRotation=ROTATION_0} s.4 ?fontWeightAdjustment}
06-10 15:19:54.825 523 523 I WindowManager: Override config changes=200 {1.0 ?mcc?mnc [zh_CN] ldltr sw720dp w1280dp h696dp 240dpi xlrg long land television -touch qwerty/v/v dpad/v winConfig={ mBounds=Rect(0, 0 - 1920, 1080) mAppBounds=Rect(0, 0 - 1920, 1080) mMaxBounds=Rect(0, 0 - 1920, 1080) mWindowingMode=fullscreen mDisplayWindowingMode=fullscreen mActivityType=undefined mAlwaysOnTop=undefined mRotation=ROTATION_0} s.4 ?fontWeightAdjustment} for displayId=0
06-10 15:19:54.828 523 523 D TestHarnessModeService: Setting up test harness mode
06-10 15:19:54.828 523 523 D TestHarnessModeService: Getting PersistentDataBlockManagerInternal from LocalServices
06-10 15:19:54.843 523 523 V HistoricalRegistry: Interaction before persistence initialized
06-10 15:19:54.840 341 341 I rainbow_flow: type=1400 audit(0.0:326): avc: denied { ioctl } for path="/dev/spidev1.0" dev="tmpfs" ino=1377 ioctlcmd=0x6b00 scontext=u:r:init:s0 tcontext=u:object_r:device:s0 tclass=chr_file permissive=1
06-10 15:19:54.845 523 523 W NetworkPolicy: setRestrictBackgroundUL: already false
06-10 15:19:54.846 523 523 I WifiScanningService: Starting wifiscanner
06-10 15:19:54.848 523 523 I EthernetServiceImpl: Starting Ethernet service
06-10 15:19:54.850 523 523 D EthernetTracker: Interface match regexp set to 'eth\d'
06-10 15:19:54.853 523 523 D Ethernet: Registering NetworkFactory
06-10 15:19:54.856 523 626 D ConnectivityService: Got NetworkProvider Messenger for Ethernet
06-10 15:19:54.856 523 619 W WifiXmlUtil: Ignoring unknown value name found: CarrierMerged
06-10 15:19:54.856 523 523 E IpConfigStore: Error opening configuration file: java.io.FileNotFoundException: /data/misc/ethernet/ipconfig.txt: open failed: ENOENT (No such file or directory)
06-10 15:19:54.857 523 523 I PppoeServiceImpl: Starting PPPOE service
06-10 15:19:54.857 523 619 W WifiXmlUtil: Ignoring unknown value name found: CaptivePortalNeverDetected
06-10 15:19:54.859 523 660 I EthernetTracker: maybeTrackInterface: eth0
06-10 15:19:54.862 334 335 D XM_HIDREAD: add@ add@/devices/platform/soc@3000000/5030000.eth/mdio_bus/5030000.eth-0
06-10 15:19:54.856 342 342 I xiriservice_All: type=1400 audit(0.0:327): avc: denied { read } for scontext=u:r:init:s0 tcontext=u:r:init:s0 tclass=netlink_kobject_uevent_socket permissive=1
06-10 15:19:54.864 334 335 D XM_HIDREAD: add@ add@/devices/platform/soc@3000000/5030000.eth/mdio_bus/5030000.eth-0/5030000.eth-0:00
06-10 15:19:54.866 334 335 D XM_HIDREAD: add@ add@/devices/platform/soc@3000000/5030000.eth/mdio_bus/5030000.eth-0/5030000.eth-0:10
06-10 15:19:54.879 523 523 D PPPOE : Registering NetworkFactory
06-10 15:19:54.880 523 619 D WifiConfigStore: Reading from all stores completed in 32 ms.
06-10 15:19:54.880 523 626 D ConnectivityService: Got NetworkProvider Messenger for PPPOE
06-10 15:19:54.880 523 523 W PppoeServiceImpl: pppoe interface file not exist!
06-10 15:19:54.880 523 661 D PPPOE : got request NetworkRequest [ REQUEST id=10, [ Capabilities: INTERNET&NOT_RESTRICTED&TRUSTED&NOT_VCN_MANAGED Uid: 1000 RequestorUid: 1000 RequestorPkg: android] ]
06-10 15:19:54.881 523 661 D PppoeNetworkFactory: onRequestNetwork
06-10 15:19:54.881 523 661 D PPPOE : got request NetworkRequest [ REQUEST id=5, [ Transports: PPPOE Capabilities: INTERNET&NOT_RESTRICTED&TRUSTED&NOT_VPN&NOT_VCN_MANAGED RequestorUid: 1000 RequestorPkg: android] ]
06-10 15:19:54.881 523 661 D PPPOE : got request NetworkRequest [ REQUEST id=1, [ Capabilities: INTERNET&NOT_RESTRICTED&TRUSTED&NOT_VPN&NOT_VCN_MANAGED RequestorUid: 1000 RequestorPkg: android] ]
06-10 15:19:54.883 523 619 E WifiConfigManager: Cannot find network with networkId -1 or configKey "DZNB"WPA_PSK or upgradable security type check
06-10 15:19:54.886 523 523 V HistoricalRegistry: Interaction before persistence initialized
06-10 15:19:54.890 523 619 I WifiInjector: enableVerboseLogging(0): false
06-10 15:19:54.890 523 619 E SupplicantStaIfaceHal: Can't call setDebugParams, ISupplicant is null
06-10 15:19:54.890 523 619 E HostapdHal: Can't call setDebugParams, IHostapd is null
06-10 15:19:54.890 523 619 I WifiService: WifiService starting up with Wi-Fi disabled
06-10 15:19:54.896 523 619 D WifiController: isAirplaneModeOn = false, isWifiEnabled = false, isScanningAvailable = false, isLocationModeActive = true
06-10 15:19:54.896 523 619 E WifiActiveModeWarden: Something is wrong, no client mode toggles enabled
06-10 15:19:54.898 523 619 I android_os_HwBinder: HwBinder: Starting thread pool for getting: android.hidl.manager@1.2::IServiceManager/default
06-10 15:19:54.899 523 523 V HistoricalRegistry: Interaction before persistence initialized
06-10 15:19:54.900 200 200 I hwservicemanager: Since android.hardware.wifi@1.0::IWifi/default is not registered, trying to start it as a lazy HAL.
06-10 15:19:54.900 523 523 D SoundTriggerService: onBootPhase: 500 : false
06-10 15:19:54.900 200 200 I hwservicemanager: Since android.hardware.wifi@1.0::IWifi/default is not registered, trying to start it as a lazy HAL.
06-10 15:19:54.901 523 619 I HidlServiceManagement: getService: Trying again for android.hardware.wifi@1.0::IWifi/default...
06-10 15:19:54.905 1 1 I init : starting service 'vendor.wifi_hal_legacy'...
06-10 15:19:54.909 523 523 I SystemServerTiming: MakeWindowManagerServiceReady
06-10 15:19:54.910 1 1 I init : Control message: Processed ctl.interface_start for 'android.hardware.wifi@1.0::IWifi/default' from pid: 200 (/system/bin/hwservicemanager)
06-10 15:19:54.911 1 1 I init : Control message: Processed ctl.interface_start for 'android.hardware.wifi@1.0::IWifi/default' from pid: 200 (/system/bin/hwservicemanager)
06-10 15:19:54.915 523 550 E KernelCpuThreadReader: Failed to initialize KernelCpuThreadReader
06-10 15:19:54.915 523 550 E KernelCpuThreadReader: java.nio.file.NoSuchFileException: /proc/self/time_in_state
06-10 15:19:54.915 523 550 E KernelCpuThreadReader: at sun.nio.fs.UnixFileSystemProvider.newByteChannel(UnixFileSystemProvider.java:214)
06-10 15:19:54.915 523 550 E KernelCpuThreadReader: at java.nio.file.Files.newByteChannel(Files.java:361)
06-10 15:19:54.915 523 550 E KernelCpuThreadReader: at java.nio.file.Files.newByteChannel(Files.java:407)
06-10 15:19:54.915 523 550 E KernelCpuThreadReader: at java.nio.file.Files.readAllBytes(Files.java:3152)
06-10 15:19:54.915 523 550 E KernelCpuThreadReader: at com.android.internal.os.ProcTimeInStateReader.initializeTimeInStateFormat(ProcTimeInStateReader.java:159)
06-10 15:19:54.915 523 550 E KernelCpuThreadReader: at com.android.internal.os.ProcTimeInStateReader.(ProcTimeInStateReader.java:106)
06-10 15:19:54.915 523 550 E KernelCpuThreadReader: at com.android.internal.os.KernelCpuThreadReader.(KernelCpuThreadReader.java:138)
06-10 15:19:54.915 523 550 E KernelCpuThreadReader: at com.android.internal.os.KernelCpuThreadReader.create(KernelCpuThreadReader.java:151)
06-10 15:19:54.915 523 550 E KernelCpuThreadReader: at com.android.internal.os.KernelCpuThreadReaderSettingsObserver.(KernelCpuThreadReaderSettingsObserver.java:95)
06-10 15:19:54.915 523 550 E KernelCpuThreadReader: at com.android.internal.os.KernelCpuThreadReaderSettingsObserver.getSettingsModifiedReader(KernelCpuThreadReaderSettingsObserver.java:80)
06-10 15:19:54.915 523 550 E KernelCpuThreadReader: at com.android.server.stats.pull.StatsPullAtomService.initializePullersState(StatsPullAtomService.java:798)
06-10 15:19:54.915 523 550 E KernelCpuThreadReader: at com.android.server.stats.pull.StatsPullAtomService.lambda$onBootPhase$0$StatsPullAtomService(StatsPullAtomService.java:757)
06-10 15:19:54.915 523 550 E KernelCpuThreadReader: at com.android.server.stats.pull.StatsPullAtomService$$ExternalSyntheticLambda14.run(Unknown Source:2)
06-10 15:19:54.915 523 550 E KernelCpuThreadReader: at android.os.Handler.handleCallback(Handler.java:938)
06-10 15:19:54.915 523 550 E KernelCpuThreadReader: at android.os.Handler.dispatchMessage(Handler.java:99)
06-10 15:19:54.915 523 550 E KernelCpuThreadReader: at android.os.Looper.loopOnce(Looper.java:201)
06-10 15:19:54.915 523 550 E KernelCpuThreadReader: at android.os.Looper.loop(Looper.java:288)
06-10 15:19:54.915 523 550 E KernelCpuThreadReader: at android.os.HandlerThread.run(HandlerThread.java:67)
06-10 15:19:54.916 200 200 I hwservicemanager: getTransport: Cannot find entry android.hardware.configstore@1.1::ISurfaceFlingerConfigs/default in either framework or device VINTF manifest.
06-10 15:19:54.917 523 550 I android_os_HwBinder: HwBinder: Starting thread pool for getting: android.hardware.health@2.0::IHealth/default
06-10 15:19:54.917 200 200 I hwservicemanager: getTransport: Cannot find entry android.hardware.configstore@1.1::ISurfaceFlingerConfigs/default in either framework or device VINTF manifest.
06-10 15:19:54.919 200 200 I hwservicemanager: getTransport: Cannot find entry android.hardware.configstore@1.1::ISurfaceFlingerConfigs/default in either framework or device VINTF manifest.
06-10 15:19:54.919 523 550 I android_os_HwBinder: HwBinder: Starting thread pool for getting: android.hidl.manager@1.0::IServiceManager/default
06-10 15:19:54.920 523 550 I HealthServiceWrapper: health: HealthServiceWrapper listening to instance default
06-10 15:19:54.921 523 523 I SystemServerTiming: MakePowerManagerServiceReady
06-10 15:19:54.923 523 523 I AttentionDetector: readValuesFromDeviceConfig():
06-10 15:19:54.923 523 523 I AttentionDetector: mMaximumExtensionMillis=900000
06-10 15:19:54.923 523 523 I AttentionDetector: mPreDimCheckDurationMillis=2000
06-10 15:19:54.923 523 523 I AttentionDetector: mRequestedPostDimTimeoutMillis=0
06-10 15:19:54.923 523 669 I android_os_HwBinder: HwBinder: Starting thread pool for getting: android.hardware.health@2.0::IHealth/default
06-10 15:19:54.924 523 550 D StatsPullAtomService: Registering pullers with statsd
06-10 15:19:54.929 523 626 D ConnectivityService: NetReassign [no changes]
06-10 15:19:54.929 523 550 I StatsPullAtomService: register thermal listener successfully
06-10 15:19:54.932 523 523 E DisplayPowerController[0]: failed to set up display white-balance: java.lang.IllegalStateException: cannot find light sensor
06-10 15:19:54.934 280 280 I AW_PowerHAL: isBoostSupported: 0
06-10 15:19:54.939 280 280 I AW_PowerHAL: Power setMode: DISPLAY_INACTIVE to: 0
06-10 15:19:54.939 280 280 I AW_PowerHAL: not completed yet, ignore mode request other
06-10 15:19:54.939 288 288 D SurfaceFlinger: Setting power mode 2 on display 0
06-10 15:19:54.940 523 545 I DisplayDeviceRepository: Display device changed state: "内置屏幕", ON
06-10 15:19:54.941 523 558 W KernelCpuProcStringReader: File not found. It's normal if not implemented: /proc/uid_time_in_state
06-10 15:19:54.941 523 558 W KernelCpuProcStringReader: File not found. It's normal if not implemented: /proc/uid_concurrent_active_time
06-10 15:19:54.942 523 545 I InputManager-JNI: Viewport [0] to add: local:0, isActive: true
06-10 15:19:54.943 523 558 W KernelCpuProcStringReader: File not found. It's normal if not implemented: /proc/uid_concurrent_policy_time
06-10 15:19:54.943 523 607 I InputReader: Reconfiguring input devices, changes=DISPLAY_INFO |
06-10 15:19:54.944 523 558 E KernelCpuSpeedReader: Failed to read cpu-freq: /sys/devices/system/cpu/cpu0/cpufreq/stats/time_in_state: open failed: ENOENT (No such file or directory)
06-10 15:19:54.945 279 279 I android.hardware.lights-service: Lights setting state for id=0 to color ffffffff
06-10 15:19:54.945 523 558 E system_server: Cannot read thread CPU times for PID 523
06-10 15:19:54.945 523 566 W KeyguardServiceDelegate: onScreenTurningOn(): no keyguard service!
06-10 15:19:54.948 523 566 V DisplayPowerController[0]: Brightness [0.39763778] reason changing to: 'override', previous reason: '0'.
06-10 15:19:54.949 279 279 I android.hardware.lights-service: Lights setting state for id=0 to color ff6a6a6a
06-10 15:19:54.949 523 523 I FaceDownDetector: readValuesFromDeviceConfig():
06-10 15:19:54.949 523 523 I FaceDownDetector: mAccelerationThreshold=0.2
06-10 15:19:54.949 523 523 I FaceDownDetector: mZAccelerationThreshold=-9.5
06-10 15:19:54.949 523 523 I FaceDownDetector: mTimeThreshold=PT1S
06-10 15:19:54.949 523 523 I FaceDownDetector: mIsEnabled=false
06-10 15:19:54.952 523 523 I SystemServerTiming: StartPermissionPolicyService
06-10 15:19:54.952 523 523 I SystemServiceManager: Starting com.android.server.policy.PermissionPolicyService
06-10 15:19:54.956 523 523 I SystemServerTiming: MakePackageManagerServiceReady
06-10 15:19:54.975 523 523 V UserDataPreparer: Found /data/user_de/0 with serial number 0
06-10 15:19:54.976 523 523 V UserDataPreparer: Found /data/user/0 with serial number 0
06-10 15:19:54.976 523 523 V UserDataPreparer: Found /data/system_de/0 with serial number 0
06-10 15:19:54.976 523 523 W UserDataPreparer: Invalid user directory /data/system_de/usagestats
06-10 15:19:54.976 523 523 V UserDataPreparer: Found /data/system_ce/0 with serial number 0
06-10 15:19:54.976 523 523 V UserDataPreparer: Found /data/misc_ce/0 with serial number -1
06-10 15:19:54.976 523 523 D UserDataPreparer: Serial number missing on /data/misc_ce/0; assuming current is valid
06-10 15:19:54.977 523 523 I PackageManager: Permission ownership changed. Updating all permissions.
06-10 15:19:54.995 664 664 I android.hardware.wifi@1.0-service-lazy: Wifi Hal is booting up...
06-10 15:19:54.996 664 664 I HidlLazyUtils: Registering HAL: android.hardware.wifi@1.5::IWifi with name: default
06-10 15:19:54.996 664 664 E cutils-trace: Error opening trace file: No such file or directory (2)
06-10 15:19:54.999 664 664 I HidlServiceManagement: Registered android.hardware.wifi@1.5::IWifi/default
06-10 15:19:54.999 523 646 D HalDevMgr: IWifi registration notification: fqName=android.hardware.wifi@1.0::IWifi, name=default, preexisting=false
06-10 15:19:54.999 664 664 I HidlServiceManagement: Removing namespace from process name android.hardware.wifi@1.0-service-lazy to wifi@1.0-service-lazy.
06-10 15:19:55.000 200 200 I hw-BpHwBinder: onLastStrongRef automatically unlinking death recipients
06-10 15:19:55.000 523 619 I android_os_HwBinder: HwBinder: Starting thread pool for getting: android.hardware.wifi@1.0::IWifi/default
06-10 15:19:55.002 523 619 D WifiNl80211Manager: tearing down interfaces in wificond
06-10 15:19:55.019 523 619 D WifiAdaptConnObserver: Adaptive connectivity status initialized to: true
06-10 15:19:55.020 523 619 D WifiController: DisabledState.enter()
06-10 15:19:55.022 523 573 E DefaultPermGrantPolicy: Package not found: org.xbmc.kodi
06-10 15:19:55.022 523 573 W DefaultPermGrantPolicy: No such package:org.xbmc.kodi
06-10 15:19:55.022 523 573 E DefaultPermGrantPolicy: Package not found: cm.aptoidetv.pt
06-10 15:19:55.022 523 573 W DefaultPermGrantPolicy: No such package:cm.aptoidetv.pt
06-10 15:19:55.022 523 573 E DefaultPermGrantPolicy: Package not found: com.softwinner.TvdFileManager
06-10 15:19:55.022 523 573 W DefaultPermGrantPolicy: No such package:com.softwinner.TvdFileManager
06-10 15:19:55.022 523 573 E DefaultPermGrantPolicy: Package not found: com.softwinner.TvdVideo
06-10 15:19:55.023 523 573 W DefaultPermGrantPolicy: No such package:com.softwinner.TvdVideo
06-10 15:19:55.023 523 573 E DefaultPermGrantPolicy: Package not found: com.android.chrome
06-10 15:19:55.023 523 573 W DefaultPermGrantPolicy: No such package:com.android.chrome
06-10 15:19:55.023 523 573 E DefaultPermGrantPolicy: Package not found: com.android.vending
06-10 15:19:55.023 523 573 W DefaultPermGrantPolicy: No such package:com.android.vending
06-10 15:19:55.023 523 573 E DefaultPermGrantPolicy: Package not found: com.google.android.tts
06-10 15:19:55.023 523 573 W DefaultPermGrantPolicy: No such package:com.google.android.tts
06-10 15:19:55.023 523 573 E DefaultPermGrantPolicy: Package not found: com.google.android.youtube.tv
06-10 15:19:55.023 523 573 W DefaultPermGrantPolicy: No such package:com.google.android.youtube.tv
06-10 15:19:55.023 523 573 E DefaultPermGrantPolicy: Package not found: com.google.android.katniss
06-10 15:19:55.023 523 573 W DefaultPermGrantPolicy: No such package:com.google.android.katniss
06-10 15:19:55.023 523 573 E DefaultPermGrantPolicy: Package not found: com.google.android.gms
06-10 15:19:55.023 523 573 W DefaultPermGrantPolicy: No such package:com.google.android.gms
06-10 15:19:55.026 523 523 I SystemServerTiming: MakeDisplayManagerServiceReady
06-10 15:19:55.028 523 545 E DisplayModeDirector: Asked about unknown display, returning empty display mode specs!(id=0)
06-10 15:19:55.028 523 545 E DisplayModeDirector: Asked about unknown display, returning empty display mode specs!(id=0)
06-10 15:19:55.030 523 523 I SystemServerTiming: StartDeviceSpecificServices
06-10 15:19:55.030 523 523 I SystemServerTiming: GameManagerService
06-10 15:19:55.030 523 523 I SystemServiceManager: Starting com.android.server.app.GameManagerService$Lifecycle
06-10 15:19:55.035 523 523 I SystemServerTiming: StartBootPhaseDeviceSpecificServicesReady
06-10 15:19:55.035 523 523 I SystemServiceManager: Starting phase 520
06-10 15:19:55.035 523 523 I SystemServerTiming: OnBootPhase_520
06-10 15:19:55.035 523 523 D SoundTriggerService: onBootPhase: 520 : false
06-10 15:19:55.036 523 523 I SystemServerTiming: AppSearchManagerService
06-10 15:19:55.043 523 523 I SystemServiceManager: Starting com.android.server.appsearch.AppSearchManagerService
06-10 15:19:55.047 523 523 I SystemServerTiming: StartMediaCommunicationService
06-10 15:19:55.047 523 523 I SystemServiceManager: Starting com.android.server.media.MediaCommunicationService
06-10 15:19:55.050 523 523 I SystemServerTiming: PhaseActivityManagerReady
06-10 15:19:55.050 523 523 I SystemServerTiming: controllersReady
06-10 15:19:55.055 523 587 I SystemServerTimingAsync: InitThreadPoolExec:Update app-ops uidState in case package com.android.providers.media.module changed
06-10 15:19:55.055 523 579 I SystemServerTimingAsync: InitThreadPoolExec:Update app-ops uidState in case package com.android.systemui changed
06-10 15:19:55.055 523 587 D SystemServerInitThreadPool: Started executing Update app-ops uidState in case package com.android.providers.media.module changed
06-10 15:19:55.055 523 579 D SystemServerInitThreadPool: Started executing Update app-ops uidState in case package com.android.systemui changed
06-10 15:19:55.055 523 541 I SystemServerTimingAsync: InitThreadPoolExec:Update app-ops uidState in case package com.android.tv changed
06-10 15:19:55.056 523 541 D SystemServerInitThreadPool: Started executing Update app-ops uidState in case package com.android.tv changed
06-10 15:19:55.056 523 587 D SystemServerInitThreadPool: Finished executing Update app-ops uidState in case package com.android.providers.media.module changed
06-10 15:19:55.056 523 541 D SystemServerInitThreadPool: Finished executing Update app-ops uidState in case package com.android.tv changed
06-10 15:19:55.056 523 579 D SystemServerInitThreadPool: Finished executing Update app-ops uidState in case package com.android.systemui changed
06-10 15:19:55.056 523 549 I SystemServerTimingAsync: InitThreadPoolExec:Update app-ops uidState in case package com.android.webview changed
06-10 15:19:55.056 523 587 I SystemServerTimingAsync: InitThreadPoolExec:Update app-ops uidState in case package com.sohu.inputmethod.sogou.tv changed
06-10 15:19:55.056 523 549 D SystemServerInitThreadPool: Started executing Update app-ops uidState in case package com.android.webview changed
06-10 15:19:55.056 523 587 D SystemServerInitThreadPool: Started executing Update app-ops uidState in case package com.sohu.inputmethod.sogou.tv changed
06-10 15:19:55.056 523 549 D SystemServerInitThreadPool: Finished executing Update app-ops uidState in case package com.android.webview changed
06-10 15:19:55.056 523 587 D SystemServerInitThreadPool: Finished executing Update app-ops uidState in case package com.sohu.inputmethod.sogou.tv changed
06-10 15:19:55.056 523 541 I SystemServerTimingAsync: InitThreadPoolExec:Update app-ops uidState in case package com.android.providers.calendar changed
06-10 15:19:55.056 523 541 D SystemServerInitThreadPool: Started executing Update app-ops uidState in case package com.android.providers.calendar changed
06-10 15:19:55.056 523 579 I SystemServerTimingAsync: InitThreadPoolExec:Update app-ops uidState in case package com.android.providers.tv changed
06-10 15:19:55.056 523 579 D SystemServerInitThreadPool: Started executing Update app-ops uidState in case package com.android.providers.tv changed
06-10 15:19:55.056 523 541 D SystemServerInitThreadPool: Finished executing Update app-ops uidState in case package com.android.providers.calendar changed
06-10 15:19:55.056 523 541 I SystemServerTimingAsync: InitThreadPoolExec:Update app-ops uidState in case package com.android.soundpicker changed
06-10 15:19:55.056 523 541 D SystemServerInitThreadPool: Started executing Update app-ops uidState in case package com.android.soundpicker changed
06-10 15:19:55.056 523 541 D SystemServerInitThreadPool: Finished executing Update app-ops uidState in case package com.android.soundpicker changed
06-10 15:19:55.056 523 541 I SystemServerTimingAsync: InitThreadPoolExec:Update app-ops uidState in case package com.dangbei.screencast changed
06-10 15:19:55.056 523 541 D SystemServerInitThreadPool: Started executing Update app-ops uidState in case package com.dangbei.screencast changed
06-10 15:19:55.056 523 541 D SystemServerInitThreadPool: Finished executing Update app-ops uidState in case package com.dangbei.screencast changed
06-10 15:19:55.056 523 541 I SystemServerTimingAsync: InitThreadPoolExec:Update app-ops uidState in case package com.android.bluetooth changed
06-10 15:19:55.056 523 541 D SystemServerInitThreadPool: Started executing Update app-ops uidState in case package com.android.bluetooth changed
06-10 15:19:55.056 523 541 D SystemServerInitThreadPool: Finished executing Update app-ops uidState in case package com.android.bluetooth changed
06-10 15:19:55.056 523 541 I SystemServerTimingAsync: InitThreadPoolExec:Update app-ops uidState in case package com.dangbei.zhushou.os changed
06-10 15:19:55.056 523 541 D SystemServerInitThreadPool: Started executing Update app-ops uidState in case package com.dangbei.zhushou.os changed
06-10 15:19:55.056 523 541 D SystemServerInitThreadPool: Finished executing Update app-ops uidState in case package com.dangbei.zhushou.os changed
06-10 15:19:55.056 523 541 I SystemServerTimingAsync: InitThreadPoolExec:Update app-ops uidState in case package com.oranth.ledstatus changed
06-10 15:19:55.057 523 541 D SystemServerInitThreadPool: Started executing Update app-ops uidState in case package com.oranth.ledstatus changed
06-10 15:19:55.057 523 541 D SystemServerInitThreadPool: Finished executing Update app-ops uidState in case package com.oranth.ledstatus changed
06-10 15:19:55.057 523 549 I SystemServerTimingAsync: InitThreadPoolExec:Update app-ops uidState in case package com.dangbei.hqguide changed
06-10 15:19:55.057 523 541 I SystemServerTimingAsync: InitThreadPoolExec:Update app-ops uidState in case package android changed
06-10 15:19:55.057 523 549 D SystemServerInitThreadPool: Started executing Update app-ops uidState in case package com.dangbei.hqguide changed
06-10 15:19:55.057 523 541 D SystemServerInitThreadPool: Started executing Update app-ops uidState in case package android changed
06-10 15:19:55.057 523 549 D SystemServerInitThreadPool: Finished executing Update app-ops uidState in case package com.dangbei.hqguide changed
06-10 15:19:55.057 523 541 D SystemServerInitThreadPool: Finished executing Update app-ops uidState in case package android changed
06-10 15:19:55.057 523 579 D SystemServerInitThreadPool: Finished executing Update app-ops uidState in case package com.android.providers.tv changed
06-10 15:19:55.057 523 549 I SystemServerTimingAsync: InitThreadPoolExec:Update app-ops uidState in case package com.dangbei.lerad.etna.haqu changed
06-10 15:19:55.057 523 549 D SystemServerInitThreadPool: Started executing Update app-ops uidState in case package com.dangbei.lerad.etna.haqu changed
06-10 15:19:55.057 523 549 D SystemServerInitThreadPool: Finished executing Update app-ops uidState in case package com.dangbei.lerad.etna.haqu changed
06-10 15:19:55.057 523 587 I SystemServerTimingAsync: InitThreadPoolExec:Update app-ops uidState in case package com.android.providers.contacts changed
06-10 15:19:55.057 523 587 D SystemServerInitThreadPool: Started executing Update app-ops uidState in case package com.android.providers.contacts changed
06-10 15:19:55.057 523 587 D SystemServerInitThreadPool: Finished executing Update app-ops uidState in case package com.android.providers.contacts changed
06-10 15:19:55.057 523 523 I SystemServerTiming: killProcesses
06-10 15:19:55.057 523 523 I ActivityManager: System now ready
06-10 15:19:55.058 523 523 I SystemServerTiming: updateTopComponentForFactoryTest
06-10 15:19:55.058 523 523 I SystemServerTiming: registerActivityLaunchObserver
06-10 15:19:55.058 523 523 I SystemServerTiming: watchDeviceProvisioning
06-10 15:19:55.067 523 523 I SystemServerTiming: retrieveSettings
06-10 15:19:55.069 523 523 I ActivityTaskManager: Config changes=10000000 {1.0 ?mcc?mnc [zh_CN] ldltr sw720dp w1280dp h696dp 240dpi xlrg long land television -touch qwerty/v/v dpad/v winConfig={ mBounds=Rect(0, 0 - 1920, 1080) mAppBounds=Rect(0, 0 - 1920, 1080) mMaxBounds=Rect(0, 0 - 1920, 1080) mWindowingMode=fullscreen mDisplayWindowingMode=fullscreen mActivityType=undefined mAlwaysOnTop=undefined mRotation=ROTATION_0} s.6 fontWeightAdjustment=0}
06-10 15:19:55.069 523 523 I WindowManager: Override config changes=10000000 {1.0 ?mcc?mnc [zh_CN] ldltr sw720dp w1280dp h696dp 240dpi xlrg long land television -touch qwerty/v/v dpad/v winConfig={ mBounds=Rect(0, 0 - 1920, 1080) mAppBounds=Rect(0, 0 - 1920, 1080) mMaxBounds=Rect(0, 0 - 1920, 1080) mWindowingMode=fullscreen mDisplayWindowingMode=fullscreen mActivityType=undefined mAlwaysOnTop=undefined mRotation=ROTATION_0} s.6 fontWeightAdjustment=0} for displayId=0
06-10 15:19:55.072 523 523 I SystemServerTiming: Ugm.onSystemReady
06-10 15:19:55.073 523 523 I SystemServerTiming: updateForceBackgroundCheck
06-10 15:19:55.074 523 523 I SystemServer: Making services ready
06-10 15:19:55.074 523 523 I SystemServerTiming: StartActivityManagerReadyPhase
06-10 15:19:55.074 523 523 I SystemServiceManager: Starting phase 550
06-10 15:19:55.074 523 523 I SystemServerTiming: OnBootPhase_550
06-10 15:19:55.075 200 200 I hwservicemanager: getTransport: Cannot find entry android.hardware.thermal@2.0::IThermal/default in either framework or device VINTF manifest.
06-10 15:19:55.075 523 523 E ThermalHalWrapper: Thermal HAL 2.0 service not connected.
06-10 15:19:55.076 200 200 I hwservicemanager: getTransport: Cannot find entry android.hardware.thermal@1.1::IThermal/default in either framework or device VINTF manifest.
06-10 15:19:55.076 523 523 E ThermalHalWrapper: Thermal HAL 1.1 service not connected.
06-10 15:19:55.077 200 200 I hwservicemanager: getTransport: Cannot find entry android.hardware.thermal@1.0::IThermal/default in either framework or device VINTF manifest.
06-10 15:19:55.077 523 523 E ThermalHalWrapper: Thermal HAL 1.0 service not connected.
06-10 15:19:55.077 523 523 W ThermalManagerService: No Thermal HAL service on this device
06-10 15:19:55.081 523 523 W ActivityManager: Unable to start service Intent { act=com.android.ITelecomService cmp=com.android.server.telecom/.components.TelecomService } U=0: not found
06-10 15:19:55.084 523 523 I SyncManager: No initial accounts
06-10 15:19:55.090 523 523 D BluetoothManagerService: Bluetooth boot completed
06-10 15:19:55.091 523 523 D BluetoothManagerService: Auto-enabling Bluetooth.
06-10 15:19:55.092 523 523 D BluetoothA2dp: Binding service...
06-10 15:19:55.094 523 544 D BluetoothManagerService: MESSAGE_ENABLE(0): mBluetooth = null
06-10 15:19:55.095 523 544 D BluetoothManagerService: binding Bluetooth service
06-10 15:19:55.096 523 523 I BluetoothAirplaneModeListener: start
06-10 15:19:55.098 523 544 D CompatibilityChangeReporter: Compat change id reported: 135634846; UID 1002; state: DISABLED
06-10 15:19:55.113 261 261 D Zygote : Forked child process 674
06-10 15:19:55.115 523 552 I ActivityManager: app.processName = com.android.bluetooth
06-10 15:19:55.115 523 552 I ActivityManager: Start proc 674:com.android.bluetooth/1002 for service {com.android.bluetooth/com.android.bluetooth.btservice.AdapterService}
06-10 15:19:55.116 523 523 W InputMethodUtils: Found no fallback locale. imis=[InputMethodInfo{com.sohu.inputmethod.sogou.tv/.SogouIME, settings: com.sohu.inputmethod.sogou.SogouIMESettingsLauncher}]
06-10 15:19:55.117 523 523 W InputMethodUtils: No software keyboard is found. imis=[InputMethodInfo{com.sohu.inputmethod.sogou.tv/.SogouIME, settings: com.sohu.inputmethod.sogou.SogouIMESettingsLauncher}] systemLocale=zh_CN fallbackLocale=null
06-10 15:19:55.119 523 523 I RebootEscrowManager: No reboot escrow data found for users, skipping loading escrow data
06-10 15:19:55.121 674 674 I Zygote : seccomp disabled by setenforce 0
06-10 15:19:55.123 523 523 I WallpaperManagerService: No static wallpaper imagery; defaults will be shown
06-10 15:19:55.123 523 523 V WallpaperManagerService: bindWallpaperComponentLocked: componentName=ComponentInfo{com.android.systemui/com.android.systemui.ImageWallpaper}
06-10 15:19:55.127 523 523 D CompatibilityChangeReporter: Compat change id reported: 135634846; UID 10065; state: DISABLED
06-10 15:19:55.127 523 523 D CompatibilityChangeReporter: Compat change id reported: 177438394; UID 10065; state: DISABLED
06-10 15:19:55.127 523 523 D CompatibilityChangeReporter: Compat change id reported: 135772972; UID 10065; state: DISABLED
06-10 15:19:55.128 523 523 D CompatibilityChangeReporter: Compat change id reported: 135754954; UID 10065; state: ENABLED
06-10 15:19:55.128 523 552 D CompatibilityChangeReporter: Compat change id reported: 143937733; UID 10065; state: ENABLED
06-10 15:19:55.139 387 408 I adbd : jdwp connection from 674
06-10 15:19:55.141 261 261 D Zygote : Forked child process 683
06-10 15:19:55.142 523 552 I ActivityManager: app.processName = com.android.systemui
06-10 15:19:55.142 523 552 I ActivityManager: Start proc 683:com.android.systemui/u0a65 for service {com.android.systemui/com.android.systemui.ImageWallpaper}
06-10 15:19:55.147 523 523 E BitmapFactory: Unable to decode stream: java.io.FileNotFoundException: /data/system/users/0/wallpaper_orig: open failed: ENOENT (No such file or directory)
06-10 15:19:55.147 523 523 W WallpaperManagerService: Invalid wallpaper data
06-10 15:19:55.147 523 523 E WallpaperManagerService: Unable to apply new wallpaper
06-10 15:19:55.149 523 523 D AdbService: systemReady
06-10 15:19:55.150 266 266 V audio_hw_primary: adev_set_parameters, A2dpSuspended=false
06-10 15:19:55.151 523 636 D BluetoothManagerService: Trying to bind to profile: 1, while Bluetooth was disabled
06-10 15:19:55.151 523 541 I SystemServerTimingAsync: InitThreadPoolExec:UsbService$Lifecycle#onBootPhase
06-10 15:19:55.151 523 541 D SystemServerInitThreadPool: Started executing UsbService$Lifecycle#onBootPhase
06-10 15:19:55.152 523 523 D SoundTriggerService: onBootPhase: 550 : false
06-10 15:19:55.152 523 636 D BluetoothA2dp: Binding service...
06-10 15:19:55.153 282 304 E android.hardware.usb@1.0-service: Failed to open /sys/class/typec
06-10 15:19:55.153 523 646 E UsbPortManager: port status enquiry failed
06-10 15:19:55.154 523 541 D SystemServerInitThreadPool: Finished executing UsbService$Lifecycle#onBootPhase
06-10 15:19:55.157 523 537 D CompatibilityChangeReporter: Compat change id reported: 168419799; UID 1002; state: DISABLED
06-10 15:19:55.158 683 683 I Zygote : seccomp disabled by setenforce 0
06-10 15:19:55.159 266 266 D audio_hw_primary: Mic get_audio_devices_active:
06-10 15:19:55.159 266 266 D audio_hw_primary: get_audio_devices_active: AUDIO_HDMI
06-10 15:19:55.159 266 266 D xm_audio: adev_get_parameters
06-10 15:19:55.159 285 285 I hash_map_utils: system/bt/osi/src/hash_map_utils.cc:81 hash_map_utils_dump_string_keys_string_values: key: 'audio_devices_out_active' value: ''
