06-10 15:19:57.372 267 267 D libbt-auto-detect: init, get libbt name: libbt-sprd.so.
06-10 15:19:57.373 683 976 V MediaRouter: Selecting route: RouteInfo{ name=手机, description=null, status=null, category=RouteCategory{ name=系统 types=ROUTE_TYPE_LIVE_AUDIO ROUTE_TYPE_LIVE_VIDEO groupable=false }, supportedTypes=ROUTE_TYPE_LIVE_AUDIO ROUTE_TYPE_LIVE_VIDEO , presentationDisplay=null }
06-10 15:19:57.375 523 977 D CCodecBufferChannel: [c2.android.vorbis.decoder#434] Created input block pool with allocatorID 16 => poolID 22 - OK (0)
06-10 15:19:57.376 267 267 I bt_vendor: init
06-10 15:19:57.372 1 1 I /system/bin/init: type=1107 audit(0.0:353): uid=0 auid=4294967295 ses=4294967295 subj=u:r:init:s0 msg='avc: denied { set } for property=vendor.driver.lpm.load pid=267 uid=1002 gid=1002 scontext=u:r:hal_bluetooth_default:s0 tcontext=u:object_r:vendor_wireless_prop:s0 tclass=property_service permissive=1'
06-10 15:19:57.380 1 1 I init : processing action (vendor.driver.lpm.load=1) from (/vendor/etc/init/init.bluetooth.common.rc:68)
06-10 15:19:57.384 267 267 I : mtty_open probe is success!
06-10 15:19:57.384 267 267 E bluetooth_set_power: start_block=0
06-10 15:19:57.390 267 267 I WCN : start_marlin [MARLIN_BLUETOOTH]
06-10 15:19:57.390 267 267 D : CPU: 3 PID: 267 Comm: bluetooth@1.0-s Tainted: G O 5.4.125+ #9
06-10 15:19:57.377 267 267 D bt_vnd_hci: sprd_vendor_hci_init
06-10 15:19:57.390 267 267 D Hardware name: sun50iw9 (DT)
06-10 15:19:57.377 267 267 I bt_chip_vendor: marlin3_init
06-10 15:19:57.390 267 267 D Call trace:
06-10 15:19:57.378 267 267 I bt_vnd_conf: Attempt to load conf from /vendor/etc/bt_configure_pskey.ini
06-10 15:19:57.378 523 977 I CCodecBufferChannel: [c2.android.vorbis.decoder#434] Created output block pool with allocatorID 16 => poolID 24 - OK
06-10 15:19:57.390 267 267 D : dump_backtrace.cfi_jt+0x0/0x4
06-10 15:19:57.378 523 977 D CCodecBufferChannel: [c2.android.vorbis.decoder#434] Configured output block pool ids 24 => OK
06-10 15:19:57.379 267 267 D bt_vnd_conf: device_class -> 0x001F00
06-10 15:19:57.390 267 267 D : dump_stack+0xbc/0x104
06-10 15:19:57.379 267 267 D bt_vnd_conf: feature_set -> 0xBF, 0xFE, 0x8D, 0xFE, 0xDB, 0x3D, 0x7B, 0x87, 0xFF, 0xA7, 0xFF, 0x7F, 0x00, 0xE0, 0xF7, 0x3E
06-10 15:19:57.379 267 267 D bt_vnd_conf: device_addr -> 0x6D, 0x6D, 0x8E, 0x8E, 0x8F, 0x8F
06-10 15:19:57.379 267 267 D bt_vnd_conf: comp_id -> 0x01EC
06-10 15:19:57.379 267 267 D bt_vnd_conf: g_sys_uart0_communication_supported -> 1
06-10 15:19:57.379 267 267 D bt_vnd_conf: cp2_log_mode -> 1
06-10 15:19:57.379 267 267 D bt_vnd_conf: LogLevel -> 0xFF
06-10 15:19:57.379 267 267 D bt_vnd_conf: g_central_or_perpheral -> 0
06-10 15:19:57.379 267 267 D bt_vnd_conf: Log_BitMask -> 0xFFFF
06-10 15:19:57.379 267 267 D bt_vnd_conf: super_ssp_enable -> 0
06-10 15:19:57.379 267 267 D bt_vnd_conf: common_rfu_b3 -> 2
06-10 15:19:57.379 267 267 D bt_vnd_conf: common_rfu_w -> 0x00000000, 0x00000000
06-10 15:19:57.379 267 267 D bt_vnd_conf: le_rfu_w -> 0x00000000, 0x000000000
06-10 15:19:57.379 267 267 D bt_vnd_conf: lmp_rfu_w -> 0x00000000, 0x000000000
06-10 15:19:57.379 267 267 D bt_vnd_conf: lc_rfu_w -> 0x00000000, 0x000000000
06-10 15:19:57.379 267 267 D bt_vnd_conf: g_wbs_nv_117 -> 0x004D
06-10 15:19:57.379 267 267 D bt_vnd_conf: g_wbs_nv_118 -> 0x0066
06-10 15:19:57.379 267 267 D bt_vnd_conf: g_nbv_nv_117 -> 0x009B
06-10 15:19:57.390 267 267 D : marlin_set_power+0x2c/0x78c [uwe5621_bsp_sdio]
06-10 15:19:57.379 267 267 D bt_vnd_conf: g_nbv_nv_118 -> 0x0066
06-10 15:19:57.379 267 267 D bt_vnd_conf: g_sys_sco_transmit_mode -> 0
06-10 15:19:57.390 267 267 D : start_marlin+0xbc/0x14c [uwe5621_bsp_sdio]
06-10 15:19:57.379 267 267 D bt_vnd_conf: audio_rfu_b1 -> 0
06-10 15:19:57.379 267 267 D bt_vnd_conf: audio_rfu_b2 -> 0
06-10 15:19:57.390 267 267 D : bluetooth_set_power+0x44/0x70 [sprdbt_tty]
06-10 15:19:57.379 267 267 D bt_vnd_conf: audio_rfu_b3 -> 0
06-10 15:19:57.379 267 267 D bt_vnd_conf: audio_rfu_w -> 0x00000000, 0x00000000
06-10 15:19:57.390 267 267 D : mtty_open+0xb0/0x150 [sprdbt_tty]
06-10 15:19:57.379 267 267 D bt_vnd_conf: g_sys_sleep_in_standby_supported -> 1
06-10 15:19:57.379 267 267 D bt_vnd_conf: g_sys_sleep_master_supported -> 1
06-10 15:19:57.390 267 267 D : tty_open+0x350/0x550
06-10 15:19:57.379 267 267 D bt_vnd_conf: g_sys_sleep_slave_supported -> 1
06-10 15:19:57.379 267 267 D bt_vnd_conf: power_rfu_b1 -> 0
06-10 15:19:57.390 267 267 D : chrdev_open+0x1d8/0x254
06-10 15:19:57.379 267 267 D bt_vnd_conf: power_rfu_w -> 0x00000000, 0x00000000
06-10 15:19:57.379 267 267 D bt_vnd_conf: win_ext -> 40
06-10 15:19:57.390 267 267 D : do_dentry_open+0x270/0x3ac
06-10 15:19:57.379 267 267 D bt_vnd_conf: edr_tx_edr_delay -> 6
06-10 15:19:57.379 267 267 D bt_vnd_conf: edr_rx_edr_delay -> 8
06-10 15:19:57.390 267 267 D : vfs_open+0x2c/0x38
06-10 15:19:57.379 267 267 D bt_vnd_conf: tx_delay -> 12
06-10 15:19:57.379 267 267 D bt_vnd_conf: rx_delay -> 34
06-10 15:19:57.390 267 267 D : path_openat+0x6a8/0xf78
06-10 15:19:57.379 267 267 D bt_vnd_conf: bb_rfu_w -> 0x00000000, 0x00000000
06-10 15:19:57.379 267 267 D bt_vnd_conf: agc_mode -> 0
06-10 15:19:57.390 267 267 D : do_filp_open+0x78/0x124
06-10 15:19:57.379 267 267 D bt_vnd_conf: diff_or_eq -> 0xFF
06-10 15:19:57.379 267 267 D bt_vnd_conf: ramp_mode -> 0
06-10 15:19:57.379 267 267 D bt_vnd_conf: modem_rfu_b1 -> 0
06-10 15:19:57.379 267 267 D bt_vnd_conf: modem_rfu_w -> 0x00000000, 0x00000000
06-10 15:19:57.379 267 267 D bt_vnd_conf: BQB_BitMask_1 -> 0x00000000
06-10 15:19:57.379 267 267 D bt_vnd_conf: BQB_BitMask_2 -> 0x00000000
06-10 15:19:57.379 267 267 D bt_vnd_conf: bt_coex_threshold -> 0x04E2, 0x1F40, 0x0020, 0x00C8, 0x000A, 0x0000, 0x0000, 0x0000
06-10 15:19:57.390 267 267 D : do_sys_open+0x13c/0x290
06-10 15:19:57.379 267 267 D bt_vnd_conf: other_rfu_w -> 0x00000000, 0x00000000
06-10 15:19:57.379 267 267 I bt_vnd_conf: Attempt to load conf from /vendor/etc/bt_configure_rf.ini
06-10 15:19:57.390 267 267 D : __arm64_compat_sys_openat+0x24/0x30
06-10 15:19:57.380 683 976 I MediaRouter: Skip setBluetoothA2dpOn(): types=8388615, isPlaybackActive()=false, BT route=null
06-10 15:19:57.380 267 267 D bt_vnd_conf: g_GainValue_A -> 0xE000, 0xE000, 0xE000, 0xE000, 0xE000, 0xE000
06-10 15:19:57.380 267 267 D bt_vnd_conf: g_ClassicPowerValue_A -> 0x4115, 0x3A15, 0x3415, 0x2E15, 0x2715, 0x2115, 0x1A15, 0x1315, 0x0D15, 0x0715
06-10 15:19:57.380 267 267 D bt_vnd_conf: g_LEPowerValue_A -> 0x3B15, 0x3715, 0x3315, 0x2F15, 0x2B15, 0x2715, 0x2315, 0x1F15, 0x1B15, 0x1715, 0x1315, 0x0F15, 0x0B15, 0x0815, 0x0415, 0x0015
06-10 15:19:57.380 267 267 D bt_vnd_conf: g_BRChannelpwrvalue_A -> 0x0915, 0x0915, 0x0815, 0x0815, 0x0815, 0x0815, 0x0715, 0x0715
06-10 15:19:57.380 267 267 D bt_vnd_conf: g_EDRChannelpwrvalue_A -> 0x0D15, 0x0D15, 0x0C15, 0x0C15, 0x0B15, 0x0B15, 0x0B15, 0x0B15
06-10 15:19:57.380 267 267 D bt_vnd_conf: g_LEChannelpwrvalue_A -> 0x1015,0x1015,0x0F15,0x0F15,0x0F15,0x0F15,0x0F15,0x0F15
06-10 15:19:57.380 267 267 D bt_vnd_conf: g_GainValue_B -> 0xE000, 0xE000, 0xE000, 0xE000, 0xE000, 0xE000
06-10 15:19:57.380 267 267 D bt_vnd_conf: g_ClassicPowerValue_B -> 0x4D15, 0x4615, 0x3D15, 0x3615, 0x2D15, 0x2615, 0x1F15, 0x1815, 0x0F15, 0x0815
06-10 15:19:57.380 267 267 D bt_vnd_conf: g_LEPowerValue_B -> 0x4B15, 0x4B15, 0x4B15, 0x4B15, 0x4B15, 0x4615, 0x4015, 0x3B15, 0x3615, 0x3015, 0x2B15, 0x2615, 0x2015, 0x1A15, 0x1415, 0x0E15
06-10 15:19:57.380 267 267 D bt_vnd_conf: g_BRChannelpwrvalue_B -> 0x0915, 0x0915, 0x0815, 0x0815, 0x0815, 0x0815, 0x0715, 0x0715
06-10 15:19:57.380 267 267 D bt_vnd_conf: g_EDRChannelpwrvalue_B -> 0x0D15, 0x0D15, 0x0C15, 0x0C15, 0x0B15, 0x0B15, 0x0B15, 0x0B15
06-10 15:19:57.380 267 267 D bt_vnd_conf: g_LEChannelpwrvalue_B -> 0x1015,0x1015,0x0F15,0x0F15,0x0F15,0x0F15,0x0F15,0x0F15
06-10 15:19:57.380 267 267 D bt_vnd_conf: LE_fix_powerword -> 0x00
06-10 15:19:57.380 267 267 D bt_vnd_conf: Classic_pc_by_channel -> 0xFF
06-10 15:19:57.380 267 985 D bt_vnd_hci: hci_server_thread
06-10 15:19:57.390 267 267 D : el0_svc_common+0xb8/0x1cc
06-10 15:19:57.380 267 267 D bt_vnd_conf: LE_pc_by_channel -> 0xFF
06-10 15:19:57.380 267 267 D bt_vnd_conf: RF_switch_mode -> 0x01
06-10 15:19:57.390 267 267 D : el0_svc_compat_handler+0x1c/0x28
06-10 15:19:57.380 267 267 D bt_vnd_conf: Data_Capture_Mode -> 0x00
06-10 15:19:57.380 267 267 D bt_vnd_conf: Analog_IQ_Debug_Mode -> 0x00
06-10 15:19:57.390 267 267 D : el0_svc_compat+0x8/0x24
06-10 15:19:57.380 267 267 D bt_vnd_conf: RF_common_rfu_b3 -> 0x55
06-10 15:19:57.380 267 267 D bt_vnd_conf: RF_common_rfu_w -> 0x555F4344, 0x5555C855, 0x55555555, 0x55555555, 0x55555555
06-10 15:19:57.390 267 267 I WCN : marlin power state:0, subsys: [MARLIN_BLUETOOTH] power 1
06-10 15:19:57.381 267 267 I bt_vnd_conf: set_mac_address
06-10 15:19:57.381 267 985 D bt_vnd_hci: name: bt_vendor_sprd_hci
06-10 15:19:57.390 267 267 I WCN : the first power on start
06-10 15:19:57.381 267 985 D bt_vnd_hci: listen socket: bt_vendor_sprd_hci, fd: 6
06-10 15:19:57.381 267 267 D bt_vendor: marlin3 start up
06-10 15:19:57.381 267 985 D bt_vnd_hci: hci_server_thread wati for btools
06-10 15:19:57.381 267 267 D android.hardware.bluetooth@1.0-impl: Open vendor library loaded
06-10 15:19:57.381 267 267 E bt_upio : init_rfkill: No rfkill control node found
06-10 15:19:57.381 267 267 I bt_userial_vendor: userial vendor open: opening /dev/ttyBT0, baud 14
06-10 15:19:57.381 267 267 D bt_vendor: check_access, /dev/ttyBT0 R/W access OK after wait 0ms
06-10 15:19:57.382 683 703 I ndroid.systemu: Background young concurrent copying GC freed 20030(916KB) AllocSpace objects, 0(0B) LOS objects, 93% free, 1661KB/25MB, paused 146us total 215.774ms
06-10 15:19:57.392 378 979 D SimpleC2Component: Using output block pool with poolID 24 => got 24 - 0
06-10 15:19:57.392 1 1 I init : processing action (vendor.init.lpm.load=1) from (/vendor/etc/init/init.bluetooth.common.rc:71)
06-10 15:19:57.395 523 523 D BluetoothA2dp: Binding service...
06-10 15:19:57.425 683 683 D CompatibilityChangeReporter: Compat change id reported: 150939131; UID 10065; state: ENABLED
06-10 15:19:57.445 683 683 E libEGL : validate_display:538 error 3001 (EGL_NOT_INITIALIZED)
06-10 15:19:57.453 523 533 I system_server: Background young concurrent copying GC freed 43071(3402KB) AllocSpace objects, 17(956KB) LOS objects, 19% free, 9819KB/11MB, paused 2.853ms total 480.066ms
06-10 15:19:57.454 523 535 W System : A resource failed to call release.
06-10 15:19:57.455 523 535 W System : A resource failed to call release.
06-10 15:19:57.455 523 535 W System : A resource failed to call release.
06-10 15:19:57.455 523 535 W System : A resource failed to call release.
06-10 15:19:57.497 523 977 D CCodecBufferChannel: [c2.android.vorbis.decoder#434] MediaCodec discarded an unknown buffer
06-10 15:19:57.501 523 986 I hw-BpHwBinder: onLastStrongRef automatically unlinking death recipients
06-10 15:19:57.506 267 267 I sunxi-rfkill soc@3000000: rfkill: wlan power on success
06-10 15:19:57.506 267 267 I WCN : marlin chip en pull up
06-10 15:19:57.509 523 968 D CCodecBufferChannel: [c2.android.vorbis.decoder#927] MediaCodec discarded an unknown buffer
06-10 15:19:57.509 523 968 D CCodecBufferChannel: [c2.android.vorbis.decoder#927] MediaCodec discarded an unknown buffer
06-10 15:19:57.515 523 987 I hw-BpHwBinder: onLastStrongRef automatically unlinking death recipients
06-10 15:19:57.515 378 378 I hw-BpHwBinder: onLastStrongRef automatically unlinking death recipients
06-10 15:19:57.517 378 378 V C2Store : in ~ComponentModule
06-10 15:19:57.517 378 378 V C2Store : unloading dll
06-10 15:19:57.536 267 267 I sdiohal : sdiohal_scan_card
06-10 15:19:57.536 267 267 I sunxi-rfkill soc@3000000: rfkill: bus_index: 1
06-10 15:19:57.537 0 0 E : [ C0] sunxi-mmc 4021000.sdmmc: smc 2 p1 err, cmd 52, RTO !!
06-10 15:19:57.544 267 267 W sdiohal : probe of mmc2:8800:1 failed with error -110
06-10 15:19:57.545 0 0 E : [ C0] sunxi-mmc 4021000.sdmmc: smc 2 p1 err, cmd 7, RTO !!
06-10 15:19:57.540 342 342 I xiriservice_All: type=1400 audit(0.0:354): avc: denied { read } for scontext=u:r:init:s0 tcontext=u:r:init:s0 tclass=netlink_kobject_uevent_socket permissive=1
06-10 15:19:57.544 334 335 D XM_HIDREAD: add@ add@/bus/sdio/drivers/sdiohal
06-10 15:19:57.553 683 683 V WallpaperService: Setting wallpaper dimming: 0
06-10 15:19:57.558 523 546 D CompatibilityChangeReporter: Compat change id reported: 158002302; UID 10065; state: ENABLED
06-10 15:19:57.552 0 0 E : [ C0] sunxi-mmc 4021000.sdmmc: smc 2 p1 err, cmd 7, RTO !!
06-10 15:19:57.561 0 0 E : [ C0] sunxi-mmc 4021000.sdmmc: smc 2 p1 err, cmd 7, RTO !!
06-10 15:19:57.563 200 200 I hwservicemanager: getTransport: Cannot find entry android.hardware.configstore@1.0::ISurfaceFlingerConfigs/default in either framework or device VINTF manifest.
06-10 15:19:57.564 683 941 D EglHelper: createEglContext start
06-10 15:19:57.568 683 941 D EglHelper: createEglContext done
06-10 15:19:57.568 683 941 D EglHelper: createEglSurface start
06-10 15:19:57.571 523 545 I ActivityManagerTiming: FinishBooting
06-10 15:19:57.572 261 261 W Zygote : forkRepeatedly terminated due to non-simple command
06-10 15:19:57.572 261 261 D Zygote : mbuffer starts with 1 , nice name is , mEnd = 19, mNext = 19, mLinesLeft = 0, mFd = 4
06-10 15:19:57.574 523 545 I ActivityManager: About to commit checkpoint
06-10 15:19:57.575 523 545 I SystemServiceManager: Starting phase 1000
06-10 15:19:57.575 523 545 I ActivityManagerTiming: OnBootPhase_1000
06-10 15:19:57.569 0 0 E : [ C0] sunxi-mmc 4021000.sdmmc: smc 2 p1 err, cmd 7, RTO !!
06-10 15:19:57.575 523 545 E PowerStatsService: Failed to start PowerStatsService loggers
06-10 15:19:57.578 127 127 I mmc2 : card 8800 removed
06-10 15:19:57.576 334 335 D XM_HIDREAD: remove@ remove@/devices/platform/soc@3000000/4021000.sdmmc/mmc_host/mmc2/mmc2:8800/mmc2:8800:1
06-10 15:19:57.577 334 335 D XM_HIDREAD: remove@ remove@/devices/platform/soc@3000000/4021000.sdmmc/mmc_host/mmc2/mmc2:8800
06-10 15:19:57.578 127 127 I sunxi-mmc 4021000.sdmmc: sdc set ios:clk 0Hz bm PP pm OFF vdd 0 width 1 timing LEGACY(SDR12) dt B
06-10 15:19:57.581 127 127 I sunxi-mmc 4021000.sdmmc: sdc set ios:clk 0Hz bm PP pm UP vdd 23 width 1 timing LEGACY(SDR12) dt B
06-10 15:19:57.582 523 566 V DisplayPowerController[0]: Brightness [0.39763778] reason changing to: 'manual', previous reason: 'override'.
06-10 15:19:57.582 523 596 D RollbackManager: mRollbackLifetimeDurationInMillis=1209600000
06-10 15:19:57.582 523 592 D AppStandbyController: Loading headless system app cache. appIdleEnabled=false
06-10 15:19:57.584 683 941 D EglHelper: createEglSurface done
06-10 15:19:57.588 683 683 I ImageWallpaper: type=1400 audit(0.0:355): avc: denied { search } for name="com.android.systemui" dev="mmcblk0p25" ino=484 scontext=u:r:platform_app:s0:c512,c768 tcontext=u:object_r:app_data_file:s0:c512,c768 tclass=dir permissive=1 app=com.softwinner.screenshot
06-10 15:19:57.592 127 127 I sunxi-mmc 4021000.sdmmc: sdc set ios:clk 400000Hz bm PP pm ON vdd 23 width 1 timing LEGACY(SDR12) dt B
06-10 15:19:57.598 523 545 D IorapForwardingService: BgJob Scheduled (jobId=283673059, interval: 86400000ms)
06-10 15:19:57.599 523 545 D TestHarnessModeService: Completing Test Harness Mode setup.
06-10 15:19:57.600 523 612 D StorageManagerService: Thinking about init, mBootCompleted=true, mDaemonConnected=true
06-10 15:19:57.600 523 612 D StorageManagerService: Setting up emulation state, initlocked=false
06-10 15:19:57.600 207 207 D vold : fscrypt_unlock_user_key 0 serial=0
06-10 15:19:57.602 523 612 D StorageManagerService: Thinking about reset, mBootCompleted=true, mDaemonConnected=true
06-10 15:19:57.604 523 612 I StorageSessionController: Started resetting external storage service...
06-10 15:19:57.604 523 612 I StorageSessionController: Finished resetting external storage service
06-10 15:19:57.604 523 612 I StorageManagerService: Resetting vold...
06-10 15:19:57.605 523 612 I StorageManagerService: Reset vold
06-10 15:19:57.605 207 207 I vold : onUserAdded: 0
06-10 15:19:57.605 0 0 E : [ C0] sunxi-mmc 4021000.sdmmc: smc 2 p1 err, cmd 52, RTO !!
06-10 15:19:57.614 0 0 E : [ C0] sunxi-mmc 4021000.sdmmc: smc 2 p1 err, cmd 52, RTO !!
06-10 15:19:57.621 127 127 I sunxi-mmc 4021000.sdmmc: sdc set ios:clk 400000Hz bm PP pm ON vdd 23 width 1 timing LEGACY(SDR12) dt B
06-10 15:19:57.628 127 127 I sunxi-mmc 4021000.sdmmc: sdc set ios:clk 400000Hz bm PP pm ON vdd 23 width 1 timing LEGACY(SDR12) dt B
06-10 15:19:57.635 523 542 D AdbService: boot completed
06-10 15:19:57.635 523 619 D WifiService: Handle boot completed
06-10 15:19:57.635 523 545 D SoundTriggerService: onBootPhase: 1000 : false
06-10 15:19:57.637 523 1001 I HibernationStateDiskStore: No hibernation file on disk for file /data/system/hibernation/states
06-10 15:19:57.641 334 335 D XM_HIDREAD: add@ add@/devices/platform/soc@3000000/4021000.sdmmc/mmc_host/mmc2/mmc2:8800
06-10 15:19:57.641 334 335 D XM_HIDREAD: add@ add@/devices/platform/soc@3000000/4021000.sdmmc/mmc_host/mmc2/mmc2:8800/mmc2:8800:1
06-10 15:19:57.640 127 127 I sunxi-mmc 4021000.sdmmc: sdc set ios:clk 400000Hz bm PP pm ON vdd 23 width 4 timing LEGACY(SDR12) dt B
06-10 15:19:57.641 127 127 I sunxi-mmc 4021000.sdmmc: sdc set ios:clk 400000Hz bm PP pm ON vdd 23 width 4 timing UHS-SDR104 dt B
06-10 15:19:57.641 127 127 I sunxi-mmc 4021000.sdmmc: sdc set ios:clk 150000000Hz bm PP pm ON vdd 23 width 4 timing UHS-SDR104 dt B
06-10 15:19:57.642 127 127 I mmc2 : new ultra high speed SDR104 SDIO card at address 8800
06-10 15:19:57.649 127 127 I sdiohal : sdiohal_probe: func->class=0, vendor=0x0000, device=0x0000, func_num=0x0001, clock=150000000, SDIOHAL_RX_RECVBUF_LEN:200,SDIOHAL_32_BIT_RX_RECVBUF_LEN:32.
06-10 15:19:57.649 127 127 I WCN : marlin_get_wcn_chipid: chipid: 0x56630001
06-10 15:19:57.649 267 267 I sdiohal : scan end!
06-10 15:19:57.649 127 127 I WCN : marlin_scan_finish!
06-10 15:19:57.649 267 267 I WCN : then marlin start to download
06-10 15:19:57.649 127 127 I sdiohal : sdiohal_probe: sdio_dev_host, max_req_size=0x2000000, max_blk_count=0x2000, max_blk_size=0x1000
06-10 15:19:57.649 127 127 I sdiohal : probe ok
06-10 15:19:57.650 127 127 I WCN : marlin_request_firmware from /vendor/etc/firmware/wcnmodem.bin start!
06-10 15:19:57.659 127 127 I WCN : marlin_firmware_parse_image imagepack is WCNE type,need parse it
06-10 15:19:57.659 127 127 I WCN : marlin marlin_firmware_write imagepack is WCNE type,need parse it
06-10 15:19:57.659 523 545 D CompatibilityChangeReporter: Compat change id reported: 168936375; UID 1000; state: ENABLED
06-10 15:19:57.661 523 545 D CompatibilityChangeReporter: Compat change id reported: 168936375; UID 1000; state: DISABLED
06-10 15:19:57.666 523 619 I WifiScoreCard: Installing MemoryStore
06-10 15:19:57.666 523 619 I WifiHealthMonitor: Installing MemoryStore
06-10 15:19:57.671 387 403 I adbd : adbd_auth: received a new framework connection
06-10 15:19:57.671 387 403 I adbd : adbd_auth: received new framework fd 31 (current = -1)
06-10 15:19:57.672 523 545 D CompatibilityChangeReporter: Compat change id reported: 73144566; UID 1000; state: ENABLED
06-10 15:19:57.673 523 545 D CompatibilityChangeReporter: Compat change id reported: 73144566; UID 1000; state: DISABLED
06-10 15:19:57.678 523 619 D WifiNetworkFactory: Registering NetworkFactory
06-10 15:19:57.679 523 545 D GameManagerService: onBootCompleted
06-10 15:19:57.679 523 626 D ConnectivityService: Got NetworkProvider Messenger for WifiNetworkFactory
06-10 15:19:57.679 523 619 D UntrustedWifiNetworkFactory: Registering NetworkFactory
06-10 15:19:57.679 523 626 D ConnectivityService: Got NetworkProvider Messenger for UntrustedWifiNetworkFactory
06-10 15:19:57.679 523 619 D OemPaidWifiNetworkFactory: Registering NetworkFactory
06-10 15:19:57.679 523 626 D ConnectivityService: Got NetworkProvider Messenger for OemPaidWifiNetworkFactory
06-10 15:19:57.684 523 542 I AdbDebuggingManager: Not connected to any wireless network. Not enabling adbwifi.
06-10 15:19:57.685 523 619 D WifiNetworkFactory: got request NetworkRequest [ REQUEST id=10, [ Capabilities: INTERNET&NOT_RESTRICTED&TRUSTED&NOT_VCN_MANAGED Uid: 1000 RequestorUid: 1000 RequestorPkg: android] ]
06-10 15:19:57.686 523 619 D WifiNetworkFactory: got request NetworkRequest [ REQUEST id=19, [ Capabilities: INTERNET&NOT_RESTRICTED&TRUSTED&NOT_VCN_MANAGED Uid: 1073 RequestorUid: 1073 RequestorPkg: com.android.networkstack] ]
06-10 15:19:57.686 523 619 D WifiNetworkFactory: got request NetworkRequest [ REQUEST id=1, [ Capabilities: INTERNET&NOT_RESTRICTED&TRUSTED&NOT_VPN&NOT_VCN_MANAGED RequestorUid: 1000 RequestorPkg: android] ]
06-10 15:19:57.686 523 619 D WifiNetworkFactory: got request NetworkRequest [ REQUEST id=3, [ Transports: WIFI Capabilities: INTERNET&NOT_RESTRICTED&TRUSTED&NOT_VPN&NOT_VCN_MANAGED RequestorUid: 1000 RequestorPkg: android] ]
06-10 15:19:57.686 523 619 D WifiNetworkFactory: got request NetworkRequest [ REQUEST id=17, [ Capabilities: INTERNET&NOT_RESTRICTED&TRUSTED&NOT_VCN_MANAGED Uid: 1000 RequestorUid: 1000 RequestorPkg: android] ]
06-10 15:19:57.686 523 619 D UntrustedWifiNetworkFactory: got request NetworkRequest [ REQUEST id=10, [ Capabilities: INTERNET&NOT_RESTRICTED&TRUSTED&NOT_VCN_MANAGED Uid: 1000 RequestorUid: 1000 RequestorPkg: android] ]
06-10 15:19:57.686 523 619 D UntrustedWifiNetworkFactory: got request NetworkRequest [ REQUEST id=19, [ Capabilities: INTERNET&NOT_RESTRICTED&TRUSTED&NOT_VCN_MANAGED Uid: 1073 RequestorUid: 1073 RequestorPkg: com.android.networkstack] ]
06-10 15:19:57.686 523 619 D UntrustedWifiNetworkFactory: got request NetworkRequest [ REQUEST id=1, [ Capabilities: INTERNET&NOT_RESTRICTED&TRUSTED&NOT_VPN&NOT_VCN_MANAGED RequestorUid: 1000 RequestorPkg: android] ]
06-10 15:19:57.687 523 619 D UntrustedWifiNetworkFactory: got request NetworkRequest [ REQUEST id=3, [ Transports: WIFI Capabilities: INTERNET&NOT_RESTRICTED&TRUSTED&NOT_VPN&NOT_VCN_MANAGED RequestorUid: 1000 RequestorPkg: android] ]
06-10 15:19:57.687 523 619 D UntrustedWifiNetworkFactory: got request NetworkRequest [ REQUEST id=17, [ Capabilities: INTERNET&NOT_RESTRICTED&TRUSTED&NOT_VCN_MANAGED Uid: 1000 RequestorUid: 1000 RequestorPkg: android] ]
06-10 15:19:57.687 523 619 D OemPaidWifiNetworkFactory: got request NetworkRequest [ REQUEST id=10, [ Capabilities: INTERNET&NOT_RESTRICTED&TRUSTED&NOT_VCN_MANAGED Uid: 1000 RequestorUid: 1000 RequestorPkg: android] ]
06-10 15:19:57.687 523 619 D OemPaidWifiNetworkFactory: got request NetworkRequest [ REQUEST id=19, [ Capabilities: INTERNET&NOT_RESTRICTED&TRUSTED&NOT_VCN_MANAGED Uid: 1073 RequestorUid: 1073 RequestorPkg: com.android.networkstack] ]
06-10 15:19:57.687 523 619 D OemPaidWifiNetworkFactory: got request NetworkRequest [ REQUEST id=1, [ Capabilities: INTERNET&NOT_RESTRICTED&TRUSTED&NOT_VPN&NOT_VCN_MANAGED RequestorUid: 1000 RequestorPkg: android] ]
06-10 15:19:57.687 523 619 D OemPaidWifiNetworkFactory: got request NetworkRequest [ REQUEST id=3, [ Transports: WIFI Capabilities: INTERNET&NOT_RESTRICTED&TRUSTED&NOT_VPN&NOT_VCN_MANAGED RequestorUid: 1000 RequestorPkg: android] ]
06-10 15:19:57.687 523 619 D OemPaidWifiNetworkFactory: got request NetworkRequest [ REQUEST id=17, [ Capabilities: INTERNET&NOT_RESTRICTED&TRUSTED&NOT_VCN_MANAGED Uid: 1000 RequestorUid: 1000 RequestorPkg: android] ]
06-10 15:19:57.663 0 0 E : [ C0] sunxi-mmc 4021000.sdmmc: smc 2 p1 err, cmd 53, WR DCE !!
06-10 15:19:57.671 132 132 I sunxi-mmc 4021000.sdmmc: *****retry:start*****
06-10 15:19:57.671 132 132 I sunxi-mmc 4021000.sdmmc: REG_DRV_DL: 0x00010000
06-10 15:19:57.671 132 132 I sunxi-mmc 4021000.sdmmc: REG_SD_NTSR: 0x81710000
06-10 15:19:57.671 132 132 I sunxi-mmc 4021000.sdmmc: *****retry:re-send cmd*****
06-10 15:19:57.671 0 0 E : [ C0] sunxi-mmc 4021000.sdmmc: smc 2 p1 err, cmd 53, WR DCE !!
06-10 15:19:57.680 132 132 I sunxi-mmc 4021000.sdmmc: *****retry:start*****
06-10 15:19:57.680 132 132 I sunxi-mmc 4021000.sdmmc: REG_DRV_DL: 0x00010000
06-10 15:19:57.680 132 132 I sunxi-mmc 4021000.sdmmc: REG_SD_NTSR: 0x81710000
06-10 15:19:57.680 132 132 I sunxi-mmc 4021000.sdmmc: *****retry:re-send cmd*****
06-10 15:19:57.680 0 0 E : [ C0] sunxi-mmc 4021000.sdmmc: smc 2 p1 err, cmd 53, WR DCE !!
06-10 15:19:57.688 132 132 I sunxi-mmc 4021000.sdmmc: *****retry:start*****
06-10 15:19:57.688 132 132 I sunxi-mmc 4021000.sdmmc: REG_DRV_DL: 0x00010000
06-10 15:19:57.688 132 132 I sunxi-mmc 4021000.sdmmc: REG_SD_NTSR: 0x81710000
06-10 15:19:57.688 132 132 I sunxi-mmc 4021000.sdmmc: *****retry:re-send cmd*****
06-10 15:19:57.688 0 0 E : [ C0] sunxi-mmc 4021000.sdmmc: smc 2 p1 err, cmd 53, WR DCE !!
06-10 15:19:57.692 523 544 W IorapForwardingService: No service published for: iorapd
06-10 15:19:57.694 523 545 D AppSearchStatsCollector: atoms registered
06-10 15:19:57.694 523 545 D ActivityManagerTiming: TotalBootTime took to complete: 6588ms
06-10 15:19:57.696 132 132 I sunxi-mmc 4021000.sdmmc: *****retry:start*****
06-10 15:19:57.696 132 132 I sunxi-mmc 4021000.sdmmc: REG_DRV_DL: 0x00030000
06-10 15:19:57.696 132 132 I sunxi-mmc 4021000.sdmmc: REG_SD_NTSR: 0x81710110
06-10 15:19:57.696 132 132 I sunxi-mmc 4021000.sdmmc: *****retry:re-send cmd*****
06-10 15:19:57.696 0 0 D : [ C0] 4,end
06-10 15:19:57.696 523 545 D SystemServerInitThreadPool: Shutdown requested
06-10 15:19:57.696 523 545 I SystemServerTiming: WaitInitThreadPoolShutdown
06-10 15:19:57.697 523 545 D SystemServerInitThreadPool: Shutdown successful
06-10 15:19:57.700 762 849 I Tethering: USB bcast connected:false configured:false rndis:false ncm:false
06-10 15:19:57.701 523 545 D ActivityManager: refreshZramWriteback
06-10 15:19:57.701 523 545 D ActivityManager: real start flush
06-10 15:19:57.702 1 1 I init : processing action (sys.boot_completed=1) from (/system/etc/init/hw/init.rc:1130)
06-10 15:19:57.703 1 1 I init : starting service 'exec 16 (/bin/rm -rf /data/per_boot)'...
06-10 15:19:57.712 1 1 I init : SVC_EXEC service 'exec 16 (/bin/rm -rf /data/per_boot)' pid 1005 (uid 1000 gid 1000+0 context default) started; waiting...
06-10 15:19:57.715 523 545 D ActivityManager: set persist.sys.boot.first to false
06-10 15:19:57.716 523 1007 W ZramWriteback: Writeback device is not set
06-10 15:19:57.716 523 1007 D ZramWriteback: wait to flush
06-10 15:19:57.724 523 545 I ActivityManager: User 0 state changed from BOOTING to RUNNING_LOCKED
06-10 15:19:57.724 523 545 W ActivityManager: UserLifecycleEvent 4 received without an active userJourneySession.
06-10 15:19:57.733 523 545 D StorageManagerService: unlockUserKey: 0 isFileEncryptedNativeOrEmulated: false hasToken: false hasSecret: false
06-10 15:19:57.736 523 545 W ActivityManager: UserLifecycleEvent 5 received without an active userJourneySession.
06-10 15:19:57.737 523 545 D ActivityManager: Started unlocking user 0
06-10 15:19:57.737 523 545 D ActivityManager: Unlocking user 0 progress 0
06-10 15:19:57.738 523 545 D ActivityManager: Unlocking user 0 progress 5
06-10 15:19:57.739 207 207 D vold : fscrypt_prepare_user_storage for volume null, user 0, serial 0, flags 2
06-10 15:19:57.739 207 207 D vold : Preparing: /data/system_ce/0
06-10 15:19:57.740 207 207 D vold : Preparing: /data/misc_ce/0
06-10 15:19:57.740 207 207 D vold : Preparing: /data/vendor_ce/0
06-10 15:19:57.740 762 773 I rkstack.proces: Background young concurrent copying GC freed 5397(395KB) AllocSpace objects, 0(0B) LOS objects, 95% free, 1236KB/25MB, paused 222us total 131.936ms
06-10 15:19:57.740 207 207 D vold : Preparing: /data/media/0
06-10 15:19:57.741 207 207 D vold : Preparing: /data/data
06-10 15:19:57.741 207 207 D vold : Starting restorecon of /data/system_ce/0
06-10 15:19:57.746 207 207 D vold : Finished restorecon of /data/system_ce/0
06-10 15:19:57.746 207 207 D vold : Starting restorecon of /data/vendor_ce/0
06-10 15:19:57.754 207 207 D vold : Finished restorecon of /data/vendor_ce/0
06-10 15:19:57.754 207 207 D vold : Starting restorecon of /data/misc_ce/0
06-10 15:19:57.758 207 207 D vold : Finished restorecon of /data/misc_ce/0
06-10 15:19:57.759 207 207 D vold : /system/bin/vold_prepare_subdirs
06-10 15:19:57.759 207 207 D vold : prepare
06-10 15:19:57.759 207 207 D vold :
06-10 15:19:57.759 207 207 D vold : 0
06-10 15:19:57.759 207 207 D vold : 2
06-10 15:19:57.766 281 281 D hdmi-cec: cec physical address: 2.0.0.0
06-10 15:19:57.768 523 523 W Looper : Slow dispatch took 283ms main h=android.os.Handler c=com.android.server.hdmi.WorkSourceUidPreservingRunnable@3a8d491 m=0
06-10 15:19:57.769 523 523 W Looper : Slow delivery took 200ms main h=android.app.ActivityThread$H c=android.app.LoadedApk$ReceiverDispatcher$Args$$ExternalSyntheticLambda0@8ccdff6 m=0
06-10 15:19:57.772 127 127 I WCN : combin_img 4 marlin_firmware_write finish and successful
06-10 15:19:57.772 127 127 I WCN : marlin_start_run read reset reg val:0x180008
06-10 15:19:57.772 127 127 I WCN : after do marlin_start_run reset reg val:0x80008
06-10 15:19:57.773 127 127 I WCN : s_marlin_bootup_time=17711403723
06-10 15:19:57.779 127 127 I WCN : clock mode: TCXO, outside clock
06-10 15:19:57.779 127 127 I WCN : marlin_write_cali_data sync init_state:0x0
06-10 15:19:57.805 127 127 I WCN : marlin_write_cali_data sync init_state:0x0
06-10 15:19:57.817 1011 1011 D vold_prepare_subdirs: Setting up mode 771 uid 1000 gid 1000 context u:object_r:system_data_file:s0:c512,c768 on path: /data/data
06-10 15:19:57.819 1011 1011 D vold_prepare_subdirs: Setting up mode 700 uid 0 gid 0 context u:object_r:vold_data_file:s0 on path: /data/misc_ce/0/vold
06-10 15:19:57.820 1011 1011 D vold_prepare_subdirs: Setting up mode 700 uid 0 gid 0 context u:object_r:storaged_data_file:s0 on path: /data/misc_ce/0/storaged
06-10 15:19:57.820 1011 1011 D vold_prepare_subdirs: Setting up mode 700 uid 0 gid 0 context u:object_r:rollback_data_file:s0 on path: /data/misc_ce/0/rollback
06-10 15:19:57.821 1011 1011 D vold_prepare_subdirs: Setting up mode 700 uid 0 gid 0 context u:object_r:apex_rollback_data_file:s0 on path: /data/misc_ce/0/apexrollback
06-10 15:19:57.822 1011 1011 D vold_prepare_subdirs: Setting up mode 711 uid 0 gid 0 context u:object_r:apex_module_data_file:s0 on path: /data/misc_ce/0/apexdata
06-10 15:19:57.823 1011 1011 D vold_prepare_subdirs: Setting up mode 771 uid 0 gid 1000 context u:object_r:apex_wifi_data_file:s0 on path: /data/misc_ce/0/apexdata/com.android.wifi
06-10 15:19:57.824 1011 1011 D vold_prepare_subdirs: Setting up mode 771 uid 0 gid 1000 context u:object_r:apex_module_data_file:s0 on path: /data/misc_ce/0/apexdata/com.android.vndk.v31
06-10 15:19:57.825 1011 1011 D vold_prepare_subdirs: Setting up mode 771 uid 0 gid 1000 context u:object_r:apex_module_data_file:s0 on path: /data/misc_ce/0/apexdata/com.android.tzdata
06-10 15:19:57.826 1011 1011 D vold_prepare_subdirs: Setting up mode 771 uid 0 gid 1000 context u:object_r:apex_module_data_file:s0 on path: /data/misc_ce/0/apexdata/com.android.tethering
06-10 15:19:57.827 1011 1011 D vold_prepare_subdirs: Setting up mode 771 uid 0 gid 1000 context u:object_r:apex_module_data_file:s0 on path: /data/misc_ce/0/apexdata/com.android.sdkext
06-10 15:19:57.828 1011 1011 D vold_prepare_subdirs: Setting up mode 771 uid 0 gid 1000 context u:object_r:apex_module_data_file:s0 on path: /data/misc_ce/0/apexdata/com.android.scheduling
06-10 15:19:57.829 1011 1011 D vold_prepare_subdirs: Setting up mode 771 uid 0 gid 1000 context u:object_r:apex_module_data_file:s0 on path: /data/misc_ce/0/apexdata/com.android.runtime
06-10 15:19:57.830 1011 1011 D vold_prepare_subdirs: Setting up mode 771 uid 0 gid 1000 context u:object_r:apex_module_data_file:s0 on path: /data/misc_ce/0/apexdata/com.android.resolv
06-10 15:19:57.831 1011 1011 D vold_prepare_subdirs: Setting up mode 771 uid 0 gid 1000 context u:object_r:apex_permission_data_file:s0 on path: /data/misc_ce/0/apexdata/com.android.permission
06-10 15:19:57.831 1011 1011 D vold_prepare_subdirs: Setting up mode 771 uid 0 gid 1000 context u:object_r:apex_module_data_file:s0 on path: /data/misc_ce/0/apexdata/com.android.os.statsd
06-10 15:19:57.832 1011 1011 D vold_prepare_subdirs: Setting up mode 771 uid 0 gid 1000 context u:object_r:apex_module_data_file:s0 on path: /data/misc_ce/0/apexdata/com.android.neuralnetworks
06-10 15:19:57.833 1011 1011 D vold_prepare_subdirs: Setting up mode 771 uid 0 gid 1000 context u:object_r:apex_module_data_file:s0 on path: /data/misc_ce/0/apexdata/com.android.mediaprovider
06-10 15:19:57.833 1011 1011 D vold_prepare_subdirs: Setting up mode 771 uid 0 gid 1000 context u:object_r:apex_module_data_file:s0 on path: /data/misc_ce/0/apexdata/com.android.media.swcodec
06-10 15:19:57.833 127 127 I WCN : marlin_write_cali_data sync init_state:0x0
06-10 15:19:57.834 1011 1011 D vold_prepare_subdirs: Setting up mode 771 uid 0 gid 1000 context u:object_r:apex_module_data_file:s0 on path: /data/misc_ce/0/apexdata/com.android.media
06-10 15:19:57.835 1011 1011 D vold_prepare_subdirs: Setting up mode 771 uid 0 gid 1000 context u:object_r:apex_module_data_file:s0 on path: /data/misc_ce/0/apexdata/com.android.ipsec
06-10 15:19:57.836 1011 1011 D vold_prepare_subdirs: Setting up mode 771 uid 0 gid 1000 context u:object_r:apex_module_data_file:s0 on path: /data/misc_ce/0/apexdata/com.android.i18n
06-10 15:19:57.837 1011 1011 D vold_prepare_subdirs: Setting up mode 771 uid 0 gid 1000 context u:object_r:apex_module_data_file:s0 on path: /data/misc_ce/0/apexdata/com.android.extservices
06-10 15:19:57.839 1011 1011 D vold_prepare_subdirs: Setting up mode 771 uid 0 gid 1000 context u:object_r:apex_module_data_file:s0 on path: /data/misc_ce/0/apexdata/com.android.conscrypt
06-10 15:19:57.840 1011 1011 D vold_prepare_subdirs: Setting up mode 771 uid 0 gid 1000 context u:object_r:apex_module_data_file:s0 on path: /data/misc_ce/0/apexdata/com.android.art
06-10 15:19:57.841 1011 1011 D vold_prepare_subdirs: Setting up mode 771 uid 0 gid 1000 context u:object_r:apex_appsearch_data_file:s0 on path: /data/misc_ce/0/apexdata/com.android.appsearch
06-10 15:19:57.842 1011 1011 D vold_prepare_subdirs: Setting up mode 771 uid 0 gid 1000 context u:object_r:apex_module_data_file:s0 on path: /data/misc_ce/0/apexdata/com.android.adbd
06-10 15:19:57.843 1011 1011 D vold_prepare_subdirs: Setting up mode 700 uid 1000 gid 1000 context u:object_r:backup_data_file:s0 on path: /data/system_ce/0/backup
06-10 15:19:57.844 1011 1011 D vold_prepare_subdirs: Setting up mode 700 uid 1000 gid 1000 context u:object_r:backup_data_file:s0 on path: /data/system_ce/0/backup_stage
06-10 15:19:57.844 1011 1011 D vold_prepare_subdirs: Setting up mode 700 uid 1000 gid 1000 context u:object_r:face_vendor_data_file:s0 on path: /data/vendor_ce/0/facedata
06-10 15:19:57.847 523 545 V UserDataPreparer: Found /data/user/0 with serial number 0
06-10 15:19:57.847 523 545 V UserDataPreparer: Found /data/system_ce/0 with serial number 0
06-10 15:19:57.848 523 545 D UserDataPreparer: Setting property: sys.user.0.ce_available=true
06-10 15:19:57.849 523 545 V PackageManager: reconcileAppsData for null u0 0x2 migrateAppData=false
06-10 15:19:57.853 200 200 I hwservicemanager: Notifying android.hardware.wifi@1.5::IWifi/default they have clients: 1
06-10 15:19:57.853 664 664 I HidlLazyUtils: Process has 1 (of 1 available) client(s) in use after notification android.hardware.wifi@1.5::IWifi/default has clients: 1
06-10 15:19:57.861 127 127 I WCN : marlin_write_cali_data sync init_state:0xf0f0f0f1
06-10 15:19:57.861 127 127 I WCN : sdio_config bt_wake_host trigger:[high]
06-10 15:19:57.861 127 127 I WCN : sdio_config irq:[inband]
06-10 15:19:57.861 127 127 I WCN : sdio_config wake_host_level_duration_time:[20ms]
06-10 15:19:57.861 127 127 I WCN : sdio_config wake_host_data_separation:[bt/wifi reuse]
06-10 15:19:57.861 127 127 I WCN : marlin_send_sdio_config_to_cp sdio_config:0x80f01 (enable config)
06-10 15:19:57.861 127 127 I WCN : marlin_write_cali_data finish
06-10 15:19:57.861 127 127 I WCN : check_cp_ready sync val:0xf0f0f0f2, prj_type val:0xe0e0e0e0
06-10 15:19:57.889 127 127 I WCN : check_cp_ready sync val:0xf0f0f0f2, prj_type val:0xe0e0e0e0
06-10 15:19:57.917 127 127 I WCN : check_cp_ready sync val:0xf0f0f0f2, prj_type val:0xe0e0e0e0
06-10 15:19:57.938 523 654 W HdmiCecController: Failed to send 45:7D with errorCode=1
06-10 15:19:57.945 127 127 I WCN : check_cp_ready sync val:0xf0f0f0f2, prj_type val:0xe0e0e0e0
06-10 15:19:57.973 127 127 I WCN : check_cp_ready sync val:0xf0f0f0ff, prj_type val:0xe0e0e0e0
06-10 15:19:57.973 127 127 I sdiohal : sdiohal_runtime_get entry
06-10 15:19:57.973 127 127 D : [xw] before reg = 0x1
06-10 15:19:57.973 127 127 D : [xw] after reg = 0x3
06-10 15:19:57.975 127 127 I WCN : get_cp2_version entry!
06-10 15:19:57.977 357 357 I WCN : WCND at cmd read:WCN_VER:Platform Version:MARLIN3E_20A_W25.16.1~Project Version:uwe5623_marlin3E_ott~04-14-2025 17:37:38~
06-10 15:19:57.977 127 127 I WCN : switch_cp2_log - close entry!
06-10 15:19:57.978 357 357 I WCN : WCND at cmd read:OK
06-10 15:19:57.978 267 267 I WCN : then marlin download finished and run ok
06-10 15:19:57.978 267 267 E bluetooth_set_power: end_block=0
06-10 15:19:57.981 267 267 I bt_userial_vendor: device fd = 7 open
06-10 15:19:57.982 267 267 I bt_chip_vendor: marlin3_pskey_preload
06-10 15:19:57.982 267 267 D bt_vnd_hci: sprd_vnd_send_hci_vsc a0 fc b0 00 1f 00 00 bf fe 8d fe db 3d 7b 87 ff a7 ff 7f 00 e0 f7 3e ae 6e 99 39 66 8b ec 01 01 01 ff 00 ff ff 00 02 00 00 00 00 00 00 00 00 00 00 00 00 00 00 00 00 00 00 00 00 00 00 00 00 00 00 00 00 00 00 00 00 4d 00 66 00 9b 00 66 00 00 00 00 00 00 00 00 00 00 00 00 00 01 01 01 00 00 00 00 00 00 00 00 00 28 00 00 00 06 08 0c 22 00 00 00 00 00 00 00 00 00 ff 00 00 00 00 00 00 00 00 00 00 00 00 00 00 00 00 00 00 e2 04 40 1f 20 00 c8 00 0a 00 00 00 00 00 00 00 00 00 00 00 00 00 00 00 00 00 00 00 00 00 00 00 00 00 00 00 00 00 00 00
06-10 15:19:57.982 267 267 E bt_upio : upio_set : /proc/bluetooth/sleep/btwrite(-1) incorrent
06-10 15:19:57.984 267 1015 I bt_chip_vendor: Bluetooth Firmware Node: 4069 Date: 2015-04-08
06-10 15:19:57.984 1 1 I /system/bin/init: type=1107 audit(0.0:356): uid=0 auid=4294967295 ses=4294967295 subj=u:r:init:s0 msg='avc: denied { set } for property=rw.vendor.bluetooth.fw.ver pid=267 uid=1002 gid=1002 scontext=u:r:hal_bluetooth_default:s0 tcontext=u:object_r:default_prop:s0 tclass=property_service permissive=1'
06-10 15:19:57.989 267 1015 I bt_chip_vendor: yujian.qin marlin3_rf_preload
06-10 15:19:57.989 267 1015 D bt_vnd_hci: sprd_vnd_send_hci_vsc a2 fc fc 00 e0 00 e0 00 e0 00 e0 00 e0 00 e0 15 41 15 3a 15 34 15 2e 15 27 15 21 15 1a 15 13 15 0d 15 07 15 3b 15 37 15 33 15 2f 15 2b 15 27 15 23 15 1f 15 1b 15 17 15 13 15 0f 15 0b 15 08 15 04 15 00 15 09 15 09 15 08 15 08 15 08 15 08 15 07 15 07 15 0d 15 0d 15 0c 15 0c 15 0b 15 0b 15 0b 15 0b 15 10 15 10 15 0f 15 0f 15 0f 15 0f 15 0f 15 0f 00 e0 00 e0 00 e0 00 e0 00 e0 00 e0 15 4d 15 46 15 3d 15 36 15 2d 15 26 15 1f 15 18 15 0f 15 08 15 4b 15 4b 15 4b 15 4b 15 4b 15 46 15 40 15 3b 15 36 15 30 15 2b 15 26 15 20 15 1a 15 14 15 0e 15 09 15 09 15 08 15 08 15 08 15 08 15 07 15 07 15 0d 15 0d 15 0c 15 0c 15 0b 15 0b 15 0b 15 0b 15 10 15 10 15 0f 15 0f 15 0f 15 0f 15 0f 15 0f 00 00 ff ff 01 00 00 55 44 43 5f 55 55 c8 55 55 55 55 55 55 55 55 55 55 55 55 55 55
06-10 15:19:58.010 267 1015 I bt_chip_vendor: hw_rf_cback hw_core_cback response: [0xFCA2, 0xF700, 0xEF]
06-10 15:19:58.010 267 1015 I bt_chip_vendor: hw_core_enable
06-10 15:19:58.010 267 1015 I bt_chip_vendor: hw_core_enable : 1
06-10 15:19:58.010 267 1015 E bt_upio : upio_set : /proc/bluetooth/sleep/btwrite(-1) incorrent
06-10 15:19:58.012 267 1015 I bt_chip_vendor: hw_core_cback hw_core_cback response: [0xFCA1, 0x0000, 0x01]
06-10 15:19:58.012 267 1015 D android.hardware.bluetooth@1.0-impl: OnFirmwareConfigured result: 0
06-10 15:19:58.012 267 1015 I android.hardware.bluetooth@1.0-impl: Firmware configured in 0.031s
06-10 15:19:58.013 674 981 I bt_hci : system/bt/hci/src/hci_layer.cc:367 event_finish_startup: event_finish_startup
06-10 15:19:58.013 267 1015 I android.hardware.bluetooth@1.0-impl: OnFirmwareConfigured: lpm_timeout_ms 1500
06-10 15:19:58.013 267 1015 D android.hardware.bluetooth@1.0-impl: low_power_mode_cb result: 0
06-10 15:19:58.013 267 1015 D android.hardware.bluetooth@1.0-impl: OnFirmwareConfigured Calling StartLowPowerWatchdog()
06-10 15:19:58.015 674 848 I bt_core_module: system/bt/btcore/src/module.cc:90 module_start_up: module_start_up Started module "hci_module"
06-10 15:19:58.015 674 848 I bt_l2cap: system/bt/stack/l2cap/l2c_api.cc:134 L2CA_Register: L2CAP Registered service classic PSM: 0x0001
06-10 15:19:58.022 674 848 I bt_l2cap: system/bt/stack/l2cap/l2c_api.cc:134 L2CA_Register: L2CAP Registered service classic PSM: 0x001f
06-10 15:19:58.022 674 848 I bluetooth: system/bt/stack/gatt/gatt_api.cc:1019 GATT_Register: Allocated name:GattProfileDb uuid:81818181-8181-8181-8181-818181818181 gatt_if:1 eatt_support:0
06-10 15:19:58.026 674 848 I droid.bluetoot: [0610/151958.026268:INFO:gatt_api.cc(179)] GATTS_AddService
06-10 15:19:58.027 674 848 I droid.bluetoot: [0610/151958.027342:INFO:gatt_api.cc(288)] GATTS_AddService: service parsed correctly, now starting
06-10 15:19:58.027 674 848 I droid.bluetoot: [0610/151958.027634:INFO:gatt_sr_hash.cc(124)] gatts_calculate_database_hash: hash=80AEB10BC70DCCEFA207489DCED98FED
06-10 15:19:58.027 674 848 I bt_l2cap: system/bt/stack/l2cap/l2c_api.cc:434 L2CA_RegisterLECoc: Registered service LE COC PSM: 0x0027
06-10 15:19:58.028 674 848 I bt_l2cap: system/bt/stack/l2cap/l2c_api.cc:134 L2CA_Register: L2CAP Registered service classic PSM: 0x0003
06-10 15:19:58.028 674 848 I bluetooth: system/bt/stack/gatt/gatt_api.cc:1019 GATT_Register: Allocated name:Gap uuid:82828282-8282-8282-8282-828282828282 gatt_if:2 eatt_support:0
06-10 15:19:58.028 674 848 I droid.bluetoot: [0610/151958.028696:INFO:gatt_api.cc(179)] GATTS_AddService
06-10 15:19:58.028 674 848 I droid.bluetoot: [0610/151958.028821:INFO:gatt_api.cc(288)] GATTS_AddService: service parsed correctly, now starting
06-10 15:19:58.028 674 848 I droid.bluetoot: [0610/151958.028957:INFO:gatt_sr_hash.cc(124)] gatts_calculate_database_hash: hash=8991C462EBE9D90B9EA0DA3E16D0F513
06-10 15:19:58.029 674 848 I bt_bte : system/bt/main/bte_logmsg.cc:248 load_levels_from_config: BTE_InitTraceLevels -- TRC_HCI : Level 2
06-10 15:19:58.029 674 848 I bt_bte : system/bt/main/bte_logmsg.cc:248 load_levels_from_config: BTE_InitTraceLevels -- TRC_L2CAP : Level 2
06-10 15:19:58.029 674 848 I bt_bte : system/bt/main/bte_logmsg.cc:248 load_levels_from_config: BTE_InitTraceLevels -- TRC_RFCOMM : Level 2
06-10 15:19:58.029 674 848 I bt_bte : system/bt/main/bte_logmsg.cc:248 load_levels_from_config: BTE_InitTraceLevels -- TRC_AVDT : Level 2
06-10 15:19:58.029 674 848 I bt_bte : system/bt/main/bte_logmsg.cc:248 load_levels_from_config: BTE_InitTraceLevels -- TRC_AVRC : Level 2
06-10 15:19:58.029 674 848 I bt_bte : system/bt/main/bte_logmsg.cc:248 load_levels_from_config: BTE_InitTraceLevels -- TRC_A2D : Level 2
06-10 15:19:58.029 674 848 I bt_bte : system/bt/main/bte_logmsg.cc:248 load_levels_from_config: BTE_InitTraceLevels -- TRC_BNEP : Level 2
06-10 15:19:58.029 674 848 I bt_bte : system/bt/main/bte_logmsg.cc:248 load_levels_from_config: BTE_InitTraceLevels -- TRC_BTM : Level 2
06-10 15:19:58.029 674 848 I bt_bte : system/bt/main/bte_logmsg.cc:248 load_levels_from_config: BTE_InitTraceLevels -- TRC_HID_HOST : Level 2
06-10 15:19:58.030 674 848 I bt_bte : system/bt/main/bte_logmsg.cc:248 load_levels_from_config: BTE_InitTraceLevels -- TRC_PAN : Level 2
06-10 15:19:58.030 674 848 I bt_bte : system/bt/main/bte_logmsg.cc:248 load_levels_from_config: BTE_InitTraceLevels -- TRC_SDP : Level 2
06-10 15:19:58.030 674 848 I bt_bte : system/bt/main/bte_logmsg.cc:248 load_levels_from_config: BTE_InitTraceLevels -- TRC_SMP : Level 2
06-10 15:19:58.030 674 848 I bt_bte : system/bt/main/bte_logmsg.cc:248 load_levels_from_config: BTE_InitTraceLevels -- TRC_HID_DEV : Level 2
06-10 15:19:58.030 674 848 I bt_bte : system/bt/main/bte_logmsg.cc:248 load_levels_from_config: BTE_InitTraceLevels -- TRC_BTAPP : Level 2
06-10 15:19:58.030 674 848 I bt_bte : system/bt/main/bte_logmsg.cc:248 load_levels_from_config: BTE_InitTraceLevels -- TRC_BTIF : Level 2
06-10 15:19:58.034 674 1016 I bt_stack: [INFO:message_loop_thread.cc(224)] Run: message loop starting for thread bt_main_thread
06-10 15:19:58.036 674 848 I bt_core_module: system/bt/btcore/src/module.cc:85 module_start_up: module_start_up Starting module "controller_module"
06-10 15:19:58.046 383 383 I update_engine: [INFO:cleanup_previous_update_action.cc(112)] Executing task 6
06-10 15:19:58.052 383 383 I update_engine: [INFO:cleanup_previous_update_action.cc(189)] Boot completed, waiting on markBootSuccessful()
06-10 15:19:58.055 383 383 I update_engine: EnsureMetadataMounted does nothing in Android mode.
06-10 15:19:58.058 383 383 I update_engine: Read merge statistics file failed: No such file or directory
06-10 15:19:58.062 383 383 I update_engine: [INFO:cleanup_previous_update_action.cc(261)] Waiting for any previous merge request to complete. This can take up to several minutes.
06-10 15:19:58.066 357 357 E : recv_kernel_event address b4:2f:03:15:73:2f
06-10 15:19:58.064 383 383 I update_engine: type=1400 audit(0.0:357): avc: denied { read } for name="bootconfig" dev="proc" ino=4026532054 scontext=u:r:update_engine:s0 tcontext=u:object_r:proc_bootconfig:s0 tclass=file permissive=1
06-10 15:19:58.072 383 383 I update_engine: type=1400 audit(0.0:358): avc: denied { open } for path="/proc/bootconfig" dev="proc" ino=4026532054 scontext=u:r:update_engine:s0 tcontext=u:object_r:proc_bootconfig:s0 tclass=file permissive=1
06-10 15:19:58.072 383 383 I update_engine: type=1400 audit(0.0:359): avc: denied { getattr } for path="/proc/bootconfig" dev="proc" ino=4026532054 scontext=u:r:update_engine:s0 tcontext=u:object_r:proc_bootconfig:s0 tclass=file permissive=1
06-10 15:19:58.083 383 383 I update_engine: Update state is being processed while booting at target slot, taking no action.
06-10 15:19:58.080 341 341 I rainbow_flow: type=1400 audit(0.0:360): avc: denied { ioctl } for path="/dev/spidev1.0" dev="tmpfs" ino=1377 ioctlcmd=0x6b00 scontext=u:r:init:s0 tcontext=u:object_r:device:s0 tclass=chr_file permissive=1
06-10 15:19:58.086 383 383 I update_engine: CheckMergeState for snapshots returned: 2
06-10 15:19:58.087 383 383 I update_engine: ProcessUpdateState handling state: 2
06-10 15:19:58.090 383 383 I update_engine: [INFO:cleanup_previous_update_action.cc(397)] Attempting to initiate merge.
06-10 15:19:58.111 182 182 I init (182): drop_caches: 3
06-10 15:19:58.108 182 182 I init : type=1400 audit(0.0:361): avc: denied { write } for name="dirty_expire_centisecs" dev="proc" ino=13245 scontext=u:r:vendor_init:s0 tcontext=u:object_r:proc_dirty:s0 tclass=file permissive=1
06-10 15:19:58.124 342 342 I xiriservice_All: type=1400 audit(0.0:362): avc: denied { read } for scontext=u:r:init:s0 tcontext=u:r:init:s0 tclass=netlink_kobject_uevent_socket permissive=1
06-10 15:19:58.129 334 335 D XM_HIDREAD: add@ add@/kernel/slab/:0000008
06-10 15:19:58.131 1 1 I zram0 : detected capacity change from 0 to 1541578752
06-10 15:19:58.140 207 218 D vold : Disk at 253:8 changed
06-10 15:19:58.141 207 218 D vold : Disk at 253:8 changed
06-10 15:19:58.142 383 383 I update_engine: Successfully switched snapshot device to a merge target: product_b
06-10 15:19:58.156 266 266 V audio_hw_primary: adev_set_parameters, A2dpSuspended=false
06-10 15:19:58.159 266 333 V audio_hw_primary: adev_set_parameters, BT_SCO=off
06-10 15:19:58.160 523 637 I AS.AudioDeviceInventory: removePreferredDevicesForStrategySync, strategy: 14
06-10 15:19:58.178 207 218 D vold : Disk at 253:5 changed
06-10 15:19:58.178 207 218 D vold : Disk at 253:5 changed
06-10 15:19:58.179 383 383 I update_engine: Successfully switched snapshot device to a merge target: vendor_b
06-10 15:19:58.211 207 218 D vold : Disk at 253:11 changed
06-10 15:19:58.211 207 218 D vold : Disk at 253:11 changed
06-10 15:19:58.212 383 383 I update_engine: Successfully switched snapshot device to a merge target: vendor_dlkm_b
06-10 15:19:58.216 281 281 I EventThread: type=1400 audit(0.0:363): avc: denied { search } for name="extcon" dev="sysfs" ino=18109 scontext=u:r:hal_tv_cec_default:s0 tcontext=u:object_r:sysfs_extcon:s0 tclass=dir permissive=1
06-10 15:19:58.303 207 218 D vold : Disk at 253:2 changed
06-10 15:19:58.304 207 218 D vold : Disk at 253:2 changed
06-10 15:19:58.308 383 383 I update_engine: Successfully switched snapshot device to a merge target: system_b
06-10 15:19:58.386 523 533 I system_server: Background concurrent copying GC freed 153878(4584KB) AllocSpace objects, 5(164KB) LOS objects, 49% free, 11MB/22MB, paused 371us total 595.985ms
06-10 15:19:58.397 1 1 I mkswap : Swapspace size: 1505444k, UUID=6c49042c-0fc0-48f7-aefc-a5b5bb2b70f0
06-10 15:19:58.397 383 383 I update_engine: CheckTargetMergeState for product_b returned: 3
06-10 15:19:58.399 683 683 D Tonal : Tonal Palette - index: 4. Main color: ff1e447a
06-10 15:19:58.399 683 683 D Tonal : Colors: ff060d1a, ff0b162e, ff102343, ff17305c, ff1e447a, ff254a99, ff2d58b7, ff6180c3, ff6f8adc, ff889ce2, ffa5b0e9, ffced4f3, ffeaedfa
06-10 15:19:58.400 683 683 D Tonal : Gradients:
06-10 15:19:58.400 683 683 D Tonal : Normal GradientColors(ff1e447a, ff1e447a)
06-10 15:19:58.400 683 683 D Tonal : Dark GradientColors(ff17305c, ff17305c)
06-10 15:19:58.400 683 683 D Tonal : Extra dark: GradientColors(ff102343, ff102343)
06-10 15:19:58.400 683 683 D Tonal : Tonal Palette - index: 4. Main color: ff1e447a
06-10 15:19:58.400 683 683 D Tonal : Colors: ff060d1a, ff0b162e, ff102343, ff17305c, ff1e447a, ff254a99, ff2d58b7, ff6180c3, ff6f8adc, ff889ce2, ffa5b0e9, ffced4f3, ffeaedfa
06-10 15:19:58.400 683 683 D Tonal : Gradients:
06-10 15:19:58.400 683 683 D Tonal : Normal GradientColors(ff1e447a, ff1e447a)
