06-10 15:21:10.932 523 607 D TvWindowManager: key event key = KEYCODE_DPAD_DOWN down = true
06-10 15:21:10.934 523 606 D GpioService: mFlickerEnable = true
06-10 15:21:11.011 334 2768 D XM_HIDREAD: poll ret=1, event=1
06-10 15:21:11.011 334 2768 D XM_HIDREAD: [9 bytes]:01 00 00 00 00 00 00 00 00
06-10 15:21:11.012 523 607 D TvWindowManager: key event key = KEYCODE_DPAD_DOWN down = false
06-10 15:21:11.084 523 606 D GpioService: mFlickerEnable = true
06-10 15:21:11.086 2146 2146 I SogouIME: onKeyDown: keyoCode=20
06-10 15:21:11.086 2146 2146 I DefaultIMS: onKeyDown: keyoCode=20
06-10 15:21:11.092 2146 2146 I SogouIME: onKeyUp: keyoCode=20
06-10 15:21:11.092 2146 2146 I DefaultIMS: onKeyUp: keyoCode=20
06-10 15:21:11.112 334 2768 D XM_HIDREAD: poll ret=1, event=1
06-10 15:21:11.112 334 2768 D XM_HIDREAD: [9 bytes]:01 00 00 51 00 00 00 00 00
06-10 15:21:11.112 523 607 D TvWindowManager: key event key = KEYCODE_DPAD_DOWN down = true
06-10 15:21:11.114 523 606 D GpioService: mFlickerEnable = true
06-10 15:21:11.120 2146 2146 I DefaultIMS: onStartInput attribute=android.view.inputmethod.EditorInfo@7c56a7b restarting=false inputType: 0
06-10 15:21:11.197 523 816 D WifiNl80211Manager: Scan result ready event
06-10 15:21:11.198 523 816 D WifiNative: Scan result ready event
06-10 15:21:11.213 334 2768 D XM_HIDREAD: poll ret=1, event=1
06-10 15:21:11.213 334 2768 D XM_HIDREAD: [9 bytes]:01 00 00 00 00 00 00 00 00
06-10 15:21:11.213 523 607 D TvWindowManager: key event key = KEYCODE_DPAD_DOWN down = false
06-10 15:21:11.251 523 623 D WificondScannerImpl: Filtering out 12 scan results.
06-10 15:21:11.263 523 606 D GpioService: mFlickerEnable = true
06-10 15:21:11.266 2146 2146 I SogouIME: onKeyDown: keyoCode=20
06-10 15:21:11.266 2146 2146 I DefaultIMS: onKeyDown: keyoCode=20
06-10 15:21:11.272 2146 2146 I SogouIME: onKeyUp: keyoCode=20
06-10 15:21:11.273 2146 2146 I DefaultIMS: onKeyUp: keyoCode=20
06-10 15:21:11.276 1128 1128 E hq : NetWorkStateReceiver:::NetWorkStateReceiver onReceive: 网络变化广播 >>>> intent.action=android.net.wifi.SCAN_RESULTS
06-10 15:21:11.276 2592 2592 I locHandlerThrea: type=1400 audit(0.0:1212): avc: denied { lock } for path="/data/user/0/com.dangbei.screencast/files/TDCloud_Control_Cache_Param4" dev="mmcblk0p25" ino=2009 scontext=u:r:platform_app:s0:c512,c768 tcontext=u:object_r:app_data_file:s0:c512,c768 tclass=file permissive=1 app=com.dangbei.screencast
06-10 15:21:11.276 2796 2796 I locHandlerThrea: type=1400 audit(0.0:1213): avc: denied { lock } for path="/data/user/0/com.dangbei.screencast/files/TDCloud_Control_Cache_Param4" dev="mmcblk0p25" ino=2009 scontext=u:r:platform_app:s0:c512,c768 tcontext=u:object_r:app_data_file:s0:c512,c768 tclass=file permissive=1 app=com.dangbei.screencast
06-10 15:21:11.294 664 664 E WifiHAL : wifi_get_link_stats: requestResponse Error:-5
06-10 15:21:11.296 523 619 E WifiVendorHal: getWifiLinkLayerStats_1_5_Internal(l.1191) failed {.code = ERROR_INVALID_ARGS, .description = }
06-10 15:21:11.304 2146 2146 I DefaultIMS: onStartInput attribute=android.view.inputmethod.EditorInfo@3363357 restarting=false inputType: 0
06-10 15:21:11.305 3054 3126 E ccc : cccccc SCAN_RESULTS_AVAILABLE_ACTION hhhh
06-10 15:21:11.304 2592 2592 I locHandlerThrea: type=1400 audit(0.0:1214): avc: denied { search } for name="com.dangbei.screencast" dev="mmcblk0p25" ino=891 scontext=u:r:platform_app:s0:c512,c768 tcontext=u:object_r:app_data_file:s0:c512,c768 tclass=dir permissive=1 app=com.dangbei.screencast
06-10 15:21:11.312 2862 2862 W audit : audit_lost=716 audit_rate_limit=5 audit_backlog_limit=64
06-10 15:21:11.312 2862 2862 E audit : rate limit exceeded
06-10 15:21:11.304 2592 2592 I pool-5-thread-1: type=1400 audit(0.0:1215): avc: denied { getattr } for path="/data/user/0/com.dangbei.screencast/files/__database_reborn_January_one__/td_database2SaaS" dev="mmcblk0p25" ino=2069 scontext=u:r:platform_app:s0:c512,c768 tcontext=u:object_r:app_data_file:s0:c512,c768 tclass=dir permissive=1 app=com.dangbei.screencast
06-10 15:21:11.304 2592 2592 I pool-5-thread-1: type=1400 audit(0.0:1216): avc: denied { read } for name="td_database2SaaS" dev="mmcblk0p25" ino=2069 scontext=u:r:platform_app:s0:c512,c768 tcontext=u:object_r:app_data_file:s0:c512,c768 tclass=dir permissive=1 app=com.dangbei.screencast
06-10 15:21:11.304 2592 2592 I pool-5-thread-1: type=1400 audit(0.0:1217): avc: denied { open } for path="/data/user/0/com.dangbei.screencast/files/__database_reborn_January_one__/td_database2SaaS" dev="mmcblk0p25" ino=2069 scontext=u:r:platform_app:s0:c512,c768 tcontext=u:object_r:app_data_file:s0:c512,c768 tclass=dir permissive=1 app=com.dangbei.screencast
06-10 15:21:11.304 2592 2592 I pool-5-thread-1: type=1400 audit(0.0:1218): avc: denied { write } for name="td_database2SaaS" dev="mmcblk0p25" ino=2069 scontext=u:r:platform_app:s0:c512,c768 tcontext=u:object_r:app_data_file:s0:c512,c768 tclass=dir permissive=1 app=com.dangbei.screencast
06-10 15:21:11.326 334 2768 D XM_HIDREAD: poll ret=1, event=1
06-10 15:21:11.326 334 2768 D XM_HIDREAD: [9 bytes]:01 00 00 51 00 00 00 00 00
06-10 15:21:11.326 523 607 D TvWindowManager: key event key = KEYCODE_DPAD_DOWN down = true
06-10 15:21:11.328 523 606 D GpioService: mFlickerEnable = true
06-10 15:21:11.342 1128 1128 W eventbuscore: post Event:com.dangbei.leard.base.entity.event.NetWifiRssiEvent
06-10 15:21:11.353 523 1105 E TaskPersister: File error accessing recents directory (directory doesn't exist?).
06-10 15:21:11.370 334 2768 D XM_HIDREAD: poll ret=1, event=1
06-10 15:21:11.370 334 2768 D XM_HIDREAD: [9 bytes]:01 00 00 00 00 00 00 00 00
06-10 15:21:11.371 523 607 D TvWindowManager: key event key = KEYCODE_DPAD_DOWN down = false
06-10 15:21:11.477 523 606 D GpioService: mFlickerEnable = true
06-10 15:21:11.507 2146 2146 I SogouIME: onKeyDown: keyoCode=20
06-10 15:21:11.507 2146 2146 I DefaultIMS: onKeyDown: keyoCode=20
06-10 15:21:11.512 2146 2146 I SogouIME: onKeyUp: keyoCode=20
06-10 15:21:11.512 2146 2146 I DefaultIMS: onKeyUp: keyoCode=20
06-10 15:21:11.531 2146 2146 I DefaultIMS: onStartInput attribute=android.view.inputmethod.EditorInfo@e028e44 restarting=false inputType: 0
06-10 15:21:11.546 434 434 W hdr10p_Configure: 161 callbacks suppressed
06-10 15:21:11.546 434 434 I : DVI mode selected: packets not configured
06-10 15:21:11.546 434 434 W set_vsif_config: 161 callbacks suppressed
06-10 15:21:11.546 434 434 I : Error: set vsif failed
06-10 15:21:11.546 434 434 I : DVI mode selected: packets not configured
06-10 15:21:11.546 434 434 I : Error: set vsif failed
06-10 15:21:11.923 523 544 W IorapForwardingService: No service published for: iorapd
06-10 15:21:12.393 664 664 E WifiHAL : wifi_get_link_stats: requestResponse Error:-5
06-10 15:21:12.397 523 619 E WifiVendorHal: getWifiLinkLayerStats_1_5_Internal(l.1191) failed {.code = ERROR_INVALID_ARGS, .description = }
06-10 15:21:12.596 334 2768 D XM_HIDREAD: poll ret=1, event=1
06-10 15:21:12.597 334 2768 D XM_HIDREAD: [9 bytes]:01 00 00 52 00 00 00 00 00
06-10 15:21:12.597 523 607 D TvWindowManager: key event key = KEYCODE_DPAD_UP down = true
06-10 15:21:12.599 523 606 D GpioService: mFlickerEnable = true
06-10 15:21:12.601 2146 2146 I SogouIME: onKeyDown: keyoCode=19
06-10 15:21:12.601 2146 2146 I DefaultIMS: onKeyDown: keyoCode=19
06-10 15:21:12.616 2592 2592 I cling--ap-2: type=1400 audit(0.0:1222): avc: denied { search } for name="net" dev="sysfs" ino=10442 scontext=u:r:platform_app:s0:c512,c768 tcontext=u:object_r:sysfs_net:s0 tclass=dir permissive=1 app=com.dangbei.screencast
06-10 15:21:12.638 2146 2146 I DefaultIMS: onStartInput attribute=android.view.inputmethod.EditorInfo@330f9e3 restarting=false inputType: 0
06-10 15:21:12.660 434 434 I : DVI mode selected: packets not configured
06-10 15:21:12.660 434 434 I : Error: set vsif failed
06-10 15:21:12.660 434 434 I : DVI mode selected: packets not configured
06-10 15:21:12.660 434 434 I : Error: set vsif failed
06-10 15:21:12.698 334 2768 D XM_HIDREAD: poll ret=1, event=1
06-10 15:21:12.698 334 2768 D XM_HIDREAD: [9 bytes]:01 00 00 00 00 00 00 00 00
06-10 15:21:12.698 523 607 D TvWindowManager: key event key = KEYCODE_DPAD_UP down = false
06-10 15:21:12.702 2146 2146 I SogouIME: onKeyUp: keyoCode=19
06-10 15:21:12.702 2146 2146 I DefaultIMS: onKeyUp: keyoCode=19
06-10 15:21:12.925 523 544 W IorapForwardingService: No service published for: iorapd
06-10 15:21:12.980 334 2768 D XM_HIDREAD: poll ret=1, event=1
06-10 15:21:12.980 334 2768 D XM_HIDREAD: [9 bytes]:01 00 00 28 00 00 00 00 00
06-10 15:21:12.980 523 607 D TvWindowManager: key event key = KEYCODE_DPAD_CENTER down = true
06-10 15:21:12.982 523 606 D GpioService: mFlickerEnable = true
06-10 15:21:13.047 334 2768 D XM_HIDREAD: poll ret=1, event=1
06-10 15:21:13.047 334 2768 D XM_HIDREAD: [9 bytes]:01 00 00 00 00 00 00 00 00
06-10 15:21:13.047 523 607 D TvWindowManager: key event key = KEYCODE_DPAD_CENTER down = false
06-10 15:21:13.130 523 606 D GpioService: mFlickerEnable = true
06-10 15:21:13.132 2146 2146 I SogouIME: onKeyDown: keyoCode=23
06-10 15:21:13.132 2146 2146 I DefaultIMS: onKeyDown: keyoCode=23
06-10 15:21:13.136 2146 2146 I SogouIME: onKeyUp: keyoCode=23
06-10 15:21:13.137 2146 2146 I DefaultIMS: onKeyUp: keyoCode=23
06-10 15:21:13.178 434 434 I : DVI mode selected: packets not configured
06-10 15:21:13.178 434 434 I : Error: set vsif failed
06-10 15:21:13.178 434 434 I : DVI mode selected: packets not configured
06-10 15:21:13.178 434 434 I : Error: set vsif failed
06-10 15:21:13.180 3054 3080 E xxxxxxxxxxxxx: ====>DZOH58251975972
06-10 15:21:13.176 3054 3054 I RxCachedThreadS: type=1400 audit(0.0:1223): avc: denied { open } for path="/dev/__properties__/u:object_r:serialno_prop:s0" dev="tmpfs" ino=6462 scontext=u:r:system_app:s0 tcontext=u:object_r:serialno_prop:s0 tclass=file permissive=1
06-10 15:21:13.176 3054 3054 I RxCachedThreadS: type=1400 audit(0.0:1224): avc: denied { getattr } for path="/dev/__properties__/u:object_r:serialno_prop:s0" dev="tmpfs" ino=6462 scontext=u:r:system_app:s0 tcontext=u:object_r:serialno_prop:s0 tclass=file permissive=1
06-10 15:21:13.176 3054 3054 I RxCachedThreadS: type=1400 audit(0.0:1225): avc: denied { map } for path="/dev/__properties__/u:object_r:serialno_prop:s0" dev="tmpfs" ino=6462 scontext=u:r:system_app:s0 tcontext=u:object_r:serialno_prop:s0 tclass=file permissive=1
06-10 15:21:13.192 3054 3054 I RxCachedThreadS: type=1400 audit(0.0:1226): avc: denied { read } for name="address" dev="sysfs" ino=28790 scontext=u:r:system_app:s0 tcontext=u:object_r:sysfs:s0 tclass=file permissive=1
06-10 15:21:13.197 3080 3080 W audit : audit_lost=719 audit_rate_limit=5 audit_backlog_limit=64
06-10 15:21:13.197 3080 3080 E audit : rate limit exceeded
06-10 15:21:13.208 2146 2146 I DefaultIMS: onStartInput attribute=android.view.inputmethod.EditorInfo@def513f restarting=false inputType: 0
06-10 15:21:13.212 3054 3080 D getEthernetMacAddr: getEthernetMacAddr use eth0
06-10 15:21:13.226 434 434 I : DVI mode selected: packets not configured
06-10 15:21:13.226 434 434 I : Error: set vsif failed
06-10 15:21:13.226 434 434 I : DVI mode selected: packets not configured
06-10 15:21:13.226 434 434 I : Error: set vsif failed
06-10 15:21:13.372 2146 2146 I DefaultIMS: onStartInput attribute=android.view.inputmethod.EditorInfo@611c25b restarting=false inputType: 0
06-10 15:21:13.410 434 434 I : DVI mode selected: packets not configured
06-10 15:21:13.410 434 434 I : Error: set vsif failed
06-10 15:21:13.410 434 434 I : DVI mode selected: packets not configured
06-10 15:21:13.410 434 434 I : Error: set vsif failed
06-10 15:21:13.928 523 544 W IorapForwardingService: No service published for: iorapd
06-10 15:21:14.395 2350 2439 D UtilLog : 日志批量上报 进行正常循环 !!!!!!本次有0次请求,共0条数据
06-10 15:21:14.877 281 307 D hdmi-cec: receive invalid cec message!
06-10 15:21:14.877 281 307 D hdmi-cec: receive poll message [04], skip!
06-10 15:21:14.931 523 544 W IorapForwardingService: No service published for: iorapd
06-10 15:21:15.412 664 664 E WifiHAL : wifi_get_link_stats: requestResponse Error:-5
06-10 15:21:15.414 523 619 E WifiVendorHal: getWifiLinkLayerStats_1_5_Internal(l.1191) failed {.code = ERROR_INVALID_ARGS, .description = }
06-10 15:21:15.933 523 544 W IorapForwardingService: No service published for: iorapd
06-10 15:21:16.389 2164 2199 E ServerInterface: Server timed out
06-10 15:21:16.389 2164 2199 E ServerInterface: java.net.SocketTimeoutException: failed to connect to remoteprovisioning.googleapis.com/142.250.99.95 (port 443) from /192.168.3.12 (port 59016) after 5000ms
06-10 15:21:16.389 2164 2199 E ServerInterface: at libcore.io.IoBridge.connectErrno(IoBridge.java:236)
06-10 15:21:16.389 2164 2199 E ServerInterface: at libcore.io.IoBridge.connect(IoBridge.java:180)
06-10 15:21:16.389 2164 2199 E ServerInterface: at java.net.PlainSocketImpl.socketConnect(PlainSocketImpl.java:142)
06-10 15:21:16.389 2164 2199 E ServerInterface: at java.net.AbstractPlainSocketImpl.doConnect(AbstractPlainSocketImpl.java:390)
06-10 15:21:16.389 2164 2199 E ServerInterface: at java.net.AbstractPlainSocketImpl.connectToAddress(AbstractPlainSocketImpl.java:230)
06-10 15:21:16.389 2164 2199 E ServerInterface: at java.net.AbstractPlainSocketImpl.connect(AbstractPlainSocketImpl.java:212)
06-10 15:21:16.389 2164 2199 E ServerInterface: at java.net.SocksSocketImpl.connect(SocksSocketImpl.java:436)
06-10 15:21:16.389 2164 2199 E ServerInterface: at java.net.Socket.connect(Socket.java:621)
06-10 15:21:16.389 2164 2199 E ServerInterface: at com.android.okhttp.internal.Platform.connectSocket(Platform.java:182)
06-10 15:21:16.389 2164 2199 E ServerInterface: at com.android.okhttp.internal.io.RealConnection.connectSocket(RealConnection.java:145)
06-10 15:21:16.389 2164 2199 E ServerInterface: at com.android.okhttp.internal.io.RealConnection.connect(RealConnection.java:116)
06-10 15:21:16.389 2164 2199 E ServerInterface: at com.android.okhttp.internal.http.StreamAllocation.findConnection(StreamAllocation.java:186)
06-10 15:21:16.389 2164 2199 E ServerInterface: at com.android.okhttp.internal.http.StreamAllocation.findHealthyConnection(StreamAllocation.java:128)
06-10 15:21:16.389 2164 2199 E ServerInterface: at com.android.okhttp.internal.http.StreamAllocation.newStream(StreamAllocation.java:97)
06-10 15:21:16.389 2164 2199 E ServerInterface: at com.android.okhttp.internal.http.HttpEngine.connect(HttpEngine.java:289)
06-10 15:21:16.389 2164 2199 E ServerInterface: at com.android.okhttp.internal.http.HttpEngine.sendRequest(HttpEngine.java:232)
06-10 15:21:16.389 2164 2199 E ServerInterface: at com.android.okhttp.internal.huc.HttpURLConnectionImpl.execute(HttpURLConnectionImpl.java:465)
06-10 15:21:16.389 2164 2199 E ServerInterface: at com.android.okhttp.internal.huc.HttpURLConnectionImpl.connect(HttpURLConnectionImpl.java:131)
06-10 15:21:16.389 2164 2199 E ServerInterface: at com.android.okhttp.internal.huc.HttpURLConnectionImpl.getOutputStream(HttpURLConnectionImpl.java:262)
06-10 15:21:16.389 2164 2199 E ServerInterface: at com.android.okhttp.internal.huc.DelegatingHttpsURLConnection.getOutputStream(DelegatingHttpsURLConnection.java:219)
06-10 15:21:16.389 2164 2199 E ServerInterface: at com.android.okhttp.internal.huc.HttpsURLConnectionImpl.getOutputStream(HttpsURLConnectionImpl.java:30)
06-10 15:21:16.389 2164 2199 E ServerInterface: at com.android.remoteprovisioner.ServerInterface.fetchGeek(ServerInterface.java:120)
06-10 15:21:16.389 2164 2199 E ServerInterface: at com.android.remoteprovisioner.PeriodicProvisioner$ProvisionerThread.run(PeriodicProvisioner.java:135)
06-10 15:21:16.389 2164 2199 E RemoteProvisioningService: Failed to get a response from the server.
06-10 15:21:16.676 2592 2592 I efs-base: type=1400 audit(0.0:1229): avc: denied { search } for name="com.dangbei.screencast" dev="mmcblk0p25" ino=891 scontext=u:r:platform_app:s0:c512,c768 tcontext=u:object_r:app_data_file:s0:c512,c768 tclass=dir permissive=1 app=com.dangbei.screencast
06-10 15:21:16.680 2592 2592 I efs-base: type=1400 audit(0.0:1230): avc: denied { write } for name="upload" dev="mmcblk0p25" ino=2446 scontext=u:r:platform_app:s0:c512,c768 tcontext=u:object_r:app_data_file:s0:c512,c768 tclass=dir permissive=1 app=com.dangbei.screencast
06-10 15:21:16.680 2592 2592 I efs-base: type=1400 audit(0.0:1231): avc: denied { add_name } for name="wa_gzip_1_1_2592_5432_1749540076683" scontext=u:r:platform_app:s0:c512,c768 tcontext=u:object_r:app_data_file:s0:c512,c768 tclass=dir permissive=1 app=com.dangbei.screencast
06-10 15:21:16.680 2592 2592 I efs-base: type=1400 audit(0.0:1232): avc: denied { remove_name } for name="wa_none_1_1_2592_8350_1749540016651" dev="mmcblk0p25" ino=1761 scontext=u:r:platform_app:s0:c512,c768 tcontext=u:object_r:app_data_file:s0:c512,c768 tclass=dir permissive=1 app=com.dangbei.screencast
06-10 15:21:16.680 2592 2592 I efs-base: type=1400 audit(0.0:1233): avc: denied { unlink } for name="wa_none_1_1_2592_8350_1749540016651" dev="mmcblk0p25" ino=1761 scontext=u:r:platform_app:s0:c512,c768 tcontext=u:object_r:app_data_file:s0:c512,c768 tclass=file permissive=1 app=com.dangbei.screencast
06-10 15:21:16.935 523 544 W IorapForwardingService: No service published for: iorapd
06-10 15:21:16.955 2960 2960 W audit : audit_lost=721 audit_rate_limit=5 audit_backlog_limit=64
06-10 15:21:16.955 2960 2960 E audit : rate limit exceeded
06-10 15:21:17.005 523 816 I ActivityManager: Killing 1679:com.android.managedprovisioning/u0a31 (adj 985): empty #17
06-10 15:21:17.010 1190 1190 D aaa : LedStatusService onStartCommand begin
06-10 15:21:17.012 1190 3180 D aaa : topPkg is -------------- :com.dangbei.haqusetting
06-10 15:21:17.019 1249 1249 D bbb : onStartCommand begin !!!!!!! data分区剩余 24985MB
06-10 15:21:17.040 261 261 I Zygote : Process 1679 exited due to signal 9 (Killed)
06-10 15:21:17.050 523 553 I libprocessgroup: Successfully killed process cgroup uid 10031 pid 1679 in 43ms
06-10 15:21:17.140 523 816 I ActivityManager: Background started FGS: Allowed [callingPackage: com.dangbei.screencast; callingUid: 10015; uidState: FGS ; intent: Intent { cmp=com.dangbei.screencast/.startup.GuardService }; code:PROC_STATE_FGS; tempAllowListReason:; targetSdkVersion:28; callerTargetSdkVersion:28; startForegroundCount:0; bindFromPackage:null]
06-10 15:21:17.143 523 816 D CompatibilityChangeReporter: Compat change id reported: 135634846; UID 10015; state: DISABLED
06-10 15:21:17.144 523 552 D CompatibilityChangeReporter: Compat change id reported: 143937733; UID 10015; state: DISABLED
06-10 15:21:17.163 523 629 D NsdService: unregister service
06-10 15:21:17.163 523 629 D NsdService: mdnssd [stop-register, 4]
06-10 15:21:17.165 260 328 W netd : dnssd_clientstub DNSServiceProcessResult called with NULL DNSServiceRef
06-10 15:21:17.167 523 629 D NsdService: unregister service
06-10 15:21:17.168 523 629 D NsdService: mdnssd [stop-register, 3]
06-10 15:21:17.169 260 328 W netd : dnssd_clientstub DNSServiceProcessResult called with NULL DNSServiceRef
06-10 15:21:17.173 523 629 D NsdService: unregister service
06-10 15:21:17.174 523 629 D NsdService: mdnssd [stop-register, 5]
06-10 15:21:17.176 260 328 W netd : dnssd_clientstub DNSServiceProcessResult called with NULL DNSServiceRef
06-10 15:21:17.176 2592 2913 W System.err: java.net.SocketException: Socket closed
06-10 15:21:17.177 2592 2913 W System.err: at java.net.PlainSocketImpl.socketAccept(PlainSocketImpl.java:213)
06-10 15:21:17.177 2592 2913 W System.err: at java.net.AbstractPlainSocketImpl.accept(AbstractPlainSocketImpl.java:451)
06-10 15:21:17.177 2592 2913 W System.err: at java.net.ServerSocket.implAccept(ServerSocket.java:547)
06-10 15:21:17.177 2592 2913 W System.err: at java.net.ServerSocket.accept(ServerSocket.java:515)
06-10 15:21:17.177 2592 2913 W System.err: at b.f.f.t.f.run(Unknown Source:40)
06-10 15:21:17.177 2592 2913 W System.err: at java.lang.Thread.run(Thread.java:920)
06-10 15:21:17.181 261 261 D Zygote : Forked child process 3192
06-10 15:21:17.187 523 552 I ActivityManager: app.processName = com.dangbei.screencast:bg_guard
06-10 15:21:17.187 523 552 I ActivityManager: Start proc 3192:com.dangbei.screencast:bg_guard/u0a15 for service {com.dangbei.screencast/com.dangbei.screencast.startup.GuardService}
06-10 15:21:17.188 2592 3193 W UpnpServiceImpl: >>> Shutting down UPnP service...
06-10 15:21:17.192 3192 3192 I Zygote : seccomp disabled by setenforce 0
06-10 15:21:17.199 2592 2677 E raop : httpd_stop running 1 joined 0
06-10 15:21:17.200 2592 2677 E raop : httpd_stop connection->socket_fd=0
06-10 15:21:17.200 2592 2677 E raop : httpd_stop connection->socket_fd=0
06-10 15:21:17.200 2592 2677 E raop : httpd_stop connection->socket_fd=0
06-10 15:21:17.200 2592 2677 E raop : httpd_stop connection->socket_fd=0
06-10 15:21:17.200 2592 2677 E raop : httpd_stop connection->socket_fd=0
06-10 15:21:17.200 2592 2677 E raop : httpd_stop connection->socket_fd=0
06-10 15:21:17.201 2592 2677 E raop : httpd_stop connection->socket_fd=0
06-10 15:21:17.201 2592 2677 E raop : httpd_stop connection->socket_fd=0
06-10 15:21:17.201 2592 2677 E raop : httpd_stop connection->socket_fd=0
06-10 15:21:17.201 2592 2677 E raop : httpd_stop connection->socket_fd=0
06-10 15:21:17.204 2592 2927 W AbstractChannel: Can't invoke task later as EventLoop rejected it
06-10 15:21:17.204 2592 2927 W AbstractChannel: java.util.concurrent.RejectedExecutionException: event executor terminated
06-10 15:21:17.204 2592 2927 W AbstractChannel: at io.netty.util.concurrent.SingleThreadEventExecutor.reject(Unknown Source:4)
06-10 15:21:17.204 2592 2927 W AbstractChannel: at io.netty.util.concurrent.SingleThreadEventExecutor.offerTask(Unknown Source:6)
06-10 15:21:17.204 2592 2927 W AbstractChannel: at io.netty.util.concurrent.SingleThreadEventExecutor.addTask(Unknown Source:5)
06-10 15:21:17.204 2592 2927 W AbstractChannel: at io.netty.util.concurrent.SingleThreadEventExecutor.execute(Unknown Source:4)
06-10 15:21:17.204 2592 2927 W AbstractChannel: at io.netty.util.concurrent.SingleThreadEventExecutor.execute(Unknown Source:18)
06-10 15:21:17.204 2592 2927 W AbstractChannel: at io.netty.channel.AbstractChannel$AbstractUnsafe.invokeLater(Unknown Source:6)
06-10 15:21:17.204 2592 2927 W AbstractChannel: at io.netty.channel.AbstractChannel$AbstractUnsafe.deregister(Unknown Source:24)
06-10 15:21:17.204 2592 2927 W AbstractChannel: at io.netty.channel.AbstractChannel$AbstractUnsafe.fireChannelInactiveAndDeregister(Unknown Source:17)
06-10 15:21:17.204 2592 2927 W AbstractChannel: at io.netty.channel.AbstractChannel$AbstractUnsafe.close(Unknown Source:112)
06-10 15:21:17.204 2592 2927 W AbstractChannel: at io.netty.channel.AbstractChannel$AbstractUnsafe.close(Unknown Source:12)
06-10 15:21:17.204 2592 2927 W AbstractChannel: at io.netty.channel.nio.NioEventLoop.closeAll(Unknown Source:86)
06-10 15:21:17.204 2592 2927 W AbstractChannel: at io.netty.channel.nio.NioEventLoop.run(Unknown Source:202)
06-10 15:21:17.204 2592 2927 W AbstractChannel: at io.netty.util.concurrent.SingleThreadEventExecutor$4.run(Unknown Source:41)
06-10 15:21:17.204 2592 2927 W AbstractChannel: at io.netty.util.internal.ThreadExecutorMap$2.run(Unknown Source:8)
06-10 15:21:17.204 2592 2927 W AbstractChannel: at io.netty.util.concurrent.FastThreadLocalRunnable.run(Unknown Source:2)
06-10 15:21:17.204 2592 2927 W AbstractChannel: at java.lang.Thread.run(Thread.java:920)
06-10 15:21:17.217 387 408 I adbd : jdwp connection from 3192
06-10 15:21:17.246 3192 3192 D CompatibilityChangeReporter: Compat change id reported: 171979766; UID 10015; state: DISABLED
06-10 15:21:17.257 3192 3192 D ApplicationLoaders: Returning zygote-cached class loader: /system/framework/android.test.base.jar
06-10 15:21:17.257 3192 3192 D ApplicationLoaders: Returning zygote-cached class loader: /system/framework/android.hidl.manager-V1.0-java.jar
06-10 15:21:17.257 3192 3192 D ApplicationLoaders: Returning zygote-cached class loader: /system/framework/android.hidl.base-V1.0-java.jar
06-10 15:21:17.286 3192 3192 V GraphicsEnvironment: ANGLE Developer option for 'com.dangbei.screencast' set to: 'default'
06-10 15:21:17.286 3192 3192 V GraphicsEnvironment: Neither updatable production driver nor prerelease driver is supported.
06-10 15:21:17.288 3192 3192 D NetworkSecurityConfig: Using Network Security Config from resource network_security_config debugBuild: false
06-10 15:21:17.291 3192 3192 D NetworkSecurityConfig: Using Network Security Config from resource network_security_config debugBuild: false
06-10 15:21:17.293 3192 3192 I MultiDex: VM with version 2.1.0 has multidex support
06-10 15:21:17.293 3192 3192 I MultiDex: Installing application
06-10 15:21:17.294 3192 3192 I MultiDex: VM has multidex support, MultiDex support library is disabled.
06-10 15:21:17.321 2592 2601 I gbei.screencas: Background concurrent copying GC freed 35047(4078KB) AllocSpace objects, 5(228KB) LOS objects, 49% free, 4065KB/8131KB, paused 291us total 108.357ms
06-10 15:21:17.357 2592 2662 I efs.base: wa upload succ, HttpResponse {succ=true, code=200, data='暂不支持该服务', extra={req_url=https://errlog.umeng.com/api/crashsdk/logcollect}}
06-10 15:21:17.409 3192 3246 I crashsdk: version unique build id: 6230cced
06-10 15:21:17.416 3192 3247 D crashsdk: Native log stat thread 3247 setup, waiting
06-10 15:21:17.420 3192 3229 I crashsdk: begin hack android.os.Process
06-10 15:21:17.420 3192 3229 I crashsdk: end hack android.os.Process
06-10 15:21:17.430 3192 3192 I TDLog : setReportUncaughtExceptions: true
06-10 15:21:17.432 3192 3192 E Application: onCreate:Version:v2.8.3/20830/883432e
06-10 15:21:17.447 3192 3229 I Matrix.AnrTracer: anrTrace, final mAnrBeatTime:400, mAnrBeatRate:400
06-10 15:21:17.450 3192 3229 E LaunchManager: Non main process !
06-10 15:21:17.451 3192 3229 W System.err: java.lang.NullPointerException: Attempt to invoke virtual method 'boolean com.efs.sdk.launch.LaunchConfigManager.enableTracer()' on a null object reference
06-10 15:21:17.451 3192 3229 W System.err: at com.umeng.umcrash.UMCrash.init(Unknown Source:403)
06-10 15:21:17.451 3192 3229 W System.err: at java.lang.reflect.Method.invoke(Native Method)
06-10 15:21:17.451 3192 3229 W System.err: at com.umeng.commonsdk.UMConfigure.init(Unknown Source:811)
06-10 15:21:17.451 3192 3229 W System.err: at b.f.f.b.a(:4)
06-10 15:21:17.451 3192 3229 W System.err: at h.o.a.run(Unknown Source:2)
06-10 15:21:17.453 3192 3253 W efs.send_log: tryFileLock start!
06-10 15:21:17.458 523 816 W ServiceManager: Permission failure: android.permission.HIGH_SAMPLING_RATE_SENSORS from uid=10015 pid=3192
06-10 15:21:17.465 3192 3230 I TDLog : TalkingData SDK init...
06-10 15:21:17.465 3192 3230 I TDLog : SDK_VERSION is: Android+TD+V5.0.7 gp Type:Native Build_Num:2141
06-10 15:21:17.465 3192 3230 I TDLog : App ID is: B9D7815EC975466AB1332111FCE62DF5
06-10 15:21:17.465 3192 3230 I TDLog : App Channel is: os
06-10 15:21:17.465 3192 3230 I TDLog : App Custom is:
06-10 15:21:17.465 3192 3230 I TDLog : SDK_OVC is: TDOVC+a3bb7754719798526508b6caad480dd7+SaaS
06-10 15:21:17.469 3192 3253 I efs.config: --->>> 删除旧的配置文件 false
06-10 15:21:17.479 523 659 W ActivityManager: Foreground service started from background can not have location/camera/microphone access: service com.dangbei.screencast/.startup.GuardService
06-10 15:21:17.497 3192 3192 E GuardService: onStartCommand:
06-10 15:21:17.498 3192 3192 E GuardService: onStartCommand: cmd:1
06-10 15:21:17.498 3192 3192 E GuardService: result:2
06-10 15:21:17.503 3192 3270 I efs.base: lt=event`ev_ct=efs_core`ev_ac=pvuv`tm=2025-06-10 15:21:46`dn=180e67c4-68c7-41cd-91c1-435b7b306a53`ps=com.dangbei.screencast:bg_guard`um_os=android`stime=1749540077126`pid=3192`fr=android`pkg=com.dangbei.screencast`vcode=20830`dsp_w=1920`uid=180e67c4-68c7-41cd-91c1-435b7b306a53`rom=12`wid=180e67c4-68c7-41cd-91c1-435b7b306a53`um_app_carrier=`um_access=wifi`um_app_channel=os`um_crash_sdk_version=1.4.0`ctime=1749540077`model=dbbox-a2`lang=zh`net=wifi`brand=dangbei`dsp_h=1080`um_network_type=0`ver=v2.8.3`build_model=DBBOX-A2`w_tm=1749540077`appid=5fc60c21094d637f3130af19`um_umid_header=aib544115ba8ed0477c60559b90a00c8b2`sdk=31`tzone=Asia/Shanghai`sdk_ver=1.3.6.umeng
06-10 15:21:17.512 3192 3253 I efs.config: current config version (-1) is older than another (1735614866)
06-10 15:21:17.515 3192 3253 I efs.config: load config from storage and notify observer
06-10 15:21:17.512 1064 1064 E sprdwl : sprdwl_rx_rsp_process ctx_id 0 recv rsp[WIFI_CMD_TX_DATA] status[SPRDWL_CMD_STATUS_ERROR]
06-10 15:21:17.546 2592 3193 W Router : disable lock:org.fourthline.cling.android.AndroidRouter@5cec7aa_java.util.concurrent.locks.ReentrantReadWriteLock$WriteLock@15cff9b[Unlocked]
06-10 15:21:17.546 2592 3193 I Router : WiFi multicast lock released
06-10 15:21:17.547 523 659 I WifiService: releaseMulticastLock uid=10015
06-10 15:21:17.549 2592 3193 I Router : WiFi lock released
06-10 15:21:17.552 3192 3192 I crashsdk: Catcher mask: 5000, 20480
06-10 15:21:17.555 3192 3192 I crashsdk: Catcher thread 3213
06-10 15:21:17.556 3192 3192 D crashsdk: Register ANR handler ...
06-10 15:21:17.559 3192 3270 W efs.info.manager: network change: wifi
06-10 15:21:17.561 523 538 I WifiService: releaseWifiLock uid=10015
06-10 15:21:17.581 2592 3193 I JettyServletContainer: No more connectors, stopping Jetty server
06-10 15:21:17.582 2592 3193 I JettyServletContainer: Stopping Jetty server...
06-10 15:21:17.583 2592 2940 E JettyServletContainer: error:java.net.SocketException: Socket closed
06-10 15:21:17.584 2592 2940 W System.err: java.net.SocketException: Socket closed
06-10 15:21:17.584 2592 2940 W System.err: at java.net.PlainSocketImpl.socketAccept(PlainSocketImpl.java:213)
06-10 15:21:17.584 2592 2940 W System.err: at java.net.AbstractPlainSocketImpl.accept(AbstractPlainSocketImpl.java:451)
06-10 15:21:17.584 2592 2940 W System.err: at java.net.ServerSocket.implAccept(ServerSocket.java:547)
06-10 15:21:17.584 2592 2940 W System.err: at java.net.ServerSocket.accept(ServerSocket.java:515)
06-10 15:21:17.584 2592 2940 W System.err: at l.c.a.f.w.a.accept(Unknown Source:2)
06-10 15:21:17.584 2592 2940 W System.err: at org.fourthline.cling.transport.impl.jetty.JettyServletContainer$2.accept(Unknown Source:1)
06-10 15:21:17.584 2592 2940 W System.err: at l.c.a.f.a$a.run(Unknown Source:113)
06-10 15:21:17.584 2592 2940 W System.err: at java.util.concurrent.ThreadPoolExecutor.runWorker(ThreadPoolExecutor.java:1167)
06-10 15:21:17.584 2592 2940 W System.err: at java.util.concurrent.ThreadPoolExecutor$Worker.run(ThreadPoolExecutor.java:641)
06-10 15:21:17.584 2592 2940 W System.err: at java.lang.Thread.run(Thread.java:920)
06-10 15:21:17.585 2592 3193 W System.err: 2025-06-10 15:21:17.583:INFO:lcaf.p:Graceful shutdown l.c.a.g.d{/upnp,null}
06-10 15:21:17.690 683 683 V TvNotificationHandler: Notification not added because it isn't relevant for tv
06-10 15:21:17.938 523 544 W IorapForwardingService: No service published for: iorapd
06-10 15:21:18.164 2592 2677 E raop : httpd_stop running 0 joined 1
06-10 15:21:18.427 664 664 E WifiHAL : wifi_get_link_stats: requestResponse Error:-5
06-10 15:21:18.429 523 619 E WifiVendorHal: getWifiLinkLayerStats_1_5_Internal(l.1191) failed {.code = ERROR_INVALID_ARGS, .description = }
06-10 15:21:18.532 1064 1064 E sprdwl : sprdwl_rx_rsp_process ctx_id 0 recv rsp[WIFI_CMD_TX_DATA] status[SPRDWL_CMD_STATUS_ERROR]
06-10 15:21:18.586 2592 3193 W System.err: 2025-06-10 15:21:18.586:INFO:lcafx.c:stopped l.c.a.g.d{/upnp,null}
06-10 15:21:18.588 2592 3193 W Router : disable unlock:org.fourthline.cling.android.AndroidRouter@5cec7aa
06-10 15:21:18.591 2592 3193 W UpnpServiceImpl: <<< UPnP service shutdown completed
06-10 15:21:18.940 523 544 W IorapForwardingService: No service published for: iorapd
06-10 15:21:19.161 2592 2592 I crashsdk: android_os_Process_sendSignal. PID: 2592 SIG: 9
06-10 15:21:19.162 2592 2592 I crashsdk: onKillProcess. SIG: 9
06-10 15:21:19.167 2592 2592 I crashsdk: Kill PID: 2592 (com.dangbei.screencast) by pid: 2592 (com.dangbei.screencast) tid: 2592 (main)
06-10 15:21:19.167 2592 2592 I crashsdk: SIG: 9, fg: false, exiting: false, main process: true, time: 20250610152119
06-10 15:21:19.167 2592 2592 I crashsdk: State in disk: 'b'
06-10 15:21:19.167 2592 2592 I crashsdk: at android.os.Process.sendSignal(Native Method)
06-10 15:21:19.167 2592 2592 I crashsdk: at android.os.Process.killProcess(Process.java:1153)
06-10 15:21:19.167 2592 2592 I crashsdk: at com.dangbei.screencast.startup.JumpService$i.run(:2)
06-10 15:21:19.167 2592 2592 I crashsdk: at android.os.Handler.handleCallback(Handler.java:938)
06-10 15:21:19.167 2592 2592 I crashsdk: at android.os.Handler.dispatchMessage(Handler.java:99)
06-10 15:21:19.167 2592 2592 I crashsdk: at android.os.Looper.loopOnce(Looper.java:201)
06-10 15:21:19.167 2592 2592 I crashsdk: at android.os.Looper.loop(Looper.java:288)
06-10 15:21:19.167 2592 2592 I crashsdk: at android.app.ActivityThread.main(ActivityThread.java:7854)
06-10 15:21:19.167 2592 2592 I crashsdk: at java.lang.reflect.Method.invoke(Native Method)
06-10 15:21:19.167 2592 2592 I crashsdk: at com.android.internal.os.RuntimeInit$MethodAndArgsCaller.run(RuntimeInit.java:548)
06-10 15:21:19.167 2592 2592 I crashsdk: at com.android.internal.os.ZygoteInit.main(ZygoteInit.java:1182)
06-10 15:21:19.168 2592 2592 I Process : Sending signal. PID: 2592 SIG: 9
06-10 15:21:19.175 1 1 I init : Untracked pid 2674 exited with status 0
06-10 15:21:19.175 1 1 I init : Untracked pid 2690 exited with status 0
06-10 15:21:19.229 2796 2859 W efs.send_log: tryFileLock sendlock sucess! processname: com.huawei.connection
06-10 15:21:19.240 523 629 D NsdService: Client disconnected
06-10 15:21:19.241 523 553 I libprocessgroup: Successfully killed process cgroup uid 10015 pid 2592 in 0ms
06-10 15:21:19.242 261 261 I Zygote : Process 2592 exited due to signal 9 (Killed)
06-10 15:21:19.242 523 659 I ActivityManager: Process com.dangbei.screencast (pid 2592) has died: prcp FGS
06-10 15:21:19.245 2796 2796 D NearFieldManagerService: onDestroy, enter.
06-10 15:21:19.245 2796 2796 I NearFieldManagerService: killCurrentProcess.
06-10 15:21:19.245 2796 2796 I crashsdk: android_os_Process_sendSignal. PID: 2796 SIG: 9
06-10 15:21:19.245 2796 2796 I crashsdk: onKillProcess. SIG: 9
06-10 15:21:19.245 523 659 W ActivityManager: Scheduling restart of crashed service com.dangbei.screencast/.startup.StartupService in 1000ms for start-requested
06-10 15:21:19.246 523 659 W ActivityManager: Scheduling restart of crashed service com.dangbei.screencast/.huaweicast.service.HuaweiCastService in 11000ms for start-requested
06-10 15:21:19.249 2796 2796 I crashsdk: Kill PID: 2796 (com.huawei.connection) by pid: 2796 (com.huawei.connection) tid: 2796 (main)
06-10 15:21:19.249 2796 2796 I crashsdk: SIG: 9, fg: false, exiting: false, main process: false, time: 20250610152119
06-10 15:21:19.249 2796 2796 I crashsdk: State in disk: 'b'
06-10 15:21:19.249 2796 2796 I crashsdk: at android.os.Process.sendSignal(Native Method)
06-10 15:21:19.249 2796 2796 I crashsdk: at android.os.Process.killProcess(Process.java:1153)
06-10 15:21:19.249 2796 2796 I crashsdk: at com.huawei.connection.service.NearFieldManagerService.c(Unknown Source:11)
06-10 15:21:19.249 2796 2796 I crashsdk: at com.huawei.connection.service.NearFieldManagerService.onDestroy(Unknown Source:10)
06-10 15:21:19.249 2796 2796 I crashsdk: at android.app.ActivityThread.handleStopService(ActivityThread.java:4669)
06-10 15:21:19.249 2796 2796 I crashsdk: at android.app.ActivityThread.access$2100(ActivityThread.java:247)
06-10 15:21:19.249 2796 2796 I crashsdk: at android.app.ActivityThread$H.handleMessage(ActivityThread.java:2096)
06-10 15:21:19.249 2796 2796 I crashsdk: at android.os.Handler.dispatchMessage(Handler.java:106)
06-10 15:21:19.249 2796 2796 I crashsdk: at android.os.Looper.loopOnce(Looper.java:201)
06-10 15:21:19.249 2796 2796 I crashsdk: at android.os.Looper.loop(Looper.java:288)
06-10 15:21:19.249 2796 2796 I crashsdk: at android.app.ActivityThread.main(ActivityThread.java:7854)
06-10 15:21:19.249 2796 2796 I crashsdk: at java.lang.reflect.Method.invoke(Native Method)
06-10 15:21:19.249 2796 2796 I crashsdk: at com.android.internal.os.RuntimeInit$MethodAndArgsCaller.run(RuntimeInit.java:548)
06-10 15:21:19.249 2796 2796 I crashsdk: at com.android.internal.os.ZygoteInit.main(ZygoteInit.java:1182)
06-10 15:21:19.251 2796 2796 I Process : Sending signal. PID: 2796 SIG: 9
06-10 15:21:19.272 1 1 I init : Untracked pid 2861 exited with status 0
06-10 15:21:19.312 3192 3261 W efs.send_log: tryFileLock sendlock sucess! processname: com.dangbei.screencast:bg_guard
06-10 15:21:19.314 523 816 I ActivityManager: Process com.huawei.connection (pid 2796) has died: fg SVC
06-10 15:21:19.314 523 553 I libprocessgroup: Successfully killed process cgroup uid 10015 pid 2796 in 0ms
06-10 15:21:19.315 261 261 I Zygote : Process 2796 exited due to signal 9 (Killed)
06-10 15:21:19.556 1064 1064 E sprdwl : sprdwl_rx_rsp_process ctx_id 0 recv rsp[WIFI_CMD_TX_DATA] status[SPRDWL_CMD_STATUS_ERROR]
06-10 15:21:19.574 1064 1064 E sprdwl : sprdwl_rx_rsp_process ctx_id 0 recv rsp[WIFI_CMD_TX_DATA] status[SPRDWL_CMD_STATUS_ERROR]
06-10 15:21:19.943 523 544 W IorapForwardingService: No service published for: iorapd
06-10 15:21:20.248 523 551 D CompatibilityChangeReporter: Compat change id reported: 135634846; UID 10015; state: DISABLED
06-10 15:21:20.250 523 552 D CompatibilityChangeReporter: Compat change id reported: 143937733; UID 10015; state: DISABLED
06-10 15:21:20.269 261 261 D Zygote : Forked child process 3302
06-10 15:21:20.270 523 552 I ActivityManager: app.processName = com.dangbei.screencast
06-10 15:21:20.270 523 552 I ActivityManager: Start proc 3302:com.dangbei.screencast/u0a15 for service {com.dangbei.screencast/com.dangbei.screencast.startup.StartupService}
06-10 15:21:20.281 3302 3302 I Zygote : seccomp disabled by setenforce 0
06-10 15:21:20.304 387 408 I adbd : jdwp connection from 3302
06-10 15:21:20.324 3302 3302 D CompatibilityChangeReporter: Compat change id reported: 171979766; UID 10015; state: DISABLED
06-10 15:21:20.334 3302 3302 D ApplicationLoaders: Returning zygote-cached class loader: /system/framework/android.test.base.jar
06-10 15:21:20.334 3302 3302 D ApplicationLoaders: Returning zygote-cached class loader: /system/framework/android.hidl.manager-V1.0-java.jar
06-10 15:21:20.334 3302 3302 D ApplicationLoaders: Returning zygote-cached class loader: /system/framework/android.hidl.base-V1.0-java.jar
06-10 15:21:20.358 3302 3302 V GraphicsEnvironment: ANGLE Developer option for 'com.dangbei.screencast' set to: 'default'
06-10 15:21:20.358 3302 3302 V GraphicsEnvironment: Neither updatable production driver nor prerelease driver is supported.
06-10 15:21:20.360 3302 3302 D NetworkSecurityConfig: Using Network Security Config from resource network_security_config debugBuild: false
06-10 15:21:20.363 3302 3302 D NetworkSecurityConfig: Using Network Security Config from resource network_security_config debugBuild: false
06-10 15:21:20.365 3302 3302 I MultiDex: VM with version 2.1.0 has multidex support
06-10 15:21:20.366 3302 3302 I MultiDex: Installing application
06-10 15:21:20.366 3302 3302 I MultiDex: VM has multidex support, MultiDex support library is disabled.
06-10 15:21:20.368 3302 3302 E PartsInfoProvider: onCreate:
06-10 15:21:20.371 3302 3302 E ServiceUtils: start main service
06-10 15:21:20.375 3302 3302 E ServiceUtils: start main service
06-10 15:21:20.389 3302 3302 D AndroidAutoSize: designWidthInDp = 1920, designHeightInDp = 1080, screenWidth = 1920, screenHeight = 1080
06-10 15:21:20.390 3302 3302 D AndroidAutoSize: initDensity = 1.5, initScaledDensity = 1.5
06-10 15:21:20.515 3302 3343 I crashsdk: version unique build id: 6230cced
06-10 15:21:20.523 3302 3344 D crashsdk: Native log stat thread 3344 setup, waiting
06-10 15:21:20.531 3302 3326 I crashsdk: begin hack android.os.Process
06-10 15:21:20.532 683 683 V TvNotificationHandler: Notification not added because it isn't relevant for tv
06-10 15:21:20.533 3302 3326 I crashsdk: end hack android.os.Process
06-10 15:21:20.537 683 683 V TvNotificationHandler: Notification not added because it isn't relevant for tv
06-10 15:21:20.544 3302 3302 I TDLog : setReportUncaughtExceptions: true
06-10 15:21:20.547 3302 3302 E Application: onCreate:Version:v2.8.3/20830/883432e
06-10 15:21:20.566 3302 3327 I TDLog : TalkingData SDK init...
06-10 15:21:20.566 3302 3327 I TDLog : SDK_VERSION is: Android+TD+V5.0.7 gp Type:Native Build_Num:2141
06-10 15:21:20.566 3302 3327 I TDLog : App ID is: B9D7815EC975466AB1332111FCE62DF5
06-10 15:21:20.566 3302 3327 I TDLog : App Channel is: os
06-10 15:21:20.566 3302 3327 I TDLog : App Custom is:
06-10 15:21:20.566 3302 3327 I TDLog : SDK_OVC is: TDOVC+a3bb7754719798526508b6caad480dd7+SaaS
06-10 15:21:20.571 3302 3326 I Matrix.AnrTracer: anrTrace, final mAnrBeatTime:400, mAnrBeatRate:400
06-10 15:21:20.579 3302 3352 W efs.send_log: tryFileLock start!
06-10 15:21:20.583 3302 3326 D LaunchConfigManager: check in allready
06-10 15:21:20.585 3302 3363 I LaunchTrace: begin sendLaunchCache
06-10 15:21:20.588 3302 3352 I efs.config: --->>> 删除旧的配置文件 false
06-10 15:21:20.589 523 588 W ActivityManager: Foreground service started from background can not have location/camera/microphone access: service com.dangbei.screencast/.startup.StartupService
06-10 15:21:20.592 3302 3352 I efs.config: current config version (-1) is older than another (1735614866)
06-10 15:21:20.592 3302 3352 I efs.config: load config from storage and notify observer
06-10 15:21:20.596 3302 3364 I efs.base: lt=event`ev_ct=efs_core`ev_ac=pvuv`tm=2025-06-10 15:21:58`dn=180e67c4-68c7-41cd-91c1-435b7b306a53`ps=com.dangbei.screencast`um_os=android`stime=1749540080203`pid=3302`fr=android`pkg=com.dangbei.screencast`vcode=20830`dsp_w=1920`uid=180e67c4-68c7-41cd-91c1-435b7b306a53`rom=12`wid=180e67c4-68c7-41cd-91c1-435b7b306a53`um_app_carrier=`um_access=wifi`um_app_channel=os`um_crash_sdk_version=1.4.0`ctime=1749540080`model=dbbox-a2`lang=zh`net=wifi`brand=dangbei`dsp_h=1080`um_network_type=0`ver=v2.8.3`build_model=DBBOX-A2`w_tm=1749540080`appid=5fc60c21094d637f3130af19`um_umid_header=aib544115ba8ed0477c60559b90a00c8b2`sdk=31`tzone=Asia/Shanghai`sdk_ver=1.3.6.umeng
06-10 15:21:20.592 3302 3302 I Thread-4: type=1400 audit(0.0:1256): avc: denied { watch watch_reads } for path="/data/user/0/com.dangbei.screencast/files/.envelope" dev="mmcblk0p25" ino=1956 scontext=u:r:platform_app:s0:c512,c768 tcontext=u:object_r:app_data_file:s0:c512,c768 tclass=dir permissive=1 app=com.dangbei.screencast
06-10 15:21:20.631 3302 3302 E raop : *********************AirplayBroadcastServer+++++++++
06-10 15:21:20.636 523 629 D NsdService: New client listening to asynchronous messages
06-10 15:21:20.638 523 629 D NsdService: New client, channel: com.android.internal.util.AsyncChannel@f4f02c messenger: android.os.Messenger@77fdaf5
06-10 15:21:20.659 3302 3302 D CompatibilityChangeReporter: Compat change id reported: 191844585; UID 10015; state: DISABLED
06-10 15:21:20.703 3302 3302 E H264FrameQueue: H264FrameQueue: mFullQueueCount:200
06-10 15:21:20.719 1128 2115 D wenhc : getScreenInfo uri = content://com.dangbei.screencast.parts.info/screen_cast
06-10 15:21:20.760 3302 3302 I work_thread: type=1400 audit(0.0:1257): avc: denied { ioctl } for path="/data/user/0/com.dangbei.screencast/databases/umeng_zero_cache.db" dev="mmcblk0p25" ino=2414 ioctlcmd=0xf50c scontext=u:r:platform_app:s0:c512,c768 tcontext=u:object_r:app_data_file:s0:c512,c768 tclass=file permissive=1 app=com.dangbei.screencast
06-10 15:21:20.770 3302 3302 E HuaweiCastService: onCreate called().
06-10 15:21:20.773 3302 3302 E PlayerClient: registerCallback com.dangbei.screencast.huaweicast.service.HuaweiCastService$a@5b91ae9
06-10 15:21:20.774 3302 3302 D PlayerClient: registerCallback true
06-10 15:21:20.774 3302 3302 D PlayerClient: init.
06-10 15:21:20.775 3302 3302 W KIT_FWK_a: KitFwk is not installed, pls do not use related interfaces.
06-10 15:21:20.775 3302 3302 W KIT_FWK_a: KitFwk is not installed, pls do not use related interfaces.
06-10 15:21:20.775 3302 3302 E PlayerClient: bind player service by aar.
06-10 15:21:20.783 3302 3302 D PlayerClient: bind player sink service true
06-10 15:21:20.786 3302 3365 I MobclickAgent: module init:azioc
06-10 15:21:20.786 523 588 W ActivityManager: Foreground service started from background can not have location/camera/microphone access: service com.dangbei.screencast/.huaweicast.service.HuaweiCastService
06-10 15:21:20.789 3302 3302 E HuaweiCastService: startForeground!
06-10 15:21:20.798 683 683 V TvNotificationHandler: Notification not added because it isn't relevant for tv
06-10 15:21:20.803 3302 3302 E StartupService: onConnected:
06-10 15:21:20.808 3302 3302 I work_thread: type=1400 audit(0.0:1258): avc: denied { search } for name="com.dangbei.screencast" dev="mmcblk0p25" ino=891 scontext=u:r:platform_app:s0:c512,c768 tcontext=u:object_r:app_data_file:s0:c512,c768 tclass=dir permissive=1 app=com.dangbei.screencast
06-10 15:21:20.852 3302 3302 I work_thread: type=1400 audit(0.0:1259): avc: denied { getattr } for path="/data/local/tmp" dev="mmcblk0p25" ino=85 scontext=u:r:platform_app:s0:c512,c768 tcontext=u:object_r:shell_data_file:s0 tclass=dir permissive=1 app=com.dangbei.screencast
06-10 15:21:20.871 523 816 W TelephonyPermissions: reportAccessDeniedToReadIdentifiers:com.dangbei.screencast:getSerial:-1
06-10 15:21:20.884 3302 3302 I work_thread: type=1400 audit(0.0:1260): avc: denied { write } for name="shared_prefs" dev="mmcblk0p25" ino=1905 scontext=u:r:platform_app:s0:c512,c768 tcontext=u:object_r:app_data_file:s0:c512,c768 tclass=dir permissive=1 app=com.dangbei.screencast
06-10 15:21:20.889 3365 3365 W audit : audit_lost=743 audit_rate_limit=5 audit_backlog_limit=64
06-10 15:21:20.889 3365 3365 E audit : rate limit exceeded
06-10 15:21:20.945 523 544 W IorapForwardingService: No service published for: iorapd
06-10 15:21:20.984 674 855 I bt_btif_dm: system/bt/btif/src/btif_dm.cc:548 btif_update_remote_properties: cod from storage is also unclassified
06-10 15:21:21.001 683 683 V TvNotificationHandler: Notification not added because it isn't relevant for tv
06-10 15:21:21.437 664 664 E WifiHAL : wifi_get_link_stats: requestResponse Error:-5
06-10 15:21:21.438 523 619 E WifiVendorHal: getWifiLinkLayerStats_1_5_Internal(l.1191) failed {.code = ERROR_INVALID_ARGS, .description = }
06-10 15:21:21.949 523 544 W IorapForwardingService: No service published for: iorapd
06-10 15:21:22.468 3192 3192 I Timer-1 : type=1400 audit(0.0:1264): avc: denied { search } for name="net" dev="sysfs" ino=10442 scontext=u:r:platform_app:s0:c512,c768 tcontext=u:object_r:sysfs_net:s0 tclass=dir permissive=1 app=com.dangbei.screencast
06-10 15:21:22.495 3192 3253 I efs.config: No update is required, less than 8h since the last update
06-10 15:21:22.541 523 816 W TelephonyPermissions: reportAccessDeniedToReadIdentifiers:com.dangbei.screencast:getSerial:-1
06-10 15:21:22.626 3192 3268 V NFC : this device does not have NFC support
06-10 15:21:22.727 1064 1064 E sprdwl : sprdwl_rx_rsp_process ctx_id 0 recv rsp[WIFI_CMD_TX_DATA] status[SPRDWL_CMD_STATUS_ERROR]
06-10 15:21:22.745 1064 1064 E sprdwl : sprdwl_rx_rsp_process ctx_id 0 recv rsp[WIFI_CMD_TX_DATA] status[SPRDWL_CMD_STATUS_ERROR]
06-10 15:21:22.766 1064 1064 E sprdwl : sprdwl_rx_rsp_process ctx_id 0 recv rsp[WIFI_CMD_TX_DATA] status[SPRDWL_CMD_STATUS_ERROR]
06-10 15:21:22.789 1064 1064 E sprdwl : sprdwl_rx_rsp_process ctx_id 0 recv rsp[WIFI_CMD_TX_DATA] status[SPRDWL_CMD_STATUS_ERROR]
06-10 15:21:22.807 1064 1064 E sprdwl : sprdwl_rx_rsp_process ctx_id 0 recv rsp[WIFI_CMD_TX_DATA] status[SPRDWL_CMD_STATUS_ERROR]
06-10 15:21:22.864 3302 3302 I gbei.screencast: type=1400 audit(0.0:1265): avc: denied { open } for path="/dev/__properties__/u:object_r:serialno_prop:s0" dev="tmpfs" ino=6462 scontext=u:r:platform_app:s0:c512,c768 tcontext=u:object_r:serialno_prop:s0 tclass=file permissive=1 app=com.dangbei.screencast
06-10 15:21:22.864 3302 3302 I gbei.screencast: type=1400 audit(0.0:1266): avc: denied { getattr } for path="/dev/__properties__/u:object_r:serialno_prop:s0" dev="tmpfs" ino=6462 scontext=u:r:platform_app:s0:c512,c768 tcontext=u:object_r:serialno_prop:s0 tclass=file permissive=1 app=com.dangbei.screencast
06-10 15:21:22.864 3302 3302 I gbei.screencast: type=1400 audit(0.0:1267): avc: denied { map } for path="/dev/__properties__/u:object_r:serialno_prop:s0" dev="tmpfs" ino=6462 scontext=u:r:platform_app:s0:c512,c768 tcontext=u:object_r:serialno_prop:s0 tclass=file permissive=1 app=com.dangbei.screencast
06-10 15:21:22.935 3302 3302 I crashsdk: Catcher mask: 5000, 20480
06-10 15:21:22.937 3302 3302 I crashsdk: Catcher thread 3307
06-10 15:21:22.937 3302 3302 D crashsdk: Register ANR handler ...
06-10 15:21:22.940 3302 3364 W efs.info.manager: network change: wifi
06-10 15:21:22.944 3302 3302 E HuaweiCastService: onStartCommand in 0
06-10 15:21:22.936 3302 3302 I NetWorkSender: type=1400 audit(0.0:1268): avc: denied { read } for name=".envelope" dev="mmcblk0p25" ino=1956 scontext=u:r:platform_app:s0:c512,c768 tcontext=u:object_r:app_data_file:s0:c512,c768 tclass=dir permissive=1 app=com.dangbei.screencast
06-10 15:21:22.944 3368 3368 W audit : audit_lost=746 audit_rate_limit=5 audit_backlog_limit=64
06-10 15:21:22.944 3368 3368 E audit : rate limit exceeded
06-10 15:21:22.951 523 544 W IorapForwardingService: No service published for: iorapd
06-10 15:21:22.958 3302 3302 D HiSight-SinkService: onCreate.
06-10 15:21:22.967 3302 3302 D HiSight-ConnectionManager: start ConnectionManager
06-10 15:21:22.971 523 816 I WifiService: acquireMulticastLock uid=10015
06-10 15:21:22.971 523 659 I WifiService: acquireMulticastLock uid=10015
06-10 15:21:22.975 3302 3302 D HiSight-SinkService: onBind.
06-10 15:21:22.986 3302 3302 D PlayerClient: service connected.
