06-10 15:20:01.936 1182 1182 D WifiHWInfo: Entry [08], BUS: USB, ID: 0x0BDA8179, Name: rtl8188etv.
06-10 15:20:01.936 1182 1182 D WifiHWInfo: Entry [09], BUS: USB, ID: 0x0BDA0179, Name: rtl8188eu.
06-10 15:20:01.936 1182 1182 D WifiHWInfo: Entry [10], BUS: USB, ID: 0x0BDA818B, Name: rtl8192eu.
06-10 15:20:01.936 1182 1182 D WifiHWInfo: Entry [11], BUS: USB, ID: 0x0BDAB720, Name: rtl8723bu.
06-10 15:20:01.936 1182 1182 D WifiHWInfo: Entry [12], BUS: USB, ID: 0x0BDAC82C, Name: rtl8822cu.
06-10 15:20:01.936 1182 1182 D WifiHWInfo: Entry [13], BUS: USB, ID: 0x0BDAF179, Name: rtl8188fu.
06-10 15:20:01.936 1182 1182 D WifiHWInfo: Entry [14], BUS: SDIO, ID: 0x02D0A9A6, Name: ap6212.
06-10 15:20:01.936 1182 1182 D WifiHWInfo: Entry [15], BUS: SDIO, ID: 0x02D04330, Name: ap6330.
06-10 15:20:01.936 1182 1182 D WifiHWInfo: Entry [16], BUS: SDIO, ID: 0x02D04356, Name: ap6356s.
06-10 15:20:01.936 1182 1182 D WifiHWInfo: Entry [17], BUS: SDIO, ID: 0x02D0A9BF, Name: ap6255.
06-10 15:20:01.936 1182 1182 D WifiHWInfo: Entry [18], BUS: SDIO, ID: 0x02D04334, Name: bcm43342.
06-10 15:20:01.936 1182 1182 D WifiHWInfo: Entry [19], BUS: SDIO, ID: 0x00202281, Name: xr819.
06-10 15:20:01.936 1182 1182 D WifiHWInfo: Entry [20], BUS: SDIO, ID: 0x0A9E2282, Name: xr829.
06-10 15:20:01.936 1182 1182 D WifiHWInfo: Entry [21], BUS: SDIO, ID: 0x0271050A, Name: qca6174a.
06-10 15:20:01.936 1182 1182 D WifiHWInfo: Entry [22], BUS: SDIO, ID: 0x30303030, Name: ssv6x5x.
06-10 15:20:01.936 1182 1182 D WifiHWInfo: Entry [23], BUS: SDIO, ID: 0x00000000, Name: uwe5621.
06-10 15:20:01.936 1182 1182 D WifiHWInfo: Entry [24], BUS: SDIO, ID: 0x54490145, Name: aic8800.
06-10 15:20:01.936 1182 1182 D WifiHWInfo: Entry [25], BUS: SDIO, ID: 0xC8A1C08D, Name: aic8800.
06-10 15:20:01.936 1182 1182 D WifiHWInfo: Entry [26], BUS: USB, ID: 0xA69C8800, Name: aic8800.
06-10 15:20:01.936 1182 1182 D WifiHWInfo: Entry [27], BUS: USB, ID: 0x007A8888, Name: atbm6023is.
06-10 15:20:01.936 1182 1182 D WifiHWInfo: Entry [28], BUS: SDIO, ID: 0x02E79086, Name: 9012p.
06-10 15:20:01.936 1182 1182 D WifiHWInfo: Entry [29], BUS: SDIO, ID: 0x007A6011, Name: atbm613x_wifi_sdio.
06-10 15:20:01.936 1182 1182 D WifiHWInfo: Entry [30], BUS: SDIO, ID: 0x024CC822, Name: 88x2cs.
06-10 15:20:01.936 1182 1182 D WifiHWInfo: Entry [31], BUS: SDIO, ID: 0x000018F0, Name: dummy.
06-10 15:20:01.936 1182 1182 W wpa_supplicant: check_initialed for nl80211, use sprd wpa_supplicant_8_lib.
06-10 15:20:01.936 1182 1182 W wpa_supplicant: check_initialed found wpa_supplicant_8_lib vendor implement for sprd.
06-10 15:20:01.936 1182 1182 D wpa_supplicant: wlan0: Event CHANNEL_LIST_CHANGED (27) received
06-10 15:20:01.936 1182 1182 I wpa_supplicant: wlan0: CTRL-EVENT-REGDOM-CHANGE init=USER type=COUNTRY alpha2=CN
06-10 15:20:01.936 1182 1182 D wpa_supplicant: p2p-dev-wlan0: Updating hw mode
06-10 15:20:01.938 1182 1182 D wpa_supplicant: nl80211: No channel number found for frequency 5920 MHz
06-10 15:20:01.938 1182 1182 D wpa_supplicant: nl80211: No channel number found for frequency 5940 MHz
06-10 15:20:01.939 1182 1182 D wpa_supplicant: nl80211: Regulatory information - country=CN (DFS-FCC)
06-10 15:20:01.939 1182 1182 D wpa_supplicant: nl80211: 2400-2483 @ 40 MHz 20 mBm
06-10 15:20:01.939 1182 1182 D wpa_supplicant: nl80211: 5150-5350 @ 80 MHz 20 mBm (DFS)
06-10 15:20:01.939 1182 1182 D wpa_supplicant: nl80211: 5725-5850 @ 80 MHz 33 mBm
06-10 15:20:01.939 1182 1182 D wpa_supplicant: nl80211: 57240-59400 @ 2160 MHz 28 mBm
06-10 15:20:01.939 1182 1182 D wpa_supplicant: nl80211: 59400-63720 @ 2160 MHz 44 mBm
06-10 15:20:01.939 1182 1182 D wpa_supplicant: nl80211: 63720-65880 @ 2160 MHz 28 mBm
06-10 15:20:01.939 1182 1182 D wpa_supplicant: nl80211: Added 802.11b mode based on 802.11g information
06-10 15:20:01.939 1182 1182 D wpa_supplicant: nl80211: Mode IEEE 802.11g: 2412 2417 2422 2427 2432 2437 2442 2447 2452 2457 2462 2467 2472 2484[DISABLED]
06-10 15:20:01.939 1182 1182 D wpa_supplicant: nl80211: Mode IEEE 802.11a: 5170[DISABLED] 5180 5200 5220 5240 5260[RADAR] 5280[RADAR] 5300[RADAR] 5320[RADAR] 5500[DISABLED][RADAR] 5520[DISABLED][RADAR] 5540[DISABLED][RADAR] 5560[DISABLED][RADAR] 5580[DISABLED][RADAR]
06-10 15:20:01.939 1182 1182 D wpa_supplicant: nl80211: Mode IEEE 802.11b: 2412 2417 2422 2427 2432 2437 2442 2447 2452 2457 2462 2467 2472 2484[DISABLED]
06-10 15:20:01.939 1182 1182 D wpa_supplicant: wlan0: Updating hw mode
06-10 15:20:01.940 1182 1182 D wpa_supplicant: nl80211: No channel number found for frequency 5920 MHz
06-10 15:20:01.940 1182 1182 D wpa_supplicant: nl80211: No channel number found for frequency 5940 MHz
06-10 15:20:01.940 523 758 D CompatibilityChangeReporter: Compat change id reported: 168419799; UID 1000; state: DISABLED
06-10 15:20:01.945 523 623 I WifiScanningService: Created a new impl for wlan0
06-10 15:20:01.945 1182 1182 D wpa_supplicant: nl80211: Regulatory information - country=CN (DFS-FCC)
06-10 15:20:01.946 1182 1182 D wpa_supplicant: nl80211: 2400-2483 @ 40 MHz 20 mBm
06-10 15:20:01.946 1182 1182 D wpa_supplicant: nl80211: 5150-5350 @ 80 MHz 20 mBm (DFS)
06-10 15:20:01.946 1182 1182 D wpa_supplicant: nl80211: 5725-5850 @ 80 MHz 33 mBm
06-10 15:20:01.946 1182 1182 D wpa_supplicant: nl80211: 57240-59400 @ 2160 MHz 28 mBm
06-10 15:20:01.946 1182 1182 D wpa_supplicant: nl80211: 59400-63720 @ 2160 MHz 44 mBm
06-10 15:20:01.946 1182 1182 D wpa_supplicant: nl80211: 63720-65880 @ 2160 MHz 28 mBm
06-10 15:20:01.946 1182 1182 D wpa_supplicant: nl80211: Added 802.11b mode based on 802.11g information
06-10 15:20:01.946 1182 1182 D wpa_supplicant: nl80211: Mode IEEE 802.11g: 2412 2417 2422 2427 2432 2437 2442 2447 2452 2457 2462 2467 2472 2484[DISABLED]
06-10 15:20:01.946 1182 1182 D wpa_supplicant: nl80211: Mode IEEE 802.11a: 5170[DISABLED] 5180 5200 5220 5240 5260[RADAR] 5280[RADAR] 5300[RADAR] 5320[RADAR] 5500[DISABLED][RADAR] 5520[DISABLED][RADAR] 5540[DISABLED][RADAR] 5560[DISABLED][RADAR] 5580[DISABLED][RADAR]
06-10 15:20:01.946 1182 1182 D wpa_supplicant: nl80211: Mode IEEE 802.11b: 2412 2417 2422 2427 2432 2437 2442 2447 2452 2457 2462 2467 2472 2484[DISABLED]
06-10 15:20:01.946 1182 1182 D wpa_supplicant: wlan0: Determining shared radio frequencies (max len 2)
06-10 15:20:01.946 1182 1182 D wpa_supplicant: wlan0: Shared frequencies (len=0): completed iteration
06-10 15:20:01.946 1182 1182 D wpa_supplicant: P2P: Add operating class 81
06-10 15:20:01.946 1182 1182 D wpa_supplicant: P2P: Channels - hexdump(len=13): 01 02 03 04 05 06 07 08 09 0a 0b 0c 0d
06-10 15:20:01.946 1182 1182 D wpa_supplicant: P2P: Add operating class 115
06-10 15:20:01.946 1182 1182 D wpa_supplicant: P2P: Channels - hexdump(len=4): 24 28 2c 30
06-10 15:20:01.946 1182 1182 D wpa_supplicant: P2P: Add operating class 116
06-10 15:20:01.946 1182 1182 D wpa_supplicant: P2P: Channels - hexdump(len=2): 24 2c
06-10 15:20:01.946 1182 1182 D wpa_supplicant: P2P: Add operating class 117
06-10 15:20:01.946 1182 1182 D wpa_supplicant: P2P: Channels - hexdump(len=2): 28 30
06-10 15:20:01.946 1182 1182 D wpa_supplicant: P2P: Add operating class 124
06-10 15:20:01.946 1182 1182 D wpa_supplicant: P2P: Channels - hexdump(len=4): 95 99 9d a1
06-10 15:20:01.946 1182 1182 D wpa_supplicant: P2P: Add operating class 125
06-10 15:20:01.946 1182 1182 D wpa_supplicant: P2P: Channels - hexdump(len=5): 95 99 9d a1 a5
06-10 15:20:01.946 1182 1182 D wpa_supplicant: P2P: Add operating class 126
06-10 15:20:01.946 1182 1182 D wpa_supplicant: P2P: Channels - hexdump(len=2): 95 9d
06-10 15:20:01.946 1182 1182 D wpa_supplicant: P2P: Add operating class 127
06-10 15:20:01.946 1182 1182 D wpa_supplicant: P2P: Channels - hexdump(len=2): 99 a1
06-10 15:20:01.946 523 623 E WifiBackgroundScanStateMachine: invalid max buckets in scan capabilities 0
06-10 15:20:01.946 1182 1182 D wpa_supplicant: P2P: Add operating class 128
06-10 15:20:01.946 1182 1182 D wpa_supplicant: P2P: Channels - hexdump(len=8): 24 28 2c 30 95 99 9d a1
06-10 15:20:01.946 1182 1182 D wpa_supplicant: P2P: Add operating class 130
06-10 15:20:01.946 1182 1182 D wpa_supplicant: P2P: Channels - hexdump(len=9): 24 28 2c 30 95 99 9d a1 a5
06-10 15:20:01.946 1182 1182 D wpa_supplicant: P2P: Update channel list
06-10 15:20:01.947 1182 1182 D wpa_supplicant: P2P: channels: 81:1,2,3,4,5,6,7,8,9,10,11,12,13 115:36,40,44,48 116:36,44 117:40,48 124:149,153,157,161 125:149,153,157,161,165 126:149,157 127:153,161 128:36,40,44,48,149,153,157,161 130:36,40,44,48,149,153,157,161,165
06-10 15:20:01.947 1182 1182 D wpa_supplicant: P2P: cli_channels:
06-10 15:20:01.947 1182 1182 D wpa_supplicant: sprd_wpa_driver_nl80211_driver_cmd COUNTRY CN len = 0, 10
06-10 15:20:01.947 523 619 D WifiNative: onSetCountryCodeSucceeded: CN
06-10 15:20:01.947 523 619 I WifiCountryCode: Receive onSetCountryCodeSucceeded CN
06-10 15:20:01.952 674 674 V BluetoothHidDeviceServiceJni: classInitNative: done
06-10 15:20:01.952 674 674 V BluetoothHidDeviceServiceJni: initNative enter
06-10 15:20:01.952 674 674 I bt_btif : system/bt/btif/src/bluetooth.cc:417 get_profile_interface: get_profile_interface: id = hiddev
06-10 15:20:01.952 674 674 I bt_btif_storage: system/bt/btif/src/btif_storage.cc:661 btif_storage_get_adapter_property: btif_storage_get_adapter_property service_mask:0x60100048
06-10 15:20:01.952 674 674 V BluetoothHidDeviceServiceJni: initNative done
06-10 15:20:01.972 523 619 D WifiConnectivityHelper: Firmware supported feature set: d8108a801003d
06-10 15:20:01.972 523 619 D WifiConnectivityHelper: Firmware roaming is not supported
06-10 15:20:01.977 664 664 E WifiHAL : wifi_get_link_stats: requestResponse Error:-5
06-10 15:20:01.980 523 619 E WifiVendorHal: getWifiLinkLayerStats_1_5_Internal(l.1191) failed {.code = ERROR_INVALID_ARGS, .description = }
06-10 15:20:01.983 523 619 D WakeupController: onWifiEnabled()
06-10 15:20:01.984 523 619 W WifiClientModeImpl: No cached packet filter to apply
06-10 15:20:01.995 523 619 D WifiClientModeImpl[wlan0]: entering ConnectableState: ifaceName = wlan0
06-10 15:20:01.997 523 523 D WifiP2pService: Wifi enabled=true
06-10 15:20:01.998 1182 1182 D wpa_supplicant: sprd_wpa_driver_nl80211_driver_cmd SETSUSPENDMODE 1 len = 0, 16
06-10 15:20:02.002 523 619 D WifiClientModeImpl[wlan0]: Start makeIpClient ifaceName = wlan0
06-10 15:20:02.014 674 674 D BtOppService: setBluetoothOppService(): set to: com.android.bluetooth.opp.BluetoothOppService@6d39797
06-10 15:20:02.014 1249 1249 D CompatibilityChangeReporter: Compat change id reported: 171979766; UID 1000; state: ENABLED
06-10 15:20:02.022 674 674 I BluetoothPbapService: setCurrentUser(0)
06-10 15:20:02.023 674 674 I BluetoothPbapService: setUserUnlocked(0)
06-10 15:20:02.023 674 674 I BluetoothPbapService: setUserUnlocked(0)
06-10 15:20:02.052 674 674 D BluetoothPbapService: setBluetoothPbapService(): set to: com.android.bluetooth.pbap.BluetoothPbapService@fae18ab
06-10 15:20:02.053 674 674 D AvrcpVolumeManager: onAudioDevicesAdded: Not expecting device changed
06-10 15:20:02.063 674 1273 D ObexServerSockets: create(rfcomm = -2, l2capPsm = -2)
06-10 15:20:02.067 523 537 D CompatibilityChangeReporter: Compat change id reported: 135634846; UID 10045; state: DISABLED
06-10 15:20:02.067 523 537 D CompatibilityChangeReporter: Compat change id reported: 177438394; UID 10045; state: DISABLED
06-10 15:20:02.068 523 537 D CompatibilityChangeReporter: Compat change id reported: 135772972; UID 10045; state: DISABLED
06-10 15:20:02.068 523 537 D CompatibilityChangeReporter: Compat change id reported: 135754954; UID 10045; state: DISABLED
06-10 15:20:02.069 523 552 D CompatibilityChangeReporter: Compat change id reported: 143937733; UID 10045; state: DISABLED
06-10 15:20:02.075 523 758 D CompatibilityChangeReporter: Compat change id reported: 135634846; UID 10021; state: DISABLED
06-10 15:20:02.077 523 758 D CompatibilityChangeReporter: Compat change id reported: 177438394; UID 10021; state: DISABLED
06-10 15:20:02.077 674 674 D CompatibilityChangeReporter: Compat change id reported: 150939131; UID 1002; state: ENABLED
06-10 15:20:02.079 674 674 D AdapterProperties: onBluetoothReady, state=TURNING_ON, ScanMode=20
06-10 15:20:02.080 523 758 D CompatibilityChangeReporter: Compat change id reported: 135772972; UID 10021; state: DISABLED
06-10 15:20:02.081 523 758 D CompatibilityChangeReporter: Compat change id reported: 135754954; UID 10021; state: ENABLED
06-10 15:20:02.083 674 1273 I bt_btif_sock_rfcomm: system/bt/btif/src/btif_sock_rfc.cc:303 btsock_rfc_listen: Adding listening socket service_name: (null) - channel: -2
06-10 15:20:02.085 674 1016 I bt_stack: [INFO:port_api.cc(234)] RFCOMM_CreateConnection: bd_addr=ff:ff:ff:ff:ff:ff, scn=4, is_server=1, mtu=990, uuid=000000, dlci=8, signal_state=0x0b, p_port=0xc74a1b84
06-10 15:20:02.089 674 1273 I bluetooth: system/bt/btif/src/btif_sock_l2cap.cc:316 btsock_l2cap_alloc_l: Allocated l2cap socket structure socket_id:1
06-10 15:20:02.091 674 1016 I bt_l2cap: system/bt/stack/l2cap/l2c_api.cc:134 L2CA_Register: L2CAP Registered service classic PSM: 0x1001
06-10 15:20:02.091 674 1016 I bluetooth: system/bt/btif/src/btif_sock_l2cap.cc:341 send_app_psm_or_chan_l: Sending l2cap socket socket_id:1 channel:4097
06-10 15:20:02.099 674 674 D BluetoothAdapterService: updateUuids() - Updating UUIDs for bonded devices
06-10 15:20:02.103 674 855 D AdapterProperties: Scan Mode:21
06-10 15:20:02.108 674 1273 D BluetoothAdapter: listenUsingL2capOn: set assigned channel to 4097
06-10 15:20:02.108 674 1273 D ObexServerSockets: Succeed to create listening sockets
06-10 15:20:02.108 674 1273 D ObexServerSockets0: startAccept()
06-10 15:20:02.109 674 674 I BluetoothAdapterService: initProfileServices: Initializing all bluetooth profile services
06-10 15:20:02.110 674 1273 D BluetoothSdpJni: sdpCreatePbapPseRecordNative
06-10 15:20:02.110 674 1273 D BluetoothSdpJni: SDP Create record success - handle: 0
06-10 15:20:02.110 674 1273 D BluetoothPbapService: created Sdp record, mSdpHandle=0
06-10 15:20:02.110 674 1016 I bt_bta_dm: system/bt/bta/dm/bta_dm_act.cc:3191 bta_dm_eir_update_uuid: EIR Adding UUID=0x112F into extended inquiry response
06-10 15:20:02.110 674 1016 I bt_bta_dm: system/bt/bta/dm/bta_dm_act.cc:2890 bta_dm_set_eir: Generating extended inquiry response packet EIR
06-10 15:20:02.110 261 261 D Zygote : Forked child process 1279
06-10 15:20:02.110 674 674 I BluetoothA2dpSinkServiceJni: classInitNative: succeeds
06-10 15:20:02.111 674 855 D AdapterProperties: Discoverable Timeout:120
06-10 15:20:02.115 523 552 I ActivityManager: app.processName = com.android.music
06-10 15:20:02.115 523 552 I ActivityManager: Start proc 1279:com.android.music/u0a45 for service {com.android.music/com.android.music.MediaPlaybackService}
06-10 15:20:02.116 523 552 D CompatibilityChangeReporter: Compat change id reported: 143937733; UID 10021; state: ENABLED
06-10 15:20:02.116 674 1280 D ObexServerSockets0: Accepting socket connection...
06-10 15:20:02.117 674 1278 D ObexServerSockets0: Accepting socket connection...
06-10 15:20:02.118 674 674 W HeadsetClientService: getHeadsetClientService(): service is null
06-10 15:20:02.118 674 674 W MapClientService: getMapClientService(): service is null
06-10 15:20:02.118 674 674 W PbapClientService: getPbapClientService(): service is null
06-10 15:20:02.118 674 674 W HearingAidService: getHearingAidService(): service is NULL
06-10 15:20:02.118 674 674 W SapService: getSapService(): service is null
06-10 15:20:02.119 674 823 I AdapterState: ON : entered
06-10 15:20:02.119 674 823 D AdapterProperties: Setting state to ON
06-10 15:20:02.121 1279 1279 I Zygote : seccomp disabled by setenforce 0
06-10 15:20:02.123 674 823 D BluetoothAdapterService: updateAdapterState() - Broadcasting state ON to 1 receivers.
06-10 15:20:02.128 341 341 I rainbow_flow: type=1400 audit(0.0:421): avc: denied { ioctl } for path="/dev/spidev1.0" dev="tmpfs" ino=1377 ioctlcmd=0x6b00 scontext=u:r:init:s0 tcontext=u:object_r:device:s0 tclass=chr_file permissive=1
06-10 15:20:02.127 523 544 D BluetoothManagerService: MESSAGE_BLUETOOTH_STATE_CHANGE: TURNING_ON > ON
06-10 15:20:02.128 523 544 D BluetoothManagerService: Broadcasting onBluetoothStateChange(true) to 4 receivers.
06-10 15:20:02.128 523 544 D BluetoothHeadset: onBluetoothStateChange: up=true
06-10 15:20:02.128 523 544 D BluetoothManagerService: Creating new ProfileServiceConnections object for profile: 1
06-10 15:20:02.129 674 855 D AdapterProperties: mLocalIOCapability set to 1
06-10 15:20:02.129 674 855 D AdapterProperties: mLocalIOCapabilityBLE set to 4
06-10 15:20:02.138 523 544 D BluetoothManagerService: Sending BLE State Change: TURNING_ON > ON
06-10 15:20:02.139 523 544 D BluetoothManagerService: Sending State Change: TURNING_ON > ON
06-10 15:20:02.140 261 261 D Zygote : Forked child process 1282
06-10 15:20:02.146 523 552 W ActivityManager: Slow operation: 69ms so far, now at startProcess: returned from zygote!
06-10 15:20:02.157 387 408 I adbd : jdwp connection from 1279
06-10 15:20:02.159 1128 1128 I FrameWorkHelper: userHttps:
06-10 15:20:02.169 523 552 W ActivityManager: Slow operation: 96ms so far, now at startProcess: done updating battery stats
06-10 15:20:02.169 523 552 W ActivityManager: Slow operation: 96ms so far, now at startProcess: building log message
06-10 15:20:02.170 523 552 I ActivityManager: app.processName = android.process.acore
06-10 15:20:02.170 523 552 I ActivityManager: Start proc 1282:android.process.acore/u0a21 for content provider {com.android.providers.contacts/com.android.providers.contacts.ContactsProvider2}
06-10 15:20:02.170 523 552 W ActivityManager: Slow operation: 97ms so far, now at startProcess: starting to update pids map
06-10 15:20:02.171 523 552 W ActivityManager: Slow operation: 98ms so far, now at startProcess: done updating pids map
06-10 15:20:02.182 683 886 D LocalBluetoothProfileManager: Adding local A2DP profile
06-10 15:20:02.182 523 758 D CompatibilityChangeReporter: Compat change id reported: 168419799; UID 10045; state: DISABLED
06-10 15:20:02.198 674 882 D BluetoothActiveDeviceManager: handleMessage(MESSAGE_ADAPTER_ACTION_STATE_CHANGED): newState=12
06-10 15:20:02.210 683 886 D BluetoothA2dp: Binding service...
06-10 15:20:02.214 523 619 I WifiClientModeImpl[wlan0]: disconnectedstate enter
06-10 15:20:02.217 1279 1279 D CompatibilityChangeReporter: Compat change id reported: 171979766; UID 10045; state: DISABLED
06-10 15:20:02.217 1282 1282 I Zygote : seccomp disabled by setenforce 0
06-10 15:20:02.218 762 1275 E IpClient.wlan0: Failed to set accept_ra to 2
06-10 15:20:02.229 281 307 D hdmi-cec: receive invalid cec message!
06-10 15:20:02.229 281 307 D hdmi-cec: receive poll message [04], skip!
06-10 15:20:02.224 281 281 I EventThread: type=1400 audit(0.0:422): avc: denied { search } for name="extcon" dev="sysfs" ino=18109 scontext=u:r:hal_tv_cec_default:s0 tcontext=u:object_r:sysfs_extcon:s0 tclass=dir permissive=1
06-10 15:20:02.243 523 619 E WifiScoringParams: Invalid frequency(-1), using 5G as default rssi array
06-10 15:20:02.245 523 544 D BluetoothHeadset: Proxy object connected
06-10 15:20:02.246 683 683 D BluetoothA2dp: Proxy object connected
06-10 15:20:02.248 674 674 I BluetoothPhonePolicy: Received ACTION_UUID for device E4:BB:D3:57:C0:7D
06-10 15:20:02.248 674 674 I BluetoothPhonePolicy: index=0uuid=00001812-0000-1000-8000-00805f9b34fb
06-10 15:20:02.248 674 674 I BluetoothPhonePolicy: processInitProfilePriorities() - device E4:BB:D3:57:C0:7D
06-10 15:20:02.248 674 674 W HearingAidService: getHearingAidService(): service is NULL
06-10 15:20:02.249 674 674 V BluetoothDatabase: getProfileConnectionPolicy: E4:BB:D3:57:C0:7D, profile=4, connectionPolicy = 100
06-10 15:20:02.249 674 674 D BluetoothAdapterService: isQuetModeEnabled() - Enabled = false
06-10 15:20:02.249 674 674 I BluetoothPhonePolicy: autoConnect: Initiate auto connection on BT on...
06-10 15:20:02.249 674 674 D BluetoothDatabase: getMostRecentlyConnectedA2dpDevice: Invalid address for device LocalStorage
06-10 15:20:02.250 674 674 E BluetoothPhonePolicy: autoConnect: most recently active a2dp device is null
06-10 15:20:02.251 674 674 D BtOppService: start Socket Listeners
06-10 15:20:02.251 674 674 D BtOppService: stopListeners: mServerSocket is null
06-10 15:20:02.251 674 674 D ObexServerSockets: create(rfcomm = -2, l2capPsm = -2)
06-10 15:20:02.261 1071 1085 I lerad.etna.haq: Background young concurrent copying GC freed 4521(293KB) AllocSpace objects, 0(0B) LOS objects, 95% free, 1141KB/25MB, paused 1.664ms total 223.412ms
06-10 15:20:02.266 683 886 D LocalBluetoothProfileManager: Adding local HEADSET profile
06-10 15:20:02.267 674 674 I bt_btif_sock_rfcomm: system/bt/btif/src/btif_sock_rfc.cc:303 btsock_rfc_listen: Adding listening socket service_name: (null) - channel: -2
06-10 15:20:02.268 674 1016 I bt_stack: [INFO:port_api.cc(234)] RFCOMM_CreateConnection: bd_addr=ff:ff:ff:ff:ff:ff, scn=5, is_server=1, mtu=990, uuid=000000, dlci=10, signal_state=0x0b, p_port=0xc74a1c0c
06-10 15:20:02.268 674 674 D BluetoothAdapter: listenUsingInsecureL2capOn: port=-2
06-10 15:20:02.269 683 886 D LocalBluetoothProfileManager: Adding local MAP profile
06-10 15:20:02.270 683 886 D BluetoothMap: Create BluetoothMap proxy object
06-10 15:20:02.280 674 674 I bluetooth: system/bt/btif/src/btif_sock_l2cap.cc:316 btsock_l2cap_alloc_l: Allocated l2cap socket structure socket_id:2
06-10 15:20:02.282 674 1016 I bt_l2cap: system/bt/stack/l2cap/l2c_api.cc:134 L2CA_Register: L2CAP Registered service classic PSM: 0x1003
06-10 15:20:02.282 674 1016 I bluetooth: system/bt/btif/src/btif_sock_l2cap.cc:341 send_app_psm_or_chan_l: Sending l2cap socket socket_id:2 channel:4099
06-10 15:20:02.283 387 408 I adbd : jdwp connection from 1282
06-10 15:20:02.284 674 674 D BluetoothAdapter: listenUsingInsecureL2capOn: set assigned channel to 4099
06-10 15:20:02.284 674 674 D ObexServerSockets: Succeed to create listening sockets
06-10 15:20:02.284 674 674 D ObexServerSockets1: startAccept()
06-10 15:20:02.284 674 674 D BluetoothSdpJni: sdpCreateOppOpsRecordNative
06-10 15:20:02.284 674 674 D BluetoothSdpJni: SDP Create record success - handle: 1
06-10 15:20:02.284 674 674 D BtOppService: mOppSdpHandle :1
06-10 15:20:02.285 674 1016 I bt_bta_dm: system/bt/bta/dm/bta_dm_act.cc:3191 bta_dm_eir_update_uuid: EIR Adding UUID=0x1105 into extended inquiry response
06-10 15:20:02.285 674 1016 I bt_bta_dm: system/bt/bta/dm/bta_dm_act.cc:2890 bta_dm_set_eir: Generating extended inquiry response packet EIR
06-10 15:20:02.285 523 637 I AS.BtHelper: setBtScoActiveDevice: (null) -> (null)
06-10 15:20:02.289 1249 1249 V GraphicsEnvironment: ANGLE Developer option for 'com.oranth.storage' set to: 'default'
06-10 15:20:02.294 1249 1249 V GraphicsEnvironment: Neither updatable production driver nor prerelease driver is supported.
06-10 15:20:02.295 523 619 D WifiClientModeImpl[wlan0]: setupClientMode() ifacename = wlan0
06-10 15:20:02.297 674 1313 D ObexServerSockets1: Accepting socket connection...
06-10 15:20:02.299 674 1315 D ObexServerSockets1: Accepting socket connection...
06-10 15:20:02.299 683 886 D BluetoothMap: Binding service...
06-10 15:20:02.302 1249 1249 D NetworkSecurityConfig: No Network Security Config specified, using platform default
06-10 15:20:02.307 1249 1249 D NetworkSecurityConfig: No Network Security Config specified, using platform default
06-10 15:20:02.315 1279 1279 D ApplicationLoaders: Returning zygote-cached class loader: /system/framework/android.test.base.jar
06-10 15:20:02.316 1249 1249 I aaa : low stroage service is start !!!
06-10 15:20:02.318 1249 1249 W ContextImpl: Calling a method in the system process without a qualified user: android.app.ContextImpl.startService:1816 android.content.ContextWrapper.startService:774 android.content.ContextWrapper.startService:774 com.oranth.storage.BootCompletedReceiver.onReceive:15 android.app.ActivityThread.handleReceiver:4308
06-10 15:20:02.328 1231 1231 I gbei.screencast: type=1400 audit(0.0:423): avc: denied { search } for name="com.dangbei.screencast" dev="mmcblk0p25" ino=891 scontext=u:r:platform_app:s0:c512,c768 tcontext=u:object_r:app_data_file:s0:c512,c768 tclass=dir permissive=1 app=com.dangbei.screencast
06-10 15:20:02.335 683 886 D LocalBluetoothProfileManager: Adding local OPP profile
06-10 15:20:02.336 683 886 D LocalBluetoothProfileManager: Adding local HID_HOST profile
06-10 15:20:02.336 1249 1249 D bbb : onCreate()
06-10 15:20:02.337 664 664 E WifiHAL : wifi_start_pkt_fate_monitoring: packet fate logging feature not supported 0
06-10 15:20:02.338 523 619 E WifiVendorHal: startPktFateMonitoring(l.2352) failed {.code = ERROR_NOT_SUPPORTED, .description = }
06-10 15:20:02.338 523 619 W WifiDiags: Failed to start packet fate monitoring
06-10 15:20:02.339 1249 1249 D CompatibilityChangeReporter: Compat change id reported: 160794467; UID 1000; state: ENABLED
06-10 15:20:02.340 664 664 E WifiHAL : wifi_get_driver_version: Error -5 happened.
06-10 15:20:02.340 664 664 E android.hardware.wifi@1.0-service-lazy: Failed to get driver version: INVALID_ARGS
06-10 15:20:02.342 523 619 E WifiVendorHal: requestChipDebugInfo(l.2167) failed {.code = ERROR_INVALID_ARGS, .description = failed to get driver version}
06-10 15:20:02.342 523 619 I WifiVendorHal: Driver: null Firmware: null
06-10 15:20:02.342 523 881 D BufferPoolAccessor2.0: bufferpool2 0xf11c6398 : 0(0 size) total buffers - 0(0 size) used buffers - 2/7 (recycle/alloc) - 7/76 (fetch/transfer)
06-10 15:20:02.342 523 881 D BufferPoolAccessor2.0: bufferpool2 0xf1ab3798 : 0(0 size) total buffers - 0(0 size) used buffers - 1/7 (recycle/alloc) - 13/294 (fetch/transfer)
06-10 15:20:02.342 523 881 D BufferPoolAccessor2.0: bufferpool2 0xf11c4958 : 0(0 size) total buffers - 0(0 size) used buffers - 2/7 (recycle/alloc) - 8/42 (fetch/transfer)
06-10 15:20:02.342 523 881 D BufferPoolAccessor2.0: bufferpool2 0xf11c5498 : 0(0 size) total buffers - 0(0 size) used buffers - 1/7 (recycle/alloc) - 6/46 (fetch/transfer)
06-10 15:20:02.342 523 881 D BufferPoolAccessor2.0: evictor expired: 4, evicted: 4
06-10 15:20:02.341 683 886 D BluetoothHidHost: Binding service...
06-10 15:20:02.344 664 664 E WifiHAL : wifi_get_driver_version: Error -5 happened.
06-10 15:20:02.344 664 664 E android.hardware.wifi@1.0-service-lazy: Failed to get driver version: INVALID_ARGS
06-10 15:20:02.345 523 619 E WifiVendorHal: requestChipDebugInfo(l.2167) failed {.code = ERROR_INVALID_ARGS, .description = failed to get driver version}
06-10 15:20:02.346 523 619 I WifiVendorHal: Driver: null Firmware: null
06-10 15:20:02.346 378 756 D BufferPoolAccessor2.0: bufferpool2 0xf7221b98 : 0(0 size) total buffers - 0(0 size) used buffers - 41/46 (recycle/alloc) - 5/45 (fetch/transfer)
06-10 15:20:02.346 378 756 D BufferPoolAccessor2.0: bufferpool2 0xf7220f18 : 0(0 size) total buffers - 0(0 size) used buffers - 135/145 (recycle/alloc) - 10/144 (fetch/transfer)
06-10 15:20:02.346 378 756 D BufferPoolAccessor2.0: bufferpool2 0xf72212d8 : 0(0 size) total buffers - 0(0 size) used buffers - 18/21 (recycle/alloc) - 3/20 (fetch/transfer)
06-10 15:20:02.346 378 756 D BufferPoolAccessor2.0: bufferpool2 0xf7221a58 : 0(0 size) total buffers - 0(0 size) used buffers - 40/44 (recycle/alloc) - 4/43 (fetch/transfer)
06-10 15:20:02.346 378 756 D BufferPoolAccessor2.0: bufferpool2 0xf7221418 : 0(0 size) total buffers - 0(0 size) used buffers - 30/36 (recycle/alloc) - 6/35 (fetch/transfer)
06-10 15:20:02.346 378 756 D BufferPoolAccessor2.0: bufferpool2 0xf7221198 : 0(0 size) total buffers - 0(0 size) used buffers - 16/19 (recycle/alloc) - 4/18 (fetch/transfer)
06-10 15:20:02.346 378 756 D BufferPoolAccessor2.0: evictor expired: 6, evicted: 6
06-10 15:20:02.351 523 537 D CompatibilityChangeReporter: Compat change id reported: 168419799; UID 10021; state: DISABLED
06-10 15:20:02.356 664 664 E WifiHAL : wifi_get_ring_buffers_status: Ring buffer logging feature not supported 0
06-10 15:20:02.357 523 619 E WifiVendorHal: getRingBufferStatus(l.2244) failed {.code = ERROR_NOT_SUPPORTED, .description = }
06-10 15:20:02.358 523 619 W WifiDiags: no ring buffers found
06-10 15:20:02.358 523 619 D WifiDiags: startLogging() iface list is {wlan0} after adding wlan0
06-10 15:20:02.367 1231 1231 V GraphicsEnvironment: ANGLE Developer option for 'com.dangbei.screencast' set to: 'default'
06-10 15:20:02.368 1231 1231 V GraphicsEnvironment: Neither updatable production driver nor prerelease driver is supported.
06-10 15:20:02.369 683 707 D BluetoothHeadset: Proxy object connected
06-10 15:20:02.374 683 683 V SystemUIService: BOOT_COMPLETED received
06-10 15:20:02.375 1249 1249 D bbb : onStartCommand begin !!!!!!! data分区剩余 24321MB
06-10 15:20:02.378 1231 1231 D NetworkSecurityConfig: Using Network Security Config from resource network_security_config debugBuild: false
06-10 15:20:02.378 683 683 D SystemUIBootTiming: SystemUIService: bootcomplete com.android.systemui.util.NotificationChannels took 0 ms
06-10 15:20:02.378 683 683 D SystemUIService: loading: com.android.systemui.volume.VolumeUI
06-10 15:20:02.380 683 886 D LocalBluetoothProfileManager: Adding local HID_DEVICE profile
06-10 15:20:02.380 523 659 D CompatibilityChangeReporter: Compat change id reported: 171306433; UID 1000; state: ENABLED
06-10 15:20:02.383 683 886 D BluetoothHidDevice: Binding service...
06-10 15:20:02.386 383 383 W ServiceManager: Waited one second for gsiservice (is service started? are binder threads started and available?)
06-10 15:20:02.388 1282 1282 D CompatibilityChangeReporter: Compat change id reported: 171979766; UID 10021; state: ENABLED
06-10 15:20:02.384 341 341 I rainbow_flow: type=1400 audit(0.0:424): avc: denied { ioctl } for path="/dev/spidev1.0" dev="tmpfs" ino=1377 ioctlcmd=0x6b00 scontext=u:r:init:s0 tcontext=u:object_r:device:s0 tclass=chr_file permissive=1
06-10 15:20:02.397 664 664 E WifiHAL : wifi_get_link_stats: requestResponse Error:-5
06-10 15:20:02.399 523 619 E WifiVendorHal: getWifiLinkLayerStats_1_5_Internal(l.1191) failed {.code = ERROR_INVALID_ARGS, .description = }
06-10 15:20:02.400 1066 1093 I FuseDaemon: Background young concurrent copying GC freed 10192(716KB) AllocSpace objects, 4(80KB) LOS objects, 95% free, 1219KB/25MB, paused 182us total 327.294ms
06-10 15:20:02.409 523 619 I WifiService: onDriverCountryCodeChanged CN
06-10 15:20:02.412 683 886 D LocalBluetoothProfileManager: Adding local PAN profile
06-10 15:20:02.418 1231 1231 D NetworkSecurityConfig: Using Network Security Config from resource network_security_config debugBuild: false
06-10 15:20:02.419 207 207 I vold : Bind mounting //data/media/0/Android/data on /mnt/user/0/emulated/0/Android/data
06-10 15:20:02.420 207 207 I vold : Bind mounted //data/media/0/Android/data on /mnt/user/0/emulated/0/Android/data
06-10 15:20:02.420 207 207 I vold : Bind mounting //data/media/0/Android/obb on /mnt/user/0/emulated/0/Android/obb
06-10 15:20:02.421 683 886 D BluetoothPan: Binding service...
06-10 15:20:02.424 683 683 I vol.Events: writeEvent collection_started
06-10 15:20:02.425 207 207 I vold : Bind mounted //data/media/0/Android/obb on /mnt/user/0/emulated/0/Android/obb
06-10 15:20:02.426 207 207 I vold : Configuring read_ahead of /mnt/user/0/emulated fuse filesystem to 256kb
06-10 15:20:02.427 207 207 I vold : Writing 256 to /sys/class/bdi/0:47/read_ahead_kb
06-10 15:20:02.427 207 207 I vold : Configuring max_ratio of /mnt/user/0/emulated fuse filesystem to 40
06-10 15:20:02.427 207 207 I vold : Writing 40 to /sys/class/bdi/0:47/max_ratio
06-10 15:20:02.428 207 218 D vold : Disk at 253:11 changed
06-10 15:20:02.428 207 218 D vold : Disk at 253:11 changed
06-10 15:20:02.430 523 612 I StorageManagerService: Mounted volume VolumeInfo{emulated;0}:
06-10 15:20:02.430 523 612 I StorageManagerService: type=EMULATED diskId=null partGuid= mountFlags=PRIMARY|VISIBLE
06-10 15:20:02.430 523 612 I StorageManagerService: mountUserId=0 state=MOUNTED
06-10 15:20:02.430 523 612 I StorageManagerService: fsType=null fsUuid=null fsLabel=null
06-10 15:20:02.430 523 612 I StorageManagerService: path=/storage/emulated internalPath=/data/media
06-10 15:20:02.436 523 612 I StorageSessionController: Notifying volume state changed for session with id: emulated;0
06-10 15:20:02.437 683 886 D LocalBluetoothProfileManager: Adding local PBAP profile
06-10 15:20:02.445 664 664 E WifiHAL : wifi_get_link_stats: requestResponse Error:-5
06-10 15:20:02.450 523 619 E WifiVendorHal: getWifiLinkLayerStats_1_5_Internal(l.1191) failed {.code = ERROR_INVALID_ARGS, .description = }
06-10 15:20:02.463 1071 1071 E ccc : cccccc ota-path is cache/recovery/
06-10 15:20:02.466 523 758 W StorageManagerService: Reporting emulated;0 unmounted due to system locked
06-10 15:20:02.468 683 886 D LocalBluetoothProfileManager: Current Profiles[]
06-10 15:20:02.469 683 886 D LocalBluetoothProfileManager: New Profiles[HID]
06-10 15:20:02.473 199 199 I BpBinder: onLastStrongRef automatically unlinking death recipients:
06-10 15:20:02.480 1066 1208 V MediaStore: Examining volume emulated;0 with name external_primary and state mounted
06-10 15:20:02.496 342 342 I xiriservice_All: type=1400 audit(0.0:426): avc: denied { read } for scontext=u:r:init:s0 tcontext=u:r:init:s0 tclass=netlink_kobject_uevent_socket permissive=1
06-10 15:20:02.498 334 335 D XM_HIDREAD: remove@ remove@/devices/virtual/block/dm-10
06-10 15:20:02.501 335 335 W audit : audit_lost=38 audit_rate_limit=5 audit_backlog_limit=64
06-10 15:20:02.501 335 335 E audit : rate limit exceeded
06-10 15:20:02.505 334 335 D XM_HIDREAD: remove@ remove@/devices/virtual/bdi/253:10
06-10 15:20:02.506 334 335 D XM_HIDREAD: remove@ remove@/devices/virtual/block/dm-10
06-10 15:20:02.508 683 886 D CachedBluetoothDevice: updating profiles for Dangbei
06-10 15:20:02.516 683 886 V CachedBluetoothDevice: Class: 1f00
06-10 15:20:02.516 683 886 V CachedBluetoothDevice: UUID:
06-10 15:20:02.516 523 612 I StorageSessionController: Notifying volume state changed for session with id: emulated;0
06-10 15:20:02.516 683 886 V CachedBluetoothDevice: 00001812-0000-1000-8000-00805f9b34fb
06-10 15:20:02.517 1066 1208 I ExternalStorageServiceImpl: Ignoring volume state for vol:external_primary. State: checking
06-10 15:20:02.524 1071 1071 W ContextImpl: Calling a method in the system process without a qualified user: android.app.ContextImpl.startService:1816 android.content.ContextWrapper.startService:774 com.dangbei.lerad.etna.core.EtnaManager.startService:64 com.dangbei.lerad.etna.core.EtnaManager.init:39 com.dangbei.lerad.etna.haqu.EtnaApplication.init:87
06-10 15:20:02.529 383 383 I update_engine: CheckTargetMergeState for vendor_dlkm_b returned: 5
06-10 15:20:02.646 1231 1231 I MultiDex: VM with version 2.1.0 has multidex support
06-10 15:20:02.646 1231 1231 I MultiDex: Installing application
06-10 15:20:02.646 1231 1231 I MultiDex: VM has multidex support, MultiDex support library is disabled.
06-10 15:20:02.653 383 383 I update_engine: CheckTargetMergeState for system_b returned: 3
06-10 15:20:02.662 822 914 D BufferPoolAccessor2.0: bufferpool2 0xf2c4ed18 : 0(0 size) total buffers - 0(0 size) used buffers - 1/7 (recycle/alloc) - 9/96 (fetch/transfer)
06-10 15:20:02.662 822 914 D BufferPoolAccessor2.0: evictor expired: 1, evicted: 1
06-10 15:20:02.719 523 544 W IorapForwardingService: No service published for: iorapd
06-10 15:20:02.725 523 545 D ColorDisplayService: NightDisplayTintController Animation cancelled: false to matrix:
06-10 15:20:02.725 523 545 D ColorDisplayService: 1.000000 0.000000 0.000000 0.000000 0.000000 1.000000 0.000000 0.000000 0.000000 0.000000 1.000000 0.000000 0.000000 0.000000 0.000000 1.000000 min matrix coefficients:
06-10 15:20:02.725 523 545 D ColorDisplayService: 1.000000 0.000000 0.000000 0.000000 0.000000 1.000000 0.000000 0.000000 0.000000 0.000000 1.000000 0.000000 0.000000 0.000000 0.000000 1.000000 max matrix coefficients:
06-10 15:20:02.725 523 545 D ColorDisplayService: 1.000000 0.000000 0.000000 0.000000 0.000000 1.000000 0.000000 0.000000 0.000000 0.000000 1.000000 0.000000 0.000000 0.000000 0.000000 1.000000
06-10 15:20:02.757 383 383 I update_engine: CheckMergeState for snapshots returned: 3
06-10 15:20:02.772 523 659 D CompatibilityChangeReporter: Compat change id reported: 168419799; UID 1000; state: DISABLED
06-10 15:20:02.783 1066 1208 V MediaStore: Examining volume emulated;0 with name external_primary and state mounted
06-10 15:20:02.801 523 612 I StorageSessionController: Notifying volume state changed for session with id: emulated;0
06-10 15:20:02.804 1066 1066 V MediaStore: Examining volume emulated;0 with name external_primary and state mounted
06-10 15:20:02.810 1071 1071 W ContextImpl: Calling a method in the system process without a qualified user: android.app.ContextImpl.startService:1816 android.content.ContextWrapper.startService:774 com.dangbei.andes.CoreService$Companion.start:29 com.dangbei.lerad.etna.haqu.EtnaApplication.init:88 com.dangbei.lerad.etna.haqu.EtnaApplication.onCreate:59
06-10 15:20:02.810 199 199 I servicemanager: Notifying gsiservice they have clients: 1
06-10 15:20:02.811 1215 1215 I AidlLazyServiceRegistrar: Process has 1 (of 1 available) client(s) in use after notification gsiservice has clients: 1
06-10 15:20:02.816 1282 1282 V GraphicsEnvironment: ANGLE Developer option for 'com.android.providers.contacts' set to: 'default'
06-10 15:20:02.816 1282 1282 V GraphicsEnvironment: Neither updatable production driver nor prerelease driver is supported.
06-10 15:20:02.819 1279 1279 V GraphicsEnvironment: ANGLE Developer option for 'com.android.music' set to: 'default'
06-10 15:20:02.820 1279 1279 V GraphicsEnvironment: Neither updatable production driver nor prerelease driver is supported.
06-10 15:20:02.827 1282 1282 D NetworkSecurityConfig: No Network Security Config specified, using platform default
06-10 15:20:02.831 1279 1279 D NetworkSecurityConfig: No Network Security Config specified, using platform default
06-10 15:20:02.832 1279 1279 D NetworkSecurityConfig: No Network Security Config specified, using platform default
06-10 15:20:02.833 1282 1282 D NetworkSecurityConfig: No Network Security Config specified, using platform default
06-10 15:20:02.866 1231 1231 E PartsInfoProvider: onCreate:
06-10 15:20:02.872 523 538 D CompatibilityChangeReporter: Compat change id reported: 168419799; UID 10074; state: DISABLED
06-10 15:20:02.876 383 383 I update_engine: ProcessUpdateState handling state: 3
06-10 15:20:02.880 1071 1071 D DisplayOutputManager: ro.build.characteristics=homlet
06-10 15:20:02.882 199 199 I servicemanager: Found vendor.display.output.IDisplayOutputManager/default in device VINTF manifest.
06-10 15:20:02.884 523 659 W ActivityManager: Background start not allowed: service Intent { act=com.dangbei.screencast.STARTUP pkg=com.dangbei.screencast } to com.dangbei.screencast/.startup.StartupService from pid=1231 uid=10015 pkg=com.dangbei.screencast startFg?=false
06-10 15:20:02.886 1231 1231 W System.err: android.app.BackgroundServiceStartNotAllowedException: Not allowed to start service Intent { act=com.dangbei.screencast.STARTUP pkg=com.dangbei.screencast }: app is in background uid UidRecord{4623b9f u0a15 RCVR idle change:idle|uncached procs:0 seq(0,0,0)}
06-10 15:20:02.888 1071 1071 D HomletDisplayOutputManager: get IDisplayOutputManager service success
06-10 15:20:02.890 1071 1071 D AudioManagerEx: AudioManagerEx
06-10 15:20:02.890 1231 1231 W System.err: at android.app.ContextImpl.startServiceCommon(ContextImpl.java:1861)
06-10 15:20:02.893 1231 1231 W System.err: at android.app.ContextImpl.startService(ContextImpl.java:1817)
06-10 15:20:02.894 1231 1231 W System.err: at android.content.ContextWrapper.startService(ContextWrapper.java:774)
06-10 15:20:02.895 1231 1231 W System.err: at b.f.f.h.g.k.a(Unknown Source:20)
06-10 15:20:02.898 1128 1128 E hq : USBReceiver:::USBReceiver onReceive: list=1
06-10 15:20:02.898 1231 1231 W System.err: at com.dangbei.screencast.provider.PartsInfoProvider.onCreate(:2)
06-10 15:20:02.899 1231 1231 W System.err: at android.content.ContentProvider.attachInfo(ContentProvider.java:2404)
06-10 15:20:02.899 1231 1231 W System.err: at android.content.ContentProvider.attachInfo(ContentProvider.java:2374)
06-10 15:20:02.899 1231 1231 W System.err: at android.app.ActivityThread.installProvider(ActivityThread.java:7437)
06-10 15:20:02.900 1231 1231 W System.err: at android.app.ActivityThread.installContentProviders(ActivityThread.java:6954)
06-10 15:20:02.900 1231 1231 W System.err: at android.app.ActivityThread.handleBindApplication(ActivityThread.java:6725)
06-10 15:20:02.900 1231 1231 W System.err: at android.app.ActivityThread.access$1500(ActivityThread.java:247)
06-10 15:20:02.900 1231 1231 W System.err: at android.app.ActivityThread$H.handleMessage(ActivityThread.java:2053)
06-10 15:20:02.900 1231 1231 W System.err: at android.os.Handler.dispatchMessage(Handler.java:106)
06-10 15:20:02.900 1231 1231 W System.err: at android.os.Looper.loopOnce(Looper.java:201)
06-10 15:20:02.900 1231 1231 W System.err: at android.os.Looper.loop(Looper.java:288)
06-10 15:20:02.900 1231 1231 W System.err: at android.app.ActivityThread.main(ActivityThread.java:7854)
06-10 15:20:02.900 1231 1231 W System.err: at java.lang.reflect.Method.invoke(Native Method)
06-10 15:20:02.900 1231 1231 W System.err: at com.android.internal.os.RuntimeInit$MethodAndArgsCaller.run(RuntimeInit.java:548)
06-10 15:20:02.900 1231 1231 W System.err: at com.android.internal.os.ZygoteInit.main(ZygoteInit.java:1182)
06-10 15:20:02.905 1066 1208 V MediaStore: Examining volume emulated;0 with name external_primary and state mounted
06-10 15:20:02.905 1128 1307 D hq : NetWorkStateReceiver:::检查网络,并且持续更新 isConnect=false
06-10 15:20:02.909 1128 1128 E DispatcherManager: publishMode=DBBOX-A2 piDispatcher=com.dangbei.launcher.dispatcher.function.BOXAXDispatcher@792aa63
06-10 15:20:02.909 266 266 D audio_hw_primary: Mic get_audio_devices_active:
06-10 15:20:02.910 266 266 D audio_hw_primary: get_audio_devices_active: AUDIO_HDMI
06-10 15:20:02.911 266 266 D xm_audio: adev_get_parameters
06-10 15:20:02.911 285 453 I hash_map_utils: system/bt/osi/src/hash_map_utils.cc:81 hash_map_utils_dump_string_keys_string_values: key: 'audio_devices_out_active' value: ''
06-10 15:20:02.912 1071 1071 D AudioManagerEx: type audio_devices_out_active list AUDIO_HDMI=
06-10 15:20:02.914 1128 1128 I hq : 当前的服务模式是,serviceMode=0
06-10 15:20:02.914 1066 1342 I MediaProvider: Begin Intent { act=com.android.providers.media.action.SCAN_VOLUME (has extras) }
06-10 15:20:02.920 266 333 D audio_hw_primary: getAudioDevices()
06-10 15:20:02.921 266 333 D audio_hw_primary: out dev:AUDIO_CODEC
06-10 15:20:02.921 266 333 D audio_hw_primary: in dev:AUDIO_SPDIF
06-10 15:20:02.921 266 333 D audio_hw_primary: out dev:AUDIO_SPDIF
06-10 15:20:02.921 266 333 D audio_hw_primary: in dev:AUDIO_HDMI
06-10 15:20:02.921 266 333 D audio_hw_primary: out dev:AUDIO_HDMI
06-10 15:20:02.921 266 333 D audio_hw_primary: in dev:AUDIO_I2S2
06-10 15:20:02.921 266 333 D audio_hw_primary: out playback: AUDIO_CODEC,AUDIO_SPDIF,AUDIO_HDMI
06-10 15:20:02.921 266 333 D xm_audio: adev_get_parameters
06-10 15:20:02.921 285 453 I hash_map_utils: system/bt/osi/src/hash_map_utils.cc:81 hash_map_utils_dump_string_keys_string_values: key: 'audio_devices_out' value: ''
06-10 15:20:02.923 523 612 D StorageManagerService: Volume emulated;0 broadcasting mounted to UserHandle{0}
06-10 15:20:02.923 363 379 D installd: Found quota mount /dev/block/by-name/userdata at /data
06-10 15:20:02.924 363 379 D installd: Found quota mount /dev/block/by-name/userdata at /data/user/0
06-10 15:20:02.923 1071 1071 D AudioManagerEx: type audio_devices_out list AUDIO_CODEC,AUDIO_SPDIF,AUDIO_HDMI=
06-10 15:20:02.925 363 379 D installd: Found quota mount /dev/block/by-name/userdata at /mnt/pass_through/0/emulated
06-10 15:20:02.925 363 379 D installd: Found quota mount /dev/block/by-name/userdata at /mnt/user/0/emulated/0/Android/data
06-10 15:20:02.925 363 379 D installd: Found quota mount /dev/block/by-name/userdata at /storage/emulated/0/Android/data
06-10 15:20:02.925 363 379 D installd: Found quota mount /dev/block/by-name/userdata at /mnt/androidwritable/0/emulated/0/Android/data
06-10 15:20:02.926 363 379 D installd: Found quota mount /dev/block/by-name/userdata at /mnt/installer/0/emulated/0/Android/data
06-10 15:20:02.926 363 379 D installd: Found quota mount /dev/block/by-name/userdata at /mnt/user/0/emulated/0/Android/obb
06-10 15:20:02.926 363 379 D installd: Found quota mount /dev/block/by-name/userdata at /storage/emulated/0/Android/obb
06-10 15:20:02.926 363 379 D installd: Found quota mount /dev/block/by-name/userdata at /mnt/androidwritable/0/emulated/0/Android/obb
06-10 15:20:02.926 363 379 D installd: Found quota mount /dev/block/by-name/userdata at /mnt/installer/0/emulated/0/Android/obb
06-10 15:20:02.928 523 612 D StorageManagerService: Volume emulated;0 broadcasting mounted to UserHandle{0}
06-10 15:20:02.929 363 379 D installd: Found storage mount /dev/block/by-name/userdata at /mnt/pass_through/0/emulated
06-10 15:20:02.933 1279 1279 D music_MediaPlaybackSer: onCreate()
06-10 15:20:02.933 1279 1279 D music_MediaPlaybackSer: Create MusicProvider
06-10 15:20:02.937 1066 1066 V MediaStore: Examining volume emulated;0 with name external_primary and state mounted
06-10 15:20:02.940 523 818 W ActivityManager: Background start not allowed: service Intent { act=com.dangbei.screencast.STARTUP pkg=com.dangbei.screencast } to com.dangbei.screencast/.startup.StartupService from pid=1231 uid=10015 pkg=com.dangbei.screencast startFg?=false
06-10 15:20:02.942 1231 1231 W System.err: android.app.BackgroundServiceStartNotAllowedException: Not allowed to start service Intent { act=com.dangbei.screencast.STARTUP pkg=com.dangbei.screencast }: app is in background uid UidRecord{4623b9f u0a15 RCVR idle change:idle|uncached procs:0 seq(0,0,0)}
06-10 15:20:02.942 1231 1231 W System.err: at android.app.ContextImpl.startServiceCommon(ContextImpl.java:1861)
06-10 15:20:02.942 1231 1231 W System.err: at android.app.ContextImpl.startService(ContextImpl.java:1817)
06-10 15:20:02.943 1231 1231 W System.err: at android.content.ContextWrapper.startService(ContextWrapper.java:774)
06-10 15:20:02.943 1231 1231 W System.err: at b.f.f.h.g.k.a(Unknown Source:20)
06-10 15:20:02.943 1231 1231 W System.err: at com.dangbei.screencast.common.utils.remotepreferences.ScreenCastPreferenceProvider.onCreate(Unknown Source:11)
06-10 15:20:02.943 1231 1231 W System.err: at android.content.ContentProvider.attachInfo(ContentProvider.java:2404)
06-10 15:20:02.943 1231 1231 W System.err: at android.content.ContentProvider.attachInfo(ContentProvider.java:2374)
06-10 15:20:02.943 1231 1231 W System.err: at android.app.ActivityThread.installProvider(ActivityThread.java:7437)
06-10 15:20:02.943 1231 1231 W System.err: at android.app.ActivityThread.installContentProviders(ActivityThread.java:6954)
06-10 15:20:02.943 1231 1231 W System.err: at android.app.ActivityThread.handleBindApplication(ActivityThread.java:6725)
06-10 15:20:02.943 1231 1231 W System.err: at android.app.ActivityThread.access$1500(ActivityThread.java:247)
06-10 15:20:02.943 1231 1231 W System.err: at android.app.ActivityThread$H.handleMessage(ActivityThread.java:2053)
06-10 15:20:02.943 1231 1231 W System.err: at android.os.Handler.dispatchMessage(Handler.java:106)
06-10 15:20:02.943 1231 1231 W System.err: at android.os.Looper.loopOnce(Looper.java:201)
06-10 15:20:02.943 1231 1231 W System.err: at android.os.Looper.loop(Looper.java:288)
06-10 15:20:02.943 1231 1231 W System.err: at android.app.ActivityThread.main(ActivityThread.java:7854)
06-10 15:20:02.943 1231 1231 W System.err: at java.lang.reflect.Method.invoke(Native Method)
06-10 15:20:02.943 1231 1231 W System.err: at com.android.internal.os.RuntimeInit$MethodAndArgsCaller.run(RuntimeInit.java:548)
06-10 15:20:02.943 1231 1231 W System.err: at com.android.internal.os.ZygoteInit.main(ZygoteInit.java:1182)
06-10 15:20:02.944 1279 1279 D music_MediaPlaybackSer: Create MediaSession
06-10 15:20:02.952 1066 1066 V MediaStore: Examining volume emulated;0 with name external_primary and state mounted
06-10 15:20:02.955 674 674 V MediaPlayerList: onActiveSessionsChanged: number of controllers: 0
06-10 15:20:02.971 523 626 D ConnectivityService: NetReassign [no changes]
06-10 15:20:02.979 523 626 D ConnectivityService: NetReassign [no changes]
06-10 15:20:02.984 1279 1279 D CompatibilityChangeReporter: Compat change id reported: 160794467; UID 10045; state: DISABLED
06-10 15:20:02.986 1279 1279 D music_MediaPlaybackSer: updatePlaybackState, playback state=0
06-10 15:20:02.999 1071 1346 W ContextImpl: Calling a method in the system process without a qualified user: android.app.ContextImpl.bindService:1895 android.content.ContextWrapper.bindService:810 com.dangbei.lerad.etna.lib.client.EtnaClient.bindServer:138 com.dangbei.lerad.etna.lib.client.EtnaClient.access$600:29 com.dangbei.lerad.etna.lib.client.EtnaClient$3.call:205
06-10 15:20:03.007 383 383 I update_engine: [INFO:cleanup_previous_update_action.cc(361)] Waiting for merge to complete: 16%.
06-10 15:20:03.041 1231 1231 D AndroidAutoSize: designWidthInDp = 360, designHeightInDp = 640, screenWidth = 1920, screenHeight = 1080
06-10 15:20:03.042 1231 1231 D AndroidAutoSize: initDensity = 1.5, initScaledDensity = 1.5
06-10 15:20:03.090 1066 1342 V MediaProvider: onConfigure() for internal.db
06-10 15:20:03.095 1128 1128 E hq : 检查user:::switchDao id=-1
06-10 15:20:03.101 1066 1342 V MediaProvider: onOpen() for internal.db
06-10 15:20:03.102 1066 1342 V MediaProvider: onOpen() finished for internal.db
06-10 15:20:03.117 383 383 I update_engine: [INFO:cleanup_previous_update_action.cc(124)] CleanupPreviousUpdateAction scheduled task ID 8 for WaitForMerge
06-10 15:20:03.119 1279 1279 D music_MusicApp: add mount callback: com.android.music.MediaPlaybackService@87bafcc
