06-10 15:19:56.508 904 904 I Thread-2: type=1400 audit(0.0:345): avc: denied { execute } for name="am" dev="dm-5" ino=1160 scontext=u:r:system_app:s0 tcontext=u:object_r:vendor_file:s0 tclass=file permissive=1
06-10 15:19:56.508 904 904 I Thread-2: type=1400 audit(0.0:346): avc: denied { read open } for path="/vendor/xbin/am" dev="dm-5" ino=1160 scontext=u:r:system_app:s0 tcontext=u:object_r:vendor_file:s0 tclass=file permissive=1
06-10 15:19:56.512 904 904 I Thread-2: type=1400 audit(0.0:347): avc: denied { execute_no_trans } for path="/vendor/xbin/am" dev="dm-5" ino=1160 scontext=u:r:system_app:s0 tcontext=u:object_r:vendor_file:s0 tclass=file permissive=1
06-10 15:19:56.525 523 523 D NetworkSecurityConfig: No Network Security Config specified, using platform default
06-10 15:19:56.526 852 852 D NetworkSecurityConfig: No Network Security Config specified, using platform default
06-10 15:19:56.526 852 852 D NetworkSecurityConfig: No Network Security Config specified, using platform default
06-10 15:19:56.530 523 759 D CompatibilityChangeReporter: Compat change id reported: 171306433; UID 1000; state: ENABLED
06-10 15:19:56.533 523 523 D NetworkSecurityConfig: No Network Security Config specified, using platform default
06-10 15:19:56.552 523 523 W Looper : Slow dispatch took 179ms main h=android.app.ActivityThread$H c=null m=114
06-10 15:19:56.560 523 542 I ServiceWatcher: [fused] connected to {com.android.location.fused/com.android.location.fused.FusedLocationService}
06-10 15:19:56.561 523 523 E WiredAccessoryManager: No state change.
06-10 15:19:56.568 822 905 D MediaCodecList: codecHandlesFormat: no format, so no extra checks
06-10 15:19:56.572 822 911 D CCodec : allocate(c2.android.vorbis.decoder)
06-10 15:19:56.575 822 911 I Codec2Client: Available Codec2 services: "software"
06-10 15:19:56.578 523 523 W WiredAccessoryManager: Both input event and extcon are used for audio jack, please just choose one.
06-10 15:19:56.581 822 911 I CCodec : Created component [c2.android.vorbis.decoder]
06-10 15:19:56.582 822 911 D CCodecConfig: read media type: audio/vorbis
06-10 15:19:56.586 822 911 D ReflectedParamUpdater: extent() != 1 for single value type: algo.buffers.max-count.values
06-10 15:19:56.584 523 523 I Binder:523_6: type=1400 audit(0.0:348): avc: denied { read } for name="u:object_r:vendor_default_prop:s0" dev="tmpfs" ino=6503 scontext=u:r:system_server:s0 tcontext=u:object_r:vendor_default_prop:s0 tclass=file permissive=1
06-10 15:19:56.584 523 523 I Binder:523_6: type=1400 audit(0.0:349): avc: denied { open } for path="/dev/__properties__/u:object_r:vendor_default_prop:s0" dev="tmpfs" ino=6503 scontext=u:r:system_server:s0 tcontext=u:object_r:vendor_default_prop:s0 tclass=file permissive=1
06-10 15:19:56.584 523 523 I Binder:523_6: type=1400 audit(0.0:350): avc: denied { getattr } for path="/dev/__properties__/u:object_r:vendor_default_prop:s0" dev="tmpfs" ino=6503 scontext=u:r:system_server:s0 tcontext=u:object_r:vendor_default_prop:s0 tclass=file permissive=1
06-10 15:19:56.584 523 523 I Binder:523_6: type=1400 audit(0.0:351): avc: denied { map } for path="/dev/__properties__/u:object_r:vendor_default_prop:s0" dev="tmpfs" ino=6503 scontext=u:r:system_server:s0 tcontext=u:object_r:vendor_default_prop:s0 tclass=file permissive=1
06-10 15:19:56.591 822 911 D ReflectedParamUpdater: extent() != 1 for single value type: output.subscribed-indices.values
06-10 15:19:56.591 822 911 D ReflectedParamUpdater: extent() != 1 for single value type: input.buffers.allocator-ids.values
06-10 15:19:56.591 822 911 D ReflectedParamUpdater: extent() != 1 for single value type: output.buffers.allocator-ids.values
06-10 15:19:56.592 822 911 D ReflectedParamUpdater: extent() != 1 for single value type: algo.buffers.allocator-ids.values
06-10 15:19:56.593 822 911 D ReflectedParamUpdater: extent() != 1 for single value type: output.buffers.pool-ids.values
06-10 15:19:56.594 822 911 D ReflectedParamUpdater: extent() != 1 for single value type: algo.buffers.pool-ids.values
06-10 15:19:56.597 822 911 I CCodecConfig: query failed after returning 7 values (BAD_INDEX)
06-10 15:19:56.598 822 911 D CCodecConfig: c2 config diff is Dict {
06-10 15:19:56.598 822 911 D CCodecConfig: c2::u32 coded.bitrate.value = 64000
06-10 15:19:56.598 822 911 D CCodecConfig: c2::u32 input.buffers.max-size.value = 32768
06-10 15:19:56.598 822 911 D CCodecConfig: c2::u32 input.delay.value = 0
06-10 15:19:56.598 822 911 D CCodecConfig: string input.media-type.value = "audio/vorbis"
06-10 15:19:56.598 822 911 D CCodecConfig: string output.media-type.value = "audio/raw"
06-10 15:19:56.598 822 911 D CCodecConfig: c2::u32 raw.channel-count.value = 1
06-10 15:19:56.598 822 911 D CCodecConfig: c2::u32 raw.sample-rate.value = 48000
06-10 15:19:56.598 822 911 D CCodecConfig: }
06-10 15:19:56.599 523 546 D CompatibilityChangeReporter: Compat change id reported: 158002302; UID 1000; state: ENABLED
06-10 15:19:56.601 822 911 D CCodec : [c2.android.vorbis.decoder] buffers are bound to CCodec for this session
06-10 15:19:56.601 822 911 D CCodecConfig: no c2 equivalents for durationUs
06-10 15:19:56.602 822 911 D CCodecConfig: no c2 equivalents for track-id
06-10 15:19:56.602 822 911 D CCodecConfig: no c2 equivalents for csd-1
06-10 15:19:56.602 822 911 D CCodecConfig: no c2 equivalents for channel-mask
06-10 15:19:56.602 822 911 D CCodecConfig: no c2 equivalents for flags
06-10 15:19:56.603 200 200 I hwservicemanager: getTransport: Cannot find entry android.hardware.configstore@1.0::ISurfaceFlingerConfigs/default in either framework or device VINTF manifest.
06-10 15:19:56.606 822 911 D CCodecConfig: c2 config diff is c2::u32 coded.bitrate.value = 224000
06-10 15:19:56.606 822 911 D CCodecConfig: c2::u32 raw.channel-count.value = 2
06-10 15:19:56.610 822 911 W Codec2Client: query -- param skipped: index = 1107298332.
06-10 15:19:56.611 822 911 D CCodec : setup formats input: AMessage(what = 0x00000000) = {
06-10 15:19:56.611 822 911 D CCodec : int32_t bitrate = 224000
06-10 15:19:56.611 822 911 D CCodec : int32_t channel-count = 2
06-10 15:19:56.611 822 911 D CCodec : int32_t max-input-size = 32768
06-10 15:19:56.611 822 911 D CCodec : string mime = "audio/vorbis"
06-10 15:19:56.611 822 911 D CCodec : int32_t sample-rate = 48000
06-10 15:19:56.611 822 911 D CCodec : }
06-10 15:19:56.611 822 911 D CCodec : setup formats output: AMessage(what = 0x00000000) = {
06-10 15:19:56.611 822 911 D CCodec : int32_t channel-count = 2
06-10 15:19:56.611 822 911 D CCodec : string mime = "audio/raw"
06-10 15:19:56.611 822 911 D CCodec : int32_t sample-rate = 48000
06-10 15:19:56.611 822 911 D CCodec : int32_t channel-mask = 3
06-10 15:19:56.611 822 911 D CCodec : }
06-10 15:19:56.611 362 362 D incidentd: WorkDirectory::getReports
06-10 15:19:56.613 822 911 I CCodecConfig: query failed after returning 7 values (BAD_INDEX)
06-10 15:19:56.617 822 911 W Codec2Client: query -- param skipped: index = 1342179345.
06-10 15:19:56.617 822 911 W Codec2Client: query -- param skipped: index = 2415921170.
06-10 15:19:56.618 822 911 D C2Store : Using ION
06-10 15:19:56.619 822 911 D CCodecBufferChannel: [c2.android.vorbis.decoder#255] Created input block pool with allocatorID 16 => poolID 17 - OK (0)
06-10 15:19:56.623 822 911 I CCodecBufferChannel: [c2.android.vorbis.decoder#255] Created output block pool with allocatorID 16 => poolID 19 - OK
06-10 15:19:56.624 822 911 D CCodecBufferChannel: [c2.android.vorbis.decoder#255] Configured output block pool ids 19 => OK
06-10 15:19:56.626 822 911 E ion : ioctl c0044901 failed with code -1: Inappropriate ioctl for device
06-10 15:19:56.630 683 683 D MediaResumeListener: loaded resume components []
06-10 15:19:56.631 523 523 W TrustManagerService: EXTRA_USER_HANDLE missing or invalid, value=0
06-10 15:19:56.638 683 683 D LocalBluetoothProfileManager: LocalBluetoothProfileManager construction complete
06-10 15:19:56.643 288 570 E HWComposer: getSupportedContentTypes: getSupportedContentTypes failed for display 0: Unsupported (8)
06-10 15:19:56.643 683 683 D LocalBluetoothProfileManager: supportedList is null
06-10 15:19:56.644 378 916 D SimpleC2Component: Using output block pool with poolID 19 => got 19 - 0
06-10 15:19:56.651 200 200 I hwservicemanager: getTransport: Cannot find entry android.hardware.graphics.mapper@4.0::IMapper/default in either framework or device VINTF manifest.
06-10 15:19:56.651 822 926 I Gralloc4: mapper 4.x is not supported
06-10 15:19:56.652 200 200 I hwservicemanager: getTransport: Cannot find entry android.hardware.graphics.mapper@3.0::IMapper/default in either framework or device VINTF manifest.
06-10 15:19:56.655 822 926 W Gralloc3: mapper 3.x is not supported
06-10 15:19:56.667 523 523 I SystemServerTiming: ManagedServices.unbindOtherUserServices_current0
06-10 15:19:56.667 523 523 I SystemServerTiming: ManagedServices.unbindOtherUserServices_current0
06-10 15:19:56.668 523 523 I SystemServerTiming: ManagedServices.unbindOtherUserServices_current0
06-10 15:19:56.669 523 523 V NotificationAssistants: enabling notification assistant for 0: ComponentInfo{android.ext.services/android.ext.services.notification.Assistant}
06-10 15:19:56.669 822 926 E gralloc : Arm Module v1.0
06-10 15:19:56.674 523 523 V NotificationAssistants: binding: Intent { act=android.service.notification.NotificationAssistantService cmp=android.ext.services/.notification.Assistant (has extras) }
06-10 15:19:56.677 200 200 I hwservicemanager: getTransport: Cannot find entry android.hardware.graphics.allocator@4.0::IAllocator/default in either framework or device VINTF manifest.
06-10 15:19:56.678 822 926 W Gralloc4: allocator 4.x is not supported
06-10 15:19:56.678 200 200 I hwservicemanager: getTransport: Cannot find entry android.hardware.graphics.allocator@3.0::IAllocator/default in either framework or device VINTF manifest.
06-10 15:19:56.679 822 926 W Gralloc3: allocator 3.x is not supported
06-10 15:19:56.683 523 759 W ActivityManager: Unable to start service Intent { cmp=com.oranth.ledstatus/.LedStatusService } U=0: not found
06-10 15:19:56.683 523 758 W ActivityManager: Unable to start service Intent { cmp=com.oranth.storage/.MainService } U=0: not found
06-10 15:19:56.688 276 315 I gralloc : alloc buffer:W:1920 H:1080 S:1920 PL[1920 1080] SZ:8294400 fmt:1 if:0 af:1 usg:20000b00 fg:00000004
06-10 15:19:56.689 822 926 E ion : ioctl c0044901 failed with code -1: Inappropriate ioctl for device
06-10 15:19:56.691 523 544 W IorapForwardingService: No service published for: iorapd
06-10 15:19:56.693 276 315 I gralloc : alloc buffer:W:1920 H:1080 S:1920 PL[1920 1080] SZ:8294400 fmt:1 if:0 af:1 usg:20000b00 fg:00000004
06-10 15:19:56.705 276 315 I gralloc : alloc buffer:W:1920 H:1080 S:1920 PL[1920 1080] SZ:8294400 fmt:1 if:0 af:1 usg:20000b00 fg:00000004
06-10 15:19:56.730 280 280 I AW_PowerHAL: Power setMode: SUSTAINED_PERFORMANCE to: 0
06-10 15:19:56.730 280 280 I AW_PowerHAL: BootCompleted
06-10 15:19:56.731 523 545 I ActivityManagerTiming: FinishBooting
06-10 15:19:56.733 280 280 I AW_PowerHAL: cur-mode:SCHEDUTIL-Home
06-10 15:19:56.744 523 545 W KeyguardServiceDelegate: onScreenTurningOn(): no keyguard service!
06-10 15:19:56.810 683 683 W AlarmManager: Unrecognized alarm listener com.android.systemui.keyguard.KeyguardSliceProvider$$ExternalSyntheticLambda0@a869b00
06-10 15:19:56.883 683 683 V SystemUIService: SystemUIApplication created.
06-10 15:19:56.886 822 911 D CCodecBufferChannel: [c2.android.vorbis.decoder#255] MediaCodec discarded an unknown buffer
06-10 15:19:56.886 822 911 D CCodecBufferChannel: [c2.android.vorbis.decoder#255] MediaCodec discarded an unknown buffer
06-10 15:19:56.887 683 683 D SystemUIService: is homlet
06-10 15:19:56.887 683 683 I SystemUIService: Found SurfaceFlinger's GPU Priority: 12545
06-10 15:19:56.889 822 938 I hw-BpHwBinder: onLastStrongRef automatically unlinking death recipients
06-10 15:19:56.889 378 378 I hw-BpHwBinder: onLastStrongRef automatically unlinking death recipients
06-10 15:19:56.921 822 905 D MediaCodecList: codecHandlesFormat: no format, so no extra checks
06-10 15:19:56.924 822 942 D CCodec : allocate(c2.android.vorbis.decoder)
06-10 15:19:56.928 822 942 I CCodec : Created component [c2.android.vorbis.decoder]
06-10 15:19:56.928 822 942 D CCodecConfig: read media type: audio/vorbis
06-10 15:19:56.934 822 942 D ReflectedParamUpdater: extent() != 1 for single value type: algo.buffers.max-count.values
06-10 15:19:56.935 822 942 D ReflectedParamUpdater: extent() != 1 for single value type: output.subscribed-indices.values
06-10 15:19:56.935 822 942 D ReflectedParamUpdater: extent() != 1 for single value type: input.buffers.allocator-ids.values
06-10 15:19:56.935 822 942 D ReflectedParamUpdater: extent() != 1 for single value type: output.buffers.allocator-ids.values
06-10 15:19:56.935 822 942 D ReflectedParamUpdater: extent() != 1 for single value type: algo.buffers.allocator-ids.values
06-10 15:19:56.935 822 942 D ReflectedParamUpdater: extent() != 1 for single value type: output.buffers.pool-ids.values
06-10 15:19:56.936 822 942 D ReflectedParamUpdater: extent() != 1 for single value type: algo.buffers.pool-ids.values
06-10 15:19:56.940 822 942 I CCodecConfig: query failed after returning 7 values (BAD_INDEX)
06-10 15:19:56.940 822 942 D CCodecConfig: c2 config diff is Dict {
06-10 15:19:56.940 822 942 D CCodecConfig: c2::u32 coded.bitrate.value = 64000
06-10 15:19:56.940 822 942 D CCodecConfig: c2::u32 input.buffers.max-size.value = 32768
06-10 15:19:56.940 822 942 D CCodecConfig: c2::u32 input.delay.value = 0
06-10 15:19:56.940 822 942 D CCodecConfig: string input.media-type.value = "audio/vorbis"
06-10 15:19:56.940 822 942 D CCodecConfig: string output.media-type.value = "audio/raw"
06-10 15:19:56.940 822 942 D CCodecConfig: c2::u32 raw.channel-count.value = 1
06-10 15:19:56.940 822 942 D CCodecConfig: c2::u32 raw.sample-rate.value = 48000
06-10 15:19:56.940 822 942 D CCodecConfig: }
06-10 15:19:56.942 822 942 D CCodec : [c2.android.vorbis.decoder] buffers are bound to CCodec for this session
06-10 15:19:56.942 822 942 D CCodecConfig: no c2 equivalents for durationUs
06-10 15:19:56.942 822 942 D CCodecConfig: no c2 equivalents for track-id
06-10 15:19:56.942 822 942 D CCodecConfig: no c2 equivalents for csd-1
06-10 15:19:56.942 822 942 D CCodecConfig: no c2 equivalents for channel-mask
06-10 15:19:56.942 822 942 D CCodecConfig: no c2 equivalents for flags
06-10 15:19:56.944 822 942 D CCodecConfig: c2 config diff is c2::u32 coded.bitrate.value = 224000
06-10 15:19:56.944 822 942 D CCodecConfig: c2::u32 raw.channel-count.value = 2
06-10 15:19:56.945 822 942 W Codec2Client: query -- param skipped: index = 1107298332.
06-10 15:19:56.945 822 942 D CCodec : setup formats input: AMessage(what = 0x00000000) = {
06-10 15:19:56.945 822 942 D CCodec : int32_t bitrate = 224000
06-10 15:19:56.945 822 942 D CCodec : int32_t channel-count = 2
06-10 15:19:56.945 822 942 D CCodec : int32_t max-input-size = 32768
06-10 15:19:56.945 822 942 D CCodec : string mime = "audio/vorbis"
06-10 15:19:56.945 822 942 D CCodec : int32_t sample-rate = 48000
06-10 15:19:56.945 822 942 D CCodec : }
06-10 15:19:56.946 822 942 D CCodec : setup formats output: AMessage(what = 0x00000000) = {
06-10 15:19:56.946 822 942 D CCodec : int32_t channel-count = 2
06-10 15:19:56.946 822 942 D CCodec : string mime = "audio/raw"
06-10 15:19:56.946 822 942 D CCodec : int32_t sample-rate = 48000
06-10 15:19:56.946 822 942 D CCodec : int32_t channel-mask = 3
06-10 15:19:56.946 822 942 D CCodec : }
06-10 15:19:56.946 822 942 I CCodecConfig: query failed after returning 7 values (BAD_INDEX)
06-10 15:19:56.951 822 942 W Codec2Client: query -- param skipped: index = 1342179345.
06-10 15:19:56.951 822 942 W Codec2Client: query -- param skipped: index = 2415921170.
06-10 15:19:56.952 822 942 D CCodecBufferChannel: [c2.android.vorbis.decoder#927] Created input block pool with allocatorID 16 => poolID 18 - OK (0)
06-10 15:19:56.958 822 942 I CCodecBufferChannel: [c2.android.vorbis.decoder#927] Created output block pool with allocatorID 16 => poolID 20 - OK
06-10 15:19:56.958 822 942 D CCodecBufferChannel: [c2.android.vorbis.decoder#927] Configured output block pool ids 20 => OK
06-10 15:19:56.970 378 943 D SimpleC2Component: Using output block pool with poolID 20 => got 20 - 0
06-10 15:19:56.973 523 523 W Looper : Slow dispatch took 251ms main h=android.app.ActivityThread$H c=android.app.LoadedApk$ReceiverDispatcher$Args$$ExternalSyntheticLambda0@c7b4656 m=0
06-10 15:19:56.985 523 523 I ConnectivityModuleConnector: Networking module service connected
06-10 15:19:56.985 523 523 I ConnectivityModuleConnector: Networking module service connected
06-10 15:19:56.986 523 523 I NetworkStackClient: Network stack service connected
06-10 15:19:57.004 523 711 D CCodecBufferChannel: [c2.android.vorbis.decoder#412] MediaCodec discarded an unknown buffer
06-10 15:19:57.005 523 711 D CCodecBufferChannel: [c2.android.vorbis.decoder#412] MediaCodec discarded an unknown buffer
06-10 15:19:57.012 523 523 D ConditionProviders.SCP: onSubscribe condition://android/schedule?days=1.2.3.4.5.6.7&start=22.0&end=7.0&exitAtAlarm=true
06-10 15:19:57.016 523 711 I hw-BpHwBinder: onLastStrongRef automatically unlinking death recipients
06-10 15:19:57.022 523 523 D ConditionProviders.SCP: setRegistered true
06-10 15:19:57.035 523 632 W ActivityThread: Failed to find provider info for com.android.calendar (user not unlocked)
06-10 15:19:57.041 523 632 W ActivityThread: Failed to find provider info for com.android.calendar (user not unlocked)
06-10 15:19:57.041 523 523 D ConditionProviders.SCP: evaluateSubscriptionLocked cal=ScheduleCalendar[mDays={1, 2, 3, 4, 5, 6, 7}, mSchedule=ScheduleInfo{days=[1, 2, 3, 4, 5, 6, 7], startHour=22, startMinute=0, endHour=7, endMinute=0, exitAtAlarm=true, nextAlarm=Thu Jan 01 08:00:00 GMT+08:00 1970 (0)}], now=Tue Jun 10 15:19:57 GMT+08:00 2025 (1749539997022), nextUserAlarmTime=Thu Jan 01 08:00:00 GMT+08:00 1970 (0)
06-10 15:19:57.045 523 523 D ConditionProviders.SCP: notifyCondition condition://android/schedule?days=1.2.3.4.5.6.7&start=22.0&end=7.0&exitAtAlarm=true STATE_FALSE reason=!meetsSchedule
06-10 15:19:57.050 523 699 D MediaCodecList: codecHandlesFormat: no format, so no extra checks
06-10 15:19:57.059 523 948 D CCodec : allocate(c2.android.vorbis.decoder)
06-10 15:19:57.062 523 948 I CCodec : Created component [c2.android.vorbis.decoder]
06-10 15:19:57.063 523 948 D CCodecConfig: read media type: audio/vorbis
06-10 15:19:57.064 523 523 D ConditionProviders.SCP: Scheduling evaluate for Tue Jun 10 22:00:00 GMT+08:00 2025 (1749564000000), in +6h40m2s978ms, now=Tue Jun 10 15:19:57 GMT+08:00 2025 (1749539997022)
06-10 15:19:57.066 523 948 D ReflectedParamUpdater: extent() != 1 for single value type: algo.buffers.max-count.values
06-10 15:19:57.066 523 948 D ReflectedParamUpdater: extent() != 1 for single value type: output.subscribed-indices.values
06-10 15:19:57.067 523 948 D ReflectedParamUpdater: extent() != 1 for single value type: input.buffers.allocator-ids.values
06-10 15:19:57.067 523 948 D ReflectedParamUpdater: extent() != 1 for single value type: output.buffers.allocator-ids.values
06-10 15:19:57.067 523 948 D ReflectedParamUpdater: extent() != 1 for single value type: algo.buffers.allocator-ids.values
06-10 15:19:57.067 523 948 D ReflectedParamUpdater: extent() != 1 for single value type: output.buffers.pool-ids.values
06-10 15:19:57.068 523 948 D ReflectedParamUpdater: extent() != 1 for single value type: algo.buffers.pool-ids.values
06-10 15:19:57.071 523 948 I CCodecConfig: query failed after returning 7 values (BAD_INDEX)
06-10 15:19:57.072 523 948 D CCodecConfig: c2 config diff is Dict {
06-10 15:19:57.072 523 948 D CCodecConfig: c2::u32 coded.bitrate.value = 64000
06-10 15:19:57.072 523 948 D CCodecConfig: c2::u32 input.buffers.max-size.value = 32768
06-10 15:19:57.072 523 948 D CCodecConfig: c2::u32 input.delay.value = 0
06-10 15:19:57.072 523 948 D CCodecConfig: string input.media-type.value = "audio/vorbis"
06-10 15:19:57.072 523 948 D CCodecConfig: string output.media-type.value = "audio/raw"
06-10 15:19:57.072 523 948 D CCodecConfig: c2::u32 raw.channel-count.value = 1
06-10 15:19:57.072 523 948 D CCodecConfig: c2::u32 raw.sample-rate.value = 48000
06-10 15:19:57.072 523 948 D CCodecConfig: }
06-10 15:19:57.074 523 948 D CCodec : [c2.android.vorbis.decoder] buffers are bound to CCodec for this session
06-10 15:19:57.074 523 948 D CCodecConfig: no c2 equivalents for durationUs
06-10 15:19:57.074 523 948 D CCodecConfig: no c2 equivalents for track-id
06-10 15:19:57.074 523 948 D CCodecConfig: no c2 equivalents for csd-1
06-10 15:19:57.074 523 948 D CCodecConfig: no c2 equivalents for channel-mask
06-10 15:19:57.074 523 948 D CCodecConfig: no c2 equivalents for flags
06-10 15:19:57.075 523 948 D CCodecConfig: c2 config diff is c2::u32 coded.bitrate.value = 499821
06-10 15:19:57.075 523 948 D CCodecConfig: c2::u32 raw.channel-count.value = 2
06-10 15:19:57.075 523 948 D CCodecConfig: c2::u32 raw.sample-rate.value = 44100
06-10 15:19:57.077 281 281 D hdmi-cec: cec physical address: 2.0.0.0
06-10 15:19:57.078 523 948 W Codec2Client: query -- param skipped: index = 1107298332.
06-10 15:19:57.078 523 948 D CCodec : setup formats input: AMessage(what = 0x00000000) = {
06-10 15:19:57.078 523 948 D CCodec : int32_t bitrate = 499821
06-10 15:19:57.078 523 948 D CCodec : int32_t channel-count = 2
06-10 15:19:57.078 523 948 D CCodec : int32_t max-input-size = 32768
06-10 15:19:57.078 523 948 D CCodec : string mime = "audio/vorbis"
06-10 15:19:57.078 523 948 D CCodec : int32_t sample-rate = 44100
06-10 15:19:57.078 523 948 D CCodec : }
06-10 15:19:57.078 523 948 D CCodec : setup formats output: AMessage(what = 0x00000000) = {
06-10 15:19:57.078 523 948 D CCodec : int32_t channel-count = 2
06-10 15:19:57.078 523 948 D CCodec : string mime = "audio/raw"
06-10 15:19:57.078 523 948 D CCodec : int32_t sample-rate = 44100
06-10 15:19:57.078 523 948 D CCodec : int32_t channel-mask = 3
06-10 15:19:57.078 523 948 D CCodec : }
06-10 15:19:57.079 523 948 I CCodecConfig: query failed after returning 7 values (BAD_INDEX)
06-10 15:19:57.084 523 948 W Codec2Client: query -- param skipped: index = 1342179345.
06-10 15:19:57.084 523 948 W Codec2Client: query -- param skipped: index = 2415921170.
06-10 15:19:57.084 281 281 D hdmi-cec: cec physical address: 2.0.0.0
06-10 15:19:57.084 281 281 D hdmi-cec: cec physical address: 2.0.0.0
06-10 15:19:57.085 281 281 D hdmi-cec: addLogicalAddress (4)
06-10 15:19:57.085 281 281 D hdmi-cec: cec physical address: 2.0.0.0
06-10 15:19:57.092 523 948 D CCodecBufferChannel: [c2.android.vorbis.decoder#759] Created input block pool with allocatorID 16 => poolID 19 - OK (0)
06-10 15:19:57.096 523 948 I CCodecBufferChannel: [c2.android.vorbis.decoder#759] Created output block pool with allocatorID 16 => poolID 21 - OK
06-10 15:19:57.097 523 948 D CCodecBufferChannel: [c2.android.vorbis.decoder#759] Configured output block pool ids 21 => OK
06-10 15:19:57.117 523 712 D CCodecBufferChannel: [c2.android.vorbis.decoder#356] MediaCodec discarded an unknown buffer
06-10 15:19:57.117 523 712 D CCodecBufferChannel: [c2.android.vorbis.decoder#356] MediaCodec discarded an unknown buffer
06-10 15:19:57.119 523 523 D BluetoothManagerService: BluetoothServiceConnection: com.android.bluetooth.btservice.AdapterService
06-10 15:19:57.119 378 949 D SimpleC2Component: Using output block pool with poolID 21 => got 21 - 0
06-10 15:19:57.121 683 683 V SystemUIService: Starting SystemUI services for user 0.
06-10 15:19:57.121 683 683 D SystemUIService: loading: com.android.systemui.util.NotificationChannels
06-10 15:19:57.122 683 683 D SystemUIService: running: com.android.systemui.util.NotificationChannels@c001dcf
06-10 15:19:57.122 523 523 I ConnectivityModuleConnector: Networking module service connected
06-10 15:19:57.124 523 544 D BluetoothManagerService: MESSAGE_BLUETOOTH_SERVICE_CONNECTED: 1
06-10 15:19:57.132 523 523 I ConnectivityModuleConnector: Networking module service connected
06-10 15:19:57.136 523 952 I hw-BpHwBinder: onLastStrongRef automatically unlinking death recipients
06-10 15:19:57.140 683 683 D SystemUIService: loading: com.android.systemui.oranth.ManagerService
06-10 15:19:57.141 199 199 E SELinux : avc: denied { find } for pid=683 uid=10065 name=oranth_manager scontext=u:r:platform_app:s0:c512,c768 tcontext=u:object_r:default_android_service:s0 tclass=service_manager permissive=1
06-10 15:19:57.143 683 683 D SystemUIService: running: com.android.systemui.oranth.ManagerService@cd4d665
06-10 15:19:57.143 683 683 I ManagerService: -------------------- oranth manager service ---------
06-10 15:19:57.153 523 523 D AutofillManagerService: Restriction did not change for user 0
06-10 15:19:57.154 822 942 D CCodecBufferChannel: [c2.android.vorbis.decoder#927] MediaCodec discarded an unknown buffer
06-10 15:19:57.157 822 942 I hw-BpHwBinder: onLastStrongRef automatically unlinking death recipients
06-10 15:19:57.157 378 820 I hw-BpHwBinder: onLastStrongRef automatically unlinking death recipients
06-10 15:19:57.158 523 701 D MediaCodecList: codecHandlesFormat: no format, so no extra checks
06-10 15:19:57.161 523 523 I ExplicitHealthCheckController: Explicit health check service is connected ComponentInfo{android.ext.services/android.ext.services.watchdog.ExplicitHealthCheckServiceImpl}
06-10 15:19:57.162 523 523 I ExplicitHealthCheckController: Service initialized, syncing requests
06-10 15:19:57.164 523 523 V NotificationAssistants: 0 notification assistant service connected: ComponentInfo{android.ext.services/android.ext.services.notification.Assistant}
06-10 15:19:57.167 523 544 D BluetoothManagerService: Broadcasting onBluetoothServiceUp() to 3 receivers.
06-10 15:19:57.168 523 544 D BluetoothAdapter: onBluetoothServiceUp: android.bluetooth.IBluetooth$Stub$Proxy@1497745
06-10 15:19:57.169 674 689 D BluetoothAdapter: onBluetoothServiceUp: com.android.bluetooth.btservice.AdapterService$AdapterServiceBinder@8ddef65
06-10 15:19:57.169 683 707 D BluetoothAdapter: onBluetoothServiceUp: android.bluetooth.IBluetooth$Stub$Proxy@fcbf7c7
06-10 15:19:57.172 674 689 D BluetoothAdapterService: enable() - Enable called with quiet mode status = false
06-10 15:19:57.174 674 823 I AdapterState: BLE_TURNING_ON : entered
06-10 15:19:57.174 674 823 D AdapterProperties: Setting state to BLE_TURNING_ON
06-10 15:19:57.176 674 823 D BluetoothAdapterService: updateAdapterState() - Broadcasting state BLE_TURNING_ON to 1 receivers.
06-10 15:19:57.176 523 544 D BluetoothManagerService: MESSAGE_BLUETOOTH_STATE_CHANGE: OFF > BLE_TURNING_ON
06-10 15:19:57.176 523 544 D BluetoothManagerService: Sending BLE State Change: OFF > BLE_TURNING_ON
06-10 15:19:57.180 523 953 D CCodec : allocate(c2.android.vorbis.decoder)
06-10 15:19:57.184 683 683 I FalsingManager: xdpi, ydpi: 0.16, 0.16
06-10 15:19:57.184 683 683 I FalsingManager: width, height: 1920, 1080
06-10 15:19:57.184 674 823 D BluetoothAdapterService: bleOnProcessStart()
06-10 15:19:57.185 674 823 I AdapterProperties: init(), maxConnectedAudioDevices, default=5, propertyOverlayed=5, finalValue=5
06-10 15:19:57.187 523 953 I CCodec : Created component [c2.android.vorbis.decoder]
06-10 15:19:57.188 683 683 I SharedPreferenc: type=1400 audit(0.0:352): avc: denied { open } for path="/data/user_de/0/com.android.systemui/shared_prefs/plugin_prefs.xml" dev="mmcblk0p25" ino=2165 scontext=u:r:platform_app:s0:c512,c768 tcontext=u:object_r:app_data_file:s0:c512,c768 tclass=file permissive=1 app=com.softwinner.screenshot
06-10 15:19:57.192 523 953 D CCodecConfig: read media type: audio/vorbis
06-10 15:19:57.195 523 953 D ReflectedParamUpdater: extent() != 1 for single value type: algo.buffers.max-count.values
06-10 15:19:57.196 523 953 D ReflectedParamUpdater: extent() != 1 for single value type: output.subscribed-indices.values
06-10 15:19:57.196 523 953 D ReflectedParamUpdater: extent() != 1 for single value type: input.buffers.allocator-ids.values
06-10 15:19:57.196 523 953 D ReflectedParamUpdater: extent() != 1 for single value type: output.buffers.allocator-ids.values
06-10 15:19:57.197 523 953 D ReflectedParamUpdater: extent() != 1 for single value type: algo.buffers.allocator-ids.values
06-10 15:19:57.197 523 953 D ReflectedParamUpdater: extent() != 1 for single value type: output.buffers.pool-ids.values
06-10 15:19:57.197 523 953 D ReflectedParamUpdater: extent() != 1 for single value type: algo.buffers.pool-ids.values
06-10 15:19:57.200 523 953 I CCodecConfig: query failed after returning 7 values (BAD_INDEX)
06-10 15:19:57.200 523 953 D CCodecConfig: c2 config diff is Dict {
06-10 15:19:57.200 523 953 D CCodecConfig: c2::u32 coded.bitrate.value = 64000
06-10 15:19:57.200 523 953 D CCodecConfig: c2::u32 input.buffers.max-size.value = 32768
06-10 15:19:57.200 523 953 D CCodecConfig: c2::u32 input.delay.value = 0
06-10 15:19:57.200 523 953 D CCodecConfig: string input.media-type.value = "audio/vorbis"
06-10 15:19:57.200 523 953 D CCodecConfig: string output.media-type.value = "audio/raw"
06-10 15:19:57.200 523 953 D CCodecConfig: c2::u32 raw.channel-count.value = 1
06-10 15:19:57.200 523 953 D CCodecConfig: c2::u32 raw.sample-rate.value = 48000
06-10 15:19:57.200 523 953 D CCodecConfig: }
06-10 15:19:57.203 523 953 D CCodec : [c2.android.vorbis.decoder] buffers are bound to CCodec for this session
06-10 15:19:57.203 523 953 D CCodecConfig: no c2 equivalents for durationUs
06-10 15:19:57.203 523 953 D CCodecConfig: no c2 equivalents for track-id
06-10 15:19:57.203 523 953 D CCodecConfig: no c2 equivalents for csd-1
06-10 15:19:57.203 523 953 D CCodecConfig: no c2 equivalents for channel-mask
06-10 15:19:57.203 523 953 D CCodecConfig: no c2 equivalents for flags
06-10 15:19:57.205 523 953 D CCodecConfig: c2 config diff is c2::u32 coded.bitrate.value = 499821
06-10 15:19:57.205 523 953 D CCodecConfig: c2::u32 raw.channel-count.value = 2
06-10 15:19:57.205 523 953 D CCodecConfig: c2::u32 raw.sample-rate.value = 44100
06-10 15:19:57.207 523 953 W Codec2Client: query -- param skipped: index = 1107298332.
06-10 15:19:57.208 523 953 D CCodec : setup formats input: AMessage(what = 0x00000000) = {
06-10 15:19:57.208 523 953 D CCodec : int32_t bitrate = 499821
06-10 15:19:57.208 523 953 D CCodec : int32_t channel-count = 2
06-10 15:19:57.208 523 953 D CCodec : int32_t max-input-size = 32768
06-10 15:19:57.208 523 953 D CCodec : string mime = "audio/vorbis"
06-10 15:19:57.208 523 953 D CCodec : int32_t sample-rate = 44100
06-10 15:19:57.208 523 953 D CCodec : }
06-10 15:19:57.208 523 953 D CCodec : setup formats output: AMessage(what = 0x00000000) = {
06-10 15:19:57.208 523 953 D CCodec : int32_t channel-count = 2
06-10 15:19:57.208 523 953 D CCodec : string mime = "audio/raw"
06-10 15:19:57.208 523 953 D CCodec : int32_t sample-rate = 44100
06-10 15:19:57.208 523 953 D CCodec : int32_t channel-mask = 3
06-10 15:19:57.208 523 953 D CCodec : }
06-10 15:19:57.208 523 953 I CCodecConfig: query failed after returning 7 values (BAD_INDEX)
06-10 15:19:57.209 523 953 W Codec2Client: query -- param skipped: index = 1342179345.
06-10 15:19:57.209 523 953 W Codec2Client: query -- param skipped: index = 2415921170.
06-10 15:19:57.210 523 953 D CCodecBufferChannel: [c2.android.vorbis.decoder#322] Created input block pool with allocatorID 16 => poolID 20 - OK (0)
06-10 15:19:57.211 523 523 I PackageWatchdog: Syncing health check requests for packages: {}
06-10 15:19:57.212 523 953 I CCodecBufferChannel: [c2.android.vorbis.decoder#322] Created output block pool with allocatorID 16 => poolID 22 - OK
06-10 15:19:57.212 523 953 D CCodecBufferChannel: [c2.android.vorbis.decoder#322] Configured output block pool ids 22 => OK
06-10 15:19:57.216 378 957 D SimpleC2Component: Using output block pool with poolID 22 => got 22 - 0
06-10 15:19:57.216 674 823 D BluetoothAdapterService: bleOnProcessStart() - Make Bond State Machine
06-10 15:19:57.217 674 823 D BluetoothBondStateMachine: make
06-10 15:19:57.237 523 948 D CCodecBufferChannel: [c2.android.vorbis.decoder#759] MediaCodec discarded an unknown buffer
06-10 15:19:57.237 523 948 D CCodecBufferChannel: [c2.android.vorbis.decoder#759] MediaCodec discarded an unknown buffer
06-10 15:19:57.237 523 948 D CCodecBufferChannel: [c2.android.vorbis.decoder#759] MediaCodec discarded an unknown buffer
06-10 15:19:57.242 674 965 I BluetoothBondStateMachine: StableState(): Entering Off State
06-10 15:19:57.245 523 523 D ExplicitHealthCheckController: Getting health check supported packages
06-10 15:19:57.246 523 948 I hw-BpHwBinder: onLastStrongRef automatically unlinking death recipients
06-10 15:19:57.247 523 537 W ServiceManager: Permission failure: android.permission.HIGH_SAMPLING_RATE_SENSORS from uid=10065 pid=683
06-10 15:19:57.262 523 523 W Looper : Drained
06-10 15:19:57.267 523 588 I ExplicitHealthCheckController: Explicit health check supported packages [PackageConfig{com.android.networkstack, 86400000}]
06-10 15:19:57.267 674 674 I BtGatt.JNI: classInitNative(L1073): classInitNative: Success!
06-10 15:19:57.267 523 588 D PackageWatchdog: Received supported packages [PackageConfig{com.android.networkstack, 86400000}]
06-10 15:19:57.268 523 588 D ExplicitHealthCheckController: Getting health check requested packages
06-10 15:19:57.271 523 588 I ExplicitHealthCheckController: Explicit health check requested packages []
06-10 15:19:57.271 523 588 I ExplicitHealthCheckController: No more health check requests, unbinding...
06-10 15:19:57.272 674 674 D BtGatt.DebugUtils: handleDebugAction() action=null
06-10 15:19:57.278 674 684 I droid.bluetoot: Background young concurrent copying GC freed 3218(454KB) AllocSpace objects, 0(0B) LOS objects, 95% free, 1280KB/25MB, paused 176us total 147.255ms
06-10 15:19:57.280 523 699 D MediaCodecList: codecHandlesFormat: no format, so no extra checks
06-10 15:19:57.284 523 588 I ExplicitHealthCheckController: Explicit health check service is unbound
06-10 15:19:57.285 523 968 D CCodec : allocate(c2.android.vorbis.decoder)
06-10 15:19:57.290 523 968 I CCodec : Created component [c2.android.vorbis.decoder]
06-10 15:19:57.290 523 968 D CCodecConfig: read media type: audio/vorbis
06-10 15:19:57.290 523 953 D CCodecBufferChannel: [c2.android.vorbis.decoder#322] MediaCodec discarded an unknown buffer
06-10 15:19:57.293 523 971 I hw-BpHwBinder: onLastStrongRef automatically unlinking death recipients
06-10 15:19:57.293 523 968 D ReflectedParamUpdater: extent() != 1 for single value type: algo.buffers.max-count.values
06-10 15:19:57.294 523 968 D ReflectedParamUpdater: extent() != 1 for single value type: output.subscribed-indices.values
06-10 15:19:57.294 523 968 D ReflectedParamUpdater: extent() != 1 for single value type: input.buffers.allocator-ids.values
06-10 15:19:57.294 523 968 D ReflectedParamUpdater: extent() != 1 for single value type: output.buffers.allocator-ids.values
06-10 15:19:57.294 523 968 D ReflectedParamUpdater: extent() != 1 for single value type: algo.buffers.allocator-ids.values
06-10 15:19:57.294 523 968 D ReflectedParamUpdater: extent() != 1 for single value type: output.buffers.pool-ids.values
06-10 15:19:57.295 523 968 D ReflectedParamUpdater: extent() != 1 for single value type: algo.buffers.pool-ids.values
06-10 15:19:57.297 523 968 I CCodecConfig: query failed after returning 7 values (BAD_INDEX)
06-10 15:19:57.298 523 968 D CCodecConfig: c2 config diff is Dict {
06-10 15:19:57.298 523 968 D CCodecConfig: c2::u32 coded.bitrate.value = 64000
06-10 15:19:57.298 523 968 D CCodecConfig: c2::u32 input.buffers.max-size.value = 32768
06-10 15:19:57.298 523 968 D CCodecConfig: c2::u32 input.delay.value = 0
06-10 15:19:57.298 523 968 D CCodecConfig: string input.media-type.value = "audio/vorbis"
06-10 15:19:57.298 523 968 D CCodecConfig: string output.media-type.value = "audio/raw"
06-10 15:19:57.298 523 968 D CCodecConfig: c2::u32 raw.channel-count.value = 1
06-10 15:19:57.298 523 968 D CCodecConfig: c2::u32 raw.sample-rate.value = 48000
06-10 15:19:57.298 523 968 D CCodecConfig: }
06-10 15:19:57.298 674 674 I bt_btif : system/bt/btif/src/bluetooth.cc:417 get_profile_interface: get_profile_interface: id = gatt
06-10 15:19:57.300 523 968 D CCodec : [c2.android.vorbis.decoder] buffers are bound to CCodec for this session
06-10 15:19:57.300 523 968 D CCodecConfig: no c2 equivalents for durationUs
06-10 15:19:57.300 523 968 D CCodecConfig: no c2 equivalents for track-id
06-10 15:19:57.300 523 968 D CCodecConfig: no c2 equivalents for csd-1
06-10 15:19:57.300 523 968 D CCodecConfig: no c2 equivalents for channel-mask
06-10 15:19:57.300 523 968 D CCodecConfig: no c2 equivalents for flags
06-10 15:19:57.302 523 968 D CCodecConfig: c2 config diff is c2::u32 coded.bitrate.value = 499821
06-10 15:19:57.302 523 968 D CCodecConfig: c2::u32 raw.channel-count.value = 2
06-10 15:19:57.302 523 968 D CCodecConfig: c2::u32 raw.sample-rate.value = 44100
06-10 15:19:57.303 523 968 W Codec2Client: query -- param skipped: index = 1107298332.
06-10 15:19:57.304 523 968 D CCodec : setup formats input: AMessage(what = 0x00000000) = {
06-10 15:19:57.304 523 968 D CCodec : int32_t bitrate = 499821
06-10 15:19:57.304 523 968 D CCodec : int32_t channel-count = 2
06-10 15:19:57.304 523 968 D CCodec : int32_t max-input-size = 32768
06-10 15:19:57.304 523 968 D CCodec : string mime = "audio/vorbis"
06-10 15:19:57.304 523 968 D CCodec : int32_t sample-rate = 44100
06-10 15:19:57.304 523 968 D CCodec : }
06-10 15:19:57.304 523 968 D CCodec : setup formats output: AMessage(what = 0x00000000) = {
06-10 15:19:57.304 523 968 D CCodec : int32_t channel-count = 2
06-10 15:19:57.304 523 968 D CCodec : string mime = "audio/raw"
06-10 15:19:57.304 523 968 D CCodec : int32_t sample-rate = 44100
06-10 15:19:57.304 523 968 D CCodec : int32_t channel-mask = 3
06-10 15:19:57.304 523 968 D CCodec : }
06-10 15:19:57.304 523 968 I CCodecConfig: query failed after returning 7 values (BAD_INDEX)
06-10 15:19:57.305 523 968 W Codec2Client: query -- param skipped: index = 1342179345.
06-10 15:19:57.305 523 968 W Codec2Client: query -- param skipped: index = 2415921170.
06-10 15:19:57.306 523 968 D CCodecBufferChannel: [c2.android.vorbis.decoder#927] Created input block pool with allocatorID 16 => poolID 21 - OK (0)
06-10 15:19:57.307 523 968 I CCodecBufferChannel: [c2.android.vorbis.decoder#927] Created output block pool with allocatorID 16 => poolID 23 - OK
06-10 15:19:57.308 523 968 D CCodecBufferChannel: [c2.android.vorbis.decoder#927] Configured output block pool ids 23 => OK
06-10 15:19:57.312 674 674 D CompatibilityChangeReporter: Compat change id reported: 160794467; UID 1002; state: ENABLED
06-10 15:19:57.312 378 970 D SimpleC2Component: Using output block pool with poolID 23 => got 23 - 0
06-10 15:19:57.319 683 683 D NavigationModeController: getCurrentUserContext: contextUser=0 currentUser=0
06-10 15:19:57.319 683 683 D NavigationModeController: getCurrentInteractionMode: mode=0 contextUser=0
06-10 15:19:57.319 683 683 D NavigationModeController: updateCurrentInteractionMode: mode=0
06-10 15:19:57.319 683 683 D NavigationModeController: contextUser=0
06-10 15:19:57.319 683 683 D NavigationModeController: assetPaths=
06-10 15:19:57.320 683 683 D NavigationModeController: and /system/framework/framework-res.apk
06-10 15:19:57.320 683 683 D NavigationModeController: /vendor/overlay/framework-res__auto_generated_rro_vendor.apk
06-10 15:19:57.320 683 683 D NavigationModeController: /product/overlay/AwAccentColor/AwAccentColorOverlay.apk
06-10 15:19:57.320 683 683 D NavigationModeController: /product/overlay/AwIconShape/AwIconShapeOverlay.apk
06-10 15:19:57.320 683 683 D NavigationModeController: and /system/system_ext/priv-app/SystemUI/SystemUI.apk
06-10 15:19:57.321 683 683 D NavigationModeController: getCurrentInteractionMode: mode=0 contextUser=0
06-10 15:19:57.326 523 701 D MediaCodecList: codecHandlesFormat: no format, so no extra checks
06-10 15:19:57.340 523 977 D CCodec : allocate(c2.android.vorbis.decoder)
06-10 15:19:57.343 523 977 I CCodec : Created component [c2.android.vorbis.decoder]
06-10 15:19:57.343 523 977 D CCodecConfig: read media type: audio/vorbis
06-10 15:19:57.347 523 977 D ReflectedParamUpdater: extent() != 1 for single value type: algo.buffers.max-count.values
06-10 15:19:57.347 674 848 I bt_stack_manager: system/bt/btif/src/stack_manager.cc:246 event_start_up_stack: event_start_up_stack is bringing up the stack
06-10 15:19:57.347 523 977 D ReflectedParamUpdater: extent() != 1 for single value type: output.subscribed-indices.values
06-10 15:19:57.347 523 977 D ReflectedParamUpdater: extent() != 1 for single value type: input.buffers.allocator-ids.values
06-10 15:19:57.347 674 848 I bt_core_module: system/bt/btcore/src/module.cc:85 module_start_up: module_start_up Starting module "btif_config_module"
06-10 15:19:57.347 674 848 I bt_core_module: system/bt/btcore/src/module.cc:90 module_start_up: module_start_up Started module "btif_config_module"
06-10 15:19:57.347 523 977 D ReflectedParamUpdater: extent() != 1 for single value type: output.buffers.allocator-ids.values
06-10 15:19:57.347 674 848 I bt_core_module: system/bt/btcore/src/module.cc:85 module_start_up: module_start_up Starting module "btsnoop_module"
06-10 15:19:57.347 523 977 D ReflectedParamUpdater: extent() != 1 for single value type: algo.buffers.allocator-ids.values
06-10 15:19:57.348 523 977 D ReflectedParamUpdater: extent() != 1 for single value type: output.buffers.pool-ids.values
06-10 15:19:57.348 674 848 I droid.bluetoot: [0610/151957.348014:INFO:btsnoop.cc(209)] start_up: Snoop Logs disabled
06-10 15:19:57.348 523 977 D ReflectedParamUpdater: extent() != 1 for single value type: algo.buffers.pool-ids.values
06-10 15:19:57.348 674 848 I droid.bluetoot: [0610/151957.348300:INFO:btsnoop.cc(356)] delete_btsnoop_files: Deleting snoop logs if they exist. filtered = 1
06-10 15:19:57.348 674 848 I droid.bluetoot: [0610/151957.348575:INFO:btsnoop.cc(356)] delete_btsnoop_files: Deleting snoop logs if they exist. filtered = 0
06-10 15:19:57.348 674 848 I bt_core_module: system/bt/btcore/src/module.cc:90 module_start_up: module_start_up Started module "btsnoop_module"
06-10 15:19:57.349 674 848 I bt_core_module: system/bt/btcore/src/module.cc:85 module_start_up: module_start_up Starting module "hci_module"
06-10 15:19:57.349 674 848 I bt_hci : system/bt/hci/src/hci_layer.cc:200 hci_module_start_up: hci_module_start_up
06-10 15:19:57.351 523 977 I CCodecConfig: query failed after returning 7 values (BAD_INDEX)
06-10 15:19:57.351 523 977 D CCodecConfig: c2 config diff is Dict {
06-10 15:19:57.351 523 977 D CCodecConfig: c2::u32 coded.bitrate.value = 64000
06-10 15:19:57.351 523 977 D CCodecConfig: c2::u32 input.buffers.max-size.value = 32768
06-10 15:19:57.351 523 977 D CCodecConfig: c2::u32 input.delay.value = 0
06-10 15:19:57.351 523 977 D CCodecConfig: string input.media-type.value = "audio/vorbis"
06-10 15:19:57.351 523 977 D CCodecConfig: string output.media-type.value = "audio/raw"
06-10 15:19:57.351 523 977 D CCodecConfig: c2::u32 raw.channel-count.value = 1
06-10 15:19:57.351 523 977 D CCodecConfig: c2::u32 raw.sample-rate.value = 48000
06-10 15:19:57.351 523 977 D CCodecConfig: }
06-10 15:19:57.353 523 977 D CCodec : [c2.android.vorbis.decoder] buffers are bound to CCodec for this session
06-10 15:19:57.353 523 977 D CCodecConfig: no c2 equivalents for durationUs
06-10 15:19:57.353 523 977 D CCodecConfig: no c2 equivalents for track-id
06-10 15:19:57.353 523 977 D CCodecConfig: no c2 equivalents for csd-1
06-10 15:19:57.353 523 977 D CCodecConfig: no c2 equivalents for channel-mask
06-10 15:19:57.353 523 977 D CCodecConfig: no c2 equivalents for flags
06-10 15:19:57.355 523 977 D CCodecConfig: c2 config diff is c2::u32 coded.bitrate.value = 239920
06-10 15:19:57.355 523 977 D CCodecConfig: c2::u32 raw.sample-rate.value = 44100
06-10 15:19:57.358 523 977 W Codec2Client: query -- param skipped: index = 1107298332.
06-10 15:19:57.359 523 977 D CCodec : setup formats input: AMessage(what = 0x00000000) = {
06-10 15:19:57.359 523 977 D CCodec : int32_t bitrate = 239920
06-10 15:19:57.359 523 977 D CCodec : int32_t channel-count = 1
06-10 15:19:57.359 523 977 D CCodec : int32_t max-input-size = 32768
06-10 15:19:57.359 523 977 D CCodec : string mime = "audio/vorbis"
06-10 15:19:57.359 523 977 D CCodec : int32_t sample-rate = 44100
06-10 15:19:57.359 523 977 D CCodec : }
06-10 15:19:57.359 523 977 D CCodec : setup formats output: AMessage(what = 0x00000000) = {
06-10 15:19:57.359 523 977 D CCodec : int32_t channel-count = 1
06-10 15:19:57.359 523 977 D CCodec : string mime = "audio/raw"
06-10 15:19:57.359 523 977 D CCodec : int32_t sample-rate = 44100
06-10 15:19:57.359 523 977 D CCodec : int32_t channel-mask = 1
06-10 15:19:57.359 523 977 D CCodec : }
06-10 15:19:57.359 523 977 I CCodecConfig: query failed after returning 7 values (BAD_INDEX)
06-10 15:19:57.359 523 977 W Codec2Client: query -- param skipped: index = 1342179345.
06-10 15:19:57.359 523 977 W Codec2Client: query -- param skipped: index = 2415921170.
06-10 15:19:57.360 683 683 D TvPipController: onImeVisibilityChanged(), visible=false, height=0
06-10 15:19:57.360 683 683 D TvPipController: onActionsChanged()
06-10 15:19:57.360 683 683 D TvPipMenuController: setAppActions()
06-10 15:19:57.360 674 981 I droid.bluetoot: [0610/151957.360599:INFO:message_loop_thread.cc(224)] Run: message loop starting for thread bt_hci_thread
06-10 15:19:57.360 683 683 D TvPipController: onImeVisibilityChanged(), visible=false, height=0
06-10 15:19:57.361 683 683 D TvPipController: onActionsChanged()
06-10 15:19:57.361 683 683 D TvPipMenuController: setAppActions()
06-10 15:19:57.363 683 683 W KeyguardUpdateMonitor: invalid subId in handleServiceStateChange()
06-10 15:19:57.363 674 848 I bt_hci : system/bt/hci/src/hci_layer.cc:257 hci_module_start_up: hci_module_start_up starting async portion
06-10 15:19:57.363 674 981 I bt_hci : system/bt/hci/src/hci_layer_android.cc:159 hci_initialize: hci_initialize
06-10 15:19:57.366 200 200 I hwservicemanager: getTransport: Cannot find entry android.hardware.bluetooth@1.1::IBluetoothHci/default in either framework or device VINTF manifest.
06-10 15:19:57.368 674 981 I bt_hci : system/bt/hci/src/hci_layer_android.cc:178 hci_initialize: hci_initialize: IBluetoothHci::getService() returned 0xf3340140 (remote)
06-10 15:19:57.368 674 981 E cutils-trace: Error opening trace file: No such file or directory (2)
06-10 15:19:57.369 267 267 I android.hardware.bluetooth@1.0-impl: BluetoothHci::initialize()
06-10 15:19:57.371 267 267 D android.hardware.bluetooth@1.0-service: get_local_address: Trying /sys/class/addr_mgt/addr_bt
06-10 15:19:57.371 267 267 D android.hardware.bluetooth@1.0-service: get_local_address: Got Factory BDA 8B:66:39:99:6E:AE
06-10 15:19:57.371 267 267 D WifiHWInfo: Start to load wireless module hardware info table...
06-10 15:19:57.372 267 267 D WifiHWInfo: Entry [01], BUS: SDIO, ID: 0x024C8179, Name: rtl8189es.
06-10 15:19:57.372 267 267 D WifiHWInfo: Entry [02], BUS: SDIO, ID: 0x024CB723, Name: rtl8723bs_vq0.
06-10 15:19:57.372 267 267 D WifiHWInfo: Entry [03], BUS: SDIO, ID: 0x024CB703, Name: rtl8723cs.
06-10 15:19:57.372 267 267 D WifiHWInfo: Entry [04], BUS: SDIO, ID: 0x024CD723, Name: rtl8723ds.
06-10 15:19:57.372 267 267 D WifiHWInfo: Entry [05], BUS: SDIO, ID: 0x024CF179, Name: rtl8189fs.
06-10 15:19:57.372 267 267 D WifiHWInfo: Entry [06], BUS: SDIO, ID: 0x024CB822, Name: rtl88x2bs.
06-10 15:19:57.372 267 267 D WifiHWInfo: Entry [07], BUS: USB, ID: 0x0BDAD723, Name: rtl8723du.
06-10 15:19:57.372 267 267 D WifiHWInfo: Entry [08], BUS: USB, ID: 0x0BDA8179, Name: rtl8188etv.
06-10 15:19:57.372 267 267 D WifiHWInfo: Entry [09], BUS: USB, ID: 0x0BDA0179, Name: rtl8188eu.
06-10 15:19:57.372 267 267 D WifiHWInfo: Entry [10], BUS: USB, ID: 0x0BDA818B, Name: rtl8192eu.
06-10 15:19:57.372 267 267 D WifiHWInfo: Entry [11], BUS: USB, ID: 0x0BDAB720, Name: rtl8723bu.
06-10 15:19:57.372 267 267 D WifiHWInfo: Entry [12], BUS: USB, ID: 0x0BDAC82C, Name: rtl8822cu.
06-10 15:19:57.372 267 267 D WifiHWInfo: Entry [13], BUS: USB, ID: 0x0BDAF179, Name: rtl8188fu.
06-10 15:19:57.372 267 267 D WifiHWInfo: Entry [14], BUS: SDIO, ID: 0x02D0A9A6, Name: ap6212.
06-10 15:19:57.372 267 267 D WifiHWInfo: Entry [15], BUS: SDIO, ID: 0x02D04330, Name: ap6330.
06-10 15:19:57.372 267 267 D WifiHWInfo: Entry [16], BUS: SDIO, ID: 0x02D04356, Name: ap6356s.
06-10 15:19:57.372 267 267 D WifiHWInfo: Entry [17], BUS: SDIO, ID: 0x02D0A9BF, Name: ap6255.
06-10 15:19:57.372 267 267 D WifiHWInfo: Entry [18], BUS: SDIO, ID: 0x02D04334, Name: bcm43342.
06-10 15:19:57.372 267 267 D WifiHWInfo: Entry [19], BUS: SDIO, ID: 0x00202281, Name: xr819.
06-10 15:19:57.372 267 267 D WifiHWInfo: Entry [20], BUS: SDIO, ID: 0x0A9E2282, Name: xr829.
06-10 15:19:57.372 267 267 D WifiHWInfo: Entry [21], BUS: SDIO, ID: 0x0271050A, Name: qca6174a.
06-10 15:19:57.372 267 267 D WifiHWInfo: Entry [22], BUS: SDIO, ID: 0x30303030, Name: ssv6x5x.
06-10 15:19:57.372 267 267 D WifiHWInfo: Entry [23], BUS: SDIO, ID: 0x00000000, Name: uwe5621.
06-10 15:19:57.372 267 267 D WifiHWInfo: Entry [24], BUS: SDIO, ID: 0x54490145, Name: aic8800.
06-10 15:19:57.372 267 267 D WifiHWInfo: Entry [25], BUS: SDIO, ID: 0xC8A1C08D, Name: aic8800.
06-10 15:19:57.372 267 267 D WifiHWInfo: Entry [26], BUS: USB, ID: 0xA69C8800, Name: aic8800.
06-10 15:19:57.372 267 267 D WifiHWInfo: Entry [27], BUS: USB, ID: 0x007A8888, Name: atbm6023is.
06-10 15:19:57.372 267 267 D WifiHWInfo: Entry [28], BUS: SDIO, ID: 0x02E79086, Name: 9012p.
06-10 15:19:57.372 267 267 D WifiHWInfo: Entry [29], BUS: SDIO, ID: 0x007A6011, Name: atbm613x_wifi_sdio.
06-10 15:19:57.372 267 267 D WifiHWInfo: Entry [30], BUS: SDIO, ID: 0x024CC822, Name: 88x2cs.
06-10 15:19:57.372 267 267 D WifiHWInfo: Entry [31], BUS: SDIO, ID: 0x000018F0, Name: dummy.
