06-10 15:19:47.978 365 365 W mediaextractor: libminijail[365]: compile_file: /apex/com.android.media/etc/seccomp_policy/crash_dump.arm.policy(1): syscall read redefined here
06-10 15:19:47.978 365 365 W mediaextractor: libminijail[365]: compile_file: (19): previous definition here
06-10 15:19:47.978 365 365 W mediaextractor: libminijail[365]: compile_file: /apex/com.android.media/etc/seccomp_policy/crash_dump.arm.policy(2): syscall write redefined here
06-10 15:19:47.978 365 365 W mediaextractor: libminijail[365]: compile_file: (6): previous definition here
06-10 15:19:47.978 365 365 W mediaextractor: libminijail[365]: compile_file: /apex/com.android.media/etc/seccomp_policy/crash_dump.arm.policy(3): syscall exit redefined here
06-10 15:19:47.979 365 365 W mediaextractor: libminijail[365]: compile_file: (27): previous definition here
06-10 15:19:47.979 365 365 W mediaextractor: libminijail[365]: compile_file: /apex/com.android.media/etc/seccomp_policy/crash_dump.arm.policy(4): syscall rt_sigreturn redefined here
06-10 15:19:47.979 372 372 I cedarc : : register mpeg4H263 decoder success!
06-10 15:19:47.980 387 402 I adbd : adbwifi started on port 42893
06-10 15:19:47.980 387 402 I adbd : TlsServer running on port 42893
06-10 15:19:47.981 387 402 I adbd : adb wifi started on port 42893
06-10 15:19:47.981 383 383 E update_engine: [ERROR:metrics_utils.cc(368)] time_to_reboot is negative - system_updated_at: 1/1/1970 0:09:46 GMT
06-10 15:19:47.982 387 402 I adbd : Waiting for persist.adb.tls_server.enable=0
06-10 15:19:47.983 376 376 E cutils-trace: Error opening trace file: No such file or directory (2)
06-10 15:19:47.986 387 413 I adbd : Registering secure_connect service (adb-DZOH58251975972-wa44i9)
06-10 15:19:47.987 365 365 W mediaextractor: libminijail[365]: compile_file: (29): previous definition here
06-10 15:19:47.987 372 372 I cedarc : : register vp8 decoder success!
06-10 15:19:47.987 365 365 W mediaextractor: libminijail[365]: compile_file: /apex/com.android.media/etc/seccomp_policy/crash_dump.arm.policy(6): syscall exit_group redefined here
06-10 15:19:47.987 365 365 W mediaextractor: libminijail[365]: compile_file: (28): previous definition here
06-10 15:19:47.987 365 365 W mediaextractor: libminijail[365]: compile_file: /apex/com.android.media/etc/seccomp_policy/crash_dump.arm.policy(7): syscall clock_gettime redefined here
06-10 15:19:47.987 365 365 W mediaextractor: libminijail[365]: compile_file: (20): previous definition here
06-10 15:19:47.987 365 365 W mediaextractor: libminijail[365]: compile_file: /apex/com.android.media/etc/seccomp_policy/crash_dump.arm.policy(9): syscall futex redefined here
06-10 15:19:47.987 372 372 I cedarc : : register vc1 decoder success!
06-10 15:19:47.987 365 365 W mediaextractor: libminijail[365]: compile_file: (4): previous definition here
06-10 15:19:47.988 365 365 W mediaextractor: libminijail[365]: compile_file: /apex/com.android.media/etc/seccomp_policy/crash_dump.arm.policy(10): syscall getrandom redefined here
06-10 15:19:47.988 365 365 W mediaextractor: libminijail[365]: compile_file: (43): previous definition here
06-10 15:19:47.988 365 365 W mediaextractor: libminijail[365]: compile_file: /apex/com.android.media/etc/seccomp_policy/crash_dump.arm.policy(12): syscall gettid redefined here
06-10 15:19:47.988 365 365 W mediaextractor: libminijail[365]: compile_file: (34): previous definition here
06-10 15:19:47.988 365 365 W mediaextractor: libminijail[365]: compile_file: /apex/com.android.media/etc/seccomp_policy/crash_dump.arm.policy(15): syscall openat redefined here
06-10 15:19:47.988 365 365 W mediaextractor: libminijail[365]: compile_file: (16): previous definition here
06-10 15:19:47.988 365 365 W mediaextractor: libminijail[365]: compile_file: /apex/com.android.media/etc/seccomp_policy/crash_dump.arm.policy(16): syscall dup redefined here
06-10 15:19:47.991 365 365 W mediaextractor: libminijail[365]: compile_file: (11): previous definition here
06-10 15:19:47.991 365 365 W mediaextractor: libminijail[365]: compile_file: /apex/com.android.media/etc/seccomp_policy/crash_dump.arm.policy(17): syscall close redefined here
06-10 15:19:47.991 365 365 W mediaextractor: libminijail[365]: compile_file: (9): previous definition here
06-10 15:19:47.992 365 365 W mediaextractor: libminijail[365]: compile_file: /apex/com.android.media/etc/seccomp_policy/crash_dump.arm.policy(18): syscall lseek redefined here
06-10 15:19:47.993 383 383 I update_engine: [INFO:delta_performer.cc(1389)] Resetting recorded hash for prepared partitions.
06-10 15:19:47.995 365 365 W mediaextractor: libminijail[365]: compile_file: (21): previous definition here
06-10 15:19:47.998 365 365 W mediaextractor: libminijail[365]: compile_file: /apex/com.android.media/etc/seccomp_policy/crash_dump.arm.policy(20): syscall faccessat redefined here
06-10 15:19:47.998 365 365 W mediaextractor: libminijail[365]: compile_file: (30): previous definition here
06-10 15:19:47.998 365 365 W mediaextractor: libminijail[365]: compile_file: /apex/com.android.media/etc/seccomp_policy/crash_dump.arm.policy(25): syscall rt_sigprocmask redefined here
06-10 15:19:47.998 365 365 W mediaextractor: libminijail[365]: compile_file: (35): previous definition here
06-10 15:19:47.998 365 365 W mediaextractor: libminijail[365]: compile_file: /apex/com.android.media/etc/seccomp_policy/crash_dump.arm.policy(28): syscall prctl redefined here
06-10 15:19:47.998 365 365 W mediaextractor: libminijail[365]: compile_file: (5): previous definition here
06-10 15:19:47.999 365 365 W mediaextractor: libminijail[365]: compile_file: /apex/com.android.media/etc/seccomp_policy/crash_dump.arm.policy(29): syscall madvise redefined here
06-10 15:19:47.999 365 365 W mediaextractor: libminijail[365]: compile_file: (31): previous definition here
06-10 15:19:47.999 365 365 W mediaextractor: libminijail[365]: compile_file: /apex/com.android.media/etc/seccomp_policy/crash_dump.arm.policy(30): syscall mprotect redefined here
06-10 15:19:47.999 365 365 W mediaextractor: libminijail[365]: compile_file: (12): previous definition here
06-10 15:19:47.999 261 261 D zygote : Time zone APEX ICU file found: /apex/com.android.tzdata/etc/icu/icu_tzdata.dat
06-10 15:19:47.999 365 365 W mediaextractor: libminijail[365]: compile_file: /apex/com.android.media/etc/seccomp_policy/crash_dump.arm.policy(31): syscall munmap redefined here
06-10 15:19:47.999 365 365 W mediaextractor: libminijail[365]: compile_file: (10): previous definition here
06-10 15:19:47.999 365 365 W mediaextractor: libminijail[365]: compile_file: /apex/com.android.media/etc/seccomp_policy/crash_dump.arm.policy(32): syscall getuid32 redefined here
06-10 15:19:47.999 365 365 W mediaextractor: libminijail[365]: compile_file: (13): previous definition here
06-10 15:19:47.999 365 365 W mediaextractor: libminijail[365]: compile_file: /apex/com.android.media/etc/seccomp_policy/crash_dump.arm.policy(33): syscall fstat64 redefined here
06-10 15:19:47.999 365 365 W mediaextractor: libminijail[365]: compile_file: (25): previous definition here
06-10 15:19:48.000 365 365 W mediaextractor: libminijail[365]: compile_file: /apex/com.android.media/etc/seccomp_policy/crash_dump.arm.policy(34): syscall mmap2 redefined here
06-10 15:19:48.000 365 365 W mediaextractor: libminijail[365]: compile_file: (8): previous definition here
06-10 15:19:48.000 365 365 W mediaextractor: libminijail[365]: compile_file: /apex/com.android.media/etc/seccomp_policy/crash_dump.arm.policy(35): syscall geteuid32 redefined here
06-10 15:19:48.000 365 365 W mediaextractor: libminijail[365]: compile_file: (38): previous definition here
06-10 15:19:48.000 365 365 W mediaextractor: libminijail[365]: compile_file: /apex/com.android.media/etc/seccomp_policy/crash_dump.arm.policy(36): syscall getgid32 redefined here
06-10 15:19:48.000 365 365 W mediaextractor: libminijail[365]: compile_file: (39): previous definition here
06-10 15:19:48.000 365 365 W mediaextractor: libminijail[365]: compile_file: /apex/com.android.media/etc/seccomp_policy/crash_dump.arm.policy(37): syscall getegid32 redefined here
06-10 15:19:48.000 365 365 W mediaextractor: libminijail[365]: compile_file: (40): previous definition here
06-10 15:19:48.000 365 365 W mediaextractor: libminijail[365]: compile_file: /apex/com.android.media/etc/seccomp_policy/crash_dump.arm.policy(38): syscall getgroups32 redefined here
06-10 15:19:48.000 365 365 W mediaextractor: libminijail[365]: compile_file: (41): previous definition here
06-10 15:19:48.002 261 261 D zygote : I18n APEX ICU file found: /apex/com.android.i18n/etc/icu/icudt68l.dat
06-10 15:19:48.003 383 383 I update_engine: [INFO:update_attempter_android.cc(1082)] Scheduling CleanupPreviousUpdateAction.
06-10 15:19:48.003 372 372 I SoftOMXPlugin: createOMXPlugin
06-10 15:19:48.004 378 378 I HidlServiceManagement: Registered android.hardware.media.c2@1.2::IComponentStore/software
06-10 15:19:48.004 372 372 D MediaCodecsXmlParser: parsing /vendor/etc/media_codecs.xml...
06-10 15:19:48.004 365 365 W mediaextractor: libminijail[365]: logging seccomp filter failures
06-10 15:19:48.009 376 376 I HidlServiceManagement: Registered android.hardware.radio@1.6::IRadio/slot1
06-10 15:19:48.010 372 372 D MediaCodecsXmlParser: parsing /vendor/etc/media_codecs_google_audio.xml...
06-10 15:19:48.010 372 372 D MediaCodecsXmlParser: unable to open media codecs configuration xml file: /vendor/etc/media_codecs_google_audio.xml
06-10 15:19:48.011 383 383 I update_engine: [INFO:action_processor.cc(51)] ActionProcessor: starting CleanupPreviousUpdateAction
06-10 15:19:48.013 200 200 I hwservicemanager: getTransport: Cannot find entry android.hardware.graphics.mapper@4.0::IMapper/default in either framework or device VINTF manifest.
06-10 15:19:48.013 372 372 D MediaCodecsXmlParser: parsing /vendor/etc/media_codecs_google_video.xml...
06-10 15:19:48.013 372 372 D MediaCodecsXmlParser: unable to open media codecs configuration xml file: /vendor/etc/media_codecs_google_video.xml
06-10 15:19:48.013 288 288 I Gralloc4: mapper 4.x is not supported
06-10 15:19:48.013 372 372 D MediaCodecsXmlParser: parsing /vendor/etc/media_codecs_performance.xml...
06-10 15:19:48.015 200 200 I hwservicemanager: getTransport: Cannot find entry android.hardware.media.c2@1.0::IComponentStore/default in either framework or device VINTF manifest.
06-10 15:19:48.016 378 378 I CodecServiceRegistrant: Preferred Codec2 store is defaulted to "software".
06-10 15:19:48.016 378 378 I CodecServiceRegistrant: Software Codec2 service created and registered.
06-10 15:19:48.018 372 372 D MediaCodecsXmlParser: MediaCodec: cannot update non-existing codec: OMX.google.h264.encoder at line 25 of /vendor/etc/media_codecs_performance.xml
06-10 15:19:48.018 372 372 D MediaCodecsXmlParser: MediaCodec: cannot update non-existing codec: OMX.google.h263.encoder at line 31 of /vendor/etc/media_codecs_performance.xml
06-10 15:19:48.018 372 372 D MediaCodecsXmlParser: MediaCodec: cannot update non-existing codec: OMX.google.mpeg4.encoder at line 34 of /vendor/etc/media_codecs_performance.xml
06-10 15:19:48.018 372 372 D MediaCodecsXmlParser: MediaCodec: cannot update non-existing codec: OMX.google.vp8.encoder at line 37 of /vendor/etc/media_codecs_performance.xml
06-10 15:19:48.018 372 372 D MediaCodecsXmlParser: MediaCodec: cannot update non-existing codec: OMX.allwinner.video.decoder.h263 at line 59 of /vendor/etc/media_codecs_performance.xml
06-10 15:19:48.019 372 372 D MediaCodecsXmlParser: MediaCodec: cannot update non-existing codec: OMX.google.mpeg4.decoder at line 80 of /vendor/etc/media_codecs_performance.xml
06-10 15:19:48.019 372 372 D MediaCodecsXmlParser: MediaCodec: cannot update non-existing codec: OMX.google.h264.decoder at line 83 of /vendor/etc/media_codecs_performance.xml
06-10 15:19:48.019 372 372 D MediaCodecsXmlParser: MediaCodec: cannot update non-existing codec: OMX.google.h263.decoder at line 89 of /vendor/etc/media_codecs_performance.xml
06-10 15:19:48.019 372 372 D MediaCodecsXmlParser: MediaCodec: cannot update non-existing codec: OMX.google.hevc.decoder at line 93 of /vendor/etc/media_codecs_performance.xml
06-10 15:19:48.019 372 372 D MediaCodecsXmlParser: MediaCodec: cannot update non-existing codec: OMX.google.vp8.decoder at line 101 of /vendor/etc/media_codecs_performance.xml
06-10 15:19:48.019 372 372 D MediaCodecsXmlParser: MediaCodec: cannot update non-existing codec: OMX.google.vp9.decoder at line 107 of /vendor/etc/media_codecs_performance.xml
06-10 15:19:48.019 372 372 I MediaCodecsXmlParser: Did not find media_codecs_shaping.xml in search path
06-10 15:19:48.020 372 372 E cutils-trace: Error opening trace file: No such file or directory (2)
06-10 15:19:48.020 383 383 I update_engine: [INFO:cleanup_previous_update_action.cc(149)] Starting/resuming CleanupPreviousUpdateAction
06-10 15:19:48.023 200 200 I hwservicemanager: getTransport: Cannot find entry android.hardware.graphics.mapper@3.0::IMapper/default in either framework or device VINTF manifest.
06-10 15:19:48.026 288 288 W Gralloc3: mapper 3.x is not supported
06-10 15:19:48.028 383 383 I update_engine: [INFO:cleanup_previous_update_action.cc(124)] CleanupPreviousUpdateAction scheduled task ID 1 for WaitBootCompleted
06-10 15:19:48.030 376 376 I HidlServiceManagement: Registered android.hardware.radio.config@1.3::IRadioConfig/default
06-10 15:19:48.044 369 369 E cutils-trace: Error opening trace file: No such file or directory (2)
06-10 15:19:48.058 288 288 E gralloc : Arm Module v1.0
06-10 15:19:48.096 360 360 D gpioservice: main gpio service is running.
06-10 15:19:48.099 360 360 I gpioservice: ServiceManager: 0xf287ecc0
06-10 15:19:48.099 372 372 I HidlServiceManagement: Registered android.hardware.media.omx@1.0::IOmx/default
06-10 15:19:48.100 372 372 I HidlServiceManagement: Removing namespace from process name android.hardware.media.omx@1.0-service to omx@1.0-service.
06-10 15:19:48.100 360 360 D GpioService: GpioService created
06-10 15:19:48.100 199 199 E SELinux : avc: denied { add } for pid=360 uid=0 name=softwinner.gpio scontext=u:r:gpioservice:s0 tcontext=u:object_r:default_android_service:s0 tclass=service_manager permissive=1
06-10 15:19:48.100 372 372 I android.hardware.media.omx@1.0-service: IOmx HAL service created.
06-10 15:19:48.102 372 372 I OmxStore: omx common prefix: 'OMX.'
06-10 15:19:48.102 372 372 D MediaCodecsXmlParser: parsing /vendor/etc/media_codecs.xml...
06-10 15:19:48.103 372 372 D MediaCodecsXmlParser: parsing /vendor/etc/media_codecs_google_audio.xml...
06-10 15:19:48.103 372 372 D MediaCodecsXmlParser: unable to open media codecs configuration xml file: /vendor/etc/media_codecs_google_audio.xml
06-10 15:19:48.105 372 372 D MediaCodecsXmlParser: parsing /vendor/etc/media_codecs_google_video.xml...
06-10 15:19:48.106 261 261 I zygote : Using memfd for future sealing
06-10 15:19:48.110 372 372 D MediaCodecsXmlParser: unable to open media codecs configuration xml file: /vendor/etc/media_codecs_google_video.xml
06-10 15:19:48.110 376 376 I HidlServiceManagement: Registered android.hardware.radio@1.2::ISap/slot1
06-10 15:19:48.110 372 372 D MediaCodecsXmlParser: parsing /vendor/etc/media_codecs_performance.xml...
06-10 15:19:48.111 372 372 D MediaCodecsXmlParser: MediaCodec: cannot update non-existing codec: OMX.google.h264.encoder at line 25 of /vendor/etc/media_codecs_performance.xml
06-10 15:19:48.111 372 372 D MediaCodecsXmlParser: MediaCodec: cannot update non-existing codec: OMX.google.h263.encoder at line 31 of /vendor/etc/media_codecs_performance.xml
06-10 15:19:48.111 372 372 D MediaCodecsXmlParser: MediaCodec: cannot update non-existing codec: OMX.google.mpeg4.encoder at line 34 of /vendor/etc/media_codecs_performance.xml
06-10 15:19:48.111 372 372 D MediaCodecsXmlParser: MediaCodec: cannot update non-existing codec: OMX.google.vp8.encoder at line 37 of /vendor/etc/media_codecs_performance.xml
06-10 15:19:48.111 372 372 D MediaCodecsXmlParser: MediaCodec: cannot update non-existing codec: OMX.allwinner.video.decoder.h263 at line 59 of /vendor/etc/media_codecs_performance.xml
06-10 15:19:48.111 372 372 D MediaCodecsXmlParser: MediaCodec: cannot update non-existing codec: OMX.google.mpeg4.decoder at line 80 of /vendor/etc/media_codecs_performance.xml
06-10 15:19:48.111 372 372 D MediaCodecsXmlParser: MediaCodec: cannot update non-existing codec: OMX.google.h264.decoder at line 83 of /vendor/etc/media_codecs_performance.xml
06-10 15:19:48.111 372 372 D MediaCodecsXmlParser: MediaCodec: cannot update non-existing codec: OMX.google.h263.decoder at line 89 of /vendor/etc/media_codecs_performance.xml
06-10 15:19:48.112 372 372 D MediaCodecsXmlParser: MediaCodec: cannot update non-existing codec: OMX.google.hevc.decoder at line 93 of /vendor/etc/media_codecs_performance.xml
06-10 15:19:48.112 372 372 D MediaCodecsXmlParser: MediaCodec: cannot update non-existing codec: OMX.google.vp8.decoder at line 101 of /vendor/etc/media_codecs_performance.xml
06-10 15:19:48.112 372 372 D MediaCodecsXmlParser: MediaCodec: cannot update non-existing codec: OMX.google.vp9.decoder at line 107 of /vendor/etc/media_codecs_performance.xml
06-10 15:19:48.112 372 372 I MediaCodecsXmlParser: Did not find media_codecs_shaping.xml in search path
06-10 15:19:48.112 372 372 E MediaCodecsXmlParser: Cannot find the role for a decoder of type video/divx
06-10 15:19:48.112 372 372 E MediaCodecsXmlParser: Cannot find the role for a decoder of type video/jpeg
06-10 15:19:48.112 372 372 E MediaCodecsXmlParser: Cannot find the role for a decoder of type video/mpeg1
06-10 15:19:48.112 372 372 E MediaCodecsXmlParser: Cannot find the role for a decoder of type video/x-ms-mpeg4v1
06-10 15:19:48.112 372 372 E MediaCodecsXmlParser: Cannot find the role for a decoder of type video/x-ms-mpeg4v2
06-10 15:19:48.112 372 372 E MediaCodecsXmlParser: Cannot find the role for a decoder of type video/rvg2
06-10 15:19:48.113 372 372 E MediaCodecsXmlParser: Cannot find the role for a decoder of type video/flv1
06-10 15:19:48.113 372 372 E MediaCodecsXmlParser: Cannot find the role for a decoder of type video/wvc1
06-10 15:19:48.113 372 372 E MediaCodecsXmlParser: Cannot find the role for a decoder of type video/x-vnd.on2.vp6
06-10 15:19:48.113 372 372 E MediaCodecsXmlParser: Cannot find the role for a decoder of type video/wmv1
06-10 15:19:48.113 372 372 E MediaCodecsXmlParser: Cannot find the role for a decoder of type video/wmv2
06-10 15:19:48.113 372 372 E MediaCodecsXmlParser: Cannot find the role for a decoder of type video/xvid
06-10 15:19:48.118 200 200 I hwservicemanager: getTransport: Cannot find entry android.hardware.graphics.allocator@4.0::IAllocator/default in either framework or device VINTF manifest.
06-10 15:19:48.118 288 288 W Gralloc4: allocator 4.x is not supported
06-10 15:19:48.126 366 366 V MediaUtils: physMem: 2055442432
06-10 15:19:48.124 341 341 I rainbow_flow: type=1400 audit(0.0:280): avc: denied { ioctl } for path="/dev/spidev1.0" dev="tmpfs" ino=1377 ioctlcmd=0x6b00 scontext=u:r:init:s0 tcontext=u:object_r:device:s0 tclass=chr_file permissive=1
06-10 15:19:48.128 200 200 I hwservicemanager: getTransport: Cannot find entry android.hardware.graphics.allocator@3.0::IAllocator/default in either framework or device VINTF manifest.
06-10 15:19:48.131 372 372 I HidlServiceManagement: Registered android.hardware.media.omx@1.0::IOmxStore/default
06-10 15:19:48.131 372 372 I HidlServiceManagement: Removing namespace from process name android.hardware.media.omx@1.0-service to omx@1.0-service.
06-10 15:19:48.132 288 288 W Gralloc3: allocator 3.x is not supported
06-10 15:19:48.133 366 366 V MediaUtils: requested limit: 134217728
06-10 15:19:48.133 366 366 I libc : malloc_limit: Allocation limit enabled, max size 134217728 bytes
06-10 15:19:48.130 369 369 W storaged: health: invalid battery status
06-10 15:19:48.139 366 366 D AudioPowerUsage: AudioPowerUsage
06-10 15:19:48.139 366 366 D AudioAnalytics: AudioAnalytics
06-10 15:19:48.139 366 366 D MediaMetricsService: MediaMetricsService
06-10 15:19:48.153 370 370 D systemmixservice: main SystemMix service is running.
06-10 15:19:48.154 370 370 I systemmixservice: ServiceManager: 0xf4e1dcb0
06-10 15:19:48.154 370 370 D SystemMixService: SystemMixService created
06-10 15:19:48.155 199 199 E SELinux : avc: denied { add } for pid=370 uid=0 name=softwinner.systemmix scontext=u:r:systemmix:s0 tcontext=u:object_r:default_android_service:s0 tclass=service_manager permissive=1
06-10 15:19:48.159 276 315 E ion : ioctl c0044901 failed with code -1: Inappropriate ioctl for device
06-10 15:19:48.159 276 315 I gralloc : alloc buffer:W:1 H:1 S:16 PL[1 1] SZ:64 fmt:1 if:0 af:1 usg:300 fg:00000004
06-10 15:19:48.159 288 288 E ion : ioctl c0044901 failed with code -1: Inappropriate ioctl for device
06-10 15:19:48.161 288 288 I RenderEngine: OpenGL ES informations:
06-10 15:19:48.161 369 369 I ServiceManager: Waiting for service 'package_native' on '/dev/binder'...
06-10 15:19:48.166 365 365 I MediaExtractorFactory: plugin directory not present (/system/lib/extractors)
06-10 15:19:48.167 365 365 I MediaExtractorFactory: plugin directory not present (/system_ext/lib/extractors)
06-10 15:19:48.167 288 288 I RenderEngine: vendor : ARM
06-10 15:19:48.167 288 288 I RenderEngine: renderer : Mali-G31
06-10 15:19:48.167 288 288 I RenderEngine: version : OpenGL ES 3.2 v1.r20p0-01rel0.9f6475d0baffb05079096179e1278b1d
06-10 15:19:48.167 288 288 I RenderEngine: extensions: GL_EXT_debug_marker GL_ARM_rgba8 GL_ARM_mali_shader_binary GL_OES_depth24 GL_OES_depth_texture GL_OES_depth_texture_cube_map GL_OES_packed_depth_stencil GL_OES_rgb8_rgba8 GL_EXT_read_format_bgra GL_OES_compressed_paletted_texture GL_OES_compressed_ETC1_RGB8_texture GL_OES_standard_derivatives GL_OES_EGL_image GL_OES_EGL_image_external GL_OES_EGL_image_external_essl3 GL_OES_EGL_sync GL_OES_texture_npot GL_OES_vertex_half_float GL_OES_required_internalformat GL_OES_vertex_array_object GL_OES_mapbuffer GL_EXT_texture_format_BGRA8888 GL_EXT_texture_rg GL_EXT_texture_type_2_10_10_10_REV GL_OES_fbo_render_mipmap GL_OES_element_index_uint GL_EXT_shadow_samplers GL_OES_texture_compression_astc GL_KHR_texture_compression_astc_ldr GL_KHR_texture_compression_astc_hdr GL_KHR_texture_compression_astc_sliced_3d GL_EXT_texture_compression_astc_decode_mode GL_EXT_texture_compression_astc_decode_mode_rgb9e5 GL_KHR_debug GL_EXT_occlusion_query_boolean GL_EXT_disjoint_timer_query GL_EXT_blend_minmax GL_EXT_discard_
06-10 15:19:48.168 288 288 I RenderEngine: GL_MAX_TEXTURE_SIZE = 8192
06-10 15:19:48.168 288 288 I RenderEngine: GL_MAX_VIEWPORT_DIMS = 8192
06-10 15:19:48.168 288 288 W libprocessgroup: Failed to open /dev/cpuset/system-background/tasks: Permission denied: Permission denied
06-10 15:19:48.168 288 288 W libprocessgroup: Failed to apply SFMainPolicy task profile: Permission denied
06-10 15:19:48.176 200 200 I hwservicemanager: getTransport: Cannot find entry android.hardware.graphics.mapper@4.0::IMapper/default in either framework or device VINTF manifest.
06-10 15:19:48.177 277 277 I ComposerResources: failed to get mapper 4.0 service, falling back to mapper 3.0
06-10 15:19:48.178 200 200 I hwservicemanager: getTransport: Cannot find entry android.hardware.graphics.mapper@3.0::IMapper/default in either framework or device VINTF manifest.
06-10 15:19:48.179 277 277 I ComposerResources: failed to get mapper 3.0 service, falling back to mapper 2.0
06-10 15:19:48.180 364 364 D isomountservice: main isomount service is running.
06-10 15:19:48.182 364 364 I isomountservice: ServiceManager: 0xea8ddcc0
06-10 15:19:48.185 277 277 E gralloc : Arm Module v1.0
06-10 15:19:48.190 277 277 I sunxihwc: createDeviceFactory: IDeviceFactory from hardware/aw/display/hwc-hal/disp2/HomletDeviceFactory.cpp
06-10 15:19:48.190 277 277 I sunxihwc: Device name: raven
06-10 15:19:48.190 277 432 I sunxihwc: threadLoop: EventThread start
06-10 15:19:48.193 277 277 D sunxihwc: Device config file: /vendor/etc/dispconfigs/homlet-default.json
06-10 15:19:48.197 277 277 D sunxihwc: Parse 'Display0' config
06-10 15:19:48.197 277 277 D sunxihwc: Parse 'Display1' config
06-10 15:19:48.200 277 277 I HidlServiceManagement: Registered vendor.display.config@1.0::IDisplayConfig/default
06-10 15:19:48.200 277 277 D android.hardware.graphics.composer@2.2-service: IDisplayConfig register: ok
06-10 15:19:48.200 277 277 I sunxihwc: initialize: DisplayConfigService init: ok
06-10 15:19:48.200 277 277 D sunxihwc: setHotplugState: mbHotplug = 1
06-10 15:19:48.201 277 277 E sunxihwc: notifyDeviceChanged: DeviceChangedListener not register yet!
06-10 15:19:48.201 277 277 I sunxihwc: setVendorInterface: register IVendorInterface: 0xf174f310
06-10 15:19:48.201 277 277 D sunxihwc: HAL device config file: /vendor/etc/dispconfigs/homlet-default.json
06-10 15:19:48.201 277 277 D sunxihwc: Displays (2 entries)
06-10 15:19:48.201 277 277 D sunxihwc: + Display{id=0, framebuffer=1920x1080(override=1), dpi=160x160}
06-10 15:19:48.201 277 277 D sunxihwc: DisplayEnginePortId=0
06-10 15:19:48.201 277 277 D sunxihwc: InterfaceType=HDMI
06-10 15:19:48.201 277 277 D sunxihwc: DefaultOutputMode=0
06-10 15:19:48.201 277 277 D sunxihwc: HotplugSupported=0
06-10 15:19:48.201 277 277 D sunxihwc: AfbcSupported=0
06-10 15:19:48.201 277 277 D sunxihwc: HardwareRotateSupported=0
06-10 15:19:48.201 277 277 D sunxihwc: BandwidthLimited=338800 Bytes per frame
06-10 15:19:48.201 277 277 D sunxihwc: + Display{id=1, framebuffer=1920x1080(override=1), dpi=160x160}
06-10 15:19:48.201 277 277 D sunxihwc: DisplayEnginePortId=1
06-10 15:19:48.201 277 277 D sunxihwc: InterfaceType=CVBS
06-10 15:19:48.201 277 277 D sunxihwc: DefaultOutputMode=0
06-10 15:19:48.201 277 277 D sunxihwc: HotplugSupported=0
06-10 15:19:48.201 277 277 D sunxihwc: AfbcSupported=0
06-10 15:19:48.201 277 277 D sunxihwc: HardwareRotateSupported=0
06-10 15:19:48.201 277 277 D sunxihwc: BandwidthLimited=338800 Bytes per frame
06-10 15:19:48.201 277 277 W sunxihwc: bringupDevices: display.1 was off, request type 2, try to bringup it!
06-10 15:19:48.201 277 277 I sunxihwc: scanConnectedDevice: wait for device connect
06-10 15:19:48.202 277 433 W displayd: xxxxxxx: threadedStartup begin
06-10 15:19:48.202 277 433 I sunxihwc: Device name: raven
06-10 15:19:48.202 277 433 D sunxihwc: Device config file: /vendor/etc/dispconfigs/homlet-default.json
06-10 15:19:48.203 283 283 I display.output-service: platform is homlet
06-10 15:19:48.204 200 200 I hw-BpHwBinder: onLastStrongRef automatically unlinking death recipients
06-10 15:19:48.204 199 199 I servicemanager: Found vendor.display.output.IDisplayOutputManager/default in device VINTF manifest.
06-10 15:19:48.206 277 433 D sunxihwc: Parse 'Display0' config
06-10 15:19:48.206 277 433 D sunxihwc: Parse 'Display1' config
06-10 15:19:48.206 277 433 W displayd: xxxxxxx: HAL device config file: /vendor/etc/dispconfigs/homlet-default.json
06-10 15:19:48.206 277 433 W displayd: Displays (2 entries)
06-10 15:19:48.206 277 433 W displayd: + Display{id=0, framebuffer=1920x1080(override=1), dpi=160x160}
06-10 15:19:48.206 277 433 W displayd: DisplayEnginePortId=0
06-10 15:19:48.206 277 433 W displayd: InterfaceType=HDMI
06-10 15:19:48.206 277 433 W displayd: DefaultOutputMode=0
06-10 15:19:48.206 277 433 W displayd: HotplugSupported=0
06-10 15:19:48.206 277 433 W displayd: AfbcSupported=0
06-10 15:19:48.206 277 433 W displayd: HardwareRotateSupported=0
06-10 15:19:48.206 277 433 W displayd: BandwidthLimited=338800 Bytes per frame
06-10 15:19:48.206 277 433 W displayd: + Display{id=1, framebuffer=1920x1080(override=1), dpi=160x160}
06-10 15:19:48.206 277 433 W displayd: DisplayEnginePortId=1
06-10 15:19:48.206 277 433 W displayd: InterfaceType=CVBS
06-10 15:19:48.206 277 433 W displayd: DefaultOutputMode=0
06-10 15:19:48.206 277 433 W displayd: HotplugSupported=0
06-10 15:19:48.206 277 433 W displayd: AfbcSupported=0
06-10 15:19:48.206 277 433 W displayd: HardwareRotateSupported=0
06-10 15:19:48.206 277 433 W displayd: BandwidthLimited=338800 Bytes per frame
06-10 15:19:48.207 277 433 W displayd: xxxxxxx: display output policy: dual
06-10 15:19:48.207 277 433 W displayd: xxxxxxx: Display.0 output type: 4
06-10 15:19:48.207 277 433 W displayd: xxxxxxx: Display.1 output type: 2
06-10 15:19:48.204 277 277 I MQ-Thread: type=1400 audit(0.0:281): avc: denied { read } for name="u:object_r:system_prop:s0" dev="tmpfs" ino=6478 scontext=u:r:hal_graphics_composer_default:s0 tcontext=u:object_r:system_prop:s0 tclass=file permissive=1
06-10 15:19:48.204 277 277 I MQ-Thread: type=1400 audit(0.0:282): avc: denied { open } for path="/dev/__properties__/u:object_r:system_prop:s0" dev="tmpfs" ino=6478 scontext=u:r:hal_graphics_composer_default:s0 tcontext=u:object_r:system_prop:s0 tclass=file permissive=1
06-10 15:19:48.204 277 277 I MQ-Thread: type=1400 audit(0.0:283): avc: denied { getattr } for path="/dev/__properties__/u:object_r:system_prop:s0" dev="tmpfs" ino=6478 scontext=u:r:hal_graphics_composer_default:s0 tcontext=u:object_r:system_prop:s0 tclass=file permissive=1
06-10 15:19:48.204 277 277 I MQ-Thread: type=1400 audit(0.0:284): avc: denied { map } for path="/dev/__properties__/u:object_r:system_prop:s0" dev="tmpfs" ino=6478 scontext=u:r:hal_graphics_composer_default:s0 tcontext=u:object_r:system_prop:s0 tclass=file permissive=1
06-10 15:19:48.204 277 277 I MQ-Thread: type=1400 audit(0.0:285): avc: denied { read } for name="u:object_r:default_prop:s0" dev="tmpfs" ino=6351 scontext=u:r:hal_graphics_composer_default:s0 tcontext=u:object_r:default_prop:s0 tclass=file permissive=1
06-10 15:19:48.204 277 277 I MQ-Thread: type=1400 audit(0.0:286): avc: denied { open } for path="/dev/__properties__/u:object_r:default_prop:s0" dev="tmpfs" ino=6351 scontext=u:r:hal_graphics_composer_default:s0 tcontext=u:object_r:default_prop:s0 tclass=file permissive=1
06-10 15:19:48.208 277 433 W displayd: xxxxxxx: Device hdmi init
06-10 15:19:48.204 277 277 I MQ-Thread: type=1400 audit(0.0:287): avc: denied { getattr } for path="/dev/__properties__/u:object_r:default_prop:s0" dev="tmpfs" ino=6351 scontext=u:r:hal_graphics_composer_default:s0 tcontext=u:object_r:default_prop:s0 tclass=file permissive=1
06-10 15:19:48.208 277 433 W displayd: xxxxxxx: createDevice: type=2 on port 1
06-10 15:19:48.204 277 277 I MQ-Thread: type=1400 audit(0.0:288): avc: denied { map } for path="/dev/__properties__/u:object_r:default_prop:s0" dev="tmpfs" ino=6351 scontext=u:r:hal_graphics_composer_default:s0 tcontext=u:object_r:default_prop:s0 tclass=file permissive=1
06-10 15:19:48.208 277 433 W displayd: xxxxxxx: Device cvbs init
06-10 15:19:48.209 277 433 W displayd: xxxxxxx: Initizlize display device mapping
06-10 15:19:48.209 277 433 D displayd: xxxxxxx: updateConnectState: type=-1 connected=-1
06-10 15:19:48.209 277 433 W displayd: xxxxxxx: platformGetDeviceConnectStatePath:
06-10 15:19:48.209 277 433 W displayd: hdmi: /sys/class/extcon/extcon0/state
06-10 15:19:48.209 277 433 W displayd: cvbs: /sys/class/extcon/extcon1/state
06-10 15:19:48.209 277 433 D displayd: xxxxxxx: updated: type=2 connected=0
06-10 15:19:48.210 277 433 D displayd: xxxxxxx: updated: type=4 connected=1
06-10 15:19:48.210 277 433 W displayd: xxxxxxx: setupDefaultOutput: hdmi user strategy: 255
06-10 15:19:48.204 277 277 I MQ-Thread: type=1400 audit(0.0:289): avc: denied { getattr } for path="/sys/devices/platform/soc@3000000/6520000.tv0/extcon/extcon1/state" dev="sysfs" ino=19386 scontext=u:r:hal_graphics_composer_default:s0 tcontext=u:object_r:sysfs:s0 tclass=file permissive=1
06-10 15:19:48.210 277 433 W edid : Parse block0:
06-10 15:19:48.210 277 433 W edid : Extension block count: 1
06-10 15:19:48.210 277 433 W edid : Parse CEA extension block (version: 3)
06-10 15:19:48.210 277 433 W edid : CEA data length: 49 bytes
06-10 15:19:48.210 277 433 E edid : parseCeaDataBlocks:unhandled EXTENDED_TAG code0
06-10 15:19:48.208 1 1 I /system/bin/init: type=1107 audit(0.0:290): uid=0 auid=4294967295 ses=4294967295 subj=u:r:init:s0 msg='avc: denied { set } for property=vendor.sys.tv_vdid_fex pid=277 uid=1000 gid=1003 scontext=u:r:hal_graphics_composer_default:s0 tcontext=u:object_r:vendor_default_prop:s0 tclass=property_service permissive=1'
06-10 15:19:48.212 277 433 W displayd: xxxxxxx: performDefaultConfig dirty=0
06-10 15:19:48.212 277 433 W displayd: xxxxxxx: Old config: type[4] mode[10] pixelformat[1] bits[0] eotf[4] colorspace[257]
06-10 15:19:48.213 277 433 W displayd: xxxxxxx: New config: type[4] mode[10] pixelformat[1] bits[0] eotf[4] colorspace[257]
06-10 15:19:48.213 277 433 I sunxihwc: switchDevice: display[1]: type=2 mode=0 enable=0
06-10 15:19:48.213 277 433 I sunxihwc: switchDevice: display[0]: type=4 mode=10 enable=1
06-10 15:19:48.213 277 433 D sunxihwc: setHotplugState: mbHotplug = 1
06-10 15:19:48.213 277 433 I sunxihwc: createSyncTimeline: DisplayEngine Frequency: 696000000 Hz
06-10 15:19:48.213 277 433 I sunxihwc: setup: timeline0 create
06-10 15:19:48.213 277 433 E sunxihwc: readFromFile: Could not open '/sys/firmware/devicetree/base/dram/dram_clk', No such file or directory(2)
06-10 15:19:48.213 277 433 E sunxihwc: readFromFile: Could not open '/sys/firmware/devicetree/base/dram/dram_mr1', No such file or directory(2)
06-10 15:19:48.213 277 433 E sunxihwc: readFromFile: Could not open '/sys/firmware/devicetree/base/dram/dram_type', No such file or directory(2)
06-10 15:19:48.213 277 433 I sunxihwc: getDramInfoFromDeviceTree: draminfo: freq 0 MHz, bus width 32 bits, type 0
06-10 15:19:48.213 277 433 I sunxihwc: computeEffectiveBandwidth: dram effective bandwidth: 0 MBytes
06-10 15:19:48.213 277 433 E sunxihwc: calculateBandwidthLimitation: getDramFrequency return error(0), fallback to default bandwidth config
06-10 15:19:48.213 277 433 I sunxihwc: setup: Bandwidth limitation: 49152000 Bytes per frame
06-10 15:19:48.214 277 435 I sunxihwc: pollThreadLoop: polling VsyncThread start
06-10 15:19:48.214 277 433 I sunxihwc: setDisplaydCb: get mDisplaydCb =0x0x696c4372
06-10 15:19:48.214 277 433 I sunxihwc: updateConnectedDevices: display[0] connected=1 type=4 device=0xf1614d0c
06-10 15:19:48.214 277 433 I sunxihwc: updateConnectedDevices: display[1] connected=0 type=2 device=0x0
06-10 15:19:48.214 277 433 D sunxihwc: enqueueEvent: enqueueEvent: event 1
06-10 15:19:48.214 277 433 I sunxihwc: setMargin: display[0]: margin 100 100 100 100
06-10 15:19:48.214 277 433 W displayd: xxxxxxx: Turen on display(0), margin(100,100,100,100)
06-10 15:19:48.214 277 432 W sunxihwc: deviceChangedEventProcess: Display.0 (hdmi0) connect
06-10 15:19:48.214 277 433 W displayd: xxxxxxx: Current device mapping:
06-10 15:19:48.214 277 433 W displayd: + display [1]: enable=0 type=2 mode=0
06-10 15:19:48.214 277 433 W displayd: + display [0]: enable=1 type=4 mode=10
06-10 15:19:48.214 277 432 I sunxihwc: onHotplugReceived: display(0) connect state[1]
06-10 15:19:48.214 277 432 I sunxihwc: onHotplugReceived: display size: 0 display.0 0 display.1 0 display.0 0
06-10 15:19:48.214 277 433 I sunxihwc: registerCallback: registerCallback mEventCallback =0x0
06-10 15:19:48.214 277 433 I sunxihwc: setDisplaydCb: get mDisplaydCb =0x0xf1783370
06-10 15:19:48.214 277 432 W sunxihwc: onHotplugReceived: display(0) is 0xf161a010
06-10 15:19:48.215 277 432 D sunxihwc: setDisplays: display =0xf161a010
06-10 15:19:48.215 277 432 D sunxihwc: setDisplays: display size=1
06-10 15:19:48.215 277 277 D sunxihwc: enqueueEvent: enqueueEvent: event 1
06-10 15:19:48.215 277 277 I sunxihwc: waitForHotplugIssued: Wait for display connect
06-10 15:19:48.215 277 432 D sunxihwc: setHotplugState: mbHotplug = 0
06-10 15:19:48.215 277 432 D sunxihwc: setHotplugState: mbHotplug = 0
06-10 15:19:48.215 277 433 W displayd: xxxxxxx: threadedStartup end
06-10 15:19:48.216 288 288 I SurfaceFlinger: onComposerHalHotplug(0, connected)
06-10 15:19:48.216 288 288 I HWComposer: Switching to legacy multi-display mode
06-10 15:19:48.217 288 288 E HWComposer: getAttribute: getDisplayAttribute failed for display 0: BadConfig (1)
06-10 15:19:48.217 288 288 E HWComposer: getDisplayConnectionType: getDisplayConnectionType failed for display 0: Unsupported (8)
06-10 15:19:48.217 277 434 I sunxihwc: threadLoop: set CommitThread priority as HAL_PRIORITY_URGENT_DISPLAY
06-10 15:19:48.218 288 438 W EventThread: Ignoring VSYNC request while display is disconnected
06-10 15:19:48.218 288 438 W EventThread: Ignoring VSYNC request while display is disconnected
06-10 15:19:48.218 288 439 W EventThread: Ignoring VSYNC request while display is disconnected
06-10 15:19:48.218 288 439 W EventThread: Ignoring VSYNC request while display is disconnected
06-10 15:19:48.219 288 438 W EventThread: Ignoring VSYNC request while display is disconnected
06-10 15:19:48.219 288 438 W EventThread: Ignoring VSYNC request while display is disconnected
06-10 15:19:48.219 277 277 D sunxihwc: getHdrCapabilities: getHdrCapabilities: support hdr10 and hlg
06-10 15:19:48.219 288 288 W HwcComposer: getPerFrameMetadataKeys failed with 8
06-10 15:19:48.224 276 315 I gralloc : alloc buffer:W:1920 H:1080 S:1920 PL[1920 1080] SZ:8294400 fmt:1 if:0 af:1 usg:1b00 fg:00000004
06-10 15:19:48.228 276 315 I gralloc : alloc buffer:W:1920 H:1080 S:1920 PL[1920 1080] SZ:8294400 fmt:1 if:0 af:1 usg:1b00 fg:00000004
06-10 15:19:48.229 288 288 I SurfaceFlinger: Dispatching display hotplug event displayId=0, connected=1
06-10 15:19:48.230 359 359 I cameraserver: ServiceManager: 0xeff76960
06-10 15:19:48.231 288 442 W SurfaceFlinger: Failed to set thread name on dispatch thread
06-10 15:19:48.231 359 359 I CameraService: CameraService started (pid=359)
06-10 15:19:48.231 359 359 I CameraService: CameraService process starting
06-10 15:19:48.232 359 359 W BatteryNotifier: batterystats service unavailable!
06-10 15:19:48.232 359 359 W BatteryNotifier: batterystats service unavailable!
06-10 15:19:48.233 359 359 E cutils-trace: Error opening trace file: No such file or directory (2)
06-10 15:19:48.236 359 359 I CameraProviderManager: Connecting to new camera provider: external/0, isRemote? 1
06-10 15:19:48.237 359 359 I CameraProviderManager: Camera provider external/0 ready with 0 camera devices
06-10 15:19:48.238 359 444 W CameraProviderManager: addProviderLocked: Camera provider HAL with name 'external/0' already registered
06-10 15:19:48.239 359 359 I cameraserver: Waiting for activity service
06-10 15:19:48.251 368 368 D multiir : multi_ir open uinput dev
06-10 15:19:48.248 342 342 I xiriservice_All: type=1400 audit(0.0:291): avc: denied { read } for scontext=u:r:init:s0 tcontext=u:r:init:s0 tclass=netlink_kobject_uevent_socket permissive=1
06-10 15:19:48.253 334 335 D XM_HIDREAD: add@ add@/devices/virtual/input/input1
06-10 15:19:48.256 368 368 I input : sunxi-ir-uinput as /devices/virtual/input/input1
06-10 15:19:48.255 334 335 D XM_HIDREAD: add@ add@/devices/virtual/input/input1/event1
06-10 15:19:48.255 368 368 D multiir : uinputfd=4
06-10 15:19:48.260 281 281 I EventThread: type=1400 audit(0.0:292): avc: denied { search } for name="extcon" dev="sysfs" ino=18109 scontext=u:r:hal_tv_cec_default:s0 tcontext=u:object_r:sysfs_extcon:s0 tclass=dir permissive=1
06-10 15:19:48.269 285 285 I ServiceManager: Waiting for service 'media.metrics' on '/dev/binder' successful after waiting 327ms
06-10 15:19:48.270 285 285 I AudioFlinger: Using default 3000 mSec as standby time.
06-10 15:19:48.271 366 428 I ServiceManager: Waiting for service 'package_native' on '/dev/binder'...
06-10 15:19:48.302 368 368 D multiir : uevent listen start
06-10 15:19:48.331 285 285 E APM::HwModule: refreshSupportedDevices: invalid source devices for primary input
06-10 15:19:48.333 285 285 E APM::HwModule: refreshSupportedDevices: invalid source devices for fast input
06-10 15:19:48.344 285 285 D APM_EngineLoader: Loaded engine from libaudiopolicyenginedefault.so
06-10 15:19:48.344 285 285 D APM::AudioPolicyEngine/Base: loadAudioPolicyEngineConfig: No configuration found, using default matching phone experience.
06-10 15:19:48.378 285 285 W APM::AudioPolicyEngine/Base: loadAudioPolicyEngineConfig: No configuration of AUDIO_STREAM_ASSISTANT found, using default volume configuration
06-10 15:19:48.379 285 285 W APM::AudioPolicyEngine/Base: loadAudioPolicyEngineConfig: No configuration of AUDIO_STREAM_CALL_ASSISTANT found, using default volume configuration
06-10 15:19:48.394 368 368 D multiir : find target device, path=/dev/input/event0
06-10 15:19:48.399 266 266 V audio_hw_primary: init_audio_devices, line: 611
06-10 15:19:48.399 266 266 D audio_hw_primary: read card /sys/class/sound/card0/id
06-10 15:19:48.400 266 266 D audio_hw_primary: /sys/class/sound/card0/id, audiocodec, len: 11
06-10 15:19:48.400 266 266 D audio_hw_primary: linux name = audiocodec, android name = AUDIO_CODEC
06-10 15:19:48.400 266 266 D audio_hw_primary: find name map, card_id = audiocodec, card_name = AUDIO_CODEC
06-10 15:19:48.400 266 266 V audio_hw_primary: card: 0, name: AUDIO_CODEC, capture: 0, playback: 1
06-10 15:19:48.400 266 266 D audio_hw_primary: read card /sys/class/sound/card1/id
06-10 15:19:48.402 266 266 D audio_hw_primary: /sys/class/sound/card1/id, sndspdif, len: 9
06-10 15:19:48.403 266 266 D audio_hw_primary: linux name = sndspdif, android name = AUDIO_SPDIF
06-10 15:19:48.403 266 266 D audio_hw_primary: find name map, card_id = sndspdif, card_name = AUDIO_SPDIF
06-10 15:19:48.403 266 266 V audio_hw_primary: card: 1, name: AUDIO_SPDIF, capture: 1, playback: 1
06-10 15:19:48.403 266 266 D audio_hw_primary: read card /sys/class/sound/card2/id
06-10 15:19:48.403 266 266 D audio_hw_primary: /sys/class/sound/card2/id, ahubdam, len: 8
06-10 15:19:48.403 266 266 D audio_hw_primary: linux name = ahubdam, android name = AUDIO_DAM
06-10 15:19:48.403 266 266 D audio_hw_primary: find name map, card_id = ahubdam, card_name = AUDIO_DAM
06-10 15:19:48.403 266 266 V audio_hw_primary: card: 2, name: AUDIO_DAM, capture: 0, playback: 0
06-10 15:19:48.404 266 266 D audio_hw_primary: read card /sys/class/sound/card3/id
06-10 15:19:48.404 266 266 D audio_hw_primary: /sys/class/sound/card3/id, ahubhdmi, len: 9
06-10 15:19:48.404 266 266 D audio_hw_primary: linux name = ahubhdmi, android name = AUDIO_HDMI
06-10 15:19:48.404 266 266 D audio_hw_primary: find name map, card_id = ahubhdmi, card_name = AUDIO_HDMI
06-10 15:19:48.404 266 266 V audio_hw_primary: card: 3, name: AUDIO_HDMI, capture: 1, playback: 1
06-10 15:19:48.404 266 266 D audio_hw_primary: read card /sys/class/sound/card4/id
06-10 15:19:48.404 266 266 D audio_hw_primary: /sys/class/sound/card4/id, ahubi2s2, len: 9
06-10 15:19:48.404 266 266 D audio_hw_primary: linux name = ahubi2s2, android name = AUDIO_I2S2
06-10 15:19:48.404 266 266 D audio_hw_primary: find name map, card_id = ahubi2s2, card_name = AUDIO_I2S2
06-10 15:19:48.404 266 266 V audio_hw_primary: card: 4, name: AUDIO_I2S2, capture: 1, playback: 1
06-10 15:19:48.404 266 266 D audio_hw_primary: getCardNumbyName: name = AUDIO_CODEC , card = 0
06-10 15:19:48.405 266 266 D audio_hw_primary: getCardNumbyName: name = AUDIO_DAM , card = 2
06-10 15:19:48.405 266 266 D audio_hw_primary: getCardNumbyName: name = AUDIO_HDMI , card = 3
06-10 15:19:48.405 266 266 D audio_hw_primary: getCardNumbyName: name = AUDIO_I2S2 , card = 4
06-10 15:19:48.405 266 266 D audio_hw_primary: getCardNumbyName: name = AUDIO_SPDIF , card = 1
06-10 15:19:48.405 266 266 E audio_hw_primary: AUDIO_BT card does not exist
06-10 15:19:48.405 266 266 E audio_hw_primary: AUDIO_MIX card does not exist
06-10 15:19:48.405 266 266 V audio_hw_primary: init_audio_devices_active, line: 635
06-10 15:19:48.405 266 266 V audio_hw_primary: init_audio_devices_active: get property persist.vendor.audio.input.active: AUDIO_CODEC
06-10 15:19:48.404 1 1 I /system/bin/init: type=1107 audit(0.0:293): uid=0 auid=4294967295 ses=4294967295 subj=u:r:init:s0 msg='avc: denied { set } for property=persist.vendor.audio.input.active pid=266 uid=1041 gid=1005 scontext=u:r:hal_audio_default:s0 tcontext=u:object_r:vendor_default_prop:s0 tclass=property_service permissive=1'
06-10 15:19:48.411 266 266 V audio_hw_primary: set property persist.vendor.audio.input.active: AUDIO_CODEC ok
06-10 15:19:48.411 266 266 V audio_hw_primary: init_audio_devices_active: get property persist.vendor.audio.output.active: AUDIO_HDMI
06-10 15:19:48.414 368 456 D multiir : MultiirService create
06-10 15:19:48.416 199 199 E SELinux : avc: denied { add } for pid=368 uid=0 name=softwinner.multi_ir scontext=u:r:multi_ir:s0 tcontext=u:object_r:default_android_service:s0 tclass=service_manager permissive=1
06-10 15:19:48.417 266 266 V audio_hw_primary: set property persist.vendor.audio.output.active: AUDIO_HDMI ok
06-10 15:19:48.418 266 266 V audio_hw_primary: AUDIO_HDMI output device will be active
06-10 15:19:48.418 266 266 D audio_hw_primary: XX 2 0 2 0
06-10 15:19:48.421 266 266 W audio_route: Control 'External Speaker Switch' doesn't exist - skipping
06-10 15:19:48.421 266 266 W audio_route: Control 'Headphone Switch' doesn't exist - skipping
06-10 15:19:48.421 266 266 W audio_route: Control 'Earpiece Switch' doesn't exist - skipping
06-10 15:19:48.421 266 266 W audio_route: Control 'AIF1IN0R Mux' doesn't exist - skipping
06-10 15:19:48.421 266 266 W audio_route: Control 'AIF1IN0L Mux' doesn't exist - skipping
06-10 15:19:48.421 266 266 W audio_route: Control 'DACR Mixer AIF1DA0R Switch' doesn't exist - skipping
06-10 15:19:48.421 266 266 W audio_route: Control 'DACL Mixer AIF1DA0L Switch' doesn't exist - skipping
06-10 15:19:48.421 266 266 W audio_route: Control 'AIF1OUT0L Mux' doesn't exist - skipping
06-10 15:19:48.421 266 266 W audio_route: Control 'AIF1OUT0R Mux' doesn't exist - skipping
06-10 15:19:48.421 266 266 W audio_route: Control 'AIF1 AD0L Mixer ADCL Switch' doesn't exist - skipping
06-10 15:19:48.421 266 266 W audio_route: Control 'AIF1 AD0R Mixer ADCR Switch' doesn't exist - skipping
06-10 15:19:48.421 266 266 W audio_route: Control 'ADCR Mux' doesn't exist - skipping
06-10 15:19:48.422 266 266 W audio_route: Control 'ADCL Mux' doesn't exist - skipping
06-10 15:19:48.422 266 266 W audio_route: Control 'HP_R Mux' doesn't exist - skipping
06-10 15:19:48.422 266 266 W audio_route: Control 'HP_L Mux' doesn't exist - skipping
06-10 15:19:48.422 266 266 W audio_route: Control 'HP_R Mux' doesn't exist - skipping
06-10 15:19:48.422 266 266 W audio_route: Control 'HP_L Mux' doesn't exist - skipping
06-10 15:19:48.422 266 266 W audio_route: Control 'Right Output Mixer DACR Switch' doesn't exist - skipping
06-10 15:19:48.422 266 266 W audio_route: Control 'Left Output Mixer DACL Switch' doesn't exist - skipping
06-10 15:19:48.422 266 266 W audio_route: Control 'SPK_L Mux' doesn't exist - skipping
06-10 15:19:48.422 266 266 W audio_route: Control 'SPK_R Mux' doesn't exist - skipping
06-10 15:19:48.422 266 266 W audio_route: Control 'External Speaker Switch' doesn't exist - skipping
06-10 15:19:48.422 266 266 W audio_route: Control 'Headphone Switch' doesn't exist - skipping
06-10 15:19:48.422 266 266 W audio_route: Control 'AIF1IN0R Mux' doesn't exist - skipping
06-10 15:19:48.422 266 266 W audio_route: Control 'AIF1IN0L Mux' doesn't exist - skipping
06-10 15:19:48.422 266 266 W audio_route: Control 'DACR Mixer AIF1DA0R Switch' doesn't exist - skipping
06-10 15:19:48.422 266 266 W audio_route: Control 'DACL Mixer AIF1DA0L Switch' doesn't exist - skipping
06-10 15:19:48.422 266 266 W audio_route: Control 'Left Output Mixer DACR Switch' doesn't exist - skipping
06-10 15:19:48.422 266 266 W audio_route: Control 'Left Output Mixer DACL Switch' doesn't exist - skipping
06-10 15:19:48.423 266 266 W audio_route: Control 'SPK_L Mux' doesn't exist - skipping
06-10 15:19:48.423 266 266 W audio_route: Control 'External Speaker Switch' doesn't exist - skipping
06-10 15:19:48.423 266 266 W audio_route: unknown enum value string 0 for ctl LINEOUTL src LR
06-10 15:19:48.423 266 266 W audio_route: unknown enum value string 0 for ctl LINEOUTR src LR
06-10 15:19:48.423 266 266 W audio_route: Control 'DACR Mixer AIF1DA0R Switch' doesn't exist - skipping
06-10 15:19:48.423 266 266 W audio_route: Control 'DACL Mixer AIF1DA0L Switch' doesn't exist - skipping
06-10 15:19:48.423 266 266 W audio_route: Control 'AIF1 AD0L Mixer ADCL Switch' doesn't exist - skipping
06-10 15:19:48.423 266 266 W audio_route: Control 'AIF1 AD0R Mixer ADCR Switch' doesn't exist - skipping
06-10 15:19:48.423 266 266 W audio_route: Control 'Left Output Mixer DACL Switch' doesn't exist - skipping
06-10 15:19:48.423 266 266 W audio_route: Control 'Left Output Mixer DACR Switch' doesn't exist - skipping
06-10 15:19:48.423 266 266 W audio_route: Control 'Right Output Mixer DACL Switch' doesn't exist - skipping
06-10 15:19:48.423 266 266 W audio_route: Control 'Right Output Mixer DACR Switch' doesn't exist - skipping
06-10 15:19:48.423 266 266 W audio_route: Control 'Headphone Switch' doesn't exist - skipping
06-10 15:19:48.423 266 266 W audio_route: Control 'External Speaker Switch' doesn't exist - skipping
06-10 15:19:48.423 266 266 W audio_route: Control 'AIF1OUT0R Mux' doesn't exist - skipping
06-10 15:19:48.423 266 266 W audio_route: Control 'AIF1OUT0L Mux' doesn't exist - skipping
06-10 15:19:48.423 261 261 D Zygote : VMRuntime.setVerifierEnabled(false)
06-10 15:19:48.423 266 266 W audio_route: Control 'AIF1 AD0R Mixer ADCR Switch' doesn't exist - skipping
06-10 15:19:48.423 266 266 W audio_route: Control 'AIF1 AD0L Mixer ADCL Switch' doesn't exist - skipping
06-10 15:19:48.423 266 266 W audio_route: Control 'ADCR Mux' doesn't exist - skipping
06-10 15:19:48.423 266 266 W audio_route: Control 'ADCL Mux' doesn't exist - skipping
06-10 15:19:48.423 266 266 W audio_route: Control 'LADC input Mixer MIC1 boost Switch' doesn't exist - skipping
06-10 15:19:48.423 266 266 W audio_route: Control 'RADC input Mixer MIC1 boost Switch' doesn't exist - skipping
