06-10 15:19:53.718 523 607 I InputReader: Reconfiguring input devices, changes=DISPLAY_INFO |
06-10 15:19:53.723 363 363 D installd: Found quota mount /dev/block/by-name/userdata at /data
06-10 15:19:53.723 363 363 D installd: Found quota mount /dev/block/by-name/userdata at /data/user/0
06-10 15:19:53.728 1 1 I init : processing action (sys.sysctl.extra_free_kbytes=*) from (/system/etc/init/hw/init.rc:1139)
06-10 15:19:53.729 523 612 D StorageManagerService: Thinking about init, mBootCompleted=false, mDaemonConnected=true
06-10 15:19:53.729 523 612 D StorageManagerService: Thinking about reset, mBootCompleted=false, mDaemonConnected=true
06-10 15:19:53.730 523 612 D StorageManagerService: Thinking about init, mBootCompleted=false, mDaemonConnected=true
06-10 15:19:53.730 523 523 I SystemServerTiming: StartStorageStatsService
06-10 15:19:53.730 523 612 D StorageManagerService: Thinking about reset, mBootCompleted=false, mDaemonConnected=true
06-10 15:19:53.730 523 523 I SystemServiceManager: Starting com.android.server.usage.StorageStatsService$Lifecycle
06-10 15:19:53.732 363 363 D installd: Found quota mount /dev/block/by-name/userdata at /data
06-10 15:19:53.732 363 363 D installd: Found quota mount /dev/block/by-name/userdata at /data/user/0
06-10 15:19:53.735 363 363 D installd: Found quota mount /dev/block/by-name/userdata at /data
06-10 15:19:53.735 363 363 D installd: Found quota mount /dev/block/by-name/userdata at /data/user/0
06-10 15:19:53.739 523 523 I SystemServerTiming: StartUiModeManager
06-10 15:19:53.739 523 523 I SystemServiceManager: Starting com.android.server.UiModeManagerService
06-10 15:19:53.741 523 549 I SystemServerTimingAsync: InitThreadPoolExec:UiModeManager.onStart
06-10 15:19:53.741 523 549 D SystemServerInitThreadPool: Started executing UiModeManager.onStart
06-10 15:19:53.742 523 523 I SystemServerTiming: UpdatePackagesIfNeeded
06-10 15:19:53.742 523 523 I Watchdog: Pausing HandlerChecker: main thread for reason: dexopt. Pause count: 1
06-10 15:19:53.742 523 523 I Watchdog: Resuming HandlerChecker: main thread for reason: dexopt. Pause count: 0
06-10 15:19:53.742 523 523 I SystemServerTiming: PerformFstrimIfNeeded
06-10 15:19:53.742 523 523 I SystemServerTiming: StartLockSettingsService
06-10 15:19:53.743 523 523 I SystemServiceManager: Starting com.android.server.locksettings.LockSettingsService$Lifecycle
06-10 15:19:53.748 523 549 D SystemServerInitThreadPool: Finished executing UiModeManager.onStart
06-10 15:19:53.768 523 523 I SystemServerTiming: StartPersistentDataBlock
06-10 15:19:53.768 523 523 I SystemServiceManager: Starting com.android.server.PersistentDataBlockService
06-10 15:19:53.769 523 523 I SystemServerTiming: StartTestHarnessMode
06-10 15:19:53.769 523 541 I SystemServerTimingAsync: InitThreadPoolExec:PersistentDataBlockService.onStart
06-10 15:19:53.769 523 523 I SystemServiceManager: Starting com.android.server.testharness.TestHarnessModeService
06-10 15:19:53.769 523 541 D SystemServerInitThreadPool: Started executing PersistentDataBlockService.onStart
06-10 15:19:53.770 523 523 I SystemServerTiming: StartOemLockService
06-10 15:19:53.770 523 523 I SystemServiceManager: Starting com.android.server.oemlock.OemLockService
06-10 15:19:53.771 200 200 I hwservicemanager: getTransport: Cannot find entry android.hardware.oemlock@1.0::IOemLock/default in either framework or device VINTF manifest.
06-10 15:19:53.773 523 523 I OemLock : OemLock HAL not present on device
06-10 15:19:53.773 523 523 I OemLock : Using persistent data block based lock
06-10 15:19:53.774 523 523 I SystemServerTiming: StartDeviceIdleController
06-10 15:19:53.774 523 523 I SystemServiceManager: Starting com.android.server.DeviceIdleController
06-10 15:19:53.779 523 523 I SystemServerTiming: StartDevicePolicyManager
06-10 15:19:53.779 523 523 I SystemServiceManager: Starting com.android.server.devicepolicy.DevicePolicyManagerService$Lifecycle
06-10 15:19:53.785 523 541 D SystemServerInitThreadPool: Finished executing PersistentDataBlockService.onStart
06-10 15:19:53.786 308 308 D XiriService: check file name: /data/data/com.android.cts.priv.ctsshim/lib
06-10 15:19:53.784 308 308 I xiriservice_All: type=1400 audit(0.0:307): avc: denied { search } for name="com.android.cts.priv.ctsshim" dev="mmcblk0p25" ino=567 scontext=u:r:init:s0 tcontext=u:object_r:privapp_data_file:s0:c512,c768 tclass=dir permissive=1
06-10 15:19:53.786 308 308 D XiriService: check file name: /data/data/com.android.cts.priv.ctsshim/lib
06-10 15:19:53.786 308 308 D XiriService: check file name: /data/data/com.android.cts.priv.ctsshim/lib
06-10 15:19:53.786 308 308 D XiriService: check file name: /data/data/com.android.cts.priv.ctsshim/lib
06-10 15:19:53.784 308 308 I xiriservice_All: type=1400 audit(0.0:308): avc: denied { read } for name="lib" dev="mmcblk0p25" ino=2958 scontext=u:r:init:s0 tcontext=u:object_r:privapp_data_file:s0:c512,c768 tclass=lnk_file permissive=1
06-10 15:19:53.791 523 523 I SystemServerTiming: StartStatusBarManagerService
06-10 15:19:53.792 523 523 D SystemServer: MusicRecognitionManagerService not defined by OEM or disabled by flag
06-10 15:19:53.792 308 308 D XiriService: check file name: /data/data/com.android.cts.priv.ctsshim/lib
06-10 15:19:53.792 308 308 D XiriService: check file name: /data/data/com.android.cts.priv.ctsshim/lib
06-10 15:19:53.793 308 308 D XiriService: check file name: /data/data/com.android.cts.priv.ctsshim/lib
06-10 15:19:53.793 308 308 D XiriService: check file name: /data/data/com.android.cts.priv.ctsshim/lib
06-10 15:19:53.793 523 523 D SystemServer: ContentCaptureService disabled because resource is not overlaid
06-10 15:19:53.793 523 523 D SystemServer: AttentionService is not configured on this device
06-10 15:19:53.793 308 308 D XiriService: check file name: /data/data/com.android.dynsystem/lib
06-10 15:19:53.793 523 523 D SystemServer: RotationResolverService is not configured on this device
06-10 15:19:53.793 523 523 D SystemServer: SystemCaptionsManagerService disabled because resource is not overlaid
06-10 15:19:53.788 308 308 I xiriservice_All: type=1400 audit(0.0:309): avc: denied { search } for name="com.android.dynsystem" dev="mmcblk0p25" ino=575 scontext=u:r:init:s0 tcontext=u:object_r:system_app_data_file:s0 tclass=dir permissive=1
06-10 15:19:53.793 523 523 I SystemServerTiming: StartTextToSpeechManagerService
06-10 15:19:53.793 308 308 D XiriService: check file name: /data/data/com.android.dynsystem/lib
06-10 15:19:53.793 523 523 I SystemServiceManager: Starting com.android.server.texttospeech.TextToSpeechManagerService
06-10 15:19:53.794 308 308 D XiriService: check file name: /data/data/com.android.dynsystem/lib
06-10 15:19:53.794 308 308 D XiriService: check file name: /data/data/com.android.dynsystem/lib
06-10 15:19:53.792 308 308 I xiriservice_All: type=1400 audit(0.0:310): avc: denied { read } for name="lib" dev="mmcblk0p25" ino=2960 scontext=u:r:init:s0 tcontext=u:object_r:system_app_data_file:s0 tclass=lnk_file permissive=1
06-10 15:19:53.796 523 523 I SystemServerTiming: StartSpeechRecognitionManagerService
06-10 15:19:53.797 523 523 I SystemServiceManager: Starting com.android.server.speech.SpeechRecognitionManagerService
06-10 15:19:53.800 523 523 D SystemServer: AppPredictionService not defined by OEM
06-10 15:19:53.800 523 523 D SystemServer: ContentSuggestionsService not defined by OEM
06-10 15:19:53.800 523 523 I SystemServerTiming: StartSearchUiService
06-10 15:19:53.800 308 308 D XiriService: check file name: /data/data/com.android.dynsystem/lib
06-10 15:19:53.800 523 523 I SystemServiceManager: Starting com.android.server.searchui.SearchUiManagerService
06-10 15:19:53.800 308 308 D XiriService: check file name: /data/data/com.android.dynsystem/lib
06-10 15:19:53.801 308 308 D XiriService: check file name: /data/data/com.android.dynsystem/lib
06-10 15:19:53.801 308 308 D XiriService: check file name: /data/data/com.dangbei.lerad.rocky/lib
06-10 15:19:53.801 308 308 D XiriService: check file name: /data/data/com.dangbei.lerad.rocky/lib
06-10 15:19:53.802 308 308 D XiriService: check file name: /data/data/com.dangbei.lerad.rocky/lib
06-10 15:19:53.802 308 308 D XiriService: check file name: /data/data/com.dangbei.lerad.rocky/lib
06-10 15:19:53.802 523 523 I SystemServerTiming: StartSmartspaceService
06-10 15:19:53.802 523 523 I SystemServiceManager: Starting com.android.server.smartspace.SmartspaceManagerService
06-10 15:19:53.806 523 523 I SystemServerTiming: InitConnectivityModuleConnector
06-10 15:19:53.806 523 523 D ConnectivityModuleConnector: Network stack init
06-10 15:19:53.808 308 308 D XiriService: check file name: /data/data/com.dangbei.lerad.rocky/lib
06-10 15:19:53.808 308 308 D XiriService: check file name: /data/data/com.dangbei.lerad.rocky/lib
06-10 15:19:53.809 308 308 D XiriService: check file name: /data/data/com.dangbei.lerad.rocky/lib
06-10 15:19:53.809 308 308 D XiriService: check file name: /data/data/com.dangbei.lerad.rocky/lib
06-10 15:19:53.812 523 523 I SystemServerTiming: InitNetworkStackClient
06-10 15:19:53.814 523 523 I SystemServerTiming: StartNetworkManagementService
06-10 15:19:53.815 308 308 D XiriService: check file name: /data/data/com.android.tv.settings/lib
06-10 15:19:53.815 308 308 D XiriService: check file name: /data/data/com.android.tv.settings/lib
06-10 15:19:53.815 308 308 D XiriService: check file name: /data/data/com.android.tv.settings/lib
06-10 15:19:53.815 308 308 D XiriService: check file name: /data/data/com.android.tv.settings/lib
06-10 15:19:53.819 523 523 I SystemServerTiming: StartIpSecService
06-10 15:19:53.820 308 308 D XiriService: check file name: /data/data/com.android.tv.settings/lib
06-10 15:19:53.821 308 308 D XiriService: check file name: /data/data/com.android.tv.settings/lib
06-10 15:19:53.821 308 308 D XiriService: check file name: /data/data/com.android.tv.settings/lib
06-10 15:19:53.821 308 308 D XiriService: check file name: /data/data/com.android.tv.settings/lib
06-10 15:19:53.824 523 523 I SystemServerTiming: StartTextServicesManager
06-10 15:19:53.824 523 523 I SystemServiceManager: Starting com.android.server.textservices.TextServicesManagerService$Lifecycle
06-10 15:19:53.824 523 587 I SystemServerTimingAsync: InitThreadPoolExec:START_FONT_MANAGER_SERVICE
06-10 15:19:53.824 523 587 D SystemServerInitThreadPool: Started executing START_FONT_MANAGER_SERVICE
06-10 15:19:53.824 523 587 I SystemServerTimingAsync: START_FONT_MANAGER_SERVICE
06-10 15:19:53.826 523 523 I SystemServerTiming: StartTextClassificationManagerService
06-10 15:19:53.826 523 523 I SystemServiceManager: Starting com.android.server.textclassifier.TextClassificationManagerService$Lifecycle
06-10 15:19:53.827 308 308 D XiriService: check file name: /data/data/com.oranth.factory/lib
06-10 15:19:53.828 308 308 D XiriService: check file name: /data/data/com.oranth.factory/lib
06-10 15:19:53.828 308 308 D XiriService: check file name: /data/data/com.oranth.factory/lib
06-10 15:19:53.828 308 308 D XiriService: check file name: /data/data/com.oranth.factory/lib
06-10 15:19:53.829 523 523 I SystemServerTiming: StartNetworkScoreService
06-10 15:19:53.829 523 523 I SystemServiceManager: Starting com.android.server.NetworkScoreService$Lifecycle
06-10 15:19:53.831 523 523 I NetworkScoreService: Registering network_score
06-10 15:19:53.832 523 523 I SystemServerTiming: StartNetworkStatsService
06-10 15:19:53.835 308 308 D XiriService: check file name: /data/data/com.oranth.factory/lib
06-10 15:19:53.835 308 308 D XiriService: check file name: /data/data/com.oranth.factory/lib
06-10 15:19:53.835 308 308 D XiriService: check file name: /data/data/com.oranth.factory/lib
06-10 15:19:53.835 308 308 D XiriService: check file name: /data/data/com.oranth.factory/lib
06-10 15:19:53.836 523 523 I SystemServerTiming: StartNetworkPolicyManagerService
06-10 15:19:53.844 523 523 I SystemServerTiming: StartWifi
06-10 15:19:53.845 308 308 D XiriService: check file name: /data/data/com.dangbei.zhushou.os/lib
06-10 15:19:53.845 308 308 D XiriService: check file name: /data/data/com.dangbei.zhushou.os/lib
06-10 15:19:53.845 308 308 D XiriService: check file name: /data/data/com.dangbei.zhushou.os/lib
06-10 15:19:53.846 308 308 D XiriService: check file name: /data/data/com.dangbei.zhushou.os/lib
06-10 15:19:53.852 308 308 D XiriService: check file name: /data/data/com.dangbei.zhushou.os/lib
06-10 15:19:53.852 308 308 D XiriService: check file name: /data/data/com.dangbei.zhushou.os/lib
06-10 15:19:53.852 308 308 D XiriService: check file name: /data/data/com.dangbei.zhushou.os/lib
06-10 15:19:53.852 308 308 D XiriService: check file name: /data/data/com.dangbei.zhushou.os/lib
06-10 15:19:53.870 523 523 I SystemServiceManager: Starting com.android.server.wifi.WifiService
06-10 15:19:53.875 308 308 D XiriService: check file name: /data/data/com.sohu.inputmethod.sogou.tv/lib
06-10 15:19:53.876 308 308 D XiriService: check file name: /data/data/com.sohu.inputmethod.sogou.tv/lib
06-10 15:19:53.876 308 308 D XiriService: check file name: /data/data/com.sohu.inputmethod.sogou.tv/lib
06-10 15:19:53.876 308 308 D XiriService: check file name: /data/data/com.sohu.inputmethod.sogou.tv/lib
06-10 15:19:53.872 308 308 I xiriservice_All: type=1400 audit(0.0:311): avc: denied { search } for name="com.sohu.inputmethod.sogou.tv" dev="mmcblk0p25" ino=1406 scontext=u:r:init:s0 tcontext=u:object_r:app_data_file:s0:c37,c256,c512,c768 tclass=dir permissive=1
06-10 15:19:53.872 308 308 I xiriservice_All: type=1400 audit(0.0:312): avc: denied { read } for name="lib" dev="mmcblk0p25" ino=2970 scontext=u:r:init:s0 tcontext=u:object_r:app_data_file:s0:c37,c256,c512,c768 tclass=lnk_file permissive=1
06-10 15:19:53.886 308 308 D XiriService: check file name: /data/data/com.sohu.inputmethod.sogou.tv/lib
06-10 15:19:53.886 308 308 D XiriService: check file name: /data/data/com.sohu.inputmethod.sogou.tv/lib
06-10 15:19:53.886 308 308 D XiriService: check file name: /data/data/com.sohu.inputmethod.sogou.tv/lib
06-10 15:19:53.886 308 308 D XiriService: check file name: /data/data/com.sohu.inputmethod.sogou.tv/lib
06-10 15:19:53.889 523 523 I WifiContext: Found Wifi Resources APK at: com.android.wifi.resources
06-10 15:19:53.906 523 523 V NetworkScoreManager: registerNetworkScoreCallback: callback=com.android.server.wifi.WifiNetworkScoreCache@486f6db, executor=com.android.wifi.x.android.os.HandlerExecutor@5100578
06-10 15:19:53.936 308 308 D XiriService: check file name: /data/data/com.oranth.ledstatus/lib
06-10 15:19:53.936 308 308 D XiriService: check file name: /data/data/com.oranth.ledstatus/lib
06-10 15:19:53.936 308 308 D XiriService: check file name: /data/data/com.oranth.ledstatus/lib
06-10 15:19:53.936 308 308 D XiriService: check file name: /data/data/com.oranth.ledstatus/lib
06-10 15:19:53.943 308 308 D XiriService: check file name: /data/data/com.oranth.ledstatus/lib
06-10 15:19:53.943 308 308 D XiriService: check file name: /data/data/com.oranth.ledstatus/lib
06-10 15:19:53.943 308 308 D XiriService: check file name: /data/data/com.oranth.ledstatus/lib
06-10 15:19:53.943 308 308 D XiriService: check file name: /data/data/com.oranth.ledstatus/lib
06-10 15:19:53.945 308 308 D XiriService: check file name: /data/data/com.dangbei.lerad.videoposter/lib
06-10 15:19:53.945 308 308 D XiriService: check file name: /data/data/com.dangbei.lerad.videoposter/lib
06-10 15:19:53.940 308 308 I xiriservice_All: type=1400 audit(0.0:313): avc: denied { search } for name="com.dangbei.lerad.videoposter" dev="mmcblk0p25" ino=747 scontext=u:r:init:s0 tcontext=u:object_r:app_data_file:s0:c512,c768 tclass=dir permissive=1
06-10 15:19:53.945 308 308 D XiriService: check file name: /data/data/com.dangbei.lerad.videoposter/lib
06-10 15:19:53.940 308 308 I xiriservice_All: type=1400 audit(0.0:314): avc: denied { read } for name="lib" dev="mmcblk0p25" ino=2974 scontext=u:r:init:s0 tcontext=u:object_r:app_data_file:s0:c512,c768 tclass=lnk_file permissive=1
06-10 15:19:53.953 308 308 D XiriService: check file name: /data/data/com.dangbei.lerad.videoposter/lib
06-10 15:19:53.953 308 308 D XiriService: check file name: /data/data/com.dangbei.lerad.videoposter/lib
06-10 15:19:53.953 308 308 D XiriService: check file name: /data/data/com.dangbei.lerad.videoposter/lib
06-10 15:19:53.954 523 523 D ScanMetrics: Settings package: com.android.tv.settings
06-10 15:19:53.955 523 523 E ScanMetrics: Can't get GMS uid
06-10 15:19:53.977 308 308 D XiriService: check file name: /data/data/com.android.networkstack/lib
06-10 15:19:53.977 308 308 D XiriService: check file name: /data/data/com.android.networkstack/lib
06-10 15:19:53.977 308 308 D XiriService: check file name: /data/data/com.android.networkstack/lib
06-10 15:19:53.978 308 308 D XiriService: check file name: /data/data/com.android.networkstack/lib
06-10 15:19:53.972 308 308 I xiriservice_All: type=1400 audit(0.0:315): avc: denied { read } for name="lib" dev="mmcblk0p25" ino=2976 scontext=u:r:init:s0 tcontext=u:object_r:radio_data_file:s0 tclass=lnk_file permissive=1
06-10 15:19:53.983 523 523 I WifiCoexManager: Default coex algorithm is disabled.
06-10 15:19:53.985 308 308 D XiriService: check file name: /data/data/com.android.networkstack/lib
06-10 15:19:53.985 308 308 D XiriService: check file name: /data/data/com.android.networkstack/lib
06-10 15:19:53.985 308 308 D XiriService: check file name: /data/data/com.android.networkstack/lib
06-10 15:19:54.038 383 383 I update_engine: [INFO:cleanup_previous_update_action.cc(112)] Executing task 4
06-10 15:19:54.040 383 383 I update_engine: [INFO:cleanup_previous_update_action.cc(124)] CleanupPreviousUpdateAction scheduled task ID 5 for WaitBootCompleted
06-10 15:19:54.047 523 523 D WifiOpenNetworkNotifier: Settings toggle enabled=true
06-10 15:19:54.053 371 371 I wificond: New wificond event callback registered
06-10 15:19:54.053 523 523 D WifiNl80211Manager: registerCountryCodeEventListener called
06-10 15:19:54.053 523 523 D WifiCountryCode: Default country code from system property ro.boot.wificountrycode is CN
06-10 15:19:54.060 523 523 D WakeupController: WifiWake enabled
06-10 15:19:54.063 523 523 V HistoricalRegistry: Interaction before persistence initialized
06-10 15:19:54.067 523 523 I WifiService: Registering wifi
06-10 15:19:54.068 523 523 I SystemServerTiming: StartWifiScanning
06-10 15:19:54.068 523 523 I SystemServiceManager: Starting com.android.server.wifi.scanner.WifiScanningService
06-10 15:19:54.068 523 523 I WifiScanningService: Creating wifiscanner
06-10 15:19:54.074 523 523 I WifiScanningService: Publishing wifiscanner
06-10 15:19:54.075 523 523 I SystemServerTiming: StartWifiP2P
06-10 15:19:54.076 523 523 I SystemServiceManager: Starting com.android.server.wifi.p2p.WifiP2pService
06-10 15:19:54.084 523 523 I WifiP2pService: Registering wifip2p
06-10 15:19:54.085 308 308 D XiriService: check file name: /data/data/com.dangbei.screencast/lib
06-10 15:19:54.085 308 308 D XiriService: check file name: /data/data/com.dangbei.screencast/lib
06-10 15:19:54.085 523 523 I SystemServerTiming: StartEthernet
06-10 15:19:54.085 308 308 D XiriService: check file name: /data/data/com.dangbei.screencast/lib
06-10 15:19:54.085 523 523 I system_server: Waiting for a blocking GC ClassLinker
06-10 15:19:54.085 308 308 D XiriService: check file name: /data/data/com.dangbei.screencast/lib
06-10 15:19:54.096 308 308 D XiriService: check file name: /data/data/com.dangbei.screencast/lib
06-10 15:19:54.097 308 308 D XiriService: check file name: /data/data/com.dangbei.screencast/lib
06-10 15:19:54.097 308 308 D XiriService: check file name: /data/data/com.dangbei.screencast/lib
06-10 15:19:54.098 308 308 D XiriService: check file name: /data/data/com.dangbei.screencast/lib
06-10 15:19:54.101 523 533 I system_server: Background young concurrent copying GC freed 51646(3049KB) AllocSpace objects, 16(460KB) LOS objects, 26% free, 6420KB/8765KB, paused 1.433ms total 194.011ms
06-10 15:19:54.102 523 523 I system_server: WaitForGcToComplete blocked ClassLinker on Background for 16.108ms
06-10 15:19:54.102 523 523 I SystemServiceManager: Starting com.android.server.ethernet.EthernetService
06-10 15:19:54.103 523 523 I EthernetService: Registering service ethernet
06-10 15:19:54.104 523 523 I SystemServerTiming: StartPacProxyService
06-10 15:19:54.110 523 523 I SystemServerTiming: StartPppoe
06-10 15:19:54.111 523 523 I SystemServiceManager: Starting com.android.server.pppoe.PppoeService
06-10 15:19:54.112 523 523 I PppoeServiceImpl: Creating PppoeServiceImpl
06-10 15:19:54.116 308 308 D XiriService: check file name: /data/data/com.dangbei.leard.leradlauncher/lib
06-10 15:19:54.124 308 308 D XiriService: check file name: /data/data/com.dangbei.leard.leradlauncher/lib
06-10 15:19:54.125 308 308 D XiriService: check file name: /data/data/com.dangbei.leard.leradlauncher/lib
06-10 15:19:54.125 308 308 D XiriService: check file name: /data/data/com.dangbei.leard.leradlauncher/lib
06-10 15:19:54.125 523 523 I PppoeService: Registering service pppoe
06-10 15:19:54.125 308 308 D XiriService: check file name: /data/data/com.dangbei.leard.leradlauncher/lib
06-10 15:19:54.127 523 523 I SystemServerTiming: StartConnectivityService
06-10 15:19:54.135 308 308 D XiriService: check file name: /data/data/com.android.printspooler/lib
06-10 15:19:54.132 308 308 I xiriservice_All: type=1400 audit(0.0:316): avc: denied { search } for name="com.android.printspooler" dev="mmcblk0p25" ino=935 scontext=u:r:init:s0 tcontext=u:object_r:app_data_file:s0:c42,c256,c512,c768 tclass=dir permissive=1
06-10 15:19:54.132 308 308 I xiriservice_All: type=1400 audit(0.0:317): avc: denied { read } for name="lib" dev="mmcblk0p25" ino=2982 scontext=u:r:init:s0 tcontext=u:object_r:app_data_file:s0:c42,c256,c512,c768 tclass=lnk_file permissive=1
06-10 15:19:54.143 523 523 I SystemServiceManager: Starting com.android.server.ConnectivityServiceInitializer
06-10 15:19:54.146 308 308 D XiriService: check file name: /data/data/com.android.printspooler/lib
06-10 15:19:54.154 308 308 D XiriService: check file name: /data/data/com.android.webview/lib
06-10 15:19:54.152 308 308 I xiriservice_All: type=1400 audit(0.0:318): avc: denied { search } for name="com.android.webview" dev="mmcblk0p25" ino=951 scontext=u:r:init:s0 tcontext=u:object_r:app_data_file:s0:c60,c256,c512,c768 tclass=dir permissive=1
06-10 15:19:54.155 308 308 D XiriService: check file name: /data/data/com.android.webview/lib
06-10 15:19:54.155 308 308 D XiriService: check file name: /data/data/com.android.webview/lib
06-10 15:19:54.152 308 308 I xiriservice_All: type=1400 audit(0.0:319): avc: denied { read } for name="lib" dev="mmcblk0p25" ino=2984 scontext=u:r:init:s0 tcontext=u:object_r:app_data_file:s0:c60,c256,c512,c768 tclass=lnk_file permissive=1
06-10 15:19:54.155 308 308 D XiriService: check file name: /data/data/com.android.webview/lib
06-10 15:19:54.159 523 618 E system_server: Could not write anonymous vdex /apex/com.android.wifi/javalib/oat/arm/service-wifi.vdex: Could not create directory /apex/com.android.wifi/javalib/oat
06-10 15:19:54.163 308 308 D XiriService: check file name: /data/data/com.android.webview/lib
06-10 15:19:54.163 308 308 D XiriService: check file name: /data/data/com.android.webview/lib
06-10 15:19:54.163 308 308 D XiriService: check file name: /data/data/com.android.webview/lib
06-10 15:19:54.164 308 308 D XiriService: check file name: /data/data/com.android.webview/lib
06-10 15:19:54.172 523 523 D ConnectivityService: ConnectivityService starting up
06-10 15:19:54.175 523 523 D pppoeNRI:: uid/pid:1000/523 activeRequest: null callbackRequest: 5 [NetworkRequest [ REQUEST id=5, [ Transports: PPPOE Capabilities: INTERNET&NOT_RESTRICTED&TRUSTED&NOT_VPN&NOT_VCN_MANAGED RequestorUid: 1000 RequestorPkg: android] ]] callback flags: 1 priority: 2147483647
06-10 15:19:54.177 308 308 D XiriService: check file name: /data/data/com.android.bips/lib
06-10 15:19:54.178 308 308 D XiriService: check file name: /data/data/com.android.bips/lib
06-10 15:19:54.178 308 308 D XiriService: check file name: /data/data/com.android.bips/lib
06-10 15:19:54.178 308 308 D XiriService: check file name: /data/data/com.android.bips/lib
06-10 15:19:54.181 523 523 E TAG : Exception = android.content.pm.PackageManager$NameNotFoundException: android.telephony.cts
06-10 15:19:54.181 523 523 E TAG : Exception = android.content.pm.PackageManager$NameNotFoundException: android.net.cts
06-10 15:19:54.185 308 308 D XiriService: check file name: /data/data/com.android.bips/lib
06-10 15:19:54.186 308 308 D XiriService: check file name: /data/data/com.android.bips/lib
06-10 15:19:54.186 308 308 D XiriService: check file name: /data/data/com.android.bips/lib
06-10 15:19:54.186 308 308 D XiriService: check file name: /data/data/com.oranth.inputmacsn/lib
06-10 15:19:54.187 308 308 D XiriService: check file name: /data/data/com.oranth.inputmacsn/lib
06-10 15:19:54.187 308 308 D XiriService: check file name: /data/data/com.oranth.inputmacsn/lib
06-10 15:19:54.187 308 308 D XiriService: check file name: /data/data/com.oranth.inputmacsn/lib
06-10 15:19:54.194 308 308 D XiriService: check file name: /data/data/com.oranth.inputmacsn/lib
06-10 15:19:54.194 308 308 D XiriService: check file name: /data/data/com.oranth.inputmacsn/lib
06-10 15:19:54.194 308 308 D XiriService: check file name: /data/data/com.oranth.inputmacsn/lib
06-10 15:19:54.194 308 308 D XiriService: check file name: /data/data/com.oranth.inputmacsn/lib
06-10 15:19:54.199 523 618 E system_server: Could not write anonymous vdex /apex/com.android.tethering/javalib/oat/arm/service-connectivity.vdex: Could not create directory /apex/com.android.tethering/javalib/oat
06-10 15:19:54.212 523 523 D CompatibilityChangeReporter: Compat change id reported: 182478738; UID 1000; state: ENABLED
06-10 15:19:54.214 308 308 D XiriService: check file name: /data/data/com.android.keychain/lib
06-10 15:19:54.214 308 308 D XiriService: check file name: /data/data/com.android.keychain/lib
06-10 15:19:54.214 308 308 D XiriService: check file name: /data/data/com.android.keychain/lib
06-10 15:19:54.215 523 587 D SystemServerInitThreadPool: Finished executing START_FONT_MANAGER_SERVICE
06-10 15:19:54.219 523 523 I ConnectivityServiceInitializer: Registering connectivity
06-10 15:19:54.220 308 308 D XiriService: check file name: /data/data/com.android.keychain/lib
06-10 15:19:54.220 308 308 D XiriService: check file name: /data/data/com.android.keychain/lib
06-10 15:19:54.220 308 308 D XiriService: check file name: /data/data/com.android.keychain/lib
06-10 15:19:54.221 523 523 I SystemServerTiming: StartVpnManagerService
06-10 15:19:54.225 523 523 D VpnManagerService: VpnManagerService starting up
06-10 15:19:54.225 523 523 I SystemServerTiming: StartVcnManagementService
06-10 15:19:54.230 523 523 I SystemServerTiming: StartNsdService
06-10 15:19:54.231 523 523 D NsdService: Network service discovery is enabled
06-10 15:19:54.233 523 523 I SystemServerTiming: StartSystemUpdateManagerService
06-10 15:19:54.234 308 308 D XiriService: check file name: /data/data/com.android.localtransport/lib
06-10 15:19:54.234 308 308 D XiriService: check file name: /data/data/com.android.localtransport/lib
06-10 15:19:54.234 523 523 I SystemUpdateManagerService: No existing info file /data/system/system-update-info.xml
06-10 15:19:54.234 308 308 D XiriService: check file name: /data/data/com.android.localtransport/lib
06-10 15:19:54.234 308 308 D XiriService: check file name: /data/data/com.android.localtransport/lib
06-10 15:19:54.235 523 523 I SystemServerTiming: StartUpdateLockService
06-10 15:19:54.236 523 523 I SystemServerTiming: StartNotificationManager
06-10 15:19:54.236 523 523 I SystemServiceManager: Starting com.android.server.notification.NotificationManagerService
06-10 15:19:54.240 308 308 D XiriService: check file name: /data/data/com.android.localtransport/lib
06-10 15:19:54.240 308 308 D XiriService: check file name: /data/data/com.android.localtransport/lib
06-10 15:19:54.240 308 308 D XiriService: check file name: /data/data/com.android.localtransport/lib
06-10 15:19:54.240 308 308 D XiriService: check file name: /data/data/com.android.localtransport/lib
06-10 15:19:54.241 308 308 D XiriService: check file name: /data/data/com.android.packageinstaller/lib
06-10 15:19:54.241 308 308 D XiriService: check file name: /data/data/com.android.packageinstaller/lib
06-10 15:19:54.241 308 308 D XiriService: check file name: /data/data/com.android.packageinstaller/lib
06-10 15:19:54.241 308 308 D XiriService: check file name: /data/data/com.android.packageinstaller/lib
06-10 15:19:54.249 308 308 D XiriService: check file name: /data/data/com.android.packageinstaller/lib
06-10 15:19:54.249 308 308 D XiriService: check file name: /data/data/com.android.packageinstaller/lib
06-10 15:19:54.249 308 308 D XiriService: check file name: /data/data/com.android.packageinstaller/lib
06-10 15:19:54.249 308 308 D XiriService: check file name: /data/data/com.android.packageinstaller/lib
06-10 15:19:54.250 523 523 D ConditionProviders.SCP: new ScheduleConditionProvider()
06-10 15:19:54.264 308 308 D XiriService: check file name: /data/data/com.oranth.usbopenft/lib
06-10 15:19:54.264 308 308 D XiriService: check file name: /data/data/com.oranth.usbopenft/lib
06-10 15:19:54.264 308 308 D XiriService: check file name: /data/data/com.oranth.usbopenft/lib
06-10 15:19:54.264 308 308 D XiriService: check file name: /data/data/com.oranth.usbopenft/lib
06-10 15:19:54.269 523 523 I NotificationAssistants: Read notification assistant permissions from xml
06-10 15:19:54.269 308 308 D XiriService: check file name: /data/data/com.oranth.usbopenft/lib
06-10 15:19:54.269 308 308 D XiriService: check file name: /data/data/com.oranth.usbopenft/lib
06-10 15:19:54.270 523 523 I ConditionProviders: Read condition provider permissions from xml
06-10 15:19:54.270 523 523 I ConditionProviders: Read condition provider permissions from xml
06-10 15:19:54.270 308 308 D XiriService: check file name: /data/data/com.oranth.usbopenft/lib
06-10 15:19:54.270 308 308 D XiriService: check file name: /data/data/com.oranth.usbopenft/lib
06-10 15:19:54.270 308 308 D XiriService: check file name: /data/data/com.android.networkstack.tethering/lib
06-10 15:19:54.271 308 308 D XiriService: check file name: /data/data/com.android.networkstack.tethering/lib
06-10 15:19:54.271 308 308 D XiriService: check file name: /data/data/com.android.networkstack.tethering/lib
06-10 15:19:54.271 308 308 D XiriService: check file name: /data/data/com.android.networkstack.tethering/lib
06-10 15:19:54.271 523 523 D NotificationAssistants: Approving default notification assistant for user 0
06-10 15:19:54.272 523 523 I ConditionProviders: Allowing condition provider android.ext.services/android.ext.services.notification.Assistant (userSet: true)
06-10 15:19:54.274 523 523 D CompatibilityChangeReporter: Compat change id reported: 147600208; UID 1000; state: ENABLED
06-10 15:19:54.275 523 523 D CompatibilityChangeReporter: Compat change id reported: 157233955; UID 1000; state: ENABLED
06-10 15:19:54.277 308 308 D XiriService: check file name: /data/data/com.android.networkstack.tethering/lib
06-10 15:19:54.277 308 308 D XiriService: check file name: /data/data/com.android.networkstack.tethering/lib
06-10 15:19:54.277 308 308 D XiriService: check file name: /data/data/com.android.networkstack.tethering/lib
06-10 15:19:54.277 308 308 D XiriService: check file name: /data/data/com.android.networkstack.tethering/lib
06-10 15:19:54.283 308 308 D XiriService: check file name: /data/data/com.dangbei.lerad.etna.haqu/lib
06-10 15:19:54.283 523 523 I SystemServerTiming: StartDeviceMonitor
06-10 15:19:54.283 308 308 D XiriService: check file name: /data/data/com.dangbei.lerad.etna.haqu/lib
06-10 15:19:54.283 523 523 I SystemServiceManager: Starting com.android.server.storage.DeviceStorageMonitorService
06-10 15:19:54.284 308 308 D XiriService: check file name: /data/data/com.dangbei.lerad.etna.haqu/lib
06-10 15:19:54.284 308 308 D XiriService: check file name: /data/data/com.dangbei.lerad.etna.haqu/lib
06-10 15:19:54.286 523 523 I SystemServerTiming: StartLocationManagerService
06-10 15:19:54.286 523 523 I SystemServiceManager: Starting com.android.server.location.LocationManagerService$Lifecycle
06-10 15:19:54.293 308 308 D XiriService: check file name: /data/data/com.dangbei.lerad.etna.haqu/lib
06-10 15:19:54.293 308 308 D XiriService: check file name: /data/data/com.dangbei.lerad.etna.haqu/lib
06-10 15:19:54.293 308 308 D XiriService: check file name: /data/data/com.dangbei.lerad.etna.haqu/lib
06-10 15:19:54.293 523 523 I SystemServerTiming: StartCountryDetectorService
06-10 15:19:54.295 523 523 I SystemServerTiming: StartTimeDetectorService
06-10 15:19:54.295 523 523 I SystemServiceManager: Starting com.android.server.timedetector.TimeDetectorService$Lifecycle
06-10 15:19:54.297 523 523 I SystemServerTiming: StartTimeZoneDetectorService
06-10 15:19:54.297 523 523 I SystemServiceManager: Starting com.android.server.timezonedetector.TimeZoneDetectorService$Lifecycle
06-10 15:19:54.300 523 523 I SystemServerTiming: StartLocationTimeZoneManagerService
06-10 15:19:54.300 523 523 I SystemServiceManager: Starting com.android.server.timezonedetector.location.LocationTimeZoneManagerService$Lifecycle
06-10 15:19:54.301 523 523 I SystemServerTiming: StartSearchManagerService
06-10 15:19:54.301 523 523 I SystemServiceManager: Starting com.android.server.search.SearchManagerService$Lifecycle
06-10 15:19:54.303 523 523 I SystemServerTiming: StartWallpaperManagerService
06-10 15:19:54.303 523 523 I SystemServiceManager: Starting com.android.server.wallpaper.WallpaperManagerService$Lifecycle
06-10 15:19:54.304 523 523 I SystemServerTiming: StartAudioService
06-10 15:19:54.304 523 523 I SystemServiceManager: Starting com.android.server.audio.AudioService$Lifecycle
06-10 15:19:54.315 308 308 D XiriService: check file name: /data/data/com.oranth.powerwindow/lib
06-10 15:19:54.315 308 308 D XiriService: check file name: /data/data/com.oranth.powerwindow/lib
06-10 15:19:54.315 308 308 D XiriService: check file name: /data/data/com.oranth.powerwindow/lib
06-10 15:19:54.316 308 308 D XiriService: check file name: /data/data/com.oranth.powerwindow/lib
06-10 15:19:54.318 523 523 I android_os_HwBinder: HwBinder: Starting thread pool for getting: android.hidl.manager@1.0::IServiceManager/default
06-10 15:19:54.321 308 308 D XiriService: check file name: /data/data/com.oranth.powerwindow/lib
06-10 15:19:54.321 308 308 D XiriService: check file name: /data/data/com.oranth.powerwindow/lib
06-10 15:19:54.321 308 308 D XiriService: check file name: /data/data/com.oranth.powerwindow/lib
06-10 15:19:54.321 308 308 D XiriService: check file name: /data/data/com.oranth.powerwindow/lib
06-10 15:19:54.324 285 461 W AudioFlinger: no wake lock to update, system not ready yet
06-10 15:19:54.330 285 584 D PermissionCache: checking android.permission.MODIFY_AUDIO_ROUTING for uid=1000 => granted (1100 us)
06-10 15:19:54.336 308 308 D XiriService: check file name: /data/data/com.android.networkstack.permissionconfig/lib
06-10 15:19:54.336 308 308 D XiriService: check file name: /data/data/com.android.networkstack.permissionconfig/lib
06-10 15:19:54.336 308 308 D XiriService: check file name: /data/data/com.android.networkstack.permissionconfig/lib
06-10 15:19:54.336 308 308 D XiriService: check file name: /data/data/com.android.networkstack.permissionconfig/lib
06-10 15:19:54.342 285 285 D PermissionCache: checking android.permission.MODIFY_AUDIO_SETTINGS for uid=1000 => granted (158 us)
06-10 15:19:54.343 308 308 D XiriService: check file name: /data/data/com.android.networkstack.permissionconfig/lib
06-10 15:19:54.343 308 308 D XiriService: check file name: /data/data/com.android.networkstack.permissionconfig/lib
06-10 15:19:54.344 308 308 D XiriService: check file name: /data/data/com.android.networkstack.permissionconfig/lib
06-10 15:19:54.344 308 308 D XiriService: check file name: /data/data/com.android.networkstack.permissionconfig/lib
06-10 15:19:54.346 285 285 D AudioFlinger: isLowRamDevice:false totalMemory:2055442432 mClientSharedHeapSize:4194304
06-10 15:19:54.348 523 523 I SystemServerTiming: StartSoundTriggerMiddlewareService
06-10 15:19:54.348 523 523 I SystemServiceManager: Starting com.android.server.soundtrigger_middleware.SoundTriggerMiddlewareService$Lifecycle
06-10 15:19:54.349 523 523 D SoundTriggerMiddlewareService: Connecting to default ISoundTriggerHw
06-10 15:19:54.350 200 200 I hwservicemanager: getTransport: Cannot find entry android.hardware.soundtrigger@2.0::ISoundTriggerHw/default in either framework or device VINTF manifest.
06-10 15:19:54.351 308 308 D XiriService: check file name: /data/data/com.dangbei.lerad.screensaver/lib
06-10 15:19:54.351 308 308 D XiriService: check file name: /data/data/com.dangbei.lerad.screensaver/lib
06-10 15:19:54.348 308 308 I xiriservice_All: type=1400 audit(0.0:320): avc: denied { search } for name="com.dangbei.lerad.screensaver" dev="mmcblk0p25" ino=1185 scontext=u:r:init:s0 tcontext=u:object_r:app_data_file:s0:c40,c256,c512,c768 tclass=dir permissive=1
06-10 15:19:54.352 308 308 D XiriService: check file name: /data/data/com.dangbei.lerad.screensaver/lib
06-10 15:19:54.352 308 308 D XiriService: check file name: /data/data/com.dangbei.lerad.screensaver/lib
06-10 15:19:54.348 308 308 I xiriservice_All: type=1400 audit(0.0:321): avc: denied { read } for name="lib" dev="mmcblk0p25" ino=3006 scontext=u:r:init:s0 tcontext=u:object_r:app_data_file:s0:c40,c256,c512,c768 tclass=lnk_file permissive=1
06-10 15:19:54.354 523 523 E SoundTriggerMiddlewareImpl: Failed to add a SoundTriggerModule instance
06-10 15:19:54.354 523 523 E SoundTriggerMiddlewareImpl: java.util.NoSuchElementException
06-10 15:19:54.354 523 523 E SoundTriggerMiddlewareImpl: at android.os.HwBinder.getService(Native Method)
06-10 15:19:54.354 523 523 E SoundTriggerMiddlewareImpl: at android.hardware.soundtrigger.V2_0.ISoundTriggerHw.getService(ISoundTriggerHw.java:57)
06-10 15:19:54.354 523 523 E SoundTriggerMiddlewareImpl: at android.hardware.soundtrigger.V2_0.ISoundTriggerHw.getService(ISoundTriggerHw.java:64)
06-10 15:19:54.354 523 523 E SoundTriggerMiddlewareImpl: at com.android.server.soundtrigger_middleware.SoundTriggerMiddlewareService$Lifecycle.lambda$onStart$0(SoundTriggerMiddlewareService.java:238)
06-10 15:19:54.354 523 523 E SoundTriggerMiddlewareImpl: at com.android.server.soundtrigger_middleware.SoundTriggerMiddlewareService$Lifecycle$$ExternalSyntheticLambda0.create(Unknown Source:0)
06-10 15:19:54.354 523 523 E SoundTriggerMiddlewareImpl: at com.android.server.soundtrigger_middleware.SoundTriggerModule.attachToHal(SoundTriggerModule.java:222)
06-10 15:19:54.354 523 523 E SoundTriggerMiddlewareImpl: at com.android.server.soundtrigger_middleware.SoundTriggerModule.(SoundTriggerModule.java:112)
06-10 15:19:54.354 523 523 E SoundTriggerMiddlewareImpl: at com.android.server.soundtrigger_middleware.SoundTriggerMiddlewareImpl.(SoundTriggerMiddlewareImpl.java:89)
06-10 15:19:54.354 523 523 E SoundTriggerMiddlewareImpl: at com.android.server.soundtrigger_middleware.SoundTriggerMiddlewareService$Lifecycle.onStart(SoundTriggerMiddlewareService.java:244)
06-10 15:19:54.354 523 523 E SoundTriggerMiddlewareImpl: at com.android.server.SystemServiceManager.startService(SystemServiceManager.java:205)
06-10 15:19:54.354 523 523 E SoundTriggerMiddlewareImpl: at com.android.server.SystemServiceManager.startService(SystemServiceManager.java:192)
06-10 15:19:54.354 523 523 E SoundTriggerMiddlewareImpl: at com.android.server.SystemServer.startOtherServices(SystemServer.java:2161)
06-10 15:19:54.354 523 523 E SoundTriggerMiddlewareImpl: at com.android.server.SystemServer.run(SystemServer.java:928)
06-10 15:19:54.354 523 523 E SoundTriggerMiddlewareImpl: at com.android.server.SystemServer.main(SystemServer.java:628)
06-10 15:19:54.354 523 523 E SoundTriggerMiddlewareImpl: at java.lang.reflect.Method.invoke(Native Method)
06-10 15:19:54.354 523 523 E SoundTriggerMiddlewareImpl: at com.android.internal.os.RuntimeInit$MethodAndArgsCaller.run(RuntimeInit.java:548)
06-10 15:19:54.354 523 523 E SoundTriggerMiddlewareImpl: at com.android.internal.os.ZygoteInit.main(ZygoteInit.java:1160)
06-10 15:19:54.357 285 454 I CaptureStateNotifier: Registering a listener
06-10 15:19:54.357 523 523 I SystemServerTiming: StartDockObserver
06-10 15:19:54.357 523 523 I SystemServiceManager: Starting com.android.server.DockObserver
06-10 15:19:54.358 523 523 W DockObserver: This kernel does not have dock station support
06-10 15:19:54.358 308 308 D XiriService: check file name: /data/data/com.dangbei.lerad.screensaver/lib
06-10 15:19:54.358 308 308 D XiriService: check file name: /data/data/com.dangbei.lerad.screensaver/lib
06-10 15:19:54.358 523 640 I SoundTriggerMiddlewareLogging: setCaptureState[this=com.android.server.soundtrigger_middleware.SoundTriggerMiddlewareImpl@40e6e2c, client=null](false)
06-10 15:19:54.358 308 308 D XiriService: check file name: /data/data/com.dangbei.lerad.screensaver/lib
06-10 15:19:54.358 308 308 D XiriService: check file name: /data/data/com.dangbei.lerad.screensaver/lib
06-10 15:19:54.359 523 523 I SystemServerTiming: StartWiredAccessoryManager
06-10 15:19:54.360 523 523 I SystemServer: Audio device manager Observer
06-10 15:19:54.360 523 523 E Environment: Path requests must specify a user by using UserEnvironment
06-10 15:19:54.360 523 523 E Environment: java.lang.Throwable
06-10 15:19:54.360 523 523 E Environment: at android.os.Environment.throwIfUserRequired(Environment.java:1449)
06-10 15:19:54.360 523 523 E Environment: at android.os.Environment.getExternalStorageDirectory(Environment.java:707)
06-10 15:19:54.360 523 523 E Environment: at com.android.server.SystemServer.startOtherServices(SystemServer.java:2192)
06-10 15:19:54.360 523 523 E Environment: at com.android.server.SystemServer.run(SystemServer.java:928)
06-10 15:19:54.360 523 523 E Environment: at com.android.server.SystemServer.main(SystemServer.java:628)
06-10 15:19:54.360 523 523 E Environment: at java.lang.reflect.Method.invoke(Native Method)
06-10 15:19:54.360 523 523 E Environment: at com.android.internal.os.RuntimeInit$MethodAndArgsCaller.run(RuntimeInit.java:548)
06-10 15:19:54.360 523 523 E Environment: at com.android.internal.os.ZygoteInit.main(ZygoteInit.java:1160)
06-10 15:19:54.364 523 523 W StorageManagerService: No primary storage defined yet; hacking together a stub
06-10 15:19:54.366 523 551 I DropBoxManagerService: add tag=system_server_wtf isTagEnabled=true flags=0x2
06-10 15:19:54.378 523 523 W system_server: ClassLoaderContext parent mismatch. (PCL[] | PCL[];PCL[/system/framework/com.android.location.provider.jar*3633238673:/system/framework/services.jar*324275400:/system/framework/services.jar!classes2.dex*4169108402:/system/framework/ethernet-service.jar*655162001:/system/framework/pppoe-service.jar*2082030846:/apex/com.android.appsearch/javalib/service-appsearch.jar*4100577803:/apex/com.android.media/javalib/service-media-s.jar*3881732923:/apex/com.android.permission/javalib/service-permission.jar*62506796])
06-10 15:19:54.382 523 523 I system_server: Waiting for a blocking GC ClassLinker
06-10 15:19:54.391 308 308 D XiriService: check file name: /data/data/com.android.wallpaperbackup/lib
06-10 15:19:54.391 308 308 D XiriService: check file name: /data/data/com.android.wallpaperbackup/lib
06-10 15:19:54.392 308 308 D XiriService: check file name: /data/data/com.android.wallpaperbackup/lib
06-10 15:19:54.392 308 308 D XiriService: check file name: /data/data/com.android.wallpaperbackup/lib
06-10 15:19:54.398 308 308 D XiriService: check file name: /data/data/com.android.wallpaperbackup/lib
06-10 15:19:54.398 308 308 D XiriService: check file name: /data/data/com.android.wallpaperbackup/lib
06-10 15:19:54.398 308 308 D XiriService: check file name: /data/data/com.android.wallpaperbackup/lib
06-10 15:19:54.399 308 308 D XiriService: check file name: /data/data/com.android.wallpaperbackup/lib
06-10 15:19:54.411 308 308 D XiriService: check file name: /data/data/com.android.providers.media.module/lib
06-10 15:19:54.412 308 308 D XiriService: check file name: /data/data/com.android.providers.media.module/lib
06-10 15:19:54.408 308 308 I xiriservice_All: type=1400 audit(0.0:322): avc: denied { search } for name="com.android.providers.media.module" dev="mmcblk0p25" ino=1257 scontext=u:r:init:s0 tcontext=u:object_r:privapp_data_file:s0:c74,c256,c512,c768 tclass=dir permissive=1
06-10 15:19:54.408 308 308 I xiriservice_All: type=1400 audit(0.0:323): avc: denied { read } for name="lib" dev="mmcblk0p25" ino=3011 scontext=u:r:init:s0 tcontext=u:object_r:privapp_data_file:s0:c74,c256,c512,c768 tclass=lnk_file permissive=1
06-10 15:19:54.412 308 308 D XiriService: check file name: /data/data/com.android.providers.media.module/lib
06-10 15:19:54.419 308 308 D XiriService: check file name: /data/data/com.android.providers.media.module/lib
06-10 15:19:54.419 308 308 D XiriService: check file name: /data/data/com.android.providers.media.module/lib
06-10 15:19:54.419 308 308 D XiriService: check file name: /data/data/com.android.providers.media.module/lib
06-10 15:19:54.419 308 308 D XiriService: check file name: /data/data/com.android.providers.media.module/lib
06-10 15:19:54.426 308 308 D XiriService: check file name: /data/data/com.oranth.storage/lib
06-10 15:19:54.427 308 308 D XiriService: check file name: /data/data/com.oranth.storage/lib
06-10 15:19:54.427 308 308 D XiriService: check file name: /data/data/com.oranth.storage/lib
06-10 15:19:54.427 308 308 D XiriService: check file name: /data/data/com.oranth.storage/lib
06-10 15:19:54.434 308 308 D XiriService: check file name: /data/data/com.oranth.storage/lib
06-10 15:19:54.434 308 308 D XiriService: check file name: /data/data/com.oranth.storage/lib
06-10 15:19:54.435 308 308 D XiriService: check file name: /data/data/com.oranth.storage/lib
06-10 15:19:54.435 308 308 D XiriService: check file name: /data/data/com.oranth.storage/lib
06-10 15:19:54.449 308 308 D XiriService: check file name: /data/data/com.dangbei.haqusetting/lib
06-10 15:19:54.449 308 308 D XiriService: check file name: /data/data/com.dangbei.haqusetting/lib
06-10 15:19:54.449 308 308 D XiriService: check file name: /data/data/com.dangbei.haqusetting/lib
06-10 15:19:54.449 308 308 D XiriService: check file name: /data/data/com.dangbei.haqusetting/lib
06-10 15:19:54.457 308 308 D XiriService: check file name: /data/data/com.dangbei.haqusetting/lib
06-10 15:19:54.458 308 308 D XiriService: check file name: /data/data/com.dangbei.haqusetting/lib
06-10 15:19:54.458 308 308 D XiriService: check file name: /data/data/com.dangbei.haqusetting/lib
06-10 15:19:54.458 308 308 D XiriService: check file name: /data/data/com.dangbei.haqusetting/lib
06-10 15:19:54.470 308 308 D XiriService: check file name: /data/data/com.softwinner.miracastReceiver/lib
06-10 15:19:54.477 308 308 D XiriService: check file name: /data/data/com.softwinner.miracastReceiver/lib
06-10 15:19:54.477 308 308 D XiriService: check file name: /data/data/com.softwinner.miracastReceiver/lib
06-10 15:19:54.477 308 308 D XiriService: check file name: /data/data/com.softwinner.miracastReceiver/lib
06-10 15:19:54.485 308 308 D XiriService: check file name: /data/data/com.android.bluetooth/lib
06-10 15:19:54.485 308 308 D XiriService: check file name: /data/data/com.android.bluetooth/lib
06-10 15:19:54.485 308 308 D XiriService: check file name: /data/data/com.android.bluetooth/lib
06-10 15:19:54.486 308 308 D XiriService: check file name: /data/data/com.android.bluetooth/lib
06-10 15:19:54.480 308 308 I xiriservice_All: type=1400 audit(0.0:324): avc: denied { read } for name="lib" dev="mmcblk0p25" ino=3019 scontext=u:r:init:s0 tcontext=u:object_r:bluetooth_data_file:s0 tclass=lnk_file permissive=1
06-10 15:19:54.493 308 308 D XiriService: check file name: /data/data/com.android.bluetooth/lib
06-10 15:19:54.493 308 308 D XiriService: check file name: /data/data/com.android.bluetooth/lib
06-10 15:19:54.494 308 308 D XiriService: check file name: /data/data/com.android.bluetooth/lib
06-10 15:19:54.520 523 579 I PackageManager: Deferred reconcileAppsData finished 98 packages
06-10 15:19:54.520 523 579 D SystemServerInitThreadPool: Finished executing prepareAppData
06-10 15:19:54.614 523 533 I system_server: Background concurrent copying GC freed 45425(2763KB) AllocSpace objects, 1(36KB) LOS objects, 49% free, 6079KB/11MB, paused 253us total 243.297ms
06-10 15:19:54.615 523 523 I system_server: WaitForGcToComplete blocked ClassLinker on Background for 232.467ms
06-10 15:19:54.617 523 523 D DisplayOutputManager: ro.build.characteristics=homlet
06-10 15:19:54.619 199 199 E SELinux : avc: denied { find } for pid=523 uid=1000 name=vendor.display.output.IDisplayOutputManager/default scontext=u:r:system_server:s0 tcontext=u:object_r:hal_awdisplayoutput_service:s0 tclass=service_manager permissive=1
06-10 15:19:54.619 199 199 I servicemanager: Found vendor.display.output.IDisplayOutputManager/default in device VINTF manifest.
06-10 15:19:54.620 523 523 D HomletDisplayOutputManager: get IDisplayOutputManager service success
06-10 15:19:54.621 523 523 D AudioManagerEx: AudioManagerEx
06-10 15:19:54.621 523 523 D AudioDeviceManagerObserver: AudioDeviceManagerObserver construct
06-10 15:19:54.621 523 523 I SystemServerTiming: StartMidiManager
06-10 15:19:54.621 523 523 I SystemServiceManager: Starting com.android.server.midi.MidiService$Lifecycle
06-10 15:19:54.623 523 523 I SystemServerTiming: StartAdbService
06-10 15:19:54.623 523 523 I SystemServiceManager: Starting com.android.server.adb.AdbService$Lifecycle
06-10 15:19:54.625 523 523 I SystemServerTiming: StartUsbService
