06-10 15:19:48.423 266 266 W audio_route: Control 'AIF1OUT0R Mux' doesn't exist - skipping
06-10 15:19:48.424 266 266 W audio_route: Control 'AIF1OUT0L Mux' doesn't exist - skipping
06-10 15:19:48.424 266 266 W audio_route: Control 'AIF1 AD0R Mixer ADCR Switch' doesn't exist - skipping
06-10 15:19:48.424 266 266 W audio_route: Control 'AIF1 AD0L Mixer ADCL Switch' doesn't exist - skipping
06-10 15:19:48.424 266 266 W audio_route: Control 'ADCR Mux' doesn't exist - skipping
06-10 15:19:48.424 266 266 W audio_route: Control 'ADCL Mux' doesn't exist - skipping
06-10 15:19:48.424 266 266 W audio_route: Control 'MIC2 SRC' doesn't exist - skipping
06-10 15:19:48.424 266 266 W audio_route: Control 'LADC input Mixer MIC2 boost Switch' doesn't exist - skipping
06-10 15:19:48.424 266 266 W audio_route: Control 'RADC input Mixer MIC2 boost Switch' doesn't exist - skipping
06-10 15:19:48.424 266 266 W audio_route: Control 'ADCL Mux' doesn't exist - skipping
06-10 15:19:48.424 266 266 W audio_route: Control 'ADCR Mux' doesn't exist - skipping
06-10 15:19:48.424 266 266 W audio_route: Control 'AIF1 AD0L Mixer ADCL Switch' doesn't exist - skipping
06-10 15:19:48.424 266 266 W audio_route: Control 'AIF1 AD0R Mixer ADCR Switch' doesn't exist - skipping
06-10 15:19:48.424 266 266 W audio_route: Control 'AIF1OUT0L Mux' doesn't exist - skipping
06-10 15:19:48.424 266 266 W audio_route: Control 'AIF1OUT0R Mux' doesn't exist - skipping
06-10 15:19:48.424 266 266 W audio_route: Control 'AIF2 ADC volume' doesn't exist - skipping
06-10 15:19:48.424 266 266 W audio_route: Control 'LEFT ADC input Mixer MIC1 boost Switch' doesn't exist - skipping
06-10 15:19:48.424 266 266 W audio_route: Control 'ADCL Mux' doesn't exist - skipping
06-10 15:19:48.424 266 266 W audio_route: Control 'AIF2 ADL Mixer ADCL Switch' doesn't exist - skipping
06-10 15:19:48.424 266 266 W audio_route: Control 'AIF2OUTL Mux' doesn't exist - skipping
06-10 15:19:48.424 266 266 W audio_route: Control 'AIF2INL Mux' doesn't exist - skipping
06-10 15:19:48.424 266 266 W audio_route: Control 'AIF2INL Mux switch aif2inl aif2Switch' doesn't exist - skipping
06-10 15:19:48.424 266 266 W audio_route: Control 'DACL Mixer AIF2DACL Switch' doesn't exist - skipping
06-10 15:19:48.424 266 266 W audio_route: Control 'Right Output Mixer DACL Switch' doesn't exist - skipping
06-10 15:19:48.424 266 266 W audio_route: Control 'Left Output Mixer DACL Switch' doesn't exist - skipping
06-10 15:19:48.424 266 266 W audio_route: Control 'SPK_L Mux' doesn't exist - skipping
06-10 15:19:48.424 266 266 W audio_route: Control 'SPK_R Mux' doesn't exist - skipping
06-10 15:19:48.424 266 266 W audio_route: Control 'External Speaker Switch' doesn't exist - skipping
06-10 15:19:48.424 266 266 W audio_route: Control 'AIF2 ADC volume' doesn't exist - skipping
06-10 15:19:48.424 266 266 W audio_route: Control 'MIC2 SRC' doesn't exist - skipping
06-10 15:19:48.424 266 266 W audio_route: Control 'LEFT ADC input Mixer MIC2 boost Switch' doesn't exist - skipping
06-10 15:19:48.424 266 266 W audio_route: Control 'ADCL Mux' doesn't exist - skipping
06-10 15:19:48.424 266 266 W audio_route: Control 'AIF2 ADL Mixer ADCL Switch' doesn't exist - skipping
06-10 15:19:48.424 266 266 W audio_route: Control 'AIF2OUTL Mux' doesn't exist - skipping
06-10 15:19:48.424 266 266 W audio_route: Control 'AIF2INL Mux' doesn't exist - skipping
06-10 15:19:48.424 266 266 W audio_route: Control 'AIF2INL Mux switch aif2inl aif2Switch' doesn't exist - skipping
06-10 15:19:48.424 266 266 W audio_route: Control 'DACL Mixer AIF2DACL Switch' doesn't exist - skipping
06-10 15:19:48.424 266 266 W audio_route: Control 'Left Output Mixer DACL Switch' doesn't exist - skipping
06-10 15:19:48.424 266 266 W audio_route: Control 'Right Output Mixer DACL Switch' doesn't exist - skipping
06-10 15:19:48.424 266 266 W audio_route: Control 'HP_L Mux' doesn't exist - skipping
06-10 15:19:48.424 266 266 W audio_route: Control 'HP_R Mux' doesn't exist - skipping
06-10 15:19:48.424 266 266 W audio_route: Control 'Headphone Switch' doesn't exist - skipping
06-10 15:19:48.424 266 266 W audio_route: Control 'AIF2 ADC volume' doesn't exist - skipping
06-10 15:19:48.424 266 266 W audio_route: Control 'LEFT ADC input Mixer MIC1 boost Switch' doesn't exist - skipping
06-10 15:19:48.424 266 266 W audio_route: Control 'ADCL Mux' doesn't exist - skipping
06-10 15:19:48.424 266 266 W audio_route: Control 'AIF2 ADL Mixer ADCL Switch' doesn't exist - skipping
06-10 15:19:48.424 266 266 W audio_route: Control 'AIF2OUTL Mux' doesn't exist - skipping
06-10 15:19:48.424 266 266 W audio_route: Control 'AIF2INL Mux' doesn't exist - skipping
06-10 15:19:48.424 266 266 W audio_route: Control 'AIF2INL Mux switch aif2inl aif2Switch' doesn't exist - skipping
06-10 15:19:48.424 266 266 W audio_route: Control 'DACL Mixer AIF2DACL Switch' doesn't exist - skipping
06-10 15:19:48.424 266 266 W audio_route: Control 'Left Output Mixer DACL Switch' doesn't exist - skipping
06-10 15:19:48.424 266 266 W audio_route: Control 'Right Output Mixer DACL Switch' doesn't exist - skipping
06-10 15:19:48.424 266 266 W audio_route: Control 'HP_L Mux' doesn't exist - skipping
06-10 15:19:48.424 266 266 W audio_route: Control 'HP_R Mux' doesn't exist - skipping
06-10 15:19:48.424 266 266 W audio_route: Control 'Headphone Switch' doesn't exist - skipping
06-10 15:19:48.424 266 266 W audio_route: Control 'AIF2INL Mux' doesn't exist - skipping
06-10 15:19:48.424 266 266 W audio_route: Control 'AIF2INL Mux switch aif2inl aif2Switch' doesn't exist - skipping
06-10 15:19:48.424 266 266 W audio_route: Control 'AIF2 ADR Mixer AIF2 DACL Switch' doesn't exist - skipping
06-10 15:19:48.424 266 266 W audio_route: Control 'AIF3OUT Mux' doesn't exist - skipping
06-10 15:19:48.425 266 266 W audio_route: Control 'AIF2INR Mux VIR switch aif2inr aif3Switch' doesn't exist - skipping
06-10 15:19:48.425 266 266 W audio_route: Control 'AIF2 ADL Mixer AIF2 DACR Switch' doesn't exist - skipping
06-10 15:19:48.425 266 266 W audio_route: Control 'AIF2OUTL Mux' doesn't exist - skipping
06-10 15:19:48.425 266 266 W audio_route: Control 'AIF2 ADC volume' doesn't exist - skipping
06-10 15:19:48.425 266 266 W audio_route: Control 'LEFT ADC input Mixer MIC1 boost Switch' doesn't exist - skipping
06-10 15:19:48.425 266 266 W audio_route: Control 'ADCL Mux' doesn't exist - skipping
06-10 15:19:48.425 266 266 W audio_route: Control 'AIF2 ADL Mixer ADCL Switch' doesn't exist - skipping
06-10 15:19:48.425 266 266 W audio_route: Control 'AIF2OUTL Mux' doesn't exist - skipping
06-10 15:19:48.425 266 266 W audio_route: Control 'AIF2INL Mux' doesn't exist - skipping
06-10 15:19:48.425 266 266 W audio_route: Control 'AIF2INL Mux switch aif2inl aif2Switch' doesn't exist - skipping
06-10 15:19:48.425 266 266 W audio_route: Control 'DACL Mixer AIF2DACL Switch' doesn't exist - skipping
06-10 15:19:48.425 266 266 W audio_route: Control 'EAR Mux' doesn't exist - skipping
06-10 15:19:48.425 266 266 W audio_route: Control 'Earpiece Switch' doesn't exist - skipping
06-10 15:19:48.425 266 266 W audio_route: Control 'AIF1 AD0L Mixer ADCL Switch' doesn't exist - skipping
06-10 15:19:48.425 266 266 W audio_route: Control 'AIF1 AD0L Mixer AIF2 DACL Switch' doesn't exist - skipping
06-10 15:19:48.425 266 266 W audio_route: Control 'AIF1OUT0L Mux' doesn't exist - skipping
06-10 15:19:48.425 266 266 W audio_route: Control 'AIF1 AD0L Mixer ADCL Switch' doesn't exist - skipping
06-10 15:19:48.425 266 266 W audio_route: Control 'AIF1 AD0L Mixer AIF2 DACL Switch' doesn't exist - skipping
06-10 15:19:48.425 266 266 W audio_route: Control 'AIF1OUT0L Mux' doesn't exist - skipping
06-10 15:19:48.425 266 266 W audio_route: Control 'AIF1 AD0L Mixer AIF2 DACL Switch' doesn't exist - skipping
06-10 15:19:48.425 266 266 W audio_route: Control 'AIF1 AD0L Mixer AIF2 DACR Switch' doesn't exist - skipping
06-10 15:19:48.425 266 266 W audio_route: Control 'AIF1OUT0L Mux' doesn't exist - skipping
06-10 15:19:48.425 266 266 W audio_route: Control 'Line Out Mixer MIC1 boost Switch' doesn't exist - skipping
06-10 15:19:48.425 266 266 W audio_route: Control 'MIC2 SRC' doesn't exist - skipping
06-10 15:19:48.425 266 266 W audio_route: Control 'Line Out Mixer MIC2 boost Switch' doesn't exist - skipping
06-10 15:19:48.425 266 266 W audio_route: Control 'Left Output Mixer LINEINL-LINEINR Switch' doesn't exist - skipping
06-10 15:19:48.425 266 266 W audio_route: Control 'Right Output Mixer LINEINL-LINEINR Switch' doesn't exist - skipping
06-10 15:19:48.425 266 266 W audio_route: Control 'EAR Mux' doesn't exist - skipping
06-10 15:19:48.425 266 266 W audio_route: Control 'External Speaker Switch' doesn't exist - skipping
06-10 15:19:48.425 266 266 W audio_route: Control 'Headphone Switch' doesn't exist - skipping
06-10 15:19:48.425 266 266 W audio_route: Control 'Headphone Switch' doesn't exist - skipping
06-10 15:19:48.425 266 266 W audio_route: Control 'Earpiece Switch' doesn't exist - skipping
06-10 15:19:48.425 266 266 W audio_route: Control 'LEFT ADC input Mixer LININL-R Switch' doesn't exist - skipping
06-10 15:19:48.425 266 266 W audio_route: Control 'ADCL Mux' doesn't exist - skipping
06-10 15:19:48.425 266 266 W audio_route: Control 'AIF2 ADL Mixer ADCL Switch' doesn't exist - skipping
06-10 15:19:48.425 266 266 W audio_route: Control 'AIF3OUT Mux' doesn't exist - skipping
06-10 15:19:48.425 266 266 W audio_route: Control 'AIF2INL Mux switch aif2inl aif2Switch' doesn't exist - skipping
06-10 15:19:48.425 266 266 W audio_route: Control 'AIF2INR Mux VIR switch aif2inr aif3Switch' doesn't exist - skipping
06-10 15:19:48.425 266 266 W audio_route: Control 'DACR Mixer AIF2DACR Switch' doesn't exist - skipping
06-10 15:19:48.425 266 266 W audio_route: Control 'Right Output Mixer DACR Switch' doesn't exist - skipping
06-10 15:19:48.425 266 266 W audio_route: Control 'Line Out Mixer Right Output mixer Switch' doesn't exist - skipping
06-10 15:19:48.425 266 266 W audio_route: Control 'AIF1OUT0L Mux' doesn't exist - skipping
06-10 15:19:48.425 266 266 W audio_route: Control 'AIF1 AD0L Mixer ADCL Switch' doesn't exist - skipping
06-10 15:19:48.425 266 266 W audio_route: Control 'ADCL Mux' doesn't exist - skipping
06-10 15:19:48.425 266 266 W audio_route: Control 'LEFT ADC input Mixer MIC1 boost Switch' doesn't exist - skipping
06-10 15:19:48.425 266 266 W audio_route: Control 'LEFT ADC input Mixer LININL-R Switch' doesn't exist - skipping
06-10 15:19:48.425 266 266 W audio_route: Control 'AIF1OUT0L Mux' doesn't exist - skipping
06-10 15:19:48.425 266 266 W audio_route: Control 'AIF1 AD0L Mixer ADCL Switch' doesn't exist - skipping
06-10 15:19:48.425 266 266 W audio_route: Control 'ADCL Mux' doesn't exist - skipping
06-10 15:19:48.425 266 266 W audio_route: Control 'LEFT ADC input Mixer MIC2 boost Switch' doesn't exist - skipping
06-10 15:19:48.426 266 266 W audio_route: Control 'LEFT ADC input Mixer LININL-R Switch' doesn't exist - skipping
06-10 15:19:48.426 266 266 W audio_route: Control 'AIF1OUT0L Mux' doesn't exist - skipping
06-10 15:19:48.426 266 266 W audio_route: Control 'AIF1 AD0L Mixer ADCL Switch' doesn't exist - skipping
06-10 15:19:48.426 266 266 W audio_route: Control 'AIF1 AD0L Mixer AIF2 DACR Switch' doesn't exist - skipping
06-10 15:19:48.426 266 266 W audio_route: Control 'AIF1IN0L Mux' doesn't exist - skipping
06-10 15:19:48.426 266 266 W audio_route: Control 'AIF2 ADL Mixer AIF1 DA0L Switch' doesn't exist - skipping
06-10 15:19:48.426 266 266 W audio_route: Control 'AIF2 ADL Mixer AIF1 DA0L Switch' doesn't exist - skipping
06-10 15:19:48.426 266 266 W audio_route: Control 'AIF3OUT Mux' doesn't exist - skipping
06-10 15:19:48.426 266 266 W audio_route: Control 'AIF2INR Mux switch aif2inr aif2Switch' doesn't exist - skipping
06-10 15:19:48.426 266 266 W audio_route: Control 'AIF2INR Mux VIR switch aif2inr aif3Switch' doesn't exist - skipping
06-10 15:19:48.426 266 266 W audio_route: Control 'AIF1 AD0L Mixer AIF2 DACR Switch' doesn't exist - skipping
06-10 15:19:48.426 266 266 W audio_route: Control 'AIF1OUT0L Mux' doesn't exist - skipping
06-10 15:19:48.426 266 266 W audio_route: Control 'AC DACR mixer I2S_DACDATR Switch' doesn't exist - skipping
06-10 15:19:48.426 266 266 W audio_route: Control 'AC DACL mixer I2S_DACDATL Switch' doesn't exist - skipping
06-10 15:19:48.426 266 266 W audio_route: Control 'Right Output Mixer DACR Switch' doesn't exist - skipping
06-10 15:19:48.426 266 266 W audio_route: Control 'Left Output Mixer DACL Switch' doesn't exist - skipping
06-10 15:19:48.426 266 266 W audio_route: Control 'External Speaker Switch' doesn't exist - skipping
06-10 15:19:48.426 266 266 D audio_route: Apply path: media-speaker-headphones
06-10 15:19:48.426 266 266 D audio_route: Apply path: media-headset-mic
06-10 15:19:48.427 266 333 V audio_hw_primary: adev_get_master_volume, line: 3587
06-10 15:19:48.428 266 333 V audio_hw_primary: adev_set_master_volume, line: 3579
06-10 15:19:48.428 285 285 I AudioFlinger: loadHwModule() Loaded primary audio interface, handle 10
06-10 15:19:48.429 285 285 I AudioFlinger: openOutput() this 0xebc99000, module 10 Device type:0x2,@:, SamplingRate 48000, Format 0x000001, Channels 0x3, flags 0x2
06-10 15:19:48.429 266 333 D audio_hw_primary: adev_open_output_stream
06-10 15:19:48.429 266 333 V audio_hw_primary: adev_open_output_stream, flags: 2
06-10 15:19:48.429 266 333 V audio_hw_primary: +++++++++++++++ adev_open_output_stream: req_sample_rate: 44100, fmt: 1, channel_count: 3
06-10 15:19:48.431 261 261 D Zygote : begin preload
06-10 15:19:48.431 261 261 I Zygote : Calling ZygoteHooks.beginPreload()
06-10 15:19:48.431 285 285 I AudioFlinger: HAL output buffer size 960 frames, normal sink buffer size 960 frames
06-10 15:19:48.507 285 285 I BufferProvider: found effect "Multichannel Downmix To Stereo" from The Android Open Source Project
06-10 15:19:48.508 285 285 D AudioFlinger: Failed to add event callback
06-10 15:19:48.510 285 461 I AudioFlinger: AudioFlinger's thread 0xeb998640 tid=461 ready to run
06-10 15:19:48.510 285 461 W AudioFlinger: no wake lock to update, system not ready yet
06-10 15:19:48.510 285 461 D AudioFlinger: ro.audio.silent is ignored since no output device is set
06-10 15:19:48.511 266 266 D audio_hw_primary: out_standby
06-10 15:19:48.513 285 461 W AudioFlinger: no wake lock to update, system not ready yet
06-10 15:19:48.513 285 461 D AudioFlinger: ro.audio.silent is ignored since no output device is set
06-10 15:19:48.513 285 285 V APM_AudioPolicyManager: checkAndSetVolume cannot set volume group 3 volume when isn ot requested for comm
06-10 15:19:48.520 285 285 W AudioFlinger: moveEffects() bad srcOutput 0
06-10 15:19:48.521 285 285 V APM_AudioPolicyManager: selectOutputForMusicEffects selected output 13
06-10 15:19:48.521 285 285 V APM_AudioPolicyManager: setOutputDevices device {type:0x2,@:} delayMs 0
06-10 15:19:48.521 285 285 V APM_AudioPolicyManager: setOutputDevices() prevDevice {type:0x2,@:}
06-10 15:19:48.521 285 285 V APM_AudioPolicyManager: setOutputDevices changing device to {type:0x2,@:}
06-10 15:19:48.544 266 266 V audio_hw_primary: adev_create_audio_patch num_sources: 1, num_sinks: 1
06-10 15:19:48.544 266 266 V audio_hw_primary: playback device: 2
06-10 15:19:48.545 285 285 V APM_AudioPolicyManager: setOutputDevices() AF::createAudioPatch returned 0 patchHandle 12 num_sources 1 num_sinks 1
06-10 15:19:48.546 285 285 V APM_AudioPolicyManager: checkAndSetVolume cannot set volume group 3 volume when isn ot requested for comm
06-10 15:19:48.550 285 285 I AudioFlinger: openOutput() this 0xebc99000, module 10 Device type:0x2,@:, SamplingRate 32000, Format 0x000003, Channels 0x3, flags 0x1
06-10 15:19:48.551 266 266 D audio_hw_primary: adev_open_output_stream
06-10 15:19:48.551 266 266 V audio_hw_primary: adev_open_output_stream, flags: 1
06-10 15:19:48.551 266 266 D audio_hw_primary: config format 0x3 raw_flag 1
06-10 15:19:48.551 266 266 V audio_hw_primary: +++++++++++++++ adev_open_output_stream: req_sample_rate: 32000, fmt: 3, channel_count: 3
06-10 15:19:48.552 285 285 I AudioFlinger: HAL output buffer size 2048 frames, normal sink buffer size 2048 frames
06-10 15:19:48.553 285 285 D AudioFlinger: Failed to add event callback
06-10 15:19:48.554 285 462 I AudioFlinger: AudioFlinger's thread 0xebb67340 tid=462 ready to run
06-10 15:19:48.555 285 462 W AudioFlinger: no wake lock to update, system not ready yet
06-10 15:19:48.555 285 462 D AudioFlinger: ro.audio.silent is ignored since no output device is set
06-10 15:19:48.555 266 266 V audio_hw_primary: out_set_parameters: closing=true
06-10 15:19:48.555 266 266 D audio_hw_primary: out_standby
06-10 15:19:48.558 266 266 V audio_hw_primary: out_set_parameters: exiting=1
06-10 15:19:48.558 285 285 E AudioFlinger: Error when setting parameters on exit: -61
06-10 15:19:48.558 285 462 W AudioFlinger: no wake lock to update, system not ready yet
06-10 15:19:48.558 285 462 D AudioFlinger: ro.audio.silent is ignored since no output device is set
06-10 15:19:48.559 266 266 D audio_hw_primary: out_standby
06-10 15:19:48.559 285 285 W APM_AudioPolicyManager: Input profile contains no device on module primary
06-10 15:19:48.559 285 285 W APM_AudioPolicyManager: Input profile contains no device on module primary
06-10 15:19:48.562 266 266 D xm_audio: -->adev_open, name=audio_hw_if, socketthread_running=false, pth_listen=0
06-10 15:19:48.563 285 285 I AudioFlinger: loadHwModule() Loaded xm_hidraw audio interface, handle 18
06-10 15:19:48.563 266 266 D xm_audio: -->adev_open_input_stream
06-10 15:19:48.563 266 266 D xm_audio: -->adev_open_input_stream, config->sample_rate=16000
06-10 15:19:48.563 266 266 D xm_audio: -->adev_open_input_stream exit
06-10 15:19:48.564 266 266 I xm_audio: in_get_sample_rate
06-10 15:19:48.564 266 266 I xm_audio: in_get_channels
06-10 15:19:48.565 266 266 I xm_audio: in_get_sample_rate
06-10 15:19:48.565 266 266 I xm_audio: in_get_channels
06-10 15:19:48.566 266 266 I xm_audio: in_get_channels
06-10 15:19:48.566 266 266 I xm_audio: in_get_buffer_size
06-10 15:19:48.566 266 465 D xm_audio: socket_thread start
06-10 15:19:48.566 266 266 I xm_audio: in_get_buffer_size: fsize=512.000000, size=512
06-10 15:19:48.566 266 266 I xm_audio: in_get_buffer_size
06-10 15:19:48.566 266 266 I xm_audio: in_get_buffer_size: fsize=512.000000, size=512
06-10 15:19:48.566 266 266 I xm_audio: in_get_sample_rate
06-10 15:19:48.566 266 266 I xm_audio: in_get_channels
06-10 15:19:48.567 266 465 D xm_audio: create socket g_is_running4
06-10 15:19:48.567 334 336 D XM_HIDREAD: Client connected.
06-10 15:19:48.567 334 336 D XM_HIDREAD: accept before.
06-10 15:19:48.568 266 465 D xm_audio: create socket g_is_running5
06-10 15:19:48.568 266 465 E xm_audio: so socket connect suc
06-10 15:19:48.568 285 466 I AudioFlinger: AudioFlinger's thread 0xeb931a00 tid=466 ready to run
06-10 15:19:48.568 334 468 D XM_HIDREAD: handle_client start.
06-10 15:19:48.569 266 266 D xm_audio: -->adev_close_input_stream
06-10 15:19:48.569 266 266 D xm_audio: -->adev_close_input_stream ready free stream.
06-10 15:19:48.569 266 266 D xm_audio: -->adev_close_input_stream free stream finish.
06-10 15:19:48.570 266 469 D xm_audio: data_thread start
06-10 15:19:48.618 285 285 I bt_a2dp_hw: system/bt/audio_a2dp_hw/src/audio_a2dp_hw.cc:1893 adev_open: adev_open: adev_open in A2dp_hw module
06-10 15:19:48.619 285 285 I AudioFlinger: loadHwModule() Loaded a2dp audio interface, handle 26
06-10 15:19:48.619 285 285 V APM_AudioPolicyManager: onNewAudioModulesAvailableInt: Input device list is empty! for profile a2dp input
06-10 15:19:48.623 266 266 I r_submix: adev_open(name=audio_hw_if)
06-10 15:19:48.624 266 266 I r_submix: adev_init_check()
06-10 15:19:48.624 285 285 I AudioFlinger: loadHwModule() Loaded r_submix audio interface, handle 34
06-10 15:19:48.624 266 266 D r_submix: adev_open_input_stream(addr=0)
06-10 15:19:48.625 266 266 D r_submix: submix_audio_device_create_pipe_l(addr=0, idx=9)
06-10 15:19:48.625 266 266 D r_submix: now using address 0 for route 9
06-10 15:19:48.629 285 471 I AudioFlinger: AudioFlinger's thread 0xeb3d8540 tid=471 ready to run
06-10 15:19:48.630 266 266 D r_submix: adev_close_input_stream()
06-10 15:19:48.630 266 266 D r_submix: submix_audio_device_release_pipe_l(idx=9) addr=0
06-10 15:19:48.630 266 266 D r_submix: submix_audio_device_destroy_pipe_l(): pipe destroyed
06-10 15:19:48.632 285 285 I audioserver: Waiting for activity service
06-10 15:19:48.690 261 261 I Zygote : Preloading classes...
06-10 15:19:48.704 261 421 I zygote : Verified 2763 classes from mainline modules in 281.670ms
06-10 15:19:48.802 367 367 W awplayer: : Set log level to 3
06-10 15:19:48.814 261 261 I Typeface: Preloading /system/fonts/Roboto-Regular.ttf
06-10 15:19:48.814 261 261 I Typeface: Preloading /system/fonts/RobotoStatic-Regular.ttf
06-10 15:19:48.852 367 367 I cedarc : : register avs decoder success!
06-10 15:19:48.853 367 367 I cedarc : : register h264 decoder success!
06-10 15:19:48.853 367 367 I cedarc : : register h265 decoder success!
06-10 15:19:48.854 367 367 I cedarc : : register mjpeg decoder success!
06-10 15:19:48.854 367 367 I cedarc : : register mjpegplus decoder success!
06-10 15:19:48.855 367 367 I cedarc : : register mpeg2 decoder success!
06-10 15:19:48.855 367 367 W awplayer: : Invalid plugin,function CedarPluginVDInit not found.
06-10 15:19:48.855 367 367 I cedarc : : register mpeg4dx decoder success!
06-10 15:19:48.856 367 367 I cedarc : : register mpeg4H263 decoder success!
06-10 15:19:48.856 367 367 I cedarc : : register mpeg4Normal decoder success!
06-10 15:19:48.856 367 367 I cedarc : : register Mpeg4Vp6 decoder success!
06-10 15:19:48.857 367 367 I cedarc : : register vp6Soft decoder success!
06-10 15:19:48.857 367 367 I cedarc : : register vp8 decoder success!
06-10 15:19:48.857 367 367 E cedarc : : register Wmv12Soft decoder failure!!!
06-10 15:19:48.857 367 367 I cedarc : : register vc1 decoder success!
06-10 15:19:48.858 367 367 D cedarc : : register Vp9Hw decoder success!
06-10 15:19:48.859 367 367 I cedarc : : register avs2 decoder success!
06-10 15:19:48.863 367 367 D awplayer: : aw stream init...
06-10 15:19:48.863 367 367 D awplayer: : Register stream rtp version v1.1
06-10 15:19:48.875 367 367 I mediaserver: ServiceManager: 0xf17ba960
06-10 15:19:48.876 367 367 W BatteryNotifier: batterystats service unavailable!
06-10 15:19:48.877 367 367 W BatteryNotifier: batterystats service unavailable!
06-10 15:19:48.914 261 261 I Typeface: Preloading /system/fonts/NotoSansCJK-Regular.ttc
06-10 15:19:48.915 261 261 I Typeface: Preloading /system/fonts/NotoSerifCJK-Regular.ttc
06-10 15:19:48.960 261 261 E ActivityRecognitionHardware: activity_recognition HAL is deprecated. class_init is effectively a no-op
06-10 15:19:48.985 387 405 I adbd : adbd mDNS service _adb._tcp registered: 1
06-10 15:19:48.986 387 413 I adbd : adbd mDNS service _adb-tls-connect._tcp registered: 1
06-10 15:19:49.118 261 261 D MtpDeviceJNI: register_android_mtp_MtpDevice
06-10 15:19:49.374 261 261 W Zygote : Class not found for preloading: android.view.SurfaceView$2
06-10 15:19:49.614 261 261 I Zygote : ...preloaded 7337 classes in 924ms.
06-10 15:19:49.623 261 261 D ApplicationLoaders: Created zygote-cached class loader: /system/framework/android.hidl.base-V1.0-java.jar
06-10 15:19:49.630 261 261 D ApplicationLoaders: Created zygote-cached class loader: /system/framework/android.hidl.manager-V1.0-java.jar
06-10 15:19:49.636 261 261 D ApplicationLoaders: Created zygote-cached class loader: /system/framework/android.test.base.jar
06-10 15:19:49.877 288 288 D RenderEngine: shader cache generated - 48 shaders in 1646.421021 ms
06-10 15:19:49.881 288 288 I HidlServiceManagement: Registered android.frameworks.displayservice@1.0::IDisplayService/default
06-10 15:19:49.882 288 288 D SurfaceFlinger: Setting power mode 2 on display 0
06-10 15:19:49.882 277 277 D sunxihwc: setPowerMode: device(hdmi0) power mode: On
06-10 15:19:49.882 277 277 I sunxihwc: setRuntimeState: disp2 blank control [unblank], driver usage [1]
06-10 15:19:49.882 288 288 D SurfaceFlinger: Finished setting power mode 2 on display 0
06-10 15:19:49.993 509 509 E cutils-trace: Error opening trace file: No such file or directory (2)
06-10 15:19:50.029 383 383 I update_engine: [INFO:cleanup_previous_update_action.cc(112)] Executing task 1
06-10 15:19:50.031 383 383 I update_engine: [INFO:cleanup_previous_update_action.cc(124)] CleanupPreviousUpdateAction scheduled task ID 3 for WaitBootCompleted
06-10 15:19:50.045 510 510 E cutils-trace: Error opening trace file: No such file or directory (2)
06-10 15:19:50.059 261 261 I Zygote : Preloading resources...
06-10 15:19:50.082 261 261 W Resources: Preloaded drawable resource #0x1080286 (android:drawable/dialog_background_material) that varies with configuration!!
06-10 15:19:50.119 261 261 I Zygote : ...preloaded 64 resources in 60ms.
06-10 15:19:50.129 261 261 I Zygote : ...preloaded 41 resources in 10ms.
06-10 15:19:50.144 508 508 D BootAnimation: BootAnimationPreloadTiming start time: 10081ms
06-10 15:19:50.153 261 261 D libEGL : loaded /vendor/lib/egl/libGLES_mali.so
06-10 15:19:50.155 508 508 E BootAnimation: no audio.wav could be found!
06-10 15:19:50.155 508 508 D BootAnimation: BootAnimationPreloadStopTiming start time: 10093ms
06-10 15:19:50.156 288 354 E HWComposer: getSupportedContentTypes: getSupportedContentTypes failed for display 0: Unsupported (8)
06-10 15:19:50.158 508 513 E cutils-trace: Error opening trace file: No such file or directory (2)
06-10 15:19:50.176 508 513 D libEGL : loaded /vendor/lib/egl/libGLES_mali.so
06-10 15:19:50.247 261 261 I Zygote : Preloading shared libraries...
06-10 15:19:50.252 508 508 I BootAnimation: type=1400 audit(0.0:294): avc: denied { search } for name="data" dev="mmcblk0p25" ino=87 scontext=u:r:bootanim:s0 tcontext=u:object_r:system_data_file:s0:c512,c768 tclass=dir permissive=1
06-10 15:19:50.258 261 261 I Zygote : Called ZygoteHooks.endPreload()
06-10 15:19:50.259 261 261 I Zygote : Installed AndroidKeyStoreProvider in 1ms.
06-10 15:19:50.260 200 200 I hwservicemanager: getTransport: Cannot find entry android.hardware.configstore@1.0::ISurfaceFlingerConfigs/default in either framework or device VINTF manifest.
06-10 15:19:50.264 281 281 I EventThread: type=1400 audit(0.0:295): avc: denied { search } for name="extcon" dev="sysfs" ino=18109 scontext=u:r:hal_tv_cec_default:s0 tcontext=u:object_r:sysfs_extcon:s0 tclass=dir permissive=1
06-10 15:19:50.272 261 261 I Zygote : Warmed up JCA providers in 13ms.
06-10 15:19:50.272 261 261 D Zygote : end preload
06-10 15:19:50.272 261 261 D Zygote : VMRuntime.setVerifierEnabled(true)
06-10 15:19:50.291 508 513 D BootAnimation: BootAnimationShownTiming start time: 10229ms
06-10 15:19:50.353 200 200 I hwservicemanager: getTransport: Cannot find entry android.hardware.graphics.mapper@4.0::IMapper/default in either framework or device VINTF manifest.
06-10 15:19:50.353 508 513 I Gralloc4: mapper 4.x is not supported
06-10 15:19:50.354 200 200 I hwservicemanager: getTransport: Cannot find entry android.hardware.graphics.mapper@3.0::IMapper/default in either framework or device VINTF manifest.
06-10 15:19:50.354 508 513 W Gralloc3: mapper 3.x is not supported
06-10 15:19:50.356 261 261 I zygote : Explicit concurrent copying GC freed 18594(1029KB) AllocSpace objects, 0(0B) LOS objects, 49% free, 3555KB/7111KB, paused 82us total 83.618ms
06-10 15:19:50.359 508 513 E gralloc : Arm Module v1.0
06-10 15:19:50.361 200 200 I hwservicemanager: getTransport: Cannot find entry android.hardware.graphics.allocator@4.0::IAllocator/default in either framework or device VINTF manifest.
06-10 15:19:50.361 508 513 W Gralloc4: allocator 4.x is not supported
06-10 15:19:50.361 200 200 I hwservicemanager: getTransport: Cannot find entry android.hardware.graphics.allocator@3.0::IAllocator/default in either framework or device VINTF manifest.
06-10 15:19:50.361 508 513 W Gralloc3: allocator 3.x is not supported
06-10 15:19:50.365 276 315 I gralloc : alloc buffer:W:1920 H:1080 S:1920 PL[1920 1080] SZ:8294400 fmt:43 if:0 af:43 usg:20000b00 fg:00000004
06-10 15:19:50.366 508 513 E ion : ioctl c0044901 failed with code -1: Inappropriate ioctl for device
06-10 15:19:50.388 288 288 I SurfaceFlinger: Enter boot animation
06-10 15:19:50.391 277 277 E ion : ioctl c0044901 failed with code -1: Inappropriate ioctl for device
06-10 15:19:50.395 434 434 I : DVI mode selected: packets not configured
06-10 15:19:50.395 434 434 I : Error: set vsif failed
06-10 15:19:50.434 261 261 I zygote : Explicit concurrent copying GC freed 2371(125KB) AllocSpace objects, 0(0B) LOS objects, 49% free, 3461KB/6923KB, paused 78us total 74.916ms
06-10 15:19:50.444 341 341 I rainbow_flow: type=1400 audit(0.0:296): avc: denied { ioctl } for path="/dev/spidev1.0" dev="tmpfs" ino=1377 ioctlcmd=0x6b00 scontext=u:r:init:s0 tcontext=u:object_r:device:s0 tclass=chr_file permissive=1
06-10 15:19:50.454 276 315 I gralloc : alloc buffer:W:1920 H:1080 S:1920 PL[1920 1080] SZ:8294400 fmt:43 if:0 af:43 usg:20000b00 fg:00000004
06-10 15:19:50.475 434 434 I : DVI mode selected: packets not configured
06-10 15:19:50.475 434 434 I : Error: set vsif failed
06-10 15:19:50.525 434 434 I : DVI mode selected: packets not configured
06-10 15:19:50.525 434 434 I : Error: set vsif failed
06-10 15:19:50.591 434 434 I : DVI mode selected: packets not configured
06-10 15:19:50.591 434 434 I : Error: set vsif failed
06-10 15:19:50.621 261 261 D Zygote : Forked child process 523
06-10 15:19:50.621 261 261 I Zygote : System server process 523 has been created
06-10 15:19:50.623 261 261 I Zygote : Accepting command socket connections
06-10 15:19:50.641 434 434 I : DVI mode selected: packets not configured
06-10 15:19:50.641 434 434 I : Error: set vsif failed
06-10 15:19:50.693 434 434 I : DVI mode selected: packets not configured
06-10 15:19:50.693 434 434 I : Error: set vsif failed
06-10 15:19:50.759 434 434 I : DVI mode selected: packets not configured
06-10 15:19:50.759 434 434 I : Error: set vsif failed
06-10 15:19:50.808 434 434 I : DVI mode selected: packets not configured
06-10 15:19:50.808 434 434 I : Error: set vsif failed
06-10 15:19:50.858 434 434 I : DVI mode selected: packets not configured
06-10 15:19:50.858 434 434 I : Error: set vsif failed
06-10 15:19:50.911 434 434 I : DVI mode selected: packets not configured
06-10 15:19:50.911 434 434 I : Error: set vsif failed
06-10 15:19:50.965 523 523 I Zygote : seccomp disabled by setenforce 0
06-10 15:19:50.986 523 523 W system_server: Failed to upload odrefresh metrics: metrics file '/data/misc/odrefresh/odrefresh-metrics.txt' could not be opened: No such file or directory
06-10 15:19:50.993 387 408 I adbd : jdwp connection from 523
06-10 15:19:51.113 523 523 I SystemServerTiming: InitBeforeStartServices
06-10 15:19:51.119 523 523 I SystemServer: Entered the Android system server!
06-10 15:19:51.394 259 259 W ServiceManager: Service statscompanion didn't start. Returning NULL
06-10 15:19:51.398 259 259 I statsd : Statsd starts to listen to socket.
06-10 15:19:51.418 523 523 E UsbAlsaJackDetectorJNI: Can't register UsbAlsaJackDetector native methods
06-10 15:19:51.442 523 523 I SystemServerInitThreadPool: Creating instance with 4 threads
06-10 15:19:51.444 523 523 I SystemServerTiming: StartServices
06-10 15:19:51.444 523 541 I SystemServerTimingAsync: InitThreadPoolExec:loadPreinstalledSystemFontMap
06-10 15:19:51.444 523 541 D SystemServerInitThreadPool: Started executing loadPreinstalledSystemFontMap
06-10 15:19:51.444 523 541 I SystemServerTimingAsync: loadPreinstalledSystemFontMap
06-10 15:19:51.444 523 523 D SystemServer: VMRuntime.setVerifierEnabled(false)
06-10 15:19:51.444 523 523 I SystemServerTiming: startBootstrapServices
06-10 15:19:51.444 523 523 I SystemServerTiming: StartWatchdog
06-10 15:19:51.459 523 523 I SystemServer: Reading configuration...
06-10 15:19:51.459 523 523 I SystemServerTiming: ReadingSystemConfig
06-10 15:19:51.460 523 549 I SystemServerTimingAsync: InitThreadPoolExec:ReadingSystemConfig
06-10 15:19:51.460 523 549 D SystemServerInitThreadPool: Started executing ReadingSystemConfig
06-10 15:19:51.460 523 523 I SystemServerTiming: PlatformCompat
06-10 15:19:51.465 523 523 D CompatConfig: Found a config file: /system/etc/compatconfig/icu4j-platform-compat-config.xml
06-10 15:19:51.466 523 549 I SystemConfig: Reading permissions from /system/etc/sysconfig/preinstalled-packages-platform-full-base.xml
06-10 15:19:51.467 523 523 D CompatConfig: Adding: com.android.server.compat.config.Change@c52f5f7
06-10 15:19:51.472 523 523 D CompatConfig: Found a config file: /system/etc/compatconfig/framework-platform-compat-config.xml
06-10 15:19:51.473 523 549 I incfs : Initial API level of the device: 31
06-10 15:19:51.474 523 549 I incfs : ro.incremental.enable: module:/vendor/lib/modules/incrementalfs.ko
06-10 15:19:51.474 523 549 I incfs : isFsAvailable: false
06-10 15:19:51.474 523 549 I incfs : isFsAvailable: false
06-10 15:19:51.474 523 549 E incfs : could not open IncFs kernel module "/vendor/lib/modules/incrementalfs.ko": No such file or directory
06-10 15:19:51.474 523 549 E incfs : IncFs_Features: failed to open features dir, assuming v1/none.: No such file or directory
06-10 15:19:51.475 523 549 I SystemConfig: Reading permissions from /system/etc/sysconfig/preinstalled-packages-platform.xml
06-10 15:19:51.476 523 549 I SystemConfig: Reading permissions from /system/etc/sysconfig/framework-sysconfig.xml
06-10 15:19:51.477 523 523 D CompatConfig: Adding: com.android.server.compat.config.Change@5b6fa93
06-10 15:19:51.478 523 523 D CompatConfig: Adding: com.android.server.compat.config.Change@ff3aad0
06-10 15:19:51.479 523 523 D CompatConfig: Adding: com.android.server.compat.config.Change@5ab4ac9
06-10 15:19:51.479 523 549 I SystemConfig: Reading permissions from /system/etc/sysconfig/hiddenapi-package-whitelist.xml
06-10 15:19:51.480 523 523 D CompatConfig: Adding: com.android.server.compat.config.Change@74cacef
06-10 15:19:51.480 523 523 D CompatConfig: Adding: com.android.server.compat.config.Change@830a3fc
06-10 15:19:51.481 523 523 D CompatConfig: Adding: com.android.server.compat.config.Change@f94ca85
06-10 15:19:51.482 523 523 D CompatConfig: Adding: com.android.server.compat.config.Change@fecf0da
06-10 15:19:51.483 523 523 D CompatConfig: Adding: com.android.server.compat.config.Change@be1290b
06-10 15:19:51.483 523 549 I SystemConfig: Reading permissions from /system/etc/sysconfig/preinstalled-packages-com.android.providers.media.module.xml
06-10 15:19:51.484 523 523 D CompatConfig: Adding: com.android.server.compat.config.Change@4dc8a01
06-10 15:19:51.485 523 523 D CompatConfig: Adding: com.android.server.compat.config.Change@1b940a6
06-10 15:19:51.486 523 523 D CompatConfig: Adding: com.android.server.compat.config.Change@3f74ae7
06-10 15:19:51.487 523 549 I SystemConfig: Reading permissions from /system/etc/permissions/com.android.documentsui.xml
06-10 15:19:51.487 523 523 D CompatConfig: Adding: com.android.server.compat.config.Change@b86c53d
06-10 15:19:51.488 523 523 D CompatConfig: Adding: com.android.server.compat.config.Change@2a8c132
06-10 15:19:51.488 523 523 D CompatConfig: Adding: com.android.server.compat.config.Change@b63ae83
06-10 15:19:51.490 523 523 D CompatConfig: Adding: com.android.server.compat.config.Change@4ef6800
06-10 15:19:51.491 523 523 D CompatConfig: Adding: com.android.server.compat.config.Change@b9f7839
06-10 15:19:51.491 523 523 D CompatConfig: Adding: com.android.server.compat.config.Change@e9dbe7e
06-10 15:19:51.492 523 523 D CompatConfig: Adding: com.android.server.compat.config.Change@ca8afdf
06-10 15:19:51.492 523 523 D CompatConfig: Adding: com.android.server.compat.config.Change@ee3042c
06-10 15:19:51.493 523 549 I SystemConfig: Reading permissions from /system/etc/permissions/android.test.runner.xml
06-10 15:19:51.494 523 523 D CompatConfig: Adding: com.android.server.compat.config.Change@b53448a
06-10 15:19:51.495 523 523 D CompatConfig: Adding: com.android.server.compat.config.Change@e126afb
06-10 15:19:51.497 523 549 I SystemConfig: Reading permissions from /system/etc/permissions/org.apache.http.legacy.xml
06-10 15:19:51.497 523 523 D CompatConfig: Adding: com.android.server.compat.config.Change@69af571
06-10 15:19:51.498 523 523 D CompatConfig: Adding: com.android.server.compat.config.Change@d291f56
06-10 15:19:51.499 523 523 D CompatConfig: Adding: com.android.server.compat.config.Change@492bbd7
06-10 15:19:51.500 523 523 D CompatConfig: Adding: com.android.server.compat.config.Change@51877ad
06-10 15:19:51.500 523 523 D CompatConfig: Adding: com.android.server.compat.config.Change@cafdae2
06-10 15:19:51.500 523 549 I SystemConfig: Reading permissions from /system/etc/permissions/android.software.webview.xml
06-10 15:19:51.501 523 523 D CompatConfig: Adding: com.android.server.compat.config.Change@85d3e73
06-10 15:19:51.501 523 523 D CompatConfig: Adding: com.android.server.compat.config.Change@8acd130
06-10 15:19:51.502 523 523 D CompatConfig: Adding: com.android.server.compat.config.Change@471e1a9
06-10 15:19:51.503 523 523 D CompatConfig: Adding: com.android.server.compat.config.Change@7434ecf
06-10 15:19:51.503 523 549 I SystemConfig: Reading permissions from /system/etc/permissions/privapp-permissions-platform.xml
06-10 15:19:51.503 523 523 D CompatConfig: Adding: com.android.server.compat.config.Change@cc5d05c
06-10 15:19:51.504 523 523 D CompatConfig: Adding: com.android.server.compat.config.Change@8ddef65
06-10 15:19:51.504 523 523 D CompatConfig: Adding: com.android.server.compat.config.Change@28de43a
06-10 15:19:51.505 523 523 D CompatConfig: Adding: com.android.server.compat.config.Change@d008eb
06-10 15:19:51.505 523 523 D CompatConfig: Adding: com.android.server.compat.config.Change@c0d9648
06-10 15:19:51.506 523 523 D CompatConfig: Adding: com.android.server.compat.config.Change@9431ce1
06-10 15:19:51.506 523 523 D CompatConfig: Adding: com.android.server.compat.config.Change@b660a06
06-10 15:19:51.507 523 523 D CompatConfig: Adding: com.android.server.compat.config.Change@82448c7
06-10 15:19:51.508 523 523 D CompatConfig: Adding: com.android.server.compat.config.Change@689cef4
06-10 15:19:51.508 523 523 D CompatConfig: Adding: com.android.server.compat.config.Change@a73a61d
06-10 15:19:51.509 523 523 D CompatConfig: Adding: com.android.server.compat.config.Change@748c092
06-10 15:19:51.509 523 523 D CompatConfig: Adding: com.android.server.compat.config.Change@792aa63
06-10 15:19:51.510 523 523 D CompatConfig: Adding: com.android.server.compat.config.Change@4eee660
06-10 15:19:51.510 523 523 D CompatConfig: Adding: com.android.server.compat.config.Change@2298719
06-10 15:19:51.511 523 523 D CompatConfig: Adding: com.android.server.compat.config.Change@92e53de
06-10 15:19:51.512 523 523 D CompatConfig: Adding: com.android.server.compat.config.Change@1fb89bf
06-10 15:19:51.512 523 523 D CompatConfig: Adding: com.android.server.compat.config.Change@4cc088c
06-10 15:19:51.513 523 523 D CompatConfig: Adding: com.android.server.compat.config.Change@dc27bd5
06-10 15:19:51.513 523 523 D CompatConfig: Adding: com.android.server.compat.config.Change@947cfea
06-10 15:19:51.514 523 523 D CompatConfig: Adding: com.android.server.compat.config.Change@de902db
06-10 15:19:51.515 523 523 D CompatConfig: Adding: com.android.server.compat.config.Change@b772178
06-10 15:19:51.516 523 523 D CompatConfig: Adding: com.android.server.compat.config.Change@8bc0051
06-10 15:19:51.516 523 523 D CompatConfig: Adding: com.android.server.compat.config.Change@fcb00b6
06-10 15:19:51.517 523 523 D CompatConfig: Adding: com.android.server.compat.config.Change@66af1b7
06-10 15:19:51.517 523 523 D CompatConfig: Adding: com.android.server.compat.config.Change@bb8dd24
06-10 15:19:51.518 523 523 D CompatConfig: Adding: com.android.server.compat.config.Change@eef508d
06-10 15:19:51.519 523 523 D CompatConfig: Adding: com.android.server.compat.config.Change@7e7242
06-10 15:19:51.519 523 523 D CompatConfig: Adding: com.android.server.compat.config.Change@db2f253
06-10 15:19:51.520 523 523 D CompatConfig: Found a config file: /system/etc/compatconfig/documents-ui-compat-config.xml
06-10 15:19:51.521 523 523 D CompatConfig: Adding: com.android.server.compat.config.Change@68d6889
06-10 15:19:51.523 523 523 D CompatConfig: Found a config file: /system/etc/compatconfig/calendar-provider-compat-config.xml
06-10 15:19:51.524 523 549 I SystemConfig: Reading permissions from /system/etc/permissions/android.software.controls.xml
06-10 15:19:51.524 523 523 D CompatConfig: Adding: com.android.server.compat.config.Change@ca8acbc
06-10 15:19:51.525 523 549 I SystemConfig: Reading permissions from /system/etc/permissions/com.android.networkstack.tethering.xml
06-10 15:19:51.525 523 523 D CompatConfig: Found a config file: /system/etc/compatconfig/services-platform-compat-config.xml
06-10 15:19:51.528 523 549 I SystemConfig: Reading permissions from /system/etc/permissions/privapp-vendor-permissions.xml
06-10 15:19:51.529 523 523 D CompatConfig: Adding: com.android.server.compat.config.Change@8ac9fc1
06-10 15:19:51.530 523 549 I SystemConfig: Reading permissions from /system/etc/permissions/oranth-privapp-permissions.xml
06-10 15:19:51.531 523 523 D CompatConfig: Adding: com.android.server.compat.config.Change@4e5b6a7
06-10 15:19:51.531 523 523 D CompatConfig: Adding: com.android.server.compat.config.Change@f9fd754
06-10 15:19:51.531 523 523 D CompatConfig: Adding: com.android.server.compat.config.Change@9a276fd
06-10 15:19:51.532 523 523 D CompatConfig: Adding: com.android.server.compat.config.Change@f1beff2
06-10 15:19:51.533 523 523 D CompatConfig: Adding: com.android.server.compat.config.Change@92d1643
06-10 15:19:51.533 523 523 D CompatConfig: Adding: com.android.server.compat.config.Change@fcd14c0
06-10 15:19:51.535 523 523 D CompatConfig: Adding: com.android.server.compat.config.Change@32485f9
06-10 15:19:51.536 523 549 I SystemConfig: Reading permissions from /system/etc/permissions/android.test.base.xml
06-10 15:19:51.538 523 523 D CompatConfig: Adding: com.android.server.compat.config.Change@d39f
06-10 15:19:51.540 523 549 I SystemConfig: Reading permissions from /system/etc/permissions/com.android.media.remotedisplay.xml
06-10 15:19:51.540 523 523 D CompatConfig: Adding: com.android.server.compat.config.Change@c1e88b5
06-10 15:19:51.542 523 523 D CompatConfig: Adding: com.android.server.compat.config.Change@7a58b4a
06-10 15:19:51.543 523 523 D CompatConfig: Adding: com.android.server.compat.config.Change@7290abb
06-10 15:19:51.544 523 523 D CompatConfig: Adding: com.android.server.compat.config.Change@47bfb31
06-10 15:19:51.545 523 549 I SystemConfig: Reading permissions from /system/etc/permissions/permissions-awbms.xml
06-10 15:19:51.546 523 523 D CompatConfig: Adding: com.android.server.compat.config.Change@8391216
06-10 15:19:51.547 523 523 D CompatConfig: Adding: com.android.server.compat.config.Change@6d39797
06-10 15:19:51.548 523 549 I SystemConfig: Reading permissions from /system/etc/permissions/com.android.location.provider.xml
06-10 15:19:51.548 523 523 D CompatConfig: Adding: com.android.server.compat.config.Change@564196d
06-10 15:19:51.548 523 523 D CompatConfig: Adding: com.android.server.compat.config.Change@2ac39a2
06-10 15:19:51.549 523 523 D CompatConfig: Adding: com.android.server.compat.config.Change@2301633
06-10 15:19:51.549 523 523 D CompatConfig: Adding: com.android.server.compat.config.Change@3af2df0
06-10 15:19:51.550 523 523 D CompatConfig: Adding: com.android.server.compat.config.Change@935df69
06-10 15:19:51.550 523 523 D CompatConfig: Adding: com.android.server.compat.config.Change@a384dee
06-10 15:19:51.550 523 523 D CompatConfig: Adding: com.android.server.compat.config.Change@5cbe28f
06-10 15:19:51.551 523 523 D CompatConfig: Adding: com.android.server.compat.config.Change@71391c
06-10 15:19:51.551 523 523 D CompatConfig: Adding: com.android.server.compat.config.Change@7440925
06-10 15:19:51.551 523 523 D CompatConfig: Adding: com.android.server.compat.config.Change@a5f5afa
06-10 15:19:51.552 523 523 D CompatConfig: Adding: com.android.server.compat.config.Change@fae18ab
06-10 15:19:51.552 523 523 D CompatConfig: Adding: com.android.server.compat.config.Change@f5112a1
06-10 15:19:51.552 523 523 D CompatConfig: Adding: com.android.server.compat.config.Change@2b82cc6
06-10 15:19:51.552 523 549 I SystemConfig: Reading permissions from /system/etc/permissions/android.hardware.location.network.xml
06-10 15:19:51.553 523 523 D CompatConfig: Adding: com.android.server.compat.config.Change@d339487
06-10 15:19:51.553 523 523 D CompatConfig: Adding: com.android.server.compat.config.Change@da18fb4
06-10 15:19:51.553 523 523 D CompatConfig: Adding: com.android.server.compat.config.Change@cb37dd
06-10 15:19:51.554 523 523 D CompatConfig: Adding: com.android.server.compat.config.Change@37a4f52
06-10 15:19:51.555 523 549 I SystemConfig: Reading permissions from /system/etc/permissions/com.android.future.usb.accessory.xml
06-10 15:19:51.556 523 523 D CompatConfig: Adding: com.android.server.compat.config.Change@aa1f320
06-10 15:19:51.556 523 549 I SystemConfig: Reading permissions from /system/etc/permissions/android.software.live_wallpaper.xml
06-10 15:19:51.556 523 523 D CompatConfig: Adding: com.android.server.compat.config.Change@6ca0e9e
06-10 15:19:51.557 523 523 D CompatConfig: Adding: com.android.server.compat.config.Change@b08d7f
06-10 15:19:51.558 523 523 D CompatConfig: Adding: com.android.server.compat.config.Change@583214c
06-10 15:19:51.558 523 549 I SystemConfig: Reading permissions from /system/etc/permissions/javax.obex.xml
06-10 15:19:51.558 523 523 D CompatConfig: Adding: com.android.server.compat.config.Change@b4a829b
06-10 15:19:51.559 523 523 D CompatConfig: Adding: com.android.server.compat.config.Change@1670638
06-10 15:19:51.560 523 523 D CompatConfig: Adding: com.android.server.compat.config.Change@412e611
06-10 15:19:51.561 523 549 I SystemConfig: Reading permissions from /system/etc/permissions/android.hardware.hdmi.cec.xml
06-10 15:19:51.561 523 523 D CompatConfig: Adding: com.android.server.compat.config.Change@6c4ad77
06-10 15:19:51.562 523 523 D CompatConfig: Adding: com.android.server.compat.config.Change@e2ed24d
06-10 15:19:51.562 523 549 I SystemConfig: Reading permissions from /system/etc/permissions/com.android.mediadrm.signer.xml
06-10 15:19:51.563 523 523 D CompatConfig: Adding: com.android.server.compat.config.Change@2913102
06-10 15:19:51.563 523 523 D CompatConfig: Adding: com.android.server.compat.config.Change@e4caa13
06-10 15:19:51.564 523 523 D CompatConfig: Adding: com.android.server.compat.config.Change@5a34649
06-10 15:19:51.564 523 549 I SystemConfig: Reading permissions from /system/etc/permissions/com.android.networkstack.xml
06-10 15:19:51.565 523 523 D CompatConfig: Adding: com.android.server.compat.config.Change@b655b4e
06-10 15:19:51.565 523 523 D CompatConfig: Adding: com.android.server.compat.config.Change@84dd46f
06-10 15:19:51.565 523 523 D CompatConfig: Adding: com.android.server.compat.config.Change@cb7757c
06-10 15:19:51.566 523 523 D CompatConfig: Adding: com.android.server.compat.config.Change@9d0fe05
06-10 15:19:51.567 523 549 I SystemConfig: Reading permissions from /system/etc/permissions/android.test.mock.xml
06-10 15:19:51.567 523 523 D CompatConfig: Adding: com.android.server.compat.config.Change@c8d488b
06-10 15:19:51.568 523 523 D CompatConfig: Adding: com.android.server.compat.config.Change@ac46d68
06-10 15:19:51.568 523 523 D CompatConfig: Adding: com.android.server.compat.config.Change@5687581
06-10 15:19:51.568 523 549 I SystemConfig: Reading permissions from /system/etc/permissions/platform.xml
06-10 15:19:51.569 523 523 D CompatConfig: Adding: com.android.server.compat.config.Change@5e267
06-10 15:19:51.570 523 523 D CompatConfig: No directory /system/system_ext/etc/compatconfig, skipping
06-10 15:19:51.572 523 523 D CompatConfig: No directory /apex/com.android.wifi/etc/compatconfig, skipping
06-10 15:19:51.573 523 523 D CompatConfig: No directory /apex/com.android.vndk.v31/etc/compatconfig, skipping
06-10 15:19:51.573 523 523 D CompatConfig: No directory /apex/com.android.tzdata/etc/compatconfig, skipping
06-10 15:19:51.573 523 523 D CompatConfig: No directory /apex/com.android.tethering/etc/compatconfig, skipping
06-10 15:19:51.573 523 523 D CompatConfig: No directory /apex/com.android.sdkext/etc/compatconfig, skipping
06-10 15:19:51.573 523 523 D CompatConfig: No directory /apex/com.android.scheduling/etc/compatconfig, skipping
06-10 15:19:51.573 523 523 D CompatConfig: No directory /apex/com.android.runtime/etc/compatconfig, skipping
06-10 15:19:51.574 523 523 D CompatConfig: No directory /apex/com.android.resolv/etc/compatconfig, skipping
06-10 15:19:51.574 523 523 D CompatConfig: No directory /apex/com.android.permission/etc/compatconfig, skipping
06-10 15:19:51.574 523 523 D CompatConfig: No directory /apex/com.android.os.statsd/etc/compatconfig, skipping
06-10 15:19:51.574 523 523 D CompatConfig: No directory /apex/com.android.neuralnetworks/etc/compatconfig, skipping
06-10 15:19:51.575 523 523 D CompatConfig: Found a config file: /apex/com.android.mediaprovider/etc/compatconfig/media-provider-platform-compat-config.xml
06-10 15:19:51.577 523 523 D CompatConfig: Adding: com.android.server.compat.config.Change@9bbdeb2
06-10 15:19:51.577 523 549 I SystemConfig: Reading permissions from /vendor/etc/permissions/android.hardware.keystore.app_attest_key.xml
06-10 15:19:51.578 523 523 D CompatConfig: Adding: com.android.server.compat.config.Change@2843e03
06-10 15:19:51.579 523 523 D CompatConfig: Adding: com.android.server.compat.config.Change@6858180
06-10 15:19:51.579 523 523 D CompatConfig: Adding: com.android.server.compat.config.Change@d4d53b9
