06-10 15:19:55.387 372 748 W libc : invalid pthread_t (0) passed to pthread_join
06-10 15:19:55.389 367 481 I OMXClient: IOmx service obtained
06-10 15:19:55.389 372 419 I OMXStore: makeComponentInstance(OMX.allwinner.video.decoder.vp9.secure) in android.hardwar process
06-10 15:19:55.391 372 419 E omx_vdec: : This platform does not support secure video playback
06-10 15:19:55.391 372 419 E omx_sem : : handle is null
06-10 15:19:55.391 372 419 E omx_sem : : handle is null
06-10 15:19:55.391 372 419 E omx_sem : : handle is null
06-10 15:19:55.391 372 419 E omx_sem : : handle is null
06-10 15:19:55.391 372 419 E omx_sem : : handle is null
06-10 15:19:55.391 372 419 W omx_vdec_aw: : pdec is null
06-10 15:19:55.391 372 419 E android.hardware.media.omx@1.0-service: Failed to allocate omx component 'OMX.allwinner.video.decoder.vp9.secure' err=InvalidComponentName(0x80001002)
06-10 15:19:55.391 367 481 W OmxInfoBuilder: Fail to add media type video/x-vnd.on2.vp9 to codec OMX.allwinner.video.decoder.vp9.secure
06-10 15:19:55.392 367 481 I OMXClient: IOmx service obtained
06-10 15:19:55.393 372 419 I OMXStore: makeComponentInstance(OMX.allwinner.video.encoder.avc) in android.hardwar process
06-10 15:19:55.394 523 626 D ConnectivityService: NetReassign [no changes]
06-10 15:19:55.396 523 523 I SystemServerTiming: MakeVpnManagerServiceReady
06-10 15:19:55.400 372 419 W cedarc : : cannot open /dev/sunxi_soc_info, it maybe ok!
06-10 15:19:55.400 372 419 I cedarc : : *** ic_version = 0x3301000012011,
06-10 15:19:55.403 419 419 D : enable_cedar_hw_clk,516
06-10 15:19:55.404 372 419 E OMXNodeInstance: getParameter(0xf01ca000:allwinner.encoder.avc, ParamVideoProfileLevelQuerySupported(0x600000f)) ERROR: BadParameter(0x80001005)
06-10 15:19:55.405 367 481 W OMXUtils: do not know color format 0x7f000789 = 2130708361
06-10 15:19:55.406 367 481 W OMXUtils: do not know color format 0x7f000001 = 2130706433
06-10 15:19:55.406 372 419 E omx_venc: <__AwOmxVencGetParameter:882>: get_parameter erro: pParamData->nIndex > m_sInPortFormatType.nIndex, param index 3. impl in->index 2.
06-10 15:19:55.406 372 419 E OMXNodeInstance: getConfig(0xf01ca000:allwinner.encoder.avc, ConfigAndroidIntraRefresh(0x6f60000a)) ERROR: UnsupportedIndex(0x8000101a)
06-10 15:19:55.406 372 419 E omx_venc: : get_parameter: unknown param 0xf02d3d00
06-10 15:19:55.406 372 419 E omx_venc: 
06-10 15:19:55.406 372 419 E OMXNodeInstance: getParameter(0xf01ca000:allwinner.encoder.avc, ParamVideoIntraRefresh(0x6000006)) ERROR: UnsupportedIndex(0x8000101a)
06-10 15:19:55.406 367 481 D MediaCodecInfo: detail feature-frame-parsing wasn't present to remove
06-10 15:19:55.413 372 419 I cedarc : : not malloc locks
06-10 15:19:55.416 419 419 D : disable_cedar_hw_clk,546
06-10 15:19:55.416 523 523 I SystemServerTiming: MakeVcnManagementServiceReady
06-10 15:19:55.417 523 626 D ConnectivityService: Got NetworkProvider Messenger for VcnNetworkProvider
06-10 15:19:55.419 367 481 I Codec2Client: Available Codec2 services: "software"
06-10 15:19:55.423 378 378 V C2Store : in init
06-10 15:19:55.423 378 378 V C2Store : loading dll
06-10 15:19:55.423 523 626 D ConnectivityService: NetReassign [no changes]
06-10 15:19:55.425 434 434 W hdr10p_Configure: 96 callbacks suppressed
06-10 15:19:55.425 434 434 I : DVI mode selected: packets not configured
06-10 15:19:55.425 434 434 W set_vsif_config: 96 callbacks suppressed
06-10 15:19:55.425 434 434 I : Error: set vsif failed
06-10 15:19:55.427 523 523 I SystemServerTiming: MakeNetworkPolicyServiceReady
06-10 15:19:55.429 523 626 D ConnectivityService: NetReassign [no changes]
06-10 15:19:55.431 523 523 I SystemServerTiming: PhaseThirdPartyAppsCanStart
06-10 15:19:55.431 523 523 I SystemServiceManager: Starting phase 600
06-10 15:19:55.431 523 523 I SystemServerTiming: OnBootPhase_600
06-10 15:19:55.433 523 523 I ExplicitHealthCheckController: Explicit health checks enabled.
06-10 15:19:55.433 523 523 I PackageWatchdog: Syncing state, reason: health check state enabled
06-10 15:19:55.433 523 523 I PackageWatchdog: Not pruning observers, elapsed time: 0ms
06-10 15:19:55.433 523 523 I PackageWatchdog: Cancelling state sync, nothing to sync
06-10 15:19:55.433 523 550 I PackageWatchdog: Saving observer state to file
06-10 15:19:55.434 523 537 W PackageManager: Loading a package that does not exist for the calling user. package=null, user=0
06-10 15:19:55.438 728 728 D nativeloader: classloader namespace configured for unbundled product apk. library_path=/product/app/webview/lib/arm:/product/app/webview/webview.apk!/lib/armeabi-v7a:/product/lib:/system/product/lib
06-10 15:19:55.440 378 378 V C2Store : in ~ComponentModule
06-10 15:19:55.440 378 378 V C2Store : unloading dll
06-10 15:19:55.440 378 378 V C2Store : in init
06-10 15:19:55.440 378 378 V C2Store : loading dll
06-10 15:19:55.442 523 523 W LocationManagerService: no network location provider found
06-10 15:19:55.448 523 523 I ServiceWatcher: [fused] chose new implementation 1000/com.android.location.fused/.FusedLocationService@0
06-10 15:19:55.452 523 542 D CompatibilityChangeReporter: Compat change id reported: 168419799; UID 1000; state: DISABLED
06-10 15:19:55.453 674 674 V AdapterServiceConfig: Adding HeadsetService
06-10 15:19:55.453 674 674 V AdapterServiceConfig: Adding A2dpService
06-10 15:19:55.453 674 674 V AdapterServiceConfig: Adding HidHostService
06-10 15:19:55.453 674 674 V AdapterServiceConfig: Adding PanService
06-10 15:19:55.453 674 674 V AdapterServiceConfig: Adding GattService
06-10 15:19:55.453 674 674 V AdapterServiceConfig: Adding BluetoothMapService
06-10 15:19:55.454 674 674 V AdapterServiceConfig: Adding AvrcpTargetService
06-10 15:19:55.454 674 674 V AdapterServiceConfig: Adding HidDeviceService
06-10 15:19:55.456 378 378 V C2Store : in ~ComponentModule
06-10 15:19:55.456 378 378 V C2Store : unloading dll
06-10 15:19:55.456 674 674 V AdapterServiceConfig: Adding BluetoothOppService
06-10 15:19:55.456 378 378 V C2Store : in init
06-10 15:19:55.456 378 378 V C2Store : loading dll
06-10 15:19:55.456 674 674 V AdapterServiceConfig: Adding BluetoothPbapService
06-10 15:19:55.458 434 434 I : DVI mode selected: packets not configured
06-10 15:19:55.458 434 434 I : Error: set vsif failed
06-10 15:19:55.469 378 378 V C2Store : in ~ComponentModule
06-10 15:19:55.469 378 378 V C2Store : unloading dll
06-10 15:19:55.469 378 378 V C2Store : in init
06-10 15:19:55.469 378 378 V C2Store : loading dll
06-10 15:19:55.483 378 378 V C2Store : in ~ComponentModule
06-10 15:19:55.483 378 378 V C2Store : unloading dll
06-10 15:19:55.484 378 378 V C2Store : in init
06-10 15:19:55.484 378 378 V C2Store : loading dll
06-10 15:19:55.497 199 199 E servicemanager: Could not find android.hardware.gnss.IGnss/default in the VINTF manifest.
06-10 15:19:55.498 523 523 D GnssLocationProviderJni: Trying IGnss_V2_1::getService()
06-10 15:19:55.499 200 200 I hwservicemanager: getTransport: Cannot find entry android.hardware.gnss@2.1::IGnss/default in either framework or device VINTF manifest.
06-10 15:19:55.499 523 523 D GnssLocationProviderJni: gnssHal 2.1 was null, trying 2.0
06-10 15:19:55.499 200 200 I hwservicemanager: getTransport: Cannot find entry android.hardware.gnss@2.0::IGnss/default in either framework or device VINTF manifest.
06-10 15:19:55.499 523 523 D GnssLocationProviderJni: gnssHal 2.0 was null, trying 1.1
06-10 15:19:55.500 200 200 I hwservicemanager: getTransport: Cannot find entry android.hardware.gnss@1.1::IGnss/default in either framework or device VINTF manifest.
06-10 15:19:55.500 523 523 D GnssLocationProviderJni: gnssHal 1.1 was null, trying 1.0
06-10 15:19:55.500 200 200 I hwservicemanager: getTransport: Cannot find entry android.hardware.gnss@1.0::IGnss/default in either framework or device VINTF manifest.
06-10 15:19:55.502 378 378 V C2Store : in ~ComponentModule
06-10 15:19:55.502 378 378 V C2Store : unloading dll
06-10 15:19:55.502 378 378 V C2Store : in init
06-10 15:19:55.502 378 378 V C2Store : loading dll
06-10 15:19:55.508 434 434 I : DVI mode selected: packets not configured
06-10 15:19:55.508 434 434 I : Error: set vsif failed
06-10 15:19:55.507 523 523 E LocationManagerService: no geocoder provider found
06-10 15:19:55.507 523 523 E ActivityRecognitionHardware: activity_recognition HAL is deprecated. is_supported is effectively a no-op
06-10 15:19:55.508 523 523 E LocationManagerService: unable to bind ActivityRecognitionProxy
06-10 15:19:55.508 523 523 W SystemServiceManager: Service com.android.server.location.LocationManagerService$Lifecycle took 67 ms in onBootPhase
06-10 15:19:55.513 523 523 I WallpaperManagerService: switch-user-0
06-10 15:19:55.513 523 523 V WallpaperManagerService: bindWallpaperComponentLocked: componentName=ComponentInfo{com.android.systemui/com.android.systemui.ImageWallpaper}
06-10 15:19:55.515 378 378 V C2Store : in ~ComponentModule
06-10 15:19:55.515 378 378 V C2Store : unloading dll
06-10 15:19:55.515 378 378 V C2Store : in init
06-10 15:19:55.515 378 378 V C2Store : loading dll
06-10 15:19:55.521 523 523 D SoundTriggerService: onBootPhase: 600 : false
06-10 15:19:55.523 523 533 I system_server: Background young concurrent copying GC freed 80197(4230KB) AllocSpace objects, 19(620KB) LOS objects, 39% free, 7383KB/11MB, paused 308us total 172.312ms
06-10 15:19:55.525 523 534 W JHwRemoteBinder: BinderProxy is being destroyed but the application did not call unlinkToDeath to unlink all of its death recipients beforehand. Releasing leaked death recipient: com.android.server.usb.UsbDeviceManager$UsbHandlerHal$UsbGadgetDeathRecipient
06-10 15:19:55.525 223 223 I keystore2: keystore2::authorization: on_lock_screen_event(LockScreenEvent(0), user_id=0, password.is_some()=false, unlocking_sids=Some([]))
06-10 15:19:55.534 378 378 V C2Store : in ~ComponentModule
06-10 15:19:55.534 378 378 V C2Store : unloading dll
06-10 15:19:55.534 378 378 V C2Store : in init
06-10 15:19:55.535 378 378 V C2Store : loading dll
06-10 15:19:55.541 434 434 I : DVI mode selected: packets not configured
06-10 15:19:55.541 434 434 I : Error: set vsif failed
06-10 15:19:55.542 523 523 W AlarmManager: Unrecognized alarm listener com.android.server.stats.StatsCompanionService$AnomalyAlarmListener@5562f7e
06-10 15:19:55.542 523 523 W AlarmManager: Unrecognized alarm listener com.android.server.stats.StatsCompanionService$PullingAlarmListener@19eccdf
06-10 15:19:55.542 523 523 W AlarmManager: Unrecognized alarm listener com.android.server.stats.StatsCompanionService$PeriodicAlarmListener@6835d2c
06-10 15:19:55.551 378 378 V C2Store : in ~ComponentModule
06-10 15:19:55.551 378 378 V C2Store : unloading dll
06-10 15:19:55.551 378 378 V C2Store : in init
06-10 15:19:55.551 378 378 V C2Store : loading dll
06-10 15:19:55.553 523 523 I StatsCompanionService: Told statsd that StatsCompanionService is alive.
06-10 15:19:55.554 523 550 D StatsPullAtomService: Registering NetworkStats pullers with statsd
06-10 15:19:55.556 523 523 I SystemServerTiming: StartNetworkStack
06-10 15:19:55.556 523 523 D ConnectivityModuleConnector: Starting networking module android.net.INetworkStackConnector
06-10 15:19:55.557 523 523 D ConnectivityModuleConnector: Starting networking module in network_stack process
06-10 15:19:55.563 378 378 I mediaswcodec: missing struct descriptor #Param::CoreIndex(--004) for field values of struct #Param::CoreIndex(F-12004)
06-10 15:19:55.564 378 378 I mediaswcodec: missing struct descriptor #Param::CoreIndex(--1812) for field values of struct #Param::CoreIndex(F-11812)
06-10 15:19:55.565 523 550 W BestClock: java.time.DateTimeException: Missing NTP fix
06-10 15:19:55.566 523 523 D CompatibilityChangeReporter: Compat change id reported: 135634846; UID 1073; state: DISABLED
06-10 15:19:55.566 378 378 V C2Store : in ~ComponentModule
06-10 15:19:55.566 378 378 V C2Store : unloading dll
06-10 15:19:55.567 523 523 D ConnectivityModuleConnector: Networking module service start requested
06-10 15:19:55.567 523 523 I SystemServerTiming: StartTethering
06-10 15:19:55.567 378 378 V C2Store : in init
06-10 15:19:55.567 378 378 V C2Store : loading dll
06-10 15:19:55.568 523 523 D ConnectivityModuleConnector: Starting networking module android.net.ITetheringConnector
06-10 15:19:55.568 523 523 D ConnectivityModuleConnector: Starting networking module in network_stack process
06-10 15:19:55.572 523 523 D ConnectivityModuleConnector: Networking module service start requested
06-10 15:19:55.572 523 523 I SystemServerTiming: MakeCountryDetectionServiceReady
06-10 15:19:55.573 523 523 I SystemServerTiming: MakeNetworkTimeUpdateReady
06-10 15:19:55.577 378 378 V C2Store : in ~ComponentModule
06-10 15:19:55.577 378 378 V C2Store : unloading dll
06-10 15:19:55.577 378 378 V C2Store : in init
06-10 15:19:55.577 378 378 V C2Store : loading dll
06-10 15:19:55.583 378 378 V C2Store : in ~ComponentModule
06-10 15:19:55.583 378 378 V C2Store : unloading dll
06-10 15:19:55.583 378 378 V C2Store : in init
06-10 15:19:55.584 378 378 V C2Store : loading dll
06-10 15:19:55.584 261 261 D Zygote : Forked child process 762
06-10 15:19:55.584 683 683 I ndroid.systemui: type=1400 audit(0.0:332): avc: denied { search } for name="com.android.systemui" dev="mmcblk0p25" ino=484 scontext=u:r:platform_app:s0:c512,c768 tcontext=u:object_r:app_data_file:s0:c512,c768 tclass=dir permissive=1 app=com.softwinner.screenshot
06-10 15:19:55.587 523 552 I ActivityManager: app.processName = com.android.networkstack.process
06-10 15:19:55.587 523 552 I ActivityManager: Start proc 762:com.android.networkstack.process/1073 for service {com.android.networkstack/com.android.server.NetworkStackService}
06-10 15:19:55.591 434 434 I : DVI mode selected: packets not configured
06-10 15:19:55.591 434 434 I : Error: set vsif failed
06-10 15:19:55.590 523 523 D ConnectivityService: requestNetwork for uid/pid:1000/523 activeRequest: null callbackRequest: 16 [NetworkRequest [ REQUEST id=17, [ Capabilities: INTERNET&NOT_RESTRICTED&TRUSTED&NOT_VCN_MANAGED Uid: 1000 RequestorUid: 1000 RequestorPkg: android] ]] callback flags: 0 priority: 2147483647
06-10 15:19:55.590 378 378 V C2Store : in ~ComponentModule
06-10 15:19:55.591 378 378 V C2Store : unloading dll
06-10 15:19:55.591 378 378 V C2Store : in init
06-10 15:19:55.591 378 378 V C2Store : loading dll
06-10 15:19:55.592 523 626 D ConnectivityService: NetReassign [no changes]
06-10 15:19:55.593 523 523 I SystemServerTiming: MakeInputManagerServiceReady
06-10 15:19:55.593 523 661 D PPPOE : got request NetworkRequest [ REQUEST id=17, [ Capabilities: INTERNET&NOT_RESTRICTED&TRUSTED&NOT_VCN_MANAGED Uid: 1000 RequestorUid: 1000 RequestorPkg: android] ]
06-10 15:19:55.594 683 683 V GraphicsEnvironment: ANGLE Developer option for 'com.android.systemui' set to: 'default'
06-10 15:19:55.595 683 683 V GraphicsEnvironment: Neither updatable production driver nor prerelease driver is supported.
06-10 15:19:55.596 762 762 I Zygote : seccomp disabled by setenforce 0
06-10 15:19:55.597 523 550 W BestClock: java.time.DateTimeException: Missing NTP fix
06-10 15:19:55.592 341 341 I rainbow_flow: type=1400 audit(0.0:333): avc: denied { ioctl } for path="/dev/spidev1.0" dev="tmpfs" ino=1377 ioctlcmd=0x6b00 scontext=u:r:init:s0 tcontext=u:object_r:device:s0 tclass=chr_file permissive=1
06-10 15:19:55.604 523 550 W BestClock: java.time.DateTimeException: Missing NTP fix
06-10 15:19:55.607 523 523 I SystemServerTiming: MakeTelephonyRegistryReady
06-10 15:19:55.607 523 607 I InputReader: Reconfiguring input devices, changes=DEVICE_ALIAS |
06-10 15:19:55.607 523 523 I SystemServerTiming: MakeMediaRouterServiceReady
06-10 15:19:55.607 683 683 D NetworkSecurityConfig: No Network Security Config specified, using platform default
06-10 15:19:55.607 523 523 I SystemServerTiming: MakeMmsServiceReady
06-10 15:19:55.607 523 523 I MmsServiceBroker: Delay connecting to MmsService until an API is called
06-10 15:19:55.607 523 523 I SystemServerTiming: IncidentDaemonReady
06-10 15:19:55.609 683 683 D NetworkSecurityConfig: No Network Security Config specified, using platform default
06-10 15:19:55.610 523 523 I SystemServerTiming: MakeIncrementalServiceReady
06-10 15:19:55.611 523 523 I SystemServerTiming: getCurrentUser
06-10 15:19:55.611 523 523 I ActivityManager: Current user:0
06-10 15:19:55.611 523 523 I SystemServerTiming: ActivityManagerStartApps
06-10 15:19:55.611 523 523 I SystemServerTiming: ssm.StartUser-0
06-10 15:19:55.611 523 523 I SystemServiceManager: Calling onStartUser 0
06-10 15:19:55.616 523 616 W BestClock: java.time.DateTimeException: Missing NTP fix
06-10 15:19:55.616 523 607 I InputReader: Reconfiguring input devices, changes=KEYBOARD_LAYOUTS |
06-10 15:19:55.617 523 616 W BestClock: java.time.DateTimeException: Missing NTP fix
06-10 15:19:55.621 387 408 I adbd : jdwp connection from 762
06-10 15:19:55.624 378 378 V C2Store : in ~ComponentModule
06-10 15:19:55.624 378 378 V C2Store : unloading dll
06-10 15:19:55.624 378 378 V C2Store : in init
06-10 15:19:55.624 378 378 V C2Store : loading dll
06-10 15:19:55.625 434 434 I : DVI mode selected: packets not configured
06-10 15:19:55.625 434 434 I : Error: set vsif failed
06-10 15:19:55.632 378 378 V C2Store : in ~ComponentModule
06-10 15:19:55.632 378 378 V C2Store : unloading dll
06-10 15:19:55.632 378 378 V C2Store : in init
06-10 15:19:55.632 378 378 V C2Store : loading dll
06-10 15:19:55.638 523 550 W BestClock: java.time.DateTimeException: Missing NTP fix
06-10 15:19:55.638 523 523 V StorageManagerService: Package com.dangbei.lerad.leradwatcher has legacy storage
06-10 15:19:55.639 523 523 V StorageManagerService: Package com.android.cts.priv.ctsshim does not have legacy storage
06-10 15:19:55.639 523 523 V StorageManagerService: Package com.android.dynsystem does not have legacy storage
06-10 15:19:55.639 523 523 V StorageManagerService: Package com.dangbei.lerad.rocky does not have legacy storage
06-10 15:19:55.639 523 523 V StorageManagerService: Package com.android.providers.calendar does not have legacy storage
06-10 15:19:55.639 523 523 V StorageManagerService: Package com.android.tv.settings does not have legacy storage
06-10 15:19:55.640 523 588 D CompatibilityChangeReporter: Compat change id reported: 168419799; UID 1073; state: DISABLED
06-10 15:19:55.643 523 550 W BestClock: java.time.DateTimeException: Missing NTP fix
06-10 15:19:55.643 683 683 V SystemUIService: SystemUIApplication constructed.
06-10 15:19:55.646 261 261 W Zygote : forkRepeatedly terminated due to non-simple command
06-10 15:19:55.647 261 261 D Zygote : mbuffer starts with 14, nice name is webview_zygote, mEnd = 401, mNext = 159, mLinesLeft = 6, mFd = 4
06-10 15:19:55.649 523 523 V StorageManagerService: Package com.android.providers.media does not have legacy storage
06-10 15:19:55.649 523 523 V StorageManagerService: Package com.oranth.factory does not have legacy storage
06-10 15:19:55.649 523 523 V StorageManagerService: Package com.android.internal.systemui.navbar.gestural_wide_back does not have legacy storage
06-10 15:19:55.649 523 523 V StorageManagerService: Package com.dangbei.zhushou.os does not have legacy storage
06-10 15:19:55.650 523 523 V StorageManagerService: Package com.android.wallpapercropper does not have legacy storage
06-10 15:19:55.650 523 523 V StorageManagerService: Package com.softwinner.provision does not have legacy storage
06-10 15:19:55.650 523 523 V StorageManagerService: Package com.softwinner.awlogsettings does not have legacy storage
06-10 15:19:55.650 523 523 V StorageManagerService: Package com.android.documentsui does not have legacy storage
06-10 15:19:55.650 523 523 V StorageManagerService: Package com.sohu.inputmethod.sogou.tv has legacy storage
06-10 15:19:55.650 523 523 V StorageManagerService: Package com.android.externalstorage does not have legacy storage
06-10 15:19:55.650 523 523 V StorageManagerService: Package com.android.htmlviewer does not have legacy storage
06-10 15:19:55.650 523 523 V StorageManagerService: Package com.android.companiondevicemanager does not have legacy storage
06-10 15:19:55.650 523 523 V StorageManagerService: Package com.android.mms.service does not have legacy storage
06-10 15:19:55.650 523 523 V StorageManagerService: Package com.android.providers.downloads does not have legacy storage
06-10 15:19:55.650 523 523 V StorageManagerService: Package com.android.providers.tv does not have legacy storage
06-10 15:19:55.650 523 523 V StorageManagerService: Package com.android.internal.systemui.onehanded.gestural does not have legacy storage
06-10 15:19:55.650 523 523 V StorageManagerService: Package com.oranth.ledstatus does not have legacy storage
06-10 15:19:55.650 523 523 V StorageManagerService: Package com.dangbei.lerad.videoposter has legacy storage
06-10 15:19:55.651 523 523 V StorageManagerService: Package com.android.providers.downloads.ui does not have legacy storage
06-10 15:19:55.651 523 523 V StorageManagerService: Package com.android.pacprocessor does not have legacy storage
06-10 15:19:55.651 523 523 V StorageManagerService: Package com.android.simappdialog does not have legacy storage
06-10 15:19:55.651 523 523 V StorageManagerService: Package com.android.networkstack does not have legacy storage
06-10 15:19:55.651 378 378 V C2Store : in ~ComponentModule
06-10 15:19:55.651 378 378 V C2Store : unloading dll
06-10 15:19:55.651 523 523 V StorageManagerService: Package com.android.connectivity.resources does not have legacy storage
06-10 15:19:55.651 523 523 V StorageManagerService: Package com.android.modulemetadata does not have legacy storage
06-10 15:19:55.651 523 523 V StorageManagerService: Package com.android.certinstaller does not have legacy storage
06-10 15:19:55.651 523 523 V StorageManagerService: Package com.android.carrierconfig does not have legacy storage
06-10 15:19:55.651 523 523 V StorageManagerService: Package com.google.android.apps.searchlite.overlay does not have legacy storage
06-10 15:19:55.651 523 523 V StorageManagerService: Package com.android.internal.systemui.navbar.threebutton does not have legacy storage
06-10 15:19:55.651 523 523 V StorageManagerService: Package android does not have legacy storage
06-10 15:19:55.651 523 523 V StorageManagerService: Package com.google.android.networkstackconfig does not have legacy storage
06-10 15:19:55.651 523 523 V StorageManagerService: Package com.softwinner.settingssetup does not have legacy storage
06-10 15:19:55.651 523 523 V StorageManagerService: Package com.android.egg does not have legacy storage
06-10 15:19:55.652 523 523 V StorageManagerService: Package com.android.mtp does not have legacy storage
06-10 15:19:55.652 523 523 V StorageManagerService: Package com.android.backupconfirm does not have legacy storage
06-10 15:19:55.652 523 523 V StorageManagerService: Package com.softwinner.timerswitch does not have legacy storage
06-10 15:19:55.652 523 523 V StorageManagerService: Package com.android.statementservice does not have legacy storage
06-10 15:19:55.652 523 523 V StorageManagerService: Package com.dangbei.screencast has legacy storage
06-10 15:19:55.652 523 523 V StorageManagerService: Package com.android.settings.intelligence does not have legacy storage
06-10 15:19:55.652 523 523 V StorageManagerService: Package com.android.internal.systemui.navbar.gestural_extra_wide_back does not have legacy storage
06-10 15:19:55.652 378 378 V C2Store : in init
06-10 15:19:55.652 378 378 V C2Store : loading dll
06-10 15:19:55.652 523 523 V StorageManagerService: Package com.dangbei.leard.leradlauncher does not have legacy storage
06-10 15:19:55.652 523 523 V StorageManagerService: Package com.android.providers.settings does not have legacy storage
06-10 15:19:55.652 523 523 V StorageManagerService: Package com.android.sharedstoragebackup does not have legacy storage
06-10 15:19:55.652 523 523 V StorageManagerService: Package com.android.printspooler does not have legacy storage
06-10 15:19:55.652 523 523 V StorageManagerService: Package com.android.dreams.basic does not have legacy storage
06-10 15:19:55.652 523 523 V StorageManagerService: Package com.android.webview does not have legacy storage
06-10 15:19:55.652 523 523 V StorageManagerService: Package com.android.se does not have legacy storage
06-10 15:19:55.652 523 523 V StorageManagerService: Package com.android.tv does not have legacy storage
06-10 15:19:55.653 523 523 V StorageManagerService: Package com.android.inputdevices does not have legacy storage
06-10 15:19:55.653 523 523 V StorageManagerService: Package com.android.bips does not have legacy storage
06-10 15:19:55.654 523 523 V StorageManagerService: Package com.oranth.inputmacsn does not have legacy storage
06-10 15:19:55.654 523 523 V StorageManagerService: Package com.android.musicfx does not have legacy storage
06-10 15:19:55.654 523 523 V StorageManagerService: Package com.dangbei.hqguide does not have legacy storage
06-10 15:19:55.654 523 523 V StorageManagerService: Package android.ext.shared does not have legacy storage
06-10 15:19:55.655 523 523 V StorageManagerService: Package com.android.onetimeinitializer does not have legacy storage
06-10 15:19:55.655 523 523 V StorageManagerService: Package com.android.keychain does not have legacy storage
06-10 15:19:55.656 523 523 V StorageManagerService: Package com.android.printservice.recommendation does not have legacy storage
06-10 15:19:55.656 523 523 V StorageManagerService: Package com.google.android.networkstack.tetheringconfig does not have legacy storage
06-10 15:19:55.656 523 523 V StorageManagerService: Package android.ext.services does not have legacy storage
06-10 15:19:55.656 523 523 V StorageManagerService: Package com.android.wifi.resources does not have legacy storage
06-10 15:19:55.656 523 523 V StorageManagerService: Package com.android.localtransport does not have legacy storage
06-10 15:19:55.656 523 523 V StorageManagerService: Package com.android.packageinstaller does not have legacy storage
06-10 15:19:55.656 523 523 V StorageManagerService: Package com.android.theme.font.notoserifsource does not have legacy storage
06-10 15:19:55.656 523 523 V StorageManagerService: Package com.android.proxyhandler does not have legacy storage
06-10 15:19:55.656 523 523 V StorageManagerService: Package com.softwinner.screenshot does not have legacy storage
06-10 15:19:55.656 523 523 V StorageManagerService: Package com.android.managedprovisioning does not have legacy storage
06-10 15:19:55.656 523 523 V StorageManagerService: Package com.oranth.usbopenft does not have legacy storage
06-10 15:19:55.656 523 523 V StorageManagerService: Package com.android.networkstack.tethering does not have legacy storage
06-10 15:19:55.660 434 434 I : DVI mode selected: packets not configured
06-10 15:19:55.660 434 434 I : Error: set vsif failed
06-10 15:19:55.658 728 728 I WebViewLoader-: System.exit called, status: 0
06-10 15:19:55.658 728 728 I AndroidRuntime: VM exiting with result code 0, cleanup skipped.
06-10 15:19:55.658 523 523 V StorageManagerService: Package com.android.soundpicker does not have legacy storage
06-10 15:19:55.659 523 523 V StorageManagerService: Package com.dangbei.lerad.etna.haqu does not have legacy storage
06-10 15:19:55.662 523 588 D CompatibilityChangeReporter: Compat change id reported: 168419799; UID 1073; state: DISABLED
06-10 15:19:55.662 523 523 V StorageManagerService: Package com.allwinnertech.packageoverride does not have legacy storage
06-10 15:19:55.662 523 523 V StorageManagerService: Package com.android.smspush does not have legacy storage
06-10 15:19:55.663 523 523 V StorageManagerService: Package com.android.wallpaper.livepicker does not have legacy storage
06-10 15:19:55.663 523 523 V StorageManagerService: Package com.tv.filemanager.os has legacy storage
06-10 15:19:55.663 523 523 V StorageManagerService: Package com.oranth.powerwindow does not have legacy storage
06-10 15:19:55.663 523 523 V StorageManagerService: Package com.android.storagemanager does not have legacy storage
06-10 15:19:55.663 523 523 V StorageManagerService: Package com.android.bookmarkprovider does not have legacy storage
06-10 15:19:55.663 523 523 V StorageManagerService: Package com.android.networkstack.permissionconfig does not have legacy storage
06-10 15:19:55.663 523 523 V StorageManagerService: Package com.android.cts.ctsshim does not have legacy storage
06-10 15:19:55.663 523 523 V StorageManagerService: Package com.dangbei.lerad.screensaver does not have legacy storage
06-10 15:19:55.663 523 523 V StorageManagerService: Package com.android.remoteprovisioner does not have legacy storage
06-10 15:19:55.663 523 523 V StorageManagerService: Package com.softwinner.theme.icon does not have legacy storage
06-10 15:19:55.663 523 523 V StorageManagerService: Package com.android.wallpaper does not have legacy storage
06-10 15:19:55.663 523 523 V StorageManagerService: Package com.android.vpndialogs does not have legacy storage
06-10 15:19:55.663 523 523 V StorageManagerService: Package com.android.music does not have legacy storage
06-10 15:19:55.663 523 523 V StorageManagerService: Package com.android.shell does not have legacy storage
06-10 15:19:55.664 523 523 V StorageManagerService: Package com.android.wallpaperbackup does not have legacy storage
06-10 15:19:55.664 523 523 V StorageManagerService: Package com.android.providers.blockednumber does not have legacy storage
06-10 15:19:55.664 523 523 V StorageManagerService: Package com.android.providers.userdictionary does not have legacy storage
06-10 15:19:55.664 523 523 V StorageManagerService: Package com.android.providers.media.module does not have legacy storage
06-10 15:19:55.664 523 523 V StorageManagerService: Package com.softwinner.theme.color does not have legacy storage
06-10 15:19:55.664 523 523 V StorageManagerService: Package com.oranth.storage does not have legacy storage
06-10 15:19:55.664 523 523 V StorageManagerService: Package com.android.hotspot2.osulogin does not have legacy storage
06-10 15:19:55.664 523 523 V StorageManagerService: Package com.android.internal.systemui.navbar.gestural does not have legacy storage
06-10 15:19:55.664 523 523 V StorageManagerService: Package com.android.location.fused does not have legacy storage
06-10 15:19:55.664 523 523 V StorageManagerService: Package com.android.systemui does not have legacy storage
06-10 15:19:55.664 523 523 V StorageManagerService: Package com.dangbei.haqusetting does not have legacy storage
06-10 15:19:55.664 523 523 V StorageManagerService: Package com.android.bluetoothmidiservice does not have legacy storage
06-10 15:19:55.664 523 523 V StorageManagerService: Package com.softwinner.awmanager does not have legacy storage
06-10 15:19:55.664 523 523 V StorageManagerService: Package com.android.permissioncontroller does not have legacy storage
06-10 15:19:55.664 523 523 V StorageManagerService: Package com.softwinner.miracastReceiver does not have legacy storage
06-10 15:19:55.665 523 523 V StorageManagerService: Package com.android.traceur does not have legacy storage
06-10 15:19:55.665 523 523 V StorageManagerService: Package com.android.bluetooth does not have legacy storage
06-10 15:19:55.665 523 523 V StorageManagerService: Package com.android.providers.contacts does not have legacy storage
06-10 15:19:55.665 523 523 V StorageManagerService: Package com.android.captiveportallogin does not have legacy storage
06-10 15:19:55.665 523 523 V StorageManagerService: Package com.android.internal.systemui.navbar.gestural_narrow_back does not have legacy storage
06-10 15:19:55.665 523 523 V StorageManagerService: Package android.auto_generated_rro_vendor__ does not have legacy storage
06-10 15:19:55.667 378 378 V C2Store : in ~ComponentModule
06-10 15:19:55.667 378 378 V C2Store : unloading dll
06-10 15:19:55.667 378 378 V C2Store : in init
06-10 15:19:55.667 378 378 V C2Store : loading dll
06-10 15:19:55.668 523 616 W BestClock: java.time.DateTimeException: Missing NTP fix
06-10 15:19:55.668 762 762 D CompatibilityChangeReporter: Compat change id reported: 171979766; UID 1073; state: ENABLED
06-10 15:19:55.670 523 616 W BestClock: java.time.DateTimeException: Missing NTP fix
06-10 15:19:55.672 523 523 W VoiceInteractionManager: no available voice recognition services found for user 0
06-10 15:19:55.672 523 523 W AppBindingService: [Default SMS app] u0 Target package not found
06-10 15:19:55.674 523 523 V GameManagerService: Settings file doesn't exists, skip reading
06-10 15:19:55.676 523 550 W BestClock: java.time.DateTimeException: Missing NTP fix
06-10 15:19:55.677 523 523 I SystemServerTiming: startPersistentApps
06-10 15:19:55.679 523 523 D CompatibilityChangeReporter: Compat change id reported: 135634846; UID 1068; state: DISABLED
06-10 15:19:55.680 523 523 I SystemServerTiming: startHomeOnAllDisplays
06-10 15:19:55.680 523 550 W BestClock: java.time.DateTimeException: Missing NTP fix
06-10 15:19:55.676 683 683 I ndroid.systemui: type=1400 audit(0.0:334): avc: denied { search } for name="com.android.systemui" dev="mmcblk0p25" ino=484 scontext=u:r:platform_app:s0:c512,c768 tcontext=u:object_r:app_data_file:s0:c512,c768 tclass=dir permissive=1 app=com.softwinner.screenshot
06-10 15:19:55.676 683 683 I ndroid.systemui: type=1400 audit(0.0:335): avc: denied { getattr } for path="/data/user_de/0/com.android.systemui/cache" dev="mmcblk0p25" ino=485 scontext=u:r:platform_app:s0:c512,c768 tcontext=u:object_r:app_data_file:s0:c512,c768 tclass=dir permissive=1 app=com.softwinner.screenshot
06-10 15:19:55.682 523 523 I ActivityStarter: ---START u0 {act=android.intent.action.MAIN cat=[android.intent.category.HOME] flg=0x10000100 cmp=com.android.tv.settings/.system.FallbackHome (has extras)} from uid 0
06-10 15:19:55.684 523 544 W IorapForwardingService: No service published for: iorapd
06-10 15:19:55.684 523 588 W StorageManagerService: No primary storage defined yet; hacking together a stub
06-10 15:19:55.703 261 261 D Zygote : Forked child process 786
06-10 15:19:55.707 261 787 I Zygote : Process 728 exited cleanly (0)
06-10 15:19:55.709 434 434 I : DVI mode selected: packets not configured
06-10 15:19:55.709 434 434 I : Error: set vsif failed
06-10 15:19:55.711 523 723 W ZygoteProcess: Got error connecting to zygote, retrying. msg= Connection refused
06-10 15:19:55.709 378 378 V C2Store : in ~ComponentModule
06-10 15:19:55.715 378 378 V C2Store : unloading dll
06-10 15:19:55.715 378 378 V C2Store : in init
06-10 15:19:55.715 378 378 V C2Store : loading dll
06-10 15:19:55.716 674 674 E droid.bluetoot: [0610/151955.715225:ERROR:hal_version_manager.h(125)] HalVersionManager No supported HAL version
06-10 15:19:55.716 786 786 I Zygote : seccomp disabled by setenforce 0
06-10 15:19:55.717 523 550 W BestClock: java.time.DateTimeException: Missing NTP fix
06-10 15:19:55.720 523 550 W BestClock: java.time.DateTimeException: Missing NTP fix
06-10 15:19:55.724 674 674 I droid.bluetoot: [0610/151955.724154:INFO:btif_config_cache.cc(61)] BtifConfigCache, capacity: 10000
06-10 15:19:55.726 786 786 I WebViewZygoteInit: Starting WebViewZygoteInit
06-10 15:19:55.728 786 786 I Zygote : seccomp disabled by setenforce 0
06-10 15:19:55.742 434 434 I : DVI mode selected: packets not configured
06-10 15:19:55.742 434 434 I : Error: set vsif failed
06-10 15:19:55.747 378 378 I mediaswcodec: missing struct descriptor #Param::CoreIndex(--004) for field values of struct #Param::CoreIndex(F-12004)
06-10 15:19:55.747 261 261 D Zygote : Forked child process 797
06-10 15:19:55.747 523 552 W ActivityManager: Slow operation: 69ms so far, now at startProcess: returned from zygote!
06-10 15:19:55.749 378 378 D C2SoftHevcEnc: Given level 6000 does not cover current configuration: adjusting to 6001
06-10 15:19:55.749 762 762 V GraphicsEnvironment: ANGLE Developer option for 'com.android.networkstack' set to: 'default'
06-10 15:19:55.749 762 762 V GraphicsEnvironment: Neither updatable production driver nor prerelease driver is supported.
06-10 15:19:55.753 762 762 D NetworkSecurityConfig: No Network Security Config specified, using platform default
06-10 15:19:55.753 523 550 W BestClock: java.time.DateTimeException: Missing NTP fix
06-10 15:19:55.754 762 762 D NetworkSecurityConfig: No Network Security Config specified, using platform default
06-10 15:19:55.757 523 550 W BestClock: java.time.DateTimeException: Missing NTP fix
06-10 15:19:55.757 797 797 I Zygote : seccomp disabled by setenforce 0
06-10 15:19:55.758 378 378 V C2Store : in ~ComponentModule
06-10 15:19:55.758 378 378 V C2Store : unloading dll
06-10 15:19:55.758 378 378 V C2Store : in init
06-10 15:19:55.758 378 378 V C2Store : loading dll
06-10 15:19:55.760 341 341 I rainbow_flow: type=1400 audit(0.0:336): avc: denied { ioctl } for path="/dev/spidev1.0" dev="tmpfs" ino=1377 ioctlcmd=0x6b00 scontext=u:r:init:s0 tcontext=u:object_r:device:s0 tclass=chr_file permissive=1
06-10 15:19:55.767 786 786 I WebViewZygoteInit: Beginning application preload for com.android.webview
06-10 15:19:55.770 378 378 V C2Store : in ~ComponentModule
06-10 15:19:55.770 378 378 V C2Store : unloading dll
06-10 15:19:55.770 378 378 V C2Store : in init
06-10 15:19:55.770 378 378 V C2Store : loading dll
06-10 15:19:55.776 281 281 I EventThread: type=1400 audit(0.0:337): avc: denied { search } for name="extcon" dev="sysfs" ino=18109 scontext=u:r:hal_tv_cec_default:s0 tcontext=u:object_r:sysfs_extcon:s0 tclass=dir permissive=1
06-10 15:19:55.779 786 786 D nativeloader: classloader namespace configured for unbundled product apk. library_path=/product/app/webview/lib/arm:/product/app/webview/webview.apk!/lib/armeabi-v7a:/product/lib:/system/product/lib
06-10 15:19:55.779 387 408 I adbd : jdwp connection from 797
06-10 15:19:55.784 378 378 V C2Store : in ~ComponentModule
06-10 15:19:55.784 378 378 V C2Store : unloading dll
06-10 15:19:55.784 378 378 V C2Store : in init
06-10 15:19:55.784 378 378 V C2Store : loading dll
06-10 15:19:55.792 434 434 I : DVI mode selected: packets not configured
06-10 15:19:55.792 434 434 I : Error: set vsif failed
06-10 15:19:55.790 523 550 W BestClock: java.time.DateTimeException: Missing NTP fix
06-10 15:19:55.792 378 378 V C2Store : in ~ComponentModule
06-10 15:19:55.793 378 378 V C2Store : unloading dll
06-10 15:19:55.793 378 378 V C2Store : in init
06-10 15:19:55.793 378 378 V C2Store : loading dll
06-10 15:19:55.795 523 550 W BestClock: java.time.DateTimeException: Missing NTP fix
06-10 15:19:55.798 674 674 I BluetoothServiceJni: hal_util_load_bt_library: loaded Bluetooth library successfully
06-10 15:19:55.801 674 674 D BluetoothAdapterService: onCreate()
06-10 15:19:55.808 378 378 V C2Store : in ~ComponentModule
06-10 15:19:55.808 378 378 V C2Store : unloading dll
06-10 15:19:55.808 378 378 V C2Store : in init
06-10 15:19:55.808 378 378 V C2Store : loading dll
06-10 15:19:55.821 523 523 D CompatibilityChangeReporter: Compat change id reported: 174042980; UID 1000; state: DISABLED
06-10 15:19:55.830 378 378 V C2Store : in ~ComponentModule
06-10 15:19:55.830 378 378 V C2Store : unloading dll
06-10 15:19:55.830 378 378 V C2Store : in init
06-10 15:19:55.830 378 378 V C2Store : loading dll
06-10 15:19:55.831 523 523 D libcheckfile: checkfile_init
06-10 15:19:55.832 523 550 W BestClock: java.time.DateTimeException: Missing NTP fix
06-10 15:19:55.832 523 523 D ActivityTaskManager: isHomeLauncher info= ActivityInfo{b86a81 com.android.tv.settings.system.FallbackHome}
06-10 15:19:55.835 523 550 W BestClock: java.time.DateTimeException: Missing NTP fix
06-10 15:19:55.838 378 378 V C2Store : in ~ComponentModule
06-10 15:19:55.838 378 378 V C2Store : unloading dll
06-10 15:19:55.838 378 378 V C2Store : in init
06-10 15:19:55.838 378 378 V C2Store : loading dll
06-10 15:19:55.841 523 523 W System.err: java.io.IOException: Cannot run program "su": error=2, No such file or directory
06-10 15:19:55.844 378 378 V C2Store : in ~ComponentModule
06-10 15:19:55.844 378 378 V C2Store : unloading dll
06-10 15:19:55.844 378 378 V C2Store : in init
06-10 15:19:55.844 378 378 V C2Store : loading dll
06-10 15:19:55.845 523 523 W System.err: at java.lang.ProcessBuilder.start(ProcessBuilder.java:1050)
06-10 15:19:55.845 523 523 W System.err: at java.lang.Runtime.exec(Runtime.java:694)
06-10 15:19:55.845 523 523 W System.err: at java.lang.Runtime.exec(Runtime.java:524)
06-10 15:19:55.845 523 523 W System.err: at java.lang.Runtime.exec(Runtime.java:421)
06-10 15:19:55.845 523 523 W System.err: at com.android.server.wm.ActivityRecord.executeCMD(ActivityRecord.java:5940)
06-10 15:19:55.845 523 523 W System.err: at com.android.server.wm.ActivityRecord.isHomeLauncher(ActivityRecord.java:2431)
06-10 15:19:55.845 523 523 W System.err: at com.android.server.wm.RootWindowContainer.startPowerModeLaunchIfNeeded(RootWindowContainer.java:3653)
06-10 15:19:55.845 523 523 W System.err: at com.android.server.wm.ActivityStarter.startActivityInner(ActivityStarter.java:1786)
06-10 15:19:55.845 523 523 W System.err: at com.android.server.wm.ActivityStarter.startActivityUnchecked(ActivityStarter.java:1579)
06-10 15:19:55.845 523 523 W System.err: at com.android.server.wm.ActivityStarter.executeRequest(ActivityStarter.java:1186)
06-10 15:19:55.845 523 523 W System.err: at com.android.server.wm.ActivityStarter.execute(ActivityStarter.java:667)
06-10 15:19:55.845 523 523 W System.err: at com.android.server.wm.ActivityStartController.startHomeActivity(ActivityStartController.java:177)
06-10 15:19:55.845 523 523 W System.err: at com.android.server.wm.RootWindowContainer.startHomeOnTaskDisplayArea(RootWindowContainer.java:1565)
06-10 15:19:55.845 523 523 W System.err: at com.android.server.wm.RootWindowContainer.lambda$startHomeOnDisplay$12$RootWindowContainer(RootWindowContainer.java:1506)
06-10 15:19:55.845 523 523 W System.err: at com.android.server.wm.RootWindowContainer$$ExternalSyntheticLambda10.apply(Unknown Source:16)
06-10 15:19:55.845 523 523 W System.err: at com.android.server.wm.TaskDisplayArea.reduceOnAllTaskDisplayAreas(TaskDisplayArea.java:543)
06-10 15:19:55.845 523 523 W System.err: at com.android.server.wm.DisplayArea.reduceOnAllTaskDisplayAreas(DisplayArea.java:392)
06-10 15:19:55.845 523 523 W System.err: at com.android.server.wm.DisplayArea.reduceOnAllTaskDisplayAreas(DisplayArea.java:392)
06-10 15:19:55.845 523 523 W System.err: at com.android.server.wm.DisplayArea.reduceOnAllTaskDisplayAreas(DisplayArea.java:392)
06-10 15:19:55.845 523 523 W System.err: at com.android.server.wm.DisplayArea.reduceOnAllTaskDisplayAreas(DisplayArea.java:392)
06-10 15:19:55.845 523 523 W System.err: at com.android.server.wm.DisplayArea.reduceOnAllTaskDisplayAreas(DisplayArea.java:392)
06-10 15:19:55.845 523 523 W System.err: at com.android.server.wm.WindowContainer.reduceOnAllTaskDisplayAreas(WindowContainer.java:2018)
06-10 15:19:55.845 523 523 W System.err: at com.android.server.wm.RootWindowContainer.startHomeOnDisplay(RootWindowContainer.java:1505)
06-10 15:19:55.845 523 523 W System.err: at com.android.server.wm.RootWindowContainer.startHomeOnDisplay(RootWindowContainer.java:1492)
06-10 15:19:55.845 523 523 W System.err: at com.android.server.wm.RootWindowContainer.startHomeOnAllDisplays(RootWindowContainer.java:1477)
06-10 15:19:55.845 523 523 W System.err: at com.android.server.wm.ActivityTaskManagerService$LocalService.startHomeOnAllDisplays(ActivityTaskManagerService.java:5728)
06-10 15:19:55.845 523 523 W System.err: at com.android.server.am.ActivityManagerService.systemReady(ActivityManagerService.java:7748)
06-10 15:19:55.845 523 523 W System.err: at com.android.server.SystemServer.startOtherServices(SystemServer.java:2798)
06-10 15:19:55.845 523 523 W System.err: at com.android.server.SystemServer.run(SystemServer.java:928)
06-10 15:19:55.845 523 523 W System.err: at com.android.server.SystemServer.main(SystemServer.java:628)
06-10 15:19:55.845 523 523 W System.err: at java.lang.reflect.Method.invoke(Native Method)
06-10 15:19:55.845 523 523 W System.err: at com.android.internal.os.RuntimeInit$MethodAndArgsCaller.run(RuntimeInit.java:548)
06-10 15:19:55.846 523 523 W System.err: at com.android.internal.os.ZygoteInit.main(ZygoteInit.java:1160)
06-10 15:19:55.846 523 523 W System.err: Caused by: java.io.IOException: error=2, No such file or directory
06-10 15:19:55.846 523 523 W System.err: at java.lang.UNIXProcess.forkAndExec(Native Method)
06-10 15:19:55.846 523 523 W System.err: at java.lang.UNIXProcess.(UNIXProcess.java:133)
06-10 15:19:55.846 523 523 W System.err: at java.lang.ProcessImpl.start(ProcessImpl.java:141)
06-10 15:19:55.846 523 523 W System.err: at java.lang.ProcessBuilder.start(ProcessBuilder.java:1029)
06-10 15:19:55.846 523 523 W System.err: ... 32 more
06-10 15:19:55.847 280 280 I AW_PowerHAL: Power setMode: SUSTAINED_PERFORMANCE to: 1
06-10 15:19:55.848 280 280 W AW_PowerHAL: Could not open nsi-bw: No such file or directory
06-10 15:19:55.848 280 280 I AW_PowerHAL: cur-mode:PERFORMANCE
06-10 15:19:55.850 378 378 V C2Store : in ~ComponentModule
06-10 15:19:55.851 378 378 V C2Store : unloading dll
06-10 15:19:55.851 378 378 V C2Store : in init
06-10 15:19:55.851 378 378 V C2Store : loading dll
06-10 15:19:55.857 523 523 I SystemServerTiming: showSystemReadyErrorDialogs
06-10 15:19:55.860 523 523 I system_server: getFrameworkHalManifest: Reading VINTF information.
06-10 15:19:55.863 378 378 V C2Store : in ~ComponentModule
06-10 15:19:55.863 378 378 V C2Store : unloading dll
06-10 15:19:55.863 378 378 V C2Store : in init
06-10 15:19:55.863 378 378 V C2Store : loading dll
06-10 15:19:55.864 523 523 I system_server: getDeviceHalManifest: Reading VINTF information.
06-10 15:19:55.869 378 378 I C2SoftVp8Enc: setting temporal layering 0 + 0
06-10 15:19:55.871 523 550 W BestClock: java.time.DateTimeException: Missing NTP fix
06-10 15:19:55.872 523 523 I system_server: getDeviceHalManifest: Successfully processed VINTF information
06-10 15:19:55.872 523 523 I system_server: getFrameworkHalManifest: Successfully processed VINTF information
06-10 15:19:55.872 523 523 I system_server: getFrameworkCompatibilityMatrix: Reading VINTF information.
06-10 15:19:55.872 378 378 V C2Store : in ~ComponentModule
06-10 15:19:55.872 378 378 V C2Store : unloading dll
06-10 15:19:55.873 378 378 V C2Store : in init
06-10 15:19:55.873 378 378 V C2Store : loading dll
06-10 15:19:55.873 786 786 I WebViewZygoteInit: Application preload done
06-10 15:19:55.875 523 550 W BestClock: java.time.DateTimeException: Missing NTP fix
06-10 15:19:55.878 378 378 V C2Store : in ~ComponentModule
06-10 15:19:55.879 378 378 V C2Store : unloading dll
06-10 15:19:55.879 378 378 V C2Store : in init
06-10 15:19:55.879 378 378 V C2Store : loading dll
06-10 15:19:55.883 378 378 I C2SoftVp9Enc: setting temporal layering 0 + 0
06-10 15:19:55.884 378 378 V C2Store : in ~ComponentModule
06-10 15:19:55.884 378 378 V C2Store : unloading dll
06-10 15:19:55.886 367 481 D MediaCodecsXmlParser: parsing /apex/com.android.media.swcodec/etc/media_codecs.xml...
06-10 15:19:55.887 367 481 D MediaCodecsXmlParser: disabling c2.android.gsm.decoder
06-10 15:19:55.888 367 481 D MediaCodecsXmlParser: disabling c2.android.mpeg2.decoder
06-10 15:19:55.890 367 481 I MediaCodecsXmlParser: Did not find media_codecs_performance.xml in search path
06-10 15:19:55.890 367 481 I MediaCodecsXmlParser: Did not find media_codecs_c2.xml in search path
06-10 15:19:55.890 367 481 I MediaCodecsXmlParser: Did not find media_codecs_performance_c2.xml in search path
06-10 15:19:55.890 367 481 D MediaCodecsXmlParser: parsing /vendor/etc/media_codecs.xml...
06-10 15:19:55.891 367 481 D MediaCodecsXmlParser: parsing /vendor/etc/media_codecs_google_audio.xml...
06-10 15:19:55.891 367 481 D MediaCodecsXmlParser: unable to open media codecs configuration xml file: /vendor/etc/media_codecs_google_audio.xml
06-10 15:19:55.891 367 481 D MediaCodecsXmlParser: Setting: updating existing setting at line 97 of /vendor/etc/media_codecs.xml
06-10 15:19:55.893 367 481 D MediaCodecsXmlParser: parsing /vendor/etc/media_codecs_google_video.xml...
06-10 15:19:55.893 367 481 D MediaCodecsXmlParser: unable to open media codecs configuration xml file: /vendor/etc/media_codecs_google_video.xml
06-10 15:19:55.894 367 481 D MediaCodecsXmlParser: parsing /vendor/etc/media_codecs_performance.xml...
06-10 15:19:55.894 367 481 D MediaCodecsXmlParser: MediaCodec: cannot update non-existing codec: OMX.google.h264.encoder at line 25 of /vendor/etc/media_codecs_performance.xml
06-10 15:19:55.894 367 481 D MediaCodecsXmlParser: MediaCodec: cannot update non-existing codec: OMX.google.h263.encoder at line 31 of /vendor/etc/media_codecs_performance.xml
06-10 15:19:55.894 367 481 D MediaCodecsXmlParser: MediaCodec: cannot update non-existing codec: OMX.google.mpeg4.encoder at line 34 of /vendor/etc/media_codecs_performance.xml
06-10 15:19:55.894 367 481 D MediaCodecsXmlParser: MediaCodec: cannot update non-existing codec: OMX.google.vp8.encoder at line 37 of /vendor/etc/media_codecs_performance.xml
06-10 15:19:55.894 367 481 D MediaCodecsXmlParser: MediaCodec: cannot update non-existing codec: OMX.allwinner.video.decoder.h263 at line 59 of /vendor/etc/media_codecs_performance.xml
06-10 15:19:55.895 367 481 D MediaCodecsXmlParser: MediaCodec: cannot update non-existing codec: OMX.google.mpeg4.decoder at line 80 of /vendor/etc/media_codecs_performance.xml
06-10 15:19:55.895 367 481 D MediaCodecsXmlParser: MediaCodec: cannot update non-existing codec: OMX.google.h264.decoder at line 83 of /vendor/etc/media_codecs_performance.xml
06-10 15:19:55.895 367 481 D MediaCodecsXmlParser: MediaCodec: cannot update non-existing codec: OMX.google.h263.decoder at line 89 of /vendor/etc/media_codecs_performance.xml
06-10 15:19:55.895 367 481 D MediaCodecsXmlParser: MediaCodec: cannot update non-existing codec: OMX.google.hevc.decoder at line 93 of /vendor/etc/media_codecs_performance.xml
