06-10 15:19:55.160 266 266 V audio_hw_primary: adev_set_parameters, mediasw.sft.rawdata=HDMI_RAW
06-10 15:19:55.156 1 1 I /system/bin/init: type=1107 audit(0.0:328): uid=0 auid=4294967295 ses=4294967295 subj=u:r:init:s0 msg='avc: denied { set } for property=vendor.mediasw.sft.rawdata pid=266 uid=1041 gid=1005 scontext=u:r:hal_audio_default:s0 tcontext=u:object_r:vendor_audio_prop:s0 tclass=property_service permissive=1'
06-10 15:19:55.160 341 341 I rainbow_flow: type=1400 audit(0.0:329): avc: denied { ioctl } for path="/dev/spidev1.0" dev="tmpfs" ino=1377 ioctlcmd=0x6b00 scontext=u:r:init:s0 tcontext=u:object_r:device:s0 tclass=chr_file permissive=1
06-10 15:19:55.167 285 285 I AudioFlinger: systemReady
06-10 15:19:55.173 266 266 V audio_hw_primary: adev_set_parameters, BT_SCO=off
06-10 15:19:55.174 523 523 I AppBindingService: Updating constants with: null
06-10 15:19:55.175 523 637 I AS.AudioDeviceInventory: removePreferredDevicesForStrategySync, strategy: 14
06-10 15:19:55.176 674 674 D CompatibilityChangeReporter: Compat change id reported: 171979766; UID 1002; state: ENABLED
06-10 15:19:55.176 523 636 D AS.AudioService: No vibrator found
06-10 15:19:55.183 387 408 I adbd : jdwp connection from 683
06-10 15:19:55.206 367 481 D MediaCodecList: Allowing all OMX codecs
06-10 15:19:55.207 523 523 I PackageManager: Permission ownership changed. Updating all permissions.
06-10 15:19:55.210 367 481 E cutils-trace: Error opening trace file: No such file or directory (2)
06-10 15:19:55.215 367 481 I OMXClient: IOmx service obtained
06-10 15:19:55.215 372 372 I OMXStore: makeComponentInstance(OMX.allwinner.video.decoder.avc) in android.hardwar process
06-10 15:19:55.225 372 372 I omx_vdec_aw: : OmxDecoderCreate.
06-10 15:19:55.226 372 372 W omx_vdec: <__AwOmxVdecSetParameter:1561>: Set Parameter called in valid state
06-10 15:19:55.226 372 372 W omx_vdec: : pParamProfileLevel->nProfileIndex[0x3] error!
06-10 15:19:55.226 372 372 E OMXNodeInstance: getParameter(0xf01cc000:allwinner.decoder.avc, ParamVideoProfileLevelQuerySupported(0x600000f)) ERROR: BadParameter(0x80001005)
06-10 15:19:55.227 372 372 W omx_vdec: <__AwOmxVdecGetExtensionIndex:1737>: GetExtensionIndex OMX.google.android.index.describeColorFormat, err [0x80001001].
06-10 15:19:55.227 372 372 W omx_vdec: <__AwOmxVdecGetExtensionIndex:1737>: GetExtensionIndex OMX.google.android.index.describeColorFormat2, err [0x80001001].
06-10 15:19:55.227 372 372 E omx_vdec: : erro: pParamData->nIndex > m_sPortFormatType.nIndex
06-10 15:19:55.227 372 372 W omx_vdec: <__AwOmxVdecGetExtensionIndex:1737>: GetExtensionIndex OMX.google.android.index.describeColorFormat, err [0x80001001].
06-10 15:19:55.227 372 372 W omx_vdec: <__AwOmxVdecGetExtensionIndex:1737>: GetExtensionIndex OMX.google.android.index.describeColorFormat2, err [0x80001001].
06-10 15:19:55.227 372 372 E omx_vdec: : erro: pParamData->nIndex > m_sPortFormatType.nIndex
06-10 15:19:55.227 372 372 W omx_vdec: <__AwOmxVdecGetExtensionIndex:1737>: GetExtensionIndex OMX.google.android.index.describeColorFormat, err [0x80001001].
06-10 15:19:55.227 372 372 W omx_vdec: <__AwOmxVdecGetExtensionIndex:1737>: GetExtensionIndex OMX.google.android.index.describeColorFormat2, err [0x80001001].
06-10 15:19:55.227 372 372 E omx_vdec: : erro: pParamData->nIndex > m_sPortFormatType.nIndex
06-10 15:19:55.227 372 372 W omx_vdec: <__AwOmxVdecGetExtensionIndex:1737>: GetExtensionIndex OMX.google.android.index.describeColorFormat, err [0x80001001].
06-10 15:19:55.227 372 372 W omx_vdec: <__AwOmxVdecGetExtensionIndex:1737>: GetExtensionIndex OMX.google.android.index.describeColorFormat2, err [0x80001001].
06-10 15:19:55.228 372 372 E omx_vdec: : erro: pParamData->nIndex > m_sPortFormatType.nIndex
06-10 15:19:55.228 372 372 W omx_vdec: <__AwOmxVdecGetExtensionIndex:1737>: GetExtensionIndex OMX.google.android.index.describeColorFormat, err [0x80001001].
06-10 15:19:55.228 372 372 W omx_vdec: <__AwOmxVdecGetExtensionIndex:1737>: GetExtensionIndex OMX.google.android.index.describeColorFormat2, err [0x80001001].
06-10 15:19:55.228 372 372 E omx_vdec: : erro: pParamData->nIndex > m_sPortFormatType.nIndex
06-10 15:19:55.228 372 372 W omx_vdec: <__AwOmxVdecGetExtensionIndex:1737>: GetExtensionIndex OMX.google.android.index.describeColorFormat, err [0x80001001].
06-10 15:19:55.228 372 372 W omx_vdec: <__AwOmxVdecGetExtensionIndex:1737>: GetExtensionIndex OMX.google.android.index.describeColorFormat2, err [0x80001001].
06-10 15:19:55.228 372 372 E omx_vdec: : erro: pParamData->nIndex > m_sPortFormatType.nIndex
06-10 15:19:55.228 372 372 W omx_vdec: <__AwOmxVdecGetExtensionIndex:1737>: GetExtensionIndex OMX.google.android.index.describeColorFormat, err [0x80001001].
06-10 15:19:55.229 372 372 W omx_vdec: <__AwOmxVdecGetExtensionIndex:1737>: GetExtensionIndex OMX.google.android.index.describeColorFormat2, err [0x80001001].
06-10 15:19:55.229 372 372 E omx_vdec: : erro: pParamData->nIndex > m_sPortFormatType.nIndex
06-10 15:19:55.229 372 372 W omx_vdec: <__AwOmxVdecGetExtensionIndex:1737>: GetExtensionIndex OMX.google.android.index.describeColorFormat, err [0x80001001].
06-10 15:19:55.229 372 372 W omx_vdec: <__AwOmxVdecGetExtensionIndex:1737>: GetExtensionIndex OMX.google.android.index.describeColorFormat2, err [0x80001001].
06-10 15:19:55.229 372 372 E omx_vdec: : erro: pParamData->nIndex > m_sPortFormatType.nIndex
06-10 15:19:55.229 372 372 W omx_vdec: <__AwOmxVdecGetExtensionIndex:1737>: GetExtensionIndex OMX.google.android.index.describeColorFormat, err [0x80001001].
06-10 15:19:55.229 372 372 W omx_vdec: <__AwOmxVdecGetExtensionIndex:1737>: GetExtensionIndex OMX.google.android.index.describeColorFormat2, err [0x80001001].
06-10 15:19:55.229 372 372 E omx_vdec: : erro: pParamData->nIndex > m_sPortFormatType.nIndex
06-10 15:19:55.230 372 372 W omx_vdec: <__AwOmxVdecGetExtensionIndex:1737>: GetExtensionIndex OMX.google.android.index.describeColorFormat, err [0x80001001].
06-10 15:19:55.230 372 372 W omx_vdec: <__AwOmxVdecGetExtensionIndex:1737>: GetExtensionIndex OMX.google.android.index.describeColorFormat2, err [0x80001001].
06-10 15:19:55.230 372 372 E omx_vdec: : erro: pParamData->nIndex > m_sPortFormatType.nIndex
06-10 15:19:55.230 372 372 W omx_vdec: <__AwOmxVdecGetExtensionIndex:1737>: GetExtensionIndex OMX.google.android.index.describeColorFormat, err [0x80001001].
06-10 15:19:55.230 372 372 W omx_vdec: <__AwOmxVdecGetExtensionIndex:1737>: GetExtensionIndex OMX.google.android.index.describeColorFormat2, err [0x80001001].
06-10 15:19:55.230 372 372 E omx_vdec: : erro: pParamData->nIndex > m_sPortFormatType.nIndex
06-10 15:19:55.230 372 372 W omx_vdec: <__AwOmxVdecGetExtensionIndex:1737>: GetExtensionIndex OMX.google.android.index.describeColorFormat, err [0x80001001].
06-10 15:19:55.230 372 372 W omx_vdec: <__AwOmxVdecGetExtensionIndex:1737>: GetExtensionIndex OMX.google.android.index.describeColorFormat2, err [0x80001001].
06-10 15:19:55.230 372 372 E omx_vdec: : erro: pParamData->nIndex > m_sPortFormatType.nIndex
06-10 15:19:55.230 372 372 W omx_vdec: <__AwOmxVdecGetExtensionIndex:1737>: GetExtensionIndex OMX.google.android.index.describeColorFormat, err [0x80001001].
06-10 15:19:55.230 372 372 W omx_vdec: <__AwOmxVdecGetExtensionIndex:1737>: GetExtensionIndex OMX.google.android.index.describeColorFormat2, err [0x80001001].
06-10 15:19:55.231 372 372 E omx_vdec: : erro: pParamData->nIndex > m_sPortFormatType.nIndex
06-10 15:19:55.231 372 372 W omx_vdec: <__AwOmxVdecGetExtensionIndex:1737>: GetExtensionIndex OMX.google.android.index.describeColorFormat, err [0x80001001].
06-10 15:19:55.231 372 372 W omx_vdec: <__AwOmxVdecGetExtensionIndex:1737>: GetExtensionIndex OMX.google.android.index.describeColorFormat2, err [0x80001001].
06-10 15:19:55.231 372 372 E omx_vdec: : erro: pParamData->nIndex > m_sPortFormatType.nIndex
06-10 15:19:55.231 372 372 W omx_vdec: <__AwOmxVdecGetExtensionIndex:1737>: GetExtensionIndex OMX.google.android.index.describeColorFormat, err [0x80001001].
06-10 15:19:55.231 372 372 W omx_vdec: <__AwOmxVdecGetExtensionIndex:1737>: GetExtensionIndex OMX.google.android.index.describeColorFormat2, err [0x80001001].
06-10 15:19:55.231 372 372 E omx_vdec: : erro: pParamData->nIndex > m_sPortFormatType.nIndex
06-10 15:19:55.231 372 372 W omx_vdec: <__AwOmxVdecGetExtensionIndex:1737>: GetExtensionIndex OMX.google.android.index.describeColorFormat, err [0x80001001].
06-10 15:19:55.231 372 372 W omx_vdec: <__AwOmxVdecGetExtensionIndex:1737>: GetExtensionIndex OMX.google.android.index.describeColorFormat2, err [0x80001001].
06-10 15:19:55.232 372 372 E omx_vdec: : erro: pParamData->nIndex > m_sPortFormatType.nIndex
06-10 15:19:55.232 372 372 W omx_vdec: <__AwOmxVdecGetExtensionIndex:1737>: GetExtensionIndex OMX.google.android.index.describeColorFormat, err [0x80001001].
06-10 15:19:55.232 372 372 W omx_vdec: <__AwOmxVdecGetExtensionIndex:1737>: GetExtensionIndex OMX.google.android.index.describeColorFormat2, err [0x80001001].
06-10 15:19:55.232 372 372 E omx_vdec: : erro: pParamData->nIndex > m_sPortFormatType.nIndex
06-10 15:19:55.232 372 372 W omx_vdec: <__AwOmxVdecGetExtensionIndex:1737>: GetExtensionIndex OMX.google.android.index.describeColorFormat, err [0x80001001].
06-10 15:19:55.232 372 372 W omx_vdec: <__AwOmxVdecGetExtensionIndex:1737>: GetExtensionIndex OMX.google.android.index.describeColorFormat2, err [0x80001001].
06-10 15:19:55.232 372 372 E omx_vdec: : erro: pParamData->nIndex > m_sPortFormatType.nIndex
06-10 15:19:55.232 372 372 W omx_vdec: <__AwOmxVdecGetExtensionIndex:1737>: GetExtensionIndex OMX.google.android.index.describeColorFormat, err [0x80001001].
06-10 15:19:55.232 372 372 W omx_vdec: <__AwOmxVdecGetExtensionIndex:1737>: GetExtensionIndex OMX.google.android.index.describeColorFormat2, err [0x80001001].
06-10 15:19:55.232 372 372 E omx_vdec: : erro: pParamData->nIndex > m_sPortFormatType.nIndex
06-10 15:19:55.233 372 372 W omx_vdec: <__AwOmxVdecGetExtensionIndex:1737>: GetExtensionIndex OMX.google.android.index.describeColorFormat, err [0x80001001].
06-10 15:19:55.233 372 372 W omx_vdec: <__AwOmxVdecGetExtensionIndex:1737>: GetExtensionIndex OMX.google.android.index.describeColorFormat2, err [0x80001001].
06-10 15:19:55.233 372 372 E omx_vdec: : erro: pParamData->nIndex > m_sPortFormatType.nIndex
06-10 15:19:55.233 372 372 W omx_vdec: <__AwOmxVdecGetExtensionIndex:1737>: GetExtensionIndex OMX.google.android.index.describeColorFormat, err [0x80001001].
06-10 15:19:55.233 372 372 W omx_vdec: <__AwOmxVdecGetExtensionIndex:1737>: GetExtensionIndex OMX.google.android.index.describeColorFormat2, err [0x80001001].
06-10 15:19:55.233 372 372 E omx_vdec: : erro: pParamData->nIndex > m_sPortFormatType.nIndex
06-10 15:19:55.233 372 372 W omx_vdec: <__AwOmxVdecGetExtensionIndex:1737>: GetExtensionIndex OMX.google.android.index.describeColorFormat, err [0x80001001].
06-10 15:19:55.233 372 372 W omx_vdec: <__AwOmxVdecGetExtensionIndex:1737>: GetExtensionIndex OMX.google.android.index.describeColorFormat2, err [0x80001001].
06-10 15:19:55.233 372 372 E omx_vdec: : erro: pParamData->nIndex > m_sPortFormatType.nIndex
06-10 15:19:55.233 372 372 W omx_vdec: <__AwOmxVdecGetExtensionIndex:1737>: GetExtensionIndex OMX.google.android.index.describeColorFormat, err [0x80001001].
06-10 15:19:55.234 372 372 W omx_vdec: <__AwOmxVdecGetExtensionIndex:1737>: GetExtensionIndex OMX.google.android.index.describeColorFormat2, err [0x80001001].
06-10 15:19:55.234 372 372 E omx_vdec: : erro: pParamData->nIndex > m_sPortFormatType.nIndex
06-10 15:19:55.234 372 372 W omx_vdec: <__AwOmxVdecGetExtensionIndex:1737>: GetExtensionIndex OMX.google.android.index.describeColorFormat, err [0x80001001].
06-10 15:19:55.234 372 372 W omx_vdec: <__AwOmxVdecGetExtensionIndex:1737>: GetExtensionIndex OMX.google.android.index.describeColorFormat2, err [0x80001001].
06-10 15:19:55.234 372 372 E omx_vdec: : erro: pParamData->nIndex > m_sPortFormatType.nIndex
06-10 15:19:55.234 372 372 W omx_vdec: <__AwOmxVdecGetExtensionIndex:1737>: GetExtensionIndex OMX.google.android.index.describeColorFormat, err [0x80001001].
06-10 15:19:55.234 372 372 W omx_vdec: <__AwOmxVdecGetExtensionIndex:1737>: GetExtensionIndex OMX.google.android.index.describeColorFormat2, err [0x80001001].
06-10 15:19:55.234 372 372 E omx_vdec: : erro: pParamData->nIndex > m_sPortFormatType.nIndex
06-10 15:19:55.234 372 372 W omx_vdec: <__AwOmxVdecGetExtensionIndex:1737>: GetExtensionIndex OMX.google.android.index.describeColorFormat, err [0x80001001].
06-10 15:19:55.234 372 372 W omx_vdec: <__AwOmxVdecGetExtensionIndex:1737>: GetExtensionIndex OMX.google.android.index.describeColorFormat2, err [0x80001001].
06-10 15:19:55.235 372 372 E omx_vdec: : erro: pParamData->nIndex > m_sPortFormatType.nIndex
06-10 15:19:55.235 372 372 W omx_vdec: <__AwOmxVdecGetExtensionIndex:1737>: GetExtensionIndex OMX.google.android.index.describeColorFormat, err [0x80001001].
06-10 15:19:55.235 372 372 W omx_vdec: <__AwOmxVdecGetExtensionIndex:1737>: GetExtensionIndex OMX.google.android.index.describeColorFormat2, err [0x80001001].
06-10 15:19:55.235 372 372 E omx_vdec: : erro: pParamData->nIndex > m_sPortFormatType.nIndex
06-10 15:19:55.235 372 372 W omx_vdec: <__AwOmxVdecGetExtensionIndex:1737>: GetExtensionIndex OMX.google.android.index.describeColorFormat, err [0x80001001].
06-10 15:19:55.235 372 372 W omx_vdec: <__AwOmxVdecGetExtensionIndex:1737>: GetExtensionIndex OMX.google.android.index.describeColorFormat2, err [0x80001001].
06-10 15:19:55.235 372 372 E omx_vdec: : erro: pParamData->nIndex > m_sPortFormatType.nIndex
06-10 15:19:55.235 372 372 W omx_vdec: <__AwOmxVdecGetExtensionIndex:1737>: GetExtensionIndex OMX.google.android.index.describeColorFormat, err [0x80001001].
06-10 15:19:55.236 372 372 W omx_vdec: <__AwOmxVdecGetExtensionIndex:1737>: GetExtensionIndex OMX.google.android.index.describeColorFormat2, err [0x80001001].
06-10 15:19:55.236 372 372 E omx_vdec: : erro: pParamData->nIndex > m_sPortFormatType.nIndex
06-10 15:19:55.236 372 372 W omx_vdec: <__AwOmxVdecGetExtensionIndex:1737>: GetExtensionIndex OMX.google.android.index.describeColorFormat, err [0x80001001].
06-10 15:19:55.236 372 372 W omx_vdec: <__AwOmxVdecGetExtensionIndex:1737>: GetExtensionIndex OMX.google.android.index.describeColorFormat2, err [0x80001001].
06-10 15:19:55.236 372 372 E omx_vdec: : erro: pParamData->nIndex > m_sPortFormatType.nIndex
06-10 15:19:55.236 372 372 W omx_vdec: <__AwOmxVdecGetExtensionIndex:1737>: GetExtensionIndex OMX.google.android.index.describeColorFormat, err [0x80001001].
06-10 15:19:55.236 372 372 W omx_vdec: <__AwOmxVdecGetExtensionIndex:1737>: GetExtensionIndex OMX.google.android.index.describeColorFormat2, err [0x80001001].
06-10 15:19:55.236 372 372 E omx_vdec: : erro: pParamData->nIndex > m_sPortFormatType.nIndex
06-10 15:19:55.236 372 372 W omx_vdec: <__AwOmxVdecGetExtensionIndex:1737>: GetExtensionIndex OMX.google.android.index.describeColorFormat, err [0x80001001].
06-10 15:19:55.236 372 372 W omx_vdec: <__AwOmxVdecGetExtensionIndex:1737>: GetExtensionIndex OMX.google.android.index.describeColorFormat2, err [0x80001001].
06-10 15:19:55.236 372 372 E omx_vdec: : erro: pParamData->nIndex > m_sPortFormatType.nIndex
06-10 15:19:55.237 372 372 W omx_vdec: <__AwOmxVdecGetExtensionIndex:1737>: GetExtensionIndex OMX.google.android.index.describeColorFormat, err [0x80001001].
06-10 15:19:55.237 372 372 W omx_vdec: <__AwOmxVdecGetExtensionIndex:1737>: GetExtensionIndex OMX.google.android.index.describeColorFormat2, err [0x80001001].
06-10 15:19:55.237 367 481 W ACodec : [OMX.allwinner.video.decoder.avc] stopping checking formats after 32: COLOR_FormatYUV420Planar(13)
06-10 15:19:55.237 372 372 W omx_vdec: <__AwOmxVdecGetExtensionIndex:1737>: GetExtensionIndex OMX.google.android.index.configureVideoTunnelMode, err [0x80001001].
06-10 15:19:55.237 372 372 E OMXNodeInstance: getExtensionIndex(0xf01cc000:allwinner.decoder.avc, OMX.google.android.index.configureVideoTunnelMode) ERROR: Undefined(0x80001001)
06-10 15:19:55.237 367 481 D MediaCodecInfo: detail feature-tunneled-playback wasn't present to remove
06-10 15:19:55.237 372 372 W omx_vdec: <__AwOmxVdecGetExtensionIndex:1737>: GetExtensionIndex OMX.google.android.index.storeANWBufferInMetadata, err [0x80001001].
06-10 15:19:55.237 372 372 W omx_vdec_aw: <__anSetExtPara:3011>: Setparameter: unknown param 2131755011
06-10 15:19:55.237 372 372 W OMXNodeInstance: [0xf01cc000:allwinner.decoder.avc] component does not support metadata mode; using fallback
06-10 15:19:55.238 372 715 W libc : invalid pthread_t (0) passed to pthread_join
06-10 15:19:55.238 372 715 W libc : invalid pthread_t (0) passed to pthread_join
06-10 15:19:55.238 372 715 W libc : invalid pthread_t (0) passed to pthread_join
06-10 15:19:55.241 367 481 I OMXClient: IOmx service obtained
06-10 15:19:55.241 372 372 I OMXStore: makeComponentInstance(OMX.allwinner.video.decoder.avc.secure) in android.hardwar process
06-10 15:19:55.245 372 372 E omx_vdec: : This platform does not support secure video playback
06-10 15:19:55.245 372 372 E omx_sem : : handle is null
06-10 15:19:55.245 372 372 E omx_sem : : handle is null
06-10 15:19:55.245 372 372 E omx_sem : : handle is null
06-10 15:19:55.246 372 372 E omx_sem : : handle is null
06-10 15:19:55.246 372 372 E omx_sem : : handle is null
06-10 15:19:55.246 372 372 W omx_vdec_aw: : pdec is null
06-10 15:19:55.246 372 372 E android.hardware.media.omx@1.0-service: Failed to allocate omx component 'OMX.allwinner.video.decoder.avc.secure' err=InvalidComponentName(0x80001002)
06-10 15:19:55.246 367 481 W OmxInfoBuilder: Fail to add media type video/avc to codec OMX.allwinner.video.decoder.avc.secure
06-10 15:19:55.248 367 481 I OMXClient: IOmx service obtained
06-10 15:19:55.248 372 372 I OMXStore: makeComponentInstance(OMX.allwinner.video.decoder.hevc) in android.hardwar process
06-10 15:19:55.249 372 372 I omx_vdec_aw: : OmxDecoderCreate.
06-10 15:19:55.250 372 372 W omx_vdec: <__AwOmxVdecSetParameter:1561>: Set Parameter called in valid state
06-10 15:19:55.251 372 372 W omx_vdec: : pParamProfileLevel->nProfileIndex[0x1] error!
06-10 15:19:55.251 372 372 E OMXNodeInstance: getParameter(0xf01cc000:allwinner.decoder.hevc, ParamVideoProfileLevelQuerySupported(0x600000f)) ERROR: BadParameter(0x80001005)
06-10 15:19:55.251 372 372 W omx_vdec: <__AwOmxVdecGetExtensionIndex:1737>: GetExtensionIndex OMX.google.android.index.describeColorFormat, err [0x80001001].
06-10 15:19:55.251 372 372 W omx_vdec: <__AwOmxVdecGetExtensionIndex:1737>: GetExtensionIndex OMX.google.android.index.describeColorFormat2, err [0x80001001].
06-10 15:19:55.251 372 372 E omx_vdec: : erro: pParamData->nIndex > m_sPortFormatType.nIndex
06-10 15:19:55.251 372 372 W omx_vdec: <__AwOmxVdecGetExtensionIndex:1737>: GetExtensionIndex OMX.google.android.index.describeColorFormat, err [0x80001001].
06-10 15:19:55.251 372 372 W omx_vdec: <__AwOmxVdecGetExtensionIndex:1737>: GetExtensionIndex OMX.google.android.index.describeColorFormat2, err [0x80001001].
06-10 15:19:55.251 372 372 E omx_vdec: : erro: pParamData->nIndex > m_sPortFormatType.nIndex
06-10 15:19:55.251 372 372 W omx_vdec: <__AwOmxVdecGetExtensionIndex:1737>: GetExtensionIndex OMX.google.android.index.describeColorFormat, err [0x80001001].
06-10 15:19:55.251 372 372 W omx_vdec: <__AwOmxVdecGetExtensionIndex:1737>: GetExtensionIndex OMX.google.android.index.describeColorFormat2, err [0x80001001].
06-10 15:19:55.252 372 372 E omx_vdec: : erro: pParamData->nIndex > m_sPortFormatType.nIndex
06-10 15:19:55.252 372 372 W omx_vdec: <__AwOmxVdecGetExtensionIndex:1737>: GetExtensionIndex OMX.google.android.index.describeColorFormat, err [0x80001001].
06-10 15:19:55.252 372 372 W omx_vdec: <__AwOmxVdecGetExtensionIndex:1737>: GetExtensionIndex OMX.google.android.index.describeColorFormat2, err [0x80001001].
06-10 15:19:55.252 372 372 E omx_vdec: : erro: pParamData->nIndex > m_sPortFormatType.nIndex
06-10 15:19:55.252 372 372 W omx_vdec: <__AwOmxVdecGetExtensionIndex:1737>: GetExtensionIndex OMX.google.android.index.describeColorFormat, err [0x80001001].
06-10 15:19:55.252 372 372 W omx_vdec: <__AwOmxVdecGetExtensionIndex:1737>: GetExtensionIndex OMX.google.android.index.describeColorFormat2, err [0x80001001].
06-10 15:19:55.252 523 523 W SystemServiceManager: Service com.android.server.policy.PermissionPolicyService took 78 ms in onBootPhase
06-10 15:19:55.252 372 372 E omx_vdec: : erro: pParamData->nIndex > m_sPortFormatType.nIndex
06-10 15:19:55.253 372 372 W omx_vdec: <__AwOmxVdecGetExtensionIndex:1737>: GetExtensionIndex OMX.google.android.index.describeColorFormat, err [0x80001001].
06-10 15:19:55.253 523 523 I SystemServerTiming: StartObservingNativeCrashes
06-10 15:19:55.253 372 372 W omx_vdec: <__AwOmxVdecGetExtensionIndex:1737>: GetExtensionIndex OMX.google.android.index.describeColorFormat2, err [0x80001001].
06-10 15:19:55.253 372 372 E omx_vdec: : erro: pParamData->nIndex > m_sPortFormatType.nIndex
06-10 15:19:55.253 372 372 W omx_vdec: <__AwOmxVdecGetExtensionIndex:1737>: GetExtensionIndex OMX.google.android.index.describeColorFormat, err [0x80001001].
06-10 15:19:55.253 523 537 D CompatibilityChangeReporter: Compat change id reported: 168419799; UID 10065; state: DISABLED
06-10 15:19:55.253 372 372 W omx_vdec: <__AwOmxVdecGetExtensionIndex:1737>: GetExtensionIndex OMX.google.android.index.describeColorFormat2, err [0x80001001].
06-10 15:19:55.253 372 372 E omx_vdec: : erro: pParamData->nIndex > m_sPortFormatType.nIndex
06-10 15:19:55.253 372 372 W omx_vdec: <__AwOmxVdecGetExtensionIndex:1737>: GetExtensionIndex OMX.google.android.index.describeColorFormat, err [0x80001001].
06-10 15:19:55.253 523 523 I SystemServerTiming: RegisterAppOpsPolicy
06-10 15:19:55.254 523 537 W ActivityManager: Slow operation: 54ms so far, now at attachApplicationLocked: immediately before bindApplication
06-10 15:19:55.254 372 372 W omx_vdec: <__AwOmxVdecGetExtensionIndex:1737>: GetExtensionIndex OMX.google.android.index.describeColorFormat2, err [0x80001001].
06-10 15:19:55.254 372 372 E omx_vdec: : erro: pParamData->nIndex > m_sPortFormatType.nIndex
06-10 15:19:55.254 372 372 W omx_vdec: <__AwOmxVdecGetExtensionIndex:1737>: GetExtensionIndex OMX.google.android.index.describeColorFormat, err [0x80001001].
06-10 15:19:55.254 372 372 W omx_vdec: <__AwOmxVdecGetExtensionIndex:1737>: GetExtensionIndex OMX.google.android.index.describeColorFormat2, err [0x80001001].
06-10 15:19:55.254 372 372 E omx_vdec: : erro: pParamData->nIndex > m_sPortFormatType.nIndex
06-10 15:19:55.254 372 372 W omx_vdec: <__AwOmxVdecGetExtensionIndex:1737>: GetExtensionIndex OMX.google.android.index.describeColorFormat, err [0x80001001].
06-10 15:19:55.254 372 372 W omx_vdec: <__AwOmxVdecGetExtensionIndex:1737>: GetExtensionIndex OMX.google.android.index.describeColorFormat2, err [0x80001001].
06-10 15:19:55.255 372 372 E omx_vdec: : erro: pParamData->nIndex > m_sPortFormatType.nIndex
06-10 15:19:55.255 372 372 W omx_vdec: <__AwOmxVdecGetExtensionIndex:1737>: GetExtensionIndex OMX.google.android.index.describeColorFormat, err [0x80001001].
06-10 15:19:55.256 372 372 W omx_vdec: <__AwOmxVdecGetExtensionIndex:1737>: GetExtensionIndex OMX.google.android.index.describeColorFormat2, err [0x80001001].
06-10 15:19:55.256 372 372 E omx_vdec: : erro: pParamData->nIndex > m_sPortFormatType.nIndex
06-10 15:19:55.256 372 372 W omx_vdec: <__AwOmxVdecGetExtensionIndex:1737>: GetExtensionIndex OMX.google.android.index.describeColorFormat, err [0x80001001].
06-10 15:19:55.258 523 537 W ActivityManager: Slow operation: 59ms so far, now at attachApplicationLocked: immediately after bindApplication
06-10 15:19:55.258 523 537 W ActivityManager: Slow operation: 59ms so far, now at attachApplicationLocked: after updateLruProcessLocked
06-10 15:19:55.258 372 372 W omx_vdec: <__AwOmxVdecGetExtensionIndex:1737>: GetExtensionIndex OMX.google.android.index.describeColorFormat2, err [0x80001001].
06-10 15:19:55.259 372 372 E omx_vdec: : erro: pParamData->nIndex > m_sPortFormatType.nIndex
06-10 15:19:55.259 372 372 W omx_vdec: <__AwOmxVdecGetExtensionIndex:1737>: GetExtensionIndex OMX.google.android.index.describeColorFormat, err [0x80001001].
06-10 15:19:55.259 372 372 W omx_vdec: <__AwOmxVdecGetExtensionIndex:1737>: GetExtensionIndex OMX.google.android.index.describeColorFormat2, err [0x80001001].
06-10 15:19:55.260 372 372 E omx_vdec: : erro: pParamData->nIndex > m_sPortFormatType.nIndex
06-10 15:19:55.260 372 372 W omx_vdec: <__AwOmxVdecGetExtensionIndex:1737>: GetExtensionIndex OMX.google.android.index.describeColorFormat, err [0x80001001].
06-10 15:19:55.260 372 372 W omx_vdec: <__AwOmxVdecGetExtensionIndex:1737>: GetExtensionIndex OMX.google.android.index.describeColorFormat2, err [0x80001001].
06-10 15:19:55.260 523 537 W ActivityManager: Slow operation: 61ms so far, now at attachApplicationLocked: after mServices.attachApplicationLocked
06-10 15:19:55.260 372 372 E omx_vdec: : erro: pParamData->nIndex > m_sPortFormatType.nIndex
06-10 15:19:55.261 372 372 W omx_vdec: <__AwOmxVdecGetExtensionIndex:1737>: GetExtensionIndex OMX.google.android.index.describeColorFormat, err [0x80001001].
06-10 15:19:55.261 372 372 W omx_vdec: <__AwOmxVdecGetExtensionIndex:1737>: GetExtensionIndex OMX.google.android.index.describeColorFormat2, err [0x80001001].
06-10 15:19:55.261 372 372 E omx_vdec: : erro: pParamData->nIndex > m_sPortFormatType.nIndex
06-10 15:19:55.262 372 372 W omx_vdec: <__AwOmxVdecGetExtensionIndex:1737>: GetExtensionIndex OMX.google.android.index.describeColorFormat, err [0x80001001].
06-10 15:19:55.262 372 372 W omx_vdec: <__AwOmxVdecGetExtensionIndex:1737>: GetExtensionIndex OMX.google.android.index.describeColorFormat2, err [0x80001001].
06-10 15:19:55.262 683 683 D CompatibilityChangeReporter: Compat change id reported: 171979766; UID 10065; state: ENABLED
06-10 15:19:55.263 372 372 E omx_vdec: : erro: pParamData->nIndex > m_sPortFormatType.nIndex
06-10 15:19:55.263 372 372 W omx_vdec: <__AwOmxVdecGetExtensionIndex:1737>: GetExtensionIndex OMX.google.android.index.describeColorFormat, err [0x80001001].
06-10 15:19:55.263 372 372 W omx_vdec: <__AwOmxVdecGetExtensionIndex:1737>: GetExtensionIndex OMX.google.android.index.describeColorFormat2, err [0x80001001].
06-10 15:19:55.263 372 372 E omx_vdec: : erro: pParamData->nIndex > m_sPortFormatType.nIndex
06-10 15:19:55.263 372 372 W omx_vdec: <__AwOmxVdecGetExtensionIndex:1737>: GetExtensionIndex OMX.google.android.index.describeColorFormat, err [0x80001001].
06-10 15:19:55.263 372 372 W omx_vdec: <__AwOmxVdecGetExtensionIndex:1737>: GetExtensionIndex OMX.google.android.index.describeColorFormat2, err [0x80001001].
06-10 15:19:55.263 372 372 E omx_vdec: : erro: pParamData->nIndex > m_sPortFormatType.nIndex
06-10 15:19:55.264 372 372 W omx_vdec: <__AwOmxVdecGetExtensionIndex:1737>: GetExtensionIndex OMX.google.android.index.describeColorFormat, err [0x80001001].
06-10 15:19:55.264 372 372 W omx_vdec: <__AwOmxVdecGetExtensionIndex:1737>: GetExtensionIndex OMX.google.android.index.describeColorFormat2, err [0x80001001].
06-10 15:19:55.264 372 372 E omx_vdec: : erro: pParamData->nIndex > m_sPortFormatType.nIndex
06-10 15:19:55.264 372 372 W omx_vdec: <__AwOmxVdecGetExtensionIndex:1737>: GetExtensionIndex OMX.google.android.index.describeColorFormat, err [0x80001001].
06-10 15:19:55.264 372 372 W omx_vdec: <__AwOmxVdecGetExtensionIndex:1737>: GetExtensionIndex OMX.google.android.index.describeColorFormat2, err [0x80001001].
06-10 15:19:55.264 372 372 E omx_vdec: : erro: pParamData->nIndex > m_sPortFormatType.nIndex
06-10 15:19:55.264 372 372 W omx_vdec: <__AwOmxVdecGetExtensionIndex:1737>: GetExtensionIndex OMX.google.android.index.describeColorFormat, err [0x80001001].
06-10 15:19:55.264 372 372 W omx_vdec: <__AwOmxVdecGetExtensionIndex:1737>: GetExtensionIndex OMX.google.android.index.describeColorFormat2, err [0x80001001].
06-10 15:19:55.265 372 372 E omx_vdec: : erro: pParamData->nIndex > m_sPortFormatType.nIndex
06-10 15:19:55.265 372 372 W omx_vdec: <__AwOmxVdecGetExtensionIndex:1737>: GetExtensionIndex OMX.google.android.index.describeColorFormat, err [0x80001001].
06-10 15:19:55.265 372 372 W omx_vdec: <__AwOmxVdecGetExtensionIndex:1737>: GetExtensionIndex OMX.google.android.index.describeColorFormat2, err [0x80001001].
06-10 15:19:55.265 372 372 E omx_vdec: : erro: pParamData->nIndex > m_sPortFormatType.nIndex
06-10 15:19:55.265 372 372 W omx_vdec: <__AwOmxVdecGetExtensionIndex:1737>: GetExtensionIndex OMX.google.android.index.describeColorFormat, err [0x80001001].
06-10 15:19:55.265 372 372 W omx_vdec: <__AwOmxVdecGetExtensionIndex:1737>: GetExtensionIndex OMX.google.android.index.describeColorFormat2, err [0x80001001].
06-10 15:19:55.265 372 372 E omx_vdec: : erro: pParamData->nIndex > m_sPortFormatType.nIndex
06-10 15:19:55.265 372 372 W omx_vdec: <__AwOmxVdecGetExtensionIndex:1737>: GetExtensionIndex OMX.google.android.index.describeColorFormat, err [0x80001001].
06-10 15:19:55.266 372 372 W omx_vdec: <__AwOmxVdecGetExtensionIndex:1737>: GetExtensionIndex OMX.google.android.index.describeColorFormat2, err [0x80001001].
06-10 15:19:55.266 372 372 E omx_vdec: : erro: pParamData->nIndex > m_sPortFormatType.nIndex
06-10 15:19:55.266 372 372 W omx_vdec: <__AwOmxVdecGetExtensionIndex:1737>: GetExtensionIndex OMX.google.android.index.describeColorFormat, err [0x80001001].
06-10 15:19:55.266 372 372 W omx_vdec: <__AwOmxVdecGetExtensionIndex:1737>: GetExtensionIndex OMX.google.android.index.describeColorFormat2, err [0x80001001].
06-10 15:19:55.266 372 372 E omx_vdec: : erro: pParamData->nIndex > m_sPortFormatType.nIndex
06-10 15:19:55.266 372 372 W omx_vdec: <__AwOmxVdecGetExtensionIndex:1737>: GetExtensionIndex OMX.google.android.index.describeColorFormat, err [0x80001001].
06-10 15:19:55.266 372 372 W omx_vdec: <__AwOmxVdecGetExtensionIndex:1737>: GetExtensionIndex OMX.google.android.index.describeColorFormat2, err [0x80001001].
06-10 15:19:55.267 372 372 E omx_vdec: : erro: pParamData->nIndex > m_sPortFormatType.nIndex
06-10 15:19:55.267 372 372 W omx_vdec: <__AwOmxVdecGetExtensionIndex:1737>: GetExtensionIndex OMX.google.android.index.describeColorFormat, err [0x80001001].
06-10 15:19:55.267 372 372 W omx_vdec: <__AwOmxVdecGetExtensionIndex:1737>: GetExtensionIndex OMX.google.android.index.describeColorFormat2, err [0x80001001].
06-10 15:19:55.267 372 372 E omx_vdec: : erro: pParamData->nIndex > m_sPortFormatType.nIndex
06-10 15:19:55.267 372 372 W omx_vdec: <__AwOmxVdecGetExtensionIndex:1737>: GetExtensionIndex OMX.google.android.index.describeColorFormat, err [0x80001001].
06-10 15:19:55.267 372 372 W omx_vdec: <__AwOmxVdecGetExtensionIndex:1737>: GetExtensionIndex OMX.google.android.index.describeColorFormat2, err [0x80001001].
06-10 15:19:55.267 372 372 E omx_vdec: : erro: pParamData->nIndex > m_sPortFormatType.nIndex
06-10 15:19:55.267 523 523 I SystemServerTiming: MakeNetworkManagementServiceReady
06-10 15:19:55.267 523 579 I SystemServerTimingAsync: InitThreadPoolExec:WebViewFactoryPreparation
06-10 15:19:55.267 372 372 W omx_vdec: <__AwOmxVdecGetExtensionIndex:1737>: GetExtensionIndex OMX.google.android.index.describeColorFormat, err [0x80001001].
06-10 15:19:55.267 523 579 D SystemServerInitThreadPool: Started executing WebViewFactoryPreparation
06-10 15:19:55.267 523 579 I SystemServer: WebViewFactoryPreparation
06-10 15:19:55.267 523 579 I SystemServerTimingAsync: WebViewFactoryPreparation
06-10 15:19:55.267 372 372 W omx_vdec: <__AwOmxVdecGetExtensionIndex:1737>: GetExtensionIndex OMX.google.android.index.describeColorFormat2, err [0x80001001].
06-10 15:19:55.268 372 372 E omx_vdec: : erro: pParamData->nIndex > m_sPortFormatType.nIndex
06-10 15:19:55.268 372 372 W omx_vdec: <__AwOmxVdecGetExtensionIndex:1737>: GetExtensionIndex OMX.google.android.index.describeColorFormat, err [0x80001001].
06-10 15:19:55.268 372 372 W omx_vdec: <__AwOmxVdecGetExtensionIndex:1737>: GetExtensionIndex OMX.google.android.index.describeColorFormat2, err [0x80001001].
06-10 15:19:55.268 372 372 E omx_vdec: : erro: pParamData->nIndex > m_sPortFormatType.nIndex
06-10 15:19:55.268 372 372 W omx_vdec: <__AwOmxVdecGetExtensionIndex:1737>: GetExtensionIndex OMX.google.android.index.describeColorFormat, err [0x80001001].
06-10 15:19:55.269 372 372 W omx_vdec: <__AwOmxVdecGetExtensionIndex:1737>: GetExtensionIndex OMX.google.android.index.describeColorFormat2, err [0x80001001].
06-10 15:19:55.269 372 372 E omx_vdec: : erro: pParamData->nIndex > m_sPortFormatType.nIndex
06-10 15:19:55.269 372 372 W omx_vdec: <__AwOmxVdecGetExtensionIndex:1737>: GetExtensionIndex OMX.google.android.index.describeColorFormat, err [0x80001001].
06-10 15:19:55.269 372 372 W omx_vdec: <__AwOmxVdecGetExtensionIndex:1737>: GetExtensionIndex OMX.google.android.index.describeColorFormat2, err [0x80001001].
06-10 15:19:55.269 372 372 E omx_vdec: : erro: pParamData->nIndex > m_sPortFormatType.nIndex
06-10 15:19:55.269 523 523 W NetworkManagement: setDataSaverMode(): already false
06-10 15:19:55.269 372 372 W omx_vdec: <__AwOmxVdecGetExtensionIndex:1737>: GetExtensionIndex OMX.google.android.index.describeColorFormat, err [0x80001001].
06-10 15:19:55.269 372 372 W omx_vdec: <__AwOmxVdecGetExtensionIndex:1737>: GetExtensionIndex OMX.google.android.index.describeColorFormat2, err [0x80001001].
06-10 15:19:55.269 367 481 W ACodec : [OMX.allwinner.video.decoder.hevc] stopping checking formats after 32: COLOR_FormatYUV420Planar(13)
06-10 15:19:55.269 372 372 W omx_vdec: <__AwOmxVdecGetExtensionIndex:1737>: GetExtensionIndex OMX.google.android.index.configureVideoTunnelMode, err [0x80001001].
06-10 15:19:55.269 372 372 E OMXNodeInstance: getExtensionIndex(0xf01cc000:allwinner.decoder.hevc, OMX.google.android.index.configureVideoTunnelMode) ERROR: Undefined(0x80001001)
06-10 15:19:55.270 367 481 D MediaCodecInfo: detail feature-tunneled-playback wasn't present to remove
06-10 15:19:55.270 372 372 W omx_vdec: <__AwOmxVdecGetExtensionIndex:1737>: GetExtensionIndex OMX.google.android.index.storeANWBufferInMetadata, err [0x80001001].
06-10 15:19:55.270 372 372 W omx_vdec_aw: <__anSetExtPara:3011>: Setparameter: unknown param 2131755011
06-10 15:19:55.270 372 372 W OMXNodeInstance: [0xf01cc000:allwinner.decoder.hevc] component does not support metadata mode; using fallback
06-10 15:19:55.270 372 719 W libc : invalid pthread_t (0) passed to pthread_join
06-10 15:19:55.270 372 719 W libc : invalid pthread_t (0) passed to pthread_join
06-10 15:19:55.270 372 719 W libc : invalid pthread_t (0) passed to pthread_join
06-10 15:19:55.271 523 579 D CompatibilityChangeReporter: Compat change id reported: 135634846; UID 1000; state: DISABLED
06-10 15:19:55.271 523 579 D CompatibilityChangeReporter: Compat change id reported: 177438394; UID 1000; state: DISABLED
06-10 15:19:55.272 523 579 D CompatibilityChangeReporter: Compat change id reported: 135772972; UID 1000; state: DISABLED
06-10 15:19:55.272 523 579 D CompatibilityChangeReporter: Compat change id reported: 178038272; UID 1000; state: DISABLED
06-10 15:19:55.272 523 523 I SystemServerTiming: MakeIpSecServiceReady
06-10 15:19:55.273 523 579 D SystemServerInitThreadPool: Finished executing WebViewFactoryPreparation
06-10 15:19:55.273 523 523 D IpSecService: IpSecService is ready
06-10 15:19:55.273 523 523 I SystemServerTiming: MakeNetworkStatsServiceReady
06-10 15:19:55.275 367 481 I OMXClient: IOmx service obtained
06-10 15:19:55.275 372 372 I OMXStore: makeComponentInstance(OMX.allwinner.video.decoder.hevc.secure) in android.hardwar process
06-10 15:19:55.276 372 372 E omx_vdec: : This platform does not support secure video playback
06-10 15:19:55.276 372 372 E omx_sem : : handle is null
06-10 15:19:55.276 372 372 E omx_sem : : handle is null
06-10 15:19:55.276 372 372 E omx_sem : : handle is null
06-10 15:19:55.276 372 372 E omx_sem : : handle is null
06-10 15:19:55.276 372 372 E omx_sem : : handle is null
06-10 15:19:55.276 372 372 W omx_vdec_aw: : pdec is null
06-10 15:19:55.276 372 372 E android.hardware.media.omx@1.0-service: Failed to allocate omx component 'OMX.allwinner.video.decoder.hevc.secure' err=InvalidComponentName(0x80001002)
06-10 15:19:55.277 367 481 W OmxInfoBuilder: Fail to add media type video/hevc to codec OMX.allwinner.video.decoder.hevc.secure
06-10 15:19:55.272 281 281 I EventThread: type=1400 audit(0.0:330): avc: denied { search } for name="extcon" dev="sysfs" ino=18109 scontext=u:r:hal_tv_cec_default:s0 tcontext=u:object_r:sysfs_extcon:s0 tclass=dir permissive=1
06-10 15:19:55.278 523 523 W BestClock: java.time.DateTimeException: Missing NTP fix
06-10 15:19:55.278 367 481 I OMXClient: IOmx service obtained
06-10 15:19:55.279 372 372 I OMXStore: makeComponentInstance(OMX.allwinner.video.decoder.mpeg2) in android.hardwar process
06-10 15:19:55.279 523 558 W BatteryExternalStatsWorker: error reading modem stats:ERROR_PHONE_NOT_AVAILABLE
06-10 15:19:55.280 372 372 I omx_vdec_aw: : OmxDecoderCreate.
06-10 15:19:55.281 372 372 W omx_vdec: <__AwOmxVdecSetParameter:1561>: Set Parameter called in valid state
06-10 15:19:55.281 372 372 W omx_vdec: : pParamProfileLevel->nProfileIndex[0x2] error!
06-10 15:19:55.281 372 372 E OMXNodeInstance: getParameter(0xf01cc000:allwinner.decoder.mpeg2, ParamVideoProfileLevelQuerySupported(0x600000f)) ERROR: BadParameter(0x80001005)
06-10 15:19:55.282 372 372 W omx_vdec: <__AwOmxVdecGetExtensionIndex:1737>: GetExtensionIndex OMX.google.android.index.describeColorFormat, err [0x80001001].
06-10 15:19:55.282 372 372 W omx_vdec: <__AwOmxVdecGetExtensionIndex:1737>: GetExtensionIndex OMX.google.android.index.describeColorFormat2, err [0x80001001].
06-10 15:19:55.282 372 372 E omx_vdec: : erro: pParamData->nIndex > m_sPortFormatType.nIndex
06-10 15:19:55.282 372 372 W omx_vdec: <__AwOmxVdecGetExtensionIndex:1737>: GetExtensionIndex OMX.google.android.index.describeColorFormat, err [0x80001001].
06-10 15:19:55.282 372 372 W omx_vdec: <__AwOmxVdecGetExtensionIndex:1737>: GetExtensionIndex OMX.google.android.index.describeColorFormat2, err [0x80001001].
06-10 15:19:55.282 372 372 E omx_vdec: : erro: pParamData->nIndex > m_sPortFormatType.nIndex
06-10 15:19:55.282 372 372 W omx_vdec: <__AwOmxVdecGetExtensionIndex:1737>: GetExtensionIndex OMX.google.android.index.describeColorFormat, err [0x80001001].
06-10 15:19:55.282 372 372 W omx_vdec: <__AwOmxVdecGetExtensionIndex:1737>: GetExtensionIndex OMX.google.android.index.describeColorFormat2, err [0x80001001].
06-10 15:19:55.283 372 372 E omx_vdec: : erro: pParamData->nIndex > m_sPortFormatType.nIndex
06-10 15:19:55.283 372 372 W omx_vdec: <__AwOmxVdecGetExtensionIndex:1737>: GetExtensionIndex OMX.google.android.index.describeColorFormat, err [0x80001001].
06-10 15:19:55.283 372 372 W omx_vdec: <__AwOmxVdecGetExtensionIndex:1737>: GetExtensionIndex OMX.google.android.index.describeColorFormat2, err [0x80001001].
06-10 15:19:55.283 372 372 E omx_vdec: : erro: pParamData->nIndex > m_sPortFormatType.nIndex
06-10 15:19:55.283 372 372 W omx_vdec: <__AwOmxVdecGetExtensionIndex:1737>: GetExtensionIndex OMX.google.android.index.describeColorFormat, err [0x80001001].
06-10 15:19:55.283 372 372 W omx_vdec: <__AwOmxVdecGetExtensionIndex:1737>: GetExtensionIndex OMX.google.android.index.describeColorFormat2, err [0x80001001].
06-10 15:19:55.283 372 372 E omx_vdec: : erro: pParamData->nIndex > m_sPortFormatType.nIndex
06-10 15:19:55.283 372 372 W omx_vdec: <__AwOmxVdecGetExtensionIndex:1737>: GetExtensionIndex OMX.google.android.index.describeColorFormat, err [0x80001001].
06-10 15:19:55.283 372 372 W omx_vdec: <__AwOmxVdecGetExtensionIndex:1737>: GetExtensionIndex OMX.google.android.index.describeColorFormat2, err [0x80001001].
06-10 15:19:55.284 372 372 E omx_vdec: : erro: pParamData->nIndex > m_sPortFormatType.nIndex
06-10 15:19:55.284 372 372 W omx_vdec: <__AwOmxVdecGetExtensionIndex:1737>: GetExtensionIndex OMX.google.android.index.describeColorFormat, err [0x80001001].
06-10 15:19:55.284 372 372 W omx_vdec: <__AwOmxVdecGetExtensionIndex:1737>: GetExtensionIndex OMX.google.android.index.describeColorFormat2, err [0x80001001].
06-10 15:19:55.284 372 372 E omx_vdec: : erro: pParamData->nIndex > m_sPortFormatType.nIndex
06-10 15:19:55.284 372 372 W omx_vdec: <__AwOmxVdecGetExtensionIndex:1737>: GetExtensionIndex OMX.google.android.index.describeColorFormat, err [0x80001001].
06-10 15:19:55.284 372 372 W omx_vdec: <__AwOmxVdecGetExtensionIndex:1737>: GetExtensionIndex OMX.google.android.index.describeColorFormat2, err [0x80001001].
06-10 15:19:55.284 372 372 E omx_vdec: : erro: pParamData->nIndex > m_sPortFormatType.nIndex
06-10 15:19:55.284 372 372 W omx_vdec: <__AwOmxVdecGetExtensionIndex:1737>: GetExtensionIndex OMX.google.android.index.describeColorFormat, err [0x80001001].
06-10 15:19:55.284 372 372 W omx_vdec: <__AwOmxVdecGetExtensionIndex:1737>: GetExtensionIndex OMX.google.android.index.describeColorFormat2, err [0x80001001].
06-10 15:19:55.285 372 372 E omx_vdec: : erro: pParamData->nIndex > m_sPortFormatType.nIndex
06-10 15:19:55.285 372 372 W omx_vdec: <__AwOmxVdecGetExtensionIndex:1737>: GetExtensionIndex OMX.google.android.index.describeColorFormat, err [0x80001001].
06-10 15:19:55.285 372 372 W omx_vdec: <__AwOmxVdecGetExtensionIndex:1737>: GetExtensionIndex OMX.google.android.index.describeColorFormat2, err [0x80001001].
06-10 15:19:55.285 372 372 E omx_vdec: : erro: pParamData->nIndex > m_sPortFormatType.nIndex
06-10 15:19:55.285 372 372 W omx_vdec: <__AwOmxVdecGetExtensionIndex:1737>: GetExtensionIndex OMX.google.android.index.describeColorFormat, err [0x80001001].
06-10 15:19:55.285 372 372 W omx_vdec: <__AwOmxVdecGetExtensionIndex:1737>: GetExtensionIndex OMX.google.android.index.describeColorFormat2, err [0x80001001].
06-10 15:19:55.285 372 372 E omx_vdec: : erro: pParamData->nIndex > m_sPortFormatType.nIndex
06-10 15:19:55.285 372 372 W omx_vdec: <__AwOmxVdecGetExtensionIndex:1737>: GetExtensionIndex OMX.google.android.index.describeColorFormat, err [0x80001001].
06-10 15:19:55.285 372 372 W omx_vdec: <__AwOmxVdecGetExtensionIndex:1737>: GetExtensionIndex OMX.google.android.index.describeColorFormat2, err [0x80001001].
06-10 15:19:55.286 372 372 E omx_vdec: : erro: pParamData->nIndex > m_sPortFormatType.nIndex
06-10 15:19:55.286 372 372 W omx_vdec: <__AwOmxVdecGetExtensionIndex:1737>: GetExtensionIndex OMX.google.android.index.describeColorFormat, err [0x80001001].
06-10 15:19:55.286 372 372 W omx_vdec: <__AwOmxVdecGetExtensionIndex:1737>: GetExtensionIndex OMX.google.android.index.describeColorFormat2, err [0x80001001].
06-10 15:19:55.286 372 372 E omx_vdec: : erro: pParamData->nIndex > m_sPortFormatType.nIndex
06-10 15:19:55.286 372 372 W omx_vdec: <__AwOmxVdecGetExtensionIndex:1737>: GetExtensionIndex OMX.google.android.index.describeColorFormat, err [0x80001001].
06-10 15:19:55.286 372 372 W omx_vdec: <__AwOmxVdecGetExtensionIndex:1737>: GetExtensionIndex OMX.google.android.index.describeColorFormat2, err [0x80001001].
06-10 15:19:55.286 372 372 E omx_vdec: : erro: pParamData->nIndex > m_sPortFormatType.nIndex
06-10 15:19:55.286 372 372 W omx_vdec: <__AwOmxVdecGetExtensionIndex:1737>: GetExtensionIndex OMX.google.android.index.describeColorFormat, err [0x80001001].
06-10 15:19:55.286 523 616 W NetworkPolicy: setRestrictBackgroundUL: already false
06-10 15:19:55.287 372 372 W omx_vdec: <__AwOmxVdecGetExtensionIndex:1737>: GetExtensionIndex OMX.google.android.index.describeColorFormat2, err [0x80001001].
06-10 15:19:55.287 372 372 E omx_vdec: : erro: pParamData->nIndex > m_sPortFormatType.nIndex
06-10 15:19:55.287 372 372 W omx_vdec: <__AwOmxVdecGetExtensionIndex:1737>: GetExtensionIndex OMX.google.android.index.describeColorFormat, err [0x80001001].
06-10 15:19:55.287 372 372 W omx_vdec: <__AwOmxVdecGetExtensionIndex:1737>: GetExtensionIndex OMX.google.android.index.describeColorFormat2, err [0x80001001].
06-10 15:19:55.287 372 372 E omx_vdec: : erro: pParamData->nIndex > m_sPortFormatType.nIndex
06-10 15:19:55.288 372 372 W omx_vdec: <__AwOmxVdecGetExtensionIndex:1737>: GetExtensionIndex OMX.google.android.index.describeColorFormat, err [0x80001001].
06-10 15:19:55.289 372 372 W omx_vdec: <__AwOmxVdecGetExtensionIndex:1737>: GetExtensionIndex OMX.google.android.index.describeColorFormat2, err [0x80001001].
06-10 15:19:55.289 372 372 E omx_vdec: : erro: pParamData->nIndex > m_sPortFormatType.nIndex
06-10 15:19:55.289 372 372 W omx_vdec: <__AwOmxVdecGetExtensionIndex:1737>: GetExtensionIndex OMX.google.android.index.describeColorFormat, err [0x80001001].
06-10 15:19:55.289 372 372 W omx_vdec: <__AwOmxVdecGetExtensionIndex:1737>: GetExtensionIndex OMX.google.android.index.describeColorFormat2, err [0x80001001].
06-10 15:19:55.289 372 372 E omx_vdec: : erro: pParamData->nIndex > m_sPortFormatType.nIndex
06-10 15:19:55.289 372 372 W omx_vdec: <__AwOmxVdecGetExtensionIndex:1737>: GetExtensionIndex OMX.google.android.index.describeColorFormat, err [0x80001001].
06-10 15:19:55.289 261 261 D Zygote : Forked child process 728
06-10 15:19:55.290 372 372 W omx_vdec: <__AwOmxVdecGetExtensionIndex:1737>: GetExtensionIndex OMX.google.android.index.describeColorFormat2, err [0x80001001].
06-10 15:19:55.290 372 372 E omx_vdec: : erro: pParamData->nIndex > m_sPortFormatType.nIndex
06-10 15:19:55.290 674 674 V GraphicsEnvironment: ANGLE Developer option for 'com.android.bluetooth' set to: 'default'
06-10 15:19:55.290 674 674 V GraphicsEnvironment: Neither updatable production driver nor prerelease driver is supported.
06-10 15:19:55.291 523 552 I ActivityManager: app.processName = WebViewLoader-armeabi-v7a
06-10 15:19:55.291 523 552 I ActivityManager: Start proc 728:WebViewLoader-armeabi-v7a/1037 [android.webkit.WebViewLibraryLoader$RelroFileCreator] for null
06-10 15:19:55.291 372 372 W omx_vdec: <__AwOmxVdecGetExtensionIndex:1737>: GetExtensionIndex OMX.google.android.index.describeColorFormat, err [0x80001001].
06-10 15:19:55.292 372 372 W omx_vdec: <__AwOmxVdecGetExtensionIndex:1737>: GetExtensionIndex OMX.google.android.index.describeColorFormat2, err [0x80001001].
06-10 15:19:55.292 372 372 E omx_vdec: : erro: pParamData->nIndex > m_sPortFormatType.nIndex
06-10 15:19:55.292 372 372 W omx_vdec: <__AwOmxVdecGetExtensionIndex:1737>: GetExtensionIndex OMX.google.android.index.describeColorFormat, err [0x80001001].
06-10 15:19:55.292 372 372 W omx_vdec: <__AwOmxVdecGetExtensionIndex:1737>: GetExtensionIndex OMX.google.android.index.describeColorFormat2, err [0x80001001].
06-10 15:19:55.292 372 372 E omx_vdec: : erro: pParamData->nIndex > m_sPortFormatType.nIndex
06-10 15:19:55.292 372 372 W omx_vdec: <__AwOmxVdecGetExtensionIndex:1737>: GetExtensionIndex OMX.google.android.index.describeColorFormat, err [0x80001001].
06-10 15:19:55.292 372 372 W omx_vdec: <__AwOmxVdecGetExtensionIndex:1737>: GetExtensionIndex OMX.google.android.index.describeColorFormat2, err [0x80001001].
06-10 15:19:55.292 372 372 E omx_vdec: : erro: pParamData->nIndex > m_sPortFormatType.nIndex
06-10 15:19:55.293 372 372 W omx_vdec: <__AwOmxVdecGetExtensionIndex:1737>: GetExtensionIndex OMX.google.android.index.describeColorFormat, err [0x80001001].
06-10 15:19:55.293 372 372 W omx_vdec: <__AwOmxVdecGetExtensionIndex:1737>: GetExtensionIndex OMX.google.android.index.describeColorFormat2, err [0x80001001].
06-10 15:19:55.293 372 372 E omx_vdec: : erro: pParamData->nIndex > m_sPortFormatType.nIndex
06-10 15:19:55.293 372 372 W omx_vdec: <__AwOmxVdecGetExtensionIndex:1737>: GetExtensionIndex OMX.google.android.index.describeColorFormat, err [0x80001001].
06-10 15:19:55.293 372 372 W omx_vdec: <__AwOmxVdecGetExtensionIndex:1737>: GetExtensionIndex OMX.google.android.index.describeColorFormat2, err [0x80001001].
06-10 15:19:55.293 372 372 E omx_vdec: : erro: pParamData->nIndex > m_sPortFormatType.nIndex
06-10 15:19:55.293 372 372 W omx_vdec: <__AwOmxVdecGetExtensionIndex:1737>: GetExtensionIndex OMX.google.android.index.describeColorFormat, err [0x80001001].
06-10 15:19:55.293 372 372 W omx_vdec: <__AwOmxVdecGetExtensionIndex:1737>: GetExtensionIndex OMX.google.android.index.describeColorFormat2, err [0x80001001].
06-10 15:19:55.294 372 372 E omx_vdec: : erro: pParamData->nIndex > m_sPortFormatType.nIndex
06-10 15:19:55.294 372 372 W omx_vdec: <__AwOmxVdecGetExtensionIndex:1737>: GetExtensionIndex OMX.google.android.index.describeColorFormat, err [0x80001001].
06-10 15:19:55.294 372 372 W omx_vdec: <__AwOmxVdecGetExtensionIndex:1737>: GetExtensionIndex OMX.google.android.index.describeColorFormat2, err [0x80001001].
06-10 15:19:55.294 372 372 E omx_vdec: : erro: pParamData->nIndex > m_sPortFormatType.nIndex
06-10 15:19:55.294 372 372 W omx_vdec: <__AwOmxVdecGetExtensionIndex:1737>: GetExtensionIndex OMX.google.android.index.describeColorFormat, err [0x80001001].
06-10 15:19:55.294 674 674 D NetworkSecurityConfig: No Network Security Config specified, using platform default
06-10 15:19:55.294 372 372 W omx_vdec: <__AwOmxVdecGetExtensionIndex:1737>: GetExtensionIndex OMX.google.android.index.describeColorFormat2, err [0x80001001].
06-10 15:19:55.294 372 372 E omx_vdec: : erro: pParamData->nIndex > m_sPortFormatType.nIndex
06-10 15:19:55.295 372 372 W omx_vdec: <__AwOmxVdecGetExtensionIndex:1737>: GetExtensionIndex OMX.google.android.index.describeColorFormat, err [0x80001001].
06-10 15:19:55.295 372 372 W omx_vdec: <__AwOmxVdecGetExtensionIndex:1737>: GetExtensionIndex OMX.google.android.index.describeColorFormat2, err [0x80001001].
06-10 15:19:55.295 372 372 E omx_vdec: : erro: pParamData->nIndex > m_sPortFormatType.nIndex
06-10 15:19:55.295 674 674 D NetworkSecurityConfig: No Network Security Config specified, using platform default
06-10 15:19:55.295 372 372 W omx_vdec: <__AwOmxVdecGetExtensionIndex:1737>: GetExtensionIndex OMX.google.android.index.describeColorFormat, err [0x80001001].
