06-10 15:19:59.917 523 607 I EventHub: New device: id=6, fd=312, path='/dev/input/event5', name='Logitech G102 LIGHTSYNC Gaming Mouse System Control', classes=KEYBOARD | EXTERNAL, configuration='', keyLayout='/system/usr/keylayout/Generic.kl', keyCharacterMap='/system/usr/keychars/Generic.kcm', builtinKeyboard=false,
06-10 15:19:59.917 523 607 I InputReader: Device added: id=4, eventHubId=6, name='Logitech G102 LIGHTSYNC Gaming Mouse System Control', descriptor='0c945141df4847607bfc33914f112e8b3a79788d',sources=0x00002103
06-10 15:19:59.918 523 607 I InputReader: Device added: id=4, eventHubId=5, name='Logitech G102 LIGHTSYNC Gaming Mouse Consumer Control', descriptor='0c945141df4847607bfc33914f112e8b3a79788d',sources=0x01002313
06-10 15:19:59.918 523 607 I InputReader: Device added: id=4, eventHubId=4, name='Logitech G102 LIGHTSYNC Gaming Mouse Keyboard', descriptor='0c945141df4847607bfc33914f112e8b3a79788d',sources=0x01002313
06-10 15:19:59.921 523 612 D CompatibilityChangeReporter: Compat change id reported: 135634846; UID 10074; state: DISABLED
06-10 15:19:59.921 523 612 W ActivityManager: Slow operation: 192ms so far, now at startProcess: done starting proc!
06-10 15:19:59.921 523 552 W ActivityManager: Slow operation: 140ms so far, now at startProcess: asking zygote to start proc
06-10 15:19:59.922 523 552 D CompatibilityChangeReporter: Compat change id reported: 143937733; UID 10074; state: ENABLED
06-10 15:19:59.922 523 612 I StorageUserConnection: Bound to the ExternalStorageService for user 0
06-10 15:19:59.920 664 664 I WCN : get_board_ant_num [three_ant]
06-10 15:19:59.920 664 664 E : wifi ini path = /vendor/etc/wifi_56630001_3ant.ini
06-10 15:19:59.931 523 551 I ActivityManager: com.dangbei.lerad.etna.haqu is exempt from freezer
06-10 15:19:59.933 523 551 D CompatibilityChangeReporter: Compat change id reported: 135634846; UID 1000; state: DISABLED
06-10 15:19:59.940 664 664 E sprdwl : __sprdwl_cmd_getbuf cant't get vif, ctx_id: 0
06-10 15:19:59.952 523 523 W Looper : Slow dispatch took 103ms main h=android.os.Handler c= m=1
06-10 15:19:59.957 261 261 D Zygote : Forked child process 1066
06-10 15:19:59.959 523 552 W ActivityManager: Slow operation: 178ms so far, now at startProcess: returned from zygote!
06-10 15:19:59.960 523 552 W ActivityManager: Slow operation: 179ms so far, now at startProcess: done updating battery stats
06-10 15:19:59.960 523 552 I Watchdog: Interesting Java process com.android.providers.media.module started. Pid 1066
06-10 15:19:59.960 523 552 W ActivityManager: Slow operation: 179ms so far, now at startProcess: building log message
06-10 15:19:59.960 523 552 I ActivityManager: app.processName = com.android.providers.media.module
06-10 15:19:59.960 523 552 I ActivityManager: Start proc 1066:com.android.providers.media.module/u0a74 for service {com.android.providers.media.module/com.android.providers.media.fuse.ExternalStorageServiceImpl}
06-10 15:19:59.960 523 552 W ActivityManager: Slow operation: 179ms so far, now at startProcess: starting to update pids map
06-10 15:19:59.960 523 543 D AW_CODE : rotation =0
06-10 15:19:59.972 523 542 I AppWidgetServiceImpl: Processing of handleUserUnlocked u0 took 13 ms
06-10 15:19:59.973 523 551 I ActivityManager: Posting BOOT_COMPLETED user #0
06-10 15:19:59.973 523 552 W ActivityManager: Slow operation: 192ms so far, now at startProcess: done updating pids map
06-10 15:19:59.975 523 543 D AW_CODE : rotation =0
06-10 15:19:59.966 664 664 E sprdwl : __sprdwl_cmd_getbuf cant't get vif, ctx_id: 0
06-10 15:19:59.981 523 647 V BackupManagerService: [UserID:0] No ancestral data
06-10 15:19:59.984 523 759 D CompatibilityChangeReporter: Compat change id reported: 135634846; UID 10018; state: DISABLED
06-10 15:19:59.984 523 759 D CompatibilityChangeReporter: Compat change id reported: 177438394; UID 10018; state: DISABLED
06-10 15:19:59.984 523 759 D CompatibilityChangeReporter: Compat change id reported: 135772972; UID 10018; state: DISABLED
06-10 15:19:59.984 523 759 D CompatibilityChangeReporter: Compat change id reported: 135754954; UID 10018; state: ENABLED
06-10 15:20:00.001 674 674 D BluetoothOppFileProvider: Initialized
06-10 15:20:00.002 261 261 D Zygote : Forked child process 1071
06-10 15:20:00.005 523 552 W ActivityManager: Slow operation: 76ms so far, now at startProcess: returned from zygote!
06-10 15:20:00.013 1071 1071 I Zygote : seccomp disabled by setenforce 0
06-10 15:20:00.016 523 1062 V BackupManagerConstants: getKeyValueBackupIntervalMilliseconds(...) returns 14400000
06-10 15:20:00.016 523 1062 V BackupManagerConstants: getKeyValueBackupFuzzMilliseconds(...) returns 600000
06-10 15:20:00.018 523 1062 V BackupManagerConstants: getKeyValueBackupRequiredNetworkType(...) returns 1
06-10 15:20:00.018 523 1062 V BackupManagerConstants: getKeyValueBackupRequireCharging(...) returns true
06-10 15:20:00.018 523 1062 V KeyValueBackupJob: Scheduling k/v pass in 247 minutes
06-10 15:20:00.019 822 822 D FallbackHome: User unlocked and real home found; let's go!
06-10 15:20:00.019 523 551 D CompatibilityChangeReporter: Compat change id reported: 135634846; UID 10016; state: DISABLED
06-10 15:20:00.019 523 551 D CompatibilityChangeReporter: Compat change id reported: 177438394; UID 10016; state: DISABLED
06-10 15:20:00.019 523 551 D CompatibilityChangeReporter: Compat change id reported: 135772972; UID 10016; state: DISABLED
06-10 15:20:00.019 523 551 D CompatibilityChangeReporter: Compat change id reported: 135754954; UID 10016; state: ENABLED
06-10 15:20:00.032 523 551 I SystemServerTimingAsync: ssm.UnlockedUser-0
06-10 15:20:00.032 523 551 I SystemServiceManager: Calling onUnlockedUser 0
06-10 15:20:00.033 523 552 W ActivityManager: Slow operation: 103ms so far, now at startProcess: done updating battery stats
06-10 15:20:00.033 523 552 W ActivityManager: Slow operation: 104ms so far, now at startProcess: building log message
06-10 15:20:00.033 523 552 I ActivityManager: app.processName = com.dangbei.lerad.etna.haqu
06-10 15:20:00.033 523 552 I ActivityManager: Start proc 1071:com.dangbei.lerad.etna.haqu/1000 for added application com.dangbei.lerad.etna.haqu
06-10 15:20:00.033 523 552 W ActivityManager: Slow operation: 104ms so far, now at startProcess: starting to update pids map
06-10 15:20:00.034 523 1062 D ConnectivityService: requestNetwork for uid/pid:1000/523 activeRequest: null callbackRequest: 22 [NetworkRequest [ REQUEST id=23, [ Capabilities: INTERNET&NOT_RESTRICTED&TRUSTED&NOT_VCN_MANAGED Uid: 1000 RequestorUid: 1000 RequestorPkg: android] ]] callback flags: 0 priority: 2147483647
06-10 15:20:00.034 664 664 E sprdwl : sprdwl_get_fw_info, drv_version=1, fw_version=2, compat_ver=0
06-10 15:20:00.045 664 664 E sprdwl : chip_model:0x2355, chip_ver:0x0
06-10 15:20:00.054 1066 1066 I Zygote : seccomp disabled by setenforce 0
06-10 15:20:00.059 523 523 W NotificationHistory: Attempted to add notif for locked/gone/disabled user 0
06-10 15:20:00.063 523 538 W StorageManagerService: Reporting emulated;0 unmounted due to system locked
06-10 15:20:00.060 664 664 E sprdwl : fw_ver:0, fw_std:0x53, fw_capa:0x120f4f
06-10 15:20:00.072 523 626 D ConnectivityService: NetReassign [no changes]
06-10 15:20:00.068 664 664 E sprdwl : mac_addr:b4:2f:03:15:e8:b9
06-10 15:20:00.073 523 758 I ActivityStarter: ---START u0 {act=android.intent.action.MAIN cat=[android.intent.category.HOME] flg=0x10000100 cmp=com.dangbei.leard.leradlauncher/com.dangbei.launcher.home.LauncherActivity (has extras)} from uid 0
06-10 15:20:00.074 523 661 D PPPOE : got request NetworkRequest [ REQUEST id=23, [ Capabilities: INTERNET&NOT_RESTRICTED&TRUSTED&NOT_VCN_MANAGED Uid: 1000 RequestorUid: 1000 RequestorPkg: android] ]
06-10 15:20:00.072 341 341 I rainbow_flow: type=1400 audit(0.0:401): avc: denied { ioctl } for path="/dev/spidev1.0" dev="tmpfs" ino=1377 ioctlcmd=0x6b00 scontext=u:r:init:s0 tcontext=u:object_r:device:s0 tclass=chr_file permissive=1
06-10 15:20:00.077 664 664 E sprdwl : credit_capa:TX_WITH_CREDIT, extend_feature:0x1
06-10 15:20:00.085 387 408 I adbd : jdwp connection from 1071
06-10 15:20:00.087 664 664 E sprdwl : ott support:1
06-10 15:20:00.094 387 408 I adbd : jdwp connection from 1066
06-10 15:20:00.095 334 335 D XM_HIDREAD: add@ add@/devices/platform/unisoc_wifi/ieee80211/phy0
06-10 15:20:00.099 523 660 D Ethernet: got request NetworkRequest [ REQUEST id=23, [ Capabilities: INTERNET&NOT_RESTRICTED&TRUSTED&NOT_VCN_MANAGED Uid: 1000 RequestorUid: 1000 RequestorPkg: android] ]
06-10 15:20:00.099 523 660 D EthernetNetworkFactory: acceptRequest, request: NetworkRequest [ REQUEST id=23, [ Capabilities: INTERNET&NOT_RESTRICTED&TRUSTED&NOT_VCN_MANAGED Uid: 1000 RequestorUid: 1000 RequestorPkg: android] ]
06-10 15:20:00.100 523 660 I EthernetNetworkFactory: networkForRequest, request: NetworkRequest [ REQUEST id=23, [ Capabilities: INTERNET&NOT_RESTRICTED&TRUSTED&NOT_VCN_MANAGED Uid: 1000 RequestorUid: 1000 RequestorPkg: android] ], network: null
06-10 15:20:00.121 334 335 D XM_HIDREAD: add@ add@/devices/platform/unisoc_wifi/ieee80211/phy0/rfkill2
06-10 15:20:00.125 664 664 E sprdwl : __sprdwl_cmd_getbuf cant't get vif, ctx_id: 0
06-10 15:20:00.168 523 758 D CompatibilityChangeReporter: Compat change id reported: 174042980; UID 1000; state: DISABLED
06-10 15:20:00.173 523 550 W Searchables: No global search activity found
06-10 15:20:00.179 523 758 D ActivityTaskManager: isHomeLauncher info= ActivityInfo{54a2f6a com.dangbei.launcher.home.LauncherActivity}
06-10 15:20:00.179 523 550 I system_server: Using smaps_rollup for pss collection
06-10 15:20:00.192 523 758 W System.err: java.io.IOException: Cannot run program "su": error=2, No such file or directory
06-10 15:20:00.193 523 758 W System.err: at java.lang.ProcessBuilder.start(ProcessBuilder.java:1050)
06-10 15:20:00.193 523 758 W System.err: at java.lang.Runtime.exec(Runtime.java:694)
06-10 15:20:00.193 523 758 W System.err: at java.lang.Runtime.exec(Runtime.java:524)
06-10 15:20:00.193 523 758 W System.err: at java.lang.Runtime.exec(Runtime.java:421)
06-10 15:20:00.193 523 758 W System.err: at com.android.server.wm.ActivityRecord.executeCMD(ActivityRecord.java:5940)
06-10 15:20:00.193 523 758 W System.err: at com.android.server.wm.ActivityRecord.isHomeLauncher(ActivityRecord.java:2431)
06-10 15:20:00.193 523 758 W System.err: at com.android.server.wm.RootWindowContainer.startPowerModeLaunchIfNeeded(RootWindowContainer.java:3653)
06-10 15:20:00.193 523 758 W System.err: at com.android.server.wm.ActivityStarter.startActivityInner(ActivityStarter.java:1786)
06-10 15:20:00.193 523 758 W System.err: at com.android.server.wm.ActivityStarter.startActivityUnchecked(ActivityStarter.java:1579)
06-10 15:20:00.193 523 758 W System.err: at com.android.server.wm.ActivityStarter.executeRequest(ActivityStarter.java:1186)
06-10 15:20:00.193 523 758 W System.err: at com.android.server.wm.ActivityStarter.execute(ActivityStarter.java:667)
06-10 15:20:00.193 523 758 W System.err: at com.android.server.wm.ActivityStartController.startHomeActivity(ActivityStartController.java:177)
06-10 15:20:00.193 523 758 W System.err: at com.android.server.wm.RootWindowContainer.startHomeOnTaskDisplayArea(RootWindowContainer.java:1565)
06-10 15:20:00.193 523 758 W System.err: at com.android.server.wm.RootWindowContainer.resumeHomeActivity(RootWindowContainer.java:1699)
06-10 15:20:00.193 523 758 W System.err: at com.android.server.wm.Task.resumeNextFocusableActivityWhenRootTaskIsEmpty(Task.java:6574)
06-10 15:20:00.193 523 758 W System.err: at com.android.server.wm.Task.resumeTopActivityInnerLocked(Task.java:6184)
06-10 15:20:00.193 523 758 W System.err: at com.android.server.wm.Task.resumeTopActivityUncheckedLocked(Task.java:6112)
06-10 15:20:00.193 523 758 W System.err: at com.android.server.wm.Task.resumeTopActivityUncheckedLocked(Task.java:6125)
06-10 15:20:00.193 523 758 W System.err: at com.android.server.wm.Task.resumeTopActivityUncheckedLocked(Task.java:6157)
06-10 15:20:00.193 523 758 W System.err: at com.android.server.wm.RootWindowContainer.resumeFocusedTasksTopActivities(RootWindowContainer.java:2387)
06-10 15:20:00.193 523 758 W System.err: at com.android.server.wm.RootWindowContainer.resumeFocusedTasksTopActivities(RootWindowContainer.java:2334)
06-10 15:20:00.193 523 758 W System.err: at com.android.server.wm.RootWindowContainer.resumeFocusedTasksTopActivities(RootWindowContainer.java:2329)
06-10 15:20:00.193 523 758 W System.err: at com.android.server.wm.ActivityRecord.addToFinishingAndWaitForIdle(ActivityRecord.java:3293)
06-10 15:20:00.193 523 758 W System.err: at com.android.server.wm.ActivityRecord.completeFinishing(ActivityRecord.java:3213)
06-10 15:20:00.193 523 758 W System.err: at com.android.server.wm.Task.completePauseLocked(Task.java:5864)
06-10 15:20:00.193 523 758 W System.err: at com.android.server.wm.ActivityRecord.activityPaused(ActivityRecord.java:5541)
06-10 15:20:00.193 523 758 W System.err: at com.android.server.wm.ActivityClientController.activityPaused(ActivityClientController.java:165)
06-10 15:20:00.193 523 758 W System.err: at android.app.IActivityClientController$Stub.onTransact(IActivityClientController.java:540)
06-10 15:20:00.193 523 758 W System.err: at com.android.server.wm.ActivityClientController.onTransact(ActivityClientController.java:111)
06-10 15:20:00.193 523 758 W System.err: at android.os.Binder.execTransactInternal(Binder.java:1179)
06-10 15:20:00.193 523 758 W System.err: at android.os.Binder.execTransact(Binder.java:1143)
06-10 15:20:00.194 523 758 W System.err: Caused by: java.io.IOException: error=2, No such file or directory
06-10 15:20:00.194 523 758 W System.err: at java.lang.UNIXProcess.forkAndExec(Native Method)
06-10 15:20:00.194 523 758 W System.err: at java.lang.UNIXProcess.(UNIXProcess.java:133)
06-10 15:20:00.194 523 758 W System.err: at java.lang.ProcessImpl.start(ProcessImpl.java:141)
06-10 15:20:00.194 523 758 W System.err: at java.lang.ProcessBuilder.start(ProcessBuilder.java:1029)
06-10 15:20:00.194 523 758 W System.err: ... 30 more
06-10 15:20:00.195 280 280 I AW_PowerHAL: Power setMode: SUSTAINED_PERFORMANCE to: 1
06-10 15:20:00.199 523 758 D CompatibilityChangeReporter: Compat change id reported: 168419799; UID 1000; state: DISABLED
06-10 15:20:00.200 674 848 I bt_core_module: system/bt/btcore/src/module.cc:90 module_start_up: module_start_up Started module "controller_module"
06-10 15:20:00.200 674 848 I bt_btm_pm: system/bt/stack/acl/btm_pm.cc:392 btm_pm_reset: reset pm
06-10 15:20:00.208 664 664 W unisoc_wifi wlan0: mixed HW and IP checksum settings.
06-10 15:20:00.209 523 542 W PppoeNetworkFactory: interfaceLinkStateChanged
06-10 15:20:00.209 334 335 D XM_HIDREAD: add@ add@/devices/platform/unisoc_wifi/net/wlan0
06-10 15:20:00.210 334 335 D XM_HIDREAD: add@ add@/devices/platform/unisoc_wifi/net/wlan0/queues/rx-0
06-10 15:20:00.210 523 542 D PppoeNetworkFactory: updateInterface: mIface: mPhyIface:eth0 iface:wlan0 link:down
06-10 15:20:00.210 334 335 D XM_HIDREAD: add@ add@/devices/platform/unisoc_wifi/net/wlan0/queues/tx-0
06-10 15:20:00.210 334 335 D XM_HIDREAD: add@ add@/devices/platform/unisoc_wifi/net/wlan1
06-10 15:20:00.210 523 542 D PppoeNetworkFactory: not tracker interface
06-10 15:20:00.210 523 542 I EthernetTracker: interfaceLinkStateChanged, iface: wlan0, up: false
06-10 15:20:00.217 280 280 W AW_PowerHAL: Could not open nsi-bw: No such file or directory
06-10 15:20:00.218 280 280 I AW_PowerHAL: cur-mode:PERFORMANCE
06-10 15:20:00.219 334 335 D XM_HIDREAD: add@ add@/devices/platform/unisoc_wifi/net/wlan1/queues/rx-0
06-10 15:20:00.219 334 335 D XM_HIDREAD: add@ add@/devices/platform/unisoc_wifi/net/wlan1/queues/tx-0
06-10 15:20:00.220 674 848 I btm_acl : system/bt/stack/acl/btm_acl.cc:654 check_link_policy: hold not supported (settings: 0x000d)
06-10 15:20:00.220 674 848 I btm_acl : system/bt/stack/acl/btm_acl.cc:664 check_link_policy: park not supported (settings: 0x0005)
06-10 15:20:00.220 674 848 I bt_btm_sec: system/bt/stack/btm/btm_sec.cc:226 BTM_SecRegister: BTM_SecRegister p_cb_info->p_le_callback == 0x0xc6f976c1
06-10 15:20:00.220 674 848 I bt_btm_sec: system/bt/stack/btm/btm_sec.cc:241 BTM_SecRegister: BTM_SecRegister btm_cb.api.p_le_callback = 0x0xc6f976c1
06-10 15:20:00.223 523 542 W PppoeNetworkFactory: interfaceAdded
06-10 15:20:00.220 281 281 I EventThread: type=1400 audit(0.0:402): avc: denied { search } for name="extcon" dev="sysfs" ino=18109 scontext=u:r:hal_tv_cec_default:s0 tcontext=u:object_r:sysfs_extcon:s0 tclass=dir permissive=1
06-10 15:20:00.225 523 542 W PppoeNetworkFactory: interfaceAdded
06-10 15:20:00.230 523 542 W PppoeNetworkFactory: interfaceLinkStateChanged
06-10 15:20:00.221 664 664 W unisoc_wifi wlan1: mixed HW and IP checksum settings.
06-10 15:20:00.221 664 664 E unisoc_wifi wlan1: netif_napi_add() called with weight 128
06-10 15:20:00.236 523 542 D PppoeNetworkFactory: updateInterface: mIface: mPhyIface:eth0 iface:wlan1 link:down
06-10 15:20:00.236 674 1016 I bluetooth: system/bt/stack/gatt/gatt_api.cc:1019 GATT_Register: Allocated name:GattClient uuid:f19ab7a7-96db-2dd4-a608-9b5dbb9380db gatt_if:3 eatt_support:0
06-10 15:20:00.236 523 542 D PppoeNetworkFactory: not tracker interface
06-10 15:20:00.237 523 542 I EthernetTracker: interfaceLinkStateChanged, iface: wlan1, up: false
06-10 15:20:00.239 334 335 D XM_HIDREAD: add@ add@/module/sprdwl_ng
06-10 15:20:00.239 664 664 D wifi_hal-auto-detect: libwifi hal name: libwifi-hal-sprd.so
06-10 15:20:00.251 523 552 W ActivityManager: Slow operation: 322ms so far, now at startProcess: done updating pids map
06-10 15:20:00.251 523 552 W ActivityManager: Slow operation: 268ms so far, now at startProcess: asking zygote to start proc
06-10 15:20:00.251 523 551 I LaunchParamsPersister: Didn't find launch param folder for user 0
06-10 15:20:00.252 523 523 W Looper : Slow dispatch took 135ms main h=android.app.ActivityThread$H c=android.app.LoadedApk$ReceiverDispatcher$Args$$ExternalSyntheticLambda0@6a4bd3 m=0
06-10 15:20:00.255 523 551 W SystemServiceManager: Service com.android.server.wm.ActivityTaskManagerService$Lifecycle took 223 ms in onUnlockedUser-0
06-10 15:20:00.257 523 552 D CompatibilityChangeReporter: Compat change id reported: 143937733; UID 10018; state: ENABLED
06-10 15:20:00.265 762 849 I Tethering: adding IpServer for: wlan0
06-10 15:20:00.271 288 288 I BpBinder: onLastStrongRef automatically unlinking death recipients:
06-10 15:20:00.275 523 523 V NotificationAssistants: disabling notification assistant for user 0: ComponentInfo{android.ext.services/android.ext.services.notification.Assistant}
06-10 15:20:00.276 674 1016 I bt_stack: [INFO:ble_advertiser_hci_interface.cc(767)] Extended advertising will be in use
06-10 15:20:00.278 674 855 D AdapterProperties: BT_PROPERTY_LOCAL_LE_FEATURES: update from BT controller mNumOfAdvertisementInstancesSupported = 0 mRpaOffloadSupported = false mNumOfOffloadedIrkSupported = 0 mNumOfOffloadedScanFilterSupported = 0 mOffloadedScanResultStorageBytes= 0 mIsActivityAndEnergyReporting = false mVersSupported = 0 mTotNumOfTrackableAdv = 0 mIsExtendedScanSupported = false mIsDebugLogSupported = false mIsLe2MPhySupported = true mIsLeCodedPhySupported = true mIsLeExtendedAdvertisingSupported = true mIsLePeriodicAdvertisingSupported = true mLeMaximumAdvertisingDataLength = 1650 mDynamicAudioBufferSizeSupportedCodecsGroup1 = 0 mDynamicAudioBufferSizeSupportedCodecsGroup2 = 0
06-10 15:20:00.280 674 1016 E bt_btif_storage: system/bt/btif/src/btif_storage.cc:632 btif_storage_get_adapter_property: btif_storage_get_adapter_property: Controller ready!
06-10 15:20:00.280 674 1016 I bt_btif_storage: system/bt/btif/src/btif_storage.cc:661 btif_storage_get_adapter_property: btif_storage_get_adapter_property service_mask:0x20000000
06-10 15:20:00.280 674 1016 I bt_stack: [INFO:btif_bqr.cc(229)] EnableBtQualityReport: is_enable: true
06-10 15:20:00.281 674 1016 W bt_stack: [WARNING:btif_bqr.cc(237)] EnableBtQualityReport: Bluetooth Quality Report is disabled. bqr_prop_evtmask: , bqr_prop_interval_ms:
06-10 15:20:00.282 674 1108 I bt_osi_thread: system/bt/osi/src/thread.cc:209 run_thread: run_thread: thread id 1108, thread name btif_sock started
06-10 15:20:00.282 523 523 D NotificationListeners: Removing active service ComponentInfo{android.ext.services/android.ext.services.notification.Assistant}
06-10 15:20:00.291 523 1105 E TaskPersister: File error accessing recents directory (directory doesn't exist?).
06-10 15:20:00.293 261 261 D Zygote : Forked child process 1109
06-10 15:20:00.294 523 552 W ActivityManager: Slow operation: 311ms so far, now at startProcess: returned from zygote!
06-10 15:20:00.300 523 551 W ActivityManager: UserLifecycleEvent 6 received without an active userJourneySession.
06-10 15:20:00.308 523 659 D CompatibilityChangeReporter: Compat change id reported: 181136395; UID 1000; state: DISABLED
06-10 15:20:00.314 523 659 D CompatibilityChangeReporter: Compat change id reported: 174042936; UID 1000; state: DISABLED
06-10 15:20:00.316 674 1016 I bt_bte_conf: system/bt/main/bte_conf.cc:84 bte_load_did_conf: Device ID record 1 : primary
06-10 15:20:00.316 674 1016 I bt_bte_conf: system/bt/main/bte_conf.cc:85 bte_load_did_conf: vendorId = 00e0
06-10 15:20:00.316 674 1016 I bt_bte_conf: system/bt/main/bte_conf.cc:86 bte_load_did_conf: vendorIdSource = 0001
06-10 15:20:00.316 674 1016 I bt_bte_conf: system/bt/main/bte_conf.cc:87 bte_load_did_conf: product = 1200
06-10 15:20:00.316 674 1016 I bt_bte_conf: system/bt/main/bte_conf.cc:88 bte_load_did_conf: version = 1436
06-10 15:20:00.316 674 1016 I bt_bte_conf: system/bt/main/bte_conf.cc:89 bte_load_did_conf: clientExecutableURL =
06-10 15:20:00.316 674 1016 I bt_bte_conf: system/bt/main/bte_conf.cc:90 bte_load_did_conf: serviceDescription =
06-10 15:20:00.316 674 1016 I bt_bte_conf: system/bt/main/bte_conf.cc:91 bte_load_did_conf: documentationURL =
06-10 15:20:00.316 674 1016 I bt_bta_dm: system/bt/bta/dm/bta_dm_act.cc:3191 bta_dm_eir_update_uuid: EIR Adding UUID=0x1200 into extended inquiry response
06-10 15:20:00.316 674 1016 I bt_bta_dm: system/bt/bta/dm/bta_dm_act.cc:2890 bta_dm_set_eir: Generating extended inquiry response packet EIR
06-10 15:20:00.316 674 1016 I bt_bte_conf: system/bt/main/bte_conf.cc:47 bte_load_did_conf: bte_load_did_conf no section named DID2.
06-10 15:20:00.316 674 1016 I bt_btif_core: system/bt/btif/src/btif_core.cc:312 btif_enable_bluetooth_evt: Bluetooth enable event completed
06-10 15:20:00.316 674 1016 I bt_bta_dm: system/bt/bta/dm/bta_dm_act.cc:2890 bta_dm_set_eir: Generating extended inquiry response packet EIR
06-10 15:20:00.317 674 848 I bt_stack_manager: system/bt/btif/src/stack_manager.cc:311 event_start_up_stack: event_start_up_stack finished
06-10 15:20:00.322 523 538 D CompatibilityChangeReporter: Compat change id reported: 168419799; UID 10074; state: DISABLED
06-10 15:20:00.323 1071 1071 D CompatibilityChangeReporter: Compat change id reported: 171979766; UID 1000; state: DISABLED
06-10 15:20:00.328 664 664 I wifi@1.0-servic: type=1400 audit(0.0:403): avc: denied { read } for name="u:object_r:persist_vendor_debug_wifi_prop:s0" dev="tmpfs" ino=6442 scontext=u:r:hal_wifi_default:s0 tcontext=u:object_r:persist_vendor_debug_wifi_prop:s0 tclass=file permissive=1
06-10 15:20:00.328 664 664 I wifi@1.0-servic: type=1400 audit(0.0:404): avc: denied { open } for path="/dev/__properties__/u:object_r:persist_vendor_debug_wifi_prop:s0" dev="tmpfs" ino=6442 scontext=u:r:hal_wifi_default:s0 tcontext=u:object_r:persist_vendor_debug_wifi_prop:s0 tclass=file permissive=1
06-10 15:20:00.335 1109 1109 I Zygote : seccomp disabled by setenforce 0
06-10 15:20:00.336 664 664 W audit : audit_lost=28 audit_rate_limit=5 audit_backlog_limit=64
06-10 15:20:00.336 664 664 E audit : rate limit exceeded
06-10 15:20:00.328 664 664 I wifi@1.0-servic: type=1400 audit(0.0:405): avc: denied { getattr } for path="/dev/__properties__/u:object_r:persist_vendor_debug_wifi_prop:s0" dev="tmpfs" ino=6442 scontext=u:r:hal_wifi_default:s0 tcontext=u:object_r:persist_vendor_debug_wifi_prop:s0 tclass=file permissive=1
06-10 15:20:00.348 664 664 I android.hardware.wifi@1.0-service-lazy: Wifi HAL started
06-10 15:20:00.350 523 619 I WifiVendorHal: Vendor Hal started successfully
06-10 15:20:00.364 523 545 I ActivityManager: com.dangbei.leard.leradlauncher is exempt from freezer
06-10 15:20:00.364 1071 1071 D ApplicationLoaders: Returning zygote-cached class loader: /system/framework/android.test.base.jar
06-10 15:20:00.364 1071 1071 D ApplicationLoaders: Returning zygote-cached class loader: /system/framework/android.hidl.manager-V1.0-java.jar
06-10 15:20:00.364 1071 1071 D ApplicationLoaders: Returning zygote-cached class loader: /system/framework/android.hidl.base-V1.0-java.jar
06-10 15:20:00.365 523 545 D CompatibilityChangeReporter: Compat change id reported: 135634846; UID 1000; state: DISABLED
06-10 15:20:00.367 523 552 W ActivityManager: Slow operation: 384ms so far, now at startProcess: done updating battery stats
06-10 15:20:00.367 523 552 W ActivityManager: Slow operation: 384ms so far, now at startProcess: building log message
06-10 15:20:00.368 523 552 I ActivityManager: app.processName = com.android.traceur
06-10 15:20:00.368 523 552 I ActivityManager: Start proc 1109:com.android.traceur/u0a18 for broadcast {com.android.traceur/com.android.traceur.Receiver}
06-10 15:20:00.368 683 683 D TvPipController: onTaskStackChanged()
06-10 15:20:00.369 523 552 W ActivityManager: Slow operation: 385ms so far, now at startProcess: starting to update pids map
06-10 15:20:00.370 523 552 W ActivityManager: Slow operation: 387ms so far, now at startProcess: done updating pids map
06-10 15:20:00.371 523 552 W ActivityManager: Slow operation: 352ms so far, now at startProcess: asking zygote to start proc
06-10 15:20:00.375 1066 1066 D CompatibilityChangeReporter: Compat change id reported: 171979766; UID 10074; state: DISABLED
06-10 15:20:00.379 523 552 D CompatibilityChangeReporter: Compat change id reported: 143937733; UID 10016; state: ENABLED
06-10 15:20:00.384 762 849 I Tethering: adding IpServer for: wlan1
06-10 15:20:00.389 387 408 I adbd : jdwp connection from 1109
06-10 15:20:00.399 523 523 V NotificationAssistants: enabling notification assistant for 0: ComponentInfo{android.ext.services/android.ext.services.notification.Assistant}
06-10 15:20:00.400 523 523 V NotificationAssistants: binding: Intent { act=android.service.notification.NotificationAssistantService cmp=android.ext.services/.notification.Assistant (has extras) }
06-10 15:20:00.401 664 664 W android.hardware.wifi@1.0-service-lazy: No active wlan interfaces in use! Using default
06-10 15:20:00.401 664 664 E android.hardware.wifi@1.0-service-lazy: Unknown iface name: wlan0
06-10 15:20:00.401 664 664 E android.hardware.wifi@1.0-service-lazy: Unknown iface name: wlan0
06-10 15:20:00.402 674 855 D AdapterProperties: Name is: DBBOX-A2
06-10 15:20:00.418 261 261 D Zygote : Forked child process 1126
06-10 15:20:00.420 523 552 W ActivityManager: Slow operation: 401ms so far, now at startProcess: returned from zygote!
06-10 15:20:00.428 664 664 I WifiHAL : Initializing wifi
06-10 15:20:00.430 523 542 W PppoeNetworkFactory: interfaceLinkStateChanged
06-10 15:20:00.430 523 542 D PppoeNetworkFactory: updateInterface: mIface: mPhyIface:eth0 iface:wlan0 link:up
06-10 15:20:00.430 523 542 D PppoeNetworkFactory: not tracker interface
06-10 15:20:00.430 523 542 I EthernetTracker: interfaceLinkStateChanged, iface: wlan0, up: true
06-10 15:20:00.435 523 759 I WifiService: updateInterfaceIpState uid=1073
06-10 15:20:00.439 664 664 I ieee80211 phy0: sprdwl_vendor_get_support_feature
06-10 15:20:00.442 664 664 E WifiHAL : wifi_get_logger_supported_feature_set: Error -5 happened.
06-10 15:20:00.443 664 664 E WifiHAL : Failed to get supported logger feature set: -5
06-10 15:20:00.444 664 664 E WifiHAL : wifi_get_firmware_version: Error -5 happened.
06-10 15:20:00.444 664 664 E WifiHAL : Failed to get supported logger feature set: -5
06-10 15:20:00.445 664 664 E WifiHAL : get_firmware_bus_max_size_supported: requestResponse Error:-3
06-10 15:20:00.445 664 664 E WifiHAL : Failed to get supported bus size, error : -3
06-10 15:20:00.445 664 664 E WifiHAL : wifi_logger_ring_buffers_init: Ring buffer logging feature not supported 0
06-10 15:20:00.445 664 664 E WifiHAL : Wifi Logger Ring Initialization Failed
06-10 15:20:00.446 664 664 E WifiHAL : wifiGetCapabilities: Failed to send request, Error:-5
06-10 15:20:00.446 664 664 E WifiHAL : Failed to get wifi Capabilities, error: -5
06-10 15:20:00.447 664 664 I android.hardware.wifi@1.0-service-lazy: Adding interface handle for wlan1
06-10 15:20:00.447 664 664 I android.hardware.wifi@1.0-service-lazy: Adding interface handle for wlan0
06-10 15:20:00.447 664 664 W android.hardware.wifi@1.0-service-lazy: No active wlan interfaces in use! Using default
06-10 15:20:00.448 664 664 W android.hardware.wifi@1.0-service-lazy: No active wlan interfaces in use! Using default
06-10 15:20:00.449 664 664 E WifiHAL : wifi_get_driver_version: Error -5 happened.
06-10 15:20:00.449 664 664 E android.hardware.wifi@1.0-service-lazy: Failed to get driver version: INVALID_ARGS
06-10 15:20:00.449 664 664 I android.hardware.wifi@1.0-service-lazy: Configured chip in mode 3
06-10 15:20:00.449 664 664 W android.hardware.wifi@1.0-service-lazy: No active wlan interfaces in use! Using default
06-10 15:20:00.449 434 434 W hdr10p_Configure: 273 callbacks suppressed
06-10 15:20:00.449 434 434 I : DVI mode selected: packets not configured
06-10 15:20:00.449 434 434 W set_vsif_config: 273 callbacks suppressed
06-10 15:20:00.449 434 434 I : Error: set vsif failed
06-10 15:20:00.449 434 434 I : DVI mode selected: packets not configured
06-10 15:20:00.449 434 434 I : Error: set vsif failed
06-10 15:20:00.449 434 434 I : DVI mode selected: packets not configured
06-10 15:20:00.449 434 434 I : Error: set vsif failed
06-10 15:20:00.452 523 619 D HalDevMgr: updateRttController: no one is interested in RTT controllers
06-10 15:20:00.453 523 552 W ActivityManager: Slow operation: 435ms so far, now at startProcess: done updating battery stats
06-10 15:20:00.453 523 552 W ActivityManager: Slow operation: 435ms so far, now at startProcess: building log message
06-10 15:20:00.453 523 552 I ActivityManager: app.processName = android.process.media
06-10 15:20:00.453 523 552 I ActivityManager: Start proc 1126:android.process.media/u0a16 for broadcast {com.android.mtp/com.android.mtp.UsbIntentReceiver}
06-10 15:20:00.453 523 552 W ActivityManager: Slow operation: 435ms so far, now at startProcess: starting to update pids map
06-10 15:20:00.453 523 615 W BestClock: java.time.DateTimeException: Missing NTP fix
06-10 15:20:00.459 523 537 I WifiService: updateInterfaceIpState uid=1073
06-10 15:20:00.454 674 855 D AdapterProperties: Scan Mode:20
06-10 15:20:00.460 674 855 D AdapterProperties: Discoverable Timeout:120
06-10 15:20:00.462 523 552 W ActivityManager: Slow operation: 444ms so far, now at startProcess: done updating pids map
06-10 15:20:00.462 523 552 W ActivityManager: Slow operation: 99ms so far, now at startProcess: asking zygote to start proc
06-10 15:20:00.464 674 855 D AdapterProperties: Adding bonded device:E4:BB:D3:57:C0:7D
06-10 15:20:00.469 523 523 W Looper : Slow dispatch took 199ms main h=android.app.ActivityThread$H c=android.app.LoadedApk$ReceiverDispatcher$Args$$ExternalSyntheticLambda0@b4ce104 m=0
06-10 15:20:00.475 664 664 D WifiHAL : wifi_virtual_interface_create: ifname=wlan0 create
06-10 15:20:00.475 664 664 I android.hardware.wifi@1.0-service-lazy: Adding interface handle for wlan1
06-10 15:20:00.476 664 664 I android.hardware.wifi@1.0-service-lazy: Adding interface handle for wlan0
06-10 15:20:00.476 664 664 E android.hardware.wifi@1.0-service-lazy: Failed to set DFS flag; DFS channels may be unavailable.
06-10 15:20:00.483 434 434 I : DVI mode selected: packets not configured
06-10 15:20:00.483 434 434 I : Error: set vsif failed
06-10 15:20:00.483 434 434 I : DVI mode selected: packets not configured
06-10 15:20:00.483 434 434 I : Error: set vsif failed
06-10 15:20:00.483 434 434 I : DVI mode selected: packets not configured
06-10 15:20:00.483 434 434 I : Error: set vsif failed
06-10 15:20:00.483 523 647 I BackupManagerService: isBackupEnabled() => false due to absent settings file
06-10 15:20:00.483 523 647 D BackupManagerService: user:0 readBackupEnableState enabled:false
06-10 15:20:00.484 523 647 I BackupManagerService: [UserID:0] Backup enabled => false
06-10 15:20:00.488 523 759 D CompatibilityChangeReporter: Compat change id reported: 168419799; UID 10018; state: DISABLED
06-10 15:20:00.496 261 261 D Zygote : Forked child process 1128
06-10 15:20:00.498 523 552 W ActivityManager: Slow operation: 134ms so far, now at startProcess: returned from zygote!
06-10 15:20:00.509 1128 1128 I Zygote : seccomp disabled by setenforce 0
06-10 15:20:00.511 523 550 I ActivityManager: com.android.keychain is exempt from freezer
06-10 15:20:00.517 434 434 I : DVI mode selected: packets not configured
06-10 15:20:00.515 523 552 W ActivityManager: Slow operation: 152ms so far, now at startProcess: done updating battery stats
06-10 15:20:00.516 523 552 W ActivityManager: Slow operation: 152ms so far, now at startProcess: building log message
06-10 15:20:00.516 523 552 I ActivityManager: app.processName = com.dangbei.leard.leradlauncher
06-10 15:20:00.516 523 552 I ActivityManager: Start proc 1128:com.dangbei.leard.leradlauncher/1000 for top-activity {com.dangbei.leard.leradlauncher/com.dangbei.launcher.home.LauncherActivity}
06-10 15:20:00.516 523 552 W ActivityManager: Slow operation: 153ms so far, now at startProcess: starting to update pids map
06-10 15:20:00.516 523 552 W ActivityManager: Slow operation: 153ms so far, now at startProcess: done updating pids map
06-10 15:20:00.517 1109 1109 D CompatibilityChangeReporter: Compat change id reported: 171979766; UID 10018; state: ENABLED
06-10 15:20:00.521 523 615 W BestClock: java.time.DateTimeException: Missing NTP fix
06-10 15:20:00.522 664 664 I WifiHAL : mpdu_size_threshold : 128, aggressive_statistics_gathering : 0
06-10 15:20:00.523 664 664 E WifiHAL : wifi_set_link_stats: requestResponse Error:-5
06-10 15:20:00.517 434 434 I : Error: set vsif failed
06-10 15:20:00.517 434 434 I : DVI mode selected: packets not configured
06-10 15:20:00.517 434 434 I : Error: set vsif failed
06-10 15:20:00.517 434 434 I : DVI mode selected: packets not configured
06-10 15:20:00.517 434 434 I : Error: set vsif failed
06-10 15:20:00.538 523 615 W BestClock: java.time.DateTimeException: Missing NTP fix
06-10 15:20:00.541 387 408 I adbd : jdwp connection from 1128
06-10 15:20:00.542 261 261 D Zygote : Forked child process 1136
06-10 15:20:00.545 523 552 I ActivityManager: app.processName = com.android.keychain
06-10 15:20:00.545 523 552 I ActivityManager: Start proc 1136:com.android.keychain/1000 for service {com.android.keychain/com.android.keychain.KeyChainService}
06-10 15:20:00.552 1136 1136 I Zygote : seccomp disabled by setenforce 0
06-10 15:20:00.566 434 434 I : DVI mode selected: packets not configured
06-10 15:20:00.566 434 434 I : Error: set vsif failed
06-10 15:20:00.568 523 619 E WifiVendorHal: enableLinkLayerStats(l.1461) failed {.code = ERROR_INVALID_ARGS, .description = }
06-10 15:20:00.568 523 619 E WifiVendorHal: unable to enable link layer stats collection
06-10 15:20:00.569 523 619 D WifiNl80211Manager: Setting up interface for client mode: wlan0
06-10 15:20:00.573 371 371 I wificond: createClientInterface: wiphy_index 0 iface_name wlan0
06-10 15:20:00.577 371 371 I wificond: create scanner for interface with index: 14
06-10 15:20:00.578 371 371 I wificond: subscribe scan result for interface with index: 14
06-10 15:20:00.590 674 823 I AdapterState: BLE_ON : entered
06-10 15:20:00.595 674 823 D AdapterProperties: Setting state to BLE_ON
06-10 15:20:00.595 523 615 W BestClock: java.time.DateTimeException: Missing NTP fix
06-10 15:20:00.598 674 823 D BluetoothAdapterService: updateAdapterState() - Broadcasting state BLE_ON to 1 receivers.
06-10 15:20:00.598 387 408 I adbd : jdwp connection from 1136
06-10 15:20:00.599 523 544 D BluetoothManagerService: MESSAGE_BLUETOOTH_STATE_CHANGE: BLE_TURNING_ON > BLE_ON
06-10 15:20:00.599 523 544 D BluetoothManagerService: Bluetooth is in LE only mode
06-10 15:20:00.599 523 544 D BluetoothManagerService: Binding Bluetooth GATT service
06-10 15:20:00.603 523 523 I AccountManagerService: User 0 is unlocked - opening CE database
06-10 15:20:00.604 523 659 D AW_CODE : rotation =0
06-10 15:20:00.606 523 659 D CompatibilityChangeReporter: Compat change id reported: 174042980; UID 1000; state: DISABLED
06-10 15:20:00.606 1126 1126 I Zygote : seccomp disabled by setenforce 0
06-10 15:20:00.614 523 616 W BestClock: java.time.DateTimeException: Missing NTP fix
06-10 15:20:00.614 523 616 W BestClock: java.time.DateTimeException: Missing NTP fix
06-10 15:20:00.618 523 758 D CompatibilityChangeReporter: Compat change id reported: 168419799; UID 1000; state: DISABLED
06-10 15:20:00.622 523 544 D BluetoothManagerService: Sending BLE State Change: BLE_TURNING_ON > BLE_ON
06-10 15:20:00.622 371 371 I wificond: add channel type 0 support at wiphy index: 0
06-10 15:20:00.623 371 371 I wificond: add channel type 1 support at wiphy index: 0
06-10 15:20:00.629 523 619 I WifiNative: Interface state changed on Iface:{Name=wlan0,Id=0,Type=STA_SCAN}, isUp=true
06-10 15:20:00.629 523 619 I WifiNative: Successfully setup Iface:{Name=wlan0,Id=0,Type=STA_SCAN}
06-10 15:20:00.630 523 619 E SupplicantStaIfaceHal: checkHalVersionByInterfaceName: called but mServiceManager is null
06-10 15:20:00.630 523 619 E SupplicantStaIfaceHal: checkHalVersionByInterfaceName: called but mServiceManager is null
06-10 15:20:00.630 523 619 E SupplicantStaIfaceHal: Method getKeyMgmtCapabilities is not supported in existing HAL
06-10 15:20:00.630 523 619 E SupplicantStaIfaceHal: checkHalVersionByInterfaceName: called but mServiceManager is null
06-10 15:20:00.635 664 664 I ieee80211 phy0: sprdwl_vendor_get_support_feature
06-10 15:20:00.638 664 664 I ieee80211 phy0: sprdwl_vendor_get_support_feature
06-10 15:20:00.633 664 664 E WifiHAL : wifi_get_logger_supported_feature_set: Error -5 happened.
06-10 15:20:00.635 664 664 E WifiHAL : wifi_get_logger_supported_feature_set: Error -5 happened.
06-10 15:20:00.638 1136 1136 D CompatibilityChangeReporter: Compat change id reported: 171979766; UID 1000; state: ENABLED
06-10 15:20:00.637 1128 1128 D CompatibilityChangeReporter: Compat change id reported: 171979766; UID 1000; state: DISABLED
06-10 15:20:00.649 387 408 I adbd : jdwp connection from 1126
06-10 15:20:00.651 523 616 W BestClock: java.time.DateTimeException: Missing NTP fix
06-10 15:20:00.653 523 616 W BestClock: java.time.DateTimeException: Missing NTP fix
06-10 15:20:00.659 1128 1128 D ApplicationLoaders: Returning zygote-cached class loader: /system/framework/android.test.base.jar
06-10 15:20:00.659 1128 1128 D ApplicationLoaders: Returning zygote-cached class loader: /system/framework/android.hidl.manager-V1.0-java.jar
06-10 15:20:00.659 1128 1128 D ApplicationLoaders: Returning zygote-cached class loader: /system/framework/android.hidl.base-V1.0-java.jar
06-10 15:20:00.664 664 664 E WifiHAL : wifi_get_logger_supported_feature_set: Error -5 happened.
06-10 15:20:00.665 664 664 I ieee80211 phy0: sprdwl_vendor_get_support_feature
06-10 15:20:00.668 523 659 D CompatibilityChangeReporter: Compat change id reported: 168419799; UID 10016; state: DISABLED
06-10 15:20:00.669 523 619 E SupplicantStaIfaceHal: checkHalVersionByInterfaceName: called but mServiceManager is null
06-10 15:20:00.670 523 619 E SupplicantStaIfaceHal: checkHalVersionByInterfaceName: called but mServiceManager is null
06-10 15:20:00.670 523 619 I SupplicantStaIfaceHal: Method getWpaDriverFeatureSet is not supported in existing HAL
06-10 15:20:00.670 523 619 D WifiClientModeManager[wlan0]: entering StartedState
06-10 15:20:00.690 1126 1126 D CompatibilityChangeReporter: Compat change id reported: 171979766; UID 10016; state: ENABLED
06-10 15:20:00.696 523 619 D WakeupConfigStoreData: WifiWake user data has been read
06-10 15:20:00.702 523 619 D WifiConfigStore: Reading from user stores completed in 21 ms.
06-10 15:20:00.712 523 544 W IorapForwardingService: No service published for: iorapd
06-10 15:20:00.763 523 523 W Looper : Slow dispatch took 284ms main h=android.app.ActivityThread$H c=android.app.LoadedApk$ReceiverDispatcher$Args$$ExternalSyntheticLambda0@10308df m=0
06-10 15:20:00.772 523 673 I SyncManager: Loaded persisted syncs: 0 periodic syncs, 0 oneshot syncs, 16 total system server jobs, JobStats: FirstLoad: 5/2/0 LastSave: -1/-1/-1
06-10 15:20:00.775 523 523 W NotificationHistory: Attempted to add notif for locked/gone/disabled user 0
06-10 15:20:00.776 523 523 D BluetoothManagerService: Bluetooth Adapter address changed to B4:2F:03:15:73:2F
06-10 15:20:00.776 523 523 D BluetoothManagerService: Stored Bluetoothaddress: B4:2F:03:15:73:2F
06-10 15:20:00.777 523 523 D BluetoothManagerService: Bluetooth Adapter name changed to DBBOX-A2 by android
06-10 15:20:00.777 523 523 D BluetoothManagerService: Stored Bluetooth name: DBBOX-A2
06-10 15:20:00.777 523 523 V NotificationAssistants: 0 notification assistant service connected: ComponentInfo{android.ext.services/android.ext.services.notification.Assistant}
06-10 15:20:00.778 523 523 W Looper : Drained
06-10 15:20:00.795 1066 1066 V GraphicsEnvironment: ANGLE Developer option for 'com.android.providers.media.module' set to: 'default'
06-10 15:20:00.797 1066 1066 V GraphicsEnvironment: Neither updatable production driver nor prerelease driver is supported.
06-10 15:20:00.799 1066 1066 D NetworkSecurityConfig: No Network Security Config specified, using platform default
06-10 15:20:00.800 1066 1066 D NetworkSecurityConfig: No Network Security Config specified, using platform default
06-10 15:20:00.855 1126 1126 V GraphicsEnvironment: ANGLE Developer option for 'com.android.mtp' set to: 'default'
06-10 15:20:00.856 1126 1126 V GraphicsEnvironment: Neither updatable production driver nor prerelease driver is supported.
06-10 15:20:00.857 1126 1126 D NetworkSecurityConfig: No Network Security Config specified, using platform default
06-10 15:20:00.861 1071 1071 V GraphicsEnvironment: ANGLE Developer option for 'com.dangbei.lerad.etna.haqu' set to: 'default'
06-10 15:20:00.864 1126 1126 D NetworkSecurityConfig: No Network Security Config specified, using platform default
06-10 15:20:00.864 1071 1071 V GraphicsEnvironment: Neither updatable production driver nor prerelease driver is supported.
06-10 15:20:00.865 1128 1128 V GraphicsEnvironment: ANGLE Developer option for 'com.dangbei.leard.leradlauncher' set to: 'default'
06-10 15:20:00.865 1128 1128 V GraphicsEnvironment: Neither updatable production driver nor prerelease driver is supported.
06-10 15:20:00.869 1128 1128 D NetworkSecurityConfig: Using Network Security Config from resource network_permission_config debugBuild: false
06-10 15:20:00.870 1071 1071 D NetworkSecurityConfig: Using Network Security Config from resource network_security_config debugBuild: false
06-10 15:20:00.880 1109 1109 V GraphicsEnvironment: ANGLE Developer option for 'com.android.traceur' set to: 'default'
06-10 15:20:00.880 1071 1071 D NetworkSecurityConfig: Using Network Security Config from resource network_security_config debugBuild: false
06-10 15:20:00.880 1109 1109 V GraphicsEnvironment: Neither updatable production driver nor prerelease driver is supported.
06-10 15:20:00.881 1128 1128 D NetworkSecurityConfig: Using Network Security Config from resource network_permission_config debugBuild: false
06-10 15:20:00.883 1109 1109 D NetworkSecurityConfig: No Network Security Config specified, using platform default
06-10 15:20:00.883 1136 1136 V GraphicsEnvironment: ANGLE Developer option for 'com.android.keychain' set to: 'default'
06-10 15:20:00.883 1109 1109 D NetworkSecurityConfig: No Network Security Config specified, using platform default
06-10 15:20:00.883 1136 1136 V GraphicsEnvironment: Neither updatable production driver nor prerelease driver is supported.
06-10 15:20:00.884 1136 1136 D NetworkSecurityConfig: No Network Security Config specified, using platform default
06-10 15:20:00.885 1136 1136 D NetworkSecurityConfig: No Network Security Config specified, using platform default
06-10 15:20:00.913 523 619 D WifiConfigStore: Writing to stores completed in 198 ms.
06-10 15:20:00.914 523 619 D WifiNetworkFactory: got request NetworkRequest [ REQUEST id=23, [ Capabilities: INTERNET&NOT_RESTRICTED&TRUSTED&NOT_VCN_MANAGED Uid: 1000 RequestorUid: 1000 RequestorPkg: android] ]
06-10 15:20:00.915 523 619 D UntrustedWifiNetworkFactory: got request NetworkRequest [ REQUEST id=23, [ Capabilities: INTERNET&NOT_RESTRICTED&TRUSTED&NOT_VCN_MANAGED Uid: 1000 RequestorUid: 1000 RequestorPkg: android] ]
06-10 15:20:00.915 523 619 D OemPaidWifiNetworkFactory: got request NetworkRequest [ REQUEST id=23, [ Capabilities: INTERNET&NOT_RESTRICTED&TRUSTED&NOT_VCN_MANAGED Uid: 1000 RequestorUid: 1000 RequestorPkg: android] ]
06-10 15:20:00.918 523 619 D WifiService: updateInterfaceIpState: ifaceName=wlan0 mode=-1 previous LOHS mode= -1
06-10 15:20:00.918 523 619 D WifiService: updateInterfaceIpState: ifaceName=wlan1 mode=-1 previous LOHS mode= -1
06-10 15:20:00.920 523 523 D WifiP2pService: Wifi enabled=false
06-10 15:20:00.922 523 619 I android_os_HwBinder: HwBinder: Starting thread pool for getting: android.hidl.manager@1.0::IServiceManager/default
06-10 15:20:00.924 523 619 I SupplicantStaIfaceHal: Starting supplicant using HIDL
06-10 15:20:00.925 200 200 I hwservicemanager: Since android.hardware.wifi.supplicant@1.0::ISupplicant/default is not registered, trying to start it as a lazy HAL.
06-10 15:20:00.927 523 619 D SupplicantStaIfaceHal: Successfully triggered start of supplicant using HIDL
06-10 15:20:00.971 1066 1066 V MediaProvider: Attached media from com.android.providers.media.module
06-10 15:20:00.998 383 383 I update_engine: [INFO:cleanup_previous_update_action.cc(112)] Executing task 7
06-10 15:20:01.007 1109 1109 I Traceur : Received BOOT_COMPLETE
06-10 15:20:01.042 1128 1128 I MultiDex: VM with version 2.1.0 has multidex support
06-10 15:20:01.042 1128 1128 I MultiDex: Installing application
06-10 15:20:01.042 1128 1128 I MultiDex: VM has multidex support, MultiDex support library is disabled.
06-10 15:20:01.048 523 537 I ActivityManager: com.oranth.ledstatus is exempt from freezer
06-10 15:20:01.049 523 537 D CompatibilityChangeReporter: Compat change id reported: 135634846; UID 1000; state: DISABLED
06-10 15:20:01.072 1066 1066 I TranscodeHelper: Empty transcode compat stale
06-10 15:20:01.074 1066 1066 I TranscodeHelper: Parsed 0 packages from resource
06-10 15:20:01.074 261 261 D Zygote : Forked child process 1190
06-10 15:20:01.074 1066 1066 I TranscodeHelper: Empty device config transcode compat manifest
06-10 15:20:01.078 523 552 I ActivityManager: app.processName = com.oranth.ledstatus
06-10 15:20:01.079 523 552 I ActivityManager: Start proc 1190:com.oranth.ledstatus/1000 for broadcast {com.oranth.ledstatus/com.oranth.ledstatus.BootCompletedReceiver}
06-10 15:20:01.082 1071 1071 I MultiDex: VM with version 2.1.0 has multidex support
06-10 15:20:01.083 1071 1071 I MultiDex: Installing application
06-10 15:20:01.083 1071 1071 I MultiDex: VM has multidex support, MultiDex support library is disabled.
06-10 15:20:01.089 1190 1190 I Zygote : seccomp disabled by setenforce 0
06-10 15:20:01.098 1190 1190 I ranth.ledstatu: Late-enabling -Xcheck:jni
06-10 15:20:01.100 341 341 I rainbow_flow: type=1400 audit(0.0:410): avc: denied { ioctl } for path="/dev/spidev1.0" dev="tmpfs" ino=1377 ioctlcmd=0x6b00 scontext=u:r:init:s0 tcontext=u:object_r:device:s0 tclass=chr_file permissive=1
06-10 15:20:01.121 383 383 I update_engine: CheckTargetMergeState for product_b returned: 3
06-10 15:20:01.133 523 537 W StorageManagerService: Reporting emulated;0 unmounted due to system locked
06-10 15:20:01.163 523 537 W StorageManagerService: Reporting emulated;0 unmounted due to system locked
06-10 15:20:01.189 387 408 I adbd : jdwp connection from 1190
06-10 15:20:01.224 383 383 I update_engine: CheckTargetMergeState for vendor_b returned: 3
06-10 15:20:01.224 281 281 I EventThread: type=1400 audit(0.0:411): avc: denied { search } for name="extcon" dev="sysfs" ino=18109 scontext=u:r:hal_tv_cec_default:s0 tcontext=u:object_r:sysfs_extcon:s0 tclass=dir permissive=1
06-10 15:20:01.231 523 537 D CompatibilityChangeReporter: Compat change id reported: 168419799; UID 1000; state: DISABLED
06-10 15:20:01.284 1190 1190 D CompatibilityChangeReporter: Compat change id reported: 171979766; UID 1000; state: DISABLED
06-10 15:20:01.302 1066 1066 V MediaStore: Examining volume emulated;0 with name external_primary and state checking
06-10 15:20:01.308 1066 1066 D CompatibilityChangeReporter: Compat change id reported: 148180766; UID 10074; state: ENABLED
06-10 15:20:01.312 1066 1066 D PulledMetrics: Registering callback with StatsManager
06-10 15:20:01.328 383 383 I update_engine: type=1400 audit(0.0:412): avc: denied { read } for name="bootconfig" dev="proc" ino=4026532054 scontext=u:r:update_engine:s0 tcontext=u:object_r:proc_bootconfig:s0 tclass=file permissive=1
06-10 15:20:01.328 383 383 I update_engine: type=1400 audit(0.0:413): avc: denied { open } for path="/proc/bootconfig" dev="proc" ino=4026532054 scontext=u:r:update_engine:s0 tcontext=u:object_r:proc_bootconfig:s0 tclass=file permissive=1
06-10 15:20:01.328 383 383 I update_engine: type=1400 audit(0.0:414): avc: denied { getattr } for path="/proc/bootconfig" dev="proc" ino=4026532054 scontext=u:r:update_engine:s0 tcontext=u:object_r:proc_bootconfig:s0 tclass=file permissive=1
