06-10 15:21:22.987 3302 3302 D HiSight-SinkService: ITaskBinder registerCallback: true
06-10 15:21:22.988 3302 3302 D HiSight-HiSightManager: ITaskBinder registerCallback.
06-10 15:21:22.989 3302 3302 D HiSight-CallbackManager: addNewCallback. com.dangbei.screencast.huaweicast.service.HuaweiCastService$a@5b91ae9
06-10 15:21:22.991 3302 3302 E HuaweiCastService: eventId: 4001
06-10 15:21:22.993 3302 3302 E HuaweiCastService: mPlayerClient is null.
06-10 15:21:22.995 3302 3302 D HiSight-HiSightManager: check capability vbr range not setting, using default value
06-10 15:21:22.995 3302 3302 E HuaweiCastService: mPlayerClient is null.
06-10 15:21:22.995 3302 3302 D HiSight-SinkService: setAuthMode
06-10 15:21:22.995 3302 3302 W HiSight-ConnectionManager: mSinkId is empty
06-10 15:21:23.952 523 544 W IorapForwardingService: No service published for: iorapd
06-10 15:21:24.414 2350 2439 D UtilLog : 日志批量上报 进行正常循环 !!!!!!本次有0次请求,共0条数据
06-10 15:21:24.455 664 664 E WifiHAL : wifi_get_link_stats: requestResponse Error:-5
06-10 15:21:24.457 523 619 E WifiVendorHal: getWifiLinkLayerStats_1_5_Internal(l.1191) failed {.code = ERROR_INVALID_ARGS, .description = }
06-10 15:21:24.500 3192 3192 E GuardService: startMainRunnable:
06-10 15:21:24.944 3455 3455 I Thread-2: type=1400 audit(0.0:1270): avc: denied { execute } for name="am" dev="dm-5" ino=1160 scontext=u:r:system_app:s0 tcontext=u:object_r:vendor_file:s0 tclass=file permissive=1
06-10 15:21:24.944 3455 3455 I Thread-2: type=1400 audit(0.0:1271): avc: denied { read open } for path="/vendor/xbin/am" dev="dm-5" ino=1160 scontext=u:r:system_app:s0 tcontext=u:object_r:vendor_file:s0 tclass=file permissive=1
06-10 15:21:24.944 3455 3455 I Thread-2: type=1400 audit(0.0:1272): avc: denied { execute_no_trans } for path="/vendor/xbin/am" dev="dm-5" ino=1160 scontext=u:r:system_app:s0 tcontext=u:object_r:vendor_file:s0 tclass=file permissive=1
06-10 15:21:24.956 523 544 W IorapForwardingService: No service published for: iorapd
06-10 15:21:25.022 1249 1249 D bbb : onStartCommand begin !!!!!!! data分区剩余 24985MB
06-10 15:21:25.025 1190 1190 D aaa : LedStatusService onStartCommand begin
06-10 15:21:25.027 1190 3463 D aaa : topPkg is -------------- :com.dangbei.haqusetting
06-10 15:21:25.572 3302 3302 I Timer-1 : type=1400 audit(0.0:1273): avc: denied { read } for name="address" dev="sysfs" ino=16906 scontext=u:r:platform_app:s0:c512,c768 tcontext=u:object_r:sysfs_net:s0 tclass=file permissive=1 app=com.dangbei.screencast
06-10 15:21:25.578 3358 3358 W audit : audit_lost=747 audit_rate_limit=5 audit_backlog_limit=64
06-10 15:21:25.578 3358 3358 E audit : rate limit exceeded
06-10 15:21:25.572 3302 3302 I Timer-1 : type=1400 audit(0.0:1274): avc: denied { open } for path="/sys/devices/virtual/net/dummy0/address" dev="sysfs" ino=16906 scontext=u:r:platform_app:s0:c512,c768 tcontext=u:object_r:sysfs_net:s0 tclass=file permissive=1 app=com.dangbei.screencast
06-10 15:21:25.641 523 588 W TelephonyPermissions: reportAccessDeniedToReadIdentifiers:com.dangbei.screencast:getSerial:-1
06-10 15:21:25.677 523 588 I WifiService: releaseMulticastLock uid=10015
06-10 15:21:25.680 523 588 I WifiService: releaseMulticastLock uid=10015
06-10 15:21:25.706 3302 3302 D HiSight-SinkService: setDiscoverable true
06-10 15:21:25.707 1128 2115 D wenhc : getScreenInfo uri = content://com.dangbei.screencast.parts.info/screen_cast
06-10 15:21:25.709 3302 3302 D NearFieldManager: init.
06-10 15:21:25.710 3302 3302 D NearFieldManager: try check dmsdp
06-10 15:21:25.730 3302 3358 V NFC : this device does not have NFC support
06-10 15:21:25.731 3302 3302 D NearFieldManager: package not exist
06-10 15:21:25.737 523 588 D CompatibilityChangeReporter: Compat change id reported: 135634846; UID 10015; state: DISABLED
06-10 15:21:25.738 523 552 D CompatibilityChangeReporter: Compat change id reported: 143937733; UID 10015; state: DISABLED
06-10 15:21:25.738 3302 3302 D NearFieldManager: bind nearfield service true
06-10 15:21:25.740 3302 3302 D NearFieldManager: registerCallback true
06-10 15:21:25.740 3302 3302 D HiSight-Discovery: set deviceInfo type:46
06-10 15:21:25.741 3302 3302 D HiSight-Discovery: startAdvertise 1
06-10 15:21:25.760 261 261 D Zygote : Forked child process 3466
06-10 15:21:25.763 523 552 I ActivityManager: app.processName = com.huawei.connection
06-10 15:21:25.763 523 552 I ActivityManager: Start proc 3466:com.huawei.connection/u0a15 for service {com.dangbei.screencast/com.huawei.connection.service.NearFieldManagerService}
06-10 15:21:25.772 3466 3466 I Zygote : seccomp disabled by setenforce 0
06-10 15:21:25.796 387 408 I adbd : jdwp connection from 3466
06-10 15:21:25.817 3466 3466 D CompatibilityChangeReporter: Compat change id reported: 171979766; UID 10015; state: DISABLED
06-10 15:21:25.826 3466 3466 D ApplicationLoaders: Returning zygote-cached class loader: /system/framework/android.test.base.jar
06-10 15:21:25.826 3466 3466 D ApplicationLoaders: Returning zygote-cached class loader: /system/framework/android.hidl.manager-V1.0-java.jar
06-10 15:21:25.826 3466 3466 D ApplicationLoaders: Returning zygote-cached class loader: /system/framework/android.hidl.base-V1.0-java.jar
06-10 15:21:25.854 3466 3466 V GraphicsEnvironment: ANGLE Developer option for 'com.dangbei.screencast' set to: 'default'
06-10 15:21:25.854 3466 3466 V GraphicsEnvironment: Neither updatable production driver nor prerelease driver is supported.
06-10 15:21:25.855 3466 3466 D NetworkSecurityConfig: Using Network Security Config from resource network_security_config debugBuild: false
06-10 15:21:25.858 3466 3466 D NetworkSecurityConfig: Using Network Security Config from resource network_security_config debugBuild: false
06-10 15:21:25.861 3466 3466 I MultiDex: VM with version 2.1.0 has multidex support
06-10 15:21:25.861 3466 3466 I MultiDex: Installing application
06-10 15:21:25.861 3466 3466 I MultiDex: VM has multidex support, MultiDex support library is disabled.
06-10 15:21:25.958 523 544 W IorapForwardingService: No service published for: iorapd
06-10 15:21:25.969 3466 3506 I crashsdk: version unique build id: 6230cced
06-10 15:21:25.974 3466 3507 D crashsdk: Native log stat thread 3507 setup, waiting
06-10 15:21:25.978 3466 3489 I crashsdk: begin hack android.os.Process
06-10 15:21:25.979 3466 3489 I crashsdk: end hack android.os.Process
06-10 15:21:26.003 3466 3466 I TDLog : setReportUncaughtExceptions: true
06-10 15:21:26.006 3466 3466 E Application: onCreate:Version:v2.8.3/20830/883432e
06-10 15:21:26.009 3466 3511 W efs.send_log: tryFileLock start!
06-10 15:21:26.019 3466 3489 I Matrix.AnrTracer: anrTrace, final mAnrBeatTime:400, mAnrBeatRate:400
06-10 15:21:26.022 3466 3511 I efs.config: --->>> 删除旧的配置文件 false
06-10 15:21:26.025 3466 3489 E LaunchManager: Non main process !
06-10 15:21:26.026 3466 3489 W System.err: java.lang.NullPointerException: Attempt to invoke virtual method 'boolean com.efs.sdk.launch.LaunchConfigManager.enableTracer()' on a null object reference
06-10 15:21:26.027 3466 3489 W System.err: at com.umeng.umcrash.UMCrash.init(Unknown Source:403)
06-10 15:21:26.027 3466 3489 W System.err: at java.lang.reflect.Method.invoke(Native Method)
06-10 15:21:26.027 3466 3489 W System.err: at com.umeng.commonsdk.UMConfigure.init(Unknown Source:811)
06-10 15:21:26.027 3466 3489 W System.err: at b.f.f.b.a(:4)
06-10 15:21:26.027 3466 3489 W System.err: at h.o.a.run(Unknown Source:2)
06-10 15:21:26.030 3466 3523 I efs.base: lt=event`ev_ct=efs_core`ev_ac=pvuv`tm=2025-06-10 15:21:01`dn=180e67c4-68c7-41cd-91c1-435b7b306a53`ps=com.huawei.connection`um_os=android`stime=1749540085711`pid=3466`fr=android`pkg=com.dangbei.screencast`vcode=20830`dsp_w=1920`uid=180e67c4-68c7-41cd-91c1-435b7b306a53`rom=12`wid=180e67c4-68c7-41cd-91c1-435b7b306a53`um_app_carrier=`um_access=wifi`um_app_channel=os`um_crash_sdk_version=1.4.0`ctime=1749540086`model=dbbox-a2`lang=zh`net=wifi`brand=dangbei`dsp_h=1080`um_network_type=0`ver=v2.8.3`build_model=DBBOX-A2`w_tm=1749540086`appid=5fc60c21094d637f3130af19`um_umid_header=aib544115ba8ed0477c60559b90a00c8b2`sdk=31`tzone=Asia/Shanghai`sdk_ver=1.3.6.umeng
06-10 15:21:26.036 3466 3466 I efs-base: type=1400 audit(0.0:1279): avc: denied { watch } for path="/data/user/0/com.dangbei.screencast/shared_prefs/Y29uZmlnXzVmYzYwYzIxMDk0ZDYzN2YzMTMwYWYxOQ.sp.bak" dev="mmcblk0p25" ino=1954 scontext=u:r:platform_app:s0:c512,c768 tcontext=u:object_r:app_data_file:s0:c512,c768 tclass=file permissive=1 app=com.dangbei.screencast
06-10 15:21:26.039 3466 3466 D NearFieldManagerService: NearFieldManagerService.
06-10 15:21:26.040 3466 3466 D NearFieldManagerService: onCreate, enter.
06-10 15:21:26.041 3466 3466 I NearFieldManagerService: onBind, enter.
06-10 15:21:26.041 3466 3466 D NearFieldManagerService: initService
06-10 15:21:26.041 3466 3466 D NearFieldManagerService: NearField starting...
06-10 15:21:26.042 3466 3466 D NearFieldUtils: checkSystemProperty in
06-10 15:21:26.042 3466 3466 D NearFieldUtils: checkSystemProperty: systemProperties:
06-10 15:21:26.042 3466 3466 E NearFieldUtils: validProperty: priority is null
06-10 15:21:26.044 3466 3511 I efs.config: current config version (-1) is older than another (1735614866)
06-10 15:21:26.045 3466 3511 I efs.config: load config from storage and notify observer
06-10 15:21:26.044 3466 3466 I efs-base: type=1400 audit(0.0:1280): avc: denied { create } for name="3466" scontext=u:r:platform_app:s0:c512,c768 tcontext=u:object_r:app_data_file:s0:c512,c768 tclass=dir permissive=1 app=com.dangbei.screencast
06-10 15:21:26.047 3302 3302 D NearFieldManager: service connected.
06-10 15:21:26.044 3466 3466 I efs-base: type=1400 audit(0.0:1281): avc: denied { create } for name="wa_none_1_1_3466_174_1749540086045" scontext=u:r:platform_app:s0:c512,c768 tcontext=u:object_r:app_data_file:s0:c512,c768 tclass=file permissive=1 app=com.dangbei.screencast
06-10 15:21:26.052 3302 3302 D HiSight-Discovery: eventId: 4001
06-10 15:21:26.053 3302 3465 D HiSight-Discovery: msg 4001
06-10 15:21:26.053 3302 3465 D HiSight-Discovery: bind success, status Ready
06-10 15:21:26.053 3302 3465 D HiSight-Discovery: startAdvertise 2
06-10 15:21:26.053 3302 3465 D HiSight-Discovery: stopAdvertise.
06-10 15:21:26.053 3302 3465 D HiSight-Discovery: nearFieldStartListen deviceType 46
06-10 15:21:26.056 3466 3481 I NearFieldManagerImpl: setDeviceInfo, sDeviceId changes
06-10 15:21:26.056 3466 3466 I crashsdk: Catcher mask: 5000, 20480
06-10 15:21:26.057 523 588 W ServiceManager: Permission failure: android.permission.HIGH_SAMPLING_RATE_SENSORS from uid=10015 pid=3466
06-10 15:21:26.058 3466 3466 I crashsdk: Catcher thread 3471
06-10 15:21:26.058 3466 3466 D crashsdk: Register ANR handler ...
06-10 15:21:26.058 3466 3481 I NearFieldManagerImpl: setDeviceInfo, sDeviceName changes
06-10 15:21:26.058 3466 3466 D NearFieldManagerImpl: onReceive action get:android.net.conn.CONNECTIVITY_CHANGE
06-10 15:21:26.059 3466 3481 D NearFieldManagerImpl: setServiceData, sServiceData=[], serviceData=[32]
06-10 15:21:26.059 3302 3465 E NearFieldManager: setIdnNetworkPriority: networkPortPriority is empty
06-10 15:21:26.059 3302 3465 D NearFieldManager: StartListen moduleId: CastPlusDiscoveryModule
06-10 15:21:26.060 3466 3523 W efs.info.manager: network change: wifi
06-10 15:21:26.060 3466 3466 D NearFieldUtils: getPreferredIpAddress exec
06-10 15:21:26.061 3466 3466 D NearFieldUtils: getPreferredIpAddress by custom priority
06-10 15:21:26.061 3466 3481 D NearFieldManagerImpl: startListen: moduleId: CastPlusDiscoveryModule
06-10 15:21:26.062 3466 3466 D NearFieldUtils: getIpByInterfaceSetting customIdnNetworkPriority:[]
06-10 15:21:26.062 3466 3481 D NearFieldUtils: getPreferredIpAddress exec
06-10 15:21:26.062 3466 3481 D NearFieldUtils: getPreferredIpAddress by custom priority
06-10 15:21:26.062 3466 3481 D NearFieldUtils: getIpByInterfaceSetting customIdnNetworkPriority:[]
06-10 15:21:26.062 3466 3481 D NearFieldUtils: getPreferredIpAddress by default priority
06-10 15:21:26.062 3466 3466 D NearFieldUtils: getPreferredIpAddress by default priority
06-10 15:21:26.067 3466 3490 I TDLog : TalkingData SDK init...
06-10 15:21:26.067 3466 3490 I TDLog : SDK_VERSION is: Android+TD+V5.0.7 gp Type:Native Build_Num:2141
06-10 15:21:26.067 3466 3490 I TDLog : App ID is: B9D7815EC975466AB1332111FCE62DF5
06-10 15:21:26.067 3466 3490 I TDLog : App Channel is: os
06-10 15:21:26.067 3466 3490 I TDLog : App Custom is:
06-10 15:21:26.067 3466 3490 I TDLog : SDK_OVC is: TDOVC+a3bb7754719798526508b6caad480dd7+SaaS
06-10 15:21:26.104 3466 3481 D NearFieldUtils: to get wlan0 ip address
06-10 15:21:26.105 3466 3481 D NearFieldUtils: get wlan0 IP succeed.
06-10 15:21:26.105 3466 3481 D NearFieldManagerImpl: sDeviceType: 46
06-10 15:21:26.105 3466 3481 D NearFieldManagerImpl: registerDevice() is called.
06-10 15:21:26.106 3466 3481 E NearFieldManagerUtilsNative: Begin System.loadLibrary()
06-10 15:21:26.114 3466 3466 D NearFieldUtils: to get wlan0 ip address
06-10 15:21:26.114 3466 3466 D NearFieldUtils: get wlan0 IP succeed.
06-10 15:21:26.114 3466 3466 E NearFieldManagerImpl: notifyByPriority: interfaceNameInUse is null
06-10 15:21:26.114 3466 3466 D NearFieldManagerImpl: handleConnectivityAction: notified by default
06-10 15:21:26.124 1064 1064 E sprdwl : sprdwl_rx_rsp_process ctx_id 0 recv rsp[WIFI_CMD_TX_DATA] status[SPRDWL_CMD_STATUS_ERROR]
06-10 15:21:26.138 3466 3481 I HicomNfTimerManager: epoll fd:127 create success
06-10 15:21:26.139 3466 3481 I HicomNfTimerManager: epoll add fd:128--->127 success
06-10 15:21:26.139 3466 3481 I HicomNfTimerManager: time fd:128 add to epoll success
06-10 15:21:26.179 3466 3481 D nStackXDFinder: NSTACKX_Init:[146] :nstack ctrl creat epollfd 125
06-10 15:21:26.180 3466 3466 D NearFieldUtils: to get wlan0 ip address
06-10 15:21:26.180 3466 3466 D NearFieldUtils: get wlan0 IP succeed.
06-10 15:21:26.180 3466 3466 I NearFieldManagerImpl: wlan Connected
06-10 15:21:26.181 3466 3466 I HicomNf_java_to_c: notifyNetworkStateChanged with maskStr, networkType: 0, networkState: 0, mask:
06-10 15:21:26.181 3466 3466 I HicomNfMainCtrlManager: NotifyNetworkStateChanged is called with networkState: 0
06-10 15:21:26.181 3466 3466 I HicomNfMainCtrlManager: P2P and USB are both disconnected
06-10 15:21:26.181 3466 3466 I HicomNfSecureManager: stop listening
06-10 15:21:26.181 3466 3466 I HicomNfSecureManager: StopListening, m_sessionInfoLock out, before calling NSTACKX_DMsgClose 2
06-10 15:21:26.181 3466 3466 I HicomNfSecureManager: StopListening, after calling NSTACKX_DMsgClose 2
06-10 15:21:26.185 3466 3481 I nStackXDFinder: InitDefaultInterfaceName:[779] :InitDefaultInterfaceName exec
06-10 15:21:26.185 3466 3481 D nStackXCoAP: CoapServerInit:[174] :CoapServerInit is called
06-10 15:21:26.185 3466 3481 E nStackXDFinder: GetLocalIp:[401] :GetLocalIp exec
06-10 15:21:26.185 3466 3481 E nStackXDFinder: GetLocalIp:[407] :GetLocalIp, ifInfo is null
06-10 15:21:26.187 3466 3481 I HicomNfMainCtrlManager: NSTACKX_RegisterDevice is called
06-10 15:21:26.188 3466 3481 D NearFieldManagerImpl: Register device success.
06-10 15:21:26.188 3466 3481 I NearFieldManagerImpl: serviceName is castPlus
06-10 15:21:26.190 3466 3481 D NearFieldManagerImpl: registerCapability() called with: capabilityBitmapNum = 1, capabilityBitmap = [8]
06-10 15:21:26.191 3466 3481 I HicomNf_java_to_c: registerCapability, capabilityBitmapNum: 1
06-10 15:21:26.191 3466 3481 I HicomNfMainCtrlManager: RegisterCapability: 1, 8
06-10 15:21:26.192 3466 3481 D NearFieldManagerImpl: Register capability succeed with capabilityBitmapNum = 1, capabilityBitmap = [8]
06-10 15:21:26.193 3466 3481 D NearFieldManagerImpl: registerServiceData() called with: serviceData = 32
06-10 15:21:26.193 3466 3537 I nStackXDFinder: UpdateLocalNetworkInterface:[472] :UpdateLocalNetworkInterface exec,initerfaceName:wlan0
06-10 15:21:26.194 3466 3537 E nStackXDFinder: GetLocalIp:[401] :GetLocalIp exec
06-10 15:21:26.194 3466 3537 E nStackXDFinder: GetLocalIp:[407] :GetLocalIp, ifInfo is null
06-10 15:21:26.194 3466 3537 I nStackXDFinder: UpdateLocalNetworkInterface:[498] :UpdateLocalNetworkInterface copy ip value in default process
06-10 15:21:26.194 3466 3537 E nStackXDFinder: GetLocalIp:[401] :GetLocalIp exec
06-10 15:21:26.194 3466 3537 D nStackXCoAP: CoapServerInit:[174] :CoapServerInit is called
06-10 15:21:26.194 3466 3537 E nStackXDFinder: GetLocalIp:[401] :GetLocalIp exec
06-10 15:21:26.194 3466 3537 I nStackXUtil: BindToDevice:[352] :BindToDevice exec
06-10 15:21:26.194 3466 3537 I nStackXUtil: GetInterfaceByPriority:[279] :GetInterfaceByPriority exec
06-10 15:21:26.194 3466 3537 I nStackXUtil: GetInterfaceByDefault:[309] :GetInterfaceByDefault exec
06-10 15:21:26.194 3466 3537 I nStackXUtil: GetInterfaceByDefault:[316] :GetInterfaceByDefault, ndevice name: lo
06-10 15:21:26.194 3466 3537 I nStackXUtil: GetInterfaceByDefault:[316] :GetInterfaceByDefault, ndevice name: wlan0
06-10 15:21:26.194 3466 3537 I nStackXUtil: BindToDevice:[374] :BindToDevice, Bind localAddr name: wlan0
06-10 15:21:26.194 3466 3537 E nStackXUtil: BindToDeviceInner:[188] :setsockopt fail, errno = 1
06-10 15:21:26.194 3466 3537 E nStackXCoAP: CoapGetContext:[250] :bind to device fail
06-10 15:21:26.195 3466 3481 D NearFieldManagerImpl: registerModule() called with: packageModuleName = com.huawei.connection+CastPlusDiscoveryModule
06-10 15:21:26.195 3466 3537 D nStackXCoAP: CoapInitResources:[744] :CoapInitResources g_wlanOrEthContext update
06-10 15:21:26.195 3466 3537 I nStackXDFinder: RegisterServiceData:[728] :RegisterServiceData, serviceData=[32]
06-10 15:21:26.195 3466 3481 I HicomNf_java_to_c: registerModule, moduleName: com.huawei.connection+CastPlusDiscoveryModule
06-10 15:21:26.195 3466 3481 I HicomNfMainCtrlManager: Enter RegisterModule
06-10 15:21:26.195 3466 3481 I HicomNfRegManager: RegisterModule OK, add module name com.huawei.connection+CastPlusDiscoveryModule
06-10 15:21:26.198 3302 3465 I Hisight-DeviceListManager: init DeviceListManager.
06-10 15:21:26.205 3466 3466 I HicomNf_java_to_c: notifyNetworkStateChanged with maskStr, networkType: 0, networkState: 1, mask: 255.255.254.0
06-10 15:21:26.205 3466 3466 I HicomNfMainCtrlManager: NotifyNetworkStateChanged is called with networkState: 1
06-10 15:21:26.205 3466 3466 I HicomNfSecureManager: StartListening, before calling NSTACKX_DMsgServer
06-10 15:21:26.205 3466 3466 I nStackXDMsg: NSTACKX_DMsgServer:[1335] :msgReceiver is not NULL
06-10 15:21:26.206 3466 3466 D nStackXDMsg: StartDMsgMainThread:[1274] :pthread_create
06-10 15:21:26.206 3466 3466 I HicomNfSecureManager: StartListening, after calling NSTACKX_DMsgServer
06-10 15:21:26.206 3466 3466 I HicomNfSecureManager: OnehopSecureCtrlManager: succeeded to StartListening with type 0
06-10 15:21:26.210 3302 3465 D Hisight-DeviceListManager: get old secret key
06-10 15:21:26.221 3302 3465 E Hisight-ConnectAuthCallBack: readSecureFile failed, no such file
06-10 15:21:26.221 3302 3465 W Hisight-DeviceListManager: deviceRecords is empty
06-10 15:21:26.222 3302 3465 W Hisight-DeviceListManager: occur error, clear all the list
06-10 15:21:26.222 3302 3465 D Hisight-HiChainAuthControl: start HiChainAuthControl
06-10 15:21:26.226 3302 3465 I ConnectAuthJNI: JNI_OnLoad begin load
06-10 15:21:26.226 3302 3465 I ConnectAuthJNI: RegisterNativeMethod begin
06-10 15:21:26.227 3302 3465 I ConnectAuthJNI: RegisterNativeMethod end
06-10 15:21:26.227 3302 3465 I ConnectAuthJNI: RegisterNativeMethod 1004 methodLen=10
06-10 15:21:26.227 3302 3465 I ConnectAuthJNI: RegisterNativeMethod 1007 RegisterNatives=0
06-10 15:21:26.227 3302 3465 I ConnectAuthJNI: InitArraylist 1013
06-10 15:21:26.227 3302 3465 I ConnectAuthJNI: InitConnectAuthStaticJNIMethod 1114 methodRet=0
06-10 15:21:26.227 3302 3465 E ConnectAuthJNI: JNI_OnLoad finish....1138
06-10 15:21:26.227 3302 3465 D Hisight-HiChainAuthControl: setupAuthIfNeeded, HiChainInstance hasn't been initialized
06-10 15:21:26.227 3302 3465 I ConnectAuthJNI: Java_com_huawei_hisight_security_ConnectAuthNative_nativeSetup 795 call HiChainNativeSetup
06-10 15:21:26.227 3302 3465 I ConnectAuthJNI: HiChainNativeSetup 565 registe_log
06-10 15:21:26.227 3302 3465 I ConnectAuthJNI: HksStorageRegisterFileCallbacks 245 register hks file callback status =0
06-10 15:21:26.227 3302 3465 I ConnectAuthJNI: HksRegisterGetDeviceIdCallback 268 register hks get hardware udid callback status =0
06-10 15:21:26.228 3302 3465 D ConnectAuthJNI: [HiChain] get_instance Begin get instance
06-10 15:21:26.228 3302 3465 I ConnectAuthJNI: [HKS] hks_service_key_info_init hks init : begin
06-10 15:21:26.228 3302 3465 I ConnectAuthJNI: FileRead 113 FileRead
06-10 15:21:26.228 3302 3465 I ConnectAuthJNI: FileRead 122 FileRead call readSecureFile begin
06-10 15:21:26.228 3302 3465 E Hisight-ConnectAuthCallBack: readSecureFile failed, no such file
06-10 15:21:26.228 3302 3465 W ConnectAuthJNI: FileRead 132 FileRead call readSecureFile byteArray is null
06-10 15:21:26.229 3302 3465 I ConnectAuthJNI: [HKS] hks_rkc_init RKC init:begin, is_key_info_exist=0
06-10 15:21:26.229 3302 3465 I ConnectAuthJNI: [HKS] hks_rkc_init_entropy the entropy is empty
06-10 15:21:26.229 3302 3465 I ConnectAuthJNI: FileSize 214 FileSize
06-10 15:21:26.229 3302 3465 I ConnectAuthJNI: FileSize 230 fileSize=258
06-10 15:21:26.229 3302 3465 I ConnectAuthJNI: FileRead 113 FileRead
06-10 15:21:26.229 3302 3465 I ConnectAuthJNI: FileRead 122 FileRead call readSecureFile begin
06-10 15:21:26.229 3302 3465 I ConnectAuthJNI: FileRead 135 FileRead call readSecureFile end
06-10 15:21:26.229 3302 3465 I ConnectAuthJNI: FileRead 150 fileBuff size 258, buf len 258
06-10 15:21:26.229 3302 3465 I ConnectAuthJNI: FileSize 214 FileSize
06-10 15:21:26.230 3302 3465 I ConnectAuthJNI: FileSize 230 fileSize=258
06-10 15:21:26.230 3302 3465 I ConnectAuthJNI: FileRead 113 FileRead
06-10 15:21:26.230 3302 3465 I ConnectAuthJNI: FileRead 122 FileRead call readSecureFile begin
06-10 15:21:26.230 3302 3465 I ConnectAuthJNI: FileRead 135 FileRead call readSecureFile end
06-10 15:21:26.230 3302 3465 I ConnectAuthJNI: FileRead 150 fileBuff size 258, buf len 258
06-10 15:21:26.230 3302 3465 I ConnectAuthJNI: [HKS] hks_rkc_load_ksf load ksf success
06-10 15:21:26.230 3302 3465 I ConnectAuthJNI: [HKS] hks_rkc_init root key component init success
06-10 15:21:26.230 3302 3465 I ConnectAuthJNI: [HKS] hks_rkc_init RKC init:end,rc=0
06-10 15:21:26.230 3302 3465 I ConnectAuthJNI: [HKS] hks_service_key_info_init hks init : end
06-10 15:21:26.230 3302 3465 I ConnectAuthJNI: GetHiChainProtocolParamsCallback 371 GetHiChainProtocolParamsCallback operation_code= 99
06-10 15:21:26.230 3302 3465 I ConnectAuthJNI: paramLen is ,=0
06-10 15:21:26.230 3302 3465 I ConnectAuthJNI: paramLen is ,=0
06-10 15:21:26.230 3302 3465 I ConnectAuthJNI: GetHiChainProtocolParamsCallback 402 GetHiChainProtocolParamsCallback end
06-10 15:21:26.230 3302 3465 I ConnectAuthJNI: [HiChain] get_instance Get instance success
06-10 15:21:26.230 3302 3465 I ConnectAuthJNI: Java_com_huawei_hisight_security_ConnectAuthNative_nativeGetHiChainInstance 598 get instance success
06-10 15:21:26.230 3302 3465 D Hisight-HiChainAuthControl: destroyAuth
06-10 15:21:26.230 3302 3465 I ConnectAuthJNI: Java_com_huawei_hisight_security_ConnectAuthNative_nativeDestroy 603 destroy
06-10 15:21:26.230 3302 3465 D Hisight-HiChainAuthControl: setupAuthIfNeeded, HiChainInstance hasn't been initialized
06-10 15:21:26.230 3302 3465 I ConnectAuthJNI: Java_com_huawei_hisight_security_ConnectAuthNative_nativeSetup 795 call HiChainNativeSetup
06-10 15:21:26.230 3302 3465 I ConnectAuthJNI: HiChainNativeSetup 565 registe_log
06-10 15:21:26.230 3302 3465 I ConnectAuthJNI: HksStorageRegisterFileCallbacks 245 register hks file callback status =0
06-10 15:21:26.230 3302 3465 I ConnectAuthJNI: HksRegisterGetDeviceIdCallback 268 register hks get hardware udid callback status =0
06-10 15:21:26.231 3302 3465 D ConnectAuthJNI: [HiChain] get_instance Begin get instance
06-10 15:21:26.231 3302 3465 I ConnectAuthJNI: [HKS] hks_service_key_info_init hks init : begin
06-10 15:21:26.231 3302 3465 I ConnectAuthJNI: [HKS] hks_service_key_info_init hks init : end
06-10 15:21:26.231 3302 3465 I ConnectAuthJNI: GetHiChainProtocolParamsCallback 371 GetHiChainProtocolParamsCallback operation_code= 99
06-10 15:21:26.231 3302 3465 I ConnectAuthJNI: paramLen is ,=0
06-10 15:21:26.231 3302 3465 I ConnectAuthJNI: paramLen is ,=0
06-10 15:21:26.231 3302 3465 I ConnectAuthJNI: GetHiChainProtocolParamsCallback 402 GetHiChainProtocolParamsCallback end
06-10 15:21:26.231 3302 3465 I ConnectAuthJNI: [HiChain] get_instance Get instance success
06-10 15:21:26.231 3302 3465 I ConnectAuthJNI: Java_com_huawei_hisight_security_ConnectAuthNative_nativeGetHiChainInstance 598 get instance success
06-10 15:21:26.231 3302 3465 W ConnectAuthJNI: GetListTrustPeers 899 trustPeerSize=0
06-10 15:21:26.231 3302 3465 D Hisight-HiChainAuthControl: destroyAuth
06-10 15:21:26.231 3302 3465 I ConnectAuthJNI: Java_com_huawei_hisight_security_ConnectAuthNative_nativeDestroy 603 destroy
06-10 15:21:26.231 3302 3465 D Hisight-HiChainAuthControl: setupAuthIfNeeded, HiChainInstance hasn't been initialized
06-10 15:21:26.231 3302 3465 I ConnectAuthJNI: Java_com_huawei_hisight_security_ConnectAuthNative_nativeSetup 795 call HiChainNativeSetup
06-10 15:21:26.231 3302 3465 I ConnectAuthJNI: HiChainNativeSetup 565 registe_log
06-10 15:21:26.231 3302 3465 I ConnectAuthJNI: HksStorageRegisterFileCallbacks 245 register hks file callback status =0
06-10 15:21:26.231 3302 3465 I ConnectAuthJNI: HksRegisterGetDeviceIdCallback 268 register hks get hardware udid callback status =0
06-10 15:21:26.231 3302 3465 D ConnectAuthJNI: [HiChain] get_instance Begin get instance
06-10 15:21:26.231 3302 3465 I ConnectAuthJNI: [HKS] hks_service_key_info_init hks init : begin
06-10 15:21:26.231 3302 3465 I ConnectAuthJNI: [HKS] hks_service_key_info_init hks init : end
06-10 15:21:26.231 3302 3465 I ConnectAuthJNI: GetHiChainProtocolParamsCallback 371 GetHiChainProtocolParamsCallback operation_code= 99
06-10 15:21:26.231 3302 3465 I ConnectAuthJNI: paramLen is ,=0
06-10 15:21:26.231 3302 3465 I ConnectAuthJNI: paramLen is ,=0
06-10 15:21:26.231 3302 3465 I ConnectAuthJNI: GetHiChainProtocolParamsCallback 402 GetHiChainProtocolParamsCallback end
06-10 15:21:26.231 3302 3465 I ConnectAuthJNI: [HiChain] get_instance Get instance success
06-10 15:21:26.231 3302 3465 I ConnectAuthJNI: Java_com_huawei_hisight_security_ConnectAuthNative_nativeGetHiChainInstance 598 get instance success
06-10 15:21:26.231 3302 3465 W ConnectAuthJNI: GetListTrustPeers 899 trustPeerSize=0
06-10 15:21:26.232 3302 3465 D Hisight-DeviceListManager: init trusted list size: 0
06-10 15:21:26.232 3302 3465 D HiSight-ConnectionManager: setAuthInfo, authMode: 1
06-10 15:21:26.436 1973 1973 I rainbow_flow: type=1400 audit(0.0:1282): avc: denied { ioctl } for path="/dev/spidev1.0" dev="tmpfs" ino=1377 ioctlcmd=0x6b00 scontext=u:r:init:s0 tcontext=u:object_r:device:s0 tclass=chr_file permissive=1
06-10 15:21:26.488 3302 3302 I ModuleDataForwa: type=1400 audit(0.0:1283): avc: denied { unlink } for name="1749540086186_3302" dev="mmcblk0p25" ino=3192 scontext=u:r:platform_app:s0:c512,c768 tcontext=u:object_r:app_data_file:s0:c512,c768 tclass=file permissive=1 app=com.dangbei.screencast
06-10 15:21:26.695 3302 3367 E raop : JavaCallback init
06-10 15:21:26.960 523 544 W IorapForwardingService: No service published for: iorapd
06-10 15:21:27.149 1064 1064 E sprdwl : sprdwl_rx_rsp_process ctx_id 0 recv rsp[WIFI_CMD_TX_DATA] status[SPRDWL_CMD_STATUS_ERROR]
06-10 15:21:27.472 664 664 E WifiHAL : wifi_get_link_stats: requestResponse Error:-5
06-10 15:21:27.475 523 619 E WifiVendorHal: getWifiLinkLayerStats_1_5_Internal(l.1191) failed {.code = ERROR_INVALID_ARGS, .description = }
06-10 15:21:27.502 3192 3192 E GuardService: killMyselfRunnable:
06-10 15:21:27.502 3192 3192 I crashsdk: android_os_Process_sendSignal. PID: 3192 SIG: 9
06-10 15:21:27.502 3192 3192 I crashsdk: onKillProcess. SIG: 9
06-10 15:21:27.500 3192 3192 I efs-base: type=1400 audit(0.0:1284): avc: denied { rmdir } for name="2592" dev="mmcblk0p25" ino=1759 scontext=u:r:platform_app:s0:c512,c768 tcontext=u:object_r:app_data_file:s0:c512,c768 tclass=dir permissive=1 app=com.dangbei.screencast
06-10 15:21:27.506 3192 3192 I crashsdk: Kill PID: 3192 (com.dangbei.screencast:bg_guard) by pid: 3192 (com.dangbei.screencast:bg_guard) tid: 3192 (main)
06-10 15:21:27.506 3192 3192 I crashsdk: SIG: 9, fg: false, exiting: false, main process: false, time: 20250610152127
06-10 15:21:27.506 3192 3192 I crashsdk: State in disk: 'b'
06-10 15:21:27.506 3192 3192 I crashsdk: at android.os.Process.sendSignal(Native Method)
06-10 15:21:27.506 3192 3192 I crashsdk: at android.os.Process.killProcess(Process.java:1153)
06-10 15:21:27.506 3192 3192 I crashsdk: at com.dangbei.screencast.startup.GuardService$a.run(:2)
06-10 15:21:27.506 3192 3192 I crashsdk: at android.os.Handler.handleCallback(Handler.java:938)
06-10 15:21:27.506 3192 3192 I crashsdk: at android.os.Handler.dispatchMessage(Handler.java:99)
06-10 15:21:27.506 3192 3192 I crashsdk: at android.os.Looper.loopOnce(Looper.java:201)
06-10 15:21:27.506 3192 3192 I crashsdk: at android.os.Looper.loop(Looper.java:288)
06-10 15:21:27.506 3192 3192 I crashsdk: at android.app.ActivityThread.main(ActivityThread.java:7854)
06-10 15:21:27.506 3192 3192 I crashsdk: at java.lang.reflect.Method.invoke(Native Method)
06-10 15:21:27.506 3192 3192 I crashsdk: at com.android.internal.os.RuntimeInit$MethodAndArgsCaller.run(RuntimeInit.java:548)
06-10 15:21:27.506 3192 3192 I crashsdk: at com.android.internal.os.ZygoteInit.main(ZygoteInit.java:1182)
06-10 15:21:27.507 3192 3192 I Process : Sending signal. PID: 3192 SIG: 9
06-10 15:21:27.561 3302 3361 W efs.send_log: tryFileLock sendlock sucess! processname: com.dangbei.screencast
06-10 15:21:27.562 523 588 I ActivityManager: Process com.dangbei.screencast:bg_guard (pid 3192) has died: prcp FGS
06-10 15:21:27.563 523 553 I libprocessgroup: Successfully killed process cgroup uid 10015 pid 3192 in 0ms
06-10 15:21:27.565 261 261 I Zygote : Process 3192 exited due to signal 9 (Killed)
06-10 15:21:27.567 1 1 I init : Untracked pid 3271 exited with status 0
06-10 15:21:27.721 523 1007 W ZramWriteback: Writeback device is not set
06-10 15:21:27.721 523 1007 D ZramWriteback: wait to flush
06-10 15:21:27.937 3302 3367 E raop : httpd_stop running 1 joined 0
06-10 15:21:27.937 3302 3367 E raop : httpd_stop connection->socket_fd=0
06-10 15:21:27.937 3302 3367 E raop : httpd_stop connection->socket_fd=0
06-10 15:21:27.937 3302 3367 E raop : httpd_stop connection->socket_fd=0
06-10 15:21:27.937 3302 3367 E raop : httpd_stop connection->socket_fd=0
06-10 15:21:27.937 3302 3367 E raop : httpd_stop connection->socket_fd=0
06-10 15:21:27.937 3302 3367 E raop : httpd_stop connection->socket_fd=0
06-10 15:21:27.937 3302 3367 E raop : httpd_stop connection->socket_fd=0
06-10 15:21:27.937 3302 3367 E raop : httpd_stop connection->socket_fd=0
06-10 15:21:27.937 3302 3367 E raop : httpd_stop connection->socket_fd=0
06-10 15:21:27.937 3302 3367 E raop : httpd_stop connection->socket_fd=0
06-10 15:21:27.940 3302 3568 W System.err: java.net.SocketException: Socket closed
06-10 15:21:27.941 3302 3568 W System.err: at java.net.PlainSocketImpl.socketAccept(PlainSocketImpl.java:213)
06-10 15:21:27.941 3302 3568 W System.err: at java.net.AbstractPlainSocketImpl.accept(AbstractPlainSocketImpl.java:451)
06-10 15:21:27.941 3302 3568 W System.err: at java.net.ServerSocket.implAccept(ServerSocket.java:547)
06-10 15:21:27.941 3302 3568 W System.err: at java.net.ServerSocket.accept(ServerSocket.java:515)
06-10 15:21:27.941 3302 3568 W System.err: at b.f.f.t.f.run(Unknown Source:40)
06-10 15:21:27.941 3302 3568 W System.err: at java.lang.Thread.run(Thread.java:920)
06-10 15:21:27.947 3302 3302 D HiSight-SinkService: setDiscoverable true
06-10 15:21:27.948 3302 3302 D HiSight-Discovery: set deviceInfo type:46
06-10 15:21:27.948 3302 3302 D HiSight-Discovery: startAdvertise 3
06-10 15:21:27.948 3302 3302 D HiSight-Discovery: stopAdvertise.
06-10 15:21:27.948 3302 3302 D NearFieldManager: StopListen moduleId: CastPlusDiscoveryModule
06-10 15:21:27.949 3466 3479 D NearFieldManagerImpl: stopListen: moduleId: CastPlusDiscoveryModule
06-10 15:21:27.949 3466 3479 D NearFieldManagerImpl: registerCapability() called with: capabilityBitmapNum = 1, capabilityBitmap = [0]
06-10 15:21:27.949 3466 3479 I HicomNf_java_to_c: registerCapability, capabilityBitmapNum: 1
06-10 15:21:27.949 3466 3479 I HicomNfMainCtrlManager: RegisterCapability: 1, 0
06-10 15:21:27.949 1128 2115 D wenhc : getScreenInfo uri = content://com.dangbei.screencast.parts.info/screen_cast
06-10 15:21:27.949 3466 3479 D NearFieldManagerImpl: Register capability succeed with capabilityBitmapNum = 1, capabilityBitmap = [0]
06-10 15:21:27.949 3302 3302 D HiSight-Discovery: nearFieldStartListen deviceType 46
06-10 15:21:27.950 3466 3479 D NearFieldManagerImpl: setServiceData, sServiceData=[32], serviceData=[32]
06-10 15:21:27.950 3466 3479 E NearFieldManagerImpl: setServiceData, serviceData exists
06-10 15:21:27.950 3302 3302 E NearFieldManager: setIdnNetworkPriority: networkPortPriority is empty
06-10 15:21:27.950 3302 3302 D NearFieldManager: StartListen moduleId: CastPlusDiscoveryModule
06-10 15:21:27.951 3466 3479 D NearFieldManagerImpl: startListen: moduleId: CastPlusDiscoveryModule
06-10 15:21:27.951 3466 3479 D NearFieldUtils: getPreferredIpAddress exec
06-10 15:21:27.951 3466 3479 D NearFieldUtils: getPreferredIpAddress by custom priority
06-10 15:21:27.951 3466 3479 D NearFieldUtils: getIpByInterfaceSetting customIdnNetworkPriority:[]
06-10 15:21:27.951 3466 3479 D NearFieldUtils: getPreferredIpAddress by default priority
06-10 15:21:27.962 523 544 W IorapForwardingService: No service published for: iorapd
06-10 15:21:27.989 3466 3479 D NearFieldUtils: to get wlan0 ip address
06-10 15:21:27.989 3466 3479 D NearFieldUtils: get wlan0 IP succeed.
06-10 15:21:27.989 3466 3479 D NearFieldManagerImpl: sDeviceType: 46
06-10 15:21:27.989 3466 3479 D NearFieldManagerImpl: registerDevice() is called.
06-10 15:21:27.989 3466 3479 I HicomNfMainCtrlManager: NSTACKX_RegisterDevice is called
06-10 15:21:27.990 3466 3479 D NearFieldManagerImpl: Register device success.
06-10 15:21:27.990 3466 3537 I nStackXDFinder: UpdateLocalNetworkInterface:[472] :UpdateLocalNetworkInterface exec,initerfaceName:wlan0
06-10 15:21:27.990 3466 3479 I NearFieldManagerImpl: serviceName is castPlus
06-10 15:21:27.990 3466 3537 E nStackXDFinder: GetLocalIp:[401] :GetLocalIp exec
06-10 15:21:27.990 3466 3537 I nStackXDFinder: UpdateLocalNetworkInterface:[498] :UpdateLocalNetworkInterface copy ip value in default process
06-10 15:21:27.990 3466 3479 D NearFieldManagerImpl: registerCapability() called with: capabilityBitmapNum = 1, capabilityBitmap = [8]
06-10 15:21:27.990 3466 3537 E nStackXDFinder: GetLocalIp:[401] :GetLocalIp exec
06-10 15:21:27.990 3466 3537 I nStackXDFinder: UpdateLocalNetworkInterface:[505] :UpdateLocalNetworkInterface: ip not change
06-10 15:21:27.990 3466 3479 I HicomNf_java_to_c: registerCapability, capabilityBitmapNum: 1
06-10 15:21:27.990 3466 3479 I HicomNfMainCtrlManager: RegisterCapability: 1, 8
06-10 15:21:27.991 3466 3479 D NearFieldManagerImpl: Register capability succeed with capabilityBitmapNum = 1, capabilityBitmap = [8]
06-10 15:21:27.991 3466 3479 D NearFieldManagerImpl: registerServiceData() called with: serviceData = 32
06-10 15:21:27.991 3466 3537 I nStackXDFinder: RegisterServiceData:[728] :RegisterServiceData, serviceData=[32]
06-10 15:21:27.991 3466 3479 D NearFieldManagerImpl: registerModule() called with: packageModuleName = com.huawei.connection+CastPlusDiscoveryModule
06-10 15:21:27.991 3466 3479 D NearFieldManagerImpl: registerModule, registered before
06-10 15:21:27.991 3466 3479 I HicomNf_java_to_c: registerModule, moduleName: com.huawei.connection+CastPlusDiscoveryModule
06-10 15:21:27.991 3466 3479 I HicomNfMainCtrlManager: Enter RegisterModule
06-10 15:21:27.991 3466 3479 I HicomNfRegManager: RegisterModule OK, already registered com.huawei.connection+CastPlusDiscoveryModule
06-10 15:21:28.020 3302 3302 D HiSight-SinkService: setDiscoverable true
06-10 15:21:28.021 3302 3302 D HiSight-Discovery: set deviceInfo type:46
06-10 15:21:28.021 3302 3302 D HiSight-Discovery: startAdvertise 3
06-10 15:21:28.021 3302 3302 D HiSight-Discovery: stopAdvertise.
06-10 15:21:28.021 3302 3302 D NearFieldManager: StopListen moduleId: CastPlusDiscoveryModule
06-10 15:21:28.022 3466 3479 D NearFieldManagerImpl: stopListen: moduleId: CastPlusDiscoveryModule
06-10 15:21:28.022 3466 3479 D NearFieldManagerImpl: registerCapability() called with: capabilityBitmapNum = 1, capabilityBitmap = [0]
06-10 15:21:28.022 3466 3479 I HicomNf_java_to_c: registerCapability, capabilityBitmapNum: 1
06-10 15:21:28.022 3466 3479 I HicomNfMainCtrlManager: RegisterCapability: 1, 0
06-10 15:21:28.022 3466 3479 D NearFieldManagerImpl: Register capability succeed with capabilityBitmapNum = 1, capabilityBitmap = [0]
06-10 15:21:28.022 1128 2115 D wenhc : getScreenInfo uri = content://com.dangbei.screencast.parts.info/screen_cast
06-10 15:21:28.023 3302 3302 D HiSight-Discovery: nearFieldStartListen deviceType 46
06-10 15:21:28.024 3466 3479 D NearFieldManagerImpl: setServiceData, sServiceData=[32], serviceData=[32]
06-10 15:21:28.024 3466 3479 E NearFieldManagerImpl: setServiceData, serviceData exists
06-10 15:21:28.024 3302 3302 E NearFieldManager: setIdnNetworkPriority: networkPortPriority is empty
06-10 15:21:28.024 3302 3302 D NearFieldManager: StartListen moduleId: CastPlusDiscoveryModule
06-10 15:21:28.025 3466 3479 D NearFieldManagerImpl: startListen: moduleId: CastPlusDiscoveryModule
06-10 15:21:28.025 3466 3479 D NearFieldUtils: getPreferredIpAddress exec
06-10 15:21:28.025 3466 3479 D NearFieldUtils: getPreferredIpAddress by custom priority
06-10 15:21:28.025 3466 3479 D NearFieldUtils: getIpByInterfaceSetting customIdnNetworkPriority:[]
06-10 15:21:28.025 3466 3479 D NearFieldUtils: getPreferredIpAddress by default priority
06-10 15:21:28.054 3466 3479 D NearFieldUtils: to get wlan0 ip address
06-10 15:21:28.054 3466 3479 D NearFieldUtils: get wlan0 IP succeed.
06-10 15:21:28.054 3466 3479 D NearFieldManagerImpl: sDeviceType: 46
06-10 15:21:28.054 3466 3479 D NearFieldManagerImpl: registerDevice() is called.
06-10 15:21:28.054 3466 3479 I HicomNfMainCtrlManager: NSTACKX_RegisterDevice is called
06-10 15:21:28.055 3466 3479 D NearFieldManagerImpl: Register device success.
06-10 15:21:28.055 3466 3479 I NearFieldManagerImpl: serviceName is castPlus
06-10 15:21:28.055 3466 3537 I nStackXDFinder: UpdateLocalNetworkInterface:[472] :UpdateLocalNetworkInterface exec,initerfaceName:wlan0
06-10 15:21:28.055 3466 3537 E nStackXDFinder: GetLocalIp:[401] :GetLocalIp exec
06-10 15:21:28.055 3466 3537 I nStackXDFinder: UpdateLocalNetworkInterface:[498] :UpdateLocalNetworkInterface copy ip value in default process
06-10 15:21:28.055 3466 3537 E nStackXDFinder: GetLocalIp:[401] :GetLocalIp exec
06-10 15:21:28.055 3466 3537 I nStackXDFinder: UpdateLocalNetworkInterface:[505] :UpdateLocalNetworkInterface: ip not change
06-10 15:21:28.055 3466 3479 D NearFieldManagerImpl: registerCapability() called with: capabilityBitmapNum = 1, capabilityBitmap = [8]
06-10 15:21:28.055 3466 3479 I HicomNf_java_to_c: registerCapability, capabilityBitmapNum: 1
06-10 15:21:28.055 3466 3479 I HicomNfMainCtrlManager: RegisterCapability: 1, 8
06-10 15:21:28.055 3466 3479 D NearFieldManagerImpl: Register capability succeed with capabilityBitmapNum = 1, capabilityBitmap = [8]
06-10 15:21:28.055 3466 3479 D NearFieldManagerImpl: registerServiceData() called with: serviceData = 32
06-10 15:21:28.055 3466 3537 I nStackXDFinder: RegisterServiceData:[728] :RegisterServiceData, serviceData=[32]
06-10 15:21:28.055 3466 3479 D NearFieldManagerImpl: registerModule() called with: packageModuleName = com.huawei.connection+CastPlusDiscoveryModule
06-10 15:21:28.055 3466 3479 D NearFieldManagerImpl: registerModule, registered before
06-10 15:21:28.055 3466 3479 I HicomNf_java_to_c: registerModule, moduleName: com.huawei.connection+CastPlusDiscoveryModule
06-10 15:21:28.055 3466 3479 I HicomNfMainCtrlManager: Enter RegisterModule
06-10 15:21:28.056 3466 3479 I HicomNfRegManager: RegisterModule OK, already registered com.huawei.connection+CastPlusDiscoveryModule
06-10 15:21:28.056 3302 3302 E HuaweiCastService: onStartCommand in 0
06-10 15:21:28.710 3302 3367 E raop : httpd_stop running 0 joined 1
06-10 15:21:28.716 3302 3302 I MirrorHelper: type=1400 audit(0.0:1285): avc: denied { read } for name="address" dev="sysfs" ino=28790 scontext=u:r:platform_app:s0:c512,c768 tcontext=u:object_r:sysfs:s0 tclass=file permissive=1 app=com.dangbei.screencast
06-10 15:21:28.716 3302 3302 I MirrorHelper: type=1400 audit(0.0:1286): avc: denied { open } for path="/sys/devices/platform/unisoc_wifi/net/wlan1/address" dev="sysfs" ino=28790 scontext=u:r:platform_app:s0:c512,c768 tcontext=u:object_r:sysfs:s0 tclass=file permissive=1 app=com.dangbei.screencast
06-10 15:21:28.716 3302 3302 I MirrorHelper: type=1400 audit(0.0:1287): avc: denied { getattr } for path="/sys/devices/platform/unisoc_wifi/net/wlan1/address" dev="sysfs" ino=28790 scontext=u:r:platform_app:s0:c512,c768 tcontext=u:object_r:sysfs:s0 tclass=file permissive=1 app=com.dangbei.screencast
06-10 15:21:28.753 3302 3571 I PlatformDependent: Your platform does not provide complete low-level API for accessing direct buffers reliably. Unless explicitly requested, heap buffer will always be preferred to avoid potential system instability.
06-10 15:21:28.790 3302 3367 W VideoCapabilities: Unrecognized profile/level 0/3 for video/mpeg2
06-10 15:21:28.804 523 629 D NsdService: Register service
06-10 15:21:28.804 523 629 D NsdService: registerService: 6 name: 当贝投屏B1, type: _airplay._tcp, host: null, port: 34759, txtRecord: srcvers=220.68features=0x527FFFF7,0x1E'pi=2e388006-13ba-4041-9a67-25dd4a43d536Cpk=b07727d6f6cd6e08b58ede525ec3cdeaa252ad9f683feb212ef8a205246554e7vv=2 flags=0x4model=AppleTV2,1deviceid=b4:2f:03:15:e8:b9
06-10 15:21:28.804 523 629 D NsdService: mdnssd [register, 6, 当贝投屏B1, _airplay._tcp, 34759, DnNyY3ZlcnM9MjIwLjY4GGZlYXR1cmVzPTB4NTI3RkZGRjcsMHgxRSdwaT0yZTM4ODAwNi0xM2JhLTQwNDEtOWE2Ny0yNWRkNGE0M2Q1MzZDcGs9YjA3NzI3ZDZmNmNkNmUwOGI1OGVkZTUyNWVjM2NkZWFhMjUyYWQ5ZjY4M2ZlYjIxMmVmOGEyMDUyNDY1NTRlNwR2dj0yCWZsYWdzPTB4NBBtb2RlbD1BcHBsZVRWMiwxGmRldmljZWlkPWI0OjJmOjAzOjE1OmU4OmI5]
06-10 15:21:28.806 523 629 D NsdService: Register 2 6
06-10 15:21:28.815 523 629 D NsdService: Register service
06-10 15:21:28.815 523 629 D NsdService: registerService: 7 name: b42f0315e8b9@当贝投屏B1, type: _raop._tcp, host: null, port: 33339, txtRecord: txtvers=1 am=AppleTV2,1ch=2
06-10 15:21:28.815 523 629 D NsdService: cn=0,1,2,3da=trueet=0,3,5ft=0x527FFFF7,0x1Emd=0,1,2Cpk=b07727d6f6cd6e08b58ede525ec3cdeaa252ad9f683feb212ef8a205246554e7pw=falsesf=0x4sr=44100ss=16sv=falsetp=UDPvn=65537 vs=220.68vv=2 rhd=5.6.0.0
06-10 15:21:28.816 523 629 D NsdService: mdnssd [register, 7, b42f0315e8b9@当贝投屏B1, _raop._tcp, 33339, CXR4dHZlcnM9MQ1hbT1BcHBsZVRWMiwxBGNoPTIKY249MCwxLDIsMwdkYT10cnVlCGV0PTAsMyw1EmZ0PTB4NTI3RkZGRjcsMHgxRQhtZD0wLDEsMkNwaz1iMDc3MjdkNmY2Y2Q2ZTA4YjU4ZWRlNTI1ZWMzY2RlYWEyNTJhZDlmNjgzZmViMjEyZWY4YTIwNTI0NjU1NGU3CHB3PWZhbHNlBnNmPTB4NAhzcj00NDEwMAVzcz0xNghzdj1mYWxzZQZ0cD1VRFAIdm49NjU1MzcJdnM9MjIwLjY4BHZ2PTILcmhkPTUuNi4wLjA=]
06-10 15:21:28.817 523 629 D NsdService: Register 3 7
06-10 15:21:28.964 523 544 W IorapForwardingService: No service published for: iorapd
06-10 15:21:29.014 3302 3367 E raop : JavaCallback init
06-10 15:21:29.267 523 629 D NsdService: Register service
06-10 15:21:29.267 523 629 D NsdService: registerService: 8 name: 当贝投屏B1, type: _db_cast_screen._tcp, host: null, port: 33503, txtRecord: au=1cV=20830mV=100h265=0maxR=4096-3152model=DBBOX-A2deviceid=20:02:FE:19:C2:0E
06-10 15:21:29.267 523 629 D NsdService: mdnssd [register, 8, 当贝投屏B1, _db_cast_screen._tcp, 33503, BGF1PTEIY1Y9MjA4MzAGbVY9MTAwBmgyNjU9MA5tYXhSPTQwOTYtMzE1Mg5tb2RlbD1EQkJPWC1BMhpkZXZpY2VpZD0yMDowMjpGRToxOTpDMjowRQ==]
06-10 15:21:29.270 523 629 D NsdService: Register 4 8
06-10 15:21:29.384 3302 3302 I queued-work-loo: type=1400 audit(0.0:1288): avc: denied { rename } for name="screencast.xml" dev="mmcblk0p25" ino=2954 scontext=u:r:platform_app:s0:c512,c768 tcontext=u:object_r:app_data_file:s0:c512,c768 tclass=file permissive=1 app=com.dangbei.screencast
06-10 15:21:29.392 3302 3302 I queued-work-loo: type=1400 audit(0.0:1289): avc: denied { setattr } for name="screencast.xml" dev="mmcblk0p25" ino=3196 scontext=u:r:platform_app:s0:c512,c768 tcontext=u:object_r:app_data_file:s0:c512,c768 tclass=file permissive=1 app=com.dangbei.screencast
06-10 15:21:29.560 523 629 D NsdService: Native daemon message SERVICE_REGISTERED: 606 7 "b42f0315e8b9@当贝投屏B1"
06-10 15:21:29.561 523 629 D NsdService: Native daemon message SERVICE_REGISTERED: 606 6 "当贝投屏B1"
06-10 15:21:29.907 281 307 D hdmi-cec: receive invalid cec message!
06-10 15:21:29.907 281 307 D hdmi-cec: receive poll message [04], skip!
06-10 15:21:29.965 523 544 W IorapForwardingService: No service published for: iorapd
06-10 15:21:30.151 523 629 D NsdService: Native daemon message SERVICE_REGISTERED: 606 8 "当贝投屏B1"
06-10 15:21:30.493 664 664 E WifiHAL : wifi_get_link_stats: requestResponse Error:-5
06-10 15:21:30.494 523 619 E WifiVendorHal: getWifiLinkLayerStats_1_5_Internal(l.1191) failed {.code = ERROR_INVALID_ARGS, .description = }
06-10 15:21:30.634 3302 3369 I efs.base: lt=event`ev_ct=efs_core`ev_ac=log_lag`tm=2025-06-10 15:21:63`dn=180e67c4-68c7-41cd-91c1-435b7b306a53`ps=com.dangbei.screencast`um_os=android`stime=1749540080203`pid=3302`fr=android`pkg=com.dangbei.screencast`vcode=20830`dsp_w=1920`uid=180e67c4-68c7-41cd-91c1-435b7b306a53`rom=12`wid=180e67c4-68c7-41cd-91c1-435b7b306a53`um_app_carrier=`um_access=wifi`um_app_channel=os`um_crash_sdk_version=1.4.0`ctime=1749540090`model=dbbox-a2`lang=zh`net=wifi`brand=dangbei`dsp_h=1080`um_network_type=0`ver=v2.8.3`cnt=2`build_model=DBBOX-A2`w_tm=1749540090`appid=5fc60c21094d637f3130af19`um_umid_header=aib544115ba8ed0477c60559b90a00c8b2`sdk=31`tzone=Asia/Shanghai`sdk_ver=1.3.6.umeng
06-10 15:21:30.919 3302 3364 I efs.base: wa upload succ, HttpResponse {succ=true, code=200, data='暂不支持该服务', extra={req_url=https://errlog.umeng.com/api/crashsdk/logcollect}}
06-10 15:21:30.967 523 544 W IorapForwardingService: No service published for: iorapd
06-10 15:21:30.984 674 855 I bt_btif_dm: system/bt/btif/src/btif_dm.cc:548 btif_update_remote_properties: cod from storage is also unclassified
06-10 15:21:31.041 3302 3369 I efs.base: wa upload succ, HttpResponse {succ=true, code=200, data='暂不支持该服务', extra={req_url=https://errlog.umeng.com/api/crashsdk/logcollect}}
06-10 15:21:31.163 523 588 W TelephonyPermissions: reportAccessDeniedToReadIdentifiers:com.dangbei.screencast:getSerial:-1
06-10 15:21:31.244 3466 3534 V NFC : this device does not have NFC support
06-10 15:21:31.970 523 544 W IorapForwardingService: No service published for: iorapd
06-10 15:21:32.041 3302 3384 E accept : myIp:192.168.3.12
06-10 15:21:32.045 3302 3384 E accept : connect error
06-10 15:21:32.053 3302 3384 I UpnpServiceImpl: >>> Starting UPnP service...
06-10 15:21:32.054 3302 3384 I UpnpServiceImpl: Using configuration: org.fourthline.cling.android.AndroidUpnpServiceConfiguration
06-10 15:21:32.059 3302 3384 I Router : Creating Router: org.fourthline.cling.android.AndroidRouter
06-10 15:21:32.062 3302 3384 W Router : enable lock:org.fourthline.cling.android.AndroidRouter@361e1d4_java.util.concurrent.locks.ReentrantReadWriteLock$WriteLock@173ef7d[Unlocked]
06-10 15:21:32.086 3302 3384 W tworkAddressFactoryImpl: Network interface may not be multicast capable: dummy0
06-10 15:21:32.090 3302 3384 I MulticastReceiver: Creating wildcard socket (for receiving multicast datagrams) on port: 1900
06-10 15:21:32.092 3302 3384 I MulticastReceiver: Joining multicast group: /239.255.255.250:1900 on network interface: wlan0
06-10 15:21:32.115 3302 3384 E accept : Adding connector try: 192.168.3.12/192.168.3.12:40583
06-10 15:21:32.119 3302 3384 E accept : Adding connector result: 192.168.3.12/192.168.3.12:40583
06-10 15:21:32.244 3302 3384 I JettyServletContainer: Registering UPnP servlet under context path: /upnp
06-10 15:21:32.249 3302 3384 I DatagramIO: Creating bound socket (for datagram input/output) on: 192.168.3.12/192.168.3.12
06-10 15:21:32.251 3302 3598 E JettyServletContainer: gogogo
06-10 15:21:32.251 3302 3598 I JettyServletContainer: Starting Jetty server...
06-10 15:21:32.253 3302 3598 W System.err: 2025-06-10 15:21:32.253:INFO:lcaf.p:jetty-8.y.z-SNAPSHOT
06-10 15:21:32.257 3302 3384 I Router : WiFi multicast lock acquired
06-10 15:21:32.258 523 1590 I WifiService: acquireMulticastLock uid=10015
06-10 15:21:32.260 3302 3384 I Router : WiFi lock acquired
06-10 15:21:32.262 523 1590 I WifiService: acquireWifiLock uid=10015 lockMode=3
06-10 15:21:32.266 3302 3384 W Router : enable unlock:org.fourthline.cling.android.AndroidRouter@361e1d4
06-10 15:21:32.267 3302 3384 I UpnpServiceImpl: <<< UPnP service started successfully
06-10 15:21:32.307 3302 3598 W System.err: 2025-06-10 15:21:32.306:INFO:lcaf.a:Started @192.168.3.12:40583
06-10 15:21:32.351 3302 3384 E g : channel :os
06-10 15:21:32.973 523 544 W IorapForwardingService: No service published for: iorapd
06-10 15:21:33.050 1249 1249 D bbb : onStartCommand begin !!!!!!! data分区剩余 24985MB
06-10 15:21:33.053 1190 1190 D aaa : LedStatusService onStartCommand begin
06-10 15:21:33.056 1190 3615 D aaa : topPkg is -------------- :com.dangbei.haqusetting
06-10 15:21:33.507 664 664 E WifiHAL : wifi_get_link_stats: requestResponse Error:-5
