06-10 15:20:05.070 523 759 W WindowManager: Failed looking up window session=Session{80de99b 1128:1000} callers=com.android.server.wm.WindowManagerService.windowForClientLocked:5702 com.android.server.wm.Session.insetsModified:629 android.view.IWindowSession$Stub.onTransact:1151
06-10 15:20:05.075 523 619 W LastMileLogger: Failed to open free_buffer pseudo-file: /sys/kernel/debug/tracing/instances/wifi/free_buffer: open failed: ENOENT (No such file or directory)
06-10 15:20:05.087 523 619 W LastMileLogger: Failed to arm fail-safe.
06-10 15:20:05.090 523 619 I WifiClientModeImpl[wlan0]: Connecting with b4:2f:03:15:e8:b9 as the mac address
06-10 15:20:05.092 371 371 W wificond: Scan is not started. Ignore abort request
06-10 15:20:05.093 523 619 D SupplicantStaIfaceHal: connectToNetwork "DZNB"WPA_PSK
06-10 15:20:05.095 523 619 I SupplicantStaIfaceHal: addSupplicantStaNetwork via HIDL
06-10 15:20:05.098 1231 1231 I TDLog : setReportUncaughtExceptions: true
06-10 15:20:05.103 1231 1489 I efs.config: --->>> 一致
06-10 15:20:05.116 1282 1426 I ContactLocale: AddressBook Labels [[zh_CN]]: […, A, B, C, D, E, F, G, H, I, J, K, L, M, N, O, P, Q, R, S, T, U, V, W, X, Y, Z, Α, Β, Γ, Δ, Ε, Ζ, Η, Θ, Ι, Κ, Λ, Μ, Ν, Ξ, Ο, Π, Ρ, Σ, Τ, Υ, Φ, Χ, Ψ, Ω, …, А, Б, В, Г, Д, Ђ, Е, Є, Ж, З, И, І, Й, Ј, К, Л, Љ, М, Н, Њ, О, П, Р, С, Т, Ћ, У, Ф, Х, Ц, Ч, Џ, Ш, Щ, Ю, Я, …, א, ב, ג, ד, ה, ו, ז, ח, ט, י, כ, ל, מ, נ, ס, ע, פ, צ, ק, ר, ש, ת, …, ا, ب, ت, ث, ج, ح, خ, د, ذ, ر, ز, س, ش, ص, ض, ط, ظ, ع, غ, ف, ق, ك, ل, م, ن, ه, و, ي, …, ก, ข, ฃ, ค, ฅ, ฆ, ง, จ, ฉ, ช, ซ, ฌ, ญ, ฎ, ฏ, ฐ, ฑ, ฒ, ณ, ด, ต, ถ, ท, ธ, น, บ, ป, ผ, ฝ, พ, ฟ, ภ, ม, ย, ร, ฤ, ล, ฦ, ว, ศ, ษ, ส, ห, ฬ, อ, ฮ, …, ㄱ, ㄴ, ㄷ, ㄹ, ㅁ, ㅂ, ㅅ, ㅇ, ㅈ, ㅊ, ㅋ, ㅌ, ㅍ, ㅎ, …, あ, か, さ, た, な, は, ま, や, ら, わ, #, …]
06-10 15:20:05.123 1231 1231 E Application: onCreate:Version:v2.8.3/20830/883432e
06-10 15:20:05.128 1128 1437 W System.err: java.net.UnknownHostException: Unable to resolve host "utoken.umeng.com": No address associated with hostname
06-10 15:20:05.129 1128 1437 W System.err: at java.net.Inet6AddressImpl.lookupHostByName(Inet6AddressImpl.java:156)
06-10 15:20:05.129 1128 1437 W System.err: at java.net.Inet6AddressImpl.lookupAllHostAddr(Inet6AddressImpl.java:103)
06-10 15:20:05.129 1128 1437 W System.err: at java.net.InetAddress.getAllByName(InetAddress.java:1152)
06-10 15:20:05.129 1128 1437 W System.err: at com.android.okhttp.Dns$1.lookup(Dns.java:41)
06-10 15:20:05.129 1128 1437 W System.err: at com.android.okhttp.internal.http.RouteSelector.resetNextInetSocketAddress(RouteSelector.java:178)
06-10 15:20:05.129 1128 1437 W System.err: at com.android.okhttp.internal.http.RouteSelector.nextProxy(RouteSelector.java:144)
06-10 15:20:05.129 1128 1437 W System.err: at com.android.okhttp.internal.http.RouteSelector.next(RouteSelector.java:86)
06-10 15:20:05.129 1128 1437 W System.err: at com.android.okhttp.internal.http.StreamAllocation.findConnection(StreamAllocation.java:176)
06-10 15:20:05.129 1128 1437 W System.err: at com.android.okhttp.internal.http.StreamAllocation.findHealthyConnection(StreamAllocation.java:128)
06-10 15:20:05.129 1128 1437 W System.err: at com.android.okhttp.internal.http.StreamAllocation.newStream(StreamAllocation.java:97)
06-10 15:20:05.129 1128 1437 W System.err: at com.android.okhttp.internal.http.HttpEngine.connect(HttpEngine.java:289)
06-10 15:20:05.129 1128 1437 W System.err: at com.android.okhttp.internal.http.HttpEngine.sendRequest(HttpEngine.java:232)
06-10 15:20:05.129 1128 1437 W System.err: at com.android.okhttp.internal.huc.HttpURLConnectionImpl.execute(HttpURLConnectionImpl.java:465)
06-10 15:20:05.129 1128 1437 W System.err: at com.android.okhttp.internal.huc.HttpURLConnectionImpl.connect(HttpURLConnectionImpl.java:131)
06-10 15:20:05.129 1128 1437 W System.err: at com.android.okhttp.internal.huc.HttpURLConnectionImpl.getOutputStream(HttpURLConnectionImpl.java:262)
06-10 15:20:05.129 1128 1437 W System.err: at com.android.okhttp.internal.huc.DelegatingHttpsURLConnection.getOutputStream(DelegatingHttpsURLConnection.java:219)
06-10 15:20:05.129 1128 1437 W System.err: at com.android.okhttp.internal.huc.HttpsURLConnectionImpl.getOutputStream(HttpsURLConnectionImpl.java:30)
06-10 15:20:05.129 1128 1437 W System.err: at com.umeng.umzid.a.a(SourceFile:80)
06-10 15:20:05.130 1128 1437 W System.err: at com.umeng.umzid.ZIDManager.b(SourceFile:298)
06-10 15:20:05.130 1128 1437 W System.err: at com.umeng.umzid.ZIDManager$b.run(Unknown Source:4)
06-10 15:20:05.130 1128 1437 W System.err: at java.util.concurrent.Executors$RunnableAdapter.call(Executors.java:462)
06-10 15:20:05.132 1128 1437 W System.err: at java.util.concurrent.FutureTask.run(FutureTask.java:266)
06-10 15:20:05.134 1128 1437 W System.err: at java.util.concurrent.ScheduledThreadPoolExecutor$ScheduledFutureTask.run(ScheduledThreadPoolExecutor.java:301)
06-10 15:20:05.134 1128 1437 W System.err: at java.util.concurrent.ThreadPoolExecutor.runWorker(ThreadPoolExecutor.java:1167)
06-10 15:20:05.134 1128 1437 W System.err: at java.util.concurrent.ThreadPoolExecutor$Worker.run(ThreadPoolExecutor.java:641)
06-10 15:20:05.134 1128 1437 W System.err: at java.lang.Thread.run(Thread.java:920)
06-10 15:20:05.134 1128 1437 W System.err: Caused by: android.system.GaiException: android_getaddrinfo failed: EAI_NODATA (No address associated with hostname)
06-10 15:20:05.134 1128 1437 W System.err: at libcore.io.Linux.android_getaddrinfo(Native Method)
06-10 15:20:05.135 1128 1437 W System.err: at libcore.io.ForwardingOs.android_getaddrinfo(ForwardingOs.java:136)
06-10 15:20:05.135 1128 1437 W System.err: at libcore.io.BlockGuardOs.android_getaddrinfo(BlockGuardOs.java:221)
06-10 15:20:05.135 1128 1437 W System.err: at libcore.io.ForwardingOs.android_getaddrinfo(ForwardingOs.java:136)
06-10 15:20:05.145 523 1460 I RecoverySystem: Deleted: /cache/recovery/3870
06-10 15:20:05.148 1128 1437 W System.err: at java.net.Inet6AddressImpl.lookupHostByName(Inet6AddressImpl.java:135)
06-10 15:20:05.149 1128 1437 W System.err: ... 25 more
06-10 15:20:05.155 523 619 D SupplicantStaNetworkHal: The target security params: Security Parameters:
06-10 15:20:05.155 523 619 D SupplicantStaNetworkHal: Type: 2
06-10 15:20:05.155 523 619 D SupplicantStaNetworkHal: Enabled: true
06-10 15:20:05.155 523 619 D SupplicantStaNetworkHal: KeyMgmt: WPA_PSK
06-10 15:20:05.155 523 619 D SupplicantStaNetworkHal: Protocols: WPA RSN
06-10 15:20:05.155 523 619 D SupplicantStaNetworkHal: AuthAlgorithms:
06-10 15:20:05.155 523 619 D SupplicantStaNetworkHal: PairwiseCiphers: TKIP CCMP
06-10 15:20:05.155 523 619 D SupplicantStaNetworkHal: GroupCiphers: WEP40 WEP104 TKIP CCMP
06-10 15:20:05.155 523 619 D SupplicantStaNetworkHal: GroupMgmtCiphers:
06-10 15:20:05.155 523 619 D SupplicantStaNetworkHal: SuiteBCiphers:
06-10 15:20:05.155 523 619 D SupplicantStaNetworkHal: RequirePmf: false
06-10 15:20:05.155 523 619 D SupplicantStaNetworkHal: IsAddedByAutoUpgrade: false
06-10 15:20:05.155 523 619 D SupplicantStaNetworkHal: IsSaeH2eOnlyMode: false
06-10 15:20:05.155 523 619 D SupplicantStaNetworkHal: IsSaePkOnlyMode: false
06-10 15:20:05.180 1231 1537 W efs.send_log: tryFileLock sendlock sucess! processname: com.dangbei.screencast
06-10 15:20:05.192 266 333 V audio_hw_primary: set property persist.vendor.audio.output.active: AUDIO_HDMI ok
06-10 15:20:05.192 266 333 V audio_hw_primary: AUDIO_HDMI output device will be active
06-10 15:20:05.196 523 1460 I DropBoxManagerService: add tag=SYSTEM_BOOT isTagEnabled=true flags=0x2
06-10 15:20:05.199 1071 1353 E ccc : cccccc sendCycleCheckBootGuideStatusMessage
06-10 15:20:05.204 1071 1353 W ContextImpl: Calling a method in the system process without a qualified user: android.app.ContextImpl.startService:1816 android.content.ContextWrapper.startService:774 com.dangbei.etna.setting.core.SettingHelper.startRocky:260 com.dangbei.etna.setting.core.SettingHelper.sendCycleCheckBootGuideStatusMessage:206 com.dangbei.etna.setting.core.SettingHelper.startLoop:195
06-10 15:20:05.208 523 551 I DropBoxManagerService: add tag=system_server_wtf isTagEnabled=true flags=0x2
06-10 15:20:05.214 1128 1128 I Choreographer: Skipped 186 frames! The application may be doing too much work on its main thread.
06-10 15:20:05.216 523 546 D CompatibilityChangeReporter: Compat change id reported: 158002302; UID 1000; state: ENABLED
06-10 15:20:05.220 523 523 D AudioManagerEx: Update Settings.System.AUDIO_OUTPUT_CHANNEL, now save audio is AUDIO_HDMI
06-10 15:20:05.221 523 523 D AudioManagerPolicy: get AUDIO_MANAGE_POLICY is 2
06-10 15:20:05.223 1071 1356 W ContextImpl: Calling a method in the system process without a qualified user: android.app.ContextImpl.bindService:1895 android.content.ContextWrapper.bindService:810 com.dangbei.lerad.etna.lib.client.EtnaClient.bindServer:138 com.dangbei.lerad.etna.lib.client.EtnaClient.access$600:29 com.dangbei.lerad.etna.lib.client.EtnaClient$3.call:205
06-10 15:20:05.226 266 333 D audio_hw_primary: getAudioDevices()
06-10 15:20:05.226 266 333 D audio_hw_primary: out dev:AUDIO_CODEC
06-10 15:20:05.226 266 333 D audio_hw_primary: in dev:AUDIO_SPDIF
06-10 15:20:05.226 266 333 D audio_hw_primary: out dev:AUDIO_SPDIF
06-10 15:20:05.226 266 333 D audio_hw_primary: in dev:AUDIO_HDMI
06-10 15:20:05.226 266 333 D audio_hw_primary: out dev:AUDIO_HDMI
06-10 15:20:05.226 266 333 D audio_hw_primary: in dev:AUDIO_I2S2
06-10 15:20:05.226 266 333 D audio_hw_primary: in capture: AUDIO_SPDIF,AUDIO_HDMI,AUDIO_I2S2
06-10 15:20:05.228 1071 1346 W ContextImpl: Calling a method in the system process without a qualified user: android.app.ContextImpl.bindService:1895 android.content.ContextWrapper.bindService:810 com.dangbei.lerad.etna.lib.client.EtnaClient.bindServer:138 com.dangbei.lerad.etna.lib.client.EtnaClient.access$600:29 com.dangbei.lerad.etna.lib.client.EtnaClient$3.call:205
06-10 15:20:05.233 523 759 I ActivityManager: com.dangbei.lerad.rocky is exempt from freezer
06-10 15:20:05.236 523 759 D CompatibilityChangeReporter: Compat change id reported: 135634846; UID 1000; state: DISABLED
06-10 15:20:05.236 523 1460 I BootReceiver: Copying audit failures to DropBox
06-10 15:20:05.240 1071 1353 E ccc : cccccc sendCycleCheckBroadcast
06-10 15:20:05.241 1071 1353 W ContextImpl: Calling a method in the system process without a qualified user: android.app.ContextImpl.sendBroadcast:1173 android.content.ContextWrapper.sendBroadcast:479 com.dangbei.etna.setting.core.SettingHelper.sendCycleToProjector:250 com.dangbei.etna.setting.core.SettingHelper.sendCycleCheckBroadcast:219 com.dangbei.etna.setting.core.SettingHelper.sendCycleCheckBootGuideStatusMessage:207
06-10 15:20:05.229 266 266 D xm_audio: adev_get_parameters
06-10 15:20:05.249 523 1460 I BootReceiver: Checking for fsck errors
06-10 15:20:05.250 1071 1071 E ccc : cccccc etnaService addListener com.dangbei.lerad.etna.lib.client.EtnaServerListener@9a276fd com.dangbei.etna.update
06-10 15:20:05.250 1071 1071 E ccc : cccccc UpdateHelper onServerConnected
06-10 15:20:05.253 1071 1353 W ContextImpl: Calling a method in the system process without a qualified user: android.app.ContextImpl.sendBroadcast:1173 android.content.ContextWrapper.sendBroadcast:479 com.dangbei.etna.setting.core.SettingHelper.sendCycleToVoice:235 com.dangbei.etna.setting.core.SettingHelper.sendCycleCheckBroadcast:220 com.dangbei.etna.setting.core.SettingHelper.sendCycleCheckBootGuideStatusMessage:207
06-10 15:20:05.255 523 659 E ActivityManager: Sending non-protected broadcast com.dangbei.etna.setting.action_cycle_check_broadcast from system 1071:com.dangbei.lerad.etna.haqu/1000 pkg com.dangbei.lerad.etna.haqu
06-10 15:20:05.255 523 659 E ActivityManager: java.lang.Throwable
06-10 15:20:05.255 523 659 E ActivityManager: at com.android.server.am.ActivityManagerService.checkBroadcastFromSystem(ActivityManagerService.java:12816)
06-10 15:20:05.255 523 659 E ActivityManager: at com.android.server.am.ActivityManagerService.broadcastIntentLocked(ActivityManagerService.java:13513)
06-10 15:20:05.255 523 659 E ActivityManager: at com.android.server.am.ActivityManagerService.broadcastIntentLocked(ActivityManagerService.java:12833)
06-10 15:20:05.255 523 659 E ActivityManager: at com.android.server.am.ActivityManagerService.broadcastIntentWithFeature(ActivityManagerService.java:13670)
06-10 15:20:05.255 523 659 E ActivityManager: at android.app.IActivityManager$Stub.onTransact(IActivityManager.java:2326)
06-10 15:20:05.255 523 659 E ActivityManager: at com.android.server.am.ActivityManagerService.onTransact(ActivityManagerService.java:2509)
06-10 15:20:05.255 523 659 E ActivityManager: at android.os.Binder.execTransactInternal(Binder.java:1179)
06-10 15:20:05.255 523 659 E ActivityManager: at android.os.Binder.execTransact(Binder.java:1143)
06-10 15:20:05.257 285 945 I hash_map_utils: system/bt/osi/src/hash_map_utils.cc:81 hash_map_utils_dump_string_keys_string_values: key: 'audio_devices_in' value: ''
06-10 15:20:05.266 1071 1071 E ccc : cccccc etnaService addListener com.dangbei.lerad.etna.lib.client.EtnaServerListener@f1beff2 com.dangbei.etna.setting
06-10 15:20:05.266 1071 1071 E ccc : cccccc SettingHelper onServerConnected
06-10 15:20:05.269 523 1460 E BootReceiver: Wrong format of shutdown metrics - reboot:y,reason:,shutdown_activity_manager:5113,shutdown_radios:1,begin_shutdown:1749539966096,shutdown_send_shutdown_broadcast:315,shutdown_system_server:5466,shutdown_package_manager:23
06-10 15:20:05.270 523 551 I DropBoxManagerService: add tag=system_server_wtf isTagEnabled=true flags=0x2
06-10 15:20:05.282 261 261 D Zygote : Forked child process 1566
06-10 15:20:05.283 523 523 D AudioManagerEx: type audio_devices_in list AUDIO_SPDIF,AUDIO_HDMI,AUDIO_I2S2=
06-10 15:20:05.283 523 523 D AudioManagerEx: state=audio_devices_in_active,dev=[AUDIO_CODEC]
06-10 15:20:05.283 523 523 D AudioManagerEx: enablePassThrough = true
06-10 15:20:05.283 523 523 D AudioManagerEx: audio=AUDIO_CODEC
06-10 15:20:05.284 266 333 V audio_hw_primary: adev_set_parameters, audio_devices_in_active=AUDIO_CODEC
06-10 15:20:05.284 266 333 V audio_hw_primary: in AUDIO_PARAMETER_DEVICES_IN_ACTIVE: AUDIO_CODEC
06-10 15:20:05.285 523 552 W ActivityManager: Slow operation: 55ms so far, now at startProcess: returned from zygote!
06-10 15:20:05.286 523 552 W ActivityManager: Slow operation: 56ms so far, now at startProcess: done updating battery stats
06-10 15:20:05.288 523 552 W ActivityManager: Slow operation: 58ms so far, now at startProcess: building log message
06-10 15:20:05.288 523 552 I ActivityManager: app.processName = com.dangbei.lerad.rocky
06-10 15:20:05.288 523 552 I ActivityManager: Start proc 1566:com.dangbei.lerad.rocky/1000 for service {com.dangbei.lerad.rocky/com.dangbei.rocky.RockyService}
06-10 15:20:05.288 523 552 W ActivityManager: Slow operation: 58ms so far, now at startProcess: starting to update pids map
06-10 15:20:05.289 267 1015 E bt_upio : upio_set : /proc/bluetooth/sleep/btwrite(-1) incorrent
06-10 15:20:05.293 1566 1566 I Zygote : seccomp disabled by setenforce 0
06-10 15:20:05.302 523 1460 E BootReceiver: No value received for shutdown reason
06-10 15:20:05.336 266 333 V audio_hw_primary: set property persist.vendor.audio.input.active: AUDIO_CODEC ok
06-10 15:20:05.337 1071 1354 E ccc : cccccc sendCycleCheckBootGuideStatusMessage
06-10 15:20:05.343 523 552 W ActivityManager: Slow operation: 113ms so far, now at startProcess: done updating pids map
06-10 15:20:05.347 1071 1354 W ContextImpl: Calling a method in the system process without a qualified user: android.app.ContextImpl.startService:1816 android.content.ContextWrapper.startService:774 com.dangbei.etna.setting.core.SettingHelper.startRocky:260 com.dangbei.etna.setting.core.SettingHelper.sendCycleCheckBootGuideStatusMessage:206 com.dangbei.etna.setting.core.SettingHelper.startLoop:195
06-10 15:20:05.348 387 408 I adbd : jdwp connection from 1566
06-10 15:20:05.366 1071 1354 E ccc : cccccc sendCycleCheckBroadcast
06-10 15:20:05.369 1071 1354 W ContextImpl: Calling a method in the system process without a qualified user: android.app.ContextImpl.sendBroadcast:1173 android.content.ContextWrapper.sendBroadcast:479 com.dangbei.etna.setting.core.SettingHelper.sendCycleToProjector:250 com.dangbei.etna.setting.core.SettingHelper.sendCycleCheckBroadcast:219 com.dangbei.etna.setting.core.SettingHelper.sendCycleCheckBootGuideStatusMessage:207
06-10 15:20:05.380 1231 1231 I CrashSDKNormalH: type=1400 audit(0.0:490): avc: denied { search } for name="com.dangbei.screencast" dev="mmcblk0p25" ino=891 scontext=u:r:platform_app:s0:c512,c768 tcontext=u:object_r:app_data_file:s0:c512,c768 tclass=dir permissive=1 app=com.dangbei.screencast
06-10 15:20:05.385 1066 1342 I MediaProvider: Scanned internal due to REASON_MOUNTED, found 5 items in 2282ms, 0 inserts 4 updates 0 deletes
06-10 15:20:05.384 1231 1231 I efs-base: type=1400 audit(0.0:491): avc: denied { write } for name="1231" dev="mmcblk0p25" ino=3142 scontext=u:r:platform_app:s0:c512,c768 tcontext=u:object_r:app_data_file:s0:c512,c768 tclass=dir permissive=1 app=com.dangbei.screencast
06-10 15:20:05.384 1231 1231 I efs-base: type=1400 audit(0.0:492): avc: denied { add_name } for name="wa_none_1_1_1231_3387_1749540005169" scontext=u:r:platform_app:s0:c512,c768 tcontext=u:object_r:app_data_file:s0:c512,c768 tclass=dir permissive=1 app=com.dangbei.screencast
06-10 15:20:05.384 1231 1231 I efs-base: type=1400 audit(0.0:493): avc: denied { create } for name="wa_none_1_1_1231_3387_1749540005169" scontext=u:r:platform_app:s0:c512,c768 tcontext=u:object_r:app_data_file:s0:c512,c768 tclass=file permissive=1 app=com.dangbei.screencast
06-10 15:20:05.388 1465 1465 I net_disconnect.: type=1400 audit(0.0:494): avc: denied { execute } for name="rgb_led_ctl" dev="dm-5" ino=188 scontext=u:r:init:s0 tcontext=u:object_r:vendor_file:s0 tclass=file permissive=1
06-10 15:20:05.421 1128 1309 E hq : ErrorCoroutineExceptionHandler:::runTry error:java.net.UnknownHostException: Unable to resolve host "ottdbui-tyapiqun7.yysh.mgtv.com": No address associated with hostname from=requestUserAgreement
06-10 15:20:05.421 1231 1403 I TDLog : TalkingData SDK init...
06-10 15:20:05.421 1231 1403 I TDLog : SDK_VERSION is: Android+TD+V5.0.7 gp Type:Native Build_Num:2141
06-10 15:20:05.421 1231 1403 I TDLog : App ID is: B9D7815EC975466AB1332111FCE62DF5
06-10 15:20:05.421 1231 1403 I TDLog : App Channel is: os
06-10 15:20:05.421 1231 1403 I TDLog : App Custom is:
06-10 15:20:05.421 1231 1403 I TDLog : SDK_OVC is: TDOVC+a3bb7754719798526508b6caad480dd7+SaaS
06-10 15:20:05.422 1128 1309 E UserProtocolInterceptorImpl: isAgree: 20210615 20210615 true
06-10 15:20:05.428 1128 1309 E UserProtocolInterceptorImpl: version===>0
06-10 15:20:05.437 1231 1231 E UsbEventBroadcastReceiver: onReceive: android.hardware.usb.action.USB_DEVICE_ATTACHED
06-10 15:20:05.442 1066 1191 W MediaProvider: getVolumePath for unknown volume: internal
06-10 15:20:05.453 1231 1231 E z : isUsbCastSupport getModel:DBBOX-A2
06-10 15:20:05.457 1231 1231 E UsbEventBroadcastReceiver: return USB_CAST_SWITCH false
06-10 15:20:05.460 1231 1231 I crashsdk: Catcher mask: 5000, 20480
06-10 15:20:05.462 1231 1231 I crashsdk: Catcher thread 1237
06-10 15:20:05.462 1231 1231 D crashsdk: Register ANR handler ...
06-10 15:20:05.464 523 523 W Looper : Slow dispatch took 1218ms main h=android.app.ActivityThread$H c=android.app.LoadedApk$ReceiverDispatcher$Args$$ExternalSyntheticLambda0@f633ae0 m=0
06-10 15:20:05.466 434 434 W hdr10p_Configure: 368 callbacks suppressed
06-10 15:20:05.466 434 434 I : DVI mode selected: packets not configured
06-10 15:20:05.467 434 434 W set_vsif_config: 368 callbacks suppressed
06-10 15:20:05.467 434 434 I : Error: set vsif failed
06-10 15:20:05.467 434 434 I : DVI mode selected: packets not configured
06-10 15:20:05.467 434 434 I : Error: set vsif failed
06-10 15:20:05.467 434 434 I : DVI mode selected: packets not configured
06-10 15:20:05.467 434 434 I : Error: set vsif failed
06-10 15:20:05.469 1071 1354 W ContextImpl: Calling a method in the system process without a qualified user: android.app.ContextImpl.sendBroadcast:1173 android.content.ContextWrapper.sendBroadcast:479 com.dangbei.etna.setting.core.SettingHelper.sendCycleToVoice:235 com.dangbei.etna.setting.core.SettingHelper.sendCycleCheckBroadcast:220 com.dangbei.etna.setting.core.SettingHelper.sendCycleCheckBootGuideStatusMessage:207
06-10 15:20:05.485 434 434 I : DVI mode selected: packets not configured
06-10 15:20:05.485 434 434 I : Error: set vsif failed
06-10 15:20:05.485 434 434 I : DVI mode selected: packets not configured
06-10 15:20:05.485 434 434 I : Error: set vsif failed
06-10 15:20:05.485 434 434 I : DVI mode selected: packets not configured
06-10 15:20:05.485 434 434 I : Error: set vsif failed
06-10 15:20:05.500 434 434 I : DVI mode selected: packets not configured
06-10 15:20:05.500 434 434 I : Error: set vsif failed
06-10 15:20:05.500 434 434 I : DVI mode selected: packets not configured
06-10 15:20:05.500 434 434 I : Error: set vsif failed
06-10 15:20:05.501 434 434 I : DVI mode selected: packets not configured
06-10 15:20:05.501 434 434 I : Error: set vsif failed
06-10 15:20:05.505 1066 1342 W ModernMediaScanner: Failed to visit /oem/media: java.nio.file.NoSuchFileException: /oem/media
06-10 15:20:05.516 434 434 I : DVI mode selected: packets not configured
06-10 15:20:05.516 434 434 I : Error: set vsif failed
06-10 15:20:05.520 523 759 E ActivityManager: Sending non-protected broadcast com.dangbei.etna.setting.action_cycle_check_broadcast from system 1071:com.dangbei.lerad.etna.haqu/1000 pkg com.dangbei.lerad.etna.haqu
06-10 15:20:05.520 523 759 E ActivityManager: java.lang.Throwable
06-10 15:20:05.520 523 759 E ActivityManager: at com.android.server.am.ActivityManagerService.checkBroadcastFromSystem(ActivityManagerService.java:12816)
06-10 15:20:05.520 523 759 E ActivityManager: at com.android.server.am.ActivityManagerService.broadcastIntentLocked(ActivityManagerService.java:13513)
06-10 15:20:05.520 523 759 E ActivityManager: at com.android.server.am.ActivityManagerService.broadcastIntentLocked(ActivityManagerService.java:12833)
06-10 15:20:05.520 523 759 E ActivityManager: at com.android.server.am.ActivityManagerService.broadcastIntentWithFeature(ActivityManagerService.java:13670)
06-10 15:20:05.520 523 759 E ActivityManager: at android.app.IActivityManager$Stub.onTransact(IActivityManager.java:2326)
06-10 15:20:05.520 523 759 E ActivityManager: at com.android.server.am.ActivityManagerService.onTransact(ActivityManagerService.java:2509)
06-10 15:20:05.520 523 759 E ActivityManager: at android.os.Binder.execTransactInternal(Binder.java:1179)
06-10 15:20:05.520 523 759 E ActivityManager: at android.os.Binder.execTransact(Binder.java:1143)
06-10 15:20:05.524 1066 1191 W MediaProvider: getVolumePath for unknown volume: internal
06-10 15:20:05.544 1128 1309 E hq : ErrorCoroutineExceptionHandler:::runTry error:java.net.UnknownHostException: Unable to resolve host "ottdbui-tyapiqun7.yysh.mgtv.com": No address associated with hostname from=requestAppBarData_loadData
06-10 15:20:05.546 1066 1191 W MediaProvider: getVolumePath for unknown volume: internal
06-10 15:20:05.547 523 551 I DropBoxManagerService: add tag=system_server_wtf isTagEnabled=true flags=0x2
06-10 15:20:05.556 523 523 D AudioDeviceManagerObserver: name: AUDIO_HDMI, state: 0, type: 1
06-10 15:20:05.557 1182 1182 I wpa_supplicant: wlan0: Trying to associate with 58:c7:ac:78:f0:02 (SSID='DZNB' freq=5260 MHz)
06-10 15:20:05.558 200 200 I hwservicemanager: getTransport: Cannot find entry android.hardware.configstore@1.0::ISurfaceFlingerConfigs/default in either framework or device VINTF manifest.
06-10 15:20:05.584 523 523 W Looper : Slow delivery took 1072ms main h=android.app.ActivityThread$H c=android.app.LoadedApk$ReceiverDispatcher$Args$$ExternalSyntheticLambda0@b25806a m=0
06-10 15:20:05.584 523 523 W Looper : Slow dispatch took 119ms main h=android.app.ActivityThread$H c=android.app.LoadedApk$ReceiverDispatcher$Args$$ExternalSyntheticLambda0@b25806a m=0
06-10 15:20:05.592 1128 1377 I UtilCommon: bluetoothMac=B4:2F:03:15:73:2F
06-10 15:20:05.599 1128 1377 E wangli : env: 0_false
06-10 15:20:05.620 1066 1191 W MediaProvider: getVolumePath for unknown volume: internal
06-10 15:20:05.624 523 619 D WifiCountryCode: evaluateAllCmmStateAndApplyIfAllReady: {ConcreteClientModeManager{id=19627 iface=wlan0 role=ROLE_CLIENT_PRIMARY}=false}
06-10 15:20:05.625 523 619 D WifiClientModeImpl[wlan0]: Start Connecting Watchdog 1
06-10 15:20:05.632 371 371 I wificond: Regulatory domain changed to country: CN on wiphy_index: 0
06-10 15:20:05.635 1182 1182 I wpa_supplicant: wlan0: Associated with 58:c7:ac:78:f0:02
06-10 15:20:05.635 1182 1182 I wpa_supplicant: wlan0: CTRL-EVENT-SUBNET-STATUS-UPDATE status=0
06-10 15:20:05.635 523 816 D WifiNl80211Manager: OnRegDomainChanged CN
06-10 15:20:05.636 1182 1182 I wpa_supplicant: wlan0: CTRL-EVENT-REGDOM-CHANGE init=COUNTRY_IE type=COUNTRY alpha2=CN
06-10 15:20:05.640 288 570 E HWComposer: getSupportedContentTypes: getSupportedContentTypes failed for display 0: Unsupported (8)
06-10 15:20:05.647 371 371 I wificond: 2.4Ghz frequencies: 2412 2417 2422 2427 2432 2437 2442 2447 2452 2457 2462 2467 2472
06-10 15:20:05.647 371 371 I wificond: 5Ghz non-DFS frequencies: 5180 5200 5220 5240 5745 5765 5785 5805 5825
06-10 15:20:05.647 371 371 I wificond: 5Ghz DFS frequencies: 5260 5280 5300 5320
06-10 15:20:05.647 371 371 I wificond: 6Ghz frequencies:
06-10 15:20:05.648 371 371 I wificond: 60Ghz frequencies:
06-10 15:20:05.648 1182 1182 I wpa_supplicant: wlan0: WPA: RX message 1 of 4-Way Handshake from 58:c7:ac:78:f0:02 (ver=2)
06-10 15:20:05.649 1182 1182 I wpa_supplicant: wlan0: WPA: Sending EAPOL-Key 2/4
06-10 15:20:05.651 523 619 D WifiNetworkFactory: got request NetworkRequest [ REQUEST id=28, [ Capabilities: INTERNET&NOT_RESTRICTED&TRUSTED&NOT_VCN_MANAGED Uid: 1000 RequestorUid: 1000 RequestorPkg: com.dangbei.leard.leradlauncher] ]
06-10 15:20:05.651 523 619 D UntrustedWifiNetworkFactory: got request NetworkRequest [ REQUEST id=28, [ Capabilities: INTERNET&NOT_RESTRICTED&TRUSTED&NOT_VCN_MANAGED Uid: 1000 RequestorUid: 1000 RequestorPkg: com.dangbei.leard.leradlauncher] ]
06-10 15:20:05.652 523 619 D OemPaidWifiNetworkFactory: got request NetworkRequest [ REQUEST id=28, [ Capabilities: INTERNET&NOT_RESTRICTED&TRUSTED&NOT_VCN_MANAGED Uid: 1000 RequestorUid: 1000 RequestorPkg: com.dangbei.leard.leradlauncher] ]
06-10 15:20:05.653 1182 1182 I wpa_supplicant: wlan0: WPA: RX message 3 of 4-Way Handshake from 58:c7:ac:78:f0:02 (ver=2)
06-10 15:20:05.653 1182 1182 I wpa_supplicant: wlan0: WPA: Sending EAPOL-Key 4/4
06-10 15:20:05.653 523 816 D WifiNative: onCountryCodeChanged: CN
06-10 15:20:05.653 523 816 I WifiCountryCode: Receive onDriverCountryCodeChanged CN
06-10 15:20:05.659 1182 1182 I wpa_supplicant: wlan0: WPA: Key negotiation completed with 58:c7:ac:78:f0:02 [PTK=CCMP GTK=TKIP]
06-10 15:20:05.660 1182 1182 I wpa_supplicant: wlan0: CTRL-EVENT-CONNECTED - Connection to 58:c7:ac:78:f0:02 completed [id=0 id_str=%7B%22configKey%22%3A%22%5C%22DZNB%5C%22WPA_PSK%22%2C%22creatorUid%22%3A%2210024%22%7D]
06-10 15:20:05.663 523 542 W PppoeNetworkFactory: interfaceLinkStateChanged
06-10 15:20:05.663 523 542 D PppoeNetworkFactory: updateInterface: mIface: mPhyIface:eth0 iface:wlan0 link:up
06-10 15:20:05.663 523 542 D PppoeNetworkFactory: not tracker interface
06-10 15:20:05.663 200 200 I hwservicemanager: getTransport: Cannot find entry android.hardware.graphics.mapper@4.0::IMapper/default in either framework or device VINTF manifest.
06-10 15:20:05.663 523 542 I EthernetTracker: interfaceLinkStateChanged, iface: wlan0, up: true
06-10 15:20:05.665 1128 1605 I Gralloc4: mapper 4.x is not supported
06-10 15:20:05.670 200 200 I hwservicemanager: getTransport: Cannot find entry android.hardware.graphics.mapper@3.0::IMapper/default in either framework or device VINTF manifest.
06-10 15:20:05.670 1128 1605 W Gralloc3: mapper 3.x is not supported
06-10 15:20:05.677 523 813 W ActivityManager: Slow operation: 61ms so far, now at attachApplicationLocked: after mServices.attachApplicationLocked
06-10 15:20:05.685 523 523 W Looper : Slow dispatch took 100ms main h=android.app.ActivityThread$H c=android.app.LoadedApk$ReceiverDispatcher$Args$$ExternalSyntheticLambda0@16e1f4b m=0
06-10 15:20:05.693 1566 1566 D CompatibilityChangeReporter: Compat change id reported: 171979766; UID 1000; state: DISABLED
06-10 15:20:05.693 1128 1605 E gralloc : Arm Module v1.0
06-10 15:20:05.689 1503 1503 W audit : audit_lost=98 audit_rate_limit=5 audit_backlog_limit=64
06-10 15:20:05.689 1503 1503 E audit : rate limit exceeded
06-10 15:20:05.696 523 523 D AudioManagerPolicy: On Audio device plug in/out receive,name=AUDIO_HDMI type=1 state=0 extra=null
06-10 15:20:05.697 523 523 V AudioManagerPolicy: chengkan------------- hdmi inactive
06-10 15:20:05.702 523 523 D AudioManagerPolicy: get AUDIO_MANAGE_POLICY is 2
06-10 15:20:05.702 523 523 D AudioManagerPolicy: Policy2 HDMI Plug Out/In Switch! Booting
06-10 15:20:05.709 523 523 D AudioManagerEx: AudioManagerEx
06-10 15:20:05.709 523 523 D AudioManagerPolicy: save audio is AUDIO_HDMI
06-10 15:20:05.709 523 523 D AudioManagerPolicy: get AUDIO_MANAGE_POLICY is 2
06-10 15:20:05.709 523 523 D AudioManagerPolicy: POLICY_2 Remove USB Audio or No USB Audio Output Device Connected!
06-10 15:20:05.710 200 200 I hwservicemanager: getTransport: Cannot find entry android.hardware.graphics.allocator@4.0::IAllocator/default in either framework or device VINTF manifest.
06-10 15:20:05.711 523 523 D AudioManagerEx: state=audio_devices_out_active,dev=[AUDIO_HDMI]
06-10 15:20:05.711 523 523 D AudioManagerEx: enablePassThrough = true
06-10 15:20:05.713 523 523 D AudioManagerEx: Hdmi status true,true,1
06-10 15:20:05.714 523 523 D AudioManagerEx: HDMI AUDIO_HDMI
06-10 15:20:05.714 523 523 D AudioManagerEx: AUDIO_NAME_HDMI
06-10 15:20:05.714 1128 1605 W Gralloc4: allocator 4.x is not supported
06-10 15:20:05.715 266 1577 V audio_hw_primary: adev_set_parameters, mediasw.sft.rawdata=HDMI_RAW
06-10 15:20:05.718 523 523 D AudioManagerEx: audio=AUDIO_HDMI
06-10 15:20:05.719 266 1577 V audio_hw_primary: adev_set_parameters, audio_devices_out_active=AUDIO_HDMI
06-10 15:20:05.719 266 1577 V audio_hw_primary: out AUDIO_PARAMETER_DEVICES_OUT_ACTIVE: AUDIO_HDMI
06-10 15:20:05.729 1066 1342 I MediaProvider: Scanned internal due to REASON_MOUNTED, found 0 items in 167ms, 0 inserts 0 updates 0 deletes
06-10 15:20:05.734 200 200 I hwservicemanager: getTransport: Cannot find entry android.hardware.graphics.allocator@3.0::IAllocator/default in either framework or device VINTF manifest.
06-10 15:20:05.735 1128 1605 W Gralloc3: allocator 3.x is not supported
06-10 15:20:05.737 266 1577 V audio_hw_primary: set property persist.vendor.audio.output.active: AUDIO_HDMI ok
06-10 15:20:05.738 266 1577 V audio_hw_primary: AUDIO_HDMI output device will be active
06-10 15:20:05.744 276 315 I gralloc : alloc buffer:W:1920 H:1080 S:1920 PL[1920 1080] SZ:8294400 fmt:1 if:0 af:1 usg:20000b00 fg:00000004
06-10 15:20:05.745 1128 1605 E ion : ioctl c0044901 failed with code -1: Inappropriate ioctl for device
06-10 15:20:05.748 523 544 W IorapForwardingService: No service published for: iorapd
06-10 15:20:05.752 276 315 I gralloc : alloc buffer:W:1920 H:1080 S:1920 PL[1920 1080] SZ:8294400 fmt:1 if:0 af:1 usg:20000b00 fg:00000004
06-10 15:20:05.754 276 315 I gralloc : alloc buffer:W:1920 H:1080 S:1920 PL[1920 1080] SZ:8294400 fmt:1 if:0 af:1 usg:20000b00 fg:00000004
06-10 15:20:05.756 523 523 D AudioManagerEx: Update Settings.System.AUDIO_OUTPUT_CHANNEL, now save audio is AUDIO_HDMI
06-10 15:20:05.761 523 523 I ActivityManager: com.android.dynsystem is exempt from freezer
06-10 15:20:05.765 523 523 D CompatibilityChangeReporter: Compat change id reported: 135634846; UID 1000; state: DISABLED
06-10 15:20:05.795 261 261 D Zygote : Forked child process 1620
06-10 15:20:05.797 523 552 I ActivityManager: app.processName = com.android.dynsystem
06-10 15:20:05.797 523 552 I ActivityManager: Start proc 1620:com.android.dynsystem/1000 for broadcast {com.android.dynsystem/com.android.dynsystem.BootCompletedReceiver}
06-10 15:20:05.807 1620 1620 I Zygote : seccomp disabled by setenforce 0
06-10 15:20:05.825 1128 1138 I d.leradlaunche: Background concurrent copying GC freed 18274(1707KB) AllocSpace objects, 2(40KB) LOS objects, 49% free, 6264KB/12MB, paused 3.253ms total 1.128s
06-10 15:20:05.832 1128 1404 W SQLiteLog: (28) double-quoted string literal: "1749539595749"
06-10 15:20:05.832 1128 1404 W SQLiteLog: (28) double-quoted string literal: "2A156122B289988BD8C2BF0C4F84A5A0"
06-10 15:20:05.837 1566 1566 D ApplicationLoaders: Returning zygote-cached class loader: /system/framework/android.test.base.jar
06-10 15:20:05.837 1566 1566 D ApplicationLoaders: Returning zygote-cached class loader: /system/framework/android.hidl.manager-V1.0-java.jar
06-10 15:20:05.837 1566 1566 D ApplicationLoaders: Returning zygote-cached class loader: /system/framework/android.hidl.base-V1.0-java.jar
06-10 15:20:05.845 387 408 I adbd : jdwp connection from 1620
06-10 15:20:05.882 523 619 D ConnectivityService: registerNetworkAgent NetworkAgentInfo{network{100} handle{432902426637} ni{WIFI CONNECTING extra: } Score(60 ; KeepConnected : 0 ; Policies : IS_UNMETERED) lp{{LinkAddresses: [ ] DnsAddresses: [ ] Domains: null MTU: 0 Routes: [ ]}} nc{[ Transports: WIFI Capabilities: NOT_METERED&INTERNET&NOT_RESTRICTED&TRUSTED&NOT_VPN&NOT_ROAMING&FOREGROUND&NOT_CONGESTED&NOT_SUSPENDED&NOT_VCN_MANAGED LinkUpBandwidth>=866000Kbps LinkDnBandwidth>=866000Kbps Specifier: TransportInfo: OwnerUid: 10024 AdminUids: [10024] SSID: "DZNB"]}}
06-10 15:20:05.886 1182 1182 E wpa_supplicant: nl80211: kernel reports: unexpected nested data
06-10 15:20:05.895 523 538 D CompatibilityChangeReporter: Compat change id reported: 168419799; UID 1000; state: DISABLED
06-10 15:20:05.915 1620 1620 D CompatibilityChangeReporter: Compat change id reported: 171979766; UID 1000; state: ENABLED
06-10 15:20:05.917 664 664 E WifiHAL : wifi_get_packet_filter_capabilities: requestResponse() error: -3
06-10 15:20:05.917 664 664 I WifiHAL : Packet filtering is not supprted
06-10 15:20:05.918 1282 1426 D ContactsDatabaseHelper: WAL enabled for profile.db: true
06-10 15:20:05.939 664 664 E WifiHAL : wifi_get_link_stats: requestResponse Error:-5
06-10 15:20:05.943 1128 1128 E hq : USBReceiver:::USBReceiver onReceive: action=android.intent.action.MEDIA_MOUNTED
06-10 15:20:05.943 1128 1128 E hq : USBReceiver:::USBReceiver onReceive: action=android.intent.action.MEDIA_MOUNTED
06-10 15:20:05.945 1128 1128 E xxxxxxxxxxxxxxx: onReceive:mIsHDMIPlugged = false
06-10 15:20:05.945 1128 1128 E hq : NetWorkStateReceiver:::NetWorkStateReceiver onReceive: 网络变化广播 >>>> intent.action=android.net.wifi.SCAN_RESULTS
06-10 15:20:05.956 523 619 E WifiVendorHal: getWifiLinkLayerStats_1_5_Internal(l.1191) failed {.code = ERROR_INVALID_ARGS, .description = }
06-10 15:20:05.959 523 546 E ActivityRecord: real home.....com.dangbei.leard.leradlauncher/com.dangbei.launcher.home.LauncherActivity
06-10 15:20:05.960 523 813 D CompatibilityChangeReporter: Compat change id reported: 171306433; UID 1073; state: ENABLED
06-10 15:20:05.960 523 546 E +++ActivityRecord: pre led_switch = 5
06-10 15:20:05.975 523 619 I WifiService: onDriverCountryCodeChanged CN
06-10 15:20:05.982 523 546 W System.err: java.io.IOException: Cannot run program "su": error=2, No such file or directory
06-10 15:20:05.982 523 546 W System.err: at java.lang.ProcessBuilder.start(ProcessBuilder.java:1050)
06-10 15:20:05.982 523 546 W System.err: at java.lang.Runtime.exec(Runtime.java:694)
06-10 15:20:05.982 523 546 W System.err: at java.lang.Runtime.exec(Runtime.java:524)
06-10 15:20:05.983 523 546 W System.err: at java.lang.Runtime.exec(Runtime.java:421)
06-10 15:20:05.983 523 546 W System.err: at com.android.server.wm.ActivityRecord.executeCMD(ActivityRecord.java:5940)
06-10 15:20:05.983 523 546 W System.err: at com.android.server.wm.ActivityRecord.onWindowsDrawn(ActivityRecord.java:5992)
06-10 15:20:05.983 523 546 W System.err: at com.android.server.wm.ActivityRecord.updateReportedVisibilityLocked(ActivityRecord.java:6126)
06-10 15:20:05.983 523 546 W System.err: at com.android.server.wm.ActivityRecord.onFirstWindowDrawn(ActivityRecord.java:5913)
06-10 15:20:05.983 523 546 W System.err: at com.android.server.wm.WindowState.performShowLocked(WindowState.java:4693)
06-10 15:20:05.983 523 546 W System.err: at com.android.server.wm.WindowStateAnimator.commitFinishDrawingLocked(WindowStateAnimator.java:287)
06-10 15:20:05.983 523 546 W System.err: at com.android.server.wm.DisplayContent.lambda$new$8$DisplayContent(DisplayContent.java:960)
06-10 15:20:05.983 523 546 W System.err: at com.android.server.wm.DisplayContent$$ExternalSyntheticLambda28.accept(Unknown Source:4)
06-10 15:20:05.983 523 546 W System.err: at com.android.server.wm.WindowContainer$ForAllWindowsConsumerWrapper.apply(WindowContainer.java:2389)
06-10 15:20:05.983 523 546 W System.err: at com.android.server.wm.WindowContainer$ForAllWindowsConsumerWrapper.apply(WindowContainer.java:2379)
06-10 15:20:05.983 523 546 W System.err: at com.android.server.wm.WindowState.applyInOrderWithImeWindows(WindowState.java:4910)
06-10 15:20:05.983 523 546 W System.err: at com.android.server.wm.WindowState.forAllWindows(WindowState.java:4805)
06-10 15:20:05.983 523 546 W System.err: at com.android.server.wm.WindowContainer.forAllWindows(WindowContainer.java:1394)
06-10 15:20:05.983 523 546 W System.err: at com.android.server.wm.ActivityRecord.forAllWindowsUnchecked(ActivityRecord.java:4099)
06-10 15:20:05.983 523 546 W System.err: at com.android.server.wm.ActivityRecord.forAllWindows(ActivityRecord.java:4094)
06-10 15:20:05.983 523 546 W System.err: at com.android.server.wm.WindowContainer.forAllWindows(WindowContainer.java:1394)
06-10 15:20:05.983 523 546 W System.err: at com.android.server.wm.WindowContainer.forAllWindows(WindowContainer.java:1394)
06-10 15:20:05.983 523 546 W System.err: at com.android.server.wm.WindowContainer.forAllWindows(WindowContainer.java:1394)
06-10 15:20:05.983 523 546 W System.err: at com.android.server.wm.TaskDisplayArea.forAllWindows(TaskDisplayArea.java:682)
06-10 15:20:05.983 523 546 W System.err: at com.android.server.wm.WindowContainer.forAllWindows(WindowContainer.java:1394)
06-10 15:20:05.983 523 546 W System.err: at com.android.server.wm.WindowContainer.forAllWindows(WindowContainer.java:1394)
06-10 15:20:05.983 523 546 W System.err: at com.android.server.wm.WindowContainer.forAllWindows(WindowContainer.java:1394)
06-10 15:20:05.983 523 546 W System.err: at com.android.server.wm.WindowContainer.forAllWindows(WindowContainer.java:1394)
06-10 15:20:05.983 523 546 W System.err: at com.android.server.wm.WindowContainer.forAllWindows(WindowContainer.java:1394)
06-10 15:20:05.983 523 546 W System.err: at com.android.server.wm.WindowContainer.forAllWindows(WindowContainer.java:1411)
06-10 15:20:05.983 523 546 W System.err: at com.android.server.wm.DisplayContent.applySurfaceChangesTransaction(DisplayContent.java:4334)
06-10 15:20:05.983 523 546 W System.err: at com.android.server.wm.RootWindowContainer.applySurfaceChangesTransaction(RootWindowContainer.java:1091)
06-10 15:20:05.983 523 546 W System.err: at com.android.server.wm.RootWindowContainer.performSurfacePlacementNoTrace(RootWindowContainer.java:867)
06-10 15:20:05.983 523 546 W System.err: at com.android.server.wm.RootWindowContainer.performSurfacePlacement(RootWindowContainer.java:820)
06-10 15:20:05.983 523 546 W System.err: at com.android.server.wm.WindowSurfacePlacer.performSurfacePlacementLoop(WindowSurfacePlacer.java:177)
06-10 15:20:05.983 523 546 W System.err: at com.android.server.wm.WindowSurfacePlacer.performSurfacePlacement(WindowSurfacePlacer.java:126)
06-10 15:20:05.983 523 546 W System.err: at com.android.server.wm.WindowSurfacePlacer.performSurfacePlacement(WindowSurfacePlacer.java:115)
06-10 15:20:05.983 523 546 W System.err: at com.android.server.wm.WindowSurfacePlacer$Traverser.run(WindowSurfacePlacer.java:57)
06-10 15:20:05.983 523 546 W System.err: at android.os.Handler.handleCallback(Handler.java:938)
06-10 15:20:05.983 523 546 W System.err: at android.os.Handler.dispatchMessage(Handler.java:99)
06-10 15:20:05.983 523 546 W System.err: at android.os.Looper.loopOnce(Looper.java:201)
06-10 15:20:05.983 523 546 W System.err: at android.os.Looper.loop(Looper.java:288)
06-10 15:20:05.984 523 546 W System.err: at android.os.HandlerThread.run(HandlerThread.java:67)
06-10 15:20:05.984 523 546 W System.err: at com.android.server.ServiceThread.run(ServiceThread.java:44)
06-10 15:20:05.984 523 546 W System.err: Caused by: java.io.IOException: error=2, No such file or directory
06-10 15:20:05.984 523 546 W System.err: at java.lang.UNIXProcess.forkAndExec(Native Method)
06-10 15:20:05.984 523 546 W System.err: at java.lang.UNIXProcess.(UNIXProcess.java:133)
06-10 15:20:05.984 523 546 W System.err: at java.lang.ProcessImpl.start(ProcessImpl.java:141)
06-10 15:20:05.984 523 546 W System.err: at java.lang.ProcessBuilder.start(ProcessBuilder.java:1029)
06-10 15:20:05.984 523 546 W System.err: ... 42 more
06-10 15:20:05.986 664 664 E WifiHAL : wifi_get_link_stats: requestResponse Error:-5
06-10 15:20:05.987 523 619 E WifiVendorHal: getWifiLinkLayerStats_1_5_Internal(l.1191) failed {.code = ERROR_INVALID_ARGS, .description = }
06-10 15:20:05.992 523 659 W TelephonyPermissions: reportAccessDeniedToReadIdentifiers:com.dangbei.screencast:getSerial:-1
06-10 15:20:05.999 508 513 D BootAnimation: BootAnimationStopTiming start time: 25937ms
06-10 15:20:06.000 523 546 W System.err: java.io.IOException: Cannot run program "su": error=2, No such file or directory
06-10 15:20:06.001 523 546 W System.err: at java.lang.ProcessBuilder.start(ProcessBuilder.java:1050)
06-10 15:20:06.001 523 546 W System.err: at java.lang.Runtime.exec(Runtime.java:694)
06-10 15:20:06.001 523 546 W System.err: at java.lang.Runtime.exec(Runtime.java:524)
06-10 15:20:06.001 523 546 W System.err: at java.lang.Runtime.exec(Runtime.java:421)
06-10 15:20:06.001 523 546 W System.err: at com.android.server.wm.ActivityRecord.executeCMD(ActivityRecord.java:5940)
06-10 15:20:06.001 523 546 W System.err: at com.android.server.wm.ActivityRecord.onWindowsDrawn(ActivityRecord.java:6001)
06-10 15:20:06.001 523 546 W System.err: at com.android.server.wm.ActivityRecord.updateReportedVisibilityLocked(ActivityRecord.java:6126)
06-10 15:20:06.001 523 546 W System.err: at com.android.server.wm.ActivityRecord.onFirstWindowDrawn(ActivityRecord.java:5913)
06-10 15:20:06.001 523 546 W System.err: at com.android.server.wm.WindowState.performShowLocked(WindowState.java:4693)
06-10 15:20:06.001 523 546 W System.err: at com.android.server.wm.WindowStateAnimator.commitFinishDrawingLocked(WindowStateAnimator.java:287)
06-10 15:20:06.001 523 546 W System.err: at com.android.server.wm.DisplayContent.lambda$new$8$DisplayContent(DisplayContent.java:960)
06-10 15:20:06.001 523 546 W System.err: at com.android.server.wm.DisplayContent$$ExternalSyntheticLambda28.accept(Unknown Source:4)
06-10 15:20:06.001 523 546 W System.err: at com.android.server.wm.WindowContainer$ForAllWindowsConsumerWrapper.apply(WindowContainer.java:2389)
06-10 15:20:06.001 523 546 W System.err: at com.android.server.wm.WindowContainer$ForAllWindowsConsumerWrapper.apply(WindowContainer.java:2379)
06-10 15:20:06.001 523 546 W System.err: at com.android.server.wm.WindowState.applyInOrderWithImeWindows(WindowState.java:4910)
06-10 15:20:06.001 523 546 W System.err: at com.android.server.wm.WindowState.forAllWindows(WindowState.java:4805)
06-10 15:20:06.001 523 546 W System.err: at com.android.server.wm.WindowContainer.forAllWindows(WindowContainer.java:1394)
06-10 15:20:06.001 523 546 W System.err: at com.android.server.wm.ActivityRecord.forAllWindowsUnchecked(ActivityRecord.java:4099)
06-10 15:20:06.001 523 546 W System.err: at com.android.server.wm.ActivityRecord.forAllWindows(ActivityRecord.java:4094)
06-10 15:20:06.001 523 546 W System.err: at com.android.server.wm.WindowContainer.forAllWindows(WindowContainer.java:1394)
06-10 15:20:06.001 523 546 W System.err: at com.android.server.wm.WindowContainer.forAllWindows(WindowContainer.java:1394)
06-10 15:20:06.002 523 546 W System.err: at com.android.server.wm.WindowContainer.forAllWindows(WindowContainer.java:1394)
06-10 15:20:06.002 523 546 W System.err: at com.android.server.wm.TaskDisplayArea.forAllWindows(TaskDisplayArea.java:682)
06-10 15:20:06.002 523 546 W System.err: at com.android.server.wm.WindowContainer.forAllWindows(WindowContainer.java:1394)
06-10 15:20:06.002 523 546 W System.err: at com.android.server.wm.WindowContainer.forAllWindows(WindowContainer.java:1394)
06-10 15:20:06.002 523 546 W System.err: at com.android.server.wm.WindowContainer.forAllWindows(WindowContainer.java:1394)
06-10 15:20:06.002 523 546 W System.err: at com.android.server.wm.WindowContainer.forAllWindows(WindowContainer.java:1394)
06-10 15:20:06.002 523 546 W System.err: at com.android.server.wm.WindowContainer.forAllWindows(WindowContainer.java:1394)
06-10 15:20:06.002 523 546 W System.err: at com.android.server.wm.WindowContainer.forAllWindows(WindowContainer.java:1411)
06-10 15:20:06.002 523 546 W System.err: at com.android.server.wm.DisplayContent.applySurfaceChangesTransaction(DisplayContent.java:4334)
06-10 15:20:06.002 523 546 W System.err: at com.android.server.wm.RootWindowContainer.applySurfaceChangesTransaction(RootWindowContainer.java:1091)
06-10 15:20:06.002 523 546 W System.err: at com.android.server.wm.RootWindowContainer.performSurfacePlacementNoTrace(RootWindowContainer.java:867)
06-10 15:20:06.002 523 546 W System.err: at com.android.server.wm.RootWindowContainer.performSurfacePlacement(RootWindowContainer.java:820)
06-10 15:20:06.002 523 546 W System.err: at com.android.server.wm.WindowSurfacePlacer.performSurfacePlacementLoop(WindowSurfacePlacer.java:177)
06-10 15:20:06.002 523 546 W System.err: at com.android.server.wm.WindowSurfacePlacer.performSurfacePlacement(WindowSurfacePlacer.java:126)
06-10 15:20:06.002 523 546 W System.err: at com.android.server.wm.WindowSurfacePlacer.performSurfacePlacement(WindowSurfacePlacer.java:115)
06-10 15:20:06.002 523 546 W System.err: at com.android.server.wm.WindowSurfacePlacer$Traverser.run(WindowSurfacePlacer.java:57)
06-10 15:20:06.002 523 546 W System.err: at android.os.Handler.handleCallback(Handler.java:938)
06-10 15:20:06.002 523 546 W System.err: at android.os.Handler.dispatchMessage(Handler.java:99)
06-10 15:20:06.002 523 546 W System.err: at android.os.Looper.loopOnce(Looper.java:201)
06-10 15:20:06.002 523 546 W System.err: at android.os.Looper.loop(Looper.java:288)
06-10 15:20:06.002 523 546 W System.err: at android.os.HandlerThread.run(HandlerThread.java:67)
06-10 15:20:06.002 523 546 W System.err: at com.android.server.ServiceThread.run(ServiceThread.java:44)
06-10 15:20:06.003 523 546 W System.err: Caused by: java.io.IOException: error=2, No such file or directory
06-10 15:20:06.003 523 546 W System.err: at java.lang.UNIXProcess.forkAndExec(Native Method)
06-10 15:20:06.003 523 546 W System.err: at java.lang.UNIXProcess.(UNIXProcess.java:133)
06-10 15:20:06.003 523 546 W System.err: at java.lang.ProcessImpl.start(ProcessImpl.java:141)
06-10 15:20:06.003 523 546 W System.err: at java.lang.ProcessBuilder.start(ProcessBuilder.java:1029)
06-10 15:20:06.003 523 546 W System.err: ... 42 more
06-10 15:20:06.007 523 546 I WindowManager: ******* TELLING SURFACE FLINGER WE ARE BOOTED!
06-10 15:20:06.007 288 354 I SurfaceFlinger: Boot is finished (18857 ms)
06-10 15:20:06.023 199 199 I servicemanager: Found android.hardware.power.IPower/default in device VINTF manifest.
06-10 15:20:06.024 288 354 I PowerAdvisor: Loaded AIDL Power HAL service
06-10 15:20:06.024 280 280 I AW_PowerHAL: check: Mode 6 not Supported ,do nothing
06-10 15:20:06.025 280 280 I AW_PowerHAL: isBoostSupported: 1
06-10 15:20:06.036 1128 1128 W eventbuscore: post Event:com.dangbei.leard.base.entity.event.NetWifiRssiEvent
06-10 15:20:06.067 1071 1564 E ccc : cccccc etnaService addListener com.dangbei.lerad.etna.aidl.IEtnaAidlListener$Stub$Proxy@fcd14c0 com.dangbei.leard.leradlauncher
06-10 15:20:06.067 1128 1128 E hq : Etna:::etnaClient connectState=true
06-10 15:20:06.068 1128 1128 E getHdmiStatus: sourceInputStatus=null mEtnaAdapter=com.dangbei.launcher.etna.EtnaAdapter@73b90e4
06-10 15:20:06.068 1128 1128 E hq : AdHelper:::启动延迟检查,支持广告的最长播放时间:25000 isLoadAd=false
06-10 15:20:06.069 1128 1128 D OsInitLaunch: send cache: launchAd, playAd, start, null
06-10 15:20:06.072 1128 1128 I dangbei ad sdk: ADSDK::play splash ad
06-10 15:20:06.072 1128 1128 E hq : AdHelper:::notFetchAd: main
06-10 15:20:06.072 1128 1128 E hq : AdHelper:::onComplete:main
06-10 15:20:06.072 1128 1128 E hq : AdHelper:::adFinish: com.dangbei.launcher.home.callback.LauncherCallback$onAttach$1$1@f263801
06-10 15:20:06.077 1128 1128 E hq : LauncherCallback:::onDetach
06-10 15:20:06.078 1128 1128 E hq : AdHelper:::handleFinishAd: true
06-10 15:20:06.084 523 523 W Looper : Drained
06-10 15:20:06.086 523 659 W InputManager-JNI: Input channel object '2ffe35f com.android.tv.settings/com.android.tv.settings.system.FallbackHome (client)' was disposed without first being removed with the input manager!
06-10 15:20:06.092 1128 1128 E DangXiaoBeiManager: setMessageList: false
06-10 15:20:06.093 1128 1128 E hq : 当小贝:::显示消息type=SIMPLE_TEXT ,data.isShowInCur=false ,delay=60000 ,message.mandatoryMessage=null , message=null
06-10 15:20:06.093 523 626 D ConnectivityService: [100 WIFI] EVENT_NETWORK_INFO_CHANGED, going from CONNECTING to CONNECTING
06-10 15:20:06.093 1128 1128 E hq : 当小贝:::当前显示了消息,不显示新消息
06-10 15:20:06.110 523 626 D ConnectivityService: NetReassign [no changes]
