06-10 15:20:16.409 2592 2592 W System.err: at android.app.ActivityThread.installContentProviders(ActivityThread.java:6954)
06-10 15:20:16.409 2592 2592 W System.err: at android.app.ActivityThread.handleBindApplication(ActivityThread.java:6725)
06-10 15:20:16.409 2592 2592 W System.err: at android.app.ActivityThread.access$1500(ActivityThread.java:247)
06-10 15:20:16.409 2592 2592 W System.err: at android.app.ActivityThread$H.handleMessage(ActivityThread.java:2053)
06-10 15:20:16.409 2592 2592 W System.err: at android.os.Handler.dispatchMessage(Handler.java:106)
06-10 15:20:16.409 2592 2592 W System.err: at android.os.Looper.loopOnce(Looper.java:201)
06-10 15:20:16.409 2592 2592 W System.err: at android.os.Looper.loop(Looper.java:288)
06-10 15:20:16.409 2592 2592 W System.err: at android.app.ActivityThread.main(ActivityThread.java:7854)
06-10 15:20:16.409 2592 2592 W System.err: at java.lang.reflect.Method.invoke(Native Method)
06-10 15:20:16.409 2592 2592 W System.err: at com.android.internal.os.RuntimeInit$MethodAndArgsCaller.run(RuntimeInit.java:548)
06-10 15:20:16.409 2592 2592 W System.err: at com.android.internal.os.ZygoteInit.main(ZygoteInit.java:1182)
06-10 15:20:16.429 2592 2592 D AndroidAutoSize: designWidthInDp = 360, designHeightInDp = 640, screenWidth = 1920, screenHeight = 1080
06-10 15:20:16.429 2592 2592 D AndroidAutoSize: initDensity = 1.5, initScaledDensity = 1.5
06-10 15:20:16.472 2592 2592 I SharedPreferenc: type=1400 audit(0.0:1106): avc: denied { open } for path="/data/user/0/com.dangbei.screencast/shared_prefs/DEVICE_ID.xml" dev="mmcblk0p25" ino=2365 scontext=u:r:platform_app:s0:c512,c768 tcontext=u:object_r:app_data_file:s0:c512,c768 tclass=file permissive=1 app=com.dangbei.screencast
06-10 15:20:16.500 2592 2592 I Thread-4: type=1400 audit(0.0:1107): avc: denied { lock } for path="/data/user/0/com.dangbei.screencast/files/.imprint" dev="mmcblk0p25" ino=2398 scontext=u:r:platform_app:s0:c512,c768 tcontext=u:object_r:app_data_file:s0:c512,c768 tclass=file permissive=1 app=com.dangbei.screencast
06-10 15:20:16.542 2451 2468 W System : A resource failed to call close.
06-10 15:20:16.542 2451 2468 W System : A resource failed to call close.
06-10 15:20:16.543 2451 2468 W System : A resource failed to call close.
06-10 15:20:16.543 2451 2468 W System : A resource failed to call close.
06-10 15:20:16.552 2592 2592 W audit : audit_lost=660 audit_rate_limit=5 audit_backlog_limit=64
06-10 15:20:16.552 2592 2592 E audit : rate limit exceeded
06-10 15:20:16.577 2592 2638 I crashsdk: version unique build id: 6230cced
06-10 15:20:16.587 2592 2621 I crashsdk: begin hack android.os.Process
06-10 15:20:16.587 2592 2621 I crashsdk: end hack android.os.Process
06-10 15:20:16.588 2592 2639 D crashsdk: Native log stat thread 2639 setup, waiting
06-10 15:20:16.600 2592 2592 I TDLog : setReportUncaughtExceptions: true
06-10 15:20:16.603 2592 2592 E Application: onCreate:Version:v2.8.3/20830/883432e
06-10 15:20:16.617 2592 2621 I Matrix.AnrTracer: anrTrace, final mAnrBeatTime:400, mAnrBeatRate:400
06-10 15:20:16.622 2592 2622 I TDLog : TalkingData SDK init...
06-10 15:20:16.622 2592 2622 I TDLog : SDK_VERSION is: Android+TD+V5.0.7 gp Type:Native Build_Num:2141
06-10 15:20:16.622 2592 2622 I TDLog : App ID is: B9D7815EC975466AB1332111FCE62DF5
06-10 15:20:16.622 2592 2622 I TDLog : App Channel is: os
06-10 15:20:16.622 2592 2622 I TDLog : App Custom is:
06-10 15:20:16.622 2592 2622 I TDLog : SDK_OVC is: TDOVC+a3bb7754719798526508b6caad480dd7+SaaS
06-10 15:20:16.625 2592 2645 W efs.send_log: tryFileLock start!
06-10 15:20:16.630 2592 2621 D LaunchConfigManager: check in allready
06-10 15:20:16.632 2592 2657 I LaunchTrace: begin sendLaunchCache
06-10 15:20:16.633 2592 2655 W efs.send_log: tryFileLock sendlock sucess! processname: com.dangbei.screencast
06-10 15:20:16.638 523 814 I ActivityManager: Background started FGS: Allowed [callingPackage: com.dangbei.screencast; callingUid: 10015; uidState: RCVR; intent: Intent { act=com.dangbei.screencast.STARTUP pkg=com.dangbei.screencast }; code:SYSTEM_ALERT_WINDOW_PERMISSION; tempAllowListReason:; targetSdkVersion:28; callerTargetSdkVersion:28; startForegroundCount:0; bindFromPackage:null]
06-10 15:20:16.639 2592 2660 I efs.base: lt=event`ev_ct=efs_core`ev_ac=pvuv`tm=2025-06-10 15:20:63`dn=180e67c4-68c7-41cd-91c1-435b7b306a53`ps=com.dangbei.screencast`um_os=android`stime=1749540016237`pid=2592`fr=android`pkg=com.dangbei.screencast`vcode=20830`dsp_w=1920`uid=180e67c4-68c7-41cd-91c1-435b7b306a53`rom=12`wid=180e67c4-68c7-41cd-91c1-435b7b306a53`um_app_carrier=`um_access=wifi`um_app_channel=os`um_crash_sdk_version=1.4.0`ctime=1749540016`model=dbbox-a2`lang=zh`net=wifi`brand=dangbei`dsp_h=1080`um_network_type=0`ver=v2.8.3`build_model=DBBOX-A2`w_tm=1749540016`appid=5fc60c21094d637f3130af19`um_umid_header=aib544115ba8ed0477c60559b90a00c8b2`sdk=31`tzone=Asia/Shanghai`sdk_ver=1.3.6.umeng
06-10 15:20:16.640 2592 2645 I efs.config: --->>> 删除旧的配置文件 false
06-10 15:20:16.648 523 814 D CompatibilityChangeReporter: Compat change id reported: 168419799; UID 1000; state: DISABLED
06-10 15:20:16.650 2592 2645 I efs.config: current config version (-1) is older than another (1735614866)
06-10 15:20:16.651 1566 1566 D RockyVoice: RestartReceiver onReceive
06-10 15:20:16.651 2592 2645 I efs.config: load config from storage and notify observer
06-10 15:20:16.666 2592 2592 I crashsdk: Catcher mask: 5000, 20480
06-10 15:20:16.668 2592 2592 I crashsdk: Catcher thread 2597
06-10 15:20:16.668 2592 2592 D crashsdk: Register ANR handler ...
06-10 15:20:16.669 2592 2660 W efs.info.manager: network change: wifi
06-10 15:20:16.711 523 814 W ActivityManager: Foreground service started from background can not have location/camera/microphone access: service com.dangbei.screencast/.startup.StartupService
06-10 15:20:16.711 523 814 I ActivityManager: Background started FGS: Allowed [callingPackage: com.dangbei.screencast; callingUid: 10015; uidState: FGS ; intent: Intent { act=com.dangbei.screencast.STARTUP pkg=com.dangbei.screencast }; code:PROC_STATE_FGS; tempAllowListReason:; targetSdkVersion:28; callerTargetSdkVersion:28; startForegroundCount:0; bindFromPackage:null]; startForegroundDelayMs:13828
06-10 15:20:16.714 523 551 I ActivityManager: Deferring FGS notification in legacy app com.dangbei.screencast/u0a15 : Notification(channel=channel_record shortcut=null contentView=null vibrate=null sound=null defaults=0x0 flags=0x60 color=0x00000000 category=transport vis=PUBLIC)
06-10 15:20:16.792 2592 2592 E raop : *********************AirplayBroadcastServer+++++++++
06-10 15:20:16.798 523 629 D NsdService: New client listening to asynchronous messages
06-10 15:20:16.798 523 629 D NsdService: New client, channel: com.android.internal.util.AsyncChannel@4186f17 messenger: android.os.Messenger@30a7f04
06-10 15:20:16.799 2592 2592 D CompatibilityChangeReporter: Compat change id reported: 191844585; UID 10015; state: DISABLED
06-10 15:20:16.801 523 544 W IorapForwardingService: No service published for: iorapd
06-10 15:20:16.832 523 814 I ActivityManager: Background started FGS: Allowed [callingPackage: com.dangbei.screencast; callingUid: 10015; uidState: FGS ; intent: Intent { cmp=com.dangbei.screencast/.huaweicast.service.HuaweiCastService }; code:PROC_STATE_FGS; tempAllowListReason:; targetSdkVersion:28; callerTargetSdkVersion:28; startForegroundCount:0; bindFromPackage:null]
06-10 15:20:16.837 2592 2592 E H264FrameQueue: H264FrameQueue: mFullQueueCount:200
06-10 15:20:16.853 1128 2115 D wenhc : getScreenInfo uri = content://com.dangbei.screencast.parts.info/screen_cast
06-10 15:20:16.853 2592 2661 I MobclickAgent: module init:azioc
06-10 15:20:16.946 1566 1566 D RockyVoice: RestartReceiver onReceive
06-10 15:20:16.949 523 537 W BroadcastQueue: Target SDK mismatch: receiver ActivityInfo{a3c5ca5 com.dangbei.screencast.startup.BootReceiver} targets 28 but delivery restricted to [0, 23] broadcasting Intent { act=android.net.conn.CONNECTIVITY_CHANGE flg=0x4200010 (has extras) } from android (pid=523, uid=1000) to com.dangbei.screencast/.startup.BootReceiver
06-10 15:20:16.952 523 551 W BroadcastQueue: Target SDK mismatch: receiver ActivityInfo{c8be87a com.dangbei.euthenia.receiver.NetworkChangeReceiver} targets 26 but delivery restricted to [0, 23] broadcasting Intent { act=android.net.conn.CONNECTIVITY_CHANGE flg=0x4200010 (has extras) } from android (pid=523, uid=1000) to com.dangbei.lerad.videoposter/com.dangbei.euthenia.receiver.NetworkChangeReceiver
06-10 15:20:16.952 2592 2592 E HuaweiCastService: onCreate called().
06-10 15:20:16.952 523 551 W BroadcastQueue: Target SDK mismatch: receiver ActivityInfo{c3582b com.dangbei.screencast.startup.BootReceiver} targets 28 but delivery restricted to [0, 23] broadcasting Intent { act=android.net.conn.CONNECTIVITY_CHANGE flg=0x4200010 (has extras) } from android (pid=523, uid=1000) to com.dangbei.screencast/.startup.BootReceiver
06-10 15:20:16.952 523 551 W BroadcastQueue: Target SDK mismatch: receiver ActivityInfo{44bd488 com.dangbei.euthenia.receiver.NetworkChangeReceiver} targets 26 but delivery restricted to [0, 23] broadcasting Intent { act=android.net.conn.CONNECTIVITY_CHANGE flg=0x4200010 (has extras) } from android (pid=523, uid=1000) to com.dangbei.lerad.videoposter/com.dangbei.euthenia.receiver.NetworkChangeReceiver
06-10 15:20:16.964 523 551 D CompatibilityChangeReporter: Compat change id reported: 168419799; UID 10028; state: DISABLED
06-10 15:20:16.968 2592 2592 E PlayerClient: registerCallback com.dangbei.screencast.huaweicast.service.HuaweiCastService$a@ce5cbda
06-10 15:20:16.968 2592 2592 D PlayerClient: registerCallback true
06-10 15:20:16.969 2592 2592 D PlayerClient: init.
06-10 15:20:16.976 523 538 I WifiService: acquireMulticastLock uid=10015
06-10 15:20:16.976 2592 2592 W KIT_FWK_a: KitFwk is not installed, pls do not use related interfaces.
06-10 15:20:16.977 2592 2592 W KIT_FWK_a: KitFwk is not installed, pls do not use related interfaces.
06-10 15:20:16.977 2592 2592 E PlayerClient: bind player service by aar.
06-10 15:20:16.985 523 759 I WifiService: acquireMulticastLock uid=10015
06-10 15:20:16.996 2592 2592 D PlayerClient: bind player sink service true
06-10 15:20:17.000 523 537 W ActivityManager: Foreground service started from background can not have location/camera/microphone access: service com.dangbei.screencast/.huaweicast.service.HuaweiCastService
06-10 15:20:17.001 1066 1220 W MediaProvider: isAppCloneUserPair for user 0: false
06-10 15:20:17.002 2592 2592 E HuaweiCastService: startForeground!
06-10 15:20:17.007 2592 2592 E HuaweiCastService: onStartCommand in 0
06-10 15:20:17.020 2592 2592 D HiSight-SinkService: onCreate.
06-10 15:20:17.025 2592 2592 D HiSight-ConnectionManager: start ConnectionManager
06-10 15:20:17.027 2592 2592 D HiSight-SinkService: onBind.
06-10 15:20:17.034 2592 2592 D PlayerClient: service connected.
06-10 15:20:17.035 2592 2592 D HiSight-SinkService: ITaskBinder registerCallback: true
06-10 15:20:17.035 2592 2592 D HiSight-HiSightManager: ITaskBinder registerCallback.
06-10 15:20:17.035 2592 2592 D HiSight-CallbackManager: addNewCallback. com.dangbei.screencast.huaweicast.service.HuaweiCastService$a@ce5cbda
06-10 15:20:17.036 2592 2592 E HuaweiCastService: eventId: 4001
06-10 15:20:17.036 2592 2592 E HuaweiCastService: mPlayerClient is null.
06-10 15:20:17.038 2592 2592 D HiSight-HiSightManager: check capability vbr range not setting, using default value
06-10 15:20:17.038 2592 2592 E HuaweiCastService: mPlayerClient is null.
06-10 15:20:17.039 2592 2592 D HiSight-SinkService: setAuthMode
06-10 15:20:17.039 2592 2592 W HiSight-ConnectionManager: mSinkId is empty
06-10 15:20:17.103 523 537 W TelephonyPermissions: reportAccessDeniedToReadIdentifiers:com.dangbei.screencast:getSerial:-1
06-10 15:20:17.706 1 1 I init : processing action (debug.launcher3.exit=1) from (/vendor/etc/init/init.scheduler.rc:1)
06-10 15:20:17.776 281 281 I EventThread: type=1400 audit(0.0:1132): avc: denied { search } for name="extcon" dev="sysfs" ino=18109 scontext=u:r:hal_tv_cec_default:s0 tcontext=u:object_r:sysfs_extcon:s0 tclass=dir permissive=1
06-10 15:20:17.803 523 544 W IorapForwardingService: No service published for: iorapd
06-10 15:20:18.011 1066 1191 W MediaProvider: getVolumePath for unknown volume: internal
06-10 15:20:18.022 1066 1191 W MediaProvider: getVolumePath for unknown volume: internal
06-10 15:20:18.024 1066 1191 W MediaProvider: getVolumePath for unknown volume: internal
06-10 15:20:18.026 1066 1191 W MediaProvider: getVolumePath for unknown volume: internal
06-10 15:20:18.027 1066 1191 W MediaProvider: getVolumePath for unknown volume: internal
06-10 15:20:18.027 1066 1191 W MediaProvider: getVolumePath for unknown volume: internal
06-10 15:20:18.028 1066 1191 W MediaProvider: getVolumePath for unknown volume: internal
06-10 15:20:18.029 1066 1191 W MediaProvider: getVolumePath for unknown volume: internal
06-10 15:20:18.030 1066 1191 W MediaProvider: getVolumePath for unknown volume: internal
06-10 15:20:18.030 1066 1191 W MediaProvider: getVolumePath for unknown volume: internal
06-10 15:20:18.031 1066 1191 W MediaProvider: getVolumePath for unknown volume: internal
06-10 15:20:18.032 1066 1191 W MediaProvider: getVolumePath for unknown volume: internal
06-10 15:20:18.032 1066 1191 W MediaProvider: getVolumePath for unknown volume: internal
06-10 15:20:18.033 1066 1191 W MediaProvider: getVolumePath for unknown volume: internal
06-10 15:20:18.034 1066 1191 W MediaProvider: getVolumePath for unknown volume: internal
06-10 15:20:18.035 1066 1191 W MediaProvider: getVolumePath for unknown volume: internal
06-10 15:20:18.035 1066 1191 W MediaProvider: getVolumePath for unknown volume: internal
06-10 15:20:18.036 1066 1191 W MediaProvider: getVolumePath for unknown volume: internal
06-10 15:20:18.037 1066 1191 W MediaProvider: getVolumePath for unknown volume: internal
06-10 15:20:18.039 1066 1191 W MediaProvider: getVolumePath for unknown volume: internal
06-10 15:20:18.041 1066 1191 W MediaProvider: getVolumePath for unknown volume: internal
06-10 15:20:18.043 1066 1191 W MediaProvider: getVolumePath for unknown volume: internal
06-10 15:20:18.045 1066 1191 W MediaProvider: getVolumePath for unknown volume: internal
06-10 15:20:18.046 1066 1191 W MediaProvider: getVolumePath for unknown volume: internal
06-10 15:20:18.047 1066 1191 W MediaProvider: getVolumePath for unknown volume: internal
06-10 15:20:18.049 1066 1191 W MediaProvider: getVolumePath for unknown volume: internal
06-10 15:20:18.050 1066 1191 W MediaProvider: getVolumePath for unknown volume: internal
06-10 15:20:18.051 1066 1191 W MediaProvider: getVolumePath for unknown volume: internal
06-10 15:20:18.052 1066 1191 W MediaProvider: getVolumePath for unknown volume: internal
06-10 15:20:18.053 1066 1191 W MediaProvider: getVolumePath for unknown volume: internal
06-10 15:20:18.053 1066 1191 W MediaProvider: getVolumePath for unknown volume: internal
06-10 15:20:18.054 1066 1191 W MediaProvider: getVolumePath for unknown volume: internal
06-10 15:20:18.055 1066 1191 W MediaProvider: getVolumePath for unknown volume: internal
06-10 15:20:18.104 664 664 E WifiHAL : wifi_get_link_stats: requestResponse Error:-5
06-10 15:20:18.107 523 761 D SntpClient: request time failed: java.net.SocketTimeoutException: Poll timed out
06-10 15:20:18.109 523 619 E WifiVendorHal: getWifiLinkLayerStats_1_5_Internal(l.1191) failed {.code = ERROR_INVALID_ARGS, .description = }
06-10 15:20:18.272 1071 1071 I DefaultDispatch: type=1400 audit(0.0:1133): avc: denied { read } for name="devices" dev="proc" ino=4026532014 scontext=u:r:system_app:s0 tcontext=u:object_r:proc:s0 tclass=file permissive=1
06-10 15:20:18.272 1071 1071 I DefaultDispatch: type=1400 audit(0.0:1134): avc: denied { open } for path="/proc/bus/input/devices" dev="proc" ino=4026532014 scontext=u:r:system_app:s0 tcontext=u:object_r:proc:s0 tclass=file permissive=1
06-10 15:20:18.272 1071 1071 I DefaultDispatch: type=1400 audit(0.0:1135): avc: denied { getattr } for path="/proc/bus/input/devices" dev="proc" ino=4026532014 scontext=u:r:system_app:s0 tcontext=u:object_r:proc:s0 tclass=file permissive=1
06-10 15:20:18.278 1071 1933 E RCInfo : vid:
06-10 15:20:18.278 1071 1933 E RCInfo : pid:
06-10 15:20:18.280 1071 1933 E RCInfo : vid:
06-10 15:20:18.280 1071 1933 E RCInfo : pid:
06-10 15:20:18.409 367 2028 D mediaserver: Time zone APEX ICU file found: /apex/com.android.tzdata/etc/icu/icu_tzdata.dat
06-10 15:20:18.409 367 2028 D mediaserver: I18n APEX ICU file found: /apex/com.android.i18n/etc/icu/icudt68l.dat
06-10 15:20:18.805 523 544 W IorapForwardingService: No service published for: iorapd
06-10 15:20:18.950 267 1015 E bt_upio : upio_set : /proc/bluetooth/sleep/btwrite(-1) incorrent
06-10 15:20:19.620 1973 1973 I rainbow_flow: type=1400 audit(0.0:1136): avc: denied { ioctl } for path="/dev/spidev1.0" dev="tmpfs" ino=1377 ioctlcmd=0x6b00 scontext=u:r:init:s0 tcontext=u:object_r:device:s0 tclass=chr_file permissive=1
06-10 15:20:19.646 1128 2047 W ActivityThread: ClassLoader.loadClass: The class loader returned by Thread.getContextClassLoader() may fail for processes that host multiple applications. You should explicitly specify a context class loader. For example: Thread.setContextClassLoader(getClass().getClassLoader());
06-10 15:20:19.662 523 537 D AccountManagerService: bind attempt failed for Session: expectLaunch false, connected false, stats (0/0/0), lifetime 0.001, addAccount, accountType com.soul.kp.account, requiredFeatures null
06-10 15:20:19.676 1128 2047 E d.leradlaunche: Invalid ID 0x00000000.
06-10 15:20:19.807 523 544 W IorapForwardingService: No service published for: iorapd
06-10 15:20:20.000 1066 1191 W MediaProvider: getVolumePath for unknown volume: internal
06-10 15:20:20.003 1066 1191 W MediaProvider: getVolumePath for unknown volume: internal
06-10 15:20:20.004 1066 1191 W MediaProvider: getVolumePath for unknown volume: internal
06-10 15:20:20.005 1066 1191 W MediaProvider: getVolumePath for unknown volume: internal
06-10 15:20:20.007 1066 1191 W MediaProvider: getVolumePath for unknown volume: internal
06-10 15:20:20.008 1066 1191 W MediaProvider: getVolumePath for unknown volume: internal
06-10 15:20:20.009 1066 1191 W MediaProvider: getVolumePath for unknown volume: internal
06-10 15:20:20.010 1066 1191 W MediaProvider: getVolumePath for unknown volume: internal
06-10 15:20:20.011 1066 1191 W MediaProvider: getVolumePath for unknown volume: internal
06-10 15:20:20.011 1066 1191 W MediaProvider: getVolumePath for unknown volume: internal
06-10 15:20:20.014 1066 1191 W MediaProvider: getVolumePath for unknown volume: internal
06-10 15:20:20.016 1066 1191 W MediaProvider: getVolumePath for unknown volume: internal
06-10 15:20:20.017 1066 1191 W MediaProvider: getVolumePath for unknown volume: internal
06-10 15:20:20.018 1066 1191 W MediaProvider: getVolumePath for unknown volume: internal
06-10 15:20:20.019 1066 1191 W MediaProvider: getVolumePath for unknown volume: internal
06-10 15:20:20.022 1066 1191 W MediaProvider: getVolumePath for unknown volume: internal
06-10 15:20:20.023 1066 1191 W MediaProvider: getVolumePath for unknown volume: internal
06-10 15:20:20.024 1066 1191 W MediaProvider: getVolumePath for unknown volume: internal
06-10 15:20:20.025 1066 1191 W MediaProvider: getVolumePath for unknown volume: internal
06-10 15:20:20.026 1066 1191 W MediaProvider: getVolumePath for unknown volume: internal
06-10 15:20:20.027 1066 1191 W MediaProvider: getVolumePath for unknown volume: internal
06-10 15:20:20.031 1066 1191 W MediaProvider: getVolumePath for unknown volume: internal
06-10 15:20:20.033 1066 1191 W MediaProvider: getVolumePath for unknown volume: internal
06-10 15:20:20.034 1066 1191 W MediaProvider: getVolumePath for unknown volume: internal
06-10 15:20:20.035 1066 1191 W MediaProvider: getVolumePath for unknown volume: internal
06-10 15:20:20.036 1066 1191 W MediaProvider: getVolumePath for unknown volume: internal
06-10 15:20:20.037 1066 1191 W MediaProvider: getVolumePath for unknown volume: internal
06-10 15:20:20.038 1066 1191 W MediaProvider: getVolumePath for unknown volume: internal
06-10 15:20:20.055 1066 1191 W MediaProvider: getVolumePath for unknown volume: internal
06-10 15:20:20.056 1066 1191 W MediaProvider: getVolumePath for unknown volume: internal
06-10 15:20:20.057 1066 1191 W MediaProvider: getVolumePath for unknown volume: internal
06-10 15:20:20.058 1066 1191 W MediaProvider: getVolumePath for unknown volume: internal
06-10 15:20:20.069 1066 1191 W MediaProvider: getVolumePath for unknown volume: internal
06-10 15:20:20.132 1066 1191 W MediaProvider: getVolumePath for unknown volume: internal
06-10 15:20:20.146 1066 1191 W MediaProvider: getVolumePath for unknown volume: internal
06-10 15:20:20.148 1066 1191 W MediaProvider: getVolumePath for unknown volume: internal
06-10 15:20:20.214 267 984 E bt_upio : upio_set : /proc/bluetooth/sleep/btwrite(-1) incorrent
06-10 15:20:20.215 674 1016 I bluetooth: system/bt/stack/gatt/connection_manager.cc:185 on_connection_complete: Le connection completed to device:e4:bb:d3:57:c0:7d
06-10 15:20:20.215 674 1016 I bt_btm_ble: system/bt/stack/btm/btm_ble.cc:1699 btm_ble_connected: Updating device record timestamp for existing ble connection
06-10 15:20:20.438 674 1016 I bt_stack: [INFO:gatt_attr.cc(880)] gatt_sr_init_cl_status: bda=e4:bb:d3:57:c0:7d, cl_supp_feat=0000, aware=1
06-10 15:20:20.439 674 1016 I bluetooth: system/bt/stack/gap/gap_ble.cc:298 client_connect_cback: No active GAP service found for peer:xx:xx:xx:xx:c0:7d callback:Connected
06-10 15:20:20.439 674 1016 I bt_bta_gattc: system/bt/bta/gatt/bta_gattc_act.cc:1110 bta_gattc_conn_cback: Connected att_id:3 transport:le reason:GATT_CONN_OK
06-10 15:20:20.439 674 1016 I bt_bta_gattc: system/bt/bta/gatt/bta_gattc_act.cc:1110 bta_gattc_conn_cback: Connected att_id:4 transport:le reason:GATT_CONN_OK
06-10 15:20:20.439 674 1016 I bt_bta_gattc: system/bt/bta/gatt/bta_gattc_act.cc:1110 bta_gattc_conn_cback: Connected att_id:5 transport:le reason:GATT_CONN_OK
06-10 15:20:20.439 674 1016 I bluetooth: system/bt/stack/gatt/connection_manager.cc:185 on_connection_complete: Le connection completed to device:e4:bb:d3:57:c0:7d
06-10 15:20:20.439 674 1016 I bt_stack: [INFO:eatt_impl.h(634)] connect device e4:bb:d3:57:c0:7d rolecentral
06-10 15:20:20.439 674 1016 I bt_btif_dm: system/bt/btif/src/btif_dm.cc:497 btif_update_remote_version_property: Remote version info valid:true [xx:xx:xx:xx:c0:7d]: 9, 1bf, 9
06-10 15:20:20.483 674 1016 I bt_stack: [INFO:eatt_impl.h(578)] supported_features_cb e4:bb:d3:57:c0:7d is_eatt_supported = 0
06-10 15:20:20.490 674 674 E BluetoothPhonePolicy: Received unexpected intent, action=android.bluetooth.device.action.ACL_CONNECTED
06-10 15:20:20.490 674 674 I BluetoothPhonePolicy: processDeviceConnected, device=E4:BB:D3:57:C0:7D
06-10 15:20:20.491 674 674 D BluetoothDatabase: setConnection: device=E4:BB:D3:57:C0:7D and isA2dpDevice=false
06-10 15:20:20.491 674 674 D BluetoothDatabase: Updating last connected time for device: E4:BB:D3:57:C0:7D to 1
06-10 15:20:20.491 674 674 D BluetoothDatabase: updateDatabase E4:BB:D3:57:C0:7D
06-10 15:20:20.503 1071 1071 I dangbei111: cccccc on receiver=android.bluetooth.device.action.ACL_CONNECTED,mac=E4:BB:D3:57:C0:7D
06-10 15:20:20.503 1071 1071 E dangbei111: cccccc cancelDiscovery begin
06-10 15:20:20.505 1071 1071 E dangbei111: cccccc 检查遥控器是否连接: Dangbei E4:BB:D3:57:C0:7D
06-10 15:20:20.507 1071 1071 E dangbei111: cccccc 检查遥控器是否连接: 蓝牙的结果 Dangbei E4:BB:D3:57:C0:7D true
06-10 15:20:20.507 1071 1071 E dangbei111: cccccc input中没有遥控器存在
06-10 15:20:20.507 1071 1071 E dangbei111: cccccc 蓝牙状态连接 开启10s check任务
06-10 15:20:20.508 1071 1071 E dangbei111: cccccc 开始扫描
06-10 15:20:20.508 1071 1071 D BluetoothAdapter: isLeEnabled(): ON
06-10 15:20:20.559 674 1016 W bt_stack: [WARNING:bta_gattc_api.cc(659)] notification already registered
06-10 15:20:20.559 674 1016 W bt_stack: [WARNING:bta_gattc_api.cc(659)] notification already registered
06-10 15:20:20.559 674 1016 W bt_stack: [WARNING:bta_gattc_api.cc(659)] notification already registered
06-10 15:20:20.560 674 855 W bt_btif : system/bt/main/bte_logmsg.cc:194 LogMsg: btif_hh_upstreams_evt: BTA_HH_OPN_EVT: handle=16, status =0
06-10 15:20:20.560 674 855 W bt_btif : system/bt/main/bte_logmsg.cc:194 LogMsg: BTA_HH_OPEN_EVT: Found device...Getting dscp info for handle ... 16
06-10 15:20:20.560 674 855 I bt_btif_dm: system/bt/btif/src/btif_dm.cc:384 get_cod: get_cod remote_cod = 0x00001f00
06-10 15:20:20.560 674 855 I bt_btif_dm: system/bt/btif/src/btif_dm.cc:384 get_cod: get_cod remote_cod = 0x00001f00
06-10 15:20:20.560 674 855 W bt_btif : system/bt/main/bte_logmsg.cc:194 LogMsg: btif_hh_upstreams_evt: name = Dangbei
06-10 15:20:20.560 674 855 W bt_btif : system/bt/main/bte_logmsg.cc:194 LogMsg: bta_hh_co_send_hid_info: fd = 209, name = [Dangbei], dscp_len = 80
06-10 15:20:20.560 674 855 W bt_btif : system/bt/main/bte_logmsg.cc:194 LogMsg: bta_hh_co_send_hid_info: vendor_id = 0x000d, product_id = 0x3838, version= 0x0000,ctry_code=0x00
06-10 15:20:20.561 674 855 W bt_btif : system/bt/main/bte_logmsg.cc:194 LogMsg: bta_hh_co_send_hid_info: wrote descriptor to fd = 209, dscp_len = 80, result = 0
06-10 15:20:20.562 674 674 D BluetoothAdapterService: isQuetModeEnabled() - Enabled = false
06-10 15:20:20.562 674 674 V BluetoothDatabase: getProfileConnectionPolicy: E4:BB:D3:57:C0:7D, profile=4, connectionPolicy = 100
06-10 15:20:20.563 674 855 W bt_stack: [WARNING:btif_hh.cc(397)] Device e4:bb:d3:57:c0:7d already added
06-10 15:20:20.563 674 855 W bt_btif : system/bt/main/bte_logmsg.cc:194 LogMsg: btif_hh_upstreams_evt: Device already added
06-10 15:20:20.564 334 335 D XM_HIDREAD: add@ add@/devices/virtual/misc/uhid/0005:000D:3838.0003
06-10 15:20:20.560 342 342 I xiriservice_All: type=1400 audit(0.0:1137): avc: denied { read } for scontext=u:r:init:s0 tcontext=u:r:init:s0 tclass=netlink_kobject_uevent_socket permissive=1
06-10 15:20:20.566 674 674 D BluetoothHidHostService: Connection state E4:BB:D3:57:C0:7D: 0->2
06-10 15:20:20.570 334 335 D XM_HIDREAD: add@ add@/devices/virtual/misc/uhid/0005:000D:3838.0003/input/input8
06-10 15:20:20.570 674 674 D AdapterProperties: PROFILE_CONNECTION_STATE_CHANGE: profile=4, device=E4:BB:D3:57:C0:7D, 0 -> 2
06-10 15:20:20.572 674 674 W AdapterProperties: PROFILE_CONNECTION_STATE_CHANGE: unexpected transition for profile=4, device=E4:BB:D3:57:C0:7D, 0 -> 2
06-10 15:20:20.573 674 1016 I bt_stack: [INFO:gatt_sr.cc(815)] MTU request PDU with MTU size 247
06-10 15:20:20.573 1049 1049 I input : Dangbei as /devices/virtual/misc/uhid/0005:000D:3838.0003/input/input8
06-10 15:20:20.574 674 1016 W bt_stack: [WARNING:gatt_utils.cc(790)] Call back not found for application conn_id=3
06-10 15:20:20.574 674 1016 W bt_stack: [WARNING:gatt_utils.cc(790)] Call back not found for application conn_id=4
06-10 15:20:20.574 674 1016 W bt_stack: [WARNING:gatt_utils.cc(790)] Call back not found for application conn_id=5
06-10 15:20:20.576 674 674 D AdapterProperties: ADAPTER_CONNECTION_STATE_CHANGE: E4:BB:D3:57:C0:7D: 0 -> 2
06-10 15:20:20.576 674 674 W AdapterProperties: ADAPTER_CONNECTION_STATE_CHANGE: unexpected transition for profile=4, device=E4:BB:D3:57:C0:7D, 0 -> 2
06-10 15:20:20.580 334 335 D XM_HIDREAD: add@ add@/devices/virtual/misc/uhid/0005:000D:3838.0003/input/input8/event6
06-10 15:20:20.581 683 886 D CachedBluetoothDevice: onProfileStateChanged: profile HID, device Dangbei, newProfileState 2
06-10 15:20:20.583 334 335 D XM_HIDREAD: add@ add@/devices/virtual/misc/uhid/0005:000D:3838.0003/input/input10
06-10 15:20:20.585 334 335 D XM_HIDREAD: add@ add@/devices/virtual/misc/uhid/0005:000D:3838.0003/input/input10/event7
06-10 15:20:20.586 1049 1049 I input : Dangbei Consumer Control as /devices/virtual/misc/uhid/0005:000D:3838.0003/input/input10
06-10 15:20:20.588 334 335 D XM_HIDREAD: add@ add@/devices/virtual/misc/uhid/0005:000D:3838.0003/hidraw/hidraw2
06-10 15:20:20.588 334 335 D XM_HIDREAD: ready open:/dev/hidraw2
06-10 15:20:20.588 334 335 D XM_HIDREAD: open:/dev/hidraw2 resultFD:-1
06-10 15:20:20.588 334 335 E XM_HIDREAD: open hidraw error: No such file or directory, wait to retry...
06-10 15:20:20.591 1049 1049 I hid-generic 0005: 000D:3838.0003: input,hidraw2: BLUETOOTH HID v0.00 Keyboard [Dangbei] on
06-10 15:20:20.595 523 607 D EventHub: No input device configuration file found for device 'Dangbei'.
06-10 15:20:20.606 523 607 I EventHub: usingClockIoctl=true
06-10 15:20:20.606 523 607 I EventHub: New device: id=7, fd=299, path='/dev/input/event6', name='Dangbei', classes=KEYBOARD | EXTERNAL, configuration='', keyLayout='/system/usr/keylayout/Vendor_000d_Product_3838.kl', keyCharacterMap='/system/usr/keychars/Generic.kcm', builtinKeyboard=false,
06-10 15:20:20.607 523 607 I InputReader: Device added: id=5, eventHubId=7, name='Dangbei', descriptor='5bf61da49c3f961ffea2e2e86eddd822e5631010',sources=0x00000101
06-10 15:20:20.608 342 344 D DONGLE_SERVICE: check_smartctrl_hidraw_node, vid=13, pid =14392
06-10 15:20:20.608 342 344 E DONGLE_SERVICE: not supported: /dev/hidraw2
06-10 15:20:20.609 523 607 D EventHub: No input device configuration file found for device 'Dangbei Consumer Control'.
06-10 15:20:20.604 342 342 I xiriservice_All: type=1400 audit(0.0:1138): avc: denied { read write } for name="hidraw2" dev="tmpfs" ino=41069 scontext=u:r:init:s0 tcontext=u:object_r:device:s0 tclass=chr_file permissive=1
06-10 15:20:20.604 342 342 I xiriservice_All: type=1400 audit(0.0:1139): avc: denied { open } for path="/dev/hidraw2" dev="tmpfs" ino=41069 scontext=u:r:init:s0 tcontext=u:object_r:device:s0 tclass=chr_file permissive=1
06-10 15:20:20.614 523 607 W EventHub: Unable to disable kernel key repeat for /dev/input/event7: Function not implemented
06-10 15:20:20.618 523 607 I EventHub: usingClockIoctl=true
06-10 15:20:20.618 523 607 I EventHub: New device: id=8, fd=338, path='/dev/input/event7', name='Dangbei Consumer Control', classes=KEYBOARD | JOYSTICK | EXTERNAL, configuration='', keyLayout='/system/usr/keylayout/Vendor_000d_Product_3838.kl', keyCharacterMap='/system/usr/keychars/Generic.kcm', builtinKeyboard=false,
06-10 15:20:20.619 523 607 I InputReader: Device added: id=5, eventHubId=8, name='Dangbei Consumer Control', descriptor='5bf61da49c3f961ffea2e2e86eddd822e5631010',sources=0x01000111
06-10 15:20:20.642 2760 2760 W audit : audit_lost=684 audit_rate_limit=5 audit_backlog_limit=64
06-10 15:20:20.642 2760 2760 E audit : rate limit exceeded
06-10 15:20:20.636 2760 2760 I Thread-2: type=1400 audit(0.0:1140): avc: denied { execute } for name="am" dev="dm-5" ino=1160 scontext=u:r:system_app:s0 tcontext=u:object_r:vendor_file:s0 tclass=file permissive=1
06-10 15:20:20.636 2760 2760 I Thread-2: type=1400 audit(0.0:1141): avc: denied { read open } for path="/vendor/xbin/am" dev="dm-5" ino=1160 scontext=u:r:system_app:s0 tcontext=u:object_r:vendor_file:s0 tclass=file permissive=1
06-10 15:20:20.679 523 607 D TvWindowManager: key event key = KEYCODE_DPAD_UP down = true
06-10 15:20:20.680 523 607 W SoundPool: Use of stream types is deprecated for operations other than volume control
06-10 15:20:20.681 523 607 W SoundPool: See the documentation of SoundPool() for what to use instead with android.media.AudioAttributes to qualify your playback use case
06-10 15:20:20.685 523 606 D GpioService: mFlickerEnable = true
06-10 15:20:20.688 334 335 E XM_HIDREAD: trying to reopen hidraw: /dev/hidraw2
06-10 15:20:20.689 334 335 D XM_HIDREAD: ready open:/dev/hidraw2
06-10 15:20:20.689 334 335 D XM_HIDREAD: open:/dev/hidraw2 resultFD:10
06-10 15:20:20.689 334 335 D XM_HIDREAD: 1 ready ioctl hidrawFD 10
06-10 15:20:20.689 334 335 D XM_HIDREAD: 2 ready ioctl hidrawFD 10
06-10 15:20:20.689 334 335 D XM_HIDREAD: 3 ready ioctl hidrawFD 10
06-10 15:20:20.689 334 335 D XM_HIDREAD: 4 ready ioctl hidrawFD 10
06-10 15:20:20.689 334 335 D XM_HIDREAD: ioctl hidrawFD HIDIOCGRDESC ret 0
06-10 15:20:20.689 334 335 D XM_HIDREAD: dinfo.vendor:13,dinfo.product:14392
06-10 15:20:20.689 334 335 D XM_HIDREAD: m_pid:0x3838,m_vid:0x000d
06-10 15:20:20.689 334 335 D XM_HIDREAD: /dev/hidraw2 open succussfully!
06-10 15:20:20.689 2146 2146 I SogouIME: onKeyDown: keyoCode=19
06-10 15:20:20.689 334 335 D XM_HIDREAD: add@ add@/devices/virtual/wakeup/wakeup30
06-10 15:20:20.689 334 335 D XM_HIDREAD: add@ add@/devices/virtual/wakeup/wakeup31
06-10 15:20:20.693 2146 2146 I DefaultIMS: onKeyDown: keyoCode=19
06-10 15:20:20.697 1249 1249 D bbb : onStartCommand begin !!!!!!! data分区剩余 24985MB
06-10 15:20:20.701 523 2764 D MediaCodecList: codecHandlesFormat: no format, so no extra checks
06-10 15:20:20.707 1190 1190 D aaa : LedStatusService onStartCommand begin
06-10 15:20:20.709 523 2765 D MediaCodecList: codecHandlesFormat: no format, so no extra checks
06-10 15:20:20.709 1128 1128 E SecondScreen: FirstScreenLayoutView dispatchKeyEvent 19
06-10 15:20:20.711 1190 2774 D aaa : topPkg is -------------- :com.dangbei.leard.leradlauncher
06-10 15:20:20.711 523 2775 D CCodec : allocate(c2.android.vorbis.decoder)
06-10 15:20:20.712 378 820 V C2Store : in init
06-10 15:20:20.712 378 820 V C2Store : loading dll
06-10 15:20:20.715 1190 2774 D aaa : WiFi is connect
06-10 15:20:20.718 523 2771 D CCodec : allocate(c2.android.vorbis.decoder)
06-10 15:20:20.719 523 2775 I CCodec : Created component [c2.android.vorbis.decoder]
06-10 15:20:20.719 523 2775 D CCodecConfig: read media type: audio/vorbis
06-10 15:20:20.721 523 2771 I CCodec : Created component [c2.android.vorbis.decoder]
06-10 15:20:20.721 523 2771 D CCodecConfig: read media type: audio/vorbis
06-10 15:20:20.724 523 2775 D ReflectedParamUpdater: extent() != 1 for single value type: algo.buffers.max-count.values
06-10 15:20:20.725 523 2775 D ReflectedParamUpdater: extent() != 1 for single value type: output.subscribed-indices.values
06-10 15:20:20.725 523 2775 D ReflectedParamUpdater: extent() != 1 for single value type: input.buffers.allocator-ids.values
06-10 15:20:20.725 523 2775 D ReflectedParamUpdater: extent() != 1 for single value type: output.buffers.allocator-ids.values
06-10 15:20:20.725 523 2775 D ReflectedParamUpdater: extent() != 1 for single value type: algo.buffers.allocator-ids.values
06-10 15:20:20.725 523 2775 D ReflectedParamUpdater: extent() != 1 for single value type: output.buffers.pool-ids.values
06-10 15:20:20.726 523 2775 D ReflectedParamUpdater: extent() != 1 for single value type: algo.buffers.pool-ids.values
06-10 15:20:20.730 523 2775 I CCodecConfig: query failed after returning 7 values (BAD_INDEX)
06-10 15:20:20.730 2146 2146 I DefaultIMS: onStartInput attribute=android.view.inputmethod.EditorInfo@dc27bd5 restarting=false inputType: 0
06-10 15:20:20.731 523 2775 D CCodecConfig: c2 config diff is Dict {
06-10 15:20:20.731 523 2775 D CCodecConfig: c2::u32 coded.bitrate.value = 64000
06-10 15:20:20.731 523 2775 D CCodecConfig: c2::u32 input.buffers.max-size.value = 32768
06-10 15:20:20.731 523 2775 D CCodecConfig: c2::u32 input.delay.value = 0
06-10 15:20:20.731 523 2775 D CCodecConfig: string input.media-type.value = "audio/vorbis"
06-10 15:20:20.731 523 2775 D CCodecConfig: string output.media-type.value = "audio/raw"
06-10 15:20:20.731 523 2775 D CCodecConfig: c2::u32 raw.channel-count.value = 1
06-10 15:20:20.731 523 2775 D CCodecConfig: c2::u32 raw.sample-rate.value = 48000
06-10 15:20:20.731 523 2775 D CCodecConfig: }
06-10 15:20:20.731 523 2771 D ReflectedParamUpdater: extent() != 1 for single value type: algo.buffers.max-count.values
06-10 15:20:20.732 523 2771 D ReflectedParamUpdater: extent() != 1 for single value type: output.subscribed-indices.values
06-10 15:20:20.732 523 2771 D ReflectedParamUpdater: extent() != 1 for single value type: input.buffers.allocator-ids.values
06-10 15:20:20.732 523 2771 D ReflectedParamUpdater: extent() != 1 for single value type: output.buffers.allocator-ids.values
06-10 15:20:20.732 523 2771 D ReflectedParamUpdater: extent() != 1 for single value type: algo.buffers.allocator-ids.values
06-10 15:20:20.732 523 2771 D ReflectedParamUpdater: extent() != 1 for single value type: output.buffers.pool-ids.values
06-10 15:20:20.732 523 2771 D ReflectedParamUpdater: extent() != 1 for single value type: algo.buffers.pool-ids.values
06-10 15:20:20.732 523 2775 D CCodec : [c2.android.vorbis.decoder] buffers are bound to CCodec for this session
06-10 15:20:20.732 523 2775 D CCodecConfig: no c2 equivalents for durationUs
06-10 15:20:20.732 523 2775 D CCodecConfig: no c2 equivalents for track-id
06-10 15:20:20.732 523 2775 D CCodecConfig: no c2 equivalents for csd-1
06-10 15:20:20.733 523 2775 D CCodecConfig: no c2 equivalents for channel-mask
06-10 15:20:20.733 523 2775 D CCodecConfig: no c2 equivalents for flags
06-10 15:20:20.733 523 2775 D CCodecConfig: c2 config diff is c2::u32 coded.bitrate.value = 112000
06-10 15:20:20.733 523 2775 D CCodecConfig: c2::u32 raw.channel-count.value = 2
06-10 15:20:20.733 523 2775 D CCodecConfig: c2::u32 raw.sample-rate.value = 44100
06-10 15:20:20.735 523 2775 W Codec2Client: query -- param skipped: index = 1107298332.
06-10 15:20:20.735 523 2775 D CCodec : setup formats input: AMessage(what = 0x00000000) = {
06-10 15:20:20.735 523 2775 D CCodec : int32_t bitrate = 112000
06-10 15:20:20.735 523 2775 D CCodec : int32_t channel-count = 2
06-10 15:20:20.735 523 2775 D CCodec : int32_t max-input-size = 32768
06-10 15:20:20.735 523 2775 D CCodec : string mime = "audio/vorbis"
06-10 15:20:20.735 523 2775 D CCodec : int32_t sample-rate = 44100
06-10 15:20:20.735 523 2775 D CCodec : }
06-10 15:20:20.736 523 2775 D CCodec : setup formats output: AMessage(what = 0x00000000) = {
06-10 15:20:20.736 523 2775 D CCodec : int32_t channel-count = 2
06-10 15:20:20.736 523 2775 D CCodec : string mime = "audio/raw"
06-10 15:20:20.736 523 2775 D CCodec : int32_t sample-rate = 44100
06-10 15:20:20.736 523 2775 D CCodec : int32_t channel-mask = 3
06-10 15:20:20.736 523 2775 D CCodec : }
06-10 15:20:20.736 523 2771 I CCodecConfig: query failed after returning 7 values (BAD_INDEX)
06-10 15:20:20.736 523 2775 I CCodecConfig: query failed after returning 7 values (BAD_INDEX)
06-10 15:20:20.736 523 2771 D CCodecConfig: c2 config diff is Dict {
06-10 15:20:20.736 523 2771 D CCodecConfig: c2::u32 coded.bitrate.value = 64000
06-10 15:20:20.736 523 2771 D CCodecConfig: c2::u32 input.buffers.max-size.value = 32768
06-10 15:20:20.736 523 2771 D CCodecConfig: c2::u32 input.delay.value = 0
06-10 15:20:20.736 523 2771 D CCodecConfig: string input.media-type.value = "audio/vorbis"
06-10 15:20:20.736 523 2771 D CCodecConfig: string output.media-type.value = "audio/raw"
06-10 15:20:20.736 523 2771 D CCodecConfig: c2::u32 raw.channel-count.value = 1
06-10 15:20:20.736 523 2771 D CCodecConfig: c2::u32 raw.sample-rate.value = 48000
06-10 15:20:20.736 523 2771 D CCodecConfig: }
06-10 15:20:20.739 523 2771 D CCodec : [c2.android.vorbis.decoder] buffers are bound to CCodec for this session
06-10 15:20:20.739 523 2771 D CCodecConfig: no c2 equivalents for durationUs
06-10 15:20:20.739 523 2771 D CCodecConfig: no c2 equivalents for track-id
06-10 15:20:20.739 523 2771 D CCodecConfig: no c2 equivalents for csd-1
06-10 15:20:20.739 523 2771 D CCodecConfig: no c2 equivalents for channel-mask
06-10 15:20:20.739 523 2771 D CCodecConfig: no c2 equivalents for flags
06-10 15:20:20.741 523 2771 D CCodecConfig: c2 config diff is c2::u32 coded.bitrate.value = 112000
06-10 15:20:20.741 523 2771 D CCodecConfig: c2::u32 raw.channel-count.value = 2
06-10 15:20:20.741 523 2771 D CCodecConfig: c2::u32 raw.sample-rate.value = 44100
06-10 15:20:20.743 523 2771 W Codec2Client: query -- param skipped: index = 1107298332.
06-10 15:20:20.743 523 2771 D CCodec : setup formats input: AMessage(what = 0x00000000) = {
06-10 15:20:20.743 523 2771 D CCodec : int32_t bitrate = 112000
06-10 15:20:20.743 523 2771 D CCodec : int32_t channel-count = 2
06-10 15:20:20.743 523 2771 D CCodec : int32_t max-input-size = 32768
06-10 15:20:20.743 523 2771 D CCodec : string mime = "audio/vorbis"
06-10 15:20:20.743 523 2771 D CCodec : int32_t sample-rate = 44100
06-10 15:20:20.743 523 2771 D CCodec : }
06-10 15:20:20.743 523 2771 D CCodec : setup formats output: AMessage(what = 0x00000000) = {
06-10 15:20:20.743 523 2771 D CCodec : int32_t channel-count = 2
06-10 15:20:20.743 523 2771 D CCodec : string mime = "audio/raw"
06-10 15:20:20.743 523 2771 D CCodec : int32_t sample-rate = 44100
06-10 15:20:20.743 523 2771 D CCodec : int32_t channel-mask = 3
06-10 15:20:20.743 523 2771 D CCodec : }
06-10 15:20:20.743 523 2771 I CCodecConfig: query failed after returning 7 values (BAD_INDEX)
06-10 15:20:20.747 523 2775 W Codec2Client: query -- param skipped: index = 1342179345.
06-10 15:20:20.747 523 2771 W Codec2Client: query -- param skipped: index = 1342179345.
06-10 15:20:20.747 523 2775 W Codec2Client: query -- param skipped: index = 2415921170.
06-10 15:20:20.747 523 2771 W Codec2Client: query -- param skipped: index = 2415921170.
06-10 15:20:20.749 378 415 D BufferPoolAccessor2.0: bufferpool2 0xf7220dd8 : 0(0 size) total buffers - 0(0 size) used buffers - 135/145 (recycle/alloc) - 10/144 (fetch/transfer)
06-10 15:20:20.749 378 817 D BufferPoolAccessor2.0: Destruction - bufferpool2 0xf7220dd8 cached: 0/0M, 0/0% in use; allocs: 145, 93% recycled; transfers: 144, 93% unfetched
06-10 15:20:20.749 378 817 D BufferPoolAccessor2.0: bufferpool2 0xf7220f18 : 0(0 size) total buffers - 0(0 size) used buffers - 135/145 (recycle/alloc) - 10/144 (fetch/transfer)
06-10 15:20:20.749 378 817 D BufferPoolAccessor2.0: Destruction - bufferpool2 0xf7220f18 cached: 0/0M, 0/0% in use; allocs: 145, 93% recycled; transfers: 144, 93% unfetched
06-10 15:20:20.749 378 817 D BufferPoolAccessor2.0: bufferpool2 0xf7221198 : 0(0 size) total buffers - 0(0 size) used buffers - 16/19 (recycle/alloc) - 4/18 (fetch/transfer)
06-10 15:20:20.750 378 416 D BufferPoolAccessor2.0: Destruction - bufferpool2 0xf7221198 cached: 0/0M, 0/0% in use; allocs: 19, 84% recycled; transfers: 18, 78% unfetched
06-10 15:20:20.750 378 819 D BufferPoolAccessor2.0: bufferpool2 0xf7221418 : 0(0 size) total buffers - 0(0 size) used buffers - 30/36 (recycle/alloc) - 6/35 (fetch/transfer)
06-10 15:20:20.750 378 819 D BufferPoolAccessor2.0: Destruction - bufferpool2 0xf7221418 cached: 0/0M, 0/0% in use; allocs: 36, 83% recycled; transfers: 35, 83% unfetched
06-10 15:20:20.750 378 416 D BufferPoolAccessor2.0: bufferpool2 0xf72212d8 : 0(0 size) total buffers - 0(0 size) used buffers - 18/21 (recycle/alloc) - 3/20 (fetch/transfer)
06-10 15:20:20.750 378 416 D BufferPoolAccessor2.0: Destruction - bufferpool2 0xf72212d8 cached: 0/0M, 0/0% in use; allocs: 21, 86% recycled; transfers: 20, 85% unfetched
06-10 15:20:20.751 378 944 D BufferPoolAccessor2.0: bufferpool2 0xf7222318 : 0(0 size) total buffers - 0(0 size) used buffers - 28/32 (recycle/alloc) - 4/31 (fetch/transfer)
06-10 15:20:20.751 523 2771 D CCodecBufferChannel: [c2.android.vorbis.decoder#264] Created input block pool with allocatorID 16 => poolID 23 - OK (0)
06-10 15:20:20.751 378 944 D BufferPoolAccessor2.0: Destruction - bufferpool2 0xf7222318 cached: 0/0M, 0/0% in use; allocs: 32, 88% recycled; transfers: 31, 87% unfetched
06-10 15:20:20.754 822 915 D BufferPoolAccessor2.0: bufferpool2 0xf2c4e318 : 0(0 size) total buffers - 0(0 size) used buffers - 1/7 (recycle/alloc) - 6/92 (fetch/transfer)
06-10 15:20:20.754 822 915 D BufferPoolAccessor2.0: Destruction - bufferpool2 0xf2c4e318 cached: 0/0M, 0/0% in use; allocs: 7, 14% recycled; transfers: 92, 93% unfetched
06-10 15:20:20.753 523 935 D BufferPoolAccessor2.0: bufferpool2 0xf1ab3798 : 0(0 size) total buffers - 0(0 size) used buffers - 1/7 (recycle/alloc) - 13/294 (fetch/transfer)
06-10 15:20:20.754 523 935 D BufferPoolAccessor2.0: Destruction - bufferpool2 0xf1ab3798 cached: 0/0M, 0/0% in use; allocs: 7, 14% recycled; transfers: 294, 96% unfetched
06-10 15:20:20.754 822 915 D BufferPoolAccessor2.0: bufferpool2 0xf2c4ed18 : 0(0 size) total buffers - 0(0 size) used buffers - 1/7 (recycle/alloc) - 9/96 (fetch/transfer)
06-10 15:20:20.754 822 915 D BufferPoolAccessor2.0: Destruction - bufferpool2 0xf2c4ed18 cached: 0/0M, 0/0% in use; allocs: 7, 14% recycled; transfers: 96, 91% unfetched
06-10 15:20:20.754 523 2771 I CCodecBufferChannel: [c2.android.vorbis.decoder#264] Created output block pool with allocatorID 16 => poolID 25 - OK
06-10 15:20:20.754 523 646 D BufferPoolAccessor2.0: bufferpool2 0xf20baed8 : 0(0 size) total buffers - 0(0 size) used buffers - 2/7 (recycle/alloc) - 11/294 (fetch/transfer)
06-10 15:20:20.754 523 646 D BufferPoolAccessor2.0: Destruction - bufferpool2 0xf20baed8 cached: 0/0M, 0/0% in use; allocs: 7, 29% recycled; transfers: 294, 96% unfetched
06-10 15:20:20.755 523 2771 D CCodecBufferChannel: [c2.android.vorbis.decoder#264] Configured output block pool ids 25 => OK
06-10 15:20:20.755 523 646 D BufferPoolAccessor2.0: bufferpool2 0xf11c4958 : 0(0 size) total buffers - 0(0 size) used buffers - 2/7 (recycle/alloc) - 8/42 (fetch/transfer)
06-10 15:20:20.755 523 646 D BufferPoolAccessor2.0: Destruction - bufferpool2 0xf11c4958 cached: 0/0M, 0/0% in use; allocs: 7, 29% recycled; transfers: 42, 81% unfetched
06-10 15:20:20.755 523 897 D BufferPoolAccessor2.0: bufferpool2 0xf11c5498 : 0(0 size) total buffers - 0(0 size) used buffers - 1/7 (recycle/alloc) - 6/46 (fetch/transfer)
06-10 15:20:20.755 523 897 D BufferPoolAccessor2.0: Destruction - bufferpool2 0xf11c5498 cached: 0/0M, 0/0% in use; allocs: 7, 14% recycled; transfers: 46, 87% unfetched
06-10 15:20:20.755 523 897 D BufferPoolAccessor2.0: bufferpool2 0xf11c6398 : 0(0 size) total buffers - 0(0 size) used buffers - 2/7 (recycle/alloc) - 7/76 (fetch/transfer)
06-10 15:20:20.755 523 897 D BufferPoolAccessor2.0: Destruction - bufferpool2 0xf11c6398 cached: 0/0M, 0/0% in use; allocs: 7, 29% recycled; transfers: 76, 91% unfetched
06-10 15:20:20.755 523 897 D BufferPoolAccessor2.0: bufferpool2 0xf0f56158 : 0(0 size) total buffers - 0(0 size) used buffers - 1/7 (recycle/alloc) - 6/68 (fetch/transfer)
06-10 15:20:20.756 523 897 D BufferPoolAccessor2.0: Destruction - bufferpool2 0xf0f56158 cached: 0/0M, 0/0% in use; allocs: 7, 14% recycled; transfers: 68, 91% unfetched
06-10 15:20:20.757 523 2775 D CCodecBufferChannel: [c2.android.vorbis.decoder#96] Created input block pool with allocatorID 16 => poolID 24 - OK (0)
06-10 15:20:20.761 378 2777 D SimpleC2Component: Using output block pool with poolID 25 => got 25 - 0
06-10 15:20:20.766 523 2775 I CCodecBufferChannel: [c2.android.vorbis.decoder#96] Created output block pool with allocatorID 16 => poolID 26 - OK
06-10 15:20:20.767 523 2775 D CCodecBufferChannel: [c2.android.vorbis.decoder#96] Configured output block pool ids 26 => OK
06-10 15:20:20.775 378 2776 D SimpleC2Component: Using output block pool with poolID 26 => got 26 - 0
06-10 15:20:20.798 334 2768 D XM_HIDREAD: poll ret=1, event=1
06-10 15:20:20.799 334 2768 D XM_HIDREAD: [9 bytes]:01 00 00 00 00 00 00 00 00
06-10 15:20:20.799 523 607 D TvWindowManager: key event key = KEYCODE_DPAD_UP down = false
06-10 15:20:20.801 2146 2146 I SogouIME: onKeyUp: keyoCode=19
06-10 15:20:20.801 2146 2146 I DefaultIMS: onKeyUp: keyoCode=19
06-10 15:20:20.804 1128 1128 E SecondScreen: FirstScreenLayoutView dispatchKeyEvent 19
06-10 15:20:20.809 523 544 W IorapForwardingService: No service published for: iorapd
06-10 15:20:20.834 523 2771 D CCodecBufferChannel: [c2.android.vorbis.decoder#264] MediaCodec discarded an unknown buffer
06-10 15:20:20.834 523 2771 D CCodecBufferChannel: [c2.android.vorbis.decoder#264] MediaCodec discarded an unknown buffer
06-10 15:20:20.834 523 2771 D CCodecBufferChannel: [c2.android.vorbis.decoder#264] MediaCodec discarded an unknown buffer
06-10 15:20:20.837 523 2771 I hw-BpHwBinder: onLastStrongRef automatically unlinking death recipients
06-10 15:20:20.857 523 2764 D MediaCodecList: codecHandlesFormat: no format, so no extra checks
06-10 15:20:20.859 523 2775 I hw-BpHwBinder: onLastStrongRef automatically unlinking death recipients
06-10 15:20:20.859 378 864 I hw-BpHwBinder: onLastStrongRef automatically unlinking death recipients
06-10 15:20:20.859 378 864 V C2Store : in ~ComponentModule
06-10 15:20:20.859 378 864 V C2Store : unloading dll
06-10 15:20:20.860 523 2784 D CCodec : allocate(c2.android.vorbis.decoder)
06-10 15:20:20.860 378 2781 V C2Store : in init
06-10 15:20:20.860 378 2781 V C2Store : loading dll
06-10 15:20:20.865 523 2784 I CCodec : Created component [c2.android.vorbis.decoder]
06-10 15:20:20.865 523 2784 D CCodecConfig: read media type: audio/vorbis
06-10 15:20:20.866 223 2195 I keystore2: keystore2::watchdog: Watchdog thread idle -> terminating. Have a great day.
06-10 15:20:20.868 523 2784 D ReflectedParamUpdater: extent() != 1 for single value type: algo.buffers.max-count.values
06-10 15:20:20.869 523 2784 D ReflectedParamUpdater: extent() != 1 for single value type: output.subscribed-indices.values
06-10 15:20:20.869 523 2784 D ReflectedParamUpdater: extent() != 1 for single value type: input.buffers.allocator-ids.values
06-10 15:20:20.869 523 2784 D ReflectedParamUpdater: extent() != 1 for single value type: output.buffers.allocator-ids.values
06-10 15:20:20.870 523 2784 D ReflectedParamUpdater: extent() != 1 for single value type: algo.buffers.allocator-ids.values
06-10 15:20:20.870 523 2784 D ReflectedParamUpdater: extent() != 1 for single value type: output.buffers.pool-ids.values
06-10 15:20:20.870 523 2784 D ReflectedParamUpdater: extent() != 1 for single value type: algo.buffers.pool-ids.values
06-10 15:20:20.872 523 2784 I CCodecConfig: query failed after returning 7 values (BAD_INDEX)
06-10 15:20:20.873 523 2784 D CCodecConfig: c2 config diff is Dict {
06-10 15:20:20.873 523 2784 D CCodecConfig: c2::u32 coded.bitrate.value = 64000
