06-10 15:21:05.144 523 542 D AdbDebuggingManager: Logging key QAAAAFFyfRNP6d6d3d2Yqv6MpwL5MiEpuvRZ/iEJKxt0Hni5dzz9Ekxfjdw0Y7B883ZxHP7VGynNSBbUE7KaRGQs+/bN1mBNU+1PPMXSQ0F9OeZk0de2+LNjg0E8m7BAcNsHkRrY9GbFjo67wc9mItZKV3UhbVtC/6mt1BTar1LBFmTPstB7JLRG3d43mNs6r7o20nLOIokOE2mT2FITubNzIFmBbyaVN3zTAvpl0xNgoENhzg8jQdkTr640mwZM2upyTn5gpQ1UWUYGej8PNfHonqYcd/Gdrw2X/C/2Q6gVCHHW/nhbir9RSwwFRtmP7DE8q9897j+2cqoMZin01S/swk9a/u2+StOjk0SRFxrIBRT3Cs2kDj8YIoN0dT/XeVfmJaCDQiE8nWxqQEZxqZ2JfrHJWAhrz8e+UwvkYf7SFfAGpkwaCGu0rmj02QU/a/VzHEWKO+n0GgneR7YAEzYCGjavXuPpmz2xZygdDDDJ2L2Z4JBu+UNxDEDrRKaN5STfxuNlbkxtZJ0Kqw9FrosizuNj9ABlTQz5K9ADcqIDRkMDb2+jYZJCYIYw/JESQm4h3uirZ7rSQnSr/HbYMeTcRmkbGk2EFC+jAiPTwB/G+Dy5N8zz2tkupMYK3IwTuA3D5LHhuNHfzGmdWEFAFKQruqO0ve/GGgeCARzdcbyXxP+hzrX9tAEAAQA= @unknown, state = 2, alwaysAllow = true, lastConnectionTime = 1749540065141, authWindow = 604800000
06-10 15:21:05.272 204 204 I logd : logdr: UID=2000 GID=2000 PID=3035 b tail=0 logMask=99 pid=0 start=0ns deadline=0ns
06-10 15:21:05.909 523 544 W IorapForwardingService: No service published for: iorapd
06-10 15:21:06.359 664 664 E WifiHAL : wifi_get_link_stats: requestResponse Error:-5
06-10 15:21:06.360 523 619 E WifiVendorHal: getWifiLinkLayerStats_1_5_Internal(l.1191) failed {.code = ERROR_INVALID_ARGS, .description = }
06-10 15:21:06.443 334 2768 D XM_HIDREAD: poll ret=1, event=1
06-10 15:21:06.444 334 2768 D XM_HIDREAD: [9 bytes]:01 00 00 3F 00 00 00 00 00
06-10 15:21:06.444 523 607 D TvWindowManager: key event key = KEYCODE_F6 down = true
06-10 15:21:06.453 523 607 W ContextImpl: Calling a method in the system process without a qualified user: android.app.ContextImpl.sendBroadcast:1173 com.android.server.policy.TvWindowManager.interceptKeyBeforeQueueing:686 com.android.server.wm.InputManagerCallback.interceptKeyBeforeQueueing:149 com.android.server.input.InputManagerService.interceptKeyBeforeQueueing:2816
06-10 15:21:06.454 523 607 E ActivityManager: Sending non-protected broadcast com.dangbei.specialkey from system 523:system/1000 pkg android
06-10 15:21:06.454 523 607 E ActivityManager: java.lang.Throwable
06-10 15:21:06.454 523 607 E ActivityManager: at com.android.server.am.ActivityManagerService.checkBroadcastFromSystem(ActivityManagerService.java:12816)
06-10 15:21:06.454 523 607 E ActivityManager: at com.android.server.am.ActivityManagerService.broadcastIntentLocked(ActivityManagerService.java:13416)
06-10 15:21:06.454 523 607 E ActivityManager: at com.android.server.am.ActivityManagerService.broadcastIntentLocked(ActivityManagerService.java:12833)
06-10 15:21:06.454 523 607 E ActivityManager: at com.android.server.am.ActivityManagerService.broadcastIntentWithFeature(ActivityManagerService.java:13670)
06-10 15:21:06.454 523 607 E ActivityManager: at android.app.ContextImpl.sendBroadcast(ContextImpl.java:1177)
06-10 15:21:06.454 523 607 E ActivityManager: at com.android.server.policy.TvWindowManager.interceptKeyBeforeQueueing(TvWindowManager.java:686)
06-10 15:21:06.454 523 607 E ActivityManager: at com.android.server.wm.InputManagerCallback.interceptKeyBeforeQueueing(InputManagerCallback.java:149)
06-10 15:21:06.454 523 607 E ActivityManager: at com.android.server.input.InputManagerService.interceptKeyBeforeQueueing(InputManagerService.java:2816)
06-10 15:21:06.455 523 607 E ActivityManager: Sending non-protected broadcast com.dangbei.specialkey from system 523:system/1000 pkg android
06-10 15:21:06.455 523 607 E ActivityManager: java.lang.Throwable
06-10 15:21:06.455 523 607 E ActivityManager: at com.android.server.am.ActivityManagerService.checkBroadcastFromSystem(ActivityManagerService.java:12816)
06-10 15:21:06.455 523 607 E ActivityManager: at com.android.server.am.ActivityManagerService.broadcastIntentLocked(ActivityManagerService.java:13513)
06-10 15:21:06.455 523 607 E ActivityManager: at com.android.server.am.ActivityManagerService.broadcastIntentLocked(ActivityManagerService.java:12833)
06-10 15:21:06.455 523 607 E ActivityManager: at com.android.server.am.ActivityManagerService.broadcastIntentWithFeature(ActivityManagerService.java:13670)
06-10 15:21:06.455 523 607 E ActivityManager: at android.app.ContextImpl.sendBroadcast(ContextImpl.java:1177)
06-10 15:21:06.455 523 607 E ActivityManager: at com.android.server.policy.TvWindowManager.interceptKeyBeforeQueueing(TvWindowManager.java:686)
06-10 15:21:06.455 523 607 E ActivityManager: at com.android.server.wm.InputManagerCallback.interceptKeyBeforeQueueing(InputManagerCallback.java:149)
06-10 15:21:06.455 523 607 E ActivityManager: at com.android.server.input.InputManagerService.interceptKeyBeforeQueueing(InputManagerService.java:2816)
06-10 15:21:06.456 523 551 I DropBoxManagerService: add tag=system_server_wtf isTagEnabled=true flags=0x2
06-10 15:21:06.456 523 606 D GpioService: mFlickerEnable = true
06-10 15:21:06.458 2146 2146 I SogouIME: onKeyDown: keyoCode=136
06-10 15:21:06.458 2146 2146 I DefaultIMS: onKeyDown: keyoCode=136
06-10 15:21:06.459 1128 1128 E SecondScreen: FirstScreenLayoutView dispatchKeyEvent 136
06-10 15:21:06.460 1128 1128 E hq : HomeKeyReceiver:::onReceive com.dangbei.specialkey
06-10 15:21:06.460 523 551 I DropBoxManagerService: add tag=system_server_wtf isTagEnabled=true flags=0x2
06-10 15:21:06.519 523 546 D CompatibilityChangeReporter: Compat change id reported: 158002302; UID 1000; state: ENABLED
06-10 15:21:06.524 1071 1071 E ccc : cccccc LifecycleFrameLayout onAttachedToWindow com.dangbei.etna.setting.ui.side.view.SideLayout{33f84dc V.E...... ......I. 0,0-0,0}
06-10 15:21:06.526 434 434 I : DVI mode selected: packets not configured
06-10 15:21:06.526 434 434 I : Error: set vsif failed
06-10 15:21:06.539 200 200 I hwservicemanager: getTransport: Cannot find entry android.hardware.graphics.mapper@4.0::IMapper/default in either framework or device VINTF manifest.
06-10 15:21:06.540 1071 1071 I Gralloc4: mapper 4.x is not supported
06-10 15:21:06.541 200 200 I hwservicemanager: getTransport: Cannot find entry android.hardware.graphics.mapper@3.0::IMapper/default in either framework or device VINTF manifest.
06-10 15:21:06.541 1071 1071 W Gralloc3: mapper 3.x is not supported
06-10 15:21:06.544 434 434 I : DVI mode selected: packets not configured
06-10 15:21:06.544 434 434 I : Error: set vsif failed
06-10 15:21:06.546 1071 1071 E gralloc : Arm Module v1.0
06-10 15:21:06.548 200 200 I hwservicemanager: getTransport: Cannot find entry android.hardware.graphics.allocator@4.0::IAllocator/default in either framework or device VINTF manifest.
06-10 15:21:06.548 1071 1071 W Gralloc4: allocator 4.x is not supported
06-10 15:21:06.549 200 200 I hwservicemanager: getTransport: Cannot find entry android.hardware.graphics.allocator@3.0::IAllocator/default in either framework or device VINTF manifest.
06-10 15:21:06.549 1071 1071 W Gralloc3: allocator 3.x is not supported
06-10 15:21:06.552 276 315 I gralloc : alloc buffer:W:1920 H:1080 S:1920 PL[1920 1080] SZ:8294400 fmt:1 if:0 af:1 usg:966 fg:00000004
06-10 15:21:06.553 1071 1071 E ion : ioctl c0044901 failed with code -1: Inappropriate ioctl for device
06-10 15:21:06.560 434 434 I : DVI mode selected: packets not configured
06-10 15:21:06.560 434 434 I : Error: set vsif failed
06-10 15:21:06.558 2146 2146 I SogouIME: onKeyUp: keyoCode=136
06-10 15:21:06.559 2146 2146 I DefaultIMS: onKeyUp: keyoCode=136
06-10 15:21:06.566 1128 1128 W ViewRootImpl[LauncherActivity]: Cancelling event (no window focus):KeyEvent { action=ACTION_UP, keyCode=KEYCODE_F6, scanCode=64, metaState=0, flags=0x28, repeatCount=0, eventTime=86494, downTime=86381, deviceId=5, source=0x101, displayId=-1 }
06-10 15:21:06.567 1128 1128 W ViewRootImpl[LauncherActivity]: Cancelling event (no window focus):KeyEvent { action=ACTION_UP, keyCode=KEYCODE_F6, scanCode=64, metaState=0, flags=0x28, repeatCount=0, eventTime=86494, downTime=86381, deviceId=5, source=0x101, displayId=-1 }
06-10 15:21:06.567 1128 1128 W ViewRootImpl[LauncherActivity]: Cancelling event (no window focus):KeyEvent { action=ACTION_UP, keyCode=KEYCODE_F6, scanCode=64, metaState=0, flags=0x28, repeatCount=0, eventTime=86494, downTime=86381, deviceId=5, source=0x101, displayId=-1 }
06-10 15:21:06.567 1128 1128 E SecondScreen: FirstScreenLayoutView dispatchKeyEvent 136
06-10 15:21:06.567 1128 1128 W ViewRootImpl[LauncherActivity]: Cancelling event (no window focus):KeyEvent { action=ACTION_UP, keyCode=KEYCODE_F6, scanCode=64, metaState=0, flags=0x28, repeatCount=0, eventTime=86494, downTime=86381, deviceId=5, source=0x101, displayId=-1 }
06-10 15:21:06.567 1128 1128 W ViewRootImpl[LauncherActivity]: Cancelling event (no window focus):KeyEvent { action=ACTION_UP, keyCode=KEYCODE_F6, scanCode=64, metaState=0, flags=0x28, repeatCount=0, eventTime=86494, downTime=86381, deviceId=5, source=0x101, displayId=-1 }
06-10 15:21:06.568 1128 1128 W ViewRootImpl[LauncherActivity]: Cancelling event (no window focus):KeyEvent { action=ACTION_UP, keyCode=KEYCODE_F6, scanCode=64, metaState=0, flags=0x28, repeatCount=0, eventTime=86494, downTime=86381, deviceId=5, source=0x101, displayId=-1 }
06-10 15:21:06.590 334 2768 D XM_HIDREAD: poll ret=1, event=1
06-10 15:21:06.590 334 2768 D XM_HIDREAD: [9 bytes]:01 00 00 00 00 00 00 00 00
06-10 15:21:06.590 523 607 D TvWindowManager: key event key = KEYCODE_F6 down = false
06-10 15:21:06.592 523 606 W InputDispatcher: Waiting because no window has focus but ActivityRecord{4a79b3f u0 com.dangbei.leard.leradlauncher/com.dangbei.launcher.home.LauncherActivity t11} may eventually add a window when it finishes starting up. Will wait for 10000ms
06-10 15:21:06.593 434 434 I : DVI mode selected: packets not configured
06-10 15:21:06.593 434 434 I : Error: set vsif failed
06-10 15:21:06.610 434 434 I : DVI mode selected: packets not configured
06-10 15:21:06.610 434 434 I : Error: set vsif failed
06-10 15:21:06.611 434 434 I : DVI mode selected: packets not configured
06-10 15:21:06.611 434 434 I : Error: set vsif failed
06-10 15:21:06.622 276 315 I gralloc : alloc buffer:W:1920 H:1080 S:1920 PL[1920 1080] SZ:8294400 fmt:1 if:0 af:1 usg:966 fg:00000004
06-10 15:21:06.663 2146 2146 I DefaultIMS: onStartInput attribute=android.view.inputmethod.EditorInfo@fae18ab restarting=false inputType: 0
06-10 15:21:06.677 434 434 I : DVI mode selected: packets not configured
06-10 15:21:06.677 434 434 I : Error: set vsif failed
06-10 15:21:06.678 434 434 I : DVI mode selected: packets not configured
06-10 15:21:06.678 434 434 I : Error: set vsif failed
06-10 15:21:06.694 434 434 I : DVI mode selected: packets not configured
06-10 15:21:06.694 434 434 I : Error: set vsif failed
06-10 15:21:06.695 434 434 I : DVI mode selected: packets not configured
06-10 15:21:06.695 434 434 I : Error: set vsif failed
06-10 15:21:06.707 523 813 D ConnectivityService: requestNetwork for uid/pid:1000/1071 activeRequest: null callbackRequest: 35 [NetworkRequest [ REQUEST id=36, [ Capabilities: INTERNET&NOT_RESTRICTED&TRUSTED&NOT_VCN_MANAGED Uid: 1000 RequestorUid: 1000 RequestorPkg: com.dangbei.lerad.etna.haqu] ]] callback flags: 0 priority: 2147483647
06-10 15:21:06.708 523 626 D ConnectivityService: NetReassign [36 : null → 100]
06-10 15:21:06.710 523 660 D Ethernet: got request NetworkRequest [ REQUEST id=36, [ Capabilities: INTERNET&NOT_RESTRICTED&TRUSTED&NOT_VCN_MANAGED Uid: 1000 RequestorUid: 1000 RequestorPkg: com.dangbei.lerad.etna.haqu] ]
06-10 15:21:06.711 523 660 D EthernetNetworkFactory: acceptRequest, request: NetworkRequest [ REQUEST id=36, [ Capabilities: INTERNET&NOT_RESTRICTED&TRUSTED&NOT_VCN_MANAGED Uid: 1000 RequestorUid: 1000 RequestorPkg: com.dangbei.lerad.etna.haqu] ]
06-10 15:21:06.711 523 660 I EthernetNetworkFactory: networkForRequest, request: NetworkRequest [ REQUEST id=36, [ Capabilities: INTERNET&NOT_RESTRICTED&TRUSTED&NOT_VCN_MANAGED Uid: 1000 RequestorUid: 1000 RequestorPkg: com.dangbei.lerad.etna.haqu] ], network: null
06-10 15:21:06.711 523 619 D WifiNetworkFactory: got request NetworkRequest [ REQUEST id=36, [ Capabilities: INTERNET&NOT_RESTRICTED&TRUSTED&NOT_VCN_MANAGED Uid: 1000 RequestorUid: 1000 RequestorPkg: com.dangbei.lerad.etna.haqu] ]
06-10 15:21:06.711 523 619 D UntrustedWifiNetworkFactory: got request NetworkRequest [ REQUEST id=36, [ Capabilities: INTERNET&NOT_RESTRICTED&TRUSTED&NOT_VCN_MANAGED Uid: 1000 RequestorUid: 1000 RequestorPkg: com.dangbei.lerad.etna.haqu] ]
06-10 15:21:06.711 523 619 D OemPaidWifiNetworkFactory: got request NetworkRequest [ REQUEST id=36, [ Capabilities: INTERNET&NOT_RESTRICTED&TRUSTED&NOT_VCN_MANAGED Uid: 1000 RequestorUid: 1000 RequestorPkg: com.dangbei.lerad.etna.haqu] ]
06-10 15:21:06.767 1071 3045 D skia : --- Failed to create image decoder with message 'unimplemented'
06-10 15:21:06.770 1071 3044 D skia : --- Failed to create image decoder with message 'unimplemented'
06-10 15:21:06.773 1071 3046 D skia : --- Failed to create image decoder with message 'unimplemented'
06-10 15:21:06.777 1071 3047 D skia : --- Failed to create image decoder with message 'unimplemented'
06-10 15:21:06.784 1071 3044 D skia : --- Failed to create image decoder with message 'unimplemented'
06-10 15:21:06.784 1071 3046 D skia : --- Failed to create image decoder with message 'unimplemented'
06-10 15:21:06.784 1071 3045 D skia : --- Failed to create image decoder with message 'unimplemented'
06-10 15:21:06.784 1071 3047 D skia : --- Failed to create image decoder with message 'unimplemented'
06-10 15:21:06.786 1071 3044 D skia : --- Failed to create image decoder with message 'unimplemented'
06-10 15:21:06.786 1071 3046 D skia : --- Failed to create image decoder with message 'unimplemented'
06-10 15:21:06.787 1071 3045 D skia : --- Failed to create image decoder with message 'unimplemented'
06-10 15:21:06.787 1071 3046 D skia : --- Failed to create image decoder with message 'unimplemented'
06-10 15:21:06.788 1071 3045 D skia : --- Failed to create image decoder with message 'unimplemented'
06-10 15:21:06.788 1071 3047 D skia : --- Failed to create image decoder with message 'unimplemented'
06-10 15:21:06.790 1071 3045 D skia : --- Failed to create image decoder with message 'unimplemented'
06-10 15:21:06.791 1071 3046 D skia : --- Failed to create image decoder with message 'unimplemented'
06-10 15:21:06.791 1071 3045 D skia : --- Failed to create image decoder with message 'unimplemented'
06-10 15:21:06.791 1071 3046 D skia : --- Failed to create image decoder with message 'unimplemented'
06-10 15:21:06.791 1071 3044 D skia : --- Failed to create image decoder with message 'unimplemented'
06-10 15:21:06.792 1071 3047 D skia : --- Failed to create image decoder with message 'unimplemented'
06-10 15:21:06.792 1071 3044 D skia : --- Failed to create image decoder with message 'unimplemented'
06-10 15:21:06.793 1071 3047 D skia : --- Failed to create image decoder with message 'unimplemented'
06-10 15:21:06.794 1071 3047 D skia : --- Failed to create image decoder with message 'unimplemented'
06-10 15:21:06.794 1071 3044 D skia : --- Failed to create image decoder with message 'unimplemented'
06-10 15:21:06.811 1071 3046 D skia : --- Failed to create image decoder with message 'unimplemented'
06-10 15:21:06.812 1071 3045 D skia : --- Failed to create image decoder with message 'unimplemented'
06-10 15:21:06.814 1071 3046 D skia : --- Failed to create image decoder with message 'unimplemented'
06-10 15:21:06.814 1071 3047 D skia : --- Failed to create image decoder with message 'unimplemented'
06-10 15:21:06.815 1071 3046 D skia : --- Failed to create image decoder with message 'unimplemented'
06-10 15:21:06.815 1071 3047 D skia : --- Failed to create image decoder with message 'unimplemented'
06-10 15:21:06.816 1071 3045 D skia : --- Failed to create image decoder with message 'unimplemented'
06-10 15:21:06.816 1071 3046 D skia : --- Failed to create image decoder with message 'unimplemented'
06-10 15:21:06.816 1071 3044 D skia : --- Failed to create image decoder with message 'unimplemented'
06-10 15:21:06.816 1071 3047 D skia : --- Failed to create image decoder with message 'unimplemented'
06-10 15:21:06.817 1071 3045 D skia : --- Failed to create image decoder with message 'unimplemented'
06-10 15:21:06.817 1071 3044 D skia : --- Failed to create image decoder with message 'unimplemented'
06-10 15:21:06.817 1071 3047 D skia : --- Failed to create image decoder with message 'unimplemented'
06-10 15:21:06.817 1071 3046 D skia : --- Failed to create image decoder with message 'unimplemented'
06-10 15:21:06.817 1071 3045 D skia : --- Failed to create image decoder with message 'unimplemented'
06-10 15:21:06.817 1071 3044 D skia : --- Failed to create image decoder with message 'unimplemented'
06-10 15:21:06.818 1071 3047 D skia : --- Failed to create image decoder with message 'unimplemented'
06-10 15:21:06.818 1071 3045 D skia : --- Failed to create image decoder with message 'unimplemented'
06-10 15:21:06.818 1071 3044 D skia : --- Failed to create image decoder with message 'unimplemented'
06-10 15:21:06.818 1071 3046 D skia : --- Failed to create image decoder with message 'unimplemented'
06-10 15:21:06.819 1071 3047 D skia : --- Failed to create image decoder with message 'unimplemented'
06-10 15:21:06.819 1071 3044 D skia : --- Failed to create image decoder with message 'unimplemented'
06-10 15:21:06.819 1071 3045 D skia : --- Failed to create image decoder with message 'unimplemented'
06-10 15:21:06.819 1071 3044 D skia : --- Failed to create image decoder with message 'unimplemented'
06-10 15:21:06.854 276 315 I gralloc : alloc buffer:W:1920 H:1080 S:1920 PL[1920 1080] SZ:8294400 fmt:1 if:0 af:1 usg:966 fg:00000004
06-10 15:21:06.911 523 544 W IorapForwardingService: No service published for: iorapd
06-10 15:21:07.062 334 2768 D XM_HIDREAD: poll ret=1, event=1
06-10 15:21:07.062 334 2768 D XM_HIDREAD: [9 bytes]:01 00 00 28 00 00 00 00 00
06-10 15:21:07.063 523 607 D TvWindowManager: key event key = KEYCODE_DPAD_CENTER down = true
06-10 15:21:07.067 523 606 D GpioService: mFlickerEnable = true
06-10 15:21:07.175 334 2768 D XM_HIDREAD: poll ret=1, event=1
06-10 15:21:07.175 334 2768 D XM_HIDREAD: [9 bytes]:01 00 00 00 00 00 00 00 00
06-10 15:21:07.178 523 607 D TvWindowManager: key event key = KEYCODE_DPAD_CENTER down = false
06-10 15:21:07.212 523 606 D GpioService: mFlickerEnable = true
06-10 15:21:07.214 2146 2146 I SogouIME: onKeyDown: keyoCode=23
06-10 15:21:07.214 2146 2146 I DefaultIMS: onKeyDown: keyoCode=23
06-10 15:21:07.216 2146 2146 I SogouIME: onKeyUp: keyoCode=23
06-10 15:21:07.216 2146 2146 I DefaultIMS: onKeyUp: keyoCode=23
06-10 15:21:07.220 1071 1933 E ccc : cccccc SideHelper onMessage side_function_tag_pre_setting do
06-10 15:21:07.220 1071 1933 E ccc : cccccc doSetting uri is haqu://setting:8080/home
06-10 15:21:07.221 1071 1933 W ContextImpl: Calling a method in the system process without a qualified user: android.app.ContextImpl.startActivity:1055 android.content.ContextWrapper.startActivity:411 com.dangbei.etna.setting.function.side.SideHelper.doSetting:182 com.dangbei.etna.setting.function.side.SideHelper.onMessage:45 com.dangbei.etna.setting.ui.side.view.SideItemView$onClick$1$1.invokeSuspend:82
06-10 15:21:07.221 1071 1933 W ContextImpl: Calling a method in the system process without a qualified user: android.app.ContextImpl.startActivity:1067 android.app.ContextImpl.startActivity:1056 android.content.ContextWrapper.startActivity:411 com.dangbei.etna.setting.function.side.SideHelper.doSetting:182 com.dangbei.etna.setting.function.side.SideHelper.onMessage:45
06-10 15:21:07.225 523 2987 I ActivityStarter: ---START u0 {dat=haqu://setting:8080/home flg=0x10000000 pkg=com.dangbei.haqusetting cmp=com.dangbei.haqusetting/.ui.HomeActivity} from uid 1000
06-10 15:21:07.237 523 2987 W ActivityTaskManager: Can't find TaskDisplayArea to determine support for multi window. Task id=12 attached=false
06-10 15:21:07.240 523 2987 D CompatibilityChangeReporter: Compat change id reported: 174042980; UID 1000; state: DISABLED
06-10 15:21:07.244 280 280 I AW_PowerHAL: Power setMode: LAUNCH to: 1
06-10 15:21:07.253 523 545 I ActivityManager: com.dangbei.haqusetting is exempt from freezer
06-10 15:21:07.254 1071 1071 E ccc : cccccc LifecycleFrameLayout onDetachedFromWindow
06-10 15:21:07.262 523 545 D CompatibilityChangeReporter: Compat change id reported: 135634846; UID 1000; state: DISABLED
06-10 15:21:07.265 523 2987 W InputManager-JNI: Input channel object '1cd0b49 com.dangbei.lerad.etna.haqu (client)' was disposed without first being removed with the input manager!
06-10 15:21:07.278 280 280 I AW_PowerHAL: cur-mode:LAUNCH
06-10 15:21:07.288 1128 1404 W SQLiteLog: (28) double-quoted string literal: "
06-10 15:21:07.294 1128 1404 W SQLiteLog: (28) double-quoted string literal: "DE96780E31AF19FBBF7D5BC66B5A22F8"
06-10 15:21:07.312 261 261 D Zygote : Forked child process 3054
06-10 15:21:07.313 523 552 W ActivityManager: Slow operation: 61ms so far, now at startProcess: returned from zygote!
06-10 15:21:07.314 523 552 W ActivityManager: Slow operation: 61ms so far, now at startProcess: done updating battery stats
06-10 15:21:07.314 523 552 W ActivityManager: Slow operation: 62ms so far, now at startProcess: building log message
06-10 15:21:07.314 523 552 I ActivityManager: app.processName = com.dangbei.haqusetting
06-10 15:21:07.314 523 552 I ActivityManager: Start proc 3054:com.dangbei.haqusetting/1000 for pre-top-activity {com.dangbei.haqusetting/com.dangbei.haqusetting.ui.HomeActivity}
06-10 15:21:07.314 523 552 W ActivityManager: Slow operation: 62ms so far, now at startProcess: starting to update pids map
06-10 15:21:07.315 523 552 W ActivityManager: Slow operation: 63ms so far, now at startProcess: done updating pids map
06-10 15:21:07.320 288 288 I BpBinder: onLastStrongRef automatically unlinking death recipients:
06-10 15:21:07.325 3054 3054 I Zygote : seccomp disabled by setenforce 0
06-10 15:21:07.330 2146 2146 I DefaultIMS: onStartInput attribute=android.view.inputmethod.EditorInfo@37a4f52 restarting=false inputType: 0
06-10 15:21:07.345 387 408 I adbd : jdwp connection from 3054
06-10 15:21:07.359 523 2987 D AW_CODE : rotation =0
06-10 15:21:07.362 523 2987 D CompatibilityChangeReporter: Compat change id reported: 181136395; UID 1000; state: DISABLED
06-10 15:21:07.363 523 2987 D CompatibilityChangeReporter: Compat change id reported: 174042936; UID 1000; state: DISABLED
06-10 15:21:07.367 683 683 D TvPipController: onTaskStackChanged()
06-10 15:21:07.370 3054 3054 D CompatibilityChangeReporter: Compat change id reported: 171979766; UID 1000; state: ENABLED
06-10 15:21:07.434 3054 3054 V GraphicsEnvironment: ANGLE Developer option for 'com.dangbei.haqusetting' set to: 'default'
06-10 15:21:07.434 3054 3054 V GraphicsEnvironment: Neither updatable production driver nor prerelease driver is supported.
06-10 15:21:07.435 3054 3054 D NetworkSecurityConfig: No Network Security Config specified, using platform default
06-10 15:21:07.436 3054 3054 D NetworkSecurityConfig: No Network Security Config specified, using platform default
06-10 15:21:07.456 3054 3054 I MultiDex: VM with version 2.1.0 has multidex support
06-10 15:21:07.457 3054 3054 I MultiDex: Installing application
06-10 15:21:07.457 3054 3054 I MultiDex: VM has multidex support, MultiDex support library is disabled.
06-10 15:21:07.483 3054 3054 E ccc : cccccc HaquSettingApplication app onCreate start
06-10 15:21:07.520 3054 3054 E ccc : cccccc HaquSettingApplication app onCreate end
06-10 15:21:07.533 3054 3075 W ContextImpl: Calling a method in the system process without a qualified user: android.app.ContextImpl.bindService:1895 android.content.ContextWrapper.bindService:810 com.dangbei.lerad.etna.lib.client.EtnaClient.bindServer:138 com.dangbei.lerad.etna.lib.client.EtnaClient.access$600:29 com.dangbei.lerad.etna.lib.client.EtnaClient$3.call:205
06-10 15:21:07.669 1071 1564 E ccc : cccccc etnaService addListener com.dangbei.lerad.etna.aidl.IEtnaAidlListener$Stub$Proxy@eb4fc73 com.dangbei.haqusetting
06-10 15:21:07.669 3054 3054 E ccc : cccccc etna-haqu-connected
06-10 15:21:07.688 1973 1973 I rainbow_flow: type=1400 audit(0.0:1195): avc: denied { ioctl } for path="/dev/spidev1.0" dev="tmpfs" ino=1377 ioctlcmd=0x6b00 scontext=u:r:init:s0 tcontext=u:object_r:device:s0 tclass=chr_file permissive=1
06-10 15:21:07.764 200 200 I hwservicemanager: getTransport: Cannot find entry android.hardware.configstore@1.0::ISurfaceFlingerConfigs/default in either framework or device VINTF manifest.
06-10 15:21:07.789 288 764 E HWComposer: getSupportedContentTypes: getSupportedContentTypes failed for display 0: Unsupported (8)
06-10 15:21:07.792 200 200 I hwservicemanager: getTransport: Cannot find entry android.hardware.graphics.mapper@4.0::IMapper/default in either framework or device VINTF manifest.
06-10 15:21:07.793 3054 3093 I Gralloc4: mapper 4.x is not supported
06-10 15:21:07.793 200 200 I hwservicemanager: getTransport: Cannot find entry android.hardware.graphics.mapper@3.0::IMapper/default in either framework or device VINTF manifest.
06-10 15:21:07.793 3054 3093 W Gralloc3: mapper 3.x is not supported
06-10 15:21:07.796 3054 3093 E gralloc : Arm Module v1.0
06-10 15:21:07.798 200 200 I hwservicemanager: getTransport: Cannot find entry android.hardware.graphics.allocator@4.0::IAllocator/default in either framework or device VINTF manifest.
06-10 15:21:07.798 3054 3093 W Gralloc4: allocator 4.x is not supported
06-10 15:21:07.798 200 200 I hwservicemanager: getTransport: Cannot find entry android.hardware.graphics.allocator@3.0::IAllocator/default in either framework or device VINTF manifest.
06-10 15:21:07.798 3054 3093 W Gralloc3: allocator 3.x is not supported
06-10 15:21:07.800 276 315 I gralloc : alloc buffer:W:1920 H:1080 S:1920 PL[1920 1080] SZ:8294400 fmt:1 if:0 af:1 usg:20000b00 fg:00000004
06-10 15:21:07.801 3054 3093 E ion : ioctl c0044901 failed with code -1: Inappropriate ioctl for device
06-10 15:21:07.802 276 315 I gralloc : alloc buffer:W:1920 H:1080 S:1920 PL[1920 1080] SZ:8294400 fmt:1 if:0 af:1 usg:20000b00 fg:00000004
06-10 15:21:07.804 276 315 I gralloc : alloc buffer:W:1920 H:1080 S:1920 PL[1920 1080] SZ:8294400 fmt:1 if:0 af:1 usg:20000b00 fg:00000004
06-10 15:21:07.850 3054 3054 W RecyclerView: No adapter attached; skipping layout
06-10 15:21:07.853 523 542 I ActivityTaskManager: +++Displayed com.dangbei.haqusetting/.ui.HomeActivity: +1m12s149ms
06-10 15:21:07.855 280 280 I AW_PowerHAL: Power setMode: LAUNCH to: 0
06-10 15:21:07.862 280 280 I AW_PowerHAL: cur-mode:SCHEDUTIL
06-10 15:21:07.867 2146 2146 I DefaultIMS: onStartInput attribute=android.view.inputmethod.EditorInfo@9c28595 restarting=false inputType: 0
06-10 15:21:07.914 523 544 W IorapForwardingService: No service published for: iorapd
06-10 15:21:07.972 2592 2592 I cling--ap-1: type=1400 audit(0.0:1196): avc: denied { search } for name="net" dev="sysfs" ino=10442 scontext=u:r:platform_app:s0:c512,c768 tcontext=u:object_r:sysfs_net:s0 tclass=dir permissive=1 app=com.dangbei.screencast
06-10 15:21:07.976 2592 2592 I cling--ap-1: type=1400 audit(0.0:1197): avc: denied { read } for name="address" dev="sysfs" ino=16906 scontext=u:r:platform_app:s0:c512,c768 tcontext=u:object_r:sysfs_net:s0 tclass=file permissive=1 app=com.dangbei.screencast
06-10 15:21:07.976 2592 2592 I cling--ap-1: type=1400 audit(0.0:1198): avc: denied { open } for path="/sys/devices/virtual/net/dummy0/address" dev="sysfs" ino=16906 scontext=u:r:platform_app:s0:c512,c768 tcontext=u:object_r:sysfs_net:s0 tclass=file permissive=1 app=com.dangbei.screencast
06-10 15:21:07.976 2592 2592 I cling--ap-1: type=1400 audit(0.0:1199): avc: denied { getattr } for path="/sys/devices/virtual/net/dummy0/address" dev="sysfs" ino=16906 scontext=u:r:platform_app:s0:c512,c768 tcontext=u:object_r:sysfs_net:s0 tclass=file permissive=1 app=com.dangbei.screencast
06-10 15:21:07.988 2592 2592 I cling--ap-1: type=1400 audit(0.0:1200): avc: denied { read } for name="address" dev="sysfs" ino=28790 scontext=u:r:platform_app:s0:c512,c768 tcontext=u:object_r:sysfs:s0 tclass=file permissive=1 app=com.dangbei.screencast
06-10 15:21:07.988 2592 2592 I cling--ap-1: type=1400 audit(0.0:1201): avc: denied { open } for path="/sys/devices/platform/unisoc_wifi/net/wlan1/address" dev="sysfs" ino=28790 scontext=u:r:platform_app:s0:c512,c768 tcontext=u:object_r:sysfs:s0 tclass=file permissive=1 app=com.dangbei.screencast
06-10 15:21:07.988 2592 2592 I cling--ap-1: type=1400 audit(0.0:1202): avc: denied { getattr } for path="/sys/devices/platform/unisoc_wifi/net/wlan1/address" dev="sysfs" ino=28790 scontext=u:r:platform_app:s0:c512,c768 tcontext=u:object_r:sysfs:s0 tclass=file permissive=1 app=com.dangbei.screencast
06-10 15:21:08.016 1071 1564 E ccc : cccccc UpdateHelper onMessageReceived com.dangbei.haqusetting com.dangbei.etna.update {"action":"get","functionTag":"leaf_controller_function_controller_dangbei_update","value":0} com.dangbei.lerad.etna.aidl.IEtnaAidlCallback$Stub$Proxy@becb730
06-10 15:21:08.024 1564 1564 W audit : audit_lost=710 audit_rate_limit=5 audit_backlog_limit=64
06-10 15:21:08.024 1564 1564 E audit : rate limit exceeded
06-10 15:21:08.040 1071 1564 E RCInfo : vid:000d
06-10 15:21:08.043 1071 1564 E RCInfo : pid:3838
06-10 15:21:08.057 1071 1564 D BluetoothGatt: connect() - device: E4:BB:D3:57:C0:7D, auto: true
06-10 15:21:08.058 1071 1564 D BluetoothGatt: registerApp()
06-10 15:21:08.059 1071 1564 D BluetoothGatt: registerApp() - UUID=f96dd198-f82d-40d2-88ee-8b8df7fecf8a
06-10 15:21:08.064 674 1016 I bluetooth: system/bt/stack/gatt/gatt_api.cc:1019 GATT_Register: Allocated name:GattClient uuid:706f8b9a-31a8-9fd0-92ea-a23738308ac2 gatt_if:6 eatt_support:0
06-10 15:21:08.065 674 1016 I bt_bta_gattc: system/bt/bta/gatt/bta_gattc_act.cc:1110 bta_gattc_conn_cback: Connected att_id:6 transport:le reason:GATT_CONN_OK
06-10 15:21:08.067 1071 1564 D BluetoothGatt: onClientRegistered() - status=0 clientIf=6
06-10 15:21:08.069 674 855 I bt_btif_config: system/bt/btif/src/btif_config.cc:137 btif_get_device_type: Device [e4:bb:d3:57:c0:7d] device type 2
06-10 15:21:08.069 1071 1098 D BluetoothGatt: connect() - device: E4:BB:D3:57:C0:7D, auto: true
06-10 15:21:08.070 1071 1098 D BluetoothGatt: registerApp()
06-10 15:21:08.070 1071 1098 D BluetoothGatt: registerApp() - UUID=6c3fe834-a80f-4ec8-a5fb-98d53847207f
06-10 15:21:08.072 1071 1564 D BluetoothGatt: onClientConnectionState() - status=0 clientIf=6 device=E4:BB:D3:57:C0:7D
06-10 15:21:08.074 674 1016 I bluetooth: system/bt/stack/gatt/gatt_api.cc:1019 GATT_Register: Allocated name:GattClient uuid:3debdc15-93f8-7647-66b0-36024aa09451 gatt_if:7 eatt_support:0
06-10 15:21:08.074 1071 1098 E ccc : cccccc 请求电量实时 -1
06-10 15:21:08.074 1071 1564 D BluetoothGatt: discoverServices() - device: E4:BB:D3:57:C0:7D
06-10 15:21:08.075 674 1016 I bt_bta_gattc: system/bt/bta/gatt/bta_gattc_act.cc:1110 bta_gattc_conn_cback: Connected att_id:7 transport:le reason:GATT_CONN_OK
06-10 15:21:08.075 1071 1098 D BluetoothGatt: onClientRegistered() - status=0 clientIf=7
06-10 15:21:08.078 674 855 I bt_btif_config: system/bt/btif/src/btif_config.cc:137 btif_get_device_type: Device [e4:bb:d3:57:c0:7d] device type 2
06-10 15:21:08.080 674 855 I bt_bta_gattc: system/bt/bta/gatt/bta_gattc_cache.cc:902 bta_gattc_get_gatt_db: bta_gattc_get_gatt_db
06-10 15:21:08.080 1071 1564 D BluetoothGatt: onClientConnectionState() - status=0 clientIf=7 device=E4:BB:D3:57:C0:7D
06-10 15:21:08.080 1071 1564 D BluetoothGatt: discoverServices() - device: E4:BB:D3:57:C0:7D
06-10 15:21:08.091 674 855 I bt_bta_gattc: system/bt/bta/gatt/bta_gattc_cache.cc:902 bta_gattc_get_gatt_db: bta_gattc_get_gatt_db
06-10 15:21:08.095 1071 1564 D BluetoothGatt: onSearchComplete() = Device=E4:BB:D3:57:C0:7D Status=0
06-10 15:21:08.096 1071 1098 D BluetoothGatt: onSearchComplete() = Device=E4:BB:D3:57:C0:7D Status=0
06-10 15:21:08.269 523 2987 D ConnectivityService: requestNetwork for uid/pid:1000/3054 activeRequest: null callbackRequest: 37 [NetworkRequest [ REQUEST id=38, [ Capabilities: INTERNET&NOT_RESTRICTED&TRUSTED&NOT_VCN_MANAGED Uid: 1000 RequestorUid: 1000 RequestorPkg: com.dangbei.haqusetting] ]] callback flags: 0 priority: 2147483647
06-10 15:21:08.275 523 626 D ConnectivityService: NetReassign [38 : null → 100]
06-10 15:21:08.278 523 660 D Ethernet: got request NetworkRequest [ REQUEST id=38, [ Capabilities: INTERNET&NOT_RESTRICTED&TRUSTED&NOT_VCN_MANAGED Uid: 1000 RequestorUid: 1000 RequestorPkg: com.dangbei.haqusetting] ]
06-10 15:21:08.279 523 660 D EthernetNetworkFactory: acceptRequest, request: NetworkRequest [ REQUEST id=38, [ Capabilities: INTERNET&NOT_RESTRICTED&TRUSTED&NOT_VCN_MANAGED Uid: 1000 RequestorUid: 1000 RequestorPkg: com.dangbei.haqusetting] ]
06-10 15:21:08.279 523 660 I EthernetNetworkFactory: networkForRequest, request: NetworkRequest [ REQUEST id=38, [ Capabilities: INTERNET&NOT_RESTRICTED&TRUSTED&NOT_VCN_MANAGED Uid: 1000 RequestorUid: 1000 RequestorPkg: com.dangbei.haqusetting] ], network: null
06-10 15:21:08.280 523 619 D WifiNetworkFactory: got request NetworkRequest [ REQUEST id=38, [ Capabilities: INTERNET&NOT_RESTRICTED&TRUSTED&NOT_VCN_MANAGED Uid: 1000 RequestorUid: 1000 RequestorPkg: com.dangbei.haqusetting] ]
06-10 15:21:08.280 523 619 D UntrustedWifiNetworkFactory: got request NetworkRequest [ REQUEST id=38, [ Capabilities: INTERNET&NOT_RESTRICTED&TRUSTED&NOT_VCN_MANAGED Uid: 1000 RequestorUid: 1000 RequestorPkg: com.dangbei.haqusetting] ]
06-10 15:21:08.281 523 619 D OemPaidWifiNetworkFactory: got request NetworkRequest [ REQUEST id=38, [ Capabilities: INTERNET&NOT_RESTRICTED&TRUSTED&NOT_VCN_MANAGED Uid: 1000 RequestorUid: 1000 RequestorPkg: com.dangbei.haqusetting] ]
06-10 15:21:08.296 2146 2146 I DefaultIMS: onStartInput attribute=android.view.inputmethod.EditorInfo@2c476aa restarting=false inputType: 0
06-10 15:21:08.324 2592 2601 I gbei.screencas: Background concurrent copying GC freed 33432(3732KB) AllocSpace objects, 0(0B) LOS objects, 49% free, 4112KB/8224KB, paused 264us total 115.356ms
06-10 15:21:08.432 1071 1564 E ccc : cccccc settingHelper resetManager
06-10 15:21:08.434 1071 1564 D DisplayOutputImpl: updateSupportModes type = 4
06-10 15:21:08.435 277 305 D DisplayConfig: virtual Return vendor::display::config::V1_0::implementation::DisplayConfig::getSupportedModes(int32_t, vendor::display::config::V1_0::IDisplayConfig::getSupportedModes_cb): display[0] ret=0, supported modes count(9)
06-10 15:21:08.436 277 305 D DisplayConfig: virtual Return vendor::display::config::V1_0::implementation::DisplayConfig::getSupportedModes(int32_t, vendor::display::config::V1_0::IDisplayConfig::getSupportedModes_cb): display[0] ret=0, supported modes count(9)
06-10 15:21:08.437 277 305 E displayd: xxxxxxx: property_get 'persist.sys.hdmistrategy' failed
06-10 15:21:08.437 277 305 W displayd: xxxxxxx: getHDMINativeMode: use perfect hdmi mode(10) as native mode
06-10 15:21:08.437 1071 1564 D DisplayOutputImpl: updateSupportModes = 10 , 255 , true
06-10 15:21:08.438 1071 1564 V HdmiDisplayManager: H618
06-10 15:21:08.439 277 305 D DisplayConfig: virtual Return vendor::display::config::V1_0::implementation::DisplayConfig::getSupportedModes(int32_t, vendor::display::config::V1_0::IDisplayConfig::getSupportedModes_cb): display[0] ret=0, supported modes count(9)
06-10 15:21:08.439 277 305 E displayd: xxxxxxx: property_get 'persist.sys.hdmistrategy' failed
06-10 15:21:08.440 277 305 W displayd: xxxxxxx: getHDMINativeMode: use perfect hdmi mode(10) as native mode
06-10 15:21:08.440 1071 1564 D DisplayOutputImpl: getDisplayOutputMode = 10 , 255 , true
06-10 15:21:08.440 277 305 D DisplayConfig: virtual Return vendor::display::config::V1_0::implementation::DisplayConfig::getSupportedModes(int32_t, vendor::display::config::V1_0::IDisplayConfig::getSupportedModes_cb): display[0] ret=0, supported modes count(9)
06-10 15:21:08.441 277 305 E displayd: xxxxxxx: property_get 'persist.sys.hdmistrategy' failed
06-10 15:21:08.441 277 305 W displayd: xxxxxxx: getHDMINativeMode: use perfect hdmi mode(10) as native mode
06-10 15:21:08.441 1071 1564 D DisplayOutputImpl: getDisplayOutputMode = 10 , 255 , true
06-10 15:21:08.441 1071 1564 E ccc : cccccc current is AUTO(1080p 60Hz)
06-10 15:21:08.442 1071 1564 D DisplayOutputImpl: updateSupportModes type = 4
06-10 15:21:08.442 277 305 D DisplayConfig: virtual Return vendor::display::config::V1_0::implementation::DisplayConfig::getSupportedModes(int32_t, vendor::display::config::V1_0::IDisplayConfig::getSupportedModes_cb): display[0] ret=0, supported modes count(9)
06-10 15:21:08.442 277 305 D DisplayConfig: virtual Return vendor::display::config::V1_0::implementation::DisplayConfig::getSupportedModes(int32_t, vendor::display::config::V1_0::IDisplayConfig::getSupportedModes_cb): display[0] ret=0, supported modes count(9)
06-10 15:21:08.443 277 305 E displayd: xxxxxxx: property_get 'persist.sys.hdmistrategy' failed
06-10 15:21:08.443 277 305 W displayd: xxxxxxx: getHDMINativeMode: use perfect hdmi mode(10) as native mode
06-10 15:21:08.443 1071 1564 D DisplayOutputImpl: updateSupportModes = 10 , 255 , true
06-10 15:21:08.443 1071 1564 D DisplayOutputImpl: updateSupportModes type = 4
06-10 15:21:08.444 277 305 D DisplayConfig: virtual Return vendor::display::config::V1_0::implementation::DisplayConfig::getSupportedModes(int32_t, vendor::display::config::V1_0::IDisplayConfig::getSupportedModes_cb): display[0] ret=0, supported modes count(9)
06-10 15:21:08.444 277 305 D DisplayConfig: virtual Return vendor::display::config::V1_0::implementation::DisplayConfig::getSupportedModes(int32_t, vendor::display::config::V1_0::IDisplayConfig::getSupportedModes_cb): display[0] ret=0, supported modes count(9)
06-10 15:21:08.444 277 305 E displayd: xxxxxxx: property_get 'persist.sys.hdmistrategy' failed
06-10 15:21:08.445 277 305 W displayd: xxxxxxx: getHDMINativeMode: use perfect hdmi mode(10) as native mode
06-10 15:21:08.445 1071 1564 D DisplayOutputImpl: updateSupportModes = 10 , 255 , true
06-10 15:21:08.451 1071 1564 E ccc : cccccc ColorFormatManager reset
06-10 15:21:08.452 1071 1564 E ccc : cccccc ColorHelper current get AUTO
06-10 15:21:08.479 277 305 D DisplayConfig: virtual Return vendor::display::config::V1_0::implementation::DisplayConfig::getSupportedModes(int32_t, vendor::display::config::V1_0::IDisplayConfig::getSupportedModes_cb): display[0] ret=0, supported modes count(9)
06-10 15:21:08.480 277 305 E displayd: xxxxxxx: property_get 'persist.sys.hdmistrategy' failed
06-10 15:21:08.481 277 305 W displayd: xxxxxxx: getHDMINativeMode: use perfect hdmi mode(10) as native mode
06-10 15:21:08.481 1071 1564 D DisplayOutputImpl: getDisplayOutputMode = 10 , 255 , true
06-10 15:21:08.481 1071 1564 E ccc : cccccc current is AUTO(1080p 60Hz)
06-10 15:21:08.482 1071 1564 D DisplayOutputImpl: updateSupportModes type = 4
06-10 15:21:08.483 277 305 D DisplayConfig: virtual Return vendor::display::config::V1_0::implementation::DisplayConfig::getSupportedModes(int32_t, vendor::display::config::V1_0::IDisplayConfig::getSupportedModes_cb): display[0] ret=0, supported modes count(9)
06-10 15:21:08.484 277 305 D DisplayConfig: virtual Return vendor::display::config::V1_0::implementation::DisplayConfig::getSupportedModes(int32_t, vendor::display::config::V1_0::IDisplayConfig::getSupportedModes_cb): display[0] ret=0, supported modes count(9)
06-10 15:21:08.485 277 305 E displayd: xxxxxxx: property_get 'persist.sys.hdmistrategy' failed
06-10 15:21:08.486 277 305 W displayd: xxxxxxx: getHDMINativeMode: use perfect hdmi mode(10) as native mode
06-10 15:21:08.486 1071 1564 D DisplayOutputImpl: updateSupportModes = 10 , 255 , true
06-10 15:21:08.490 1071 1564 E ccc : cccccc ColorHelper current get AUTO
06-10 15:21:08.617 523 523 D CompatibilityChangeReporter: Compat change id reported: 168419799; UID 1000; state: DISABLED
06-10 15:21:08.628 523 3106 I BackgroundDexOptService: Performing idle optimizations
06-10 15:21:08.698 3107 3107 E cutils-trace: Error opening trace file: No such file or directory (2)
06-10 15:21:08.916 523 544 W IorapForwardingService: No service published for: iorapd
06-10 15:21:08.936 523 3106 I BackgroundDexOptService: Pinning optimized code {}
06-10 15:21:08.936 523 3106 I BackgroundDexOptService: Idle optimizations completed.
06-10 15:21:08.941 334 2768 D XM_HIDREAD: poll ret=1, event=1
06-10 15:21:08.941 334 2768 D XM_HIDREAD: [9 bytes]:01 00 00 51 00 00 00 00 00
06-10 15:21:08.941 523 607 D TvWindowManager: key event key = KEYCODE_DPAD_DOWN down = true
06-10 15:21:08.943 523 606 D GpioService: mFlickerEnable = true
06-10 15:21:08.955 1190 1190 D aaa : LedStatusService onStartCommand begin
06-10 15:21:08.959 1190 3118 D aaa : topPkg is -------------- :com.dangbei.haqusetting
06-10 15:21:08.968 1249 1249 D bbb : onStartCommand begin !!!!!!! data分区剩余 24985MB
06-10 15:21:08.987 1071 1564 E ccc : cccccc hhhhhhhhhh RC version is DB-15B-H5-R0111
06-10 15:21:08.989 1071 1564 E RCInfo : vid:000d
06-10 15:21:08.989 1071 1564 E RCInfo : pid:3838
06-10 15:21:08.991 523 538 D WifiNl80211Manager: Scan result ready event
06-10 15:21:08.991 523 538 D WifiNative: Scan result ready event
06-10 15:21:09.002 1071 1564 E RCInfo : vid:000d
06-10 15:21:09.002 1071 1564 E RCInfo : pid:3838
06-10 15:21:09.014 1071 1564 E ccc : cccccc 实时获取遥控器版本 DB-15B-H5-R0111
06-10 15:21:09.051 664 664 E WifiHAL : wifi_get_link_stats: requestResponse Error:-5
06-10 15:21:09.052 523 619 E WifiVendorHal: getWifiLinkLayerStats_1_5_Internal(l.1191) failed {.code = ERROR_INVALID_ARGS, .description = }
06-10 15:21:09.064 334 2768 D XM_HIDREAD: poll ret=1, event=1
06-10 15:21:09.064 334 2768 D XM_HIDREAD: [9 bytes]:01 00 00 00 00 00 00 00 00
06-10 15:21:09.064 523 607 D TvWindowManager: key event key = KEYCODE_DPAD_DOWN down = false
06-10 15:21:09.092 523 606 D GpioService: mFlickerEnable = true
06-10 15:21:09.095 2146 2146 I SogouIME: onKeyDown: keyoCode=20
06-10 15:21:09.095 2146 2146 I DefaultIMS: onKeyDown: keyoCode=20
06-10 15:21:09.116 2146 2146 I SogouIME: onKeyUp: keyoCode=20
06-10 15:21:09.116 2146 2146 I DefaultIMS: onKeyUp: keyoCode=20
06-10 15:21:09.121 2146 2146 I DefaultIMS: onStartInput attribute=android.view.inputmethod.EditorInfo@b4a829b restarting=false inputType: 0
06-10 15:21:09.154 334 2768 D XM_HIDREAD: poll ret=1, event=1
06-10 15:21:09.154 334 2768 D XM_HIDREAD: [9 bytes]:01 00 00 51 00 00 00 00 00
06-10 15:21:09.154 523 607 D TvWindowManager: key event key = KEYCODE_DPAD_DOWN down = true
06-10 15:21:09.155 523 606 D GpioService: mFlickerEnable = true
06-10 15:21:09.196 523 533 I system_server: Background young concurrent copying GC freed 163248(7848KB) AllocSpace objects, 36(752KB) LOS objects, 42% free, 10MB/18MB, paused 336us total 192.794ms
06-10 15:21:09.205 523 535 W System : A resource failed to call release.
06-10 15:21:09.255 334 2768 D XM_HIDREAD: poll ret=1, event=1
06-10 15:21:09.256 334 2768 D XM_HIDREAD: [9 bytes]:01 00 00 00 00 00 00 00 00
06-10 15:21:09.256 523 607 D TvWindowManager: key event key = KEYCODE_DPAD_DOWN down = false
06-10 15:21:09.306 523 606 D GpioService: mFlickerEnable = true
06-10 15:21:09.323 334 2768 D XM_HIDREAD: poll ret=1, event=1
06-10 15:21:09.323 334 2768 D XM_HIDREAD: [9 bytes]:01 00 00 51 00 00 00 00 00
06-10 15:21:09.323 523 607 D TvWindowManager: key event key = KEYCODE_DPAD_DOWN down = true
06-10 15:21:09.350 523 816 I WifiService: startScan uid=1000
06-10 15:21:09.355 2146 2146 I SogouIME: onKeyDown: keyoCode=20
06-10 15:21:09.355 2146 2146 I DefaultIMS: onKeyDown: keyoCode=20
06-10 15:21:09.370 664 664 E WifiHAL : wifi_get_link_stats: requestResponse Error:-5
06-10 15:21:09.372 523 619 E WifiVendorHal: getWifiLinkLayerStats_1_5_Internal(l.1191) failed {.code = ERROR_INVALID_ARGS, .description = }
06-10 15:21:09.392 523 606 D GpioService: mFlickerEnable = true
06-10 15:21:09.394 2146 2146 I SogouIME: onKeyUp: keyoCode=20
06-10 15:21:09.394 2146 2146 I DefaultIMS: onKeyUp: keyoCode=20
06-10 15:21:09.397 523 816 I WifiService: startScan uid=1000
06-10 15:21:09.402 523 816 I WifiService: startScan uid=1000
06-10 15:21:09.424 334 2768 D XM_HIDREAD: poll ret=1, event=1
06-10 15:21:09.424 334 2768 D XM_HIDREAD: [9 bytes]:01 00 00 00 00 00 00 00 00
06-10 15:21:09.424 523 607 D TvWindowManager: key event key = KEYCODE_DPAD_DOWN down = false
06-10 15:21:09.474 523 606 D GpioService: mFlickerEnable = true
06-10 15:21:09.494 2146 2146 I SogouIME: onKeyDown: keyoCode=20
06-10 15:21:09.494 2146 2146 I DefaultIMS: onKeyDown: keyoCode=20
06-10 15:21:09.497 2146 2146 I DefaultIMS: onStartInput attribute=android.view.inputmethod.EditorInfo@1670638 restarting=false inputType: 0
06-10 15:21:09.506 2146 2146 I SogouIME: onKeyUp: keyoCode=20
06-10 15:21:09.506 2146 2146 I DefaultIMS: onKeyUp: keyoCode=20
06-10 15:21:09.550 3054 3130 D skia : --- Failed to create image decoder with message 'unimplemented'
06-10 15:21:09.552 3054 3130 D skia : --- Failed to create image decoder with message 'unimplemented'
06-10 15:21:09.553 3054 3130 D skia : --- Failed to create image decoder with message 'unimplemented'
06-10 15:21:09.554 3054 3130 D skia : --- Failed to create image decoder with message 'unimplemented'
06-10 15:21:09.555 3054 3130 D skia : --- Failed to create image decoder with message 'unimplemented'
06-10 15:21:09.556 3054 3130 D skia : --- Failed to create image decoder with message 'unimplemented'
06-10 15:21:09.566 3054 3131 D skia : --- Failed to create image decoder with message 'unimplemented'
06-10 15:21:09.567 3054 3131 D skia : --- Failed to create image decoder with message 'unimplemented'
06-10 15:21:09.569 3054 3131 D skia : --- Failed to create image decoder with message 'unimplemented'
06-10 15:21:09.570 3054 3131 D skia : --- Failed to create image decoder with message 'unimplemented'
06-10 15:21:09.571 3054 3131 D skia : --- Failed to create image decoder with message 'unimplemented'
06-10 15:21:09.572 3054 3131 D skia : --- Failed to create image decoder with message 'unimplemented'
06-10 15:21:09.593 334 2768 D XM_HIDREAD: poll ret=1, event=1
06-10 15:21:09.593 334 2768 D XM_HIDREAD: [9 bytes]:01 00 00 51 00 00 00 00 00
06-10 15:21:09.593 523 607 D TvWindowManager: key event key = KEYCODE_DPAD_DOWN down = true
06-10 15:21:09.594 523 606 D GpioService: mFlickerEnable = true
06-10 15:21:09.601 3054 3132 D skia : --- Failed to create image decoder with message 'unimplemented'
06-10 15:21:09.603 3054 3132 D skia : --- Failed to create image decoder with message 'unimplemented'
06-10 15:21:09.604 3054 3132 D skia : --- Failed to create image decoder with message 'unimplemented'
06-10 15:21:09.605 3054 3132 D skia : --- Failed to create image decoder with message 'unimplemented'
06-10 15:21:09.606 3054 3132 D skia : --- Failed to create image decoder with message 'unimplemented'
06-10 15:21:09.610 3054 3132 D skia : --- Failed to create image decoder with message 'unimplemented'
06-10 15:21:09.680 2146 2146 I DefaultIMS: onStartInput attribute=android.view.inputmethod.EditorInfo@e4caa13 restarting=false inputType: 0
06-10 15:21:09.728 334 2768 D XM_HIDREAD: poll ret=1, event=1
06-10 15:21:09.728 334 2768 D XM_HIDREAD: [9 bytes]:01 00 00 00 00 00 00 00 00
06-10 15:21:09.728 523 607 D TvWindowManager: key event key = KEYCODE_DPAD_DOWN down = false
06-10 15:21:09.744 523 606 D GpioService: mFlickerEnable = true
06-10 15:21:09.747 1071 1564 E ccc : cccccc led current is 100 标准
06-10 15:21:09.744 1071 1071 I Binder:1071_3: type=1400 audit(0.0:1209): avc: denied { open } for path="/dev/__properties__/u:object_r:vendor_default_prop:s0" dev="tmpfs" ino=6503 scontext=u:r:system_app:s0 tcontext=u:object_r:vendor_default_prop:s0 tclass=file permissive=1
06-10 15:21:09.744 1071 1071 I Binder:1071_3: type=1400 audit(0.0:1210): avc: denied { getattr } for path="/dev/__properties__/u:object_r:vendor_default_prop:s0" dev="tmpfs" ino=6503 scontext=u:r:system_app:s0 tcontext=u:object_r:vendor_default_prop:s0 tclass=file permissive=1
06-10 15:21:09.744 1071 1071 I Binder:1071_3: type=1400 audit(0.0:1211): avc: denied { map } for path="/dev/__properties__/u:object_r:vendor_default_prop:s0" dev="tmpfs" ino=6503 scontext=u:r:system_app:s0 tcontext=u:object_r:vendor_default_prop:s0 tclass=file permissive=1
06-10 15:21:09.749 2146 2146 I SogouIME: onKeyDown: keyoCode=20
06-10 15:21:09.749 2146 2146 I DefaultIMS: onKeyDown: keyoCode=20
06-10 15:21:09.770 1071 1564 E ccc : cccccc led current is 100 标准
06-10 15:21:09.771 2146 2146 I SogouIME: onKeyUp: keyoCode=20
06-10 15:21:09.771 2146 2146 I DefaultIMS: onKeyUp: keyoCode=20
06-10 15:21:09.866 2146 2146 I DefaultIMS: onStartInput attribute=android.view.inputmethod.EditorInfo@286450 restarting=false inputType: 0
06-10 15:21:09.919 523 544 W IorapForwardingService: No service published for: iorapd
06-10 15:21:10.492 334 2768 D XM_HIDREAD: poll ret=1, event=1
06-10 15:21:10.493 334 2768 D XM_HIDREAD: [9 bytes]:01 00 00 50 00 00 00 00 00
06-10 15:21:10.493 523 607 D TvWindowManager: key event key = KEYCODE_DPAD_LEFT down = true
06-10 15:21:10.494 523 606 D GpioService: mFlickerEnable = true
06-10 15:21:10.496 2146 2146 I SogouIME: onKeyDown: keyoCode=21
06-10 15:21:10.497 2146 2146 I DefaultIMS: onKeyDown: keyoCode=21
06-10 15:21:10.511 2146 2146 I DefaultIMS: onStartInput attribute=android.view.inputmethod.EditorInfo@a02b75f restarting=false inputType: 0
06-10 15:21:10.628 334 2768 D XM_HIDREAD: poll ret=1, event=1
06-10 15:21:10.628 334 2768 D XM_HIDREAD: [9 bytes]:01 00 00 00 00 00 00 00 00
06-10 15:21:10.628 523 607 D TvWindowManager: key event key = KEYCODE_DPAD_LEFT down = false
06-10 15:21:10.642 2146 2146 I SogouIME: onKeyUp: keyoCode=21
06-10 15:21:10.642 2146 2146 I DefaultIMS: onKeyUp: keyoCode=21
06-10 15:21:10.921 523 544 W IorapForwardingService: No service published for: iorapd
06-10 15:21:10.932 334 2768 D XM_HIDREAD: poll ret=1, event=1
06-10 15:21:10.932 334 2768 D XM_HIDREAD: [9 bytes]:01 00 00 51 00 00 00 00 00
