06-10 15:20:06.118 1128 1128 D OsInitLaunch: send cache: launchAd, playAd, complete, null
06-10 15:20:06.121 1128 1128 I Choreographer: Skipped 38 frames! The application may be doing too much work on its main thread.
06-10 15:20:06.126 1128 1491 W ContextImpl: Calling a method in the system process without a qualified user: android.app.ContextImpl.bindService:1895 android.content.ContextWrapper.bindService:810 ce.b.h:57 ce.b$c.call:3 ee.c$a.run:5
06-10 15:20:06.145 523 626 D ConnectivityService: NetReassign [no changes]
06-10 15:20:06.173 1620 1620 V GraphicsEnvironment: ANGLE Developer option for 'com.android.dynsystem' set to: 'default'
06-10 15:20:06.174 1620 1620 V GraphicsEnvironment: Neither updatable production driver nor prerelease driver is supported.
06-10 15:20:06.190 1620 1620 D NetworkSecurityConfig: No Network Security Config specified, using platform default
06-10 15:20:06.191 1620 1620 D NetworkSecurityConfig: No Network Security Config specified, using platform default
06-10 15:20:06.211 1231 1611 V NFC : this device does not have NFC support
06-10 15:20:06.217 523 813 I ActivityManager: com.android.dynsystem is exempt from freezer
06-10 15:20:06.218 523 813 D CompatibilityChangeReporter: Compat change id reported: 135634846; UID 1000; state: DISABLED
06-10 15:20:06.233 523 659 I ActivityManager: com.android.managedprovisioning is exempt from freezer
06-10 15:20:06.235 523 659 D CompatibilityChangeReporter: Compat change id reported: 135634846; UID 10031; state: DISABLED
06-10 15:20:06.235 523 659 D CompatibilityChangeReporter: Compat change id reported: 177438394; UID 10031; state: DISABLED
06-10 15:20:06.235 523 659 D CompatibilityChangeReporter: Compat change id reported: 135772972; UID 10031; state: DISABLED
06-10 15:20:06.235 523 659 D CompatibilityChangeReporter: Compat change id reported: 135754954; UID 10031; state: ENABLED
06-10 15:20:06.241 261 261 D Zygote : Forked child process 1659
06-10 15:20:06.243 523 552 I ActivityManager: app.processName = com.android.dynsystem:dynsystem
06-10 15:20:06.243 523 552 I ActivityManager: Start proc 1659:com.android.dynsystem:dynsystem/1000 for service {com.android.dynsystem/com.android.dynsystem.DynamicSystemInstallationService}
06-10 15:20:06.244 523 552 D CompatibilityChangeReporter: Compat change id reported: 143937733; UID 10031; state: ENABLED
06-10 15:20:06.253 1659 1659 I Zygote : seccomp disabled by setenforce 0
06-10 15:20:06.254 1566 1566 V GraphicsEnvironment: ANGLE Developer option for 'com.dangbei.lerad.rocky' set to: 'default'
06-10 15:20:06.255 1566 1566 V GraphicsEnvironment: Neither updatable production driver nor prerelease driver is supported.
06-10 15:20:06.280 261 261 D Zygote : Forked child process 1679
06-10 15:20:06.282 523 552 I ActivityManager: app.processName = com.android.managedprovisioning
06-10 15:20:06.282 523 552 I ActivityManager: Start proc 1679:com.android.managedprovisioning/u0a31 for broadcast {com.android.managedprovisioning/com.android.managedprovisioning.BootReminder}
06-10 15:20:06.297 387 408 I adbd : jdwp connection from 1659
06-10 15:20:06.303 1128 1128 E SecondScreen: isShowSecondScreen()=0 getCurrentPageState()=com.monster.gamma.core.LoadService@8935d18
06-10 15:20:06.304 523 619 E WifiVendorHal: configureNeighborDiscoveryOffload(l.2704) failed {.code = ERROR_INVALID_ARGS, .description = }
06-10 15:20:06.312 1679 1679 I Zygote : seccomp disabled by setenforce 0
06-10 15:20:06.324 1128 1666 E hq : ErrorCoroutineExceptionHandler:::runTry error:java.net.UnknownHostException: Unable to resolve host "ottdbui-tyapiqun7.yysh.mgtv.com": No address associated with hostname from=requestMessageDialog
06-10 15:20:06.340 1566 1566 D NetworkSecurityConfig: No Network Security Config specified, using platform default
06-10 15:20:06.340 1566 1566 D NetworkSecurityConfig: No Network Security Config specified, using platform default
06-10 15:20:06.351 1566 1566 I MultiDex: VM with version 2.1.0 has multidex support
06-10 15:20:06.351 1566 1566 I MultiDex: Installing application
06-10 15:20:06.351 1566 1566 I MultiDex: VM has multidex support, MultiDex support library is disabled.
06-10 15:20:06.364 523 626 D ConnectivityService: Adding iface wlan0 to network 100
06-10 15:20:06.365 260 327 E Netd : no such netId 100
06-10 15:20:06.367 523 626 W ConnectivityService: Exception adding interface: android.os.ServiceSpecificException: Machine is not on the network (code 64)
06-10 15:20:06.368 260 327 E Netd : no such netId 100
06-10 15:20:06.391 387 408 I adbd : jdwp connection from 1679
06-10 15:20:06.397 523 626 W BestClock: java.time.DateTimeException: Missing NTP fix
06-10 15:20:06.398 1566 1566 D RockyApplication: init: false
06-10 15:20:06.422 1071 1564 E ccc : cccccc etnaService addListener com.dangbei.lerad.etna.aidl.IEtnaAidlListener$Stub$Proxy@ef5193e com.dangbei.leard.leradlauncher
06-10 15:20:06.425 1128 1128 E hq : Etna:::etnaClient connectState=true
06-10 15:20:06.446 523 626 W BestClock: java.time.DateTimeException: Missing NTP fix
06-10 15:20:06.452 523 616 W BestClock: java.time.DateTimeException: Missing NTP fix
06-10 15:20:06.453 523 616 W BestClock: java.time.DateTimeException: Missing NTP fix
06-10 15:20:06.459 523 814 D CompatibilityChangeReporter: Compat change id reported: 168419799; UID 10031; state: DISABLED
06-10 15:20:06.460 1650 1650 I net_disconnect.: type=1400 audit(0.0:536): avc: denied { execute } for name="rgb_led_ctl" dev="dm-5" ino=188 scontext=u:r:init:s0 tcontext=u:object_r:vendor_file:s0 tclass=file permissive=1
06-10 15:20:06.465 1659 1659 D CompatibilityChangeReporter: Compat change id reported: 171979766; UID 1000; state: ENABLED
06-10 15:20:06.487 1679 1679 D CompatibilityChangeReporter: Compat change id reported: 171979766; UID 10031; state: ENABLED
06-10 15:20:06.468 1704 1704 I net_disconnect.: type=1400 audit(0.0:537): avc: denied { execute_no_trans } for path="/vendor/bin/rgb_led_ctl" dev="dm-5" ino=188 scontext=u:r:init:s0 tcontext=u:object_r:vendor_file:s0 tclass=file permissive=1
06-10 15:20:06.504 1704 1704 I rgb_led_ctl: type=1400 audit(0.0:538): avc: denied { write } for name="spidev1.0" dev="tmpfs" ino=1377 scontext=u:r:init:s0 tcontext=u:object_r:device:s0 tclass=chr_file permissive=1
06-10 15:20:06.514 1566 1566 D RockyManager: initFarWakeStatus isMainFarSwitch: false
06-10 15:20:06.519 1566 1566 I RockyManager: isFarWake: false
06-10 15:20:06.523 664 664 E WifiHAL : wifi_get_link_stats: requestResponse Error:-5
06-10 15:20:06.508 1704 1704 I rgb_led_ctl: type=1400 audit(0.0:539): avc: denied { open } for path="/dev/spidev1.0" dev="tmpfs" ino=1377 scontext=u:r:init:s0 tcontext=u:object_r:device:s0 tclass=chr_file permissive=1
06-10 15:20:06.525 523 619 E WifiVendorHal: getWifiLinkLayerStats_1_5_Internal(l.1191) failed {.code = ERROR_INVALID_ARGS, .description = }
06-10 15:20:06.531 1566 1566 W ContextImpl: Calling a method in the system process without a qualified user: android.app.ContextImpl.startService:1816 android.content.ContextWrapper.startService:774 com.cvte.tv.api.TvApiSDKManager.:177 com.cvte.tv.api.TvApiSDKManager.init:217 com.dangbei.rocky.component.system.SystemControlUtils.initSystemAidl:82
06-10 15:20:06.535 523 814 W ActivityManager: Unable to start service Intent { act=com.cvte.tv.api.TV_API_SERVICE pkg=com.cvte.tv.api.impl } U=0: not found
06-10 15:20:06.536 1566 1566 W ContextImpl: Calling a method in the system process without a qualified user: android.app.ContextImpl.bindService:1895 android.content.ContextWrapper.bindService:810 com.cvte.tv.api.TvApiSDKManager.:178 com.cvte.tv.api.TvApiSDKManager.init:217 com.dangbei.rocky.component.system.SystemControlUtils.initSystemAidl:82
06-10 15:20:06.538 523 537 W ActivityManager: Unable to start service Intent { act=com.cvte.tv.api.TV_API_SERVICE pkg=com.cvte.tv.api.impl } U=0: not found
06-10 15:20:06.539 1566 1566 D TvApiSDKManager: getTvApi getSystemService = false
06-10 15:20:06.539 1566 1566 D TvApiSDKManager: getTvApi startService
06-10 15:20:06.539 1566 1566 W ContextImpl: Calling a method in the system process without a qualified user: android.app.ContextImpl.startService:1816 android.content.ContextWrapper.startService:774 com.cvte.tv.api.TvApiSDKManager.getTvApi:361 com.dangbei.rocky.component.system.SystemControlUtils.initSystemAidl:83 com.dangbei.rocky.component.system.SystemComponent.onAttached:38
06-10 15:20:06.541 523 537 W ActivityManager: Unable to start service Intent { act=com.cvte.tv.api.TV_API_SERVICE pkg=com.cvte.tv.api.impl } U=0: not found
06-10 15:20:06.544 1566 1566 W ContextImpl: Calling a method in the system process without a qualified user: android.app.ContextImpl.bindService:1895 android.content.ContextWrapper.bindService:810 com.cvte.tv.api.TvApiSDKManager.getTvApi:362 com.dangbei.rocky.component.system.SystemControlUtils.initSystemAidl:83 com.dangbei.rocky.component.system.SystemComponent.onAttached:38
06-10 15:20:06.546 523 537 W ActivityManager: Unable to start service Intent { act=com.cvte.tv.api.TV_API_SERVICE pkg=com.cvte.tv.api.impl } U=0: not found
06-10 15:20:06.508 1704 1704 I rgb_led_ctl: type=1400 audit(0.0:540): avc: denied { ioctl } for path="/dev/spidev1.0" dev="tmpfs" ino=1377 ioctlcmd=0x6b01 scontext=u:r:init:s0 tcontext=u:object_r:device:s0 tclass=chr_file permissive=1
06-10 15:20:06.591 1566 1566 W ContextImpl: Calling a method in the system process without a qualified user: android.app.ContextImpl.startService:1816 android.content.ContextWrapper.startService:774 com.dangbei.phrike.core.DownloadManager.register:294 com.dangbei.component_appcontrol.phrike.XPhrikeAppCreator.register:47 com.dangbei.component_appcontrol.AppControlComponent.onAttached:65
06-10 15:20:06.602 762 1275 D DhcpClient: l2key: Wf31d404e9973cf6e lease address: /192.168.3.12 lease expiry: 1749543062453 current time: 1749540006602
06-10 15:20:06.612 1128 1128 E hq : USBReceiver:::USBReceiver onReceive: list=1
06-10 15:20:06.619 762 1275 D DhcpClient: Broadcasting DHCPREQUEST ciaddr=0.0.0.0 request=192.168.3.12 serverid=null
06-10 15:20:06.621 1566 1566 I RockyManager: initSDKDelegate:
06-10 15:20:06.629 1128 1404 W SQLiteLog: (28) double-quoted string literal: "1749539595749"
06-10 15:20:06.629 1128 1404 W SQLiteLog: (28) double-quoted string literal: "0"
06-10 15:20:06.629 1128 1404 W SQLiteLog: (28) double-quoted string literal: ""
06-10 15:20:06.629 1128 1404 W SQLiteLog: (28) double-quoted string literal: ""
06-10 15:20:06.629 1128 1404 W SQLiteLog: (28) double-quoted string literal: "2A156122B289988BD8C2BF0C4F84A5A0"
06-10 15:20:06.642 1659 1659 V GraphicsEnvironment: ANGLE Developer option for 'com.android.dynsystem' set to: 'default'
06-10 15:20:06.642 1659 1659 V GraphicsEnvironment: Neither updatable production driver nor prerelease driver is supported.
06-10 15:20:06.649 1659 1659 D NetworkSecurityConfig: No Network Security Config specified, using platform default
06-10 15:20:06.649 1659 1659 D NetworkSecurityConfig: No Network Security Config specified, using platform default
06-10 15:20:06.652 523 533 I system_server: Background young concurrent copying GC freed 233448(9434KB) AllocSpace objects, 39(1276KB) LOS objects, 38% free, 13MB/22MB, paused 367us total 1.580s
06-10 15:20:06.667 1659 1659 D DynamicSystemInstallationService: onStartCommand(): action=android.os.image.action.NOTIFY_IF_IN_USE
06-10 15:20:06.669 523 814 I DynamicSystemService: isInstalled(): false
06-10 15:20:06.741 307 307 W audit : audit_lost=137 audit_rate_limit=5 audit_backlog_limit=64
06-10 15:20:06.741 307 307 E audit : rate limit exceeded
06-10 15:20:06.771 523 544 W IorapForwardingService: No service published for: iorapd
06-10 15:20:06.783 762 1275 D DhcpClient: Received packet: b4:2f:03:15:e8:b9 ACK: your new IP /192.168.3.12, netmask /255.255.254.0, gateways [/192.168.3.1] DNS servers: /202.96.134.133 /202.96.128.166 , lease time 3600
06-10 15:20:06.787 1679 1679 V GraphicsEnvironment: ANGLE Developer option for 'com.android.managedprovisioning' set to: 'default'
06-10 15:20:06.788 1679 1679 V GraphicsEnvironment: Neither updatable production driver nor prerelease driver is supported.
06-10 15:20:06.791 1679 1679 D NetworkSecurityConfig: No Network Security Config specified, using platform default
06-10 15:20:06.791 1679 1679 D NetworkSecurityConfig: No Network Security Config specified, using platform default
06-10 15:20:06.803 762 1275 D DhcpClient: Confirmed lease: android.net.networkstack.DhcpResults@5e267 DHCP server /192.168.3.1 Vendor info null lease 3600 seconds Servername
06-10 15:20:06.820 1566 1705 I UtilCommon: bluetoothMac=B4:2F:03:15:73:2F
06-10 15:20:06.880 1679 1679 I CarUiInstaller: CarUiInstaller started for com.android.managedprovisioning
06-10 15:20:06.885 683 683 D DeviceProvisionedControllerImpl: Setting change: content://settings/secure/user_setup_complete
06-10 15:20:06.887 523 550 D AutofillManagerServiceImpl: Reset component for user 0:
06-10 15:20:06.887 523 550 D AutofillManagerServiceImpl: Reset component for user 0:
06-10 15:20:06.888 523 550 D FieldClassificationStrategy: reset(): service is not bound. Do nothing.
06-10 15:20:06.891 523 543 D AutofillUI: destroySaveUiUiThread(): already destroyed
06-10 15:20:06.891 523 543 D AutofillUI: destroySaveUiUiThread(): already destroyed
06-10 15:20:06.893 1566 1732 W System.err: java.net.UnknownHostException: Unable to resolve host "tyapi.qun7.com": No address associated with hostname
06-10 15:20:06.893 1566 1732 W System.err: at java.net.Inet6AddressImpl.lookupHostByName(Inet6AddressImpl.java:156)
06-10 15:20:06.894 1566 1732 W System.err: at java.net.Inet6AddressImpl.lookupAllHostAddr(Inet6AddressImpl.java:103)
06-10 15:20:06.894 1566 1732 W System.err: at java.net.InetAddress.getAllByName(InetAddress.java:1152)
06-10 15:20:06.894 1566 1732 W System.err: at com.android.okhttp.Dns$1.lookup(Dns.java:41)
06-10 15:20:06.894 1566 1732 W System.err: at com.android.okhttp.internal.http.RouteSelector.resetNextInetSocketAddress(RouteSelector.java:178)
06-10 15:20:06.894 1566 1732 W System.err: at com.android.okhttp.internal.http.RouteSelector.nextProxy(RouteSelector.java:144)
06-10 15:20:06.894 1566 1732 W System.err: at com.android.okhttp.internal.http.RouteSelector.next(RouteSelector.java:86)
06-10 15:20:06.894 1566 1732 W System.err: at com.android.okhttp.internal.http.StreamAllocation.findConnection(StreamAllocation.java:176)
06-10 15:20:06.894 1566 1732 W System.err: at com.android.okhttp.internal.http.StreamAllocation.findHealthyConnection(StreamAllocation.java:128)
06-10 15:20:06.894 1566 1732 W System.err: at com.android.okhttp.internal.http.StreamAllocation.newStream(StreamAllocation.java:97)
06-10 15:20:06.894 1566 1732 W System.err: at com.android.okhttp.internal.http.HttpEngine.connect(HttpEngine.java:289)
06-10 15:20:06.894 1566 1732 W System.err: at com.android.okhttp.internal.http.HttpEngine.sendRequest(HttpEngine.java:232)
06-10 15:20:06.894 1566 1732 W System.err: at com.android.okhttp.internal.huc.HttpURLConnectionImpl.execute(HttpURLConnectionImpl.java:465)
06-10 15:20:06.894 1566 1732 W System.err: at com.android.okhttp.internal.huc.HttpURLConnectionImpl.getResponse(HttpURLConnectionImpl.java:411)
06-10 15:20:06.894 1566 1732 W System.err: at com.android.okhttp.internal.huc.HttpURLConnectionImpl.getResponseCode(HttpURLConnectionImpl.java:542)
06-10 15:20:06.894 1566 1732 W System.err: at com.dangbei.statistics.UtilCommon.networkGetIp(UtilCommon.java:826)
06-10 15:20:06.894 1566 1732 W System.err: at com.dangbei.statistics.UtilCommon$1.accept(UtilCommon.java:807)
06-10 15:20:06.894 1566 1732 W System.err: at com.dangbei.statistics.UtilCommon$1.accept(UtilCommon.java:803)
06-10 15:20:06.894 1566 1732 W System.err: at io.reactivex.internal.operators.observable.ObservableDoOnEach$DoOnEachObserver.onNext(ObservableDoOnEach.java:93)
06-10 15:20:06.894 1566 1732 W System.err: at io.reactivex.internal.operators.observable.ObservableObserveOn$ObserveOnObserver.drainNormal(ObservableObserveOn.java:201)
06-10 15:20:06.894 1566 1732 W System.err: at io.reactivex.internal.operators.observable.ObservableObserveOn$ObserveOnObserver.run(ObservableObserveOn.java:255)
06-10 15:20:06.894 1566 1732 W System.err: at io.reactivex.internal.schedulers.ScheduledRunnable.run(ScheduledRunnable.java:66)
06-10 15:20:06.894 1566 1732 W System.err: at io.reactivex.internal.schedulers.ScheduledRunnable.call(ScheduledRunnable.java:57)
06-10 15:20:06.894 1566 1732 W System.err: at java.util.concurrent.FutureTask.run(FutureTask.java:266)
06-10 15:20:06.894 1566 1732 W System.err: at java.util.concurrent.ScheduledThreadPoolExecutor$ScheduledFutureTask.run(ScheduledThreadPoolExecutor.java:301)
06-10 15:20:06.894 1566 1732 W System.err: at java.util.concurrent.ThreadPoolExecutor.runWorker(ThreadPoolExecutor.java:1167)
06-10 15:20:06.894 1566 1732 W System.err: at java.util.concurrent.ThreadPoolExecutor$Worker.run(ThreadPoolExecutor.java:641)
06-10 15:20:06.894 1566 1732 W System.err: at java.lang.Thread.run(Thread.java:920)
06-10 15:20:06.895 1566 1732 W System.err: Caused by: android.system.GaiException: android_getaddrinfo failed: EAI_NODATA (No address associated with hostname)
06-10 15:20:06.895 1566 1732 W System.err: at libcore.io.Linux.android_getaddrinfo(Native Method)
06-10 15:20:06.895 1566 1732 W System.err: at libcore.io.ForwardingOs.android_getaddrinfo(ForwardingOs.java:136)
06-10 15:20:06.895 1566 1732 W System.err: at libcore.io.BlockGuardOs.android_getaddrinfo(BlockGuardOs.java:221)
06-10 15:20:06.895 1566 1732 W System.err: at libcore.io.ForwardingOs.android_getaddrinfo(ForwardingOs.java:136)
06-10 15:20:06.895 1566 1732 W System.err: at java.net.Inet6AddressImpl.lookupHostByName(Inet6AddressImpl.java:135)
06-10 15:20:06.895 1566 1732 W System.err: ... 27 more
06-10 15:20:06.916 1128 1542 D AppManager: checkLocalAppsIsValid:
06-10 15:20:06.929 523 550 D PinnerService: pinRangeStream: null
06-10 15:20:06.936 1128 1487 D hq : NetWorkStateReceiver:::检查网络,并且持续更新 isConnect=false
06-10 15:20:06.949 260 327 E Netd : no such netId 100
06-10 15:20:06.953 523 626 E ConnectivityService: Exception in networkAddRouteParcel for non-gateway: android.os.ServiceSpecificException: Machine is not on the network (code 64)
06-10 15:20:06.955 260 327 E Netd : no such netId 100
06-10 15:20:06.955 523 626 E ConnectivityService: Exception in networkAddRouteParcel for gateway: android.os.ServiceSpecificException: Machine is not on the network (code 64)
06-10 15:20:06.972 523 626 W BestClock: java.time.DateTimeException: Missing NTP fix
06-10 15:20:06.977 523 659 D CompatibilityChangeReporter: Compat change id reported: 168419799; UID 10016; state: DISABLED
06-10 15:20:06.992 1128 1404 W SQLiteLog: (28) double-quoted string literal: "DE96780E31AF19FBBF7D5BC66B5A22F8"
06-10 15:20:06.992 1128 1404 W SQLiteLog: (28) double-quoted string literal: ""
06-10 15:20:06.992 1128 1404 W SQLiteLog: (28) double-quoted string literal: "DE96780E31AF19FBBF7D5BC66B5A22F8"
06-10 15:20:06.992 1128 1404 W SQLiteLog: (28) double-quoted string literal: "-1"
06-10 15:20:06.998 762 1275 D DhcpClient: Scheduling renewal in 1799s
06-10 15:20:06.998 762 1275 D DhcpClient: Scheduling rebind in 3149s
06-10 15:20:06.999 762 1275 D DhcpClient: Scheduling expiry in 3599s
06-10 15:20:07.001 523 626 W BestClock: java.time.DateTimeException: Missing NTP fix
06-10 15:20:07.010 523 659 D CompatibilityChangeReporter: Compat change id reported: 135634846; UID 10055; state: DISABLED
06-10 15:20:07.013 523 659 D CompatibilityChangeReporter: Compat change id reported: 177438394; UID 10055; state: DISABLED
06-10 15:20:07.018 523 659 D CompatibilityChangeReporter: Compat change id reported: 135772972; UID 10055; state: DISABLED
06-10 15:20:07.020 523 659 D CompatibilityChangeReporter: Compat change id reported: 135754954; UID 10055; state: ENABLED
06-10 15:20:07.021 523 552 D CompatibilityChangeReporter: Compat change id reported: 143937733; UID 10055; state: ENABLED
06-10 15:20:07.022 1128 1657 E hq : ErrorCoroutineExceptionHandler:::runTry error:java.net.UnknownHostException: Unable to resolve host "ottdbui-tyapiqun7.yysh.mgtv.com": No address associated with hostname from=requestAppAdInfo
06-10 15:20:07.027 523 626 D ConnectivityService: Setting DNS servers for network 100 to [/202.96.134.133, /202.96.128.166]
06-10 15:20:07.035 1128 1404 D MobclickAgent: 创建新会话: DE96780E31AF19FBBF7D5BC66B5A22F8
06-10 15:20:07.046 523 616 W BestClock: java.time.DateTimeException: Missing NTP fix
06-10 15:20:07.050 523 616 W BestClock: java.time.DateTimeException: Missing NTP fix
06-10 15:20:07.054 261 261 D Zygote : Forked child process 1748
06-10 15:20:07.057 523 552 I ActivityManager: app.processName = com.android.onetimeinitializer
06-10 15:20:07.057 523 552 I ActivityManager: Start proc 1748:com.android.onetimeinitializer/u0a55 for broadcast {com.android.onetimeinitializer/com.android.onetimeinitializer.OneTimeInitializerReceiver}
06-10 15:20:07.082 683 683 D DeviceProvisionedControllerImpl: Setting change: content://settings/global/device_provisioned
06-10 15:20:07.083 1748 1748 I Zygote : seccomp disabled by setenforce 0
06-10 15:20:07.103 523 626 W BestClock: java.time.DateTimeException: Missing NTP fix
06-10 15:20:07.114 523 550 D PinnerService: pinRangeStream: null
06-10 15:20:07.115 523 550 D PinnerService: pinRangeStream: null
06-10 15:20:07.121 387 408 I adbd : jdwp connection from 1748
06-10 15:20:07.124 523 619 W WifiScoreReport: Cannot start external scoring netId=100 currentNetId=100 currentNetCapabilities=[ Transports: WIFI Capabilities: NOT_METERED&INTERNET&NOT_RESTRICTED&TRUSTED&NOT_VPN&NOT_ROAMING&NOT_CONGESTED&NOT_SUSPENDED&NOT_VCN_MANAGED LinkUpBandwidth>=12000Kbps LinkDnBandwidth>=60000Kbps Specifier: TransportInfo: SignalStrength: -45 OwnerUid: 10024 AdminUids: [10024] SSID: "DZNB"] sessionId=1008
06-10 15:20:07.137 523 626 W BestClock: java.time.DateTimeException: Missing NTP fix
06-10 15:20:07.140 523 616 W BestClock: java.time.DateTimeException: Missing NTP fix
06-10 15:20:07.141 523 616 W BestClock: java.time.DateTimeException: Missing NTP fix
06-10 15:20:07.145 523 626 D ConnectivityService: [100 WIFI] EVENT_NETWORK_INFO_CHANGED, going from CONNECTING to CONNECTED
06-10 15:20:07.158 523 626 D DnsManager: sendDnsConfigurationForNetwork(100, [202.96.134.133, 202.96.128.166], [], 1800, 25, 8, 64, 0, 0, , [])
06-10 15:20:07.173 523 626 W DnsManager: updatePrivateDns(100, PrivateDnsConfig{true:/[]})
06-10 15:20:07.173 523 626 D ConnectivityService: Setting DNS servers for network 100 to [/202.96.134.133, /202.96.128.166]
06-10 15:20:07.179 523 659 D CompatibilityChangeReporter: Compat change id reported: 168419799; UID 10055; state: DISABLED
06-10 15:20:07.188 523 538 D WifiMemoryStoreImpl: Set cluster G9b8742dc601fa33c for W4e54915be6379359: SUCCESS
06-10 15:20:07.227 523 626 D DnsManager: sendDnsConfigurationForNetwork(100, [202.96.134.133, 202.96.128.166], [], 1800, 25, 8, 64, 0, 0, , [202.96.134.133, 202.96.128.166])
06-10 15:20:07.230 260 1777 W resolv : Validating DnsTlsServer 202.96.128.166 with mark 0xf0064
06-10 15:20:07.230 523 659 W ActivityManager: Slow operation: 53ms so far, now at attachApplicationLocked: after mServices.attachApplicationLocked
06-10 15:20:07.231 260 1777 W resolv : Socket failed to connect: Network is unreachable
06-10 15:20:07.232 260 1778 W resolv : Validating DnsTlsServer 202.96.134.133 with mark 0xf0064
06-10 15:20:07.232 260 1777 W resolv : TCP Handshake failed: 101
06-10 15:20:07.232 260 1778 W resolv : Socket failed to connect: Network is unreachable
06-10 15:20:07.232 260 1777 W resolv : query failed
06-10 15:20:07.233 260 1777 W resolv : validateDnsTlsServer returned 0 for 202.96.128.166
06-10 15:20:07.233 260 1777 W resolv : Validation failed
06-10 15:20:07.234 260 1778 W resolv : TCP Handshake failed: 101
06-10 15:20:07.235 260 1778 W resolv : query failed
06-10 15:20:07.235 260 1778 W resolv : validateDnsTlsServer returned 0 for 202.96.134.133
06-10 15:20:07.235 260 1778 W resolv : Validation failed
06-10 15:20:07.250 523 538 D WifiMemoryStoreImpl: Set cluster G9b8742dc601fa33c for Wf31d404e9973cf6e: SUCCESS
06-10 15:20:07.263 523 659 W ActivityManager: Slow operation: 86ms so far, now at attachApplicationLocked: after sendPendingBroadcastsLocked
06-10 15:20:07.265 523 626 D ConnectivityService: Adding iface wlan0 to network 100
06-10 15:20:07.277 1566 1566 W bei.lerad.rock: Class com.iflytek.aiui.AIUIAgent failed lock verification and will run slower.
06-10 15:20:07.277 1566 1566 W bei.lerad.rock: Common causes for lock verification issues are non-optimized dex code
06-10 15:20:07.277 1566 1566 W bei.lerad.rock: and incorrect proguard optimizations.
06-10 15:20:07.283 280 280 I AW_PowerHAL: Power setMode: SUSTAINED_PERFORMANCE to: 0
06-10 15:20:07.290 280 280 I AW_PowerHAL: cur-mode:SCHEDUTIL-Home
06-10 15:20:07.298 1748 1748 D CompatibilityChangeReporter: Compat change id reported: 171979766; UID 10055; state: ENABLED
06-10 15:20:07.309 523 537 D WifiMemoryStoreImpl: Set cluster G9b8742dc601fa33c for W4d28740af480d7ae: SUCCESS
06-10 15:20:07.325 1566 1566 I AiuiEngine: create aiui agent
06-10 15:20:07.325 1566 1566 D RockyVoice_AiUiDelegate: 初始化成功
06-10 15:20:07.328 1566 1566 D RockyNetMessageUtil: initTipsList tipEntity = null isRequestTipSuccess = false
06-10 15:20:07.343 1566 1786 W bei.lerad.rock: Class com.iflytek.aiui.utils.c failed lock verification and will run slower.
06-10 15:20:07.347 664 664 E WifiHAL : wifi_get_link_stats: requestResponse Error:-5
06-10 15:20:07.359 523 626 D ConnectivityService: Setting DNS servers for network 100 to [/202.96.134.133, /202.96.128.166]
06-10 15:20:07.361 523 619 E WifiVendorHal: getWifiLinkLayerStats_1_5_Internal(l.1191) failed {.code = ERROR_INVALID_ARGS, .description = }
06-10 15:20:07.364 523 626 D DnsManager: sendDnsConfigurationForNetwork(100, [202.96.134.133, 202.96.128.166], [], 1800, 25, 8, 64, 0, 0, , [202.96.134.133, 202.96.128.166])
06-10 15:20:07.366 260 1793 W resolv : Validating DnsTlsServer 202.96.128.166 with mark 0xf0064
06-10 15:20:07.366 260 1794 W resolv : Validating DnsTlsServer 202.96.134.133 with mark 0xf0064
06-10 15:20:07.378 523 626 W BestClock: java.time.DateTimeException: Missing NTP fix
06-10 15:20:07.391 523 537 D WifiMemoryStoreImpl: Set cluster G9b8742dc601fa33c for We6ece08b9d5e3f29: SUCCESS
06-10 15:20:07.420 1566 1786 W bei.lerad.rock: Class com.iflytek.aiui.utils.l failed lock verification and will run slower.
06-10 15:20:07.426 1748 1748 D nativeloader: classloader namespace configured for unbundled product apk. library_path=/product/priv-app/OneTimeInitializer/lib/arm:/product/lib:/system/product/lib
06-10 15:20:07.460 523 659 D WifiMemoryStoreImpl: Set cluster G9b8742dc601fa33c for Wdd4088947fa3d95f: SUCCESS
06-10 15:20:07.465 523 626 W BestClock: java.time.DateTimeException: Missing NTP fix
06-10 15:20:07.470 523 616 W BestClock: java.time.DateTimeException: Missing NTP fix
06-10 15:20:07.471 523 616 W BestClock: java.time.DateTimeException: Missing NTP fix
06-10 15:20:07.472 0 0 I [ C0] nf_conntrack: default automatic helper assignment has been turned off for security reasons and CT-based firewall rule not found. Use the iptables CT target to attach helpers instead.
06-10 15:20:07.476 523 619 D WifiClientModeImpl[wlan0]: Received signal strength thresholds: []
06-10 15:20:07.478 523 619 E WifiVendorHal: stopRssiMonitoring(l.2617) failed {.code = ERROR_NOT_AVAILABLE, .description = }
06-10 15:20:07.479 523 626 D ConnectivityService: NetReassign [10 : null → 100, 17 : null → 100, 21 : null → 100, 19 : null → 100, 28 : null → 100, 23 : null → 100, 1 : null → 100, 3 : null → 100]
06-10 15:20:07.488 523 626 D ConnectivityService: Switching to new default network for: uid/pid:1000/523 activeRequest: 1 callbackRequest: 1 [NetworkRequest [ REQUEST id=1, [ Capabilities: INTERNET&NOT_RESTRICTED&TRUSTED&NOT_VPN&NOT_VCN_MANAGED RequestorUid: 1000 RequestorPkg: android] ]] callback flags: 1 priority: 2147483647 using NetworkAgentInfo{network{100} handle{432902426637} ni{WIFI CONNECTED extra: } Score(60 ; KeepConnected : 0 ; Policies : TRANSPORT_PRIMARY&IS_UNMETERED) lp{{InterfaceName: wlan0 LinkAddresses: [ fe80::c168:4fb1:6c8f:3e5d/64,192.168.3.12/23 ] DnsAddresses: [ /202.96.134.133,/202.96.128.166 ] Domains: null MTU: 0 ServerAddress: /192.168.3.1 TcpBufferSizes: 524288,1048576,2097152,262144,524288,1048576 Routes: [ fe80::/64 -> :: wlan0 mtu 0,192.168.2.0/23 -> 0.0.0.0 wlan0 mtu 0,0.0.0.0/0 -> 192.168.3.1 wlan0 mtu 0 ]}} nc{[ Transports: WIFI Capabilities: NOT_METERED&INTERNET&NOT_RESTRICTED&TRUSTED&NOT_VPN&NOT_ROAMING&FOREGROUND&NOT_CONGESTED&NOT_SUSPENDED&NOT_VCN_MANAGED LinkUpBandwidth>=12000Kbps LinkDnBandwidth>=60000Kbps Specifier: TransportInfo: SignalStrength: -45 OwnerUid: 10024 AdminUids: [10024] SSID: "DZNB"]}}
06-10 15:20:07.492 1748 1748 V GraphicsEnvironment: ANGLE Developer option for 'com.android.onetimeinitializer' set to: 'default'
06-10 15:20:07.492 762 1804 D NetworkMonitor/100: Validation disabled.
06-10 15:20:07.492 1748 1748 V GraphicsEnvironment: Neither updatable production driver nor prerelease driver is supported.
06-10 15:20:07.497 1748 1748 D NetworkSecurityConfig: No Network Security Config specified, using platform default
06-10 15:20:07.498 1748 1748 D NetworkSecurityConfig: No Network Security Config specified, using platform default
06-10 15:20:07.501 1748 1748 V OneTimeInitializerReceiver: OneTimeInitializerReceiver.onReceive
06-10 15:20:07.520 1799 1799 I cmd : type=1400 audit(0.0:579): avc: denied { call } for scontext=u:r:preinstall:s0 tcontext=u:r:system_server:s0 tclass=binder permissive=1
06-10 15:20:07.520 1799 1799 I cmd : type=1400 audit(0.0:580): avc: denied { transfer } for scontext=u:r:preinstall:s0 tcontext=u:r:system_server:s0 tclass=binder permissive=1
06-10 15:20:07.532 1566 1822 D XHttpObservable: handleRequest: start https://tyapi.qun7.com/v1/voice/getsoundshowmsg ,,, isCache = false
06-10 15:20:07.538 1566 1566 D RockyNetMessageUtil: initMediaControlPage pageEntity = null isRequestPageControlSuccess = false
06-10 15:20:07.539 523 659 D WifiMemoryStoreImpl: Set cluster G9b8742dc601fa33c for W6bd539435edff136: SUCCESS
06-10 15:20:07.547 523 626 W BestClock: java.time.DateTimeException: Missing NTP fix
06-10 15:20:07.549 523 814 I ActivityManager: com.android.packageinstaller is exempt from freezer
06-10 15:20:07.550 523 814 D CompatibilityChangeReporter: Compat change id reported: 135634846; UID 1000; state: DISABLED
06-10 15:20:07.571 762 1636 W UnsafeUtil: platform method missing - proto runtime falling back to safer methods: java.lang.NoSuchMethodException: sun.misc.Unsafe.copyMemory [class java.lang.Object, long, class java.lang.Object, long, long]
06-10 15:20:07.572 261 261 D Zygote : Forked child process 1830
06-10 15:20:07.581 523 552 I ActivityManager: app.processName = com.android.packageinstaller
06-10 15:20:07.581 523 552 I ActivityManager: Start proc 1830:com.android.packageinstaller/1000 for broadcast {com.android.packageinstaller/com.android.packageinstaller.TemporaryFileManager}
06-10 15:20:07.582 523 814 D WifiMemoryStoreImpl: Set cluster G9b8742dc601fa33c for W9b8742dc601fa33c: SUCCESS
06-10 15:20:07.582 1830 1830 I Zygote : seccomp disabled by setenforce 0
06-10 15:20:07.600 1829 1829 I cmd : type=1400 audit(0.0:581): avc: denied { call } for scontext=u:r:preinstall:s0 tcontext=u:r:servicemanager:s0 tclass=binder permissive=1
06-10 15:20:07.608 523 523 I Binder:523_8: type=1400 audit(0.0:582): avc: denied { call } for scontext=u:r:system_server:s0 tcontext=u:r:preinstall:s0 tclass=binder permissive=1
06-10 15:20:07.620 387 408 I adbd : jdwp connection from 1830
06-10 15:20:07.643 523 626 W BestClock: java.time.DateTimeException: Missing NTP fix
06-10 15:20:07.700 1566 1832 D XHttpObservable: handleRequest: start https://tyapi.qun7.com/v1/voice/getResponseControlPage ,,, isCache = false
06-10 15:20:07.728 762 849 D UpstreamNetworkMonitor: New default Internet network: 100
06-10 15:20:07.739 523 761 D NetworkTimeUpdateService: New default network 100; checking time.
06-10 15:20:07.720 1650 1650 I net_disconnect.: type=1400 audit(0.0:583): avc: denied { execute } for name="rgb_led_ctl" dev="dm-5" ino=188 scontext=u:r:init:s0 tcontext=u:object_r:vendor_file:s0 tclass=file permissive=1
06-10 15:20:07.751 307 307 W audit : audit_lost=172 audit_rate_limit=5 audit_backlog_limit=64
06-10 15:20:07.751 307 307 E audit : rate limit exceeded
06-10 15:20:07.763 523 626 D ConnectivityService: Sending CONNECTED broadcast for type 1 [100 WIFI] isDefaultNetwork=true
06-10 15:20:07.764 523 626 W ContextImpl: Calling a method in the system process without a qualified user: android.app.ContextImpl.sendStickyBroadcast:1559 com.android.server.ConnectivityService.sendStickyBroadcast:2884 com.android.server.ConnectivityService.sendGeneralBroadcast:2859 com.android.server.ConnectivityService.sendConnectedBroadcast:2832 com.android.server.ConnectivityService.sendLegacyNetworkBroadcast:8784
06-10 15:20:07.767 523 538 D CompatibilityChangeReporter: Compat change id reported: 168419799; UID 1000; state: DISABLED
06-10 15:20:07.773 523 616 W BestClock: java.time.DateTimeException: Missing NTP fix
06-10 15:20:07.775 523 616 W BestClock: java.time.DateTimeException: Missing NTP fix
06-10 15:20:07.779 523 544 W IorapForwardingService: No service published for: iorapd
06-10 15:20:07.783 523 616 W BestClock: java.time.DateTimeException: Missing NTP fix
06-10 15:20:07.829 523 538 W ActivityManager: Slow operation: 70ms so far, now at attachApplicationLocked: after sendPendingBroadcastsLocked
06-10 15:20:07.839 1190 1190 D aaa : action:android.net.conn.CONNECTIVITY_CHANGE
06-10 15:20:07.851 1830 1830 D CompatibilityChangeReporter: Compat change id reported: 171979766; UID 1000; state: ENABLED
06-10 15:20:07.855 1231 1538 W efs.info.manager: network change: wifi
06-10 15:20:07.865 1071 1071 D LanSocketServer: connect
06-10 15:20:07.875 523 626 W ContextImpl: Calling a method in the system process without a qualified user: android.app.ContextImpl.sendStickyBroadcast:1559 com.android.server.ConnectivityService.sendStickyBroadcast:2884 com.android.server.ConnectivityService.sendGeneralBroadcast:2859 com.android.server.ConnectivityService.sendConnectedBroadcast:2832 com.android.server.ConnectivityService.sendLegacyNetworkBroadcast:8784
06-10 15:20:07.886 523 616 W BestClock: java.time.DateTimeException: Missing NTP fix
06-10 15:20:07.887 523 616 W BestClock: java.time.DateTimeException: Missing NTP fix
06-10 15:20:07.902 1190 1190 D aaa : action:android.net.conn.CONNECTIVITY_CHANGE
06-10 15:20:07.920 1128 1128 E hq : NetWorkStateReceiver:::NetWorkStateReceiver onReceive: 网络变化广播 >>>> intent.action=android.net.conn.CONNECTIVITY_CHANGE
06-10 15:20:07.898 523 626 D ConnectivityService: [100 WIFI] validation passed
06-10 15:20:07.921 523 616 W BestClock: java.time.DateTimeException: Missing NTP fix
06-10 15:20:07.929 1128 1128 E hq : NetWorkStateReceiver:::Network is available. isConnect=false 是否频次过快=false t=1749540007927
06-10 15:20:07.929 1128 1128 W eventbuscore: post Event:com.dangbei.leard.base.entity.event.NetStateEvent
06-10 15:20:07.939 1128 1543 D AppManager: requestBlackAndWhiteList
06-10 15:20:07.940 1128 1543 D AppListModel: requestAppFilterList: true , false
06-10 15:20:07.943 1566 1566 W SoundPool: Use of stream types is deprecated for operations other than volume control
06-10 15:20:07.943 1566 1566 W SoundPool: See the documentation of SoundPool() for what to use instead with android.media.AudioAttributes to qualify your playback use case
06-10 15:20:07.950 523 616 W BestClock: java.time.DateTimeException: Missing NTP fix
06-10 15:20:07.957 1128 1128 W eventbuscore: post Event:com.dangbei.leard.base.entity.event.NetChangeEvent
06-10 15:20:07.966 1231 1539 W efs.info.manager: network change: wifi
06-10 15:20:07.965 523 659 D WifiNl80211Manager: Scan result ready event
06-10 15:20:07.975 523 659 D WifiNative: Scan result ready event
06-10 15:20:07.991 523 626 D ConnectivityService: Setting DNS servers for network 100 to [/202.96.134.133, /202.96.128.166]
06-10 15:20:07.996 523 626 D DnsManager: sendDnsConfigurationForNetwork(100, [202.96.134.133, 202.96.128.166], [], 1800, 25, 8, 64, 0, 0, , [202.96.134.133, 202.96.128.166])
06-10 15:20:07.996 1071 1071 W System.err: SLF4J: Failed to load class "org.slf4j.impl.StaticLoggerBinder".
06-10 15:20:07.996 1071 1071 W System.err: SLF4J: Defaulting to no-operation (NOP) logger implementation
06-10 15:20:07.996 1071 1071 W System.err: SLF4J: See http://www.slf4j.org/codes.html#StaticLoggerBinder for further details.
06-10 15:20:08.001 1071 1071 D LanSocketServer: connect /192.168.3.12:6689
06-10 15:20:08.004 1071 1071 D LanSocketServer: connect start
06-10 15:20:08.004 1071 1071 E LanCommander: onNetWorkChanged: true
06-10 15:20:08.005 523 626 W ContextImpl: Calling a method in the system process without a qualified user: android.app.ContextImpl.sendStickyBroadcast:1559 com.android.server.ConnectivityService.sendStickyBroadcast:2884 com.android.server.ConnectivityService.sendGeneralBroadcast:2859 com.android.server.ConnectivityService.sendInetConditionBroadcast:2836 com.android.server.ConnectivityService.updateInetCondition:8529
06-10 15:20:08.008 523 619 W LastMileLogger: Failed to stop event tracing: /sys/kernel/debug/tracing/instances/wifi/tracing_on: open failed: ENOENT (No such file or directory)
06-10 15:20:08.012 1128 1682 E DangXiaoBeiManager: setMessageList: true
06-10 15:20:08.031 1071 1071 E LanCommander: onNetWorkChanged: true
06-10 15:20:08.032 1128 1543 D yc_test : refreshWeather: null
06-10 15:20:08.039 1128 1682 E hq : 当小贝:::message list add complete data.messageList:[]
06-10 15:20:08.039 1128 1682 E hq : data.tabList=[]
06-10 15:20:08.039 1128 1682 I hq : 当小贝:::showMessage from=net_change
06-10 15:20:08.050 1071 1889 E LanCommander: onServerCreatedSuccess 192.168.3.12:6689
06-10 15:20:08.074 1566 1583 W System : A resource failed to call close.
06-10 15:20:08.075 1566 1566 D RockyReceiver: action: android.net.wifi.WIFI_STATE_CHANGED
06-10 15:20:08.077 523 814 E ConnectivityService: Exception = android.content.pm.PackageManager$NameNotFoundException: android.net.cts
06-10 15:20:08.106 1566 1566 I Receiver: 网络连接成功
06-10 15:20:08.106 1566 1566 D RockyReceiver: action: android.net.wifi.STATE_CHANGE
06-10 15:20:08.107 523 659 E ConnectivityService: Exception = android.content.pm.PackageManager$NameNotFoundException: android.net.cts
06-10 15:20:08.118 1566 1566 I Receiver: 网络连接成功
06-10 15:20:08.121 1566 1566 D RockyReceiver: action: android.net.conn.CONNECTIVITY_CHANGE
06-10 15:20:08.124 523 659 E ConnectivityService: Exception = android.content.pm.PackageManager$NameNotFoundException: android.net.cts
06-10 15:20:08.133 1071 1889 E RCInfo : vid:
06-10 15:20:08.133 1071 1889 E RCInfo : pid:
06-10 15:20:08.133 1071 1889 E RCInfo : RCBrand:NA
06-10 15:20:08.136 1128 1682 I hq : 当小贝:::showMessage 没有消息需要显示
06-10 15:20:08.143 1071 1889 E RCInfo : vid:
06-10 15:20:08.143 1071 1889 E RCInfo : pid:
06-10 15:20:08.144 1071 1889 E RCInfo : vid:
06-10 15:20:08.144 1071 1889 E RCInfo : pid:
06-10 15:20:08.144 1071 1889 E RCInfo : vid:
06-10 15:20:08.144 1071 1889 E RCInfo : pid:
06-10 15:20:08.145 1071 1889 E RCInfo : RCBrand:NA
06-10 15:20:08.145 1071 1889 E RCInfo : vid:
06-10 15:20:08.145 1071 1889 E RCInfo : pid:
06-10 15:20:08.154 523 813 D WifiMemoryStoreImpl: Set cluster G9b8742dc601fa33c for Wf31d404e9973cf6e: SUCCESS
06-10 15:20:08.161 1071 1889 E RCInfo : vid:
06-10 15:20:08.161 1071 1889 E RCInfo : pid:
06-10 15:20:08.188 1566 1566 I Receiver: 网络连接成功
06-10 15:20:08.203 1830 1830 V GraphicsEnvironment: ANGLE Developer option for 'com.android.packageinstaller' set to: 'default'
06-10 15:20:08.203 1830 1830 V GraphicsEnvironment: Neither updatable production driver nor prerelease driver is supported.
06-10 15:20:08.214 1830 1830 D NetworkSecurityConfig: No Network Security Config specified, using platform default
06-10 15:20:08.214 1830 1830 D NetworkSecurityConfig: No Network Security Config specified, using platform default
06-10 15:20:08.261 1071 1889 D getEthernetMacAddr: getEthernetMacAddr use eth0
06-10 15:20:08.276 523 619 I WifiClientModeImpl: Default Gateway MAC address of 58:c7:ac:78:f0:02 from routes is : 70:3a:a6:36:a8:d7
06-10 15:20:08.283 523 659 D CompatibilityChangeReporter: Compat change id reported: 135634846; UID 10073; state: DISABLED
06-10 15:20:08.284 523 659 D CompatibilityChangeReporter: Compat change id reported: 177438394; UID 10073; state: DISABLED
06-10 15:20:08.306 523 659 D CompatibilityChangeReporter: Compat change id reported: 135772972; UID 10073; state: DISABLED
06-10 15:20:08.307 523 659 D CompatibilityChangeReporter: Compat change id reported: 135754954; UID 10073; state: DISABLED
06-10 15:20:08.309 523 552 D CompatibilityChangeReporter: Compat change id reported: 143937733; UID 10073; state: DISABLED
06-10 15:20:08.320 523 623 D WificondScannerImpl: Filtering out 18 scan results.
06-10 15:20:08.331 1071 1353 D getEthernetMacAddr: getEthernetMacAddr use eth0
06-10 15:20:08.350 261 261 D Zygote : Forked child process 1942
06-10 15:20:08.362 1942 1942 I Zygote : seccomp disabled by setenforce 0
06-10 15:20:08.362 523 552 W ActivityManager: Slow operation: 79ms so far, now at startProcess: returned from zygote!
06-10 15:20:08.364 523 552 W ActivityManager: Slow operation: 81ms so far, now at startProcess: done updating battery stats
06-10 15:20:08.365 523 552 W ActivityManager: Slow operation: 82ms so far, now at startProcess: building log message
06-10 15:20:08.365 523 552 I ActivityManager: app.processName = com.android.permissioncontroller
06-10 15:20:08.365 523 552 I ActivityManager: Start proc 1942:com.android.permissioncontroller/u0a73 for broadcast {com.android.permissioncontroller/com.android.permissioncontroller.permission.service.LocationAccessCheck$SetupPeriodicBackgroundLocationAccessCheck}
06-10 15:20:08.365 523 552 W ActivityManager: Slow operation: 82ms so far, now at startProcess: starting to update pids map
06-10 15:20:08.399 387 408 I adbd : jdwp connection from 1942
06-10 15:20:08.413 1190 1190 D aaa : WiFi is connect
06-10 15:20:08.425 523 552 W ActivityManager: Slow operation: 141ms so far, now at startProcess: done updating pids map
06-10 15:20:08.430 1190 1190 D aaa : WiFi is connect
06-10 15:20:08.438 1190 1190 D aaa : WiFi is connect
06-10 15:20:08.452 1190 1190 D aaa : WiFi is connect
06-10 15:20:08.456 523 619 D WifiConfigStore: Writing to stores completed in 132 ms.
06-10 15:20:08.510 523 659 D CompatibilityChangeReporter: Compat change id reported: 168419799; UID 10073; state: DISABLED
06-10 15:20:08.524 1071 1071 I DefaultDispatch: type=1400 audit(0.0:631): avc: denied { read } for name="address" dev="sysfs" ino=28790 scontext=u:r:system_app:s0 tcontext=u:object_r:sysfs:s0 tclass=file permissive=1
06-10 15:20:08.532 1566 1822 D XHttpObservable: createNetWorkObservable subscribe: ShowMessageEntity{code=0, data=TipEntity{movieType=[我想看喜剧片, 动作片, 枪战片], movie=[庆余年, 误杀, 美丽人生, 爆笑虫子, 哪吒, 小猪佩奇, 胡歌的电视剧, 张艺谋导演的电影, 切换到1080P, 收藏], appController=[打开当贝市场, 下载哈趣影视, 爱奇艺, 卸载腾讯视频], weather=[今天的天气, 未来五天的天气, 杭州天气怎么样, 明天下不下雨], music=[我要听歌, 周杰伦的歌, 上一首, 下一首, 快进一分钟, 暂停], liveAppDownload='非常抱歉,根据监管部门政策管理要求,暂不提供相应服务。', subscreen=null, wakeUpVoiceResponse=[ProbabilityEntity{word='在呢', probability=30}, ProbabilityEntity{word='我在', probability=35}, ProbabilityEntity{word='你说', probability=15}, ProbabilityEntity{word='来啦', probability=20}], unrecognizedVoiceResponse=[ProbabilityEntity{word='可以再说一遍么', probability=45}, ProbabilityEntity{word='可以说的详细一点么', probability=30}, ProbabilityEntity{word='请问有什么可以帮您', probability=25}], notUnderstandVoiceResponse=[ProbabilityEntity{word='换个说法试试吧', probability=100}]}, message='success'} ,,, isDisposed = false
06-10 15:20:08.532 1071 1071 I DefaultDispatch: type=1400 audit(0.0:632): avc: denied { open } for path="/sys/devices/platform/unisoc_wifi/net/wlan1/address" dev="sysfs" ino=28790 scontext=u:r:system_app:s0 tcontext=u:object_r:sysfs:s0 tclass=file permissive=1
06-10 15:20:08.532 1071 1071 I DefaultDispatch: type=1400 audit(0.0:633): avc: denied { getattr } for path="/sys/devices/platform/unisoc_wifi/net/wlan1/address" dev="sysfs" ino=28790 scontext=u:r:system_app:s0 tcontext=u:object_r:sysfs:s0 tclass=file permissive=1
06-10 15:20:08.539 1942 1942 D CompatibilityChangeReporter: Compat change id reported: 171979766; UID 10073; state: DISABLED
06-10 15:20:08.549 1566 1832 D XHttpObservable: createNetWorkObservable subscribe: MediaControlEntity{code=0, data=PageEntity{list=[ContentEntity{packageName='com.dangbei.leard.leradlauncher', activityName='FilmDetailActivity'}, ContentEntity{packageName='com.dangbei.leard.leradlauncher', activityName='FullScreenDetailActivity'}, ContentEntity{packageName='com.dangbei.leard.leradlauncher', activityName='TencentSportActivity'}, ContentEntity{packageName='com.dangbei.leradVideoPlugins', activityName='FilmDetailActivity'}, ContentEntity{packageName='com.dangbei.leradVideoPlugins', activityName='FullScreenDetailActivity'}, ContentEntity{packageName='com.dangbei.leradVideoPlugins', activityName='TencentSportActivity'}, ContentEntity{packageName='com.dangbei.leradVideoPlugins', activityName='ShortPlayActivity'}, ContentEntity{packageName='com.dangbei.hqmedia', activityName='FilmDetailActivity'}, ContentEntity{packageName='com.dangbei.hqmedia', activityName='FullScreenDetailActivity'}, ContentEntity{packageName='com.dangbei.leradVideoPlugins', activityName='MangoMediaActivity'}, ContentEntity{packageName='com.dangbei.leradVideoPlugins', activityName='VcinemaActivity'}]}, message='success'} ,,, isDisposed = false
06-10 15:20:08.572 1971 1971 I pm : type=1400 audit(0.0:634): avc: denied { write search } for name="tmp" dev="mmcblk0p25" ino=85 scontext=u:r:preinstall:s0 tcontext=u:object_r:shell_data_file:s0 tclass=dir permissive=1
06-10 15:20:08.572 1971 1971 I pm : type=1400 audit(0.0:635): avc: denied { getattr } for path="/data/local/tmp" dev="mmcblk0p25" ino=85 scontext=u:r:preinstall:s0 tcontext=u:object_r:shell_data_file:s0 tclass=dir permissive=1
06-10 15:20:08.576 1942 1942 D ApplicationLoaders: Returning zygote-cached class loader: /system/framework/android.test.base.jar
06-10 15:20:08.596 1071 1889 D getEthernetMacAddr: getEthernetMacAddr use eth0
06-10 15:20:08.621 664 664 E WifiHAL : wifi_get_link_stats: requestResponse Error:-5
06-10 15:20:08.625 523 619 E WifiVendorHal: getWifiLinkLayerStats_1_5_Internal(l.1191) failed {.code = ERROR_INVALID_ARGS, .description = }
06-10 15:20:08.704 1071 1353 D getEthernetMacAddr: getEthernetMacAddr use eth0
06-10 15:20:08.723 1128 1128 I Choreographer: Skipped 51 frames! The application may be doing too much work on its main thread.
06-10 15:20:08.728 1566 1566 I Receiver: ----------netConnectInitSDK--------------
06-10 15:20:08.774 1071 1353 I okhttp.OkHttpClient: --> POST http://tymsgapi.qun7.com/v1/core/rom (529-byte body)
06-10 15:20:08.778 1071 1922 I okhttp.OkHttpClient: --> POST http://tymsgapi.qun7.com/v1/core/rom (529-byte body)
06-10 15:20:08.781 523 544 W IorapForwardingService: No service published for: iorapd
06-10 15:20:08.801 1071 1354 I okhttp.OkHttpClient: --> POST http://tymsgapi.qun7.com/v1/core/logip (596-byte body)
06-10 15:20:08.815 1071 1923 I okhttp.OkHttpClient: --> POST http://tyapi.qun7.com/v1/core/launcherota (529-byte body)
06-10 15:20:08.824 1128 1128 E hq : NetWorkStateReceiver:::NetWorkStateReceiver onReceive: 网络变化广播 >>>> intent.action=android.net.conn.CONNECTIVITY_CHANGE
06-10 15:20:08.826 1128 1128 E hq : NetWorkStateReceiver:::Network is available. isConnect=true 是否频次过快=true t=1749540008826
06-10 15:20:08.830 1071 1934 I okhttp.OkHttpClient: --> POST http://tyapi.qun7.com/v1/core/launcherota (529-byte body)
06-10 15:20:08.832 1128 1128 W eventbuscore: post Event:com.dangbei.leard.base.entity.event.NetChangeEvent
06-10 15:20:08.862 1998 1998 W audit : audit_lost=223 audit_rate_limit=5 audit_backlog_limit=64
06-10 15:20:08.862 1998 1998 E audit : rate limit exceeded
06-10 15:20:08.895 1071 1354 I okhttp.OkHttpClient: <-- 200 OK http://tymsgapi.qun7.com/v1/core/logip (93ms, 81-byte body)
06-10 15:20:08.895 1071 1353 I okhttp.OkHttpClient: <-- 200 OK http://tymsgapi.qun7.com/v1/core/rom (120ms, unknown-length body)
06-10 15:20:08.903 1071 1922 I okhttp.OkHttpClient: <-- 200 OK http://tymsgapi.qun7.com/v1/core/rom (124ms, unknown-length body)
06-10 15:20:08.923 1942 1942 V GraphicsEnvironment: ANGLE Developer option for 'com.android.permissioncontroller' set to: 'default'
06-10 15:20:08.923 1942 1942 V GraphicsEnvironment: Neither updatable production driver nor prerelease driver is supported.
06-10 15:20:08.925 1942 1942 D NetworkSecurityConfig: No Network Security Config specified, using platform default
06-10 15:20:08.927 1942 1942 D NetworkSecurityConfig: No Network Security Config specified, using platform default
06-10 15:20:08.939 1071 1934 I okhttp.OkHttpClient: <-- 200 OK http://tyapi.qun7.com/v1/core/launcherota (101ms, unknown-length body)
06-10 15:20:08.943 1128 1128 E hq : listenerNet:::重新来网了 key=image_error isConnect=true
06-10 15:20:08.943 1128 1128 E hq : listenerNet:::重新来网了 key=requestAppWhiteList isConnect=true
06-10 15:20:08.950 1071 1354 I HttpUtil: success
06-10 15:20:08.952 1071 1071 E ccc : cccccc requestOtaInfo result BaseResponse{message='success', data=OtaUpdateBean{downloadId='3870', updateType=1, romVersionName='5.0.0.9', romCode=5555, current=0, romMd5v='15fedd06c92bb996de45bb8db2f59563', romLength=15, romSize='663.7 MB', downUrl='http://dl.qun7.com/H5/H5/5.0.0.9_user_20250609_hsvw_MP/H5_618_20250609_ota.zip', reUrl='http://dl.v5tv.com/H5/H5/5.0.0.9_user_20250609_hsvw_MP/H5_618_20250609_ota.zip', reUrl2='http://dl.tymcdn.com/H5/H5/5.0.0.9_user_20250609_hsvw_MP/H5_618_20250609_ota.zip', tempUrl='null', remark='20250609MP定版5009版本固件测试
06-10 15:20:08.952 1071 1071 E ccc :
