06-10 15:23:07.073 3466 3537 D nStackXCoAP: IsInSameNetwork:[276] :IsInSameNetwork exec
06-10 15:23:07.073 3466 3537 I nStackXDFinder: GetLocalInterfaceDetail:[461] :GetLocalInterfaceDetail in
06-10 15:23:07.073 3466 3537 E nStackXCoAP: IsInSameNetwork:[281] :IsInSameNetwork: not priority process
06-10 15:23:07.073 3466 3537 D nStackXCoAP: ParseServiceDiscover:[330] :new device join
06-10 15:23:07.074 3466 3537 E nStackXDFinder: GetLocalIp:[401] :GetLocalIp exec
06-10 15:23:07.100 3466 3537 D nStackXCoAP: CoapMessageHandler:[133] :2.01
06-10 15:23:07.178 3466 3537 D nStackXCoAP: IsInSameNetwork:[276] :IsInSameNetwork exec
06-10 15:23:07.179 3466 3537 I nStackXDFinder: GetLocalInterfaceDetail:[461] :GetLocalInterfaceDetail in
06-10 15:23:07.179 3466 3537 E nStackXCoAP: IsInSameNetwork:[281] :IsInSameNetwork: not priority process
06-10 15:23:07.179 3466 3537 D nStackXCoAP: ParseServiceDiscover:[330] :new device join
06-10 15:23:07.179 3466 3537 E nStackXDFinder: GetLocalIp:[401] :GetLocalIp exec
06-10 15:23:07.201 523 544 W IorapForwardingService: No service published for: iorapd
06-10 15:23:07.287 3466 3537 D nStackXCoAP: IsInSameNetwork:[276] :IsInSameNetwork exec
06-10 15:23:07.287 3466 3537 I nStackXDFinder: GetLocalInterfaceDetail:[461] :GetLocalInterfaceDetail in
06-10 15:23:07.287 3466 3537 E nStackXCoAP: IsInSameNetwork:[281] :IsInSameNetwork: not priority process
06-10 15:23:07.287 3466 3537 D nStackXCoAP: ParseServiceDiscover:[330] :new device join
06-10 15:23:07.288 3466 3537 E nStackXDFinder: GetLocalIp:[401] :GetLocalIp exec
06-10 15:23:07.332 3466 3537 D nStackXCoAP: CoapMessageHandler:[133] :2.01
06-10 15:23:07.482 3466 3537 D nStackXCoAP: IsInSameNetwork:[276] :IsInSameNetwork exec
06-10 15:23:07.482 3466 3537 I nStackXDFinder: GetLocalInterfaceDetail:[461] :GetLocalInterfaceDetail in
06-10 15:23:07.482 3466 3537 E nStackXCoAP: IsInSameNetwork:[281] :IsInSameNetwork: not priority process
06-10 15:23:07.482 3466 3537 D nStackXCoAP: ParseServiceDiscover:[330] :new device join
06-10 15:23:07.483 3466 3537 E nStackXDFinder: GetLocalIp:[401] :GetLocalIp exec
06-10 15:23:07.571 3466 3537 D nStackXCoAP: CoapMessageHandler:[133] :2.01
06-10 15:23:07.592 3466 3537 D nStackXCoAP: IsInSameNetwork:[276] :IsInSameNetwork exec
06-10 15:23:07.593 3466 3537 I nStackXDFinder: GetLocalInterfaceDetail:[461] :GetLocalInterfaceDetail in
06-10 15:23:07.593 3466 3537 E nStackXCoAP: IsInSameNetwork:[281] :IsInSameNetwork: not priority process
06-10 15:23:07.593 3466 3537 D nStackXCoAP: ParseServiceDiscover:[330] :new device join
06-10 15:23:07.593 3466 3537 E nStackXDFinder: GetLocalIp:[401] :GetLocalIp exec
06-10 15:23:07.608 3466 3537 D nStackXCoAP: CoapMessageHandler:[133] :2.01
06-10 15:23:07.789 3466 3537 D nStackXCoAP: IsInSameNetwork:[276] :IsInSameNetwork exec
06-10 15:23:07.789 3466 3537 I nStackXDFinder: GetLocalInterfaceDetail:[461] :GetLocalInterfaceDetail in
06-10 15:23:07.789 3466 3537 E nStackXCoAP: IsInSameNetwork:[281] :IsInSameNetwork: not priority process
06-10 15:23:07.789 3466 3537 D nStackXCoAP: ParseServiceDiscover:[330] :new device join
06-10 15:23:07.790 3466 3537 E nStackXDFinder: GetLocalIp:[401] :GetLocalIp exec
06-10 15:23:07.906 3466 3537 D nStackXCoAP: IsInSameNetwork:[276] :IsInSameNetwork exec
06-10 15:23:07.906 3466 3537 I nStackXDFinder: GetLocalInterfaceDetail:[461] :GetLocalInterfaceDetail in
06-10 15:23:07.906 3466 3537 E nStackXCoAP: IsInSameNetwork:[281] :IsInSameNetwork: not priority process
06-10 15:23:07.906 3466 3537 D nStackXCoAP: ParseServiceDiscover:[330] :new device join
06-10 15:23:07.906 3466 3537 E nStackXDFinder: GetLocalIp:[401] :GetLocalIp exec
06-10 15:23:07.994 3466 3537 D nStackXCoAP: IsInSameNetwork:[276] :IsInSameNetwork exec
06-10 15:23:07.994 3466 3537 I nStackXDFinder: GetLocalInterfaceDetail:[461] :GetLocalInterfaceDetail in
06-10 15:23:07.994 3466 3537 E nStackXCoAP: IsInSameNetwork:[281] :IsInSameNetwork: not priority process
06-10 15:23:07.994 3466 3537 D nStackXCoAP: ParseServiceDiscover:[330] :new device join
06-10 15:23:07.994 3466 3537 E nStackXDFinder: GetLocalIp:[401] :GetLocalIp exec
06-10 15:23:08.021 3466 3537 D nStackXCoAP: CoapMessageHandler:[133] :2.01
06-10 15:23:08.093 3466 3537 D nStackXCoAP: CoapMessageHandler:[133] :2.01
06-10 15:23:08.111 3466 3537 D nStackXCoAP: CoapMessageHandler:[133] :2.01
06-10 15:23:08.200 3466 3537 D nStackXCoAP: IsInSameNetwork:[276] :IsInSameNetwork exec
06-10 15:23:08.200 3466 3537 I nStackXDFinder: GetLocalInterfaceDetail:[461] :GetLocalInterfaceDetail in
06-10 15:23:08.200 3466 3537 E nStackXCoAP: IsInSameNetwork:[281] :IsInSameNetwork: not priority process
06-10 15:23:08.200 3466 3537 D nStackXCoAP: ParseServiceDiscover:[330] :new device join
06-10 15:23:08.200 3466 3537 E nStackXDFinder: GetLocalIp:[401] :GetLocalIp exec
06-10 15:23:08.204 523 544 W IorapForwardingService: No service published for: iorapd
06-10 15:23:08.319 3466 3537 D nStackXCoAP: IsInSameNetwork:[276] :IsInSameNetwork exec
06-10 15:23:08.319 3466 3537 I nStackXDFinder: GetLocalInterfaceDetail:[461] :GetLocalInterfaceDetail in
06-10 15:23:08.319 3466 3537 E nStackXCoAP: IsInSameNetwork:[281] :IsInSameNetwork: not priority process
06-10 15:23:08.319 3466 3537 D nStackXCoAP: ParseServiceDiscover:[330] :new device join
06-10 15:23:08.320 3466 3537 E nStackXDFinder: GetLocalIp:[401] :GetLocalIp exec
06-10 15:23:08.415 3466 3537 D nStackXCoAP: IsInSameNetwork:[276] :IsInSameNetwork exec
06-10 15:23:08.415 3466 3537 I nStackXDFinder: GetLocalInterfaceDetail:[461] :GetLocalInterfaceDetail in
06-10 15:23:08.415 3466 3537 E nStackXCoAP: IsInSameNetwork:[281] :IsInSameNetwork: not priority process
06-10 15:23:08.415 3466 3537 D nStackXCoAP: ParseServiceDiscover:[330] :new device join
06-10 15:23:08.415 3466 3537 E nStackXDFinder: GetLocalIp:[401] :GetLocalIp exec
06-10 15:23:08.426 3466 3537 D nStackXCoAP: CoapMessageHandler:[133] :2.01
06-10 15:23:08.455 3466 3537 D nStackXCoAP: CoapMessageHandler:[133] :2.01
06-10 15:23:08.515 3302 3311 I gbei.screencas: Background concurrent copying GC freed 37303(4455KB) AllocSpace objects, 4(80KB) LOS objects, 49% free, 4436KB/8873KB, paused 224us total 151.635ms
06-10 15:23:08.611 3466 3537 D nStackXCoAP: IsInSameNetwork:[276] :IsInSameNetwork exec
06-10 15:23:08.612 3466 3537 I nStackXDFinder: GetLocalInterfaceDetail:[461] :GetLocalInterfaceDetail in
06-10 15:23:08.612 3466 3537 E nStackXCoAP: IsInSameNetwork:[281] :IsInSameNetwork: not priority process
06-10 15:23:08.612 3466 3537 D nStackXCoAP: ParseServiceDiscover:[330] :new device join
06-10 15:23:08.612 3466 3537 E nStackXDFinder: GetLocalIp:[401] :GetLocalIp exec
06-10 15:23:08.617 3466 3537 D nStackXCoAP: CoapMessageHandler:[133] :2.01
06-10 15:23:08.727 1128 3744 I dangbei ad sdk: ad manager report data::cache data size=0
06-10 15:23:08.728 1128 1128 I pool-22-thread-: type=1400 audit(0.0:1293): avc: denied { read } for name="address" dev="sysfs" ino=28790 scontext=u:r:system_app:s0 tcontext=u:object_r:sysfs:s0 tclass=file permissive=1
06-10 15:23:08.728 1128 1128 I pool-22-thread-: type=1400 audit(0.0:1294): avc: denied { open } for path="/sys/devices/platform/unisoc_wifi/net/wlan1/address" dev="sysfs" ino=28790 scontext=u:r:system_app:s0 tcontext=u:object_r:sysfs:s0 tclass=file permissive=1
06-10 15:23:08.728 1128 1128 I pool-22-thread-: type=1400 audit(0.0:1295): avc: denied { getattr } for path="/sys/devices/platform/unisoc_wifi/net/wlan1/address" dev="sysfs" ino=28790 scontext=u:r:system_app:s0 tcontext=u:object_r:sysfs:s0 tclass=file permissive=1
06-10 15:23:08.814 3466 3537 D nStackXCoAP: IsInSameNetwork:[276] :IsInSameNetwork exec
06-10 15:23:08.814 3466 3537 I nStackXDFinder: GetLocalInterfaceDetail:[461] :GetLocalInterfaceDetail in
06-10 15:23:08.814 3466 3537 E nStackXCoAP: IsInSameNetwork:[281] :IsInSameNetwork: not priority process
06-10 15:23:08.814 3466 3537 D nStackXCoAP: ParseServiceDiscover:[330] :new device join
06-10 15:23:08.814 3466 3537 E nStackXDFinder: GetLocalIp:[401] :GetLocalIp exec
06-10 15:23:08.929 3466 3537 D nStackXCoAP: CoapMessageHandler:[133] :2.01
06-10 15:23:09.013 3466 3537 D nStackXCoAP: CoapMessageHandler:[133] :2.01
06-10 15:23:09.207 523 544 W IorapForwardingService: No service published for: iorapd
06-10 15:23:09.384 1128 3745 D dangbei ad sdk: HttpUtils.....::response={"msg":"no available advert","code":200}
06-10 15:23:09.475 1190 1190 D aaa : LedStatusService onStartCommand begin
06-10 15:23:09.478 1190 3757 D aaa : topPkg is -------------- :com.dangbei.haqusetting
06-10 15:23:09.488 1249 1249 D bbb : onStartCommand begin !!!!!!! data分区剩余 24985MB
06-10 15:23:10.029 664 664 E WifiHAL : wifi_get_link_stats: requestResponse Error:-5
06-10 15:23:10.031 523 619 E WifiVendorHal: getWifiLinkLayerStats_1_5_Internal(l.1191) failed {.code = ERROR_INVALID_ARGS, .description = }
06-10 15:23:10.209 523 544 W IorapForwardingService: No service published for: iorapd
06-10 15:23:11.211 523 544 W IorapForwardingService: No service published for: iorapd
06-10 15:23:11.580 3466 3537 D nStackXCoAP: IsInSameNetwork:[276] :IsInSameNetwork exec
06-10 15:23:11.580 3466 3537 I nStackXDFinder: GetLocalInterfaceDetail:[461] :GetLocalInterfaceDetail in
06-10 15:23:11.580 3466 3537 E nStackXCoAP: IsInSameNetwork:[281] :IsInSameNetwork: not priority process
06-10 15:23:11.580 3466 3537 D nStackXCoAP: ParseServiceDiscover:[330] :new device join
06-10 15:23:11.581 3466 3537 I nStackXDFinder: NotifyDeviceListChanged:[540] :notify callback: device list changed callback is null
06-10 15:23:11.581 3466 3537 E nStackXDFinder: GetLocalIp:[401] :GetLocalIp exec
06-10 15:23:11.681 3466 3537 D nStackXCoAP: IsInSameNetwork:[276] :IsInSameNetwork exec
06-10 15:23:11.681 3466 3537 I nStackXDFinder: GetLocalInterfaceDetail:[461] :GetLocalInterfaceDetail in
06-10 15:23:11.681 3466 3537 E nStackXCoAP: IsInSameNetwork:[281] :IsInSameNetwork: not priority process
06-10 15:23:11.681 3466 3537 D nStackXCoAP: ParseServiceDiscover:[330] :new device join
06-10 15:23:11.681 3466 3537 E nStackXDFinder: GetLocalIp:[401] :GetLocalIp exec
06-10 15:23:11.885 3466 3537 D nStackXCoAP: IsInSameNetwork:[276] :IsInSameNetwork exec
06-10 15:23:11.885 3466 3537 I nStackXDFinder: GetLocalInterfaceDetail:[461] :GetLocalInterfaceDetail in
06-10 15:23:11.885 3466 3537 E nStackXCoAP: IsInSameNetwork:[281] :IsInSameNetwork: not priority process
06-10 15:23:11.885 3466 3537 D nStackXCoAP: ParseServiceDiscover:[330] :new device join
06-10 15:23:11.885 3466 3537 E nStackXDFinder: GetLocalIp:[401] :GetLocalIp exec
06-10 15:23:12.092 3466 3537 D nStackXCoAP: IsInSameNetwork:[276] :IsInSameNetwork exec
06-10 15:23:12.092 3466 3537 I nStackXDFinder: GetLocalInterfaceDetail:[461] :GetLocalInterfaceDetail in
06-10 15:23:12.092 3466 3537 E nStackXCoAP: IsInSameNetwork:[281] :IsInSameNetwork: not priority process
06-10 15:23:12.092 3466 3537 D nStackXCoAP: ParseServiceDiscover:[330] :new device join
06-10 15:23:12.093 3466 3537 E nStackXDFinder: GetLocalIp:[401] :GetLocalIp exec
06-10 15:23:12.214 523 544 W IorapForwardingService: No service published for: iorapd
06-10 15:23:12.602 3466 3537 D nStackXCoAP: IsInSameNetwork:[276] :IsInSameNetwork exec
06-10 15:23:12.602 3466 3537 I nStackXDFinder: GetLocalInterfaceDetail:[461] :GetLocalInterfaceDetail in
06-10 15:23:12.602 3466 3537 E nStackXCoAP: IsInSameNetwork:[281] :IsInSameNetwork: not priority process
06-10 15:23:12.602 3466 3537 D nStackXCoAP: ParseServiceDiscover:[330] :new device join
06-10 15:23:12.602 3466 3537 E nStackXDFinder: GetLocalIp:[401] :GetLocalIp exec
06-10 15:23:13.044 664 664 E WifiHAL : wifi_get_link_stats: requestResponse Error:-5
06-10 15:23:13.046 523 619 E WifiVendorHal: getWifiLinkLayerStats_1_5_Internal(l.1191) failed {.code = ERROR_INVALID_ARGS, .description = }
06-10 15:23:13.125 3466 3537 D nStackXCoAP: IsInSameNetwork:[276] :IsInSameNetwork exec
06-10 15:23:13.125 3466 3537 I nStackXDFinder: GetLocalInterfaceDetail:[461] :GetLocalInterfaceDetail in
06-10 15:23:13.125 3466 3537 E nStackXCoAP: IsInSameNetwork:[281] :IsInSameNetwork: not priority process
06-10 15:23:13.125 3466 3537 D nStackXCoAP: ParseServiceDiscover:[330] :new device join
06-10 15:23:13.126 3466 3537 E nStackXDFinder: GetLocalIp:[401] :GetLocalIp exec
06-10 15:23:13.217 523 544 W IorapForwardingService: No service published for: iorapd
06-10 15:23:13.528 3466 3537 D nStackXCoAP: IsInSameNetwork:[276] :IsInSameNetwork exec
06-10 15:23:13.528 3466 3537 I nStackXDFinder: GetLocalInterfaceDetail:[461] :GetLocalInterfaceDetail in
06-10 15:23:13.528 3466 3537 E nStackXCoAP: IsInSameNetwork:[281] :IsInSameNetwork: not priority process
06-10 15:23:13.528 3466 3537 D nStackXCoAP: ParseServiceDiscover:[330] :new device join
06-10 15:23:13.528 3466 3537 E nStackXDFinder: GetLocalIp:[401] :GetLocalIp exec
06-10 15:23:14.041 3466 3537 D nStackXCoAP: IsInSameNetwork:[276] :IsInSameNetwork exec
06-10 15:23:14.041 3466 3537 I nStackXDFinder: GetLocalInterfaceDetail:[461] :GetLocalInterfaceDetail in
06-10 15:23:14.041 3466 3537 E nStackXCoAP: IsInSameNetwork:[281] :IsInSameNetwork: not priority process
06-10 15:23:14.041 3466 3537 D nStackXCoAP: ParseServiceDiscover:[330] :new device join
06-10 15:23:14.041 3466 3537 E nStackXDFinder: GetLocalIp:[401] :GetLocalIp exec
06-10 15:23:14.220 523 544 W IorapForwardingService: No service published for: iorapd
06-10 15:23:14.411 2350 2439 D UtilLog : 日志批量上报 进行正常循环 !!!!!!本次有0次请求,共0条数据
06-10 15:23:14.594 281 307 D hdmi-cec: receive invalid cec message!
06-10 15:23:14.594 281 307 D hdmi-cec: receive poll message [04], skip!
06-10 15:23:14.626 3466 3537 D nStackXCoAP: IsInSameNetwork:[276] :IsInSameNetwork exec
06-10 15:23:14.626 3466 3537 I nStackXDFinder: GetLocalInterfaceDetail:[461] :GetLocalInterfaceDetail in
06-10 15:23:14.627 3466 3537 E nStackXCoAP: IsInSameNetwork:[281] :IsInSameNetwork: not priority process
06-10 15:23:14.627 3466 3537 D nStackXCoAP: ParseServiceDiscover:[330] :new device join
06-10 15:23:14.627 3466 3537 E nStackXDFinder: GetLocalIp:[401] :GetLocalIp exec
06-10 15:23:14.758 1071 1514 E dangbei111: cccccc 检查遥控器是否连接: Dangbei E4:BB:D3:57:C0:7D
06-10 15:23:14.761 1071 1514 E dangbei111: cccccc 检查遥控器是否连接: 蓝牙的结果 Dangbei E4:BB:D3:57:C0:7D true
06-10 15:23:14.762 1071 1514 E dangbei111: cccccc 确实有遥控器 存在 取消check任务
06-10 15:23:14.762 1071 1514 D BluetoothAdapter: isLeEnabled(): ON
06-10 15:23:14.771 674 1016 I bt_stack: [INFO:gatt_api.cc(1042)] GATT_Deregister gatt_if=5
06-10 15:23:14.772 1071 1514 E dangbei111: cccccc rc is connected, stop scan =E4:BB:D3:57:C0:7D
06-10 15:23:15.059 3466 3537 D nStackXCoAP: IsInSameNetwork:[276] :IsInSameNetwork exec
06-10 15:23:15.060 3466 3537 I nStackXDFinder: GetLocalInterfaceDetail:[461] :GetLocalInterfaceDetail in
06-10 15:23:15.060 3466 3537 E nStackXCoAP: IsInSameNetwork:[281] :IsInSameNetwork: not priority process
06-10 15:23:15.060 3466 3537 D nStackXCoAP: ParseServiceDiscover:[330] :new device join
06-10 15:23:15.060 3466 3537 E nStackXDFinder: GetLocalIp:[401] :GetLocalIp exec
06-10 15:23:15.223 523 544 W IorapForwardingService: No service published for: iorapd
06-10 15:23:15.470 3466 3537 D nStackXCoAP: IsInSameNetwork:[276] :IsInSameNetwork exec
06-10 15:23:15.470 3466 3537 I nStackXDFinder: GetLocalInterfaceDetail:[461] :GetLocalInterfaceDetail in
06-10 15:23:15.470 3466 3537 E nStackXCoAP: IsInSameNetwork:[281] :IsInSameNetwork: not priority process
06-10 15:23:15.470 3466 3537 D nStackXCoAP: ParseServiceDiscover:[330] :new device join
06-10 15:23:15.470 3466 3537 I nStackXDFinder: NotifyDeviceListChanged:[540] :notify callback: device list changed callback is null
06-10 15:23:15.470 3466 3537 E nStackXDFinder: GetLocalIp:[401] :GetLocalIp exec
06-10 15:23:15.564 3466 3537 D nStackXCoAP: CoapMessageHandler:[133] :2.01
06-10 15:23:15.579 3466 3537 D nStackXCoAP: IsInSameNetwork:[276] :IsInSameNetwork exec
06-10 15:23:15.579 3466 3537 I nStackXDFinder: GetLocalInterfaceDetail:[461] :GetLocalInterfaceDetail in
06-10 15:23:15.579 3466 3537 E nStackXCoAP: IsInSameNetwork:[281] :IsInSameNetwork: not priority process
06-10 15:23:15.579 3466 3537 D nStackXCoAP: ParseServiceDiscover:[330] :new device join
06-10 15:23:15.579 3466 3537 E nStackXDFinder: GetLocalIp:[401] :GetLocalIp exec
06-10 15:23:15.675 3466 3537 D nStackXCoAP: IsInSameNetwork:[276] :IsInSameNetwork exec
06-10 15:23:15.675 3466 3537 I nStackXDFinder: GetLocalInterfaceDetail:[461] :GetLocalInterfaceDetail in
06-10 15:23:15.675 3466 3537 E nStackXCoAP: IsInSameNetwork:[281] :IsInSameNetwork: not priority process
06-10 15:23:15.675 3466 3537 D nStackXCoAP: ParseServiceDiscover:[330] :new device join
06-10 15:23:15.675 3466 3537 E nStackXDFinder: GetLocalIp:[401] :GetLocalIp exec
06-10 15:23:15.701 3466 3537 D nStackXCoAP: CoapMessageHandler:[133] :2.01
06-10 15:23:15.785 3466 3537 D nStackXCoAP: IsInSameNetwork:[276] :IsInSameNetwork exec
06-10 15:23:15.785 3466 3537 I nStackXDFinder: GetLocalInterfaceDetail:[461] :GetLocalInterfaceDetail in
06-10 15:23:15.785 3466 3537 E nStackXCoAP: IsInSameNetwork:[281] :IsInSameNetwork: not priority process
06-10 15:23:15.785 3466 3537 D nStackXCoAP: ParseServiceDiscover:[330] :new device join
06-10 15:23:15.785 3466 3537 E nStackXDFinder: GetLocalIp:[401] :GetLocalIp exec
06-10 15:23:15.883 3466 3537 D nStackXCoAP: CoapMessageHandler:[133] :2.01
06-10 15:23:15.990 3466 3537 D nStackXCoAP: IsInSameNetwork:[276] :IsInSameNetwork exec
06-10 15:23:15.991 3466 3537 I nStackXDFinder: GetLocalInterfaceDetail:[461] :GetLocalInterfaceDetail in
06-10 15:23:15.991 3466 3537 E nStackXCoAP: IsInSameNetwork:[281] :IsInSameNetwork: not priority process
06-10 15:23:15.991 3466 3537 D nStackXCoAP: ParseServiceDiscover:[330] :new device join
06-10 15:23:15.991 3466 3537 E nStackXDFinder: GetLocalIp:[401] :GetLocalIp exec
06-10 15:23:16.005 3466 3537 D nStackXCoAP: CoapMessageHandler:[133] :2.01
06-10 15:23:16.061 664 664 E WifiHAL : wifi_get_link_stats: requestResponse Error:-5
06-10 15:23:16.064 523 619 E WifiVendorHal: getWifiLinkLayerStats_1_5_Internal(l.1191) failed {.code = ERROR_INVALID_ARGS, .description = }
06-10 15:23:16.083 3466 3537 D nStackXCoAP: IsInSameNetwork:[276] :IsInSameNetwork exec
06-10 15:23:16.083 3466 3537 I nStackXDFinder: GetLocalInterfaceDetail:[461] :GetLocalInterfaceDetail in
06-10 15:23:16.083 3466 3537 E nStackXCoAP: IsInSameNetwork:[281] :IsInSameNetwork: not priority process
06-10 15:23:16.083 3466 3537 D nStackXCoAP: ParseServiceDiscover:[330] :new device join
06-10 15:23:16.083 3466 3537 E nStackXDFinder: GetLocalIp:[401] :GetLocalIp exec
06-10 15:23:16.146 357 357 E : Send upper Vendor Specific event.
06-10 15:23:16.225 523 544 W IorapForwardingService: No service published for: iorapd
06-10 15:23:16.606 3466 3537 D nStackXCoAP: IsInSameNetwork:[276] :IsInSameNetwork exec
06-10 15:23:16.606 3466 3537 I nStackXDFinder: GetLocalInterfaceDetail:[461] :GetLocalInterfaceDetail in
06-10 15:23:16.606 3466 3537 E nStackXCoAP: IsInSameNetwork:[281] :IsInSameNetwork: not priority process
06-10 15:23:16.606 3466 3537 D nStackXCoAP: ParseServiceDiscover:[330] :new device join
06-10 15:23:16.606 3466 3537 E nStackXDFinder: GetLocalIp:[401] :GetLocalIp exec
06-10 15:23:16.618 3466 3537 D nStackXCoAP: CoapMessageHandler:[133] :2.01
06-10 15:23:17.012 3466 3537 D nStackXCoAP: IsInSameNetwork:[276] :IsInSameNetwork exec
06-10 15:23:17.012 3466 3537 I nStackXDFinder: GetLocalInterfaceDetail:[461] :GetLocalInterfaceDetail in
06-10 15:23:17.013 3466 3537 E nStackXCoAP: IsInSameNetwork:[281] :IsInSameNetwork: not priority process
06-10 15:23:17.013 3466 3537 D nStackXCoAP: ParseServiceDiscover:[330] :new device join
06-10 15:23:17.013 3466 3537 E nStackXDFinder: GetLocalIp:[401] :GetLocalIp exec
06-10 15:23:17.028 3466 3537 D nStackXCoAP: CoapMessageHandler:[133] :2.01
06-10 15:23:17.228 523 544 W IorapForwardingService: No service published for: iorapd
06-10 15:23:17.298 523 659 I WifiService: startScan uid=1000
06-10 15:23:17.509 1249 1249 D bbb : onStartCommand begin !!!!!!! data分区剩余 24985MB
06-10 15:23:17.512 1190 1190 D aaa : LedStatusService onStartCommand begin
06-10 15:23:17.514 1190 3768 D aaa : topPkg is -------------- :com.dangbei.haqusetting
06-10 15:23:17.517 3466 3537 D nStackXCoAP: IsInSameNetwork:[276] :IsInSameNetwork exec
06-10 15:23:17.518 3466 3537 I nStackXDFinder: GetLocalInterfaceDetail:[461] :GetLocalInterfaceDetail in
06-10 15:23:17.518 3466 3537 E nStackXCoAP: IsInSameNetwork:[281] :IsInSameNetwork: not priority process
06-10 15:23:17.518 3466 3537 D nStackXCoAP: ParseServiceDiscover:[330] :new device join
06-10 15:23:17.518 3466 3537 E nStackXDFinder: GetLocalIp:[401] :GetLocalIp exec
06-10 15:23:17.607 3466 3537 D nStackXCoAP: CoapMessageHandler:[133] :2.01
06-10 15:23:18.029 3466 3537 D nStackXCoAP: IsInSameNetwork:[276] :IsInSameNetwork exec
06-10 15:23:18.029 3466 3537 I nStackXDFinder: GetLocalInterfaceDetail:[461] :GetLocalInterfaceDetail in
06-10 15:23:18.029 3466 3537 E nStackXCoAP: IsInSameNetwork:[281] :IsInSameNetwork: not priority process
06-10 15:23:18.029 3466 3537 D nStackXCoAP: ParseServiceDiscover:[330] :new device join
06-10 15:23:18.029 3466 3537 E nStackXDFinder: GetLocalIp:[401] :GetLocalIp exec
06-10 15:23:18.117 3466 3537 D nStackXCoAP: CoapMessageHandler:[133] :2.01
06-10 15:23:18.230 523 544 W IorapForwardingService: No service published for: iorapd
06-10 15:23:18.541 3466 3537 D nStackXCoAP: IsInSameNetwork:[276] :IsInSameNetwork exec
06-10 15:23:18.542 3466 3537 I nStackXDFinder: GetLocalInterfaceDetail:[461] :GetLocalInterfaceDetail in
06-10 15:23:18.542 3466 3537 E nStackXCoAP: IsInSameNetwork:[281] :IsInSameNetwork: not priority process
06-10 15:23:18.542 3466 3537 D nStackXCoAP: ParseServiceDiscover:[330] :new device join
06-10 15:23:18.542 3466 3537 E nStackXDFinder: GetLocalIp:[401] :GetLocalIp exec
06-10 15:23:18.568 3466 3537 D nStackXCoAP: CoapMessageHandler:[133] :2.01
06-10 15:23:19.053 3466 3537 D nStackXCoAP: IsInSameNetwork:[276] :IsInSameNetwork exec
06-10 15:23:19.053 3466 3537 I nStackXDFinder: GetLocalInterfaceDetail:[461] :GetLocalInterfaceDetail in
06-10 15:23:19.053 3466 3537 E nStackXCoAP: IsInSameNetwork:[281] :IsInSameNetwork: not priority process
06-10 15:23:19.053 3466 3537 D nStackXCoAP: ParseServiceDiscover:[330] :new device join
06-10 15:23:19.053 3466 3537 E nStackXDFinder: GetLocalIp:[401] :GetLocalIp exec
06-10 15:23:19.077 664 664 E WifiHAL : wifi_get_link_stats: requestResponse Error:-5
06-10 15:23:19.078 523 619 E WifiVendorHal: getWifiLinkLayerStats_1_5_Internal(l.1191) failed {.code = ERROR_INVALID_ARGS, .description = }
06-10 15:23:19.141 523 816 D WifiNl80211Manager: Scan result ready event
06-10 15:23:19.142 523 816 D WifiNative: Scan result ready event
06-10 15:23:19.145 267 1015 E bt_upio : upio_set : /proc/bluetooth/sleep/btwrite(-1) incorrent
06-10 15:23:19.149 3466 3537 D nStackXCoAP: CoapMessageHandler:[133] :2.01
06-10 15:23:19.199 1128 1128 E hq : NetWorkStateReceiver:::NetWorkStateReceiver onReceive: 网络变化广播 >>>> intent.action=android.net.wifi.SCAN_RESULTS
06-10 15:23:19.199 3054 3126 E ccc : cccccc SCAN_RESULTS_AVAILABLE_ACTION hhhh
06-10 15:23:19.206 664 664 E WifiHAL : wifi_get_link_stats: requestResponse Error:-5
06-10 15:23:19.207 523 619 E WifiVendorHal: getWifiLinkLayerStats_1_5_Internal(l.1191) failed {.code = ERROR_INVALID_ARGS, .description = }
06-10 15:23:19.233 523 544 W IorapForwardingService: No service published for: iorapd
06-10 15:23:19.237 1128 1128 W eventbuscore: post Event:com.dangbei.leard.base.entity.event.NetWifiRssiEvent
06-10 15:23:19.276 434 434 I : DVI mode selected: packets not configured
06-10 15:23:19.276 434 434 I : Error: set vsif failed
06-10 15:23:19.277 434 434 I : DVI mode selected: packets not configured
06-10 15:23:19.277 434 434 I : Error: set vsif failed
06-10 15:23:19.466 3466 3537 D nStackXCoAP: IsInSameNetwork:[276] :IsInSameNetwork exec
06-10 15:23:19.466 3466 3537 I nStackXDFinder: GetLocalInterfaceDetail:[461] :GetLocalInterfaceDetail in
06-10 15:23:19.466 3466 3537 E nStackXCoAP: IsInSameNetwork:[281] :IsInSameNetwork: not priority process
06-10 15:23:19.466 3466 3537 D nStackXCoAP: ParseServiceDiscover:[330] :new device join
06-10 15:23:19.467 3466 3537 E nStackXDFinder: GetLocalIp:[401] :GetLocalIp exec
06-10 15:23:19.487 3466 3537 D nStackXCoAP: CoapMessageHandler:[133] :2.01
06-10 15:23:19.978 3466 3537 D nStackXCoAP: IsInSameNetwork:[276] :IsInSameNetwork exec
06-10 15:23:19.978 3466 3537 I nStackXDFinder: GetLocalInterfaceDetail:[461] :GetLocalInterfaceDetail in
06-10 15:23:19.978 3466 3537 E nStackXCoAP: IsInSameNetwork:[281] :IsInSameNetwork: not priority process
06-10 15:23:19.978 3466 3537 D nStackXCoAP: ParseServiceDiscover:[330] :new device join
06-10 15:23:19.978 3466 3537 E nStackXDFinder: GetLocalIp:[401] :GetLocalIp exec
06-10 15:23:20.001 3466 3537 D nStackXCoAP: CoapMessageHandler:[133] :2.01
06-10 15:23:20.236 523 544 W IorapForwardingService: No service published for: iorapd
06-10 15:23:21.239 523 544 W IorapForwardingService: No service published for: iorapd
06-10 15:23:22.091 664 664 E WifiHAL : wifi_get_link_stats: requestResponse Error:-5
06-10 15:23:22.093 523 619 E WifiVendorHal: getWifiLinkLayerStats_1_5_Internal(l.1191) failed {.code = ERROR_INVALID_ARGS, .description = }
06-10 15:23:22.196 3302 3302 I efs-base: type=1400 audit(0.0:1296): avc: denied { search } for name="com.dangbei.screencast" dev="mmcblk0p25" ino=891 scontext=u:r:platform_app:s0:c512,c768 tcontext=u:object_r:app_data_file:s0:c512,c768 tclass=dir permissive=1 app=com.dangbei.screencast
06-10 15:23:22.196 3302 3302 I efs-base: type=1400 audit(0.0:1297): avc: denied { getattr } for path="/data/user/0/com.dangbei.screencast/app_UApm/5fc60c21094d637f3130af19/ready" dev="mmcblk0p25" ino=1957 scontext=u:r:platform_app:s0:c512,c768 tcontext=u:object_r:app_data_file:s0:c512,c768 tclass=dir permissive=1 app=com.dangbei.screencast
06-10 15:23:22.196 3302 3302 I efs-base: type=1400 audit(0.0:1298): avc: denied { read } for name="ready" dev="mmcblk0p25" ino=1957 scontext=u:r:platform_app:s0:c512,c768 tcontext=u:object_r:app_data_file:s0:c512,c768 tclass=dir permissive=1 app=com.dangbei.screencast
06-10 15:23:22.196 3302 3302 I efs-base: type=1400 audit(0.0:1299): avc: denied { open } for path="/data/user/0/com.dangbei.screencast/app_UApm/5fc60c21094d637f3130af19/ready" dev="mmcblk0p25" ino=1957 scontext=u:r:platform_app:s0:c512,c768 tcontext=u:object_r:app_data_file:s0:c512,c768 tclass=dir permissive=1 app=com.dangbei.screencast
06-10 15:23:22.241 523 544 W IorapForwardingService: No service published for: iorapd
06-10 15:23:23.243 523 544 W IorapForwardingService: No service published for: iorapd
06-10 15:23:23.351 3302 3311 I gbei.screencas: Background concurrent copying GC freed 43477(4200KB) AllocSpace objects, 0(0B) LOS objects, 49% free, 4390KB/8781KB, paused 156us total 134.436ms
06-10 15:23:24.245 523 544 W IorapForwardingService: No service published for: iorapd
06-10 15:23:24.412 2350 2439 D UtilLog : 日志批量上报 进行正常循环 !!!!!!本次有0次请求,共0条数据
06-10 15:23:25.107 664 664 E WifiHAL : wifi_get_link_stats: requestResponse Error:-5
06-10 15:23:25.108 523 619 E WifiVendorHal: getWifiLinkLayerStats_1_5_Internal(l.1191) failed {.code = ERROR_INVALID_ARGS, .description = }
06-10 15:23:25.247 523 544 W IorapForwardingService: No service published for: iorapd
06-10 15:23:25.548 1190 1190 D aaa : LedStatusService onStartCommand begin
06-10 15:23:25.548 1249 1249 D bbb : onStartCommand begin !!!!!!! data分区剩余 24985MB
06-10 15:23:25.550 1190 3778 D aaa : topPkg is -------------- :com.dangbei.haqusetting
06-10 15:23:26.250 523 544 W IorapForwardingService: No service published for: iorapd
06-10 15:23:27.252 523 544 W IorapForwardingService: No service published for: iorapd
06-10 15:23:27.729 523 1007 W ZramWriteback: Writeback device is not set
06-10 15:23:27.730 523 1007 D ZramWriteback: wait to flush
06-10 15:23:28.121 664 664 E WifiHAL : wifi_get_link_stats: requestResponse Error:-5
06-10 15:23:28.123 523 619 E WifiVendorHal: getWifiLinkLayerStats_1_5_Internal(l.1191) failed {.code = ERROR_INVALID_ARGS, .description = }
06-10 15:23:28.254 523 544 W IorapForwardingService: No service published for: iorapd
06-10 15:23:29.257 523 544 W IorapForwardingService: No service published for: iorapd
06-10 15:23:29.621 281 307 D hdmi-cec: receive invalid cec message!
06-10 15:23:29.621 281 307 D hdmi-cec: receive poll message [04], skip!
06-10 15:23:30.259 523 544 W IorapForwardingService: No service published for: iorapd
06-10 15:23:31.137 664 664 E WifiHAL : wifi_get_link_stats: requestResponse Error:-5
06-10 15:23:31.140 523 619 E WifiVendorHal: getWifiLinkLayerStats_1_5_Internal(l.1191) failed {.code = ERROR_INVALID_ARGS, .description = }
06-10 15:23:31.262 523 544 W IorapForwardingService: No service published for: iorapd
06-10 15:23:32.265 523 544 W IorapForwardingService: No service published for: iorapd
06-10 15:23:33.267 523 544 W IorapForwardingService: No service published for: iorapd
06-10 15:23:33.604 1190 1190 D aaa : LedStatusService onStartCommand begin
06-10 15:23:33.608 1190 3787 D aaa : topPkg is -------------- :com.dangbei.haqusetting
06-10 15:23:33.608 1249 1249 D bbb : onStartCommand begin !!!!!!! data分区剩余 24985MB
06-10 15:23:34.156 664 664 E WifiHAL : wifi_get_link_stats: requestResponse Error:-5
06-10 15:23:34.158 523 619 E WifiVendorHal: getWifiLinkLayerStats_1_5_Internal(l.1191) failed {.code = ERROR_INVALID_ARGS, .description = }
06-10 15:23:34.270 523 544 W IorapForwardingService: No service published for: iorapd
06-10 15:23:34.410 2350 2439 D UtilLog : 日志批量上报 进行正常循环 !!!!!!本次有0次请求,共0条数据
06-10 15:23:35.272 523 544 W IorapForwardingService: No service published for: iorapd
06-10 15:23:35.517 2350 2438 I TDLog : [APP] New data found, Submitting...
06-10 15:23:35.525 2350 2438 I TDLog : [APP] Failed to submit data!
06-10 15:23:35.895 3302 3311 I gbei.screencas: Background concurrent copying GC freed 32759(4179KB) AllocSpace objects, 0(0B) LOS objects, 49% free, 4416KB/8831KB, paused 135us total 115.499ms
06-10 15:23:36.274 523 544 W IorapForwardingService: No service published for: iorapd
06-10 15:23:37.172 664 664 E WifiHAL : wifi_get_link_stats: requestResponse Error:-5
06-10 15:23:37.174 523 619 E WifiVendorHal: getWifiLinkLayerStats_1_5_Internal(l.1191) failed {.code = ERROR_INVALID_ARGS, .description = }
06-10 15:23:37.277 523 544 W IorapForwardingService: No service published for: iorapd
06-10 15:23:38.279 523 544 W IorapForwardingService: No service published for: iorapd
06-10 15:23:39.282 523 544 W IorapForwardingService: No service published for: iorapd
06-10 15:23:40.189 664 664 E WifiHAL : wifi_get_link_stats: requestResponse Error:-5
06-10 15:23:40.191 523 619 E WifiVendorHal: getWifiLinkLayerStats_1_5_Internal(l.1191) failed {.code = ERROR_INVALID_ARGS, .description = }
06-10 15:23:40.284 523 544 W IorapForwardingService: No service published for: iorapd
06-10 15:23:41.287 523 544 W IorapForwardingService: No service published for: iorapd
06-10 15:23:41.634 1190 1190 D aaa : LedStatusService onStartCommand begin
06-10 15:23:41.638 1190 3798 D aaa : topPkg is -------------- :com.dangbei.haqusetting
06-10 15:23:41.642 1249 1249 D bbb : onStartCommand begin !!!!!!! data分区剩余 24985MB
06-10 15:23:41.770 523 533 I system_server: Background young concurrent copying GC freed 196504(6992KB) AllocSpace objects, 46(920KB) LOS objects, 41% free, 10MB/18MB, paused 557us total 142.920ms
06-10 15:23:42.290 523 544 W IorapForwardingService: No service published for: iorapd
06-10 15:23:43.205 664 664 E WifiHAL : wifi_get_link_stats: requestResponse Error:-5
06-10 15:23:43.207 523 619 E WifiVendorHal: getWifiLinkLayerStats_1_5_Internal(l.1191) failed {.code = ERROR_INVALID_ARGS, .description = }
06-10 15:23:43.292 523 544 W IorapForwardingService: No service published for: iorapd
06-10 15:23:44.294 523 544 W IorapForwardingService: No service published for: iorapd
06-10 15:23:44.409 2350 2439 D UtilLog : 日志批量上报 进行正常循环 !!!!!!本次有0次请求,共0条数据
06-10 15:23:44.649 281 307 D hdmi-cec: receive invalid cec message!
06-10 15:23:44.649 281 307 D hdmi-cec: receive poll message [04], skip!
06-10 15:23:45.297 523 544 W IorapForwardingService: No service published for: iorapd
06-10 15:23:46.220 664 664 E WifiHAL : wifi_get_link_stats: requestResponse Error:-5
06-10 15:23:46.224 523 619 E WifiVendorHal: getWifiLinkLayerStats_1_5_Internal(l.1191) failed {.code = ERROR_INVALID_ARGS, .description = }
06-10 15:23:46.299 523 544 W IorapForwardingService: No service published for: iorapd
06-10 15:23:47.302 523 544 W IorapForwardingService: No service published for: iorapd
06-10 15:23:48.305 523 544 W IorapForwardingService: No service published for: iorapd
06-10 15:23:49.240 664 664 E WifiHAL : wifi_get_link_stats: requestResponse Error:-5
06-10 15:23:49.244 523 619 E WifiVendorHal: getWifiLinkLayerStats_1_5_Internal(l.1191) failed {.code = ERROR_INVALID_ARGS, .description = }
06-10 15:23:49.289 523 659 I WifiService: startScan uid=1000
06-10 15:23:49.307 523 544 W IorapForwardingService: No service published for: iorapd
06-10 15:23:49.371 3466 3537 D nStackXCoAP: IsInSameNetwork:[276] :IsInSameNetwork exec
06-10 15:23:49.371 3466 3537 I nStackXDFinder: GetLocalInterfaceDetail:[461] :GetLocalInterfaceDetail in
06-10 15:23:49.371 3466 3537 E nStackXCoAP: IsInSameNetwork:[281] :IsInSameNetwork: not priority process
06-10 15:23:49.371 3466 3537 D nStackXCoAP: ParseServiceDiscover:[330] :new device join
06-10 15:23:49.371 3466 3537 E nStackXDFinder: GetLocalIp:[401] :GetLocalIp exec
06-10 15:23:49.453 3466 3537 D nStackXCoAP: CoapMessageHandler:[133] :2.01
06-10 15:23:49.466 3466 3537 D nStackXCoAP: IsInSameNetwork:[276] :IsInSameNetwork exec
06-10 15:23:49.466 3466 3537 I nStackXDFinder: GetLocalInterfaceDetail:[461] :GetLocalInterfaceDetail in
06-10 15:23:49.466 3466 3537 E nStackXCoAP: IsInSameNetwork:[281] :IsInSameNetwork: not priority process
06-10 15:23:49.466 3466 3537 D nStackXCoAP: ParseServiceDiscover:[330] :new device join
06-10 15:23:49.467 3466 3537 E nStackXDFinder: GetLocalIp:[401] :GetLocalIp exec
06-10 15:23:49.554 3466 3537 D nStackXCoAP: CoapMessageHandler:[133] :2.01
06-10 15:23:49.674 1249 1249 D bbb : onStartCommand begin !!!!!!! data分区剩余 24985MB
06-10 15:23:49.679 3466 3537 D nStackXCoAP: IsInSameNetwork:[276] :IsInSameNetwork exec
06-10 15:23:49.679 3466 3537 I nStackXDFinder: GetLocalInterfaceDetail:[461] :GetLocalInterfaceDetail in
06-10 15:23:49.679 3466 3537 E nStackXCoAP: IsInSameNetwork:[281] :IsInSameNetwork: not priority process
06-10 15:23:49.679 3466 3537 D nStackXCoAP: ParseServiceDiscover:[330] :new device join
06-10 15:23:49.679 1190 1190 D aaa : LedStatusService onStartCommand begin
06-10 15:23:49.680 3466 3537 E nStackXDFinder: GetLocalIp:[401] :GetLocalIp exec
06-10 15:23:49.683 1190 3807 D aaa : topPkg is -------------- :com.dangbei.haqusetting
06-10 15:23:49.767 3466 3537 D nStackXCoAP: CoapMessageHandler:[133] :2.01
06-10 15:23:50.309 523 544 W IorapForwardingService: No service published for: iorapd
06-10 15:23:50.396 3466 3537 D nStackXCoAP: IsInSameNetwork:[276] :IsInSameNetwork exec
06-10 15:23:50.396 3466 3537 I nStackXDFinder: GetLocalInterfaceDetail:[461] :GetLocalInterfaceDetail in
06-10 15:23:50.396 3466 3537 E nStackXCoAP: IsInSameNetwork:[281] :IsInSameNetwork: not priority process
06-10 15:23:50.396 3466 3537 D nStackXCoAP: ParseServiceDiscover:[330] :new device join
06-10 15:23:50.396 3466 3537 E nStackXDFinder: GetLocalIp:[401] :GetLocalIp exec
06-10 15:23:50.498 3466 3537 D nStackXCoAP: CoapMessageHandler:[133] :2.01
06-10 15:23:50.909 3466 3537 D nStackXCoAP: IsInSameNetwork:[276] :IsInSameNetwork exec
06-10 15:23:50.909 3466 3537 I nStackXDFinder: GetLocalInterfaceDetail:[461] :GetLocalInterfaceDetail in
06-10 15:23:50.909 3466 3537 E nStackXCoAP: IsInSameNetwork:[281] :IsInSameNetwork: not priority process
06-10 15:23:50.909 3466 3537 D nStackXCoAP: ParseServiceDiscover:[330] :new device join
06-10 15:23:50.909 3466 3537 E nStackXDFinder: GetLocalIp:[401] :GetLocalIp exec
06-10 15:23:50.996 3466 3537 D nStackXCoAP: CoapMessageHandler:[133] :2.01
06-10 15:23:51.145 523 588 D WifiNl80211Manager: Scan result ready event
06-10 15:23:51.145 523 588 D WifiNative: Scan result ready event
06-10 15:23:51.193 1128 1128 E hq : NetWorkStateReceiver:::NetWorkStateReceiver onReceive: 网络变化广播 >>>> intent.action=android.net.wifi.SCAN_RESULTS
06-10 15:23:51.194 3054 3126 E ccc : cccccc SCAN_RESULTS_AVAILABLE_ACTION hhhh
06-10 15:23:51.204 664 664 E WifiHAL : wifi_get_link_stats: requestResponse Error:-5
06-10 15:23:51.207 523 619 E WifiVendorHal: getWifiLinkLayerStats_1_5_Internal(l.1191) failed {.code = ERROR_INVALID_ARGS, .description = }
06-10 15:23:51.239 1128 1128 W eventbuscore: post Event:com.dangbei.leard.base.entity.event.NetWifiRssiEvent
06-10 15:23:51.293 434 434 I : DVI mode selected: packets not configured
06-10 15:23:51.293 434 434 I : Error: set vsif failed
06-10 15:23:51.293 434 434 I : DVI mode selected: packets not configured
06-10 15:23:51.293 434 434 I : Error: set vsif failed
06-10 15:23:51.311 523 544 W IorapForwardingService: No service published for: iorapd
06-10 15:23:51.412 3466 3537 D nStackXCoAP: IsInSameNetwork:[276] :IsInSameNetwork exec
06-10 15:23:51.413 3466 3537 I nStackXDFinder: GetLocalInterfaceDetail:[461] :GetLocalInterfaceDetail in
06-10 15:23:51.413 3466 3537 E nStackXCoAP: IsInSameNetwork:[281] :IsInSameNetwork: not priority process
06-10 15:23:51.413 3466 3537 D nStackXCoAP: ParseServiceDiscover:[330] :new device join
06-10 15:23:51.413 3466 3537 E nStackXDFinder: GetLocalIp:[401] :GetLocalIp exec
06-10 15:23:51.440 3466 3537 D nStackXCoAP: CoapMessageHandler:[133] :2.01
06-10 15:23:51.926 3466 3537 D nStackXCoAP: IsInSameNetwork:[276] :IsInSameNetwork exec
06-10 15:23:51.927 3466 3537 I nStackXDFinder: GetLocalInterfaceDetail:[461] :GetLocalInterfaceDetail in
06-10 15:23:51.927 3466 3537 E nStackXCoAP: IsInSameNetwork:[281] :IsInSameNetwork: not priority process
06-10 15:23:51.927 3466 3537 D nStackXCoAP: ParseServiceDiscover:[330] :new device join
06-10 15:23:51.927 3466 3537 E nStackXDFinder: GetLocalIp:[401] :GetLocalIp exec
06-10 15:23:51.966 3466 3537 D nStackXCoAP: CoapMessageHandler:[133] :2.01
06-10 15:23:52.257 664 664 E WifiHAL : wifi_get_link_stats: requestResponse Error:-5
06-10 15:23:52.258 523 619 E WifiVendorHal: getWifiLinkLayerStats_1_5_Internal(l.1191) failed {.code = ERROR_INVALID_ARGS, .description = }
06-10 15:23:52.314 523 544 W IorapForwardingService: No service published for: iorapd
06-10 15:23:52.437 3466 3537 D nStackXCoAP: IsInSameNetwork:[276] :IsInSameNetwork exec
06-10 15:23:52.437 3466 3537 I nStackXDFinder: GetLocalInterfaceDetail:[461] :GetLocalInterfaceDetail in
06-10 15:23:52.437 3466 3537 E nStackXCoAP: IsInSameNetwork:[281] :IsInSameNetwork: not priority process
06-10 15:23:52.437 3466 3537 D nStackXCoAP: ParseServiceDiscover:[330] :new device join
06-10 15:23:52.437 3466 3537 E nStackXDFinder: GetLocalIp:[401] :GetLocalIp exec
06-10 15:23:52.511 3466 3537 D nStackXCoAP: CoapMessageHandler:[133] :2.01
06-10 15:23:52.948 3466 3537 D nStackXCoAP: IsInSameNetwork:[276] :IsInSameNetwork exec
06-10 15:23:52.948 3466 3537 I nStackXDFinder: GetLocalInterfaceDetail:[461] :GetLocalInterfaceDetail in
06-10 15:23:52.948 3466 3537 E nStackXCoAP: IsInSameNetwork:[281] :IsInSameNetwork: not priority process
06-10 15:23:52.948 3466 3537 D nStackXCoAP: ParseServiceDiscover:[330] :new device join
06-10 15:23:52.948 3466 3537 E nStackXDFinder: GetLocalIp:[401] :GetLocalIp exec
06-10 15:23:52.973 3466 3537 D nStackXCoAP: CoapMessageHandler:[133] :2.01
06-10 15:23:53.282 3302 3311 I gbei.screencas: Background concurrent copying GC freed 49730(4436KB) AllocSpace objects, 0(0B) LOS objects, 49% free, 4397KB/8794KB, paused 149us total 138.825ms
06-10 15:23:53.316 523 544 W IorapForwardingService: No service published for: iorapd
06-10 15:23:53.399 3466 3537 D nStackXCoAP: IsInSameNetwork:[276] :IsInSameNetwork exec
06-10 15:23:53.399 3466 3537 I nStackXDFinder: GetLocalInterfaceDetail:[461] :GetLocalInterfaceDetail in
06-10 15:23:53.399 3466 3537 E nStackXCoAP: IsInSameNetwork:[281] :IsInSameNetwork: not priority process
06-10 15:23:53.399 3466 3537 D nStackXCoAP: ParseServiceDiscover:[330] :new device join
06-10 15:23:53.399 3466 3537 E nStackXDFinder: GetLocalIp:[401] :GetLocalIp exec
06-10 15:23:53.755 3466 3537 D nStackXCoAP: CoapMessageHandler:[133] :2.01
06-10 15:23:53.873 3466 3537 D nStackXCoAP: IsInSameNetwork:[276] :IsInSameNetwork exec
06-10 15:23:53.873 3466 3537 I nStackXDFinder: GetLocalInterfaceDetail:[461] :GetLocalInterfaceDetail in
06-10 15:23:53.873 3466 3537 E nStackXCoAP: IsInSameNetwork:[281] :IsInSameNetwork: not priority process
06-10 15:23:53.873 3466 3537 D nStackXCoAP: ParseServiceDiscover:[330] :new device join
06-10 15:23:53.874 3466 3537 E nStackXDFinder: GetLocalIp:[401] :GetLocalIp exec
06-10 15:23:53.955 3466 3537 D nStackXCoAP: CoapMessageHandler:[133] :2.01
06-10 15:23:54.318 523 544 W IorapForwardingService: No service published for: iorapd
06-10 15:23:54.413 2350 2439 D UtilLog : 日志批量上报 进行正常循环 !!!!!!本次有0次请求,共0条数据
06-10 15:23:55.275 664 664 E WifiHAL : wifi_get_link_stats: requestResponse Error:-5
06-10 15:23:55.277 523 619 E WifiVendorHal: getWifiLinkLayerStats_1_5_Internal(l.1191) failed {.code = ERROR_INVALID_ARGS, .description = }
06-10 15:23:55.320 523 544 W IorapForwardingService: No service published for: iorapd
06-10 15:23:56.323 523 544 W IorapForwardingService: No service published for: iorapd
06-10 15:23:57.067 3466 3537 D nStackXCoAP: IsInSameNetwork:[276] :IsInSameNetwork exec
06-10 15:23:57.067 3466 3537 I nStackXDFinder: GetLocalInterfaceDetail:[461] :GetLocalInterfaceDetail in
06-10 15:23:57.067 3466 3537 E nStackXCoAP: IsInSameNetwork:[281] :IsInSameNetwork: not priority process
06-10 15:23:57.067 3466 3537 D nStackXCoAP: ParseServiceDiscover:[330] :new device join
06-10 15:23:57.067 3466 3537 I nStackXDFinder: NotifyDeviceListChanged:[540] :notify callback: device list changed callback is null
06-10 15:23:57.067 3466 3537 E nStackXDFinder: GetLocalIp:[401] :GetLocalIp exec
06-10 15:23:57.090 3466 3537 D nStackXCoAP: CoapMessageHandler:[133] :2.01
06-10 15:23:57.145 3466 3537 D nStackXCoAP: IsInSameNetwork:[276] :IsInSameNetwork exec
06-10 15:23:57.145 3466 3537 I nStackXDFinder: GetLocalInterfaceDetail:[461] :GetLocalInterfaceDetail in
06-10 15:23:57.145 3466 3537 E nStackXCoAP: IsInSameNetwork:[281] :IsInSameNetwork: not priority process
06-10 15:23:57.145 3466 3537 D nStackXCoAP: ParseServiceDiscover:[330] :new device join
06-10 15:23:57.145 3466 3537 E nStackXDFinder: GetLocalIp:[401] :GetLocalIp exec
06-10 15:23:57.163 3466 3537 D nStackXCoAP: CoapMessageHandler:[133] :2.01
06-10 15:23:57.325 523 544 W IorapForwardingService: No service published for: iorapd
06-10 15:23:57.350 3466 3537 D nStackXCoAP: IsInSameNetwork:[276] :IsInSameNetwork exec
06-10 15:23:57.351 3466 3537 I nStackXDFinder: GetLocalInterfaceDetail:[461] :GetLocalInterfaceDetail in
06-10 15:23:57.351 3466 3537 E nStackXCoAP: IsInSameNetwork:[281] :IsInSameNetwork: not priority process
06-10 15:23:57.351 3466 3537 D nStackXCoAP: ParseServiceDiscover:[330] :new device join
06-10 15:23:57.351 3466 3537 E nStackXDFinder: GetLocalIp:[401] :GetLocalIp exec
06-10 15:23:57.361 3466 3537 D nStackXCoAP: CoapMessageHandler:[133] :2.01
06-10 15:23:57.412 3302 3605 W ServiceDescriptorBinder: UPnP specification violation: Not producing element to be compatible with WMP12: (ActionArgument, OUT) Actions
06-10 15:23:57.559 3466 3537 D nStackXCoAP: IsInSameNetwork:[276] :IsInSameNetwork exec
06-10 15:23:57.559 3466 3537 I nStackXDFinder: GetLocalInterfaceDetail:[461] :GetLocalInterfaceDetail in
06-10 15:23:57.559 3466 3537 E nStackXCoAP: IsInSameNetwork:[281] :IsInSameNetwork: not priority process
06-10 15:23:57.559 3466 3537 D nStackXCoAP: ParseServiceDiscover:[330] :new device join
06-10 15:23:57.559 3466 3537 E nStackXDFinder: GetLocalIp:[401] :GetLocalIp exec
06-10 15:23:57.590 3466 3537 D nStackXCoAP: CoapMessageHandler:[133] :2.01
06-10 15:23:57.715 1190 1190 D aaa : LedStatusService onStartCommand begin
06-10 15:23:57.718 1190 3817 D aaa : topPkg is -------------- :com.dangbei.haqusetting
06-10 15:23:57.719 1249 1249 D bbb : onStartCommand begin !!!!!!! data分区剩余 24985MB
06-10 15:23:57.731 523 1007 W ZramWriteback: Writeback device is not set
06-10 15:23:57.731 523 1007 D ZramWriteback: wait to flush
06-10 15:23:57.918 3302 3605 W ServiceDescriptorBinder: UPnP specification violation: Not producing element to be compatible with WMP12: (ActionArgument, OUT) CurrentMute
06-10 15:23:57.918 3302 3605 W ServiceDescriptorBinder: UPnP specification violation: Not producing element to be compatible with WMP12: (ActionArgument, OUT) CurrentVolume
06-10 15:23:57.919 3302 3605 W ServiceDescriptorBinder: UPnP specification violation: Not producing element to be compatible with WMP12: (ActionArgument, OUT) CurrentPresetNameList
06-10 15:23:57.919 3302 3605 W ServiceDescriptorBinder: UPnP specification violation: Not producing element to be compatible with WMP12: (ActionArgument, OUT) CurrentLoudness
06-10 15:23:57.920 3302 3605 W ServiceDescriptorBinder: UPnP specification violation: Not producing element to be compatible with WMP12: (ActionArgument, OUT) CurrentVolume
06-10 15:23:58.067 3466 3537 D nStackXCoAP: IsInSameNetwork:[276] :IsInSameNetwork exec
06-10 15:23:58.067 3466 3537 I nStackXDFinder: GetLocalInterfaceDetail:[461] :GetLocalInterfaceDetail in
06-10 15:23:58.067 3466 3537 E nStackXCoAP: IsInSameNetwork:[281] :IsInSameNetwork: not priority process
06-10 15:23:58.067 3466 3537 D nStackXCoAP: ParseServiceDiscover:[330] :new device join
06-10 15:23:58.067 3466 3537 E nStackXDFinder: GetLocalIp:[401] :GetLocalIp exec
06-10 15:23:58.076 3466 3537 D nStackXCoAP: CoapMessageHandler:[133] :2.01
06-10 15:23:58.292 664 664 E WifiHAL : wifi_get_link_stats: requestResponse Error:-5
06-10 15:23:58.294 523 619 E WifiVendorHal: getWifiLinkLayerStats_1_5_Internal(l.1191) failed {.code = ERROR_INVALID_ARGS, .description = }
06-10 15:23:58.326 523 544 W IorapForwardingService: No service published for: iorapd
06-10 15:23:58.489 3466 3537 D nStackXCoAP: IsInSameNetwork:[276] :IsInSameNetwork exec
06-10 15:23:58.490 3466 3537 I nStackXDFinder: GetLocalInterfaceDetail:[461] :GetLocalInterfaceDetail in
06-10 15:23:58.490 3466 3537 E nStackXCoAP: IsInSameNetwork:[281] :IsInSameNetwork: not priority process
06-10 15:23:58.490 3466 3537 D nStackXCoAP: ParseServiceDiscover:[330] :new device join
06-10 15:23:58.490 3466 3537 E nStackXDFinder: GetLocalIp:[401] :GetLocalIp exec
06-10 15:23:58.507 3466 3537 D nStackXCoAP: CoapMessageHandler:[133] :2.01
06-10 15:23:59.009 3466 3537 D nStackXCoAP: IsInSameNetwork:[276] :IsInSameNetwork exec
06-10 15:23:59.009 3466 3537 I nStackXDFinder: GetLocalInterfaceDetail:[461] :GetLocalInterfaceDetail in
06-10 15:23:59.009 3466 3537 E nStackXCoAP: IsInSameNetwork:[281] :IsInSameNetwork: not priority process
06-10 15:23:59.009 3466 3537 D nStackXCoAP: ParseServiceDiscover:[330] :new device join
06-10 15:23:59.009 3466 3537 E nStackXDFinder: GetLocalIp:[401] :GetLocalIp exec
06-10 15:23:59.019 3466 3537 D nStackXCoAP: CoapMessageHandler:[133] :2.01
06-10 15:23:59.329 523 544 W IorapForwardingService: No service published for: iorapd
06-10 15:23:59.509 3466 3537 D nStackXCoAP: IsInSameNetwork:[276] :IsInSameNetwork exec
06-10 15:23:59.509 3466 3537 I nStackXDFinder: GetLocalInterfaceDetail:[461] :GetLocalInterfaceDetail in
06-10 15:23:59.509 3466 3537 E nStackXCoAP: IsInSameNetwork:[281] :IsInSameNetwork: not priority process
06-10 15:23:59.510 3466 3537 D nStackXCoAP: ParseServiceDiscover:[330] :new device join
06-10 15:23:59.510 3466 3537 E nStackXDFinder: GetLocalIp:[401] :GetLocalIp exec
06-10 15:23:59.541 3466 3537 D nStackXCoAP: CoapMessageHandler:[133] :2.01
06-10 15:23:59.676 281 307 D hdmi-cec: receive invalid cec message!
06-10 15:23:59.677 281 307 D hdmi-cec: receive poll message [04], skip!
06-10 15:23:59.940 3302 3302 I cling--ap-6: type=1400 audit(0.0:1300): avc: denied { search } for name="net" dev="sysfs" ino=10442 scontext=u:r:platform_app:s0:c512,c768 tcontext=u:object_r:sysfs_net:s0 tclass=dir permissive=1 app=com.dangbei.screencast
06-10 15:24:00.023 3466 3537 D nStackXCoAP: IsInSameNetwork:[276] :IsInSameNetwork exec
06-10 15:24:00.023 3466 3537 I nStackXDFinder: GetLocalInterfaceDetail:[461] :GetLocalInterfaceDetail in
06-10 15:24:00.023 3466 3537 E nStackXCoAP: IsInSameNetwork:[281] :IsInSameNetwork: not priority process
06-10 15:24:00.023 3466 3537 D nStackXCoAP: ParseServiceDiscover:[330] :new device join
06-10 15:24:00.023 3466 3537 E nStackXDFinder: GetLocalIp:[401] :GetLocalIp exec
06-10 15:24:00.041 3466 3537 D nStackXCoAP: CoapMessageHandler:[133] :2.01
06-10 15:24:00.331 523 544 W IorapForwardingService: No service published for: iorapd
06-10 15:24:00.532 3466 3537 D nStackXCoAP: IsInSameNetwork:[276] :IsInSameNetwork exec
06-10 15:24:00.532 3466 3537 I nStackXDFinder: GetLocalInterfaceDetail:[461] :GetLocalInterfaceDetail in
06-10 15:24:00.532 3466 3537 E nStackXCoAP: IsInSameNetwork:[281] :IsInSameNetwork: not priority process
06-10 15:24:00.532 3466 3537 D nStackXCoAP: ParseServiceDiscover:[330] :new device join
06-10 15:24:00.533 3466 3537 E nStackXDFinder: GetLocalIp:[401] :GetLocalIp exec
06-10 15:24:00.550 3466 3537 D nStackXCoAP: CoapMessageHandler:[133] :2.01
06-10 15:24:01.047 3466 3537 D nStackXCoAP: IsInSameNetwork:[276] :IsInSameNetwork exec
06-10 15:24:01.047 3466 3537 I nStackXDFinder: GetLocalInterfaceDetail:[461] :GetLocalInterfaceDetail in
06-10 15:24:01.047 3466 3537 E nStackXCoAP: IsInSameNetwork:[281] :IsInSameNetwork: not priority process
06-10 15:24:01.047 3466 3537 D nStackXCoAP: ParseServiceDiscover:[330] :new device join
06-10 15:24:01.047 3466 3537 E nStackXDFinder: GetLocalIp:[401] :GetLocalIp exec
