06-10 15:19:58.400 683 683 D Tonal : Dark GradientColors(ff17305c, ff17305c)
06-10 15:19:58.400 683 683 D Tonal : Extra dark: GradientColors(ff102343, ff102343)
06-10 15:19:58.416 1 1 I : Adding 1505444k swap on /dev/block/zram0. Priority:-2 extents:1 across:1505444k SS
06-10 15:19:58.417 1 1 I init : Command 'swapon_all /vendor/etc/fstab.nswap' action=ro.vendor.ramconfig=2 && sys.boot_completed=1 (/vendor/etc/init/hw/init.ram.rc:30) took 302ms and succeeded
06-10 15:19:58.417 1 1 I init : processing action (persist.vendor.adb.enabled=* && sys.boot_completed=1) from (/vendor/etc/init/hw/init.oranth.rc:56)
06-10 15:19:58.418 1 1 I init : processing action (sys.boot_completed=1) from (/system/etc/init/appsdisable.rc:1)
06-10 15:19:58.425 1 1 I init : starting service 'appsdisable'...
06-10 15:19:58.424 1031 1031 I init : type=1400 audit(0.0:364): avc: denied { entrypoint } for path="/system/bin/appsdisable" dev="dm-2" ino=892 scontext=u:r:shell:s0 tcontext=u:object_r:system_file:s0 tclass=file permissive=1
06-10 15:19:58.432 1 1 I init : processing action (sys.boot_completed=1 && sys.bootstat.first_boot_completed=0) from (/system/etc/init/bootstat.rc:77)
06-10 15:19:58.433 1 1 I init : starting service 'exec 17 (/system/bin/bootstat --record_boot_complete --record_boot_reason --record_time_since_factory_reset -l)'...
06-10 15:19:58.438 1 1 I init : processing action (sys.boot_completed=1) from (/system/etc/init/fix_traceing.rc:1)
06-10 15:19:58.438 1 1 I init : starting service 'fix_traceing'...
06-10 15:19:58.444 1 1 I init : processing action (sys.boot_completed=1) from (/system/etc/init/flags_health_check.rc:7)
06-10 15:19:58.514 383 383 I update_engine: CheckTargetMergeState for vendor_b returned: 3
06-10 15:19:58.517 683 941 V WallpaperService: Setting wallpaper dimming: 0.05
06-10 15:19:58.561 200 200 I hwservicemanager: getTransport: Cannot find entry android.hardware.graphics.mapper@4.0::IMapper/default in either framework or device VINTF manifest.
06-10 15:19:58.561 683 941 I Gralloc4: mapper 4.x is not supported
06-10 15:19:58.562 200 200 I hwservicemanager: getTransport: Cannot find entry android.hardware.graphics.mapper@3.0::IMapper/default in either framework or device VINTF manifest.
06-10 15:19:58.562 683 941 W Gralloc3: mapper 3.x is not supported
06-10 15:19:58.590 383 383 I update_engine: CheckTargetMergeState for vendor_dlkm_b returned: 3
06-10 15:19:58.591 683 941 E gralloc : Arm Module v1.0
06-10 15:19:58.592 1 1 I init : Command 'setprop persist.device_config.attempted_boot_count 0' action=sys.boot_completed=1 (/system/etc/init/flags_health_check.rc:8) took 147ms and succeeded
06-10 15:19:58.594 200 200 I hwservicemanager: getTransport: Cannot find entry android.hardware.graphics.allocator@4.0::IAllocator/default in either framework or device VINTF manifest.
06-10 15:19:58.596 683 941 W Gralloc4: allocator 4.x is not supported
06-10 15:19:58.597 200 200 I hwservicemanager: getTransport: Cannot find entry android.hardware.graphics.allocator@3.0::IAllocator/default in either framework or device VINTF manifest.
06-10 15:19:58.598 683 941 W Gralloc3: allocator 3.x is not supported
06-10 15:19:58.612 276 315 I gralloc : alloc buffer:W:1920 H:1080 S:1920 PL[1920 1080] SZ:8294400 fmt:43 if:0 af:43 usg:20000b00 fg:00000004
06-10 15:19:58.620 683 941 E ion : ioctl c0044901 failed with code -1: Inappropriate ioctl for device
06-10 15:19:58.640 276 315 I gralloc : alloc buffer:W:1920 H:1080 S:1920 PL[1920 1080] SZ:8294400 fmt:43 if:0 af:43 usg:20000b00 fg:00000004
06-10 15:19:58.642 277 277 W sunxihwc: computeLayerMemoryFootprint: Unknown pixelformat(-1)
06-10 15:19:58.648 1032 1032 I bootstat: Service started: /system/bin/bootstat --record_boot_complete --record_boot_reason --record_time_since_factory_reset -l
06-10 15:19:58.666 383 383 I update_engine: CheckTargetMergeState for system_b returned: 3
06-10 15:19:58.687 1032 1032 E bootstat: Failed to read /data/misc/bootstat/post_decrypt_time_elapsed: No such file or directory
06-10 15:19:58.687 1032 1032 E bootstat: Failed to parse boot time record: /data/misc/bootstat/post_decrypt_time_elapsed
06-10 15:19:58.695 523 544 W IorapForwardingService: No service published for: iorapd
06-10 15:19:58.740 1040 1040 I runin.sh: type=1400 audit(0.0:365): avc: denied { dac_read_search } for capability=2 scontext=u:r:shell:s0 tcontext=u:r:shell:s0 tclass=capability permissive=1
06-10 15:19:58.769 383 383 I update_engine: CheckMergeState for snapshots returned: 3
06-10 15:19:58.790 1032 1032 W bootstat: LogBootEvents, atomInfo not defined for events:last_boot_time_utc,build_date,ro.boottime.init.cold_boot_wait,boot_reason,system_boot_reason,time_since_last_boot
06-10 15:19:58.796 334 335 D XM_HIDREAD: add@ add@/class/hci_reg
06-10 15:19:58.799 334 335 D XM_HIDREAD: add@ add@/module/sunxi_hci
06-10 15:19:58.834 383 383 I update_engine: ProcessUpdateState handling state: 3
06-10 15:19:58.835 308 308 D XiriService: check file name: /data/data/com.android.cts.priv.ctsshim/lib
06-10 15:19:58.832 308 308 I xiriservice_All: type=1400 audit(0.0:366): avc: denied { search } for name="com.android.cts.priv.ctsshim" dev="mmcblk0p25" ino=567 scontext=u:r:init:s0 tcontext=u:object_r:privapp_data_file:s0:c512,c768 tclass=dir permissive=1
06-10 15:19:58.840 308 308 I xiriservice_All: type=1400 audit(0.0:367): avc: denied { read } for name="lib" dev="mmcblk0p25" ino=2959 scontext=u:r:init:s0 tcontext=u:object_r:privapp_data_file:s0:c512,c768 tclass=lnk_file permissive=1
06-10 15:19:58.849 334 335 D XM_HIDREAD: add@ add@/devices/virtual/devlink/regulator.8--5101000.ehci0-controller
06-10 15:19:58.850 182 182 W sunxi-ehci: EHCI SUNXI driver
06-10 15:19:58.851 182 182 W : sunxi ehci0-controller don't init wakeup source
06-10 15:19:58.851 182 182 W [sunxi-ehci0]: probe, pdev->name: 5101000.ehci0-controller, sunxi_ehci: 0xffffffc008f81018, 0x:ffffffc012165000, irq_no:32
06-10 15:19:58.853 182 182 I sunxi-ehci 5101000.ehci0-controller: EHCI Host Controller
06-10 15:19:58.853 182 182 I sunxi-ehci 5101000.ehci0-controller: new USB bus registered, assigned bus number 1
06-10 15:19:58.853 182 182 I sunxi-ehci 5101000.ehci0-controller: irq 50, io mem 0x05101000
06-10 15:19:58.872 334 335 D XM_HIDREAD: add@ add@/devices/platform/soc@3000000/5101000.ehci0-controller/usb1
06-10 15:19:58.873 334 335 D XM_HIDREAD: add@ add@/devices/platform/soc@3000000/5101000.ehci0-controller/usb1/1-0:1.0
06-10 15:19:58.872 182 182 I sunxi-ehci 5101000.ehci0-controller: USB 2.0 started, EHCI 1.00
06-10 15:19:58.873 182 182 I usb1 : New USB device found, idVendor=1d6b, idProduct=0002, bcdDevice= 5.04
06-10 15:19:58.873 182 182 I usb1 : New USB device strings: Mfr=3, Product=2, SerialNumber=1
06-10 15:19:58.873 182 182 I usb1 : Product: EHCI Host Controller
06-10 15:19:58.873 182 182 I usb1 : Manufacturer: Linux 5.4.125+ ehci_hcd
06-10 15:19:58.873 182 182 I usb1 : SerialNumber: sunxi-ehci
06-10 15:19:58.876 182 182 I hub 1-0 : 1.0: USB hub found
06-10 15:19:58.876 182 182 I hub 1-0 : 1.0: 1 port detected
06-10 15:19:58.884 334 335 D XM_HIDREAD: add@ add@/devices/virtual/devlink/regulator.8--5200000.ehci1-controller
06-10 15:19:58.885 308 308 D XiriService: check file name: /data/data/com.android.cts.priv.ctsshim/lib
06-10 15:19:58.886 308 308 D XiriService: check file name: /data/data/com.android.dynsystem/lib
06-10 15:19:58.885 182 182 W : sunxi ehci1-controller don't init wakeup source
06-10 15:19:58.884 308 308 I xiriservice_All: type=1400 audit(0.0:368): avc: denied { search } for name="com.android.dynsystem" dev="mmcblk0p25" ino=575 scontext=u:r:init:s0 tcontext=u:object_r:system_app_data_file:s0 tclass=dir permissive=1
06-10 15:19:58.885 182 182 W [sunxi-ehci1]: probe, pdev->name: 5200000.ehci1-controller, sunxi_ehci: 0xffffffc008f816d8, 0x:ffffffc012175000, irq_no:34
06-10 15:19:58.887 182 182 I sunxi-ehci 5200000.ehci1-controller: EHCI Host Controller
06-10 15:19:58.887 182 182 I sunxi-ehci 5200000.ehci1-controller: new USB bus registered, assigned bus number 2
06-10 15:19:58.888 182 182 I sunxi-ehci 5200000.ehci1-controller: irq 52, io mem 0x05200000
06-10 15:19:58.884 308 308 I xiriservice_All: type=1400 audit(0.0:369): avc: denied { read } for name="lib" dev="mmcblk0p25" ino=3055 scontext=u:r:init:s0 tcontext=u:object_r:system_app_data_file:s0 tclass=lnk_file permissive=1
06-10 15:19:58.898 308 308 D XiriService: check file name: /data/data/com.dangbei.lerad.rocky/lib
06-10 15:19:58.899 383 383 I update_engine: [INFO:cleanup_previous_update_action.cc(361)] Waiting for merge to complete: 2%.
06-10 15:19:58.901 182 182 I sunxi-ehci 5200000.ehci1-controller: USB 2.0 started, EHCI 1.00
06-10 15:19:58.901 182 182 E debugfs : Directory 'sunxi-ehci' with parent 'ehci' already present!
06-10 15:19:58.908 334 335 D XM_HIDREAD: add@ add@/devices/platform/soc@3000000/5200000.ehci1-controller/usb2
06-10 15:19:58.909 334 335 D XM_HIDREAD: add@ add@/devices/platform/soc@3000000/5200000.ehci1-controller/usb2/2-0:1.0
06-10 15:19:58.910 182 182 I usb2 : New USB device found, idVendor=1d6b, idProduct=0002, bcdDevice= 5.04
06-10 15:19:58.910 182 182 I usb2 : New USB device strings: Mfr=3, Product=2, SerialNumber=1
06-10 15:19:58.910 182 182 I usb2 : Product: EHCI Host Controller
06-10 15:19:58.910 182 182 I usb2 : Manufacturer: Linux 5.4.125+ ehci_hcd
06-10 15:19:58.910 182 182 I usb2 : SerialNumber: sunxi-ehci
06-10 15:19:58.912 182 182 I hub 2-0 : 1.0: USB hub found
06-10 15:19:58.912 182 182 I hub 2-0 : 1.0: 1 port detected
06-10 15:19:58.920 308 308 D XiriService: check file name: /data/data/com.dangbei.lerad.rocky/lib
06-10 15:19:58.920 308 308 D XiriService: check file name: /data/data/com.android.tv.settings/lib
06-10 15:19:58.929 334 335 D XM_HIDREAD: add@ add@/devices/virtual/devlink/regulator.8--5310000.ehci2-controller
06-10 15:19:58.929 182 182 W : sunxi ehci2-controller don't init wakeup source
06-10 15:19:58.929 182 182 W [sunxi-ehci2]: probe, pdev->name: 5310000.ehci2-controller, sunxi_ehci: 0xffffffc008f81d98, 0x:ffffffc01221d000, irq_no:36
06-10 15:19:58.932 182 182 I sunxi-ehci 5310000.ehci2-controller: EHCI Host Controller
06-10 15:19:58.932 182 182 I sunxi-ehci 5310000.ehci2-controller: new USB bus registered, assigned bus number 3
06-10 15:19:58.933 182 182 I sunxi-ehci 5310000.ehci2-controller: irq 54, io mem 0x05310000
06-10 15:19:58.943 308 308 D XiriService: check file name: /data/data/com.android.tv.settings/lib
06-10 15:19:58.943 308 308 D XiriService: check file name: /data/data/com.oranth.factory/lib
06-10 15:19:58.948 182 182 I sunxi-ehci 5310000.ehci2-controller: USB 2.0 started, EHCI 1.00
06-10 15:19:58.948 182 182 E debugfs : Directory 'sunxi-ehci' with parent 'ehci' already present!
06-10 15:19:58.957 334 335 D XM_HIDREAD: add@ add@/devices/platform/soc@3000000/5310000.ehci2-controller/usb3
06-10 15:19:58.959 182 182 I usb3 : New USB device found, idVendor=1d6b, idProduct=0002, bcdDevice= 5.04
06-10 15:19:58.959 182 182 I usb3 : New USB device strings: Mfr=3, Product=2, SerialNumber=1
06-10 15:19:58.959 182 182 I usb3 : Product: EHCI Host Controller
06-10 15:19:58.959 182 182 I usb3 : Manufacturer: Linux 5.4.125+ ehci_hcd
06-10 15:19:58.959 182 182 I usb3 : SerialNumber: sunxi-ehci
06-10 15:19:58.959 334 335 D XM_HIDREAD: add@ add@/devices/platform/soc@3000000/5310000.ehci2-controller/usb3/3-0:1.0
06-10 15:19:58.962 182 182 I hub 3-0 : 1.0: USB hub found
06-10 15:19:58.962 182 182 I hub 3-0 : 1.0: 1 port detected
06-10 15:19:58.964 334 335 D XM_HIDREAD: add@ add@/devices/virtual/devlink/regulator.8--5311000.ehci3-controller
06-10 15:19:58.965 182 182 W : sunxi ehci3-controller don't init wakeup source
06-10 15:19:58.965 182 182 W [sunxi-ehci3]: probe, pdev->name: 5311000.ehci3-controller, sunxi_ehci: 0xffffffc008f82458, 0x:ffffffc01226d000, irq_no:38
06-10 15:19:58.966 182 182 I sunxi-ehci 5311000.ehci3-controller: EHCI Host Controller
06-10 15:19:58.966 182 182 I sunxi-ehci 5311000.ehci3-controller: new USB bus registered, assigned bus number 4
06-10 15:19:58.967 182 182 I sunxi-ehci 5311000.ehci3-controller: irq 56, io mem 0x05311000
06-10 15:19:58.967 308 308 D XiriService: check file name: /data/data/com.oranth.factory/lib
06-10 15:19:58.980 182 182 I sunxi-ehci 5311000.ehci3-controller: USB 2.0 started, EHCI 1.00
06-10 15:19:58.981 182 182 E debugfs : Directory 'sunxi-ehci' with parent 'ehci' already present!
06-10 15:19:58.988 308 308 D XiriService: check file name: /data/data/com.dangbei.zhushou.os/lib
06-10 15:19:58.989 334 335 D XM_HIDREAD: add@ add@/devices/platform/soc@3000000/5311000.ehci3-controller/usb4
06-10 15:19:58.989 334 335 D XM_HIDREAD: add@ add@/devices/platform/soc@3000000/5311000.ehci3-controller/usb4/4-0:1.0
06-10 15:19:58.991 182 182 I usb4 : New USB device found, idVendor=1d6b, idProduct=0002, bcdDevice= 5.04
06-10 15:19:58.991 182 182 I usb4 : New USB device strings: Mfr=3, Product=2, SerialNumber=1
06-10 15:19:58.991 182 182 I usb4 : Product: EHCI Host Controller
06-10 15:19:58.991 182 182 I usb4 : Manufacturer: Linux 5.4.125+ ehci_hcd
06-10 15:19:58.991 182 182 I usb4 : SerialNumber: sunxi-ehci
06-10 15:19:58.992 182 182 I hub 4-0 : 1.0: USB hub found
06-10 15:19:58.992 182 182 I hub 4-0 : 1.0: 1 port detected
06-10 15:19:58.992 334 335 D XM_HIDREAD: add@ add@/bus/platform/drivers/sunxi-ehci
06-10 15:19:58.992 334 335 D XM_HIDREAD: add@ add@/module/ehci_sunxi
06-10 15:19:58.996 383 383 I update_engine: [INFO:cleanup_previous_update_action.cc(124)] CleanupPreviousUpdateAction scheduled task ID 7 for WaitForMerge
06-10 15:19:59.017 308 308 D XiriService: check file name: /data/data/com.dangbei.zhushou.os/lib
06-10 15:19:59.025 308 308 D XiriService: check file name: /data/data/com.sohu.inputmethod.sogou.tv/lib
06-10 15:19:59.020 308 308 I xiriservice_All: type=1400 audit(0.0:370): avc: denied { search } for name="com.sohu.inputmethod.sogou.tv" dev="mmcblk0p25" ino=1406 scontext=u:r:init:s0 tcontext=u:object_r:app_data_file:s0:c37,c256,c512,c768 tclass=dir permissive=1
06-10 15:19:59.028 308 308 I xiriservice_All: type=1400 audit(0.0:371): avc: denied { read } for name="lib" dev="mmcblk0p25" ino=2971 scontext=u:r:init:s0 tcontext=u:object_r:app_data_file:s0:c37,c256,c512,c768 tclass=lnk_file permissive=1
06-10 15:19:59.034 308 308 D XiriService: check file name: /data/data/com.sohu.inputmethod.sogou.tv/lib
06-10 15:19:59.035 308 308 D XiriService: check file name: /data/data/com.oranth.ledstatus/lib
06-10 15:19:59.044 334 335 D XM_HIDREAD: add@ add@/devices/virtual/devlink/regulator.8--5101400.ohci0-controller
06-10 15:19:59.045 182 182 W sunxi-ohci: OHCI SUNXI driver
06-10 15:19:59.046 182 182 W : sunxi ohci0-controller don't init wakeup source
06-10 15:19:59.046 182 182 W [sunxi-ohci0]: probe, pdev->name: 5101400.ohci0-controller, sunxi_ohci: 0xffffffc008f81378
06-10 15:19:59.046 182 182 I sunxi-ohci 5101400.ohci0-controller: OHCI Host Controller
06-10 15:19:59.046 182 182 I sunxi-ohci 5101400.ohci0-controller: new USB bus registered, assigned bus number 5
06-10 15:19:59.047 182 182 I sunxi-ohci 5101400.ohci0-controller: irq 51, io mem 0x05101400
06-10 15:19:59.061 308 308 D XiriService: check file name: /data/data/com.oranth.ledstatus/lib
06-10 15:19:59.076 308 308 D XiriService: check file name: /data/data/com.dangbei.lerad.videoposter/lib
06-10 15:19:59.072 308 308 I xiriservice_All: type=1400 audit(0.0:372): avc: denied { search } for name="com.dangbei.lerad.videoposter" dev="mmcblk0p25" ino=747 scontext=u:r:init:s0 tcontext=u:object_r:app_data_file:s0:c512,c768 tclass=dir permissive=1
06-10 15:19:59.088 308 308 I xiriservice_All: type=1400 audit(0.0:373): avc: denied { read } for name="lib" dev="mmcblk0p25" ino=2975 scontext=u:r:init:s0 tcontext=u:object_r:app_data_file:s0:c512,c768 tclass=lnk_file permissive=1
06-10 15:19:59.092 308 308 D XiriService: check file name: /data/data/com.dangbei.lerad.videoposter/lib
06-10 15:19:59.093 308 308 D XiriService: check file name: /data/data/com.dangbei.lerad.videoposter/lib
06-10 15:19:59.093 308 308 D XiriService: check file name: /data/data/com.dangbei.lerad.videoposter/lib
06-10 15:19:59.100 308 308 D XiriService: check file name: /data/data/com.android.networkstack/lib
06-10 15:19:59.107 334 335 D XM_HIDREAD: add@ add@/devices/platform/soc@3000000/5101400.ohci0-controller/usb5
06-10 15:19:59.108 334 335 D XM_HIDREAD: add@ add@/devices/platform/soc@3000000/5101400.ohci0-controller/usb5/5-0:1.0
06-10 15:19:59.109 182 182 I usb5 : New USB device found, idVendor=1d6b, idProduct=0001, bcdDevice= 5.04
06-10 15:19:59.109 182 182 I usb5 : New USB device strings: Mfr=3, Product=2, SerialNumber=1
06-10 15:19:59.109 182 182 I usb5 : Product: OHCI Host Controller
06-10 15:19:59.109 182 182 I usb5 : Manufacturer: Linux 5.4.125+ ohci_hcd
06-10 15:19:59.109 182 182 I usb5 : SerialNumber: sunxi-ohci
06-10 15:19:59.110 308 308 W audit : audit_lost=1 audit_rate_limit=5 audit_backlog_limit=64
06-10 15:19:59.110 308 308 E audit : rate limit exceeded
06-10 15:19:59.111 182 182 I hub 5-0 : 1.0: USB hub found
06-10 15:19:59.115 182 182 I hub 5-0 : 1.0: 1 port detected
06-10 15:19:59.117 334 335 D XM_HIDREAD: add@ add@/devices/virtual/devlink/regulator.8--5200400.ohci1-controller
06-10 15:19:59.118 182 182 W : sunxi ohci1-controller don't init wakeup source
06-10 15:19:59.118 182 182 W [sunxi-ohci1]: probe, pdev->name: 5200400.ohci1-controller, sunxi_ohci: 0xffffffc008f81a38
06-10 15:19:59.120 182 182 I sunxi-ohci 5200400.ohci1-controller: OHCI Host Controller
06-10 15:19:59.120 182 182 I sunxi-ohci 5200400.ohci1-controller: new USB bus registered, assigned bus number 6
06-10 15:19:59.120 182 182 E debugfs : Directory 'sunxi-ohci' with parent 'ohci' already present!
06-10 15:19:59.129 308 308 D XiriService: check file name: /data/data/com.android.networkstack/lib
06-10 15:19:59.129 308 308 D XiriService: check file name: /data/data/android/lib
06-10 15:19:59.129 308 308 D XiriService: check file name: /data/data/android/lib
06-10 15:19:59.130 182 182 I sunxi-ohci 5200400.ohci1-controller: irq 53, io mem 0x05200400
06-10 15:19:59.151 308 308 D XiriService: check file name: /data/data/com.dangbei.screencast/lib
06-10 15:19:59.152 308 308 D XiriService: check file name: /data/data/com.dangbei.screencast/lib
06-10 15:19:59.166 308 308 D XiriService: check file name: /data/data/com.dangbei.leard.leradlauncher/lib
06-10 15:19:59.195 334 335 D XM_HIDREAD: add@ add@/devices/platform/soc@3000000/5200400.ohci1-controller/usb6
06-10 15:19:59.195 334 335 D XM_HIDREAD: add@ add@/devices/platform/soc@3000000/5200400.ohci1-controller/usb6/6-0:1.0
06-10 15:19:59.197 182 182 I usb6 : New USB device found, idVendor=1d6b, idProduct=0001, bcdDevice= 5.04
06-10 15:19:59.197 182 182 I usb6 : New USB device strings: Mfr=3, Product=2, SerialNumber=1
06-10 15:19:59.197 182 182 I usb6 : Product: OHCI Host Controller
06-10 15:19:59.197 182 182 I usb6 : Manufacturer: Linux 5.4.125+ ohci_hcd
06-10 15:19:59.197 182 182 I usb6 : SerialNumber: sunxi-ohci
06-10 15:19:59.198 182 182 I hub 6-0 : 1.0: USB hub found
06-10 15:19:59.198 182 182 I hub 6-0 : 1.0: 1 port detected
06-10 15:19:59.201 182 182 W : sunxi ohci2-controller don't init wakeup source
06-10 15:19:59.201 182 182 W [sunxi-ohci2]: probe, pdev->name: 5310400.ohci2-controller, sunxi_ohci: 0xffffffc008f820f8
06-10 15:19:59.199 334 335 D XM_HIDREAD: add@ add@/devices/virtual/devlink/regulator.8--5310400.ohci2-controller
06-10 15:19:59.202 308 308 D XiriService: check file name: /data/data/com.dangbei.leard.leradlauncher/lib
06-10 15:19:59.201 182 182 I sunxi-ohci 5310400.ohci2-controller: OHCI Host Controller
06-10 15:19:59.201 182 182 I sunxi-ohci 5310400.ohci2-controller: new USB bus registered, assigned bus number 7
06-10 15:19:59.201 182 182 E debugfs : Directory 'sunxi-ohci' with parent 'ohci' already present!
06-10 15:19:59.209 308 308 D XiriService: check file name: /data/data/com.android.providers.settings/lib
06-10 15:19:59.211 182 182 I sunxi-ohci 5310400.ohci2-controller: irq 55, io mem 0x05310400
06-10 15:19:59.212 308 308 D XiriService: check file name: /data/data/com.android.providers.settings/lib
06-10 15:19:59.214 308 308 D XiriService: check file name: /data/data/com.android.printspooler/lib
06-10 15:19:59.245 308 308 D XiriService: check file name: /data/data/com.android.printspooler/lib
06-10 15:19:59.245 308 308 D XiriService: check file name: /data/data/com.android.webview/lib
06-10 15:19:59.268 308 308 D XiriService: check file name: /data/data/com.android.inputdevices/lib
06-10 15:19:59.271 334 335 D XM_HIDREAD: add@ add@/devices/platform/soc@3000000/5310400.ohci2-controller/usb7
06-10 15:19:59.271 334 335 D XM_HIDREAD: add@ add@/devices/platform/soc@3000000/5310400.ohci2-controller/usb7/7-0:1.0
06-10 15:19:59.274 334 335 D XM_HIDREAD: add@ add@/devices/virtual/devlink/regulator.8--5311400.ohci3-controller
06-10 15:19:59.277 308 308 D XiriService: check file name: /data/data/com.android.inputdevices/lib
06-10 15:19:59.273 182 182 I usb7 : New USB device found, idVendor=1d6b, idProduct=0001, bcdDevice= 5.04
06-10 15:19:59.273 182 182 I usb7 : New USB device strings: Mfr=3, Product=2, SerialNumber=1
06-10 15:19:59.273 182 182 I usb7 : Product: OHCI Host Controller
06-10 15:19:59.273 182 182 I usb7 : Manufacturer: Linux 5.4.125+ ohci_hcd
06-10 15:19:59.273 182 182 I usb7 : SerialNumber: sunxi-ohci
06-10 15:19:59.274 182 182 I hub 7-0 : 1.0: USB hub found
06-10 15:19:59.274 182 182 I hub 7-0 : 1.0: 1 port detected
06-10 15:19:59.276 182 182 W : sunxi ohci3-controller don't init wakeup source
06-10 15:19:59.276 182 182 W [sunxi-ohci3]: probe, pdev->name: 5311400.ohci3-controller, sunxi_ohci: 0xffffffc008f827b8
06-10 15:19:59.276 182 182 I sunxi-ohci 5311400.ohci3-controller: OHCI Host Controller
06-10 15:19:59.276 182 182 I sunxi-ohci 5311400.ohci3-controller: new USB bus registered, assigned bus number 8
06-10 15:19:59.276 182 182 E debugfs : Directory 'sunxi-ohci' with parent 'ohci' already present!
06-10 15:19:59.286 182 182 I sunxi-ohci 5311400.ohci3-controller: irq 57, io mem 0x05311400
06-10 15:19:59.290 308 308 D XiriService: check file name: /data/data/com.android.bips/lib
06-10 15:19:59.334 308 308 D XiriService: check file name: /data/data/com.android.bips/lib
06-10 15:19:59.335 308 308 D XiriService: check file name: /data/data/com.oranth.inputmacsn/lib
06-10 15:19:59.337 308 308 D XiriService: check file name: /data/data/com.android.keychain/lib
06-10 15:19:59.347 334 335 D XM_HIDREAD: add@ add@/devices/platform/soc@3000000/5311400.ohci3-controller/usb8
06-10 15:19:59.349 182 182 I usb8 : New USB device found, idVendor=1d6b, idProduct=0001, bcdDevice= 5.04
06-10 15:19:59.349 182 182 I usb8 : New USB device strings: Mfr=3, Product=2, SerialNumber=1
06-10 15:19:59.349 182 182 I usb8 : Product: OHCI Host Controller
06-10 15:19:59.349 182 182 I usb8 : Manufacturer: Linux 5.4.125+ ohci_hcd
06-10 15:19:59.349 182 182 I usb8 : SerialNumber: sunxi-ohci
06-10 15:19:59.351 334 335 D XM_HIDREAD: add@ add@/devices/platform/soc@3000000/5311400.ohci3-controller/usb8/8-0:1.0
06-10 15:19:59.354 182 182 I hub 8-0 : 1.0: USB hub found
06-10 15:19:59.354 182 182 I hub 8-0 : 1.0: 1 port detected
06-10 15:19:59.355 334 335 D XM_HIDREAD: add@ add@/bus/platform/drivers/sunxi-ohci
06-10 15:19:59.356 334 335 D XM_HIDREAD: add@ add@/module/ohci_sunxi
06-10 15:19:59.357 308 308 D XiriService: check file name: /data/data/android.ext.services/lib
06-10 15:19:59.373 308 308 D XiriService: check file name: /data/data/android.ext.services/lib
06-10 15:19:59.373 308 308 D XiriService: check file name: /data/data/com.android.localtransport/lib
06-10 15:19:59.383 308 308 D XiriService: check file name: /data/data/com.android.localtransport/lib
06-10 15:19:59.383 308 308 D XiriService: check file name: /data/data/com.android.packageinstaller/lib
06-10 15:19:59.385 308 308 D XiriService: check file name: /data/data/com.android.packageinstaller/lib
06-10 15:19:59.393 308 308 D XiriService: check file name: /data/data/com.oranth.usbopenft/lib
06-10 15:19:59.408 308 308 D XiriService: check file name: /data/data/com.oranth.usbopenft/lib
06-10 15:19:59.410 182 182 D : get det_vbus is fail, -84
06-10 15:19:59.410 182 182 D : get id is fail, -84
06-10 15:19:59.413 1046 1046 I usb 5-1 : new full-speed USB device number 2 using sunxi-ohci
06-10 15:19:59.410 334 335 D XM_HIDREAD: add@ add@/bus/platform/drivers/otg manager
06-10 15:19:59.410 334 335 D XM_HIDREAD: add@ add@/module/sunxi_usbc
06-10 15:19:59.415 308 308 D XiriService: check file name: /data/data/com.android.networkstack.tethering/lib
06-10 15:19:59.433 308 308 D XiriService: check file name: /data/data/com.android.networkstack.tethering/lib
06-10 15:19:59.433 308 308 D XiriService: check file name: /data/data/com.dangbei.lerad.etna.haqu/lib
06-10 15:19:59.436 308 308 D XiriService: check file name: /data/data/com.dangbei.lerad.etna.haqu/lib
06-10 15:19:59.457 308 308 D XiriService: check file name: /data/data/com.oranth.powerwindow/lib
06-10 15:19:59.482 308 308 D XiriService: check file name: /data/data/com.oranth.powerwindow/lib
06-10 15:19:59.483 308 308 D XiriService: check file name: /data/data/com.android.networkstack.permissionconfig/lib
06-10 15:19:59.484 308 308 D XiriService: check file name: /data/data/com.android.networkstack.permissionconfig/lib
06-10 15:19:59.486 308 308 D XiriService: check file name: /data/data/com.dangbei.lerad.screensaver/lib
06-10 15:19:59.494 308 308 D XiriService: check file name: /data/data/com.dangbei.lerad.screensaver/lib
06-10 15:19:59.494 308 308 D XiriService: check file name: /data/data/com.android.wallpaperbackup/lib
06-10 15:19:59.498 1053 1053 D VoHCI : VoHCI service version: v1.0.0
06-10 15:19:59.500 1053 1053 E VoHCI : Cannot get card id for name: VoHCILoopback
06-10 15:19:59.525 308 308 D XiriService: check file name: /data/data/com.android.wallpaperbackup/lib
06-10 15:19:59.526 308 308 D XiriService: check file name: /data/data/com.android.providers.media.module/lib
06-10 15:19:59.534 308 308 D XiriService: check file name: /data/data/com.android.providers.media.module/lib
06-10 15:19:59.535 308 308 D XiriService: check file name: /data/data/com.oranth.storage/lib
06-10 15:19:59.535 308 308 D XiriService: check file name: /data/data/com.android.location.fused/lib
06-10 15:19:59.536 308 308 D XiriService: check file name: /data/data/com.android.location.fused/lib
06-10 15:19:59.536 308 308 D XiriService: check file name: /data/data/com.android.location.fused/lib
06-10 15:19:59.537 308 308 D XiriService: check file name: /data/data/com.dangbei.haqusetting/lib
06-10 15:19:59.557 308 308 D XiriService: check file name: /data/data/com.dangbei.haqusetting/lib
06-10 15:19:59.557 308 308 D XiriService: check file name: /data/data/com.softwinner.miracastReceiver/lib
06-10 15:19:59.574 523 545 V PackageManager: reconcileAppsData finished 112 packages
06-10 15:19:59.575 523 545 I ActivityManager: User 0 state changed from RUNNING_LOCKED to RUNNING_UNLOCKING
06-10 15:19:59.574 308 308 D XiriService: check file name: /data/data/com.softwinner.miracastReceiver/lib
06-10 15:19:59.575 308 308 D XiriService: check file name: /data/data/com.android.bluetooth/lib
06-10 15:19:59.579 523 545 D ActivityManager: Unlocking user 0 progress 20
06-10 15:19:59.589 523 523 W Looper : Slow dispatch took 1820ms main h=android.app.ActivityThread$H c=android.app.LoadedApk$ReceiverDispatcher$Args$$ExternalSyntheticLambda0@837b894 m=0
06-10 15:19:59.595 523 542 D AdbService: setAdbEnabled(true), mIsAdbUsbEnabled=true, mIsAdbWifiEnabled=true, transportType=1
06-10 15:19:59.596 523 545 D AW_CODE : rotation =0
06-10 15:19:59.597 523 551 I SystemServerTimingAsync: ssm.UnlockingUser-0
06-10 15:19:59.597 523 551 I SystemServiceManager: Calling onUnlockingUser 0
06-10 15:19:59.599 523 545 D AW_CODE : rotation =0
06-10 15:19:59.601 523 551 D BluetoothManagerService: User 0 unlocked
06-10 15:19:59.601 523 545 D ColorDisplayService: setUp: currentUser=0
06-10 15:19:59.602 523 551 D StorageManagerService: onUnlockUser 0
06-10 15:19:59.602 523 544 D BluetoothManagerService: MESSAGE_USER_UNLOCKED
06-10 15:19:59.602 523 551 I StorageSessionController: On user unlock 0
06-10 15:19:59.602 523 551 I StorageSessionController: Initialialising...
06-10 15:19:59.604 683 683 D SystemUIService: Starting Wifi now
06-10 15:19:59.648 207 207 I vold : onUserStarted: 0
06-10 15:19:59.656 1046 1046 I usb 5-1 : New USB device found, idVendor=046d, idProduct=c092, bcdDevice=52.00
06-10 15:19:59.656 1046 1046 I usb 5-1 : New USB device strings: Mfr=1, Product=2, SerialNumber=3
06-10 15:19:59.656 1046 1046 I usb 5-1 : Product: G102 LIGHTSYNC Gaming Mouse
06-10 15:19:59.656 1046 1046 I usb 5-1 : Manufacturer: Logitech
06-10 15:19:59.656 1046 1046 I usb 5-1 : SerialNumber: 205B36775633
06-10 15:19:59.655 523 759 V StorageManagerService: Found primary storage at VolumeInfo{emulated;0}:
06-10 15:19:59.655 523 759 V StorageManagerService: type=EMULATED diskId=null partGuid= mountFlags=0 mountUserId=0
06-10 15:19:59.655 523 759 V StorageManagerService: state=UNMOUNTED
06-10 15:19:59.655 523 759 V StorageManagerService: fsType=null fsUuid=null fsLabel=null
06-10 15:19:59.655 523 759 V StorageManagerService: path=null internalPath=null
06-10 15:19:59.657 334 335 D XM_HIDREAD: add@ add@/devices/platform/soc@3000000/5101400.ohci0-controller/usb5/5-1
06-10 15:19:59.657 523 545 D ColorDisplayService: onNightDisplayAutoModeChanged: autoMode=0
06-10 15:19:59.657 523 545 I ColorDisplayService: Turning off night display
06-10 15:19:59.657 523 545 D ColorDisplayService: Setting bright color reduction level: 50
06-10 15:19:59.662 334 335 D XM_HIDREAD: add@ add@/devices/platform/soc@3000000/5101400.ohci0-controller/usb5/5-1/5-1:1.0
06-10 15:19:59.663 523 612 I StorageManagerService: Mounting volume VolumeInfo{emulated;0}:
06-10 15:19:59.663 523 612 I StorageManagerService: type=EMULATED diskId=null partGuid= mountFlags=PRIMARY|VISIBLE
06-10 15:19:59.663 523 612 I StorageManagerService: mountUserId=0 state=UNMOUNTED
06-10 15:19:59.663 523 612 I StorageManagerService: fsType=null fsUuid=null fsLabel=null
06-10 15:19:59.663 523 612 I StorageManagerService: path=null internalPath=null
06-10 15:19:59.665 207 207 I vold : Mounting emulated fuse volume
06-10 15:19:59.670 523 551 W SystemServiceManager: Service com.android.server.StorageManagerService$Lifecycle took 69 ms in onUnlockingUser-0
06-10 15:19:59.671 1046 1046 I input : Logitech G102 LIGHTSYNC Gaming Mouse as /devices/platform/soc@3000000/5101400.ohci0-controller/usb5/5-1/5-1:1.0/0003:046D:C092.0001/input/input2
06-10 15:19:59.672 1046 1046 I hid-generic 0003: 046D:C092.0001: input,hidraw0: USB HID v1.11 Mouse [Logitech G102 LIGHTSYNC Gaming Mouse] on usb-sunxi-ohci-1/input0
06-10 15:19:59.673 334 335 D XM_HIDREAD: add@ add@/devices/platform/soc@3000000/5101400.ohci0-controller/usb5/5-1/5-1:1.0/0003:046D:C092.0001
06-10 15:19:59.673 334 335 D XM_HIDREAD: add@ add@/devices/platform/soc@3000000/5101400.ohci0-controller/usb5/5-1/5-1:1.0/0003:046D:C092.0001/input/input2
06-10 15:19:59.673 334 335 D XM_HIDREAD: add@ add@/devices/platform/soc@3000000/5101400.ohci0-controller/usb5/5-1/5-1:1.0/0003:046D:C092.0001/input/input2/event2
06-10 15:19:59.673 334 335 D XM_HIDREAD: add@ add@/devices/platform/soc@3000000/5101400.ohci0-controller/usb5/5-1/5-1:1.0/0003:046D:C092.0001/hidraw/hidraw0
06-10 15:19:59.673 334 335 D XM_HIDREAD: ready open:/dev/hidraw0
06-10 15:19:59.673 334 335 D XM_HIDREAD: open:/dev/hidraw0 resultFD:-1
06-10 15:19:59.673 334 335 E XM_HIDREAD: open hidraw error: No such file or directory, wait to retry...
06-10 15:19:59.675 523 588 I WifiService: setWifiEnabled package=com.android.systemui uid=10065 enable=true
06-10 15:19:59.683 1046 1046 I input : Logitech G102 LIGHTSYNC Gaming Mouse Keyboard as /devices/platform/soc@3000000/5101400.ohci0-controller/usb5/5-1/5-1:1.1/0003:046D:C092.0002/input/input3
06-10 15:19:59.683 523 551 W TextServicesManagerService: no available spell checker services found
06-10 15:19:59.686 523 619 D WifiActiveModeWarden: Starting primary ClientModeManager in connect mode
06-10 15:19:59.690 1046 1046 I input : Logitech G102 LIGHTSYNC Gaming Mouse Consumer Control as /devices/platform/soc@3000000/5101400.ohci0-controller/usb5/5-1/5-1:1.1/0003:046D:C092.0002/input/input4
06-10 15:19:59.691 523 551 D WifiService: Handle user unlock 0
06-10 15:19:59.693 523 551 I WallpaperManagerService: on-unlock-user-0
06-10 15:19:59.695 1046 1046 I input : Logitech G102 LIGHTSYNC Gaming Mouse System Control as /devices/platform/soc@3000000/5101400.ohci0-controller/usb5/5-1/5-1:1.1/0003:046D:C092.0002/input/input5
06-10 15:19:59.695 523 619 D WifiController: DisabledState.exit()
06-10 15:19:59.695 523 619 D WifiController: EnabledState.enter()
06-10 15:19:59.697 523 619 D WifiClientModeManager[unknown]: entering IdleState
06-10 15:19:59.707 207 207 I vold : Bind mounting /data/media to /mnt/pass_through/0/emulated
06-10 15:19:59.708 664 664 D WifiHWInfo: Start to load wireless module hardware info table...
06-10 15:19:59.711 523 544 W IorapForwardingService: No service published for: iorapd
06-10 15:19:59.715 523 551 W VoiceInteractionManager: no available voice recognition services found for user 0
06-10 15:19:59.716 523 612 I StorageSessionController: On volume mount VolumeInfo{emulated;0}:
06-10 15:19:59.716 523 612 I StorageSessionController: type=EMULATED diskId=null partGuid= mountFlags=PRIMARY|VISIBLE
06-10 15:19:59.716 523 612 I StorageSessionController: mountUserId=0 state=CHECKING
06-10 15:19:59.716 523 612 I StorageSessionController: fsType=null fsUuid=null fsLabel=null
06-10 15:19:59.716 523 612 I StorageSessionController: path=/storage/emulated internalPath=/data/media
06-10 15:19:59.717 523 1001 I HibernationStateDiskStore: No hibernation file on disk for file /data/system_ce/0/hibernation/states
06-10 15:19:59.718 523 612 I StorageSessionController: Creating connection for user: 0
06-10 15:19:59.719 523 612 I StorageSessionController: Creating and starting session with id: emulated;0
06-10 15:19:59.719 523 612 I StorageUserConnection: Binding to the ExternalStorageService for user 0
06-10 15:19:59.721 664 664 D WifiHWInfo: Entry [01], BUS: SDIO, ID: 0x024C8179, Name: rtl8189es.
06-10 15:19:59.721 664 664 D WifiHWInfo: Entry [02], BUS: SDIO, ID: 0x024CB723, Name: rtl8723bs_vq0.
06-10 15:19:59.721 664 664 D WifiHWInfo: Entry [03], BUS: SDIO, ID: 0x024CB703, Name: rtl8723cs.
06-10 15:19:59.721 664 664 D WifiHWInfo: Entry [04], BUS: SDIO, ID: 0x024CD723, Name: rtl8723ds.
06-10 15:19:59.721 664 664 D WifiHWInfo: Entry [05], BUS: SDIO, ID: 0x024CF179, Name: rtl8189fs.
06-10 15:19:59.721 664 664 D WifiHWInfo: Entry [06], BUS: SDIO, ID: 0x024CB822, Name: rtl88x2bs.
06-10 15:19:59.721 664 664 D WifiHWInfo: Entry [07], BUS: USB, ID: 0x0BDAD723, Name: rtl8723du.
06-10 15:19:59.721 664 664 D WifiHWInfo: Entry [08], BUS: USB, ID: 0x0BDA8179, Name: rtl8188etv.
06-10 15:19:59.721 664 664 D WifiHWInfo: Entry [09], BUS: USB, ID: 0x0BDA0179, Name: rtl8188eu.
06-10 15:19:59.721 664 664 D WifiHWInfo: Entry [10], BUS: USB, ID: 0x0BDA818B, Name: rtl8192eu.
06-10 15:19:59.721 664 664 D WifiHWInfo: Entry [11], BUS: USB, ID: 0x0BDAB720, Name: rtl8723bu.
06-10 15:19:59.721 664 664 D WifiHWInfo: Entry [12], BUS: USB, ID: 0x0BDAC82C, Name: rtl8822cu.
06-10 15:19:59.721 664 664 D WifiHWInfo: Entry [13], BUS: USB, ID: 0x0BDAF179, Name: rtl8188fu.
06-10 15:19:59.721 664 664 D WifiHWInfo: Entry [14], BUS: SDIO, ID: 0x02D0A9A6, Name: ap6212.
06-10 15:19:59.721 664 664 D WifiHWInfo: Entry [15], BUS: SDIO, ID: 0x02D04330, Name: ap6330.
06-10 15:19:59.721 664 664 D WifiHWInfo: Entry [16], BUS: SDIO, ID: 0x02D04356, Name: ap6356s.
06-10 15:19:59.721 664 664 D WifiHWInfo: Entry [17], BUS: SDIO, ID: 0x02D0A9BF, Name: ap6255.
06-10 15:19:59.721 523 647 I BackupManagerService: Starting service for user: 0
06-10 15:19:59.721 664 664 D WifiHWInfo: Entry [18], BUS: SDIO, ID: 0x02D04334, Name: bcm43342.
06-10 15:19:59.721 664 664 D WifiHWInfo: Entry [19], BUS: SDIO, ID: 0x00202281, Name: xr819.
06-10 15:19:59.721 664 664 D WifiHWInfo: Entry [20], BUS: SDIO, ID: 0x0A9E2282, Name: xr829.
06-10 15:19:59.721 664 664 D WifiHWInfo: Entry [21], BUS: SDIO, ID: 0x0271050A, Name: qca6174a.
06-10 15:19:59.721 664 664 D WifiHWInfo: Entry [22], BUS: SDIO, ID: 0x30303030, Name: ssv6x5x.
06-10 15:19:59.721 664 664 D WifiHWInfo: Entry [23], BUS: SDIO, ID: 0x00000000, Name: uwe5621.
06-10 15:19:59.721 664 664 D WifiHWInfo: Entry [24], BUS: SDIO, ID: 0x54490145, Name: aic8800.
06-10 15:19:59.721 664 664 D WifiHWInfo: Entry [25], BUS: SDIO, ID: 0xC8A1C08D, Name: aic8800.
06-10 15:19:59.721 664 664 D WifiHWInfo: Entry [26], BUS: USB, ID: 0xA69C8800, Name: aic8800.
06-10 15:19:59.721 664 664 D WifiHWInfo: Entry [27], BUS: USB, ID: 0x007A8888, Name: atbm6023is.
06-10 15:19:59.721 664 664 D WifiHWInfo: Entry [28], BUS: SDIO, ID: 0x02E79086, Name: 9012p.
06-10 15:19:59.721 664 664 D WifiHWInfo: Entry [29], BUS: SDIO, ID: 0x007A6011, Name: atbm613x_wifi_sdio.
06-10 15:19:59.721 664 664 D WifiHWInfo: Entry [30], BUS: SDIO, ID: 0x024CC822, Name: 88x2cs.
06-10 15:19:59.721 664 664 D WifiHWInfo: Entry [31], BUS: SDIO, ID: 0x000018F0, Name: dummy.
06-10 15:19:59.721 664 664 W android.hardware.wifi@1.0-service-lazy: DRIVER_MODULE_TAG: sprdwl_ng : Success
06-10 15:19:59.722 664 664 I android.hardware.wifi@1.0-service-lazy: driver_module_path: /vendor/lib/modules/sprdwl_ng.ko
06-10 15:19:59.722 664 664 I android.hardware.wifi@1.0-service-lazy: driver_module_arg:
06-10 15:19:59.726 523 551 D AutofillManagerServiceImpl: Reset component for user 0:
06-10 15:19:59.727 523 543 D AutofillUI: destroySaveUiUiThread(): already destroyed
06-10 15:19:59.728 523 551 D FieldClassificationStrategy: reset(): service is not bound. Do nothing.
06-10 15:19:59.728 523 551 W AppBindingService: [Default SMS app] u0 Target package not found
06-10 15:19:59.729 523 551 I ActivityTaskManager: Loading recents for user 0 into memory.
06-10 15:19:59.741 523 647 V BackupManagerService: [UserID:0] Starting with transport com.android.localtransport/.LocalTransport
06-10 15:19:59.744 342 344 D DONGLE_SERVICE: check_smartctrl_hidraw_node, vid=1133, pid =49298
06-10 15:19:59.744 342 344 E DONGLE_SERVICE: not supported: /dev/hidraw0
06-10 15:19:59.746 1046 1046 I hid-generic 0003: 046D:C092.0002: input,hiddev96,hidraw1: USB HID v1.11 Keyboard [Logitech G102 LIGHTSYNC Gaming Mouse] on usb-sunxi-ohci-1/input1
06-10 15:19:59.750 822 822 W ContextImpl: Calling a method in the system process without a qualified user: android.app.ContextImpl.startService:1816 android.content.ContextWrapper.startService:774 android.content.ContextWrapper.startService:774 com.android.tv.settings.users.UserSwitchListenerService$BootReceiver.onReceive:50 android.app.ActivityThread.handleReceiver:4308
06-10 15:19:59.752 523 647 D BackupManagerService: [UserID:0] Started thread backup-0
06-10 15:19:59.755 523 607 D EventHub: No input device configuration file found for device 'Logitech G102 LIGHTSYNC Gaming Mouse'.
06-10 15:19:59.760 523 607 I EventHub: usingClockIoctl=true
06-10 15:19:59.760 523 607 I EventHub: New device: id=3, fd=293, path='/dev/input/event2', name='Logitech G102 LIGHTSYNC Gaming Mouse', classes=CURSOR | EXTERNAL, configuration='', keyLayout='', keyCharacterMap='', builtinKeyboard=false,
06-10 15:19:59.760 523 607 I InputReader: Device added: id=4, eventHubId=3, name='Logitech G102 LIGHTSYNC Gaming Mouse', descriptor='0c945141df4847607bfc33914f112e8b3a79788d',sources=0x00002002
06-10 15:19:59.772 523 690 D UsbHostManager: USB device attached: vidpid 046d:c092 mfg/product/ver/serial Logitech/G102 LIGHTSYNC Gaming Mouse/52.00/205B36775633 hasAudio/HID/Storage: false/true/false
06-10 15:19:59.773 334 335 E XM_HIDREAD: trying to reopen hidraw: /dev/hidraw0
06-10 15:19:59.774 334 335 D XM_HIDREAD: ready open:/dev/hidraw0
06-10 15:19:59.781 523 551 V PackageConfigPersister: loadPackages: empty list files from /data/system_ce/0/package_configs
06-10 15:19:59.781 523 551 W ActivityManager: UserLifecycleEvent 5 received without an active userJourneySession.
06-10 15:19:59.781 523 551 W ActivityManager: UserLifecycleEvent 6 received without an active userJourneySession.
06-10 15:19:59.781 523 612 W ActivityManager: Slow operation: 52ms so far, now at startProcess: done creating new process record
06-10 15:19:59.781 523 612 W ActivityManager: Slow operation: 52ms so far, now at startProcess: stepping in to startProcess
06-10 15:19:59.781 523 551 I ActivityManager: User 0 state changed from RUNNING_UNLOCKING to RUNNING_UNLOCKED
06-10 15:19:59.782 523 551 D SystemServerTiming: SystemUserUnlock took to complete: 2045ms
06-10 15:19:59.785 523 690 D UsbDeviceDescriptor: 1 configs
06-10 15:19:59.795 664 664 I WCN : start_marlin [MARLIN_WIFI]
06-10 15:19:59.795 664 664 D : CPU: 2 PID: 664 Comm: wifi@1.0-servic Tainted: G O 5.4.125+ #9
06-10 15:19:59.795 664 664 D Hardware name: sun50iw9 (DT)
06-10 15:19:59.795 664 664 D Call trace:
06-10 15:19:59.795 664 664 D : dump_backtrace.cfi_jt+0x0/0x4
06-10 15:19:59.795 664 664 D : dump_stack+0xbc/0x104
06-10 15:19:59.795 664 664 D : marlin_set_power+0x2c/0x78c [uwe5621_bsp_sdio]
06-10 15:19:59.795 664 664 D : start_marlin+0xbc/0x14c [uwe5621_bsp_sdio]
06-10 15:19:59.796 664 664 D : sprdwl_probe+0x28/0x3f4 [sprdwl_ng]
06-10 15:19:59.796 664 664 D : platform_drv_probe+0xac/0xf0
06-10 15:19:59.796 664 664 D : really_probe+0x340/0x8f8
06-10 15:19:59.796 664 664 D : driver_probe_device+0x70/0x144
06-10 15:19:59.796 664 664 D : __device_attach_driver+0x14c/0x210
06-10 15:19:59.796 664 664 D : bus_for_each_drv+0x98/0x10c
06-10 15:19:59.796 664 664 D : __device_attach.llvm.14547616182355937686+0x108/0x1a8
06-10 15:19:59.796 664 664 D : bus_probe_device+0x3c/0xdc
06-10 15:19:59.796 664 664 D : device_add+0x950/0xb78
06-10 15:19:59.796 664 664 D : platform_device_add+0x90/0x260
06-10 15:19:59.796 664 664 D : init_module+0x48/0xfc4 [sprdwl_ng]
06-10 15:19:59.796 664 664 D : do_one_initcall+0xc4/0x238
06-10 15:19:59.796 664 664 D : do_init_module+0x58/0x2e0
06-10 15:19:59.796 664 664 D : load_module+0x31b8/0x3a40
06-10 15:19:59.796 664 664 D : __arm64_sys_finit_module+0xbc/0x120
06-10 15:19:59.796 664 664 D : el0_svc_common+0xb8/0x1cc
06-10 15:19:59.796 664 664 D : el0_svc_compat_handler+0x1c/0x28
06-10 15:19:59.796 664 664 D : el0_svc_compat+0x8/0x24
06-10 15:19:59.796 664 664 I WCN : marlin power state:1, subsys: [MARLIN_WIFI] power 1
06-10 15:19:59.796 664 664 I WCN : marlin have open, GNSS is closed
06-10 15:19:59.816 523 690 D UsbHostManager: Added device UsbDevice[mName=/dev/bus/usb/005/002,mVendorId=1133,mProductId=49298,mClass=0,mSubclass=0,mProtocol=0,mManufacturerName=Logitech,mProductName=G102 LIGHTSYNC Gaming Mouse,mVersion=52.00,mSerialNumberReader=com.android.server.usb.UsbSerialReader@bbdc043, mHasAudioPlayback=false, mHasAudioCapture=false, mHasMidi=false, mHasVideoCapture=false, mHasVideoPlayback=false, mConfigurations=[
06-10 15:19:59.816 523 690 D UsbHostManager: UsbConfiguration[mId=1,mName=U152.00_B0010 ,mAttributes=160,mMaxPower=150,mInterfaces=[
06-10 15:19:59.816 523 690 D UsbHostManager: UsbInterface[mId=0,mAlternateSetting=0,mName=null,mClass=3,mSubclass=1,mProtocol=2,mEndpoints=[
06-10 15:19:59.816 523 690 D UsbHostManager: UsbEndpoint[mAddress=129,mAttributes=3,mMaxPacketSize=8,mInterval=1]]
06-10 15:19:59.816 523 690 D UsbHostManager: UsbInterface[mId=1,mAlternateSetting=0,mName=null,mClass=3,mSubclass=0,mProtocol=0,mEndpoints=[
06-10 15:19:59.816 523 690 D UsbHostManager: UsbEndpoint[mAddress=130,mAttributes=3,mMaxPacketSize=20,mInterval=1]]]]
06-10 15:19:59.818 342 344 D DONGLE_SERVICE: check_smartctrl_hidraw_node, vid=1133, pid =49298
06-10 15:19:59.818 342 344 E DONGLE_SERVICE: not supported: /dev/hidraw1
06-10 15:19:59.818 334 335 D XM_HIDREAD: open:/dev/hidraw0 resultFD:8
06-10 15:19:59.818 334 335 D XM_HIDREAD: 1 ready ioctl hidrawFD 8
06-10 15:19:59.818 334 335 D XM_HIDREAD: 2 ready ioctl hidrawFD 8
06-10 15:19:59.818 334 335 D XM_HIDREAD: 3 ready ioctl hidrawFD 8
06-10 15:19:59.818 334 335 D XM_HIDREAD: 4 ready ioctl hidrawFD 8
06-10 15:19:59.818 334 335 D XM_HIDREAD: ioctl hidrawFD HIDIOCGRDESC ret 0
06-10 15:19:59.818 334 335 D XM_HIDREAD: dinfo.vendor:1133,dinfo.product:49298
06-10 15:19:59.818 334 335 E XM_HIDREAD: : /dev/hidraw0
06-10 15:19:59.819 334 335 D XM_HIDREAD: add@ add@/devices/platform/soc@3000000/5101400.ohci0-controller/usb5/5-1/5-1:1.1
06-10 15:19:59.819 334 335 D XM_HIDREAD: add@ add@/devices/platform/soc@3000000/5101400.ohci0-controller/usb5/5-1/5-1:1.1/0003:046D:C092.0002
06-10 15:19:59.819 334 335 D XM_HIDREAD: add@ add@/devices/platform/soc@3000000/5101400.ohci0-controller/usb5/5-1/5-1:1.1/0003:046D:C092.0002/input/input3
06-10 15:19:59.819 334 335 D XM_HIDREAD: add@ add@/devices/platform/soc@3000000/5101400.ohci0-controller/usb5/5-1/5-1:1.1/0003:046D:C092.0002/input/input3/event3
06-10 15:19:59.819 334 335 D XM_HIDREAD: add@ add@/devices/platform/soc@3000000/5101400.ohci0-controller/usb5/5-1/5-1:1.1/0003:046D:C092.0002/input/input4
06-10 15:19:59.819 334 335 D XM_HIDREAD: add@ add@/devices/platform/soc@3000000/5101400.ohci0-controller/usb5/5-1/5-1:1.1/0003:046D:C092.0002/input/input4/event4
06-10 15:19:59.819 334 335 D XM_HIDREAD: add@ add@/devices/platform/soc@3000000/5101400.ohci0-controller/usb5/5-1/5-1:1.1/0003:046D:C092.0002/input/input5
06-10 15:19:59.819 334 335 D XM_HIDREAD: add@ add@/devices/platform/soc@3000000/5101400.ohci0-controller/usb5/5-1/5-1:1.1/0003:046D:C092.0002/input/input5/event5
06-10 15:19:59.819 334 335 D XM_HIDREAD: add@ add@/class/usbmisc
06-10 15:19:59.819 334 335 D XM_HIDREAD: add@ add@/devices/platform/soc@3000000/5101400.ohci0-controller/usb5/5-1/5-1:1.1/usbmisc/hiddev0
06-10 15:19:59.819 334 335 D XM_HIDREAD: add@ add@/devices/virtual/bdi/0:47
06-10 15:19:59.819 334 335 D XM_HIDREAD: add@ add@/devices/platform/soc@3000000/5101400.ohci0-controller/usb5/5-1/5-1:1.1/0003:046D:C092.0002/hidraw/hidraw1
06-10 15:19:59.819 334 335 D XM_HIDREAD: ready open:/dev/hidraw1
06-10 15:19:59.819 334 335 D XM_HIDREAD: open:/dev/hidraw1 resultFD:9
06-10 15:19:59.819 334 335 D XM_HIDREAD: 1 ready ioctl hidrawFD 9
06-10 15:19:59.819 334 335 D XM_HIDREAD: 2 ready ioctl hidrawFD 9
06-10 15:19:59.819 334 335 D XM_HIDREAD: 3 ready ioctl hidrawFD 9
06-10 15:19:59.819 334 335 D XM_HIDREAD: 4 ready ioctl hidrawFD 9
06-10 15:19:59.819 334 335 D XM_HIDREAD: ioctl hidrawFD HIDIOCGRDESC ret 0
06-10 15:19:59.819 334 335 D XM_HIDREAD: dinfo.vendor:1133,dinfo.product:49298
06-10 15:19:59.819 334 335 E XM_HIDREAD: : /dev/hidraw1
06-10 15:19:59.819 334 335 D XM_HIDREAD: add@ add@/devices/virtual/wakeup/wakeup25
06-10 15:19:59.820 334 335 D XM_HIDREAD: add@ add@/bus/platform/drivers/unisoc_wifi
06-10 15:19:59.820 334 335 D XM_HIDREAD: add@ add@/devices/platform/unisoc_wifi
06-10 15:19:59.820 334 335 D XM_HIDREAD: add@ add@/devices/platform/unisoc_wifi/wakeup/wakeup26
06-10 15:19:59.824 523 607 D EventHub: No input device configuration file found for device 'Logitech G102 LIGHTSYNC Gaming Mouse Keyboard'.
06-10 15:19:59.824 664 664 E sprdwl : __sprdwl_cmd_getbuf cant't get vif, ctx_id: 0
06-10 15:19:59.830 523 550 I UsageStatsService: User[0] Rollover scheduled @ 2025-06-11 15:10:08(1749625808720)
06-10 15:19:59.835 523 550 I UsageStatsService: User[0] Flushing usage stats to disk
06-10 15:19:59.837 523 523 W InputMethodUtils: Found no fallback locale. imis=[InputMethodInfo{com.sohu.inputmethod.sogou.tv/.SogouIME, settings: com.sohu.inputmethod.sogou.SogouIMESettingsLauncher}]
06-10 15:19:59.838 523 523 W InputMethodUtils: No software keyboard is found. imis=[InputMethodInfo{com.sohu.inputmethod.sogou.tv/.SogouIME, settings: com.sohu.inputmethod.sogou.SogouIMESettingsLauncher}] systemLocale=zh_CN fallbackLocale=null
06-10 15:19:59.838 523 523 W Looper : Slow dispatch took 187ms main h=android.os.Handler c=null m=5000
06-10 15:19:59.839 523 523 I NotificationHistory: Attempted to unlock gone/disabled user 0
06-10 15:19:59.857 523 647 I SELinux : SELinux: Loaded file_contexts
06-10 15:19:59.872 523 647 E BackupPasswordManager: Unable to read backup pw version
06-10 15:19:59.873 523 647 E BackupPasswordManager: Unable to read saved backup pw hash
06-10 15:19:59.885 334 335 D XM_HIDREAD: add@ add@/devices/virtual/wakeup/wakeup27
06-10 15:19:59.886 523 607 I EventHub: usingClockIoctl=true
06-10 15:19:59.886 523 607 I EventHub: New device: id=4, fd=313, path='/dev/input/event3', name='Logitech G102 LIGHTSYNC Gaming Mouse Keyboard', classes=KEYBOARD | ALPHAKEY | EXTERNAL, configuration='', keyLayout='/system/usr/keylayout/Generic.kl', keyCharacterMap='/system/usr/keychars/Generic.kcm', builtinKeyboard=false,
06-10 15:19:59.887 523 607 D EventHub: No input device configuration file found for device 'Logitech G102 LIGHTSYNC Gaming Mouse Consumer Control'.
06-10 15:19:59.900 523 607 W EventHub: Unable to disable kernel key repeat for /dev/input/event4: Function not implemented
06-10 15:19:59.900 523 607 I EventHub: usingClockIoctl=true
06-10 15:19:59.900 334 335 D XM_HIDREAD: add@ add@/devices/virtual/wakeup/wakeup28
06-10 15:19:59.901 357 357 I WCN : WCND at cmd read:3
06-10 15:19:59.901 523 607 I EventHub: New device: id=5, fd=308, path='/dev/input/event4', name='Logitech G102 LIGHTSYNC Gaming Mouse Consumer Control', classes=KEYBOARD | DPAD | JOYSTICK | EXTERNAL, configuration='', keyLayout='/system/usr/keylayout/Generic.kl', keyCharacterMap='/system/usr/keychars/Generic.kcm', builtinKeyboard=false,
06-10 15:19:59.906 523 607 D EventHub: No input device configuration file found for device 'Logitech G102 LIGHTSYNC Gaming Mouse System Control'.
06-10 15:19:59.917 523 607 W EventHub: Unable to disable kernel key repeat for /dev/input/event5: Function not implemented
06-10 15:19:59.917 334 335 D XM_HIDREAD: add@ add@/devices/virtual/wakeup/wakeup29
06-10 15:19:59.917 523 607 I EventHub: usingClockIoctl=true
