05-26 14:47:54.769 2991 3004 I OpenGLRenderer: Davey! duration=9223371945584ms; Flags=0, FrameTimelineVsyncId=3115, IntendedVsync=91269600066, Vsync=91269600066, InputEventId=621398561, HandleInputStart=91270239125, AnimationStart=91270243125, PerformTraversalsStart=91272520542, DrawStart=91272811417, FrameDeadline=91302933398, FrameInterval=91270232208, FrameStartTime=16666666, SyncQueued=91274095542, SyncStart=91274611958, IssueDrawCommandsStart=91275153792, SwapBuffers=91279249250, FrameCompleted=9223372036854775807, DequeueBufferDuration=32208, QueueBufferDuration=1278084, GpuCompleted=9223372036854775807, SwapBuffersCompleted=91281196042, DisplayPresentTime=0,
05-26 14:47:54.786 2991 3006 I OpenGLRenderer: Davey! duration=9223371945568ms; Flags=0, FrameTimelineVsyncId=3117, IntendedVsync=91286265736, Vsync=91286265736, InputEventId=0, HandleInputStart=91286788000, AnimationStart=91286791708, PerformTraversalsStart=91286969792, DrawStart=91287053375, FrameDeadline=91319599068, FrameInterval=91286780417, FrameStartTime=16666666, SyncQueued=91287861542, SyncStart=91287958083, IssueDrawCommandsStart=91288537417, SwapBuffers=91291661292, FrameCompleted=9223372036854775807, DequeueBufferDuration=29750, QueueBufferDuration=1096250, GpuCompleted=9223372036854775807, SwapBuffersCompleted=91293518417, DisplayPresentTime=0,
05-26 14:47:55.326 471 520 W IorapForwardingService: No service published for: iorapd
05-26 14:47:55.488 2711 2712 D uninstall: watchdaemon com.ktcp.video:daemon is exist
05-26 14:47:55.506 317 2918 D XM_HIDREAD: poll ret=1, event=1
05-26 14:47:55.506 317 2918 D XM_HIDREAD: [9 bytes]:01 00 00 50 00 00 00 00 00
05-26 14:47:55.507 471 595 D TvWindowManager: key event key = KEYCODE_DPAD_LEFT down = true
05-26 14:47:55.508 471 594 D GpioService: mFlickerEnable = true
05-26 14:47:55.508 2225 2225 I SogouIME: onKeyDown: keyoCode=21
05-26 14:47:55.508 2225 2225 I DefaultIMS: onKeyDown: keyoCode=21
05-26 14:47:55.512 2225 2225 I DefaultIMS: onStartInput attribute=android.view.inputmethod.EditorInfo@7baf0d5 restarting=false inputType: 0
05-26 14:47:55.537 2991 3004 I OpenGLRenderer: Davey! duration=9223371944818ms; Flags=0, FrameTimelineVsyncId=3121, IntendedVsync=92036261220, Vsync=92036261220, InputEventId=461241976, HandleInputStart=92036583459, AnimationStart=92036586584, PerformTraversalsStart=92036749375, DrawStart=92038226667, FrameDeadline=92069594552, FrameInterval=92036576750, FrameStartTime=16666666, SyncQueued=92039340917, SyncStart=92039458250, IssueDrawCommandsStart=92040090750, SwapBuffers=92046487750, FrameCompleted=9223372036854775807, DequeueBufferDuration=55750, QueueBufferDuration=976375, GpuCompleted=9223372036854775807, SwapBuffersCompleted=92048187167, DisplayPresentTime=0,
05-26 14:47:55.552 2991 3004 I OpenGLRenderer: Davey! duration=9223371944801ms; Flags=0, FrameTimelineVsyncId=3123, IntendedVsync=92052927879, Vsync=92052927879, InputEventId=0, HandleInputStart=92053540125, AnimationStart=92053544000, PerformTraversalsStart=92053944750, DrawStart=92054025250, FrameDeadline=92086261211, FrameInterval=92053532792, FrameStartTime=16666666, SyncQueued=92055202250, SyncStart=92055337500, IssueDrawCommandsStart=92056159000, SwapBuffers=92066983792, FrameCompleted=9223372036854775807, DequeueBufferDuration=40500, QueueBufferDuration=975750, GpuCompleted=9223372036854775807, SwapBuffersCompleted=92068797459, DisplayPresentTime=0,
05-26 14:47:55.569 2991 3006 I OpenGLRenderer: Davey! duration=9223371944785ms; Flags=0, FrameTimelineVsyncId=3125, IntendedVsync=92069593359, Vsync=92069593359, InputEventId=0, HandleInputStart=92070108792, AnimationStart=92070112417, PerformTraversalsStart=92070502001, DrawStart=92070587626, FrameDeadline=92102926691, FrameInterval=92070101001, FrameStartTime=16666666, SyncQueued=92070958042, SyncStart=92071050709, IssueDrawCommandsStart=92071663209, SwapBuffers=92076191334, FrameCompleted=9223372036854775807, DequeueBufferDuration=31041, QueueBufferDuration=1116958, GpuCompleted=9223372036854775807, SwapBuffersCompleted=92078033584, DisplayPresentTime=0,
05-26 14:47:55.591 2991 3006 I OpenGLRenderer: Davey! duration=9223371944768ms; Flags=0, FrameTimelineVsyncId=3127, IntendedVsync=92086260141, Vsync=92086260141, InputEventId=0, HandleInputStart=92088219667, AnimationStart=92088223542, PerformTraversalsStart=92088779209, DrawStart=92088947209, FrameDeadline=92119593473, FrameInterval=92088212459, FrameStartTime=16666666, SyncQueued=92089476126, SyncStart=92089585542, IssueDrawCommandsStart=92090208417, SwapBuffers=92094406417, FrameCompleted=9223372036854775807, DequeueBufferDuration=36416, QueueBufferDuration=943042, GpuCompleted=9223372036854775807, SwapBuffersCompleted=92095943751, DisplayPresentTime=0,
05-26 14:47:55.607 2991 3004 I OpenGLRenderer: Davey! duration=9223371944751ms; Flags=0, FrameTimelineVsyncId=3129, IntendedVsync=92102926784, Vsync=92102926784, InputEventId=0, HandleInputStart=92103706209, AnimationStart=92103710792, PerformTraversalsStart=92104418292, DrawStart=92104545876, FrameDeadline=92136260116, FrameInterval=92103695667, FrameStartTime=16666666, SyncQueued=92105019751, SyncStart=92105165042, IssueDrawCommandsStart=92106011126, SwapBuffers=92110497126, FrameCompleted=9223372036854775807, DequeueBufferDuration=51083, QueueBufferDuration=3084167, GpuCompleted=9223372036854775807, SwapBuffersCompleted=92115362126, DisplayPresentTime=0,
05-26 14:47:55.623 2991 3004 I OpenGLRenderer: Davey! duration=9223371944735ms; Flags=0, FrameTimelineVsyncId=3131, IntendedVsync=92119594395, Vsync=92119594395, InputEventId=0, HandleInputStart=92120319001, AnimationStart=92120324001, PerformTraversalsStart=92120778792, DrawStart=92120882709, FrameDeadline=92152927727, FrameInterval=92120307501, FrameStartTime=16666666, SyncQueued=92121354667, SyncStart=92121494876, IssueDrawCommandsStart=92122706667, SwapBuffers=92127718292, FrameCompleted=9223372036854775807, DequeueBufferDuration=43750, QueueBufferDuration=5374792, GpuCompleted=9223372036854775807, SwapBuffersCompleted=92135063917, DisplayPresentTime=0,
05-26 14:47:55.643 2991 3006 I OpenGLRenderer: Davey! duration=9223371944718ms; Flags=0, FrameTimelineVsyncId=3133, IntendedVsync=92136260825, Vsync=92136260825, InputEventId=0, HandleInputStart=92136997584, AnimationStart=92137002251, PerformTraversalsStart=92137600209, DrawStart=92137712834, FrameDeadline=92169594157, FrameInterval=92136986959, FrameStartTime=16666666, SyncQueued=92138196417, SyncStart=92138351209, IssueDrawCommandsStart=92139078167, SwapBuffers=92143027792, FrameCompleted=9223372036854775807, DequeueBufferDuration=38791, QueueBufferDuration=11020792, GpuCompleted=9223372036854775807, SwapBuffersCompleted=92154775917, DisplayPresentTime=0,
05-26 14:47:55.662 2991 3004 I OpenGLRenderer: Davey! duration=9223371944701ms; Flags=0, FrameTimelineVsyncId=3135, IntendedVsync=92152927364, Vsync=92152927364, InputEventId=0, HandleInputStart=92153396334, AnimationStart=92153399792, PerformTraversalsStart=92153794709, DrawStart=92153882584, FrameDeadline=92186260696, FrameInterval=92153389001, FrameStartTime=16666666, SyncQueued=92155423126, SyncStart=92155835084, IssueDrawCommandsStart=92157081501, SwapBuffers=92161858084, FrameCompleted=9223372036854775807, DequeueBufferDuration=52542, QueueBufferDuration=11061375, GpuCompleted=9223372036854775807, SwapBuffersCompleted=92173928709, DisplayPresentTime=0,
05-26 14:47:55.681 2991 3021 I OpenGLRenderer: Davey! duration=9223371944682ms; Flags=0, FrameTimelineVsyncId=3137, IntendedVsync=92169593812, Vsync=92169593812, InputEventId=0, HandleInputStart=92170097126, AnimationStart=92170100584, PerformTraversalsStart=92170520459, DrawStart=92170612584, FrameDeadline=92202927144, FrameInterval=92170090334, FrameStartTime=16666666, SyncQueued=92170987084, SyncStart=92174054792, IssueDrawCommandsStart=92174712959, SwapBuffers=92178346417, FrameCompleted=9223372036854775807, DequeueBufferDuration=45875, QueueBufferDuration=14418875, GpuCompleted=9223372036854775807, SwapBuffersCompleted=92193576876, DisplayPresentTime=0,
05-26 14:47:55.698 2991 3006 I OpenGLRenderer: Davey! duration=9223371944662ms; Flags=0, FrameTimelineVsyncId=3139, IntendedVsync=92186260391, Vsync=92186260391, InputEventId=0, HandleInputStart=92186700251, AnimationStart=92186704417, PerformTraversalsStart=92187038584, DrawStart=92187130459, FrameDeadline=92219593723, FrameInterval=92186693209, FrameStartTime=16666666, SyncQueued=92187488084, SyncStart=92193738876, IssueDrawCommandsStart=92194545584, SwapBuffers=92198564209, FrameCompleted=9223372036854775807, DequeueBufferDuration=56417, QueueBufferDuration=12965625, GpuCompleted=9223372036854775807, SwapBuffersCompleted=92212760167, DisplayPresentTime=0,
05-26 14:47:55.746 317 2918 D XM_HIDREAD: poll ret=1, event=1
05-26 14:47:55.746 317 2918 D XM_HIDREAD: [9 bytes]:01 00 00 00 00 00 00 00 00
05-26 14:47:55.747 471 595 D TvWindowManager: key event key = KEYCODE_DPAD_LEFT down = false
05-26 14:47:55.753 2225 2225 I SogouIME: onKeyUp: keyoCode=21
05-26 14:47:55.753 2225 2225 I DefaultIMS: onKeyUp: keyoCode=21
05-26 14:47:56.123 3051 3051 I Thread-2: type=1400 audit(0.0:1228): avc: denied { execute } for name="am" dev="dm-1" ino=1160 scontext=u:r:system_app:s0 tcontext=u:object_r:vendor_file:s0 tclass=file permissive=1
05-26 14:47:56.123 3051 3051 I Thread-2: type=1400 audit(0.0:1229): avc: denied { read open } for path="/vendor/xbin/am" dev="dm-1" ino=1160 scontext=u:r:system_app:s0 tcontext=u:object_r:vendor_file:s0 tclass=file permissive=1
05-26 14:47:56.123 3051 3051 I Thread-2: type=1400 audit(0.0:1230): avc: denied { execute_no_trans } for path="/vendor/xbin/am" dev="dm-1" ino=1160 scontext=u:r:system_app:s0 tcontext=u:object_r:vendor_file:s0 tclass=file permissive=1
05-26 14:47:56.188 1113 1113 D aaa : LedStatusService onStartCommand begin
05-26 14:47:56.190 1113 3057 D aaa : topPkg is -------------- :com.dangbei.haqusetting
01-01 08:01:35.068 380 380 W hdr10p_Configure: 136 callbacks suppressed
01-01 08:01:35.068 380 380 I : DVI mode selected: packets not configured
05-26 14:47:56.218 1165 1165 D bbb : onStartCommand begin !!!!!!! data分区剩余 23852MB
01-01 08:01:35.081 380 380 W set_vsif_config: 136 callbacks suppressed
01-01 08:01:35.081 380 380 I : Error: set vsif failed
01-01 08:01:35.117 380 380 I : DVI mode selected: packets not configured
01-01 08:01:35.124 380 380 I : Error: set vsif failed
05-26 14:47:56.290 2991 3006 I OpenGLRenderer: Davey! duration=9223371944135ms; Flags=0, FrameTimelineVsyncId=3202, IntendedVsync=92719596629, Vsync=92719596629, InputEventId=0, HandleInputStart=92720518292, AnimationStart=92720522751, PerformTraversalsStart=92720890459, DrawStart=92721008834, FrameDeadline=92752929961, FrameInterval=92720506042, FrameStartTime=16666666, SyncQueued=92721477001, SyncStart=92721616667, IssueDrawCommandsStart=92722524834, SwapBuffers=92730566126, FrameCompleted=9223372036854775807, DequeueBufferDuration=6541000, QueueBufferDuration=830084, GpuCompleted=9223372036854775807, SwapBuffersCompleted=92731987376, DisplayPresentTime=0,
01-01 08:01:35.151 380 380 I : DVI mode selected: packets not configured
01-01 08:01:35.157 380 380 I : Error: set vsif failed
05-26 14:47:56.325 2991 3004 I OpenGLRenderer: Davey! duration=9223371944118ms; Flags=0, FrameTimelineVsyncId=3204, IntendedVsync=92736276226, Vsync=92736276226, InputEventId=0, HandleInputStart=92741529084, AnimationStart=92741533167, PerformTraversalsStart=92741731751, DrawStart=92741812792, FrameDeadline=92769609558, FrameInterval=92741522167, FrameStartTime=16666666, SyncQueued=92742477876, SyncStart=92742592126, IssueDrawCommandsStart=92743200042, SwapBuffers=92781154709, FrameCompleted=9223372036854775807, DequeueBufferDuration=35409334, QueueBufferDuration=1569125, GpuCompleted=9223372036854775807, SwapBuffersCompleted=92784519334, DisplayPresentTime=0,
05-26 14:47:56.329 471 520 W IorapForwardingService: No service published for: iorapd
01-01 08:01:35.184 380 380 I : DVI mode selected: packets not configured
01-01 08:01:35.190 380 380 I : Error: set vsif failed
01-01 08:01:35.217 380 380 I : DVI mode selected: packets not configured
01-01 08:01:35.224 380 380 I : Error: set vsif failed
05-26 14:47:56.368 471 1066 E TaskPersister: File error accessing recents directory (directory doesn't exist?).
05-26 14:47:56.390 2991 3021 I OpenGLRenderer: Davey! duration=9223371944053ms; Flags=0, FrameTimelineVsyncId=3207, IntendedVsync=92769611398, Vsync=92769611398, InputEventId=0, HandleInputStart=92785494959, AnimationStart=92785497043, PerformTraversalsStart=92785693584, DrawStart=92785769876, FrameDeadline=92802944730, FrameInterval=92785490418, FrameStartTime=16666666, SyncQueued=92786061418, SyncStart=92817443959, IssueDrawCommandsStart=92817931668, SwapBuffers=92847375293, FrameCompleted=9223372036854775807, DequeueBufferDuration=27035542, QueueBufferDuration=892417, GpuCompleted=9223372036854775807, SwapBuffersCompleted=92848739543, DisplayPresentTime=0,
01-01 08:01:35.251 380 380 I : DVI mode selected: packets not configured
01-01 08:01:35.257 380 380 I : Error: set vsif failed
05-26 14:47:56.424 2991 3004 I OpenGLRenderer: Davey! duration=9223371944038ms; Flags=0, FrameTimelineVsyncId=3209, IntendedVsync=92786276354, Vsync=92802943020, InputEventId=0, HandleInputStart=92818208918, AnimationStart=92818211001, PerformTraversalsStart=92818370709, DrawStart=92818444626, FrameDeadline=92819609686, FrameInterval=92818202043, FrameStartTime=16666666, SyncQueued=92818717876, SyncStart=92848827959, IssueDrawCommandsStart=92849321709, SwapBuffers=92880802793, FrameCompleted=9223372036854775807, DequeueBufferDuration=29023209, QueueBufferDuration=2861417, GpuCompleted=9223372036854775807, SwapBuffersCompleted=92884119709, DisplayPresentTime=0,
01-01 08:01:35.284 380 380 I : DVI mode selected: packets not configured
01-01 08:01:35.291 380 380 I : Error: set vsif failed
05-26 14:47:56.457 2991 3004 I OpenGLRenderer: Davey! duration=9223371944001ms; Flags=0, FrameTimelineVsyncId=3212, IntendedVsync=92819607054, Vsync=92836273720, InputEventId=0, HandleInputStart=92849589459, AnimationStart=92849591584, PerformTraversalsStart=92849737584, DrawStart=92849808418, FrameDeadline=92852940386, FrameInterval=92849582751, FrameStartTime=16666666, SyncQueued=92850088668, SyncStart=92884214793, IssueDrawCommandsStart=92884693959, SwapBuffers=92914274626, FrameCompleted=9223372036854775807, DequeueBufferDuration=27489792, QueueBufferDuration=2815208, GpuCompleted=9223372036854775807, SwapBuffersCompleted=92917555293, DisplayPresentTime=0,
01-01 08:01:35.317 380 380 I : DVI mode selected: packets not configured
01-01 08:01:35.324 380 380 I : Error: set vsif failed
05-26 14:47:56.490 2991 3004 I OpenGLRenderer: Davey! duration=9223371943969ms; Flags=0, FrameTimelineVsyncId=3215, IntendedVsync=92852950927, Vsync=92869617593, InputEventId=0, HandleInputStart=92884966418, AnimationStart=92884968626, PerformTraversalsStart=92885120918, DrawStart=92885190834, FrameDeadline=92886284259, FrameInterval=92884960876, FrameStartTime=16666666, SyncQueued=92885461584, SyncStart=92917645334, IssueDrawCommandsStart=92918224584, SwapBuffers=92947686834, FrameCompleted=9223372036854775807, DequeueBufferDuration=26893833, QueueBufferDuration=2769875, GpuCompleted=9223372036854775807, SwapBuffersCompleted=92951010043, DisplayPresentTime=0,
01-01 08:01:35.350 380 380 I : DVI mode selected: packets not configured
01-01 08:01:35.357 380 380 I : Error: set vsif failed
05-26 14:47:56.523 2991 3004 I OpenGLRenderer: Davey! duration=9223371943936ms; Flags=0, FrameTimelineVsyncId=3218, IntendedVsync=92886279744, Vsync=92902946410, InputEventId=0, HandleInputStart=92918489959, AnimationStart=92918492001, PerformTraversalsStart=92918663876, DrawStart=92918735209, FrameDeadline=92919613076, FrameInterval=92918483834, FrameStartTime=16666666, SyncQueued=92919008668, SyncStart=92951114251, IssueDrawCommandsStart=92951676084, SwapBuffers=92981100793, FrameCompleted=9223372036854775807, DequeueBufferDuration=26854167, QueueBufferDuration=2739708, GpuCompleted=9223372036854775807, SwapBuffersCompleted=92984331418, DisplayPresentTime=0,
01-01 08:01:35.384 380 380 I : DVI mode selected: packets not configured
01-01 08:01:35.390 380 380 I : Error: set vsif failed
05-26 14:47:56.550 471 539 W ActivityManager: Stopping service due to app idle: u0a57 -1m0s352ms com.android.tv/.dvr.recorder.DvrRecordingService
05-26 14:47:56.555 471 655 I ActivityManager: Killing 1585:com.android.onetimeinitializer/u0a55 (adj 985): empty #17
05-26 14:47:56.561 2991 3004 I OpenGLRenderer: Davey! duration=9223371943903ms; Flags=0, FrameTimelineVsyncId=3221, IntendedVsync=92919609842, Vsync=92936276508, InputEventId=0, HandleInputStart=92951943251, AnimationStart=92951945334, PerformTraversalsStart=92952186584, DrawStart=92952258793, FrameDeadline=92952943174, FrameInterval=92951937376, FrameStartTime=16666666, SyncQueued=92952553834, SyncStart=92984420376, IssueDrawCommandsStart=92984967334, SwapBuffers=93014207376, FrameCompleted=9223372036854775807, DequeueBufferDuration=26671041, QueueBufferDuration=2627000, GpuCompleted=9223372036854775807, SwapBuffersCompleted=93017368668, DisplayPresentTime=0,
05-26 14:47:56.573 471 541 I libprocessgroup: Successfully killed process cgroup uid 10055 pid 1585 in 10ms
05-26 14:47:56.590 2991 3004 I OpenGLRenderer: Davey! duration=9223371943836ms; Flags=0, FrameTimelineVsyncId=3227, IntendedVsync=92986282577, Vsync=93002949243, InputEventId=0, HandleInputStart=93018205376, AnimationStart=93018207418, PerformTraversalsStart=93018380043, DrawStart=93018453376, FrameDeadline=93019615909, FrameInterval=93018198918, FrameStartTime=16666666, SyncQueued=93018726251, SyncStart=93050762543, IssueDrawCommandsStart=93051254251, SwapBuffers=93083543209, FrameCompleted=9223372036854775807, DequeueBufferDuration=30614250, QueueBufferDuration=1298542, GpuCompleted=9223372036854775807, SwapBuffersCompleted=93085982168, DisplayPresentTime=0,
05-26 14:47:56.597 247 247 I Zygote : Process 1585 exited due to signal 9 (Killed)
05-26 14:47:56.786 317 2918 D XM_HIDREAD: poll ret=1, event=1
05-26 14:47:56.787 317 2918 D XM_HIDREAD: [9 bytes]:01 00 00 4F 00 00 00 00 00
05-26 14:47:56.787 471 595 D TvWindowManager: key event key = KEYCODE_DPAD_RIGHT down = true
05-26 14:47:56.788 471 594 D GpioService: mFlickerEnable = true
05-26 14:47:56.794 2225 2225 I SogouIME: onKeyDown: keyoCode=22
05-26 14:47:56.794 2225 2225 I DefaultIMS: onKeyDown: keyoCode=22
05-26 14:47:56.797 2225 2225 I DefaultIMS: onStartInput attribute=android.view.inputmethod.EditorInfo@9b7a0ea restarting=false inputType: 0
05-26 14:47:56.874 2991 3006 I OpenGLRenderer: Davey! duration=9223371943505ms; Flags=0, FrameTimelineVsyncId=3264, IntendedVsync=93336252983, Vsync=93336252983, InputEventId=0, HandleInputStart=93336832459, AnimationStart=93336834834, PerformTraversalsStart=93337218418, DrawStart=93337316376, FrameDeadline=93369586315, FrameInterval=93336823584, FrameStartTime=16666666, SyncQueued=93337411543, SyncStart=93350112543, IssueDrawCommandsStart=93350606376, SwapBuffers=93365013918, FrameCompleted=9223372036854775807, DequeueBufferDuration=11354583, QueueBufferDuration=3295875, GpuCompleted=9223372036854775807, SwapBuffersCompleted=93369029376, DisplayPresentTime=0,
05-26 14:47:56.907 2991 3004 I OpenGLRenderer: Davey! duration=9223371943461ms; Flags=0, FrameTimelineVsyncId=3268, IntendedVsync=93369582660, Vsync=93369582660, InputEventId=0, HandleInputStart=93370343501, AnimationStart=93370345751, PerformTraversalsStart=93370786168, DrawStart=93370902376, FrameDeadline=93402915992, FrameInterval=93370335543, FrameStartTime=16666666, SyncQueued=93371013876, SyncStart=93394592543, IssueDrawCommandsStart=93395984501, SwapBuffers=93408935168, FrameCompleted=9223372036854775807, DequeueBufferDuration=32625, QueueBufferDuration=1249875, GpuCompleted=9223372036854775807, SwapBuffersCompleted=93410990043, DisplayPresentTime=0,
05-26 14:47:56.923 2991 3004 I OpenGLRenderer: Davey! duration=9223371943454ms; Flags=0, FrameTimelineVsyncId=3270, IntendedVsync=93386253996, Vsync=93386253996, InputEventId=0, HandleInputStart=93396418168, AnimationStart=93396420501, PerformTraversalsStart=93396738626, DrawStart=93396820543, FrameDeadline=93419587328, FrameInterval=93396412543, FrameStartTime=16666666, SyncQueued=93396900001, SyncStart=93411141834, IssueDrawCommandsStart=93416945126, SwapBuffers=93424193918, FrameCompleted=9223372036854775807, DequeueBufferDuration=32708, QueueBufferDuration=5739791, GpuCompleted=9223372036854775807, SwapBuffersCompleted=93430627793, DisplayPresentTime=0,
05-26 14:47:56.926 317 2918 D XM_HIDREAD: poll ret=1, event=1
05-26 14:47:56.926 317 2918 D XM_HIDREAD: [9 bytes]:01 00 00 00 00 00 00 00 00
05-26 14:47:56.927 471 595 D TvWindowManager: key event key = KEYCODE_DPAD_RIGHT down = false
05-26 14:47:56.929 2225 2225 I SogouIME: onKeyUp: keyoCode=22
05-26 14:47:56.929 2225 2225 I DefaultIMS: onKeyUp: keyoCode=22
05-26 14:47:56.940 2991 3006 I OpenGLRenderer: Davey! duration=9223371943438ms; Flags=0, FrameTimelineVsyncId=3272, IntendedVsync=93402924937, Vsync=93402924937, InputEventId=0, HandleInputStart=93417350418, AnimationStart=93417352501, PerformTraversalsStart=93417694626, DrawStart=93417782959, FrameDeadline=93436258269, FrameInterval=93417344918, FrameStartTime=16666666, SyncQueued=93417856959, SyncStart=93430726626, IssueDrawCommandsStart=93431271834, SwapBuffers=93434905876, FrameCompleted=9223372036854775807, DequeueBufferDuration=36833, QueueBufferDuration=13637375, GpuCompleted=9223372036854775807, SwapBuffersCompleted=93449425168, DisplayPresentTime=0,
05-26 14:47:56.954 2991 3006 I OpenGLRenderer: Davey! duration=9223371943418ms; Flags=0, FrameTimelineVsyncId=3274, IntendedVsync=93419603434, Vsync=93419603434, InputEventId=0, HandleInputStart=93431646209, AnimationStart=93431648501, PerformTraversalsStart=93432207543, DrawStart=93432301168, FrameDeadline=93452936766, FrameInterval=93431640668, FrameStartTime=16666666, SyncQueued=93432382459, SyncStart=93449542751, IssueDrawCommandsStart=93450150293, SwapBuffers=93454149626, FrameCompleted=9223372036854775807, DequeueBufferDuration=41583, QueueBufferDuration=11245583, GpuCompleted=9223372036854775807, SwapBuffersCompleted=93466185335, DisplayPresentTime=0,
05-26 14:47:57.331 471 520 W IorapForwardingService: No service published for: iorapd
05-26 14:47:57.406 317 2918 D XM_HIDREAD: poll ret=1, event=1
05-26 14:47:57.406 317 2918 D XM_HIDREAD: [9 bytes]:01 00 00 52 00 00 00 00 00
05-26 14:47:57.407 471 595 D TvWindowManager: key event key = KEYCODE_DPAD_UP down = true
05-26 14:47:57.408 471 594 D GpioService: mFlickerEnable = true
05-26 14:47:57.409 2225 2225 I SogouIME: onKeyDown: keyoCode=19
05-26 14:47:57.409 2225 2225 I DefaultIMS: onKeyDown: keyoCode=19
05-26 14:47:57.419 2225 2225 I DefaultIMS: onStartInput attribute=android.view.inputmethod.EditorInfo@532ffdb restarting=false inputType: 0
05-26 14:47:57.431 2276 2348 D UtilLog : 日志批量上报 进行正常循环 !!!!!!本次有0次请求,共0条数据
05-26 14:47:57.547 317 2918 D XM_HIDREAD: poll ret=1, event=1
05-26 14:47:57.547 317 2918 D XM_HIDREAD: [9 bytes]:01 00 00 00 00 00 00 00 00
05-26 14:47:57.547 471 595 D TvWindowManager: key event key = KEYCODE_DPAD_UP down = false
05-26 14:47:57.548 2225 2225 I SogouIME: onKeyUp: keyoCode=19
05-26 14:47:57.548 2225 2225 I DefaultIMS: onKeyUp: keyoCode=19
05-26 14:47:57.694 659 659 E WifiHAL : wifi_get_link_stats: requestResponse Error:-5
05-26 14:47:57.695 471 607 E WifiVendorHal: getWifiLinkLayerStats_1_5_Internal(l.1191) failed {.code = ERROR_INVALID_ARGS, .description = }
05-26 14:47:57.766 317 2918 D XM_HIDREAD: poll ret=1, event=1
05-26 14:47:57.766 317 2918 D XM_HIDREAD: [9 bytes]:01 00 00 28 00 00 00 00 00
05-26 14:47:57.767 471 595 D TvWindowManager: key event key = KEYCODE_DPAD_CENTER down = true
05-26 14:47:57.767 471 594 D GpioService: mFlickerEnable = true
05-26 14:47:57.886 317 2918 D XM_HIDREAD: poll ret=1, event=1
05-26 14:47:57.886 317 2918 D XM_HIDREAD: [9 bytes]:01 00 00 00 00 00 00 00 00
05-26 14:47:57.887 471 595 D TvWindowManager: key event key = KEYCODE_DPAD_CENTER down = false
05-26 14:47:57.917 471 594 D GpioService: mFlickerEnable = true
05-26 14:47:57.918 2225 2225 I SogouIME: onKeyDown: keyoCode=23
05-26 14:47:57.918 2225 2225 I DefaultIMS: onKeyDown: keyoCode=23
05-26 14:47:57.919 2225 2225 I SogouIME: onKeyUp: keyoCode=23
05-26 14:47:57.919 2225 2225 I DefaultIMS: onKeyUp: keyoCode=23
05-26 14:47:57.922 471 2892 D TvWindowManager: key event key = KEYCODE_DPAD_LEFT down = true
05-26 14:47:57.922 471 594 D GpioService: mFlickerEnable = true
05-26 14:47:57.923 2225 2225 I SogouIME: onKeyDown: keyoCode=21
05-26 14:47:57.923 2225 2225 I DefaultIMS: onKeyDown: keyoCode=21
05-26 14:47:57.925 471 2892 D TvWindowManager: key event key = KEYCODE_DPAD_LEFT down = false
05-26 14:47:57.926 2225 2225 I DefaultIMS: onStartInput attribute=android.view.inputmethod.EditorInfo@f0dda78 restarting=false inputType: 0
05-26 14:47:57.926 2225 2225 I SogouIME: onKeyUp: keyoCode=21
05-26 14:47:57.927 2225 2225 I DefaultIMS: onKeyUp: keyoCode=21
05-26 14:47:57.969 2991 3006 I OpenGLRenderer: Davey! duration=9223371942385ms; Flags=0, FrameTimelineVsyncId=3304, IntendedVsync=94469586809, Vsync=94469586809, InputEventId=0, HandleInputStart=94470126585, AnimationStart=94470130210, PerformTraversalsStart=94470428543, DrawStart=94470506668, FrameDeadline=94486253475, FrameInterval=94470119627, FrameStartTime=16666666, SyncQueued=94470580460, SyncStart=94470718835, IssueDrawCommandsStart=94473072335, SwapBuffers=94477347460, FrameCompleted=9223372036854775807, DequeueBufferDuration=75625, QueueBufferDuration=979542, GpuCompleted=9223372036854775807, SwapBuffersCompleted=94478987127, DisplayPresentTime=0,
05-26 14:47:57.985 2991 3004 I OpenGLRenderer: Davey! duration=9223371942368ms; Flags=0, FrameTimelineVsyncId=3306, IntendedVsync=94486255657, Vsync=94486255657, InputEventId=0, HandleInputStart=94486778793, AnimationStart=94486782627, PerformTraversalsStart=94487084168, DrawStart=94487163877, FrameDeadline=94519588989, FrameInterval=94486772752, FrameStartTime=16666666, SyncQueued=94487239502, SyncStart=94487446377, IssueDrawCommandsStart=94489671627, SwapBuffers=94493985418, FrameCompleted=9223372036854775807, DequeueBufferDuration=36208, QueueBufferDuration=1112250, GpuCompleted=9223372036854775807, SwapBuffersCompleted=94495885335, DisplayPresentTime=0,
05-26 14:47:58.002 2991 3006 I OpenGLRenderer: Davey! duration=9223371942351ms; Flags=0, FrameTimelineVsyncId=3308, IntendedVsync=94502923170, Vsync=94502923170, InputEventId=0, HandleInputStart=94503484835, AnimationStart=94503488085, PerformTraversalsStart=94503793918, DrawStart=94503876335, FrameDeadline=94536256502, FrameInterval=94503477377, FrameStartTime=16666666, SyncQueued=94503954377, SyncStart=94504231752, IssueDrawCommandsStart=94506455002, SwapBuffers=94510970793, FrameCompleted=9223372036854775807, DequeueBufferDuration=37375, QueueBufferDuration=1395666, GpuCompleted=9223372036854775807, SwapBuffersCompleted=94513363627, DisplayPresentTime=0,
05-26 14:47:58.019 2991 3021 I OpenGLRenderer: Davey! duration=9223371942334ms; Flags=0, FrameTimelineVsyncId=3310, IntendedVsync=94519590137, Vsync=94519590137, InputEventId=0, HandleInputStart=94520140377, AnimationStart=94520144002, PerformTraversalsStart=94520447043, DrawStart=94520525710, FrameDeadline=94552923469, FrameInterval=94520132668, FrameStartTime=16666666, SyncQueued=94520606168, SyncStart=94520814502, IssueDrawCommandsStart=94523719418, SwapBuffers=94526815418, FrameCompleted=9223372036854775807, DequeueBufferDuration=29333, QueueBufferDuration=1072667, GpuCompleted=9223372036854775807, SwapBuffersCompleted=94528522127, DisplayPresentTime=0,
05-26 14:47:58.036 2991 3006 I OpenGLRenderer: Davey! duration=9223371942318ms; Flags=0, FrameTimelineVsyncId=3312, IntendedVsync=94536257276, Vsync=94536257276, InputEventId=0, HandleInputStart=94536811835, AnimationStart=94536815460, PerformTraversalsStart=94537117960, DrawStart=94537198210, FrameDeadline=94569590608, FrameInterval=94536804335, FrameStartTime=16666666, SyncQueued=94537279960, SyncStart=94537459960, IssueDrawCommandsStart=94539689793, SwapBuffers=94543529127, FrameCompleted=9223372036854775807, DequeueBufferDuration=31042, QueueBufferDuration=2075041, GpuCompleted=9223372036854775807, SwapBuffersCompleted=94546219710, DisplayPresentTime=0,
05-26 14:47:58.057 2991 3006 I OpenGLRenderer: Davey! duration=9223371942301ms; Flags=0, FrameTimelineVsyncId=3314, IntendedVsync=94552923908, Vsync=94552923908, InputEventId=0, HandleInputStart=94553666460, AnimationStart=94553671377, PerformTraversalsStart=94554026168, DrawStart=94554127710, FrameDeadline=94586257240, FrameInterval=94553657793, FrameStartTime=16666666, SyncQueued=94554224460, SyncStart=94554430793, IssueDrawCommandsStart=94557441502, SwapBuffers=94560346085, FrameCompleted=9223372036854775807, DequeueBufferDuration=32000, QueueBufferDuration=4444792, GpuCompleted=9223372036854775807, SwapBuffersCompleted=94565425127, DisplayPresentTime=0,
05-26 14:47:58.074 2991 3006 I OpenGLRenderer: Davey! duration=9223371942284ms; Flags=0, FrameTimelineVsyncId=3316, IntendedVsync=94569590460, Vsync=94569590460, InputEventId=0, HandleInputStart=94570347127, AnimationStart=94570351585, PerformTraversalsStart=94570773627, DrawStart=94570879377, FrameDeadline=94602923792, FrameInterval=94570338085, FrameStartTime=16666666, SyncQueued=94570984252, SyncStart=94571321668, IssueDrawCommandsStart=94574267377, SwapBuffers=94579585210, FrameCompleted=9223372036854775807, DequeueBufferDuration=59167, QueueBufferDuration=3804208, GpuCompleted=9223372036854775807, SwapBuffersCompleted=94584717418, DisplayPresentTime=0,
05-26 14:47:58.092 2991 3006 I OpenGLRenderer: Davey! duration=9223371942268ms; Flags=0, FrameTimelineVsyncId=3318, IntendedVsync=94586258877, Vsync=94586258877, InputEventId=0, HandleInputStart=94587005918, AnimationStart=94587010793, PerformTraversalsStart=94587457502, DrawStart=94587559585, FrameDeadline=94619592209, FrameInterval=94586996127, FrameStartTime=16666666, SyncQueued=94587667835, SyncStart=94587892127, IssueDrawCommandsStart=94590511460, SwapBuffers=94596431418, FrameCompleted=9223372036854775807, DequeueBufferDuration=43667, QueueBufferDuration=7657417, GpuCompleted=9223372036854775807, SwapBuffersCompleted=94605316460, DisplayPresentTime=0,
05-26 14:47:58.110 2991 3006 I OpenGLRenderer: Davey! duration=9223371942250ms; Flags=0, FrameTimelineVsyncId=3320, IntendedVsync=94602925746, Vsync=94602925746, InputEventId=0, HandleInputStart=94604057585, AnimationStart=94604062127, PerformTraversalsStart=94604580418, DrawStart=94604705418, FrameDeadline=94636259078, FrameInterval=94603995377, FrameStartTime=16666666, SyncQueued=94604823460, SyncStart=94606655460, IssueDrawCommandsStart=94607313960, SwapBuffers=94610677793, FrameCompleted=9223372036854775807, DequeueBufferDuration=39208, QueueBufferDuration=11302792, GpuCompleted=9223372036854775807, SwapBuffersCompleted=94622848877, DisplayPresentTime=0,
05-26 14:47:58.121 2991 3006 I OpenGLRenderer: Davey! duration=9223371942232ms; Flags=0, FrameTimelineVsyncId=3322, IntendedVsync=94619593294, Vsync=94619593294, InputEventId=0, HandleInputStart=94620059793, AnimationStart=94620063377, PerformTraversalsStart=94620363127, DrawStart=94620441418, FrameDeadline=94652926626, FrameInterval=94620051335, FrameStartTime=16666666, SyncQueued=94620521127, SyncStart=94622978168, IssueDrawCommandsStart=94623717210, SwapBuffers=94626669502, FrameCompleted=9223372036854775807, DequeueBufferDuration=48875, QueueBufferDuration=8226167, GpuCompleted=9223372036854775807, SwapBuffersCompleted=94635694710, DisplayPresentTime=0,
05-26 14:47:58.332 471 520 W IorapForwardingService: No service published for: iorapd
05-26 14:47:58.387 471 2892 D WifiNl80211Manager: Scan result ready event
05-26 14:47:58.387 471 2892 D WifiNative: Scan result ready event
05-26 14:47:58.414 471 611 D WificondScannerImpl: Filtering out 3 scan results.
05-26 14:47:58.430 2991 3043 E ccc : cccccc SCAN_RESULTS_AVAILABLE_ACTION hhhh
05-26 14:47:58.430 1086 1086 E hq : NetWorkStateReceiver:::NetWorkStateReceiver onReceive: 网络变化广播 >>>> intent.action=android.net.wifi.SCAN_RESULTS
05-26 14:47:58.440 659 659 E WifiHAL : wifi_get_link_stats: requestResponse Error:-5
05-26 14:47:58.441 471 607 E WifiVendorHal: getWifiLinkLayerStats_1_5_Internal(l.1191) failed {.code = ERROR_INVALID_ARGS, .description = }
05-26 14:47:58.460 1086 1086 W eventbuscore: post Event:com.dangbei.leard.base.entity.event.NetWifiRssiEvent
05-26 14:47:58.503 1086 1529 I OpenGLRenderer: Davey! duration=9223371941851ms; Flags=0, FrameTimelineVsyncId=3330, IntendedVsync=95002928050, Vsync=95002928050, InputEventId=1510463766, HandleInputStart=95003294460, AnimationStart=95003298252, PerformTraversalsStart=95003301127, DrawStart=95003424169, FrameDeadline=95036261382, FrameInterval=95003287502, FrameStartTime=16666666, SyncQueued=95003602210, SyncStart=95003811460, IssueDrawCommandsStart=95004669960, SwapBuffers=95011693627, FrameCompleted=9223372036854775807, DequeueBufferDuration=41833, QueueBufferDuration=976042, GpuCompleted=9223372036854775807, SwapBuffersCompleted=95013634460, DisplayPresentTime=0,
05-26 14:47:58.522 2991 3060 D skia : --- Failed to create image decoder with message 'unimplemented'
05-26 14:47:58.523 2991 3060 D skia : --- Failed to create image decoder with message 'unimplemented'
05-26 14:47:58.523 2991 3060 D skia : --- Failed to create image decoder with message 'unimplemented'
05-26 14:47:58.524 2991 3060 D skia : --- Failed to create image decoder with message 'unimplemented'
05-26 14:47:58.524 2991 3060 D skia : --- Failed to create image decoder with message 'unimplemented'
05-26 14:47:58.525 2991 3060 D skia : --- Failed to create image decoder with message 'unimplemented'
05-26 14:47:59.226 317 2918 D XM_HIDREAD: poll ret=1, event=1
05-26 14:47:59.226 317 2918 D XM_HIDREAD: [9 bytes]:01 00 00 28 00 00 00 00 00
05-26 14:47:59.227 471 595 D TvWindowManager: key event key = KEYCODE_DPAD_CENTER down = true
05-26 14:47:59.227 471 594 D GpioService: mFlickerEnable = true
05-26 14:47:59.334 471 520 W IorapForwardingService: No service published for: iorapd
05-26 14:47:59.346 317 2918 D XM_HIDREAD: poll ret=1, event=1
05-26 14:47:59.346 317 2918 D XM_HIDREAD: [9 bytes]:01 00 00 00 00 00 00 00 00
05-26 14:47:59.347 471 595 D TvWindowManager: key event key = KEYCODE_DPAD_CENTER down = false
05-26 14:47:59.377 471 594 D GpioService: mFlickerEnable = true
05-26 14:47:59.379 2225 2225 I SogouIME: onKeyDown: keyoCode=23
05-26 14:47:59.379 2225 2225 I DefaultIMS: onKeyDown: keyoCode=23
05-26 14:47:59.381 2225 2225 I SogouIME: onKeyUp: keyoCode=23
05-26 14:47:59.381 2225 2225 I DefaultIMS: onKeyUp: keyoCode=23
05-26 14:47:59.394 1043 2987 E ccc : cccccc SystemUpdateHelper systemUpdate {"launcherCodeLocal":0,"launcherCodeNet":0,"otaCodeLocal":5003,"otaCodeNet":99999,"otaVersionLocal":"5.0.0.3","otaVersionNet":"5.0.0.3","remoteNeedUpdate":false}
05-26 14:47:59.395 1043 2987 E ccc : cccccc SystemUpdateHelper launcherUpdate {"launcherCodeLocal":102941,"launcherCodeNet":0,"launcherVersionLocal":"2.9.4.1","launcherVersionNet":"","otaCodeLocal":0,"otaCodeNet":0,"remoteNeedUpdate":false,"updateType":""}
05-26 14:47:59.415 2991 2991 W View : requestLayout() improperly called by android.widget.LinearLayout{87c7029 V.E...... ......ID 200,0-460,100} during layout: running second layout pass
05-26 14:47:59.415 2991 2991 W View : requestLayout() improperly called by com.dangbei.haqusetting.ui.base.atom.LeafUpdateItemView{fde6fae VFE...C.. .F....ID 0,0-480,100} during layout: running second layout pass
05-26 14:47:59.415 2991 2991 W View : requestLayout() improperly called by com.google.android.material.textview.MaterialTextView{650c14f V.ED..... ..S...ID 100,0-220,100 #7f0901e9 app:id/leaf_update_item_sub_tv} during layout: running second layout pass
05-26 14:47:59.427 2225 2225 I DefaultIMS: onStartInput attribute=android.view.inputmethod.EditorInfo@246c551 restarting=false inputType: 0
05-26 14:47:59.436 2991 3006 I OpenGLRenderer: Davey! duration=9223371940935ms; Flags=0, FrameTimelineVsyncId=3336, IntendedVsync=95919589620, Vsync=95919589620, InputEventId=0, HandleInputStart=95920186377, AnimationStart=95920190294, PerformTraversalsStart=95920198836, DrawStart=95937596252, FrameDeadline=95952922952, FrameInterval=95920179711, FrameStartTime=16666666, SyncQueued=95940112336, SyncStart=95940259086, IssueDrawCommandsStart=95941137252, SwapBuffers=95949150127, FrameCompleted=9223372036854775807, DequeueBufferDuration=39042, QueueBufferDuration=859667, GpuCompleted=9223372036854775807, SwapBuffersCompleted=95950778502, DisplayPresentTime=0,
05-26 14:47:59.604 2387 2415 W XLOGReport: OtherSize: 31033, MainSize: 3043
05-26 14:48:00.135 2387 2396 I com.ktcp.video: Background concurrent copying GC freed 191241(8838KB) AllocSpace objects, 26(824KB) LOS objects, 49% free, 8432KB/16MB, paused 174us total 178.761ms
05-26 14:48:00.336 471 520 W IorapForwardingService: No service published for: iorapd
05-26 14:48:00.446 317 2918 D XM_HIDREAD: poll ret=1, event=1
05-26 14:48:00.447 317 2918 D XM_HIDREAD: [9 bytes]:01 00 00 29 00 00 00 00 00
05-26 14:48:00.447 471 595 D TvWindowManager: key event key = KEYCODE_BACK down = true
05-26 14:48:00.448 471 594 D GpioService: mFlickerEnable = true
05-26 14:48:00.586 317 2918 D XM_HIDREAD: poll ret=1, event=1
05-26 14:48:00.586 317 2918 D XM_HIDREAD: [9 bytes]:01 00 00 00 00 00 00 00 00
05-26 14:48:00.586 471 595 D TvWindowManager: key event key = KEYCODE_BACK down = false
05-26 14:48:00.587 471 519 D AutofillManagerService: onBackKeyPressed()
05-26 14:48:00.588 471 519 D AutofillManagerServiceImpl: Reset component for user 0:
05-26 14:48:00.588 471 519 D AutofillUI: destroySaveUiUiThread(): already destroyed
05-26 14:48:00.597 471 594 D GpioService: mFlickerEnable = true
05-26 14:48:00.598 2225 2225 I SogouIME: onKeyDown: keyoCode=4
05-26 14:48:00.598 2225 2225 I DefaultIMS: onKeyDown: keyoCode=4
05-26 14:48:00.599 2225 2225 I SogouIME: onKeyUp: keyoCode=4
05-26 14:48:00.599 2225 2225 I DefaultIMS: onKeyUp: keyoCode=4
05-26 14:48:00.707 659 659 E WifiHAL : wifi_get_link_stats: requestResponse Error:-5
05-26 14:48:00.708 471 607 E WifiVendorHal: getWifiLinkLayerStats_1_5_Internal(l.1191) failed {.code = ERROR_INVALID_ARGS, .description = }
05-26 14:48:00.807 1521 1521 I gbei.screencast: type=1400 audit(0.0:1231): avc: denied { rename } for name="screencast.xml" dev="mmcblk0p25" ino=39939 scontext=u:r:platform_app:s0:c512,c768 tcontext=u:object_r:app_data_file:s0:c512,c768 tclass=file permissive=1 app=com.dangbei.screencast
05-26 14:48:00.815 1521 1521 I gbei.screencast: type=1400 audit(0.0:1232): avc: denied { setattr } for name="screencast.xml" dev="mmcblk0p25" ino=39983 scontext=u:r:platform_app:s0:c512,c768 tcontext=u:object_r:app_data_file:s0:c512,c768 tclass=file permissive=1 app=com.dangbei.screencast
05-26 14:48:00.924 471 1663 I ActivityManager: Background started FGS: Allowed [callingPackage: com.dangbei.screencast; callingUid: 10030; uidState: FGS ; intent: Intent { cmp=com.dangbei.screencast/.startup.GuardService }; code:PROC_STATE_FGS; tempAllowListReason:; targetSdkVersion:28; callerTargetSdkVersion:28; startForegroundCount:0; bindFromPackage:null]
05-26 14:48:00.926 471 1663 D CompatibilityChangeReporter: Compat change id reported: 135634846; UID 10030; state: DISABLED
05-26 14:48:00.926 471 540 D CompatibilityChangeReporter: Compat change id reported: 143937733; UID 10030; state: DISABLED
05-26 14:48:00.945 247 247 D Zygote : Forked child process 3077
05-26 14:48:00.947 471 540 I ActivityManager: app.processName = com.dangbei.screencast:bg_guard
05-26 14:48:00.947 471 540 I ActivityManager: Start proc 3077:com.dangbei.screencast:bg_guard/u0a30 for service {com.dangbei.screencast/com.dangbei.screencast.startup.GuardService}
05-26 14:48:00.949 471 617 D NsdService: unregister service
05-26 14:48:00.949 471 617 D NsdService: mdnssd [stop-register, 4]
05-26 14:48:00.949 246 268 D MDnsDS : Stopping register with ref 0xf20eea28
05-26 14:48:00.950 246 268 D MDnsDS : freeServiceRef 4
05-26 14:48:00.950 246 268 D MDnsDS : triggering rescan
05-26 14:48:00.950 246 267 D MDnsDS : Monitor poll got data pollCount = 5, 2
05-26 14:48:00.950 246 267 D MDnsDS : Monitor found [2].revents = 32 - calling ProcessResults
05-26 14:48:00.950 246 267 W netd : dnssd_clientstub DNSServiceProcessResult called with NULL DNSServiceRef
05-26 14:48:00.950 246 267 D MDnsDS : controlSocket shows revent= 1
05-26 14:48:00.950 246 267 D MDnsDS : MDnsSdListener::Monitor got 1
05-26 14:48:00.950 246 267 D MDnsDS : MDnsSdListener::Monitor poll rescanning - size=10, live=3
05-26 14:48:00.950 246 267 D MDnsDS : Going to poll with pollCount 4
05-26 14:48:00.953 471 617 D NsdService: unregister service
05-26 14:48:00.953 471 617 D NsdService: mdnssd [stop-register, 3]
05-26 14:48:00.953 246 268 D MDnsDS : Stopping register with ref 0xf20ee9c8
05-26 14:48:00.953 246 268 D MDnsDS : freeServiceRef 3
05-26 14:48:00.953 246 268 D MDnsDS : triggering rescan
05-26 14:48:00.953 246 267 D MDnsDS : Monitor poll got data pollCount = 4, 2
05-26 14:48:00.953 246 267 D MDnsDS : Monitor found [2].revents = 32 - calling ProcessResults
05-26 14:48:00.953 246 267 W netd : dnssd_clientstub DNSServiceProcessResult called with NULL DNSServiceRef
05-26 14:48:00.953 246 267 D MDnsDS : controlSocket shows revent= 1
05-26 14:48:00.953 246 267 D MDnsDS : MDnsSdListener::Monitor got 1
05-26 14:48:00.953 246 267 D MDnsDS : MDnsSdListener::Monitor poll rescanning - size=10, live=2
05-26 14:48:00.953 246 267 D MDnsDS : Going to poll with pollCount 3
05-26 14:48:00.953 3077 3077 I Zygote : seccomp disabled by setenforce 0
05-26 14:48:00.956 1521 2784 W System.err: java.net.SocketException: Socket closed
05-26 14:48:00.956 471 617 D NsdService: unregister service
05-26 14:48:00.957 1521 2784 W System.err: at java.net.PlainSocketImpl.socketAccept(PlainSocketImpl.java:213)
05-26 14:48:00.957 471 617 D NsdService: mdnssd [stop-register, 5]
05-26 14:48:00.957 1521 2784 W System.err: at java.net.AbstractPlainSocketImpl.accept(AbstractPlainSocketImpl.java:451)
05-26 14:48:00.957 1521 2784 W System.err: at java.net.ServerSocket.implAccept(ServerSocket.java:547)
05-26 14:48:00.957 1521 2784 W System.err: at java.net.ServerSocket.accept(ServerSocket.java:515)
05-26 14:48:00.957 1521 2784 W System.err: at b.f.f.t.f.run(Unknown Source:40)
05-26 14:48:00.957 1521 2784 W System.err: at java.lang.Thread.run(Thread.java:920)
05-26 14:48:00.957 246 268 D MDnsDS : Stopping register with ref 0xf20eeb00
05-26 14:48:00.957 246 268 D MDnsDS : freeServiceRef 5
05-26 14:48:00.957 246 268 D MDnsDS : triggering rescan
05-26 14:48:00.957 246 267 D MDnsDS : Monitor poll got data pollCount = 3, 2
05-26 14:48:00.957 246 267 D MDnsDS : Monitor found [1].revents = 32 - calling ProcessResults
05-26 14:48:00.957 246 267 W netd : dnssd_clientstub DNSServiceProcessResult called with NULL DNSServiceRef
05-26 14:48:00.957 246 267 D MDnsDS : controlSocket shows revent= 1
05-26 14:48:00.957 246 267 D MDnsDS : MDnsSdListener::Monitor got 1
05-26 14:48:00.957 246 267 D MDnsDS : MDnsSdListener::Monitor poll rescanning - size=10, live=1
05-26 14:48:00.957 246 267 D MDnsDS : Going to poll with pollCount 2
05-26 14:48:00.974 1521 3094 W UpnpServiceImpl: >>> Shutting down UPnP service...
05-26 14:48:00.992 1521 2798 W AbstractChannel: Can't invoke task later as EventLoop rejected it
05-26 14:48:00.992 1521 2798 W AbstractChannel: java.util.concurrent.RejectedExecutionException: event executor terminated
05-26 14:48:00.992 1521 2798 W AbstractChannel: at io.netty.util.concurrent.SingleThreadEventExecutor.reject(Unknown Source:4)
05-26 14:48:00.992 1521 2798 W AbstractChannel: at io.netty.util.concurrent.SingleThreadEventExecutor.offerTask(Unknown Source:6)
05-26 14:48:00.992 1521 2798 W AbstractChannel: at io.netty.util.concurrent.SingleThreadEventExecutor.addTask(Unknown Source:5)
05-26 14:48:00.992 1521 2798 W AbstractChannel: at io.netty.util.concurrent.SingleThreadEventExecutor.execute(Unknown Source:4)
05-26 14:48:00.992 1521 2798 W AbstractChannel: at io.netty.util.concurrent.SingleThreadEventExecutor.execute(Unknown Source:18)
05-26 14:48:00.992 1521 2798 W AbstractChannel: at io.netty.channel.AbstractChannel$AbstractUnsafe.invokeLater(Unknown Source:6)
05-26 14:48:00.992 1521 2798 W AbstractChannel: at io.netty.channel.AbstractChannel$AbstractUnsafe.deregister(Unknown Source:24)
05-26 14:48:00.992 1521 2798 W AbstractChannel: at io.netty.channel.AbstractChannel$AbstractUnsafe.fireChannelInactiveAndDeregister(Unknown Source:17)
05-26 14:48:00.992 1521 2798 W AbstractChannel: at io.netty.channel.AbstractChannel$AbstractUnsafe.close(Unknown Source:112)
05-26 14:48:00.992 1521 2798 W AbstractChannel: at io.netty.channel.AbstractChannel$AbstractUnsafe.close(Unknown Source:12)
05-26 14:48:00.992 1521 2798 W AbstractChannel: at io.netty.channel.nio.NioEventLoop.closeAll(Unknown Source:86)
05-26 14:48:00.992 1521 2798 W AbstractChannel: at io.netty.channel.nio.NioEventLoop.run(Unknown Source:202)
05-26 14:48:00.992 1521 2798 W AbstractChannel: at io.netty.util.concurrent.SingleThreadEventExecutor$4.run(Unknown Source:41)
05-26 14:48:00.992 1521 2798 W AbstractChannel: at io.netty.util.internal.ThreadExecutorMap$2.run(Unknown Source:8)
05-26 14:48:00.992 1521 2798 W AbstractChannel: at io.netty.util.concurrent.FastThreadLocalRunnable.run(Unknown Source:2)
05-26 14:48:00.992 1521 2798 W AbstractChannel: at java.lang.Thread.run(Thread.java:920)
05-26 14:48:01.010 401 416 I adbd : jdwp connection from 3077
05-26 14:48:00.975 1521 1521 I shutdown-name: type=1400 audit(0.0:1233): avc: denied { search } for name="net" dev="sysfs" ino=10442 scontext=u:r:platform_app:s0:c512,c768 tcontext=u:object_r:sysfs_net:s0 tclass=dir permissive=1 app=com.dangbei.screencast
05-26 14:48:01.039 1521 2629 E raop : httpd_stop running 1 joined 0
05-26 14:48:01.039 1521 2629 E raop : httpd_stop connection->socket_fd=0
05-26 14:48:01.039 1521 2629 E raop : httpd_stop connection->socket_fd=0
05-26 14:48:01.039 1521 2629 E raop : httpd_stop connection->socket_fd=0
05-26 14:48:01.039 1521 2629 E raop : httpd_stop connection->socket_fd=0
05-26 14:48:01.039 1521 2629 E raop : httpd_stop connection->socket_fd=0
05-26 14:48:01.039 1521 2629 E raop : httpd_stop connection->socket_fd=0
05-26 14:48:01.039 1521 2629 E raop : httpd_stop connection->socket_fd=0
05-26 14:48:01.039 1521 2629 E raop : httpd_stop connection->socket_fd=0
05-26 14:48:01.039 1521 2629 E raop : httpd_stop connection->socket_fd=0
05-26 14:48:01.039 1521 2629 E raop : httpd_stop connection->socket_fd=0
05-26 14:48:00.975 1521 1521 I shutdown-name: type=1400 audit(0.0:1234): avc: denied { read } for name="address" dev="sysfs" ino=16906 scontext=u:r:platform_app:s0:c512,c768 tcontext=u:object_r:sysfs_net:s0 tclass=file permissive=1 app=com.dangbei.screencast
05-26 14:48:01.067 471 655 D CompatibilityChangeReporter: Compat change id reported: 168419799; UID 10030; state: DISABLED
05-26 14:48:01.079 3077 3077 D CompatibilityChangeReporter: Compat change id reported: 171979766; UID 10030; state: DISABLED
05-26 14:48:01.089 3077 3077 D ApplicationLoaders: Returning zygote-cached class loader: /system/framework/android.test.base.jar
05-26 14:48:01.089 3077 3077 D ApplicationLoaders: Returning zygote-cached class loader: /system/framework/android.hidl.manager-V1.0-java.jar
05-26 14:48:01.089 3077 3077 D ApplicationLoaders: Returning zygote-cached class loader: /system/framework/android.hidl.base-V1.0-java.jar
05-26 14:48:00.975 1521 1521 I shutdown-name: type=1400 audit(0.0:1235): avc: denied { open } for path="/sys/devices/virtual/net/dummy0/address" dev="sysfs" ino=16906 scontext=u:r:platform_app:s0:c512,c768 tcontext=u:object_r:sysfs_net:s0 tclass=file permissive=1 app=com.dangbei.screencast
05-26 14:48:01.095 1521 2629 E raop : httpd_stop running 0 joined 1
05-26 14:48:01.096 1521 1533 I gbei.screencas: Background young concurrent copying GC freed 40086(4141KB) AllocSpace objects, 5(228KB) LOS objects, 30% free, 8132KB/11MB, paused 151us total 160.032ms
05-26 14:48:00.975 1521 1521 I shutdown-name: type=1400 audit(0.0:1236): avc: denied { getattr } for path="/sys/devices/virtual/net/dummy0/address" dev="sysfs" ino=16906 scontext=u:r:platform_app:s0:c512,c768 tcontext=u:object_r:sysfs_net:s0 tclass=file permissive=1 app=com.dangbei.screencast
05-26 14:48:01.107 3077 3077 I encast:bg_guard: type=1400 audit(0.0:1237): avc: denied { getattr } for path="/data/user/0/com.dangbei.screencast" dev="mmcblk0p25" ino=905 scontext=u:r:platform_app:s0:c512,c768 tcontext=u:object_r:app_data_file:s0:c512,c768 tclass=dir permissive=1 app=com.dangbei.screencast
01-01 08:01:39.991 3077 3077 W audit : audit_lost=691 audit_rate_limit=5 audit_backlog_limit=64
01-01 08:01:40.028 3077 3077 E audit : rate limit exceeded
05-26 14:48:01.174 3077 3077 V GraphicsEnvironment: ANGLE Developer option for 'com.dangbei.screencast' set to: 'default'
05-26 14:48:01.174 3077 3077 V GraphicsEnvironment: Neither updatable production driver nor prerelease driver is supported.
05-26 14:48:01.175 3077 3077 D NetworkSecurityConfig: Using Network Security Config from resource network_security_config debugBuild: false
05-26 14:48:01.177 3077 3077 D NetworkSecurityConfig: Using Network Security Config from resource network_security_config debugBuild: false
05-26 14:48:01.178 3077 3077 I MultiDex: VM with version 2.1.0 has multidex support
05-26 14:48:01.178 3077 3077 I MultiDex: Installing application
05-26 14:48:01.178 3077 3077 I MultiDex: VM has multidex support, MultiDex support library is disabled.
05-26 14:48:01.233 3077 3131 I crashsdk: version unique build id: 6230cced
