01-01 08:00:13.837 256 256 W audio_route: Control 'Left Output Mixer DACL Switch' doesn't exist - skipping
01-01 08:00:13.837 256 256 W audio_route: Control 'Left Output Mixer DACR Switch' doesn't exist - skipping
01-01 08:00:13.838 256 256 W audio_route: Control 'Right Output Mixer DACL Switch' doesn't exist - skipping
01-01 08:00:13.838 256 256 W audio_route: Control 'Right Output Mixer DACR Switch' doesn't exist - skipping
01-01 08:00:13.838 256 256 W audio_route: Control 'Headphone Switch' doesn't exist - skipping
01-01 08:00:13.838 256 256 W audio_route: Control 'External Speaker Switch' doesn't exist - skipping
01-01 08:00:13.838 256 256 W audio_route: Control 'AIF1OUT0R Mux' doesn't exist - skipping
01-01 08:00:13.839 256 256 W audio_route: Control 'AIF1OUT0L Mux' doesn't exist - skipping
01-01 08:00:13.839 256 256 W audio_route: Control 'AIF1 AD0R Mixer ADCR Switch' doesn't exist - skipping
01-01 08:00:13.839 256 256 W audio_route: Control 'AIF1 AD0L Mixer ADCL Switch' doesn't exist - skipping
01-01 08:00:13.839 256 256 W audio_route: Control 'ADCR Mux' doesn't exist - skipping
01-01 08:00:13.839 256 256 W audio_route: Control 'ADCL Mux' doesn't exist - skipping
01-01 08:00:13.839 256 256 W audio_route: Control 'LADC input Mixer MIC1 boost Switch' doesn't exist - skipping
01-01 08:00:13.839 256 256 W audio_route: Control 'RADC input Mixer MIC1 boost Switch' doesn't exist - skipping
01-01 08:00:13.839 256 256 W audio_route: Control 'AIF1OUT0R Mux' doesn't exist - skipping
01-01 08:00:13.839 256 256 W audio_route: Control 'AIF1OUT0L Mux' doesn't exist - skipping
01-01 08:00:13.839 256 256 W audio_route: Control 'AIF1 AD0R Mixer ADCR Switch' doesn't exist - skipping
01-01 08:00:13.839 256 256 W audio_route: Control 'AIF1 AD0L Mixer ADCL Switch' doesn't exist - skipping
01-01 08:00:13.839 256 256 W audio_route: Control 'ADCR Mux' doesn't exist - skipping
01-01 08:00:13.839 256 256 W audio_route: Control 'ADCL Mux' doesn't exist - skipping
01-01 08:00:13.839 256 256 W audio_route: Control 'MIC2 SRC' doesn't exist - skipping
01-01 08:00:13.840 256 256 W audio_route: Control 'LADC input Mixer MIC2 boost Switch' doesn't exist - skipping
01-01 08:00:13.840 256 256 W audio_route: Control 'RADC input Mixer MIC2 boost Switch' doesn't exist - skipping
01-01 08:00:13.840 256 256 W audio_route: Control 'ADCL Mux' doesn't exist - skipping
01-01 08:00:13.840 256 256 W audio_route: Control 'ADCR Mux' doesn't exist - skipping
01-01 08:00:13.840 256 256 W audio_route: Control 'AIF1 AD0L Mixer ADCL Switch' doesn't exist - skipping
01-01 08:00:13.840 256 256 W audio_route: Control 'AIF1 AD0R Mixer ADCR Switch' doesn't exist - skipping
01-01 08:00:13.840 256 256 W audio_route: Control 'AIF1OUT0L Mux' doesn't exist - skipping
01-01 08:00:13.840 256 256 W audio_route: Control 'AIF1OUT0R Mux' doesn't exist - skipping
01-01 08:00:13.840 256 256 W audio_route: Control 'AIF2 ADC volume' doesn't exist - skipping
01-01 08:00:13.840 256 256 W audio_route: Control 'LEFT ADC input Mixer MIC1 boost Switch' doesn't exist - skipping
01-01 08:00:13.840 256 256 W audio_route: Control 'ADCL Mux' doesn't exist - skipping
01-01 08:00:13.840 256 256 W audio_route: Control 'AIF2 ADL Mixer ADCL Switch' doesn't exist - skipping
01-01 08:00:13.840 256 256 W audio_route: Control 'AIF2OUTL Mux' doesn't exist - skipping
01-01 08:00:13.841 256 256 W audio_route: Control 'AIF2INL Mux' doesn't exist - skipping
01-01 08:00:13.841 256 256 W audio_route: Control 'AIF2INL Mux switch aif2inl aif2Switch' doesn't exist - skipping
01-01 08:00:13.841 256 256 W audio_route: Control 'DACL Mixer AIF2DACL Switch' doesn't exist - skipping
01-01 08:00:13.841 256 256 W audio_route: Control 'Right Output Mixer DACL Switch' doesn't exist - skipping
01-01 08:00:13.841 256 256 W audio_route: Control 'Left Output Mixer DACL Switch' doesn't exist - skipping
01-01 08:00:13.841 256 256 W audio_route: Control 'SPK_L Mux' doesn't exist - skipping
01-01 08:00:13.841 256 256 W audio_route: Control 'SPK_R Mux' doesn't exist - skipping
01-01 08:00:13.842 256 256 W audio_route: Control 'External Speaker Switch' doesn't exist - skipping
01-01 08:00:13.842 256 256 W audio_route: Control 'AIF2 ADC volume' doesn't exist - skipping
01-01 08:00:13.842 256 256 W audio_route: Control 'MIC2 SRC' doesn't exist - skipping
01-01 08:00:13.842 256 256 W audio_route: Control 'LEFT ADC input Mixer MIC2 boost Switch' doesn't exist - skipping
01-01 08:00:13.842 256 256 W audio_route: Control 'ADCL Mux' doesn't exist - skipping
01-01 08:00:13.842 256 256 W audio_route: Control 'AIF2 ADL Mixer ADCL Switch' doesn't exist - skipping
01-01 08:00:13.842 256 256 W audio_route: Control 'AIF2OUTL Mux' doesn't exist - skipping
01-01 08:00:13.842 256 256 W audio_route: Control 'AIF2INL Mux' doesn't exist - skipping
01-01 08:00:13.842 256 256 W audio_route: Control 'AIF2INL Mux switch aif2inl aif2Switch' doesn't exist - skipping
01-01 08:00:13.842 256 256 W audio_route: Control 'DACL Mixer AIF2DACL Switch' doesn't exist - skipping
01-01 08:00:13.842 256 256 W audio_route: Control 'Left Output Mixer DACL Switch' doesn't exist - skipping
01-01 08:00:13.842 256 256 W audio_route: Control 'Right Output Mixer DACL Switch' doesn't exist - skipping
01-01 08:00:13.842 256 256 W audio_route: Control 'HP_L Mux' doesn't exist - skipping
01-01 08:00:13.842 256 256 W audio_route: Control 'HP_R Mux' doesn't exist - skipping
01-01 08:00:13.842 256 256 W audio_route: Control 'Headphone Switch' doesn't exist - skipping
01-01 08:00:13.842 256 256 W audio_route: Control 'AIF2 ADC volume' doesn't exist - skipping
01-01 08:00:13.843 256 256 W audio_route: Control 'LEFT ADC input Mixer MIC1 boost Switch' doesn't exist - skipping
01-01 08:00:13.843 256 256 W audio_route: Control 'ADCL Mux' doesn't exist - skipping
01-01 08:00:13.843 256 256 W audio_route: Control 'AIF2 ADL Mixer ADCL Switch' doesn't exist - skipping
01-01 08:00:13.843 256 256 W audio_route: Control 'AIF2OUTL Mux' doesn't exist - skipping
01-01 08:00:13.843 256 256 W audio_route: Control 'AIF2INL Mux' doesn't exist - skipping
01-01 08:00:13.843 256 256 W audio_route: Control 'AIF2INL Mux switch aif2inl aif2Switch' doesn't exist - skipping
01-01 08:00:13.844 256 256 W audio_route: Control 'DACL Mixer AIF2DACL Switch' doesn't exist - skipping
01-01 08:00:13.844 256 256 W audio_route: Control 'Left Output Mixer DACL Switch' doesn't exist - skipping
01-01 08:00:13.844 256 256 W audio_route: Control 'Right Output Mixer DACL Switch' doesn't exist - skipping
01-01 08:00:13.844 256 256 W audio_route: Control 'HP_L Mux' doesn't exist - skipping
01-01 08:00:13.844 256 256 W audio_route: Control 'HP_R Mux' doesn't exist - skipping
01-01 08:00:13.844 256 256 W audio_route: Control 'Headphone Switch' doesn't exist - skipping
01-01 08:00:13.844 256 256 W audio_route: Control 'AIF2INL Mux' doesn't exist - skipping
01-01 08:00:13.844 256 256 W audio_route: Control 'AIF2INL Mux switch aif2inl aif2Switch' doesn't exist - skipping
01-01 08:00:13.844 256 256 W audio_route: Control 'AIF2 ADR Mixer AIF2 DACL Switch' doesn't exist - skipping
01-01 08:00:13.844 256 256 W audio_route: Control 'AIF3OUT Mux' doesn't exist - skipping
01-01 08:00:13.844 256 256 W audio_route: Control 'AIF2INR Mux VIR switch aif2inr aif3Switch' doesn't exist - skipping
01-01 08:00:13.844 256 256 W audio_route: Control 'AIF2 ADL Mixer AIF2 DACR Switch' doesn't exist - skipping
01-01 08:00:13.844 256 256 W audio_route: Control 'AIF2OUTL Mux' doesn't exist - skipping
01-01 08:00:13.844 256 256 W audio_route: Control 'AIF2 ADC volume' doesn't exist - skipping
01-01 08:00:13.844 256 256 W audio_route: Control 'LEFT ADC input Mixer MIC1 boost Switch' doesn't exist - skipping
01-01 08:00:13.845 256 256 W audio_route: Control 'ADCL Mux' doesn't exist - skipping
01-01 08:00:13.845 256 256 W audio_route: Control 'AIF2 ADL Mixer ADCL Switch' doesn't exist - skipping
01-01 08:00:13.845 256 256 W audio_route: Control 'AIF2OUTL Mux' doesn't exist - skipping
01-01 08:00:13.845 256 256 W audio_route: Control 'AIF2INL Mux' doesn't exist - skipping
01-01 08:00:13.845 256 256 W audio_route: Control 'AIF2INL Mux switch aif2inl aif2Switch' doesn't exist - skipping
01-01 08:00:13.845 256 256 W audio_route: Control 'DACL Mixer AIF2DACL Switch' doesn't exist - skipping
01-01 08:00:13.845 256 256 W audio_route: Control 'EAR Mux' doesn't exist - skipping
01-01 08:00:13.851 256 256 W audio_route: Control 'Earpiece Switch' doesn't exist - skipping
01-01 08:00:13.851 256 256 W audio_route: Control 'AIF1 AD0L Mixer ADCL Switch' doesn't exist - skipping
01-01 08:00:13.851 256 256 W audio_route: Control 'AIF1 AD0L Mixer AIF2 DACL Switch' doesn't exist - skipping
01-01 08:00:13.851 256 256 W audio_route: Control 'AIF1OUT0L Mux' doesn't exist - skipping
01-01 08:00:13.851 256 256 W audio_route: Control 'AIF1 AD0L Mixer ADCL Switch' doesn't exist - skipping
01-01 08:00:13.851 256 256 W audio_route: Control 'AIF1 AD0L Mixer AIF2 DACL Switch' doesn't exist - skipping
01-01 08:00:13.851 256 256 W audio_route: Control 'AIF1OUT0L Mux' doesn't exist - skipping
01-01 08:00:13.851 256 256 W audio_route: Control 'AIF1 AD0L Mixer AIF2 DACL Switch' doesn't exist - skipping
01-01 08:00:13.851 256 256 W audio_route: Control 'AIF1 AD0L Mixer AIF2 DACR Switch' doesn't exist - skipping
01-01 08:00:13.851 256 256 W audio_route: Control 'AIF1OUT0L Mux' doesn't exist - skipping
01-01 08:00:13.852 256 256 W audio_route: Control 'Line Out Mixer MIC1 boost Switch' doesn't exist - skipping
01-01 08:00:13.852 256 256 W audio_route: Control 'MIC2 SRC' doesn't exist - skipping
01-01 08:00:13.852 256 256 W audio_route: Control 'Line Out Mixer MIC2 boost Switch' doesn't exist - skipping
01-01 08:00:13.852 256 256 W audio_route: Control 'Left Output Mixer LINEINL-LINEINR Switch' doesn't exist - skipping
01-01 08:00:13.852 256 256 W audio_route: Control 'Right Output Mixer LINEINL-LINEINR Switch' doesn't exist - skipping
01-01 08:00:13.852 256 256 W audio_route: Control 'EAR Mux' doesn't exist - skipping
01-01 08:00:13.852 256 256 W audio_route: Control 'External Speaker Switch' doesn't exist - skipping
01-01 08:00:13.853 256 256 W audio_route: Control 'Headphone Switch' doesn't exist - skipping
01-01 08:00:13.853 256 256 W audio_route: Control 'Headphone Switch' doesn't exist - skipping
01-01 08:00:13.853 256 256 W audio_route: Control 'Earpiece Switch' doesn't exist - skipping
01-01 08:00:13.853 256 256 W audio_route: Control 'LEFT ADC input Mixer LININL-R Switch' doesn't exist - skipping
01-01 08:00:13.853 256 256 W audio_route: Control 'ADCL Mux' doesn't exist - skipping
01-01 08:00:13.853 256 256 W audio_route: Control 'AIF2 ADL Mixer ADCL Switch' doesn't exist - skipping
01-01 08:00:13.853 256 256 W audio_route: Control 'AIF3OUT Mux' doesn't exist - skipping
01-01 08:00:13.853 256 256 W audio_route: Control 'AIF2INL Mux switch aif2inl aif2Switch' doesn't exist - skipping
01-01 08:00:13.853 256 256 W audio_route: Control 'AIF2INR Mux VIR switch aif2inr aif3Switch' doesn't exist - skipping
01-01 08:00:13.853 256 256 W audio_route: Control 'DACR Mixer AIF2DACR Switch' doesn't exist - skipping
01-01 08:00:13.853 256 256 W audio_route: Control 'Right Output Mixer DACR Switch' doesn't exist - skipping
01-01 08:00:13.853 256 256 W audio_route: Control 'Line Out Mixer Right Output mixer Switch' doesn't exist - skipping
01-01 08:00:13.853 256 256 W audio_route: Control 'AIF1OUT0L Mux' doesn't exist - skipping
01-01 08:00:13.853 256 256 W audio_route: Control 'AIF1 AD0L Mixer ADCL Switch' doesn't exist - skipping
01-01 08:00:13.864 280 280 I EventThread: type=1400 audit(0.0:287): avc: denied { search } for name="extcon" dev="sysfs" ino=18109 scontext=u:r:hal_tv_cec_default:s0 tcontext=u:object_r:sysfs_extcon:s0 tclass=dir permissive=1
01-01 08:00:13.879 256 256 W audio_route: Control 'ADCL Mux' doesn't exist - skipping
01-01 08:00:13.879 256 256 W audio_route: Control 'LEFT ADC input Mixer MIC1 boost Switch' doesn't exist - skipping
01-01 08:00:13.879 256 256 W audio_route: Control 'LEFT ADC input Mixer LININL-R Switch' doesn't exist - skipping
01-01 08:00:13.879 256 256 W audio_route: Control 'AIF1OUT0L Mux' doesn't exist - skipping
01-01 08:00:13.879 256 256 W audio_route: Control 'AIF1 AD0L Mixer ADCL Switch' doesn't exist - skipping
01-01 08:00:13.879 256 256 W audio_route: Control 'ADCL Mux' doesn't exist - skipping
01-01 08:00:13.879 256 256 W audio_route: Control 'LEFT ADC input Mixer MIC2 boost Switch' doesn't exist - skipping
01-01 08:00:13.879 256 256 W audio_route: Control 'LEFT ADC input Mixer LININL-R Switch' doesn't exist - skipping
01-01 08:00:13.880 256 256 W audio_route: Control 'AIF1OUT0L Mux' doesn't exist - skipping
01-01 08:00:13.880 256 256 W audio_route: Control 'AIF1 AD0L Mixer ADCL Switch' doesn't exist - skipping
01-01 08:00:13.880 256 256 W audio_route: Control 'AIF1 AD0L Mixer AIF2 DACR Switch' doesn't exist - skipping
01-01 08:00:13.880 256 256 W audio_route: Control 'AIF1IN0L Mux' doesn't exist - skipping
01-01 08:00:13.880 256 256 W audio_route: Control 'AIF2 ADL Mixer AIF1 DA0L Switch' doesn't exist - skipping
01-01 08:00:13.880 256 256 W audio_route: Control 'AIF2 ADL Mixer AIF1 DA0L Switch' doesn't exist - skipping
01-01 08:00:13.880 256 256 W audio_route: Control 'AIF3OUT Mux' doesn't exist - skipping
01-01 08:00:13.880 256 256 W audio_route: Control 'AIF2INR Mux switch aif2inr aif2Switch' doesn't exist - skipping
01-01 08:00:13.880 256 256 W audio_route: Control 'AIF2INR Mux VIR switch aif2inr aif3Switch' doesn't exist - skipping
01-01 08:00:13.880 256 256 W audio_route: Control 'AIF1 AD0L Mixer AIF2 DACR Switch' doesn't exist - skipping
01-01 08:00:13.880 256 256 W audio_route: Control 'AIF1OUT0L Mux' doesn't exist - skipping
01-01 08:00:13.880 256 256 W audio_route: Control 'AC DACR mixer I2S_DACDATR Switch' doesn't exist - skipping
01-01 08:00:13.880 256 256 W audio_route: Control 'AC DACL mixer I2S_DACDATL Switch' doesn't exist - skipping
01-01 08:00:13.880 256 256 W audio_route: Control 'Right Output Mixer DACR Switch' doesn't exist - skipping
01-01 08:00:13.880 256 256 W audio_route: Control 'Left Output Mixer DACL Switch' doesn't exist - skipping
01-01 08:00:13.880 256 256 W audio_route: Control 'External Speaker Switch' doesn't exist - skipping
01-01 08:00:13.881 256 256 D audio_route: Apply path: media-speaker-headphones
01-01 08:00:13.881 256 256 D audio_route: Apply path: media-headset-mic
01-01 08:00:13.883 256 295 V audio_hw_primary: adev_get_master_volume, line: 3587
01-01 08:00:13.883 256 295 V audio_hw_primary: adev_set_master_volume, line: 3579
01-01 08:00:13.884 285 285 I AudioFlinger: loadHwModule() Loaded primary audio interface, handle 10
01-01 08:00:13.884 285 285 I AudioFlinger: openOutput() this 0xf1c63000, module 10 Device type:0x2,@:, SamplingRate 48000, Format 0x000001, Channels 0x3, flags 0x2
01-01 08:00:13.884 256 295 D audio_hw_primary: adev_open_output_stream
01-01 08:00:13.884 256 295 V audio_hw_primary: adev_open_output_stream, flags: 2
01-01 08:00:13.884 256 295 V audio_hw_primary: +++++++++++++++ adev_open_output_stream: req_sample_rate: 44100, fmt: 1, channel_count: 3
01-01 08:00:13.887 285 285 I AudioFlinger: HAL output buffer size 960 frames, normal sink buffer size 960 frames
01-01 08:00:13.920 285 285 I BufferProvider: found effect "Multichannel Downmix To Stereo" from The Android Open Source Project
01-01 08:00:13.921 285 285 D AudioFlinger: Failed to add event callback
01-01 08:00:13.923 285 448 I AudioFlinger: AudioFlinger's thread 0xf18a5700 tid=448 ready to run
01-01 08:00:13.923 285 448 W AudioFlinger: no wake lock to update, system not ready yet
01-01 08:00:13.923 285 448 D AudioFlinger: ro.audio.silent is ignored since no output device is set
01-01 08:00:13.924 256 295 D audio_hw_primary: out_standby
01-01 08:00:13.924 285 448 W AudioFlinger: no wake lock to update, system not ready yet
01-01 08:00:13.924 285 448 D AudioFlinger: ro.audio.silent is ignored since no output device is set
01-01 08:00:13.925 285 285 V APM_AudioPolicyManager: checkAndSetVolume cannot set volume group 3 volume when isn ot requested for comm
01-01 08:00:13.937 285 285 W AudioFlinger: moveEffects() bad srcOutput 0
01-01 08:00:13.937 285 285 V APM_AudioPolicyManager: selectOutputForMusicEffects selected output 13
01-01 08:00:13.937 285 285 V APM_AudioPolicyManager: setOutputDevices device {type:0x2,@:} delayMs 0
01-01 08:00:13.937 285 285 V APM_AudioPolicyManager: setOutputDevices() prevDevice {type:0x2,@:}
01-01 08:00:13.938 285 285 V APM_AudioPolicyManager: setOutputDevices changing device to {type:0x2,@:}
01-01 08:00:13.961 256 295 V audio_hw_primary: adev_create_audio_patch num_sources: 1, num_sinks: 1
01-01 08:00:13.961 256 295 V audio_hw_primary: playback device: 2
01-01 08:00:13.962 285 285 V APM_AudioPolicyManager: setOutputDevices() AF::createAudioPatch returned 0 patchHandle 12 num_sources 1 num_sinks 1
01-01 08:00:13.964 285 285 V APM_AudioPolicyManager: checkAndSetVolume cannot set volume group 3 volume when isn ot requested for comm
01-01 08:00:13.969 285 285 W APM_AudioPolicyManager: Input profile contains no device on module primary
01-01 08:00:13.969 285 285 W APM_AudioPolicyManager: Input profile contains no device on module primary
01-01 08:00:13.972 256 256 D xm_audio: -->adev_open, name=audio_hw_if, socketthread_running=false, pth_listen=0
01-01 08:00:13.974 285 285 I AudioFlinger: loadHwModule() Loaded xm_hidraw audio interface, handle 18
01-01 08:00:13.974 256 256 D xm_audio: -->adev_open_input_stream
01-01 08:00:13.974 256 256 D xm_audio: -->adev_open_input_stream, config->sample_rate=16000
01-01 08:00:13.974 256 256 D xm_audio: -->adev_open_input_stream exit
01-01 08:00:13.975 256 256 I xm_audio: in_get_sample_rate
01-01 08:00:13.975 256 256 I xm_audio: in_get_channels
01-01 08:00:13.977 256 256 I xm_audio: in_get_sample_rate
01-01 08:00:13.977 256 256 I xm_audio: in_get_channels
01-01 08:00:13.978 256 256 I xm_audio: in_get_channels
01-01 08:00:13.978 256 256 I xm_audio: in_get_buffer_size
01-01 08:00:13.978 256 256 I xm_audio: in_get_buffer_size: fsize=512.000000, size=512
01-01 08:00:13.978 256 256 I xm_audio: in_get_buffer_size
01-01 08:00:13.978 256 256 I xm_audio: in_get_buffer_size: fsize=512.000000, size=512
01-01 08:00:13.978 256 256 I xm_audio: in_get_sample_rate
01-01 08:00:13.978 256 256 I xm_audio: in_get_channels
01-01 08:00:14.004 256 450 D xm_audio: socket_thread start
01-01 08:00:14.004 256 450 D xm_audio: create socket g_is_running4
01-01 08:00:14.005 317 320 D XM_HIDREAD: Client connected.
01-01 08:00:14.005 317 320 D XM_HIDREAD: accept before.
01-01 08:00:14.005 256 450 D xm_audio: create socket g_is_running5
01-01 08:00:14.005 256 450 E xm_audio: so socket connect suc
01-01 08:00:14.005 285 451 I AudioFlinger: AudioFlinger's thread 0xf17ee240 tid=451 ready to run
01-01 08:00:14.006 285 451 W AudioFlinger: no wake lock to update, system not ready yet
01-01 08:00:14.006 317 454 D XM_HIDREAD: handle_client start.
01-01 08:00:14.007 256 256 D xm_audio: -->adev_close_input_stream
01-01 08:00:14.007 256 256 D xm_audio: -->adev_close_input_stream ready free stream.
01-01 08:00:14.007 256 256 D xm_audio: -->adev_close_input_stream free stream finish.
01-01 08:00:14.013 256 455 D xm_audio: data_thread start
01-01 08:00:14.065 285 285 I bt_a2dp_hw: system/bt/audio_a2dp_hw/src/audio_a2dp_hw.cc:1893 adev_open: adev_open: adev_open in A2dp_hw module
01-01 08:00:14.066 285 285 I AudioFlinger: loadHwModule() Loaded a2dp audio interface, handle 26
01-01 08:00:14.067 285 285 V APM_AudioPolicyManager: onNewAudioModulesAvailableInt: Input device list is empty! for profile a2dp input
01-01 08:00:14.071 256 256 I r_submix: adev_open(name=audio_hw_if)
01-01 08:00:14.072 256 295 I r_submix: adev_init_check()
01-01 08:00:14.073 285 285 I AudioFlinger: loadHwModule() Loaded r_submix audio interface, handle 34
01-01 08:00:14.073 256 295 D r_submix: adev_open_input_stream(addr=0)
01-01 08:00:14.074 256 295 D r_submix: submix_audio_device_create_pipe_l(addr=0, idx=9)
01-01 08:00:14.074 256 295 D r_submix: now using address 0 for route 9
01-01 08:00:14.084 285 457 I AudioFlinger: AudioFlinger's thread 0xf17eefc0 tid=457 ready to run
01-01 08:00:14.084 256 295 I r_submix: in_standby()
01-01 08:00:14.085 285 457 W AudioFlinger: no wake lock to update, system not ready yet
01-01 08:00:14.085 256 295 I r_submix: in_standby()
01-01 08:00:14.099 285 457 W AudioFlinger: no wake lock to update, system not ready yet
01-01 08:00:14.100 256 295 D r_submix: adev_close_input_stream()
01-01 08:00:14.100 256 295 D r_submix: submix_audio_device_release_pipe_l(idx=9) addr=0
01-01 08:00:14.101 256 295 D r_submix: submix_audio_device_destroy_pipe_l(): pipe destroyed
01-01 08:00:14.108 285 285 I audioserver: Waiting for activity service
01-01 08:00:14.214 461 461 E cutils-trace: Error opening trace file: No such file or directory (2)
01-01 08:00:14.238 247 402 I zygote : Verified 2763 classes from mainline modules in 271.756ms
01-01 08:00:14.268 464 464 E cutils-trace: Error opening trace file: No such file or directory (2)
01-01 08:00:14.295 247 247 D Zygote32Timing: ZygotePreload took to complete: 482ms
01-01 08:00:14.295 247 247 D Zygote : VMRuntime.setVerifierEnabled(true)
01-01 08:00:14.328 247 247 I zygote : Explicit concurrent copying GC freed 6064(606KB) AllocSpace objects, 0(0B) LOS objects, 68% free, 720KB/2256KB, paused 122us total 32.002ms
01-01 08:00:14.354 247 247 I zygote : Explicit concurrent copying GC freed 229(40KB) AllocSpace objects, 0(0B) LOS objects, 68% free, 711KB/2247KB, paused 62us total 25.036ms
01-01 08:00:14.354 247 247 D Zygote32Timing: PostZygoteInitGC took to complete: 59ms
01-01 08:00:14.354 247 247 D Zygote32Timing: ZygoteInit took to complete: 562ms
01-01 08:00:14.362 361 361 W awplayer: : Set log level to 3
01-01 08:00:14.419 361 361 I cedarc : : register avs decoder success!
01-01 08:00:14.420 361 361 I cedarc : : register h264 decoder success!
01-01 08:00:14.420 361 361 I cedarc : : register h265 decoder success!
01-01 08:00:14.431 361 361 I cedarc : : register mjpeg decoder success!
01-01 08:00:14.432 361 361 I cedarc : : register mjpegplus decoder success!
01-01 08:00:14.432 361 361 I cedarc : : register mpeg2 decoder success!
01-01 08:00:14.433 361 361 W awplayer: : Invalid plugin,function CedarPluginVDInit not found.
01-01 08:00:14.435 247 247 D Zygote : Forked child process 471
01-01 08:00:14.435 247 247 I Zygote : System server process 471 has been created
01-01 08:00:14.437 247 247 I Zygote : Accepting command socket connections
01-01 08:00:14.444 361 361 I cedarc : : register mpeg4dx decoder success!
01-01 08:00:14.444 361 361 I cedarc : : register mpeg4H263 decoder success!
01-01 08:00:14.444 361 361 I cedarc : : register mpeg4Normal decoder success!
01-01 08:00:14.444 361 361 I cedarc : : register Mpeg4Vp6 decoder success!
01-01 08:00:14.445 361 361 I cedarc : : register vp6Soft decoder success!
01-01 08:00:14.445 361 361 I cedarc : : register vp8 decoder success!
01-01 08:00:14.445 361 361 E cedarc : : register Wmv12Soft decoder failure!!!
01-01 08:00:14.445 361 361 I cedarc : : register vc1 decoder success!
01-01 08:00:14.445 361 361 D cedarc : : register Vp9Hw decoder success!
01-01 08:00:14.446 361 361 I cedarc : : register avs2 decoder success!
01-01 08:00:14.454 361 361 D awplayer: : aw stream init...
01-01 08:00:14.454 361 361 D awplayer: : Register stream rtp version v1.1
01-01 08:00:14.497 401 413 I adbd : adbd mDNS service _adb._tcp registered: 1
01-01 08:00:14.657 361 361 I mediaserver: ServiceManager: 0xf299a960
01-01 08:00:14.658 361 361 W BatteryNotifier: batterystats service unavailable!
01-01 08:00:14.659 361 361 W BatteryNotifier: batterystats service unavailable!
01-01 08:00:14.732 471 471 W zygote : ClassLoaderContext classpath element checksum mismatch. expected=2438086019, found=606410504 (PCL[/system/framework/com.android.location.provider.jar*3633238673:/system/framework/services.jar*1819737098:/system/framework/services.jar!classes2.dex*2438086019:/system/framework/ethernet-service.jar*655162001:/system/framework/pppoe-service.jar*2082030846] | PCL[/system/framework/com.android.location.provider.jar*3633238673:/system/framework/services.jar*1819737098:/system/framework/services.jar!classes2.dex*606410504:/system/framework/ethernet-service.jar*655162001:/system/framework/pppoe-service.jar*2082030846])
01-01 08:00:14.739 471 471 W zygote : ClassLoaderContext classpath element checksum mismatch. expected=2438086019, found=606410504 (PCL[/system/framework/com.android.location.provider.jar*3633238673:/system/framework/services.jar*1819737098:/system/framework/services.jar!classes2.dex*2438086019:/system/framework/ethernet-service.jar*655162001:/system/framework/pppoe-service.jar*2082030846:/apex/com.android.appsearch/javalib/service-appsearch.jar*4100577803] | PCL[/system/framework/com.android.location.provider.jar*3633238673:/system/framework/services.jar*1819737098:/system/framework/services.jar!classes2.dex*606410504:/system/framework/ethernet-service.jar*655162001:/system/framework/pppoe-service.jar*2082030846:/apex/com.android.appsearch/javalib/service-appsearch.jar*4100577803])
01-01 08:00:14.747 471 471 W zygote : ClassLoaderContext classpath element checksum mismatch. expected=2438086019, found=606410504 (PCL[/system/framework/com.android.location.provider.jar*3633238673:/system/framework/services.jar*1819737098:/system/framework/services.jar!classes2.dex*2438086019:/system/framework/ethernet-service.jar*655162001:/system/framework/pppoe-service.jar*2082030846:/apex/com.android.appsearch/javalib/service-appsearch.jar*4100577803:/apex/com.android.media/javalib/service-media-s.jar*3881732923] | PCL[/system/framework/com.android.location.provider.jar*3633238673:/system/framework/services.jar*1819737098:/system/framework/services.jar!classes2.dex*606410504:/system/framework/ethernet-service.jar*655162001:/system/framework/pppoe-service.jar*2082030846:/apex/com.android.appsearch/javalib/service-appsearch.jar*4100577803:/apex/com.android.media/javalib/service-media-s.jar*3881732923])
01-01 08:00:14.756 471 471 I Zygote : seccomp disabled by setenforce 0
01-01 08:00:14.775 471 471 W system_server: Failed to upload odrefresh metrics: metrics file '/data/misc/odrefresh/odrefresh-metrics.txt' could not be opened: No such file or directory
01-01 08:00:14.784 401 416 I adbd : jdwp connection from 471
01-01 08:00:14.785 471 494 D Zygote : begin preload_base
01-01 08:00:14.786 471 494 I Zygote : Calling ZygoteHooks.beginPreload()
01-01 08:00:15.013 471 494 D System_Preload_Base: BeginPreload took to complete: 226ms
01-01 08:00:15.020 471 494 D ApplicationLoaders: Created zygote-cached class loader: /system/framework/android.hidl.base-V1.0-java.jar
01-01 08:00:15.027 471 494 D ApplicationLoaders: Created zygote-cached class loader: /system/framework/android.hidl.manager-V1.0-java.jar
01-01 08:00:15.036 471 494 D ApplicationLoaders: Created zygote-cached class loader: /system/framework/android.test.base.jar
01-01 08:00:15.036 471 494 D System_Preload_Base: CacheNonBootClasspathClassLoaders took to complete: 23ms
01-01 08:00:15.036 471 494 I Zygote : Preloading resources...
01-01 08:00:15.060 471 494 W Resources: Preloaded drawable resource #0x1080286 (android:drawable/dialog_background_material) that varies with configuration!!
01-01 08:00:15.090 471 494 I Zygote : ...preloaded 64 resources in 53ms.
01-01 08:00:15.096 471 494 I Zygote : ...preloaded 41 resources in 6ms.
01-01 08:00:15.097 471 494 D System_Preload_Base: PreloadResources took to complete: 61ms
01-01 08:00:15.097 471 494 D Zygote : Zygote:ThreadPreadloadBase took 314ms.
01-01 08:00:15.100 471 503 D Zygote : Zygote:ThreadPreadloadClass start
01-01 08:00:15.103 471 504 I Zygote : Preloading classes...
01-01 08:00:15.106 471 471 I SystemServerTiming: InitBeforeStartServices
01-01 08:00:15.113 471 471 I SystemServer: Entered the Android system server!
01-01 08:00:15.158 471 505 D libEGL : loaded /vendor/lib/egl/libGLES_mali.so
01-01 08:00:15.220 471 504 I Typeface: Preloading /system/fonts/Roboto-Regular.ttf
01-01 08:00:15.243 471 504 I Typeface: Preloading /system/fonts/RobotoStatic-Regular.ttf
01-01 08:00:15.362 471 504 I Typeface: Preloading /system/fonts/NotoSansCJK-Regular.ttc
01-01 08:00:15.362 471 504 I Typeface: Preloading /system/fonts/NotoSerifCJK-Regular.ttc
01-01 08:00:15.381 290 290 D RenderEngine: shader cache generated - 48 shaders in 2390.045898 ms
01-01 08:00:15.384 290 290 I HidlServiceManagement: Registered android.frameworks.displayservice@1.0::IDisplayService/default
01-01 08:00:15.385 290 290 D SurfaceFlinger: Setting power mode 2 on display 0
01-01 08:00:15.385 275 275 D sunxihwc: setPowerMode: device(hdmi0) power mode: On
01-01 08:00:15.385 275 275 I sunxihwc: setRuntimeState: disp2 blank control [unblank], driver usage [1]
01-01 08:00:15.386 290 290 D SurfaceFlinger: Finished setting power mode 2 on display 0
01-01 08:00:15.409 471 504 E ActivityRecognitionHardware: activity_recognition HAL is deprecated. class_init is effectively a no-op
01-01 08:00:15.492 471 471 E UsbAlsaJackDetectorJNI: Can't register UsbAlsaJackDetector native methods
01-01 08:00:15.521 471 471 I SystemServerInitThreadPool: Creating instance with 4 threads
01-01 08:00:15.523 471 471 D SystemServerTiming: InitBeforeStartServices took to complete: 417ms
01-01 08:00:15.523 471 471 I SystemServerTiming: StartServices
01-01 08:00:15.524 471 471 D SystemServer: VMRuntime.setVerifierEnabled(false)
01-01 08:00:15.524 471 471 I SystemServerTiming: startBootstrapServices
01-01 08:00:15.524 471 471 I SystemServerTiming: StartWatchdog
01-01 08:00:15.524 471 517 I SystemServerTimingAsync: InitThreadPoolExec:loadPreinstalledSystemFontMap
01-01 08:00:15.524 471 517 D SystemServerInitThreadPool: Started executing loadPreinstalledSystemFontMap
01-01 08:00:15.524 471 517 I SystemServerTimingAsync: loadPreinstalledSystemFontMap
01-01 08:00:15.534 471 471 D SystemServerTiming: StartWatchdog took to complete: 10ms
01-01 08:00:15.534 471 471 I SystemServer: Reading configuration...
01-01 08:00:15.535 471 471 I SystemServerTiming: ReadingSystemConfig
01-01 08:00:15.535 471 471 D SystemServerTiming: ReadingSystemConfig took to complete: 0ms
01-01 08:00:15.536 471 525 I SystemServerTimingAsync: InitThreadPoolExec:ReadingSystemConfig
01-01 08:00:15.537 471 471 I SystemServerTiming: PlatformCompat
01-01 08:00:15.538 471 525 D SystemServerInitThreadPool: Started executing ReadingSystemConfig
01-01 08:00:15.540 471 471 D CompatConfig: Found a config file: /system/etc/compatconfig/documents-ui-compat-config.xml
01-01 08:00:15.543 471 471 D CompatConfig: Adding: com.android.server.compat.config.Change@67e64b3
01-01 08:00:15.545 471 471 D CompatConfig: Found a config file: /system/etc/compatconfig/services-platform-compat-config.xml
01-01 08:00:15.547 471 525 I SystemConfig: Reading permissions from /system/etc/sysconfig/preinstalled-packages-platform-full-base.xml
01-01 08:00:15.553 471 471 D CompatConfig: Adding: com.android.server.compat.config.Change@bbbce6e
01-01 08:00:15.555 471 504 D MtpDeviceJNI: register_android_mtp_MtpDevice
01-01 08:00:15.557 471 525 I incfs : Initial API level of the device: 31
01-01 08:00:15.558 471 471 D CompatConfig: Adding: com.android.server.compat.config.Change@ef0990f
01-01 08:00:15.558 471 525 I incfs : ro.incremental.enable: module:/vendor/lib/modules/incrementalfs.ko
01-01 08:00:15.559 471 471 D CompatConfig: Adding: com.android.server.compat.config.Change@baded9c
01-01 08:00:15.560 471 471 D CompatConfig: Adding: com.android.server.compat.config.Change@a1be3a5
01-01 08:00:15.561 471 471 D CompatConfig: Adding: com.android.server.compat.config.Change@3da637a
01-01 08:00:15.562 471 471 D CompatConfig: Adding: com.android.server.compat.config.Change@8a7b72b
01-01 08:00:15.563 471 471 D CompatConfig: Adding: com.android.server.compat.config.Change@f7a4788
01-01 08:00:15.564 471 471 D CompatConfig: Adding: com.android.server.compat.config.Change@40c1521
01-01 08:00:15.566 471 471 D CompatConfig: Adding: com.android.server.compat.config.Change@1b3d46
01-01 08:00:15.567 471 471 D CompatConfig: Adding: com.android.server.compat.config.Change@2689b07
01-01 08:00:15.568 471 525 I incfs : isFsAvailable: false
01-01 08:00:15.568 471 525 I incfs : isFsAvailable: false
01-01 08:00:15.569 471 525 E incfs : could not open IncFs kernel module "/vendor/lib/modules/incrementalfs.ko": No such file or directory
01-01 08:00:15.569 471 525 E incfs : IncFs_Features: failed to open features dir, assuming v1/none.: No such file or directory
01-01 08:00:15.571 471 471 D CompatConfig: Adding: com.android.server.compat.config.Change@4305434
01-01 08:00:15.572 471 525 I SystemConfig: Reading permissions from /system/etc/sysconfig/preinstalled-packages-platform.xml
01-01 08:00:15.573 471 471 D CompatConfig: Adding: com.android.server.compat.config.Change@f3de7d2
01-01 08:00:15.575 471 471 D CompatConfig: Adding: com.android.server.compat.config.Change@869e0a3
01-01 08:00:15.577 471 525 I SystemConfig: Reading permissions from /system/etc/sysconfig/preinstalled-packages-com.android.providers.media.module.xml
01-01 08:00:15.579 471 471 D CompatConfig: Adding: com.android.server.compat.config.Change@5914759
01-01 08:00:15.580 471 471 D CompatConfig: Adding: com.android.server.compat.config.Change@a6eaf1e
01-01 08:00:15.581 471 471 D CompatConfig: Adding: com.android.server.compat.config.Change@9afe3ff
01-01 08:00:15.583 471 471 D CompatConfig: Adding: com.android.server.compat.config.Change@d95f5cc
01-01 08:00:15.585 471 471 D CompatConfig: Adding: com.android.server.compat.config.Change@f529f2a
01-01 08:00:15.586 471 525 I SystemConfig: Reading permissions from /system/etc/sysconfig/framework-sysconfig.xml
01-01 08:00:15.587 471 471 D CompatConfig: Adding: com.android.server.compat.config.Change@728c11b
01-01 08:00:15.589 471 525 I SystemConfig: Reading permissions from /system/etc/sysconfig/hiddenapi-package-whitelist.xml
01-01 08:00:15.591 471 471 D CompatConfig: Adding: com.android.server.compat.config.Change@d38891
01-01 08:00:15.592 471 471 D CompatConfig: Adding: com.android.server.compat.config.Change@ed383f6
01-01 08:00:15.593 471 471 D CompatConfig: Adding: com.android.server.compat.config.Change@88853f7
01-01 08:00:15.596 471 471 D CompatConfig: Adding: com.android.server.compat.config.Change@3ab3264
01-01 08:00:15.598 471 471 D CompatConfig: Adding: com.android.server.compat.config.Change@6971ccd
01-01 08:00:15.599 471 471 D CompatConfig: Adding: com.android.server.compat.config.Change@cabe982
01-01 08:00:15.601 471 471 D CompatConfig: Adding: com.android.server.compat.config.Change@2e43893
01-01 08:00:15.604 471 471 D CompatConfig: Adding: com.android.server.compat.config.Change@85b8c9
01-01 08:00:15.605 471 471 D CompatConfig: Adding: com.android.server.compat.config.Change@bb31bce
01-01 08:00:15.606 471 471 D CompatConfig: Adding: com.android.server.compat.config.Change@d0fcaef
01-01 08:00:15.607 471 525 I SystemConfig: Reading permissions from /system/etc/permissions/android.hardware.hdmi.cec.xml
01-01 08:00:15.608 471 471 D CompatConfig: Adding: com.android.server.compat.config.Change@36869fc
01-01 08:00:15.610 471 525 I SystemConfig: Reading permissions from /system/etc/permissions/com.android.mediadrm.signer.xml
01-01 08:00:15.611 471 471 D CompatConfig: Adding: com.android.server.compat.config.Change@2e926da
01-01 08:00:15.613 471 471 D CompatConfig: Adding: com.android.server.compat.config.Change@db8270b
01-01 08:00:15.614 471 471 D CompatConfig: Adding: com.android.server.compat.config.Change@d029e8
01-01 08:00:15.615 471 525 I SystemConfig: Reading permissions from /system/etc/permissions/android.test.base.xml
01-01 08:00:15.617 471 471 D CompatConfig: Adding: com.android.server.compat.config.Change@742d6a6
01-01 08:00:15.619 471 471 D CompatConfig: Adding: com.android.server.compat.config.Change@f4028e7
01-01 08:00:15.620 471 471 D CompatConfig: Adding: com.android.server.compat.config.Change@471fc94
01-01 08:00:15.621 471 525 I SystemConfig: Reading permissions from /system/etc/permissions/org.apache.http.legacy.xml
01-01 08:00:15.624 471 471 D CompatConfig: Adding: com.android.server.compat.config.Change@55c6c83
01-01 08:00:15.625 471 471 D CompatConfig: Adding: com.android.server.compat.config.Change@1bc4e00
01-01 08:00:15.627 471 471 D CompatConfig: Adding: com.android.server.compat.config.Change@f16639
01-01 08:00:15.628 471 471 D CompatConfig: Adding: com.android.server.compat.config.Change@d04147e
01-01 08:00:15.630 471 471 D CompatConfig: Adding: com.android.server.compat.config.Change@2984a2c
01-01 08:00:15.630 471 525 I SystemConfig: Reading permissions from /system/etc/permissions/android.software.webview.xml
01-01 08:00:15.631 471 471 D CompatConfig: Adding: com.android.server.compat.config.Change@b792cf5
01-01 08:00:15.632 471 471 D CompatConfig: Adding: com.android.server.compat.config.Change@aa4e8fb
01-01 08:00:15.633 471 525 I SystemConfig: Reading permissions from /system/etc/permissions/com.android.future.usb.accessory.xml
01-01 08:00:15.633 471 471 D CompatConfig: Adding: com.android.server.compat.config.Change@455dd18
01-01 08:00:15.634 471 471 D CompatConfig: Adding: com.android.server.compat.config.Change@a7ca371
01-01 08:00:15.635 471 471 D CompatConfig: Adding: com.android.server.compat.config.Change@acf19d7
01-01 08:00:15.636 471 525 I SystemConfig: Reading permissions from /system/etc/permissions/com.android.media.remotedisplay.xml
01-01 08:00:15.637 471 471 D CompatConfig: Adding: com.android.server.compat.config.Change@757b2c4
01-01 08:00:15.638 471 471 D CompatConfig: Adding: com.android.server.compat.config.Change@6705ad
01-01 08:00:15.639 471 471 D CompatConfig: Adding: com.android.server.compat.config.Change@6650e2
01-01 08:00:15.639 471 525 I SystemConfig: Reading permissions from /system/etc/permissions/privapp-permissions-platform.xml
01-01 08:00:15.642 471 471 D CompatConfig: Adding: com.android.server.compat.config.Change@11b4fa9
01-01 08:00:15.643 471 471 D CompatConfig: Adding: com.android.server.compat.config.Change@9c992e
01-01 08:00:15.645 471 471 D CompatConfig: Adding: com.android.server.compat.config.Change@ed6ccf
01-01 08:00:15.645 471 471 D CompatConfig: Found a config file: /system/etc/compatconfig/framework-platform-compat-config.xml
01-01 08:00:15.652 471 471 D CompatConfig: Adding: com.android.server.compat.config.Change@1b03d65
01-01 08:00:15.659 471 471 D CompatConfig: Adding: com.android.server.compat.config.Change@bdd1a3a
01-01 08:00:15.660 471 525 I SystemConfig: Reading permissions from /system/etc/permissions/javax.obex.xml
01-01 08:00:15.661 471 471 D CompatConfig: Adding: com.android.server.compat.config.Change@6bc48
01-01 08:00:15.662 471 471 D CompatConfig: Adding: com.android.server.compat.config.Change@7ec4ae1
01-01 08:00:15.662 471 471 D CompatConfig: Adding: com.android.server.compat.config.Change@972a006
01-01 08:00:15.663 471 525 I SystemConfig: Reading permissions from /system/etc/permissions/com.android.networkstack.tethering.xml
01-01 08:00:15.665 471 525 I SystemConfig: Reading permissions from /system/etc/permissions/android.test.runner.xml
01-01 08:00:15.667 471 525 I SystemConfig: Reading permissions from /system/etc/permissions/com.android.documentsui.xml
01-01 08:00:15.668 471 471 D CompatConfig: Adding: com.android.server.compat.config.Change@888b692
01-01 08:00:15.669 471 525 I SystemConfig: Reading permissions from /system/etc/permissions/com.android.networkstack.xml
01-01 08:00:15.670 471 471 D CompatConfig: Adding: com.android.server.compat.config.Change@b0a7519
01-01 08:00:15.671 395 395 I update_engine: [INFO:cleanup_previous_update_action.cc(112)] Executing task 1
01-01 08:00:15.672 471 525 I SystemConfig: Reading permissions from /system/etc/permissions/oranth-privapp-permissions.xml
01-01 08:00:15.673 471 471 D CompatConfig: Adding: com.android.server.compat.config.Change@16927bf
01-01 08:00:15.674 395 395 I update_engine: [INFO:cleanup_previous_update_action.cc(124)] CleanupPreviousUpdateAction scheduled task ID 3 for WaitBootCompleted
01-01 08:00:15.676 471 525 I SystemConfig: Reading permissions from /system/etc/permissions/android.test.mock.xml
01-01 08:00:15.677 471 471 D CompatConfig: Adding: com.android.server.compat.config.Change@7d085ea
01-01 08:00:15.679 471 471 D CompatConfig: Adding: com.android.server.compat.config.Change@b05c778
01-01 08:00:15.680 471 525 I SystemConfig: Reading permissions from /system/etc/permissions/android.software.controls.xml
01-01 08:00:15.681 471 471 D CompatConfig: Adding: com.android.server.compat.config.Change@30cae51
01-01 08:00:15.682 471 471 D CompatConfig: Adding: com.android.server.compat.config.Change@d2916b6
01-01 08:00:15.683 471 471 D CompatConfig: Adding: com.android.server.compat.config.Change@62e4fb7
01-01 08:00:15.683 515 515 D BootAnimation: BootAnimationPreloadTiming start time: 13520ms
01-01 08:00:15.685 471 471 D CompatConfig: Adding: com.android.server.compat.config.Change@89cde8d
01-01 08:00:15.686 471 471 D CompatConfig: Adding: com.android.server.compat.config.Change@4a7e842
01-01 08:00:15.686 471 471 D CompatConfig: Adding: com.android.server.compat.config.Change@94e3053
01-01 08:00:15.687 471 471 D CompatConfig: Adding: com.android.server.compat.config.Change@c360d90
01-01 08:00:15.688 471 471 D CompatConfig: Adding: com.android.server.compat.config.Change@f50468e
01-01 08:00:15.688 471 471 D CompatConfig: Adding: com.android.server.compat.config.Change@a817eaf
01-01 08:00:15.688 471 471 D CompatConfig: Adding: com.android.server.compat.config.Change@81672bc
01-01 08:00:15.689 471 471 D CompatConfig: Adding: com.android.server.compat.config.Change@1ec5245
01-01 08:00:15.689 471 471 D CompatConfig: Adding: com.android.server.compat.config.Change@90e3d9a
01-01 08:00:15.689 471 471 D CompatConfig: Adding: com.android.server.compat.config.Change@f156cb
01-01 08:00:15.690 471 525 I SystemConfig: Reading permissions from /system/etc/permissions/android.hardware.location.network.xml
01-01 08:00:15.691 471 471 D CompatConfig: Adding: com.android.server.compat.config.Change@b35fea8
01-01 08:00:15.692 471 471 D CompatConfig: Adding: com.android.server.compat.config.Change@e829966
01-01 08:00:15.693 471 471 D CompatConfig: Adding: com.android.server.compat.config.Change@33c94a7
01-01 08:00:15.694 471 525 I SystemConfig: Reading permissions from /system/etc/permissions/com.android.location.provider.xml
01-01 08:00:15.695 471 471 D CompatConfig: Adding: com.android.server.compat.config.Change@8cf84fd
01-01 08:00:15.696 471 471 D CompatConfig: Adding: com.android.server.compat.config.Change@38ee5f2
01-01 08:00:15.697 471 471 D CompatConfig: Adding: com.android.server.compat.config.Change@913d443
01-01 08:00:15.697 471 525 I SystemConfig: Reading permissions from /system/etc/permissions/permissions-awbms.xml
01-01 08:00:15.698 471 471 D CompatConfig: Adding: com.android.server.compat.config.Change@31473f9
01-01 08:00:15.700 471 471 D CompatConfig: Adding: com.android.server.compat.config.Change@6a16f3e
01-01 08:00:15.700 471 525 I SystemConfig: Reading permissions from /system/etc/permissions/android.software.live_wallpaper.xml
01-01 08:00:15.701 471 471 D CompatConfig: Adding: com.android.server.compat.config.Change@a3a02ec
01-01 08:00:15.703 471 471 D CompatConfig: Adding: com.android.server.compat.config.Change@cc1414a
01-01 08:00:15.704 471 471 D CompatConfig: Adding: com.android.server.compat.config.Change@96988bb
01-01 08:00:15.704 471 525 I SystemConfig: Reading permissions from /system/etc/permissions/privapp-vendor-permissions.xml
01-01 08:00:15.705 471 471 D CompatConfig: Adding: com.android.server.compat.config.Change@53a61d8
01-01 08:00:15.706 471 471 D CompatConfig: Adding: com.android.server.compat.config.Change@25a2816
01-01 08:00:15.707 471 471 D CompatConfig: Adding: com.android.server.compat.config.Change@f9df597
01-01 08:00:15.708 471 471 D CompatConfig: Adding: com.android.server.compat.config.Change@dfc384
01-01 08:00:15.709 471 471 D CompatConfig: Adding: com.android.server.compat.config.Change@8f0a76d
01-01 08:00:15.709 515 515 E BootAnimation: no audio.wav could be found!
01-01 08:00:15.709 515 515 D BootAnimation: BootAnimationPreloadStopTiming start time: 13546ms
01-01 08:00:15.710 471 471 D CompatConfig: Adding: com.android.server.compat.config.Change@cc8afa2
01-01 08:00:15.711 471 471 D CompatConfig: Adding: com.android.server.compat.config.Change@425433
01-01 08:00:15.712 471 471 D CompatConfig: Adding: com.android.server.compat.config.Change@45793f0
01-01 08:00:15.713 471 471 D CompatConfig: Adding: com.android.server.compat.config.Change@3fd4d69
01-01 08:00:15.713 471 471 D CompatConfig: Adding: com.android.server.compat.config.Change@8a623ee
01-01 08:00:15.714 471 471 D CompatConfig: Adding: com.android.server.compat.config.Change@5c4008f
01-01 08:00:15.714 471 471 D CompatConfig: Adding: com.android.server.compat.config.Change@a39ff1c
01-01 08:00:15.714 471 471 D CompatConfig: Adding: com.android.server.compat.config.Change@2145725
01-01 08:00:15.715 471 471 D CompatConfig: Adding: com.android.server.compat.config.Change@d490fa
01-01 08:00:15.715 471 471 D CompatConfig: Adding: com.android.server.compat.config.Change@a0a16ab
01-01 08:00:15.716 471 471 D CompatConfig: Adding: com.android.server.compat.config.Change@1d840a1
01-01 08:00:15.716 471 471 D CompatConfig: Adding: com.android.server.compat.config.Change@a4ac2c6
01-01 08:00:15.716 471 471 D CompatConfig: Adding: com.android.server.compat.config.Change@4517287
01-01 08:00:15.717 471 471 D CompatConfig: Adding: com.android.server.compat.config.Change@2fd15b4
01-01 08:00:15.717 290 333 E HWComposer: getSupportedContentTypes: getSupportedContentTypes failed for display 0: Unsupported (8)
01-01 08:00:15.718 471 471 D CompatConfig: Adding: com.android.server.compat.config.Change@f9745dd
01-01 08:00:15.718 471 471 D CompatConfig: Adding: com.android.server.compat.config.Change@a04552
01-01 08:00:15.719 471 505 I Zygote : Preloading shared libraries...
01-01 08:00:15.719 471 471 D CompatConfig: Adding: com.android.server.compat.config.Change@8c8b023
01-01 08:00:15.719 471 471 D CompatConfig: Adding: com.android.server.compat.config.Change@12fd920
01-01 08:00:15.720 471 471 D CompatConfig: Adding: com.android.server.compat.config.Change@44762d9
01-01 08:00:15.721 471 471 D CompatConfig: Found a config file: /system/etc/compatconfig/icu4j-platform-compat-config.xml
01-01 08:00:15.722 471 525 I SystemConfig: Reading permissions from /system/etc/permissions/platform.xml
01-01 08:00:15.722 515 528 E cutils-trace: Error opening trace file: No such file or directory (2)
01-01 08:00:15.723 471 471 D CompatConfig: Adding: com.android.server.compat.config.Change@3f32caa
01-01 08:00:15.724 471 471 D CompatConfig: Found a config file: /system/etc/compatconfig/calendar-provider-compat-config.xml
01-01 08:00:15.726 471 471 D CompatConfig: Adding: com.android.server.compat.config.Change@5c19411
01-01 08:00:15.728 471 471 D CompatConfig: No directory /system/system_ext/etc/compatconfig, skipping
01-01 08:00:15.731 471 471 D CompatConfig: No directory /apex/com.android.wifi/etc/compatconfig, skipping
01-01 08:00:15.731 471 471 D CompatConfig: No directory /apex/com.android.vndk.v31/etc/compatconfig, skipping
01-01 08:00:15.731 471 471 D CompatConfig: No directory /apex/com.android.tzdata/etc/compatconfig, skipping
01-01 08:00:15.731 471 471 D CompatConfig: No directory /apex/com.android.tethering/etc/compatconfig, skipping
01-01 08:00:15.732 471 471 D CompatConfig: No directory /apex/com.android.sdkext/etc/compatconfig, skipping
01-01 08:00:15.732 471 471 D CompatConfig: No directory /apex/com.android.scheduling/etc/compatconfig, skipping
01-01 08:00:15.732 471 471 D CompatConfig: No directory /apex/com.android.runtime/etc/compatconfig, skipping
01-01 08:00:15.732 471 471 D CompatConfig: No directory /apex/com.android.resolv/etc/compatconfig, skipping
01-01 08:00:15.732 471 471 D CompatConfig: No directory /apex/com.android.permission/etc/compatconfig, skipping
01-01 08:00:15.732 471 471 D CompatConfig: No directory /apex/com.android.os.statsd/etc/compatconfig, skipping
01-01 08:00:15.732 471 471 D CompatConfig: No directory /apex/com.android.neuralnetworks/etc/compatconfig, skipping
01-01 08:00:15.734 471 471 D CompatConfig: Found a config file: /apex/com.android.mediaprovider/etc/compatconfig/media-provider-platform-compat-config.xml
01-01 08:00:15.737 471 471 D CompatConfig: Adding: com.android.server.compat.config.Change@655e813
01-01 08:00:15.739 471 525 I SystemConfig: Reading permissions from /vendor/etc/permissions/android.hardware.vulkan.version.xml
01-01 08:00:15.740 471 471 D CompatConfig: Adding: com.android.server.compat.config.Change@cb9b449
01-01 08:00:15.742 471 471 D CompatConfig: Adding: com.android.server.compat.config.Change@aacf26f
01-01 08:00:15.743 471 471 D CompatConfig: Adding: com.android.server.compat.config.Change@6e04c05
01-01 08:00:15.744 471 471 D CompatConfig: Adding: com.android.server.compat.config.Change@588145a
01-01 08:00:15.746 471 471 D CompatConfig: Adding: com.android.server.compat.config.Change@9de9368
01-01 08:00:15.746 471 525 I SystemConfig: Reading permissions from /vendor/etc/permissions/android.hardware.bluetooth.xml
01-01 08:00:15.747 471 471 D CompatConfig: Adding: com.android.server.compat.config.Change@ca31c26
01-01 08:00:15.748 515 528 D libEGL : loaded /vendor/lib/egl/libGLES_mali.so
01-01 08:00:15.750 471 471 D CompatConfig: No directory /apex/com.android.media.swcodec/etc/compatconfig, skipping
01-01 08:00:15.751 471 471 D CompatConfig: No directory /apex/com.android.media/etc/compatconfig, skipping
01-01 08:00:15.752 471 471 D CompatConfig: No directory /apex/com.android.ipsec/etc/compatconfig, skipping
