05-24 21:02:02.968 471 539 D CompatibilityChangeReporter: Compat change id reported: 135754954; UID 10018; state: ENABLED
05-24 21:02:02.969 471 540 D CompatibilityChangeReporter: Compat change id reported: 143937733; UID 10018; state: ENABLED
05-24 21:02:02.973 1033 1153 V MediaStore: Examining volume emulated;0 with name external_primary and state mounted
05-24 21:02:02.980 471 600 I StorageSessionController: Notifying volume state changed for session with id: emulated;0
05-24 21:02:02.981 1086 1086 E hq : 检查user:::更新前的信息: null
05-24 21:02:02.981 1086 1086 E hq : 更新后的信息: Users{userId=-1, nickName='游客', avatarUrl='null', wxToken='null', vip='null', mobile='null', sex=null, description='null', city='null', province='null', country='null', launcherMode=null, token='null', token='null'}
05-24 21:02:02.992 678 678 D SystemUIService: running: com.android.systemui.statusbar.tv.notifications.TvNotificationHandler@59170d6
05-24 21:02:02.997 678 678 D SystemUIBootTiming: SystemUIService: bootcomplete com.android.systemui.statusbar.tv.notifications.TvNotificationHandler took 78 ms
05-24 21:02:02.997 678 678 D SystemUIService: loading: com.android.systemui.statusbar.tv.VpnStatusObserver
05-24 21:02:03.002 471 496 D CompatibilityChangeReporter: Compat change id reported: 168419799; UID 10074; state: DISABLED
05-24 21:02:03.008 247 247 D Zygote : Forked child process 1266
05-24 21:02:03.012 471 540 I ActivityManager: app.processName = android.process.media
05-24 21:02:03.012 471 540 I ActivityManager: Start proc 1266:android.process.media/u0a18 for broadcast {com.android.mtp/com.android.mtp.UsbIntentReceiver}
05-24 21:02:03.019 678 891 D LocalBluetoothProfileManager: Adding local A2DP profile
05-24 21:02:03.021 678 891 D BluetoothA2dp: Binding service...
05-24 21:02:03.023 1221 1221 V GraphicsEnvironment: ANGLE Developer option for 'com.android.music' set to: 'default'
05-24 21:02:03.028 1221 1221 V GraphicsEnvironment: Neither updatable production driver nor prerelease driver is supported.
05-24 21:02:03.035 1266 1266 I Zygote : seccomp disabled by setenforce 0
05-24 21:02:03.036 1033 1267 I MediaProvider: Begin Intent { act=com.android.providers.media.action.SCAN_VOLUME (has extras) }
05-24 21:02:03.036 1033 1153 V MediaStore: Examining volume emulated;0 with name external_primary and state mounted
05-24 21:02:03.040 1265 1265 D VoHCI : VoHCI service version: v1.0.0
05-24 21:02:03.042 1086 1086 D AdHelper: ad server environment is official? false
05-24 21:02:03.042 1086 1086 D AdHelper: ad server environment is official? false
05-24 21:02:03.042 1086 1086 D AdHelper: ad server environment is official? false
05-24 21:02:03.042 1086 1086 D AdHelper: ad server environment is official? false
05-24 21:02:03.043 471 614 D ConnectivityService: NetReassign [no changes]
05-24 21:02:03.043 1265 1265 E VoHCI : Cannot get card id for name: VoHCILoopback
05-24 21:02:03.049 678 891 D LocalBluetoothProfileManager: Adding local HEADSET profile
05-24 21:02:03.050 1221 1221 D NetworkSecurityConfig: No Network Security Config specified, using platform default
05-24 21:02:03.051 1221 1221 D NetworkSecurityConfig: No Network Security Config specified, using platform default
05-24 21:02:03.052 678 891 D LocalBluetoothProfileManager: Adding local MAP profile
05-24 21:02:03.052 678 891 D BluetoothMap: Create BluetoothMap proxy object
05-24 21:02:03.053 678 891 D BluetoothMap: Binding service...
05-24 21:02:03.060 401 416 I adbd : jdwp connection from 1266
05-24 21:02:03.061 1033 1044 I FuseDaemon: Background young concurrent copying GC freed 14464(926KB) AllocSpace objects, 4(80KB) LOS objects, 88% free, 3319KB/27MB, paused 205us total 478.234ms
01-01 08:00:27.704 325 325 W audit : audit_lost=33 audit_rate_limit=5 audit_backlog_limit=64
01-01 08:00:27.722 325 325 E audit : rate limit exceeded
05-24 21:02:03.077 350 350 D installd: Found quota mount /dev/block/by-name/userdata at /data
05-24 21:02:03.077 350 350 D installd: Found quota mount /dev/block/by-name/userdata at /data/user/0
05-24 21:02:03.077 350 350 D installd: Found quota mount /dev/block/by-name/userdata at /mnt/pass_through/0/emulated
05-24 21:02:03.077 350 350 D installd: Found quota mount /dev/block/by-name/userdata at /mnt/user/0/emulated/0/Android/data
05-24 21:02:03.078 350 350 D installd: Found quota mount /dev/block/by-name/userdata at /storage/emulated/0/Android/data
05-24 21:02:03.078 350 350 D installd: Found quota mount /dev/block/by-name/userdata at /mnt/androidwritable/0/emulated/0/Android/data
05-24 21:02:03.078 350 350 D installd: Found quota mount /dev/block/by-name/userdata at /mnt/installer/0/emulated/0/Android/data
05-24 21:02:03.078 350 350 D installd: Found quota mount /dev/block/by-name/userdata at /mnt/user/0/emulated/0/Android/obb
05-24 21:02:03.078 350 350 D installd: Found quota mount /dev/block/by-name/userdata at /storage/emulated/0/Android/obb
05-24 21:02:03.078 350 350 D installd: Found quota mount /dev/block/by-name/userdata at /mnt/androidwritable/0/emulated/0/Android/obb
05-24 21:02:03.078 350 350 D installd: Found quota mount /dev/block/by-name/userdata at /mnt/installer/0/emulated/0/Android/obb
05-24 21:02:03.079 350 350 D installd: Found storage mount /dev/block/by-name/userdata at /mnt/pass_through/0/emulated
05-24 21:02:03.081 678 891 D LocalBluetoothProfileManager: Adding local OPP profile
05-24 21:02:03.081 678 891 D LocalBluetoothProfileManager: Adding local HID_HOST profile
05-24 21:02:03.081 1086 1086 D AdHelper: AdHelper init: end
05-24 21:02:03.082 678 891 D BluetoothHidHost: Binding service...
05-24 21:02:03.082 471 600 D StorageManagerService: Volume emulated;0 broadcasting checking to UserHandle{0}
05-24 21:02:03.087 1086 1086 E xxxxxxxxxxxxxxx: onConfigurationChanged2===>{1.0 ?mcc?mnc [zh_CN] ldltr sw720dp w1280dp h696dp 240dpi xlrg long land television -touch qwerty/v/v dpad/v winConfig={ mBounds=Rect(0, 0 - 1920, 1080) mAppBounds=Rect(0, 0 - 1920, 1080) mMaxBounds=Rect(0, 0 - 1920, 1080) mWindowingMode=fullscreen mDisplayWindowingMode=fullscreen mActivityType=undefined mAlwaysOnTop=undefined mRotation=ROTATION_0} s.6 fontWeightAdjustment=0}
05-24 21:02:03.094 822 912 D BufferPoolAccessor2.0: bufferpool2 0xeb181e98 : 0(0 size) total buffers - 0(0 size) used buffers - 1/7 (recycle/alloc) - 6/92 (fetch/transfer)
05-24 21:02:03.094 822 912 D BufferPoolAccessor2.0: bufferpool2 0xeb1810d8 : 0(0 size) total buffers - 0(0 size) used buffers - 2/7 (recycle/alloc) - 5/96 (fetch/transfer)
05-24 21:02:03.094 822 912 D BufferPoolAccessor2.0: evictor expired: 2, evicted: 2
05-24 21:02:03.094 1086 1086 E memInfo.totalMem: memInfo.totalMem=2055442432 1073741824
05-24 21:02:03.096 1033 1033 V MediaStore: Examining volume emulated;0 with name external_primary and state mounted
05-24 21:02:03.104 471 600 D StorageManagerService: Volume emulated;0 broadcasting mounted to UserHandle{0}
05-24 21:02:03.108 471 809 D CompatibilityChangeReporter: Compat change id reported: 168419799; UID 10018; state: DISABLED
05-24 21:02:03.119 471 471 W NotificationHistory: Attempted to add notif for locked/gone/disabled user 0
05-24 21:02:03.119 1033 1033 V MediaStore: Examining volume emulated;0 with name external_primary and state mounted
05-24 21:02:03.125 678 891 D LocalBluetoothProfileManager: Adding local HID_DEVICE profile
05-24 21:02:03.126 1221 1221 D music_MediaPlaybackSer: onCreate()
05-24 21:02:03.127 1221 1221 D music_MediaPlaybackSer: Create MusicProvider
05-24 21:02:03.138 678 891 D BluetoothHidDevice: Binding service...
05-24 21:02:03.146 395 395 E update_engine: [ERROR:update_attempter_android.cc(-1)] unknown(...): Domain=update_engine, Code=generic_error, Message=No ongoing update to cancel.
05-24 21:02:03.149 1221 1221 D music_MediaPlaybackSer: Create MediaSession
05-24 21:02:03.154 678 678 D SystemUIService: running: com.android.systemui.statusbar.tv.VpnStatusObserver@a4d7dba
05-24 21:02:03.154 1266 1266 D CompatibilityChangeReporter: Compat change id reported: 171979766; UID 10018; state: ENABLED
05-24 21:02:03.155 678 678 D SystemUIBootTiming: SystemUIService: bootcomplete com.android.systemui.statusbar.tv.VpnStatusObserver took 158 ms
05-24 21:02:03.155 678 678 D SystemUIService: loading: com.android.systemui.globalactions.GlobalActionsComponent
05-24 21:02:03.157 395 395 E update_engine: [ERROR:update_attempter_android.cc(90)] Replying with failure: pc:0x854cac9: No ongoing update to cancel.
05-24 21:02:03.166 678 974 D BluetoothHeadset: Proxy object connected
05-24 21:02:03.167 1086 1286 D getEthernetMacAddr: getEthernetMacAddr use eth0
05-24 21:02:03.169 1043 1043 E ccc : cccccc 故意做的cancel 捕获 No ongoing update to cancel.
05-24 21:02:03.170 1043 1043 W System.err: android.os.ServiceSpecificException: No ongoing update to cancel. (code 1)
05-24 21:02:03.172 1043 1043 W System.err: at android.os.Parcel.createExceptionOrNull(Parcel.java:2439)
05-24 21:02:03.172 1043 1043 W System.err: at android.os.Parcel.createException(Parcel.java:2409)
05-24 21:02:03.172 1043 1043 W System.err: at android.os.Parcel.readException(Parcel.java:2392)
05-24 21:02:03.172 1043 1043 W System.err: at android.os.Parcel.readException(Parcel.java:2334)
05-24 21:02:03.172 1043 1043 W System.err: at android.os.IUpdateEngine$Stub$Proxy.cancel(IUpdateEngine.java:480)
05-24 21:02:03.172 1043 1043 W System.err: at android.os.UpdateEngine.cancel(UpdateEngine.java:381)
05-24 21:02:03.172 1043 1043 W System.err: at com.oranth.otalibrary.OTAManager.cancel(OTAManager.java:54)
05-24 21:02:03.172 1043 1043 W System.err: at com.dangbei.etna.update.ota.OtaUpdateHelper.cancelInstalling(OtaUpdateHelper.kt:134)
05-24 21:02:03.172 1043 1043 W System.err: at com.dangbei.etna.update.ota.OtaUpdateHelper.init(OtaUpdateHelper.kt:72)
05-24 21:02:03.172 1043 1043 W System.err: at com.dangbei.etna.update.UpdateHelper.init(UpdateHelper.kt:60)
05-24 21:02:03.172 1043 1043 W System.err: at com.dangbei.lerad.etna.haqu.EtnaApplication.init(EtnaApplication.kt:97)
05-24 21:02:03.172 1043 1043 W System.err: at com.dangbei.lerad.etna.haqu.EtnaApplication.onCreate(EtnaApplication.kt:59)
05-24 21:02:03.172 1043 1043 W System.err: at android.app.Instrumentation.callApplicationOnCreate(Instrumentation.java:1211)
05-24 21:02:03.172 1043 1043 W System.err: at android.app.ActivityThread.handleBindApplication(ActivityThread.java:6740)
05-24 21:02:03.172 1043 1043 W System.err: at android.app.ActivityThread.access$1500(ActivityThread.java:247)
05-24 21:02:03.172 1043 1043 W System.err: at android.app.ActivityThread$H.handleMessage(ActivityThread.java:2053)
05-24 21:02:03.172 1043 1043 W System.err: at android.os.Handler.dispatchMessage(Handler.java:106)
05-24 21:02:03.172 1043 1043 W System.err: at android.os.Looper.loopOnce(Looper.java:201)
05-24 21:02:03.172 1043 1043 W System.err: at android.os.Looper.loop(Looper.java:288)
05-24 21:02:03.172 1043 1043 W System.err: at android.app.ActivityThread.main(ActivityThread.java:7854)
05-24 21:02:03.172 1043 1043 W System.err: at java.lang.reflect.Method.invoke(Native Method)
05-24 21:02:03.172 1043 1043 W System.err: at com.android.internal.os.RuntimeInit$MethodAndArgsCaller.run(RuntimeInit.java:548)
05-24 21:02:03.172 1043 1043 W System.err: at com.android.internal.os.ZygoteInit.main(ZygoteInit.java:1182)
05-24 21:02:03.173 395 395 I update_engine: [INFO:update_attempter_android.cc(365)] Attempting to reset state from UPDATE_STATUS_IDLE to UpdateStatus::IDLE
05-24 21:02:03.175 665 665 V MediaPlayerList: onActiveSessionsChanged: number of controllers: 0
05-24 21:02:03.176 395 395 I update_engine: [INFO:update_attempter_android.cc(369)] Cleaning up reserved space for compressed APEX (if any)
05-24 21:02:03.179 395 395 I update_engine: [INFO:dynamic_partition_control_android.cc(1284)] ResetUpdate resetting update state and deleting snapshots.
05-24 21:02:03.187 395 395 I update_engine: [INFO:delta_performer.cc(1389)] Resetting recorded hash for prepared partitions.
05-24 21:02:03.190 678 678 D SystemUIService: running: com.android.systemui.globalactions.GlobalActionsComponent@efa8bc8
05-24 21:02:03.193 1043 1043 E ccc : cccccc 只是做下reset 哈
05-24 21:02:03.198 1043 1043 I MMKV : loading [mmkv.default] with 578 actual size, file size 4096, InterProcess 0, meta info version:3
05-24 21:02:03.198 1043 1043 I MMKV : loading [mmkv.default] with crc 3841027685 sequence 13 version 3
05-24 21:02:03.198 1043 1043 I MMKV : loaded [mmkv.default] with 10 key-values
05-24 21:02:03.200 1086 1086 D OsInitLaunch: send cache: homeCreate, null, null, null
05-24 21:02:03.212 1086 1199 I WebViewFactory: Loading com.android.webview version 91.0.4472.114 (code 447211450)
05-24 21:02:03.214 678 891 D LocalBluetoothProfileManager: Adding local PAN profile
05-24 21:02:03.220 678 891 D BluetoothPan: Binding service...
05-24 21:02:03.229 1221 1221 D CompatibilityChangeReporter: Compat change id reported: 160794467; UID 10034; state: DISABLED
05-24 21:02:03.232 678 891 D LocalBluetoothProfileManager: Adding local PBAP profile
05-24 21:02:03.237 678 678 D SystemUIBootTiming: SystemUIService: bootcomplete com.android.systemui.globalactions.GlobalActionsComponent took 80 ms
05-24 21:02:03.237 678 678 D SystemUIService: loading: com.android.systemui.usb.StorageNotification
05-24 21:02:03.240 678 678 D SystemUIService: running: com.android.systemui.usb.StorageNotification@1320a12
05-24 21:02:03.241 1221 1221 D music_MediaPlaybackSer: updatePlaybackState, playback state=0
05-24 21:02:03.242 1043 1043 E ccc : cccccc updateHelper 通知更新
05-24 21:02:03.243 1043 1043 E ccc : cccccc updateHelper 通知更新
05-24 21:02:03.246 1043 1043 E ccc : cccccc updateHelper 通知更新
05-24 21:02:03.249 678 678 D StorageNotification: Notifying about private volume: VolumeInfo{private}:
05-24 21:02:03.249 678 678 D StorageNotification: type=PRIVATE diskId=null partGuid=null mountFlags=0 mountUserId=-10000
05-24 21:02:03.249 678 678 D StorageNotification: state=MOUNTED
05-24 21:02:03.249 678 678 D StorageNotification: fsType=null fsUuid=null fsLabel=null
05-24 21:02:03.249 678 678 D StorageNotification: path=/data internalPath=null
05-24 21:02:03.252 678 678 D SystemUIBootTiming: SystemUIService: bootcomplete com.android.systemui.usb.StorageNotification took 15 ms
05-24 21:02:03.252 678 678 D SystemUIService: loading: com.android.systemui.power.PowerUI
05-24 21:02:03.253 678 678 D SystemUIService: running: com.android.systemui.power.PowerUI@9947e99
05-24 21:02:03.267 1043 1043 E ccc : cccccc etna-service onCreate
05-24 21:02:03.268 1221 1221 D music_MusicApp: add mount callback: com.android.music.MediaPlaybackService@44bcaa5
05-24 21:02:03.268 1043 1043 W ContextImpl: Calling a method in the system process without a qualified user: android.app.ContextImpl.sendBroadcast:1173 android.content.ContextWrapper.sendBroadcast:479 com.dangbei.lerad.etna.core.EtnaManager.sendRebootBroadcast:82 com.dangbei.lerad.etna.core.EtnaService.onStartCommand:89 android.app.ActivityThread.handleServiceArgs:4639
05-24 21:02:03.269 1220 1220 V GraphicsEnvironment: ANGLE Developer option for 'com.android.providers.contacts' set to: 'default'
05-24 21:02:03.270 1220 1220 V GraphicsEnvironment: Neither updatable production driver nor prerelease driver is supported.
05-24 21:02:03.274 1220 1220 D NetworkSecurityConfig: No Network Security Config specified, using platform default
05-24 21:02:03.274 1220 1220 D NetworkSecurityConfig: No Network Security Config specified, using platform default
05-24 21:02:03.279 471 496 E ActivityManager: Sending non-protected broadcast lerad.service.etna.haqu from system 1043:com.dangbei.lerad.etna.haqu/1000 pkg com.dangbei.lerad.etna.haqu
05-24 21:02:03.279 471 496 E ActivityManager: java.lang.Throwable
05-24 21:02:03.279 471 496 E ActivityManager: at com.android.server.am.ActivityManagerService.checkBroadcastFromSystem(ActivityManagerService.java:12816)
05-24 21:02:03.279 471 496 E ActivityManager: at com.android.server.am.ActivityManagerService.broadcastIntentLocked(ActivityManagerService.java:13416)
05-24 21:02:03.279 471 496 E ActivityManager: at com.android.server.am.ActivityManagerService.broadcastIntentLocked(ActivityManagerService.java:12833)
05-24 21:02:03.279 471 496 E ActivityManager: at com.android.server.am.ActivityManagerService.broadcastIntentWithFeature(ActivityManagerService.java:13670)
05-24 21:02:03.279 471 496 E ActivityManager: at android.app.IActivityManager$Stub.onTransact(IActivityManager.java:2326)
05-24 21:02:03.279 471 496 E ActivityManager: at com.android.server.am.ActivityManagerService.onTransact(ActivityManagerService.java:2509)
05-24 21:02:03.279 471 496 E ActivityManager: at android.os.Binder.execTransactInternal(Binder.java:1179)
05-24 21:02:03.279 471 496 E ActivityManager: at android.os.Binder.execTransact(Binder.java:1143)
05-24 21:02:03.287 1221 1221 D music_MusicApp: received action: android.intent.action.MEDIA_MOUNTED
05-24 21:02:03.288 1221 1221 D music_MediaPlaybackSer: mount changed: isMounted: true, stop playing ...
05-24 21:02:03.289 1221 1221 D music_MediaPlaybackSer: OnGetRoot: clientPackageName=com.android.bluetooth; clientUid=1002 ; rootHints=null
05-24 21:02:03.291 665 665 I AvrcpBrowsedPlayerWrapper: onConnected: com.android.music is connected
05-24 21:02:03.291 665 665 D AvrcpBrowsablePlayerConnector: Browse player callback called: package=com.android.music : status=0
05-24 21:02:03.291 665 665 D AvrcpBrowsablePlayerConnector: Received a message: msg.what=1
05-24 21:02:03.297 471 539 I DropBoxManagerService: add tag=system_server_wtf isTagEnabled=true flags=0x2
05-24 21:02:03.301 471 496 E ActivityManager: Sending non-protected broadcast lerad.service.etna.haqu from system 1043:com.dangbei.lerad.etna.haqu/1000 pkg com.dangbei.lerad.etna.haqu
05-24 21:02:03.301 471 496 E ActivityManager: java.lang.Throwable
05-24 21:02:03.301 471 496 E ActivityManager: at com.android.server.am.ActivityManagerService.checkBroadcastFromSystem(ActivityManagerService.java:12816)
05-24 21:02:03.301 471 496 E ActivityManager: at com.android.server.am.ActivityManagerService.broadcastIntentLocked(ActivityManagerService.java:13513)
05-24 21:02:03.301 471 496 E ActivityManager: at com.android.server.am.ActivityManagerService.broadcastIntentLocked(ActivityManagerService.java:12833)
05-24 21:02:03.301 471 496 E ActivityManager: at com.android.server.am.ActivityManagerService.broadcastIntentWithFeature(ActivityManagerService.java:13670)
05-24 21:02:03.301 471 496 E ActivityManager: at android.app.IActivityManager$Stub.onTransact(IActivityManager.java:2326)
05-24 21:02:03.301 471 496 E ActivityManager: at com.android.server.am.ActivityManagerService.onTransact(ActivityManagerService.java:2509)
05-24 21:02:03.301 471 496 E ActivityManager: at android.os.Binder.execTransactInternal(Binder.java:1179)
05-24 21:02:03.301 471 496 E ActivityManager: at android.os.Binder.execTransact(Binder.java:1143)
05-24 21:02:03.307 665 665 I AvrcpBrowsablePlayerConnector: Checking root contents for com.android.music
05-24 21:02:03.314 1043 1043 E ccc : cccccc etna-service onStartCommand
05-24 21:02:03.319 1221 1221 D music_MediaPlaybackSer: onDestroy
05-24 21:02:03.319 1086 1086 E hq : LauncherCallback:::onViewCreate
05-24 21:02:03.319 1086 1086 E hq : LauncherCallback:::onAttach
05-24 21:02:03.319 1221 1221 D music_MusicApp: remove mount callback: com.android.music.MediaPlaybackService@44bcaa5
05-24 21:02:03.319 1221 1221 D music_MediaPlaybackSer: handleStopRequest: mState=0 error=destroy
05-24 21:02:03.319 1221 1221 D music_MediaPlaybackSer: updatePlaybackState, playback state=1
05-24 21:02:03.321 1221 1221 D Playback: giveUpAudioFocus
05-24 21:02:03.321 1221 1221 D Playback: relaxResources. releaseMediaPlayer=true
05-24 21:02:03.324 1221 1221 D music_MediaPlaybackSer: updatePlaybackState, playback state=1
05-24 21:02:03.339 1086 1199 D nativeloader: classloader namespace configured for unbundled product apk. library_path=/product/app/webview/lib/arm:/product/app/webview/webview.apk!/lib/armeabi-v7a:/product/lib:/system/product/lib
05-24 21:02:03.313 1033 1267 V MediaProvider: onConfigure() for internal.db
05-24 21:02:03.349 1221 1221 D music_MediaPlaybackSer: onCreate()
05-24 21:02:03.349 1221 1221 D music_MediaPlaybackSer: Create MusicProvider
05-24 21:02:03.349 1221 1221 D music_MediaPlaybackSer: Create MediaSession
05-24 21:02:03.352 665 665 V MediaPlayerList: onActiveSessionsChanged: number of controllers: 0
05-24 21:02:03.353 471 520 W IorapForwardingService: No service published for: iorapd
05-24 21:02:03.360 665 665 V MediaPlayerList: onActiveSessionsChanged: number of controllers: 0
05-24 21:02:03.363 678 678 D SystemUIBootTiming: SystemUIService: bootcomplete com.android.systemui.power.PowerUI took 111 ms
05-24 21:02:03.364 471 539 I DropBoxManagerService: add tag=system_server_wtf isTagEnabled=true flags=0x2
05-24 21:02:03.365 1221 1221 D music_MediaPlaybackSer: updatePlaybackState, playback state=0
05-24 21:02:03.367 678 678 D SystemUIService: loading: com.android.systemui.media.RingtonePlayer
05-24 21:02:03.368 1043 1043 E CoreService: onStartCommand
05-24 21:02:03.374 1043 1043 E ccc : cccccc etnaService addListener com.dangbei.lerad.etna.lib.client.EtnaServerListener@f7ed7f4 com.dangbei.etna.setting
05-24 21:02:03.374 1043 1043 E ccc : cccccc SettingHelper onServerConnected
05-24 21:02:03.375 678 678 D SystemUIService: running: com.android.systemui.media.RingtonePlayer@ab32d10
05-24 21:02:03.377 678 678 D SystemUIBootTiming: SystemUIService: bootcomplete com.android.systemui.media.RingtonePlayer took 10 ms
05-24 21:02:03.378 678 678 D SystemUIService: loading: com.android.systemui.keyboard.KeyboardUI
05-24 21:02:03.378 678 678 D SystemUIService: running: com.android.systemui.keyboard.KeyboardUI@495320e
05-24 21:02:03.380 678 678 D SystemUIBootTiming: SystemUIService: bootcomplete com.android.systemui.keyboard.KeyboardUI took 1 ms
05-24 21:02:03.380 678 678 D SystemUIService: loading: com.android.systemui.shortcut.ShortcutKeyDispatcher
05-24 21:02:03.380 678 678 D SystemUIService: running: com.android.systemui.shortcut.ShortcutKeyDispatcher@d9ac42f
05-24 21:02:03.381 1043 1261 W ContextImpl: Calling a method in the system process without a qualified user: android.app.ContextImpl.bindService:1895 android.content.ContextWrapper.bindService:810 com.dangbei.lerad.etna.lib.client.EtnaClient.bindServer:138 com.dangbei.lerad.etna.lib.client.EtnaClient.access$600:29 com.dangbei.lerad.etna.lib.client.EtnaClient$3.call:205
05-24 21:02:03.382 1043 1043 E ccc : cccccc etnaService addListener com.dangbei.lerad.etna.lib.client.EtnaServerListener@46e0763 com.dangbei.etna.update
05-24 21:02:03.382 1043 1043 E ccc : cccccc UpdateHelper onServerConnected
05-24 21:02:03.383 1043 1305 W ContextImpl: Calling a method in the system process without a qualified user: android.app.ContextImpl.bindService:1895 android.content.ContextWrapper.bindService:810 com.dangbei.lerad.etna.lib.client.EtnaClient.bindServer:138 com.dangbei.lerad.etna.lib.client.EtnaClient.access$600:29 com.dangbei.lerad.etna.lib.client.EtnaClient$3.call:205
05-24 21:02:03.386 1086 1086 E hq : LauncherCallback:::inspect
05-24 21:02:03.387 1086 1086 E hq : AdHelper:::后台配置是否展现广告: true
05-24 21:02:03.388 1043 1043 E ccc : cccccc etnaService addListener com.dangbei.lerad.etna.lib.client.EtnaServerListener@46e0763 com.dangbei.etna.update
05-24 21:02:03.388 1043 1043 E ccc : cccccc UpdateHelper onServerConnected
05-24 21:02:03.389 1043 1216 W ContextImpl: Calling a method in the system process without a qualified user: android.app.ContextImpl.bindService:1895 android.content.ContextWrapper.bindService:810 com.dangbei.lerad.etna.lib.client.EtnaClient.bindServer:138 com.dangbei.lerad.etna.lib.client.EtnaClient.access$600:29 com.dangbei.lerad.etna.lib.client.EtnaClient$3.call:205
05-24 21:02:03.391 678 678 D SystemUIBootTiming: SystemUIService: bootcomplete com.android.systemui.shortcut.ShortcutKeyDispatcher took 10 ms
05-24 21:02:03.391 678 678 D SystemUIService: loading: com.android.systemui.VendorServices
05-24 21:02:03.396 1086 1086 D OsInitLaunch: send cache: launchHome, launchMainActivity, null, 1
05-24 21:02:03.400 678 678 D SystemUIService: running: com.android.systemui.VendorServices@618d3c5
05-24 21:02:03.400 678 678 D SystemUIBootTiming: SystemUIService: bootcomplete com.android.systemui.VendorServices took 9 ms
05-24 21:02:03.400 678 678 D SystemUIService: loading: com.android.systemui.SliceBroadcastRelayHandler
05-24 21:02:03.401 678 678 D SystemUIService: running: com.android.systemui.SliceBroadcastRelayHandler@876611a
05-24 21:02:03.401 678 678 D SystemUIBootTiming: SystemUIService: bootcomplete com.android.systemui.SliceBroadcastRelayHandler took 1 ms
05-24 21:02:03.402 678 678 D SystemUIService: loading: com.android.systemui.statusbar.notification.InstantAppNotifier
05-24 21:02:03.403 1266 1266 V GraphicsEnvironment: ANGLE Developer option for 'com.android.mtp' set to: 'default'
05-24 21:02:03.403 1221 1221 D music_MusicApp: add mount callback: com.android.music.MediaPlaybackService@bfc9a88
05-24 21:02:03.403 1266 1266 V GraphicsEnvironment: Neither updatable production driver nor prerelease driver is supported.
05-24 21:02:03.404 1043 1043 E ccc : cccccc etnaService addListener com.dangbei.lerad.etna.lib.client.EtnaServerListener@f7ed7f4 com.dangbei.etna.setting
05-24 21:02:03.404 1043 1043 E ccc : cccccc SettingHelper onServerConnected
05-24 21:02:03.404 1043 1043 E ccc : cccccc etnaService addListener com.dangbei.lerad.etna.lib.client.EtnaServerListener@19314de com.dangbei.lerad.etna.haqu.andes
05-24 21:02:03.407 678 678 D SystemUIService: running: com.android.systemui.statusbar.notification.InstantAppNotifier@19744b
05-24 21:02:03.408 1266 1266 D NetworkSecurityConfig: No Network Security Config specified, using platform default
05-24 21:02:03.409 1266 1266 D NetworkSecurityConfig: No Network Security Config specified, using platform default
05-24 21:02:03.414 1043 1253 E ccc : cccccc sendCycleCheckBootGuideStatusMessage
05-24 21:02:03.414 678 678 D SystemUIBootTiming: SystemUIService: bootcomplete com.android.systemui.statusbar.notification.InstantAppNotifier took 13 ms
05-24 21:02:03.414 678 678 D SystemUIService: loading: com.android.systemui.toast.ToastUI
05-24 21:02:03.417 1043 1253 W ContextImpl: Calling a method in the system process without a qualified user: android.app.ContextImpl.startService:1816 android.content.ContextWrapper.startService:774 com.dangbei.etna.setting.core.SettingHelper.startRocky:254 com.dangbei.etna.setting.core.SettingHelper.sendCycleCheckBootGuideStatusMessage:200 com.dangbei.etna.setting.core.SettingHelper.startLoop:189
05-24 21:02:03.426 1043 1251 E ccc : cccccc sendCycleCheckBootGuideStatusMessage
05-24 21:02:03.428 1043 1251 W ContextImpl: Calling a method in the system process without a qualified user: android.app.ContextImpl.startService:1816 android.content.ContextWrapper.startService:774 com.dangbei.etna.setting.core.SettingHelper.startRocky:254 com.dangbei.etna.setting.core.SettingHelper.sendCycleCheckBootGuideStatusMessage:200 com.dangbei.etna.setting.core.SettingHelper.startLoop:189
05-24 21:02:03.430 678 678 D SystemUIService: running: com.android.systemui.toast.ToastUI@c890a27
05-24 21:02:03.431 678 678 D SystemUIBootTiming: SystemUIService: bootcomplete com.android.systemui.toast.ToastUI took 16 ms
05-24 21:02:03.431 678 678 D SystemUIService: loading: com.android.systemui.wmshell.WMShell
05-24 21:02:03.432 471 809 I ActivityManager: com.dangbei.lerad.rocky is exempt from freezer
05-24 21:02:03.433 471 809 D CompatibilityChangeReporter: Compat change id reported: 135634846; UID 1000; state: DISABLED
05-24 21:02:03.434 471 617 D NsdService: New client listening to asynchronous messages
05-24 21:02:03.434 678 678 D SystemUIService: running: com.android.systemui.wmshell.WMShell@89b64d4
05-24 21:02:03.434 471 617 D NsdService: New client, channel: com.android.internal.util.AsyncChannel@5eace82 messenger: android.os.Messenger@a71b993
05-24 21:02:03.437 1221 1221 D music_MediaPlaybackSer: OnGetRoot: clientPackageName=com.android.bluetooth; clientUid=1002 ; rootHints=null
05-24 21:02:03.438 1043 1251 E ccc : cccccc sendCycleCheckBroadcast
05-24 21:02:03.438 1043 1251 W ContextImpl: Calling a method in the system process without a qualified user: android.app.ContextImpl.sendBroadcast:1173 android.content.ContextWrapper.sendBroadcast:479 com.dangbei.etna.setting.core.SettingHelper.sendCycleToProjector:244 com.dangbei.etna.setting.core.SettingHelper.sendCycleCheckBroadcast:213 com.dangbei.etna.setting.core.SettingHelper.sendCycleCheckBootGuideStatusMessage:201
05-24 21:02:03.440 665 665 I AvrcpBrowsedPlayerWrapper: onConnected: com.android.music is connected
05-24 21:02:03.440 665 665 I AvrcpBrowsedPlayerWrapper: getFolderItems: Connected to browsable player: com.android.music
05-24 21:02:03.441 1043 1253 E ccc : cccccc sendCycleCheckBroadcast
05-24 21:02:03.442 1043 1253 W ContextImpl: Calling a method in the system process without a qualified user: android.app.ContextImpl.sendBroadcast:1173 android.content.ContextWrapper.sendBroadcast:479 com.dangbei.etna.setting.core.SettingHelper.sendCycleToProjector:244 com.dangbei.etna.setting.core.SettingHelper.sendCycleCheckBroadcast:213 com.dangbei.etna.setting.core.SettingHelper.sendCycleCheckBootGuideStatusMessage:201
05-24 21:02:03.442 1221 1221 D music_MediaPlaybackSer: OnLoadChildren: parentMediaId=__ROOT__
05-24 21:02:03.443 1221 1221 D MusicProvider: retrieveMediaAsync called
05-24 21:02:03.449 1043 1251 W ContextImpl: Calling a method in the system process without a qualified user: android.app.ContextImpl.sendBroadcast:1173 android.content.ContextWrapper.sendBroadcast:479 com.dangbei.etna.setting.core.SettingHelper.sendCycleToVoice:229 com.dangbei.etna.setting.core.SettingHelper.sendCycleCheckBroadcast:214 com.dangbei.etna.setting.core.SettingHelper.sendCycleCheckBootGuideStatusMessage:201
05-24 21:02:03.452 1043 1043 D CompatibilityChangeReporter: Compat change id reported: 191844585; UID 1000; state: DISABLED
05-24 21:02:03.453 1043 1253 W ContextImpl: Calling a method in the system process without a qualified user: android.app.ContextImpl.sendBroadcast:1173 android.content.ContextWrapper.sendBroadcast:479 com.dangbei.etna.setting.core.SettingHelper.sendCycleToVoice:229 com.dangbei.etna.setting.core.SettingHelper.sendCycleCheckBroadcast:214 com.dangbei.etna.setting.core.SettingHelper.sendCycleCheckBootGuideStatusMessage:201
05-24 21:02:03.455 471 807 E ActivityManager: Sending non-protected broadcast com.dangbei.etna.setting.action_cycle_check_broadcast from system 1043:com.dangbei.lerad.etna.haqu/1000 pkg com.dangbei.lerad.etna.haqu
05-24 21:02:03.455 471 807 E ActivityManager: java.lang.Throwable
05-24 21:02:03.455 471 807 E ActivityManager: at com.android.server.am.ActivityManagerService.checkBroadcastFromSystem(ActivityManagerService.java:12816)
05-24 21:02:03.455 471 807 E ActivityManager: at com.android.server.am.ActivityManagerService.broadcastIntentLocked(ActivityManagerService.java:13513)
05-24 21:02:03.455 471 807 E ActivityManager: at com.android.server.am.ActivityManagerService.broadcastIntentLocked(ActivityManagerService.java:12833)
05-24 21:02:03.455 471 807 E ActivityManager: at com.android.server.am.ActivityManagerService.broadcastIntentWithFeature(ActivityManagerService.java:13670)
05-24 21:02:03.455 471 807 E ActivityManager: at android.app.IActivityManager$Stub.onTransact(IActivityManager.java:2326)
05-24 21:02:03.455 471 807 E ActivityManager: at com.android.server.am.ActivityManagerService.onTransact(ActivityManagerService.java:2509)
05-24 21:02:03.455 471 807 E ActivityManager: at android.os.Binder.execTransactInternal(Binder.java:1179)
05-24 21:02:03.455 471 807 E ActivityManager: at android.os.Binder.execTransact(Binder.java:1143)
05-24 21:02:03.460 471 539 I DropBoxManagerService: add tag=system_server_wtf isTagEnabled=true flags=0x2
05-24 21:02:03.461 471 809 E ActivityManager: Sending non-protected broadcast com.dangbei.etna.setting.action_cycle_check_broadcast from system 1043:com.dangbei.lerad.etna.haqu/1000 pkg com.dangbei.lerad.etna.haqu
05-24 21:02:03.461 471 809 E ActivityManager: java.lang.Throwable
05-24 21:02:03.461 471 809 E ActivityManager: at com.android.server.am.ActivityManagerService.checkBroadcastFromSystem(ActivityManagerService.java:12816)
05-24 21:02:03.461 471 809 E ActivityManager: at com.android.server.am.ActivityManagerService.broadcastIntentLocked(ActivityManagerService.java:13513)
05-24 21:02:03.461 471 809 E ActivityManager: at com.android.server.am.ActivityManagerService.broadcastIntentLocked(ActivityManagerService.java:12833)
05-24 21:02:03.461 471 809 E ActivityManager: at com.android.server.am.ActivityManagerService.broadcastIntentWithFeature(ActivityManagerService.java:13670)
05-24 21:02:03.461 471 809 E ActivityManager: at android.app.IActivityManager$Stub.onTransact(IActivityManager.java:2326)
05-24 21:02:03.461 471 809 E ActivityManager: at com.android.server.am.ActivityManagerService.onTransact(ActivityManagerService.java:2509)
05-24 21:02:03.461 471 809 E ActivityManager: at android.os.Binder.execTransactInternal(Binder.java:1179)
05-24 21:02:03.461 471 809 E ActivityManager: at android.os.Binder.execTransact(Binder.java:1143)
05-24 21:02:03.463 471 521 D ColorDisplayService: NightDisplayTintController Animation cancelled: false to matrix:
05-24 21:02:03.463 471 521 D ColorDisplayService: 1.000000 0.000000 0.000000 0.000000 0.000000 1.000000 0.000000 0.000000 0.000000 0.000000 1.000000 0.000000 0.000000 0.000000 0.000000 1.000000 min matrix coefficients:
05-24 21:02:03.463 471 521 D ColorDisplayService: 1.000000 0.000000 0.000000 0.000000 0.000000 1.000000 0.000000 0.000000 0.000000 0.000000 1.000000 0.000000 0.000000 0.000000 0.000000 1.000000 max matrix coefficients:
05-24 21:02:03.463 471 521 D ColorDisplayService: 1.000000 0.000000 0.000000 0.000000 0.000000 1.000000 0.000000 0.000000 0.000000 0.000000 1.000000 0.000000 0.000000 0.000000 0.000000 1.000000
05-24 21:02:03.467 471 617 D NsdService: mdnssd [start-service]
05-24 21:02:03.470 471 617 E NsdService: Failed to execute mdnssd [start-service]
05-24 21:02:03.470 471 617 E NsdService: com.android.server.NativeDaemonConnector$NativeDaemonFailureException: command '1 mdnssd start-service' failed with '402 1 Service already running'
05-24 21:02:03.470 471 617 E NsdService: at com.android.server.NativeDaemonConnector.executeForList(NativeDaemonConnector.java:516)
05-24 21:02:03.470 471 617 E NsdService: at com.android.server.NativeDaemonConnector.execute(NativeDaemonConnector.java:412)
05-24 21:02:03.470 471 617 E NsdService: at com.android.server.NativeDaemonConnector.execute(NativeDaemonConnector.java:407)
05-24 21:02:03.470 471 617 E NsdService: at com.android.server.NsdService$DaemonConnection.execute(NsdService.java:743)
05-24 21:02:03.470 471 617 E NsdService: at com.android.server.NsdService$DaemonConnection.maybeStart(NsdService.java:758)
05-24 21:02:03.470 471 617 E NsdService: at com.android.server.NsdService$NsdStateMachine.maybeStartDaemon(NsdService.java:100)
05-24 21:02:03.470 471 617 E NsdService: at com.android.server.NsdService$NsdStateMachine.access$1600(NsdService.java:88)
05-24 21:02:03.470 471 617 E NsdService: at com.android.server.NsdService$NsdStateMachine$DefaultState.processMessage(NsdService.java:223)
05-24 21:02:03.470 471 617 E NsdService: at com.android.internal.util.StateMachine$SmHandler.processMsg(StateMachine.java:993)
05-24 21:02:03.470 471 617 E NsdService: at com.android.internal.util.StateMachine$SmHandler.handleMessage(StateMachine.java:810)
05-24 21:02:03.470 471 617 E NsdService: at android.os.Handler.dispatchMessage(Handler.java:106)
05-24 21:02:03.470 471 617 E NsdService: at android.os.Looper.loopOnce(Looper.java:201)
05-24 21:02:03.470 471 617 E NsdService: at android.os.Looper.loop(Looper.java:288)
05-24 21:02:03.470 471 617 E NsdService: at android.os.HandlerThread.run(HandlerThread.java:67)
05-24 21:02:03.482 247 247 D Zygote : Forked child process 1319
05-24 21:02:03.488 471 540 W ActivityManager: Slow operation: 57ms so far, now at startProcess: returned from zygote!
05-24 21:02:03.493 1319 1319 I Zygote : seccomp disabled by setenforce 0
05-24 21:02:03.497 1043 1043 D WanCommander: handleConnection:
05-24 21:02:03.505 471 540 W ActivityManager: Slow operation: 74ms so far, now at startProcess: done updating battery stats
05-24 21:02:03.505 471 540 W ActivityManager: Slow operation: 74ms so far, now at startProcess: building log message
05-24 21:02:03.505 471 540 I ActivityManager: app.processName = com.dangbei.lerad.rocky
05-24 21:02:03.505 471 540 I ActivityManager: Start proc 1319:com.dangbei.lerad.rocky/1000 for service {com.dangbei.lerad.rocky/com.dangbei.rocky.RockyService}
05-24 21:02:03.505 471 540 W ActivityManager: Slow operation: 74ms so far, now at startProcess: starting to update pids map
05-24 21:02:03.511 471 540 W ActivityManager: Slow operation: 80ms so far, now at startProcess: done updating pids map
05-24 21:02:03.515 1043 1043 E EtnaListener: onServerConnected
05-24 21:02:03.518 1033 1267 V MediaProvider: onOpen() for internal.db
05-24 21:02:03.519 1033 1267 V MediaProvider: onOpen() finished for internal.db
05-24 21:02:03.529 1086 1312 I MobclickAgent: module init:azio
05-24 21:02:03.536 1086 1086 E getHdmiStatus: sourceInputStatus=null mEtnaAdapter=null
05-24 21:02:03.539 401 416 I adbd : jdwp connection from 1319
05-24 21:02:03.550 678 678 D SystemUIBootTiming: SystemUIService: bootcomplete com.android.systemui.wmshell.WMShell took 119 ms
05-24 21:02:03.551 678 678 D SystemUIService: loading: com.android.systemui.media.systemsounds.HomeSoundEffectController
05-24 21:02:03.551 678 678 D SystemUIService: running: com.android.systemui.media.systemsounds.HomeSoundEffectController@cfe7a6c
05-24 21:02:03.552 678 678 D SystemUIBootTiming: SystemUIService: bootcomplete com.android.systemui.media.systemsounds.HomeSoundEffectController took 1 ms
05-24 21:02:03.565 471 807 D CompatibilityChangeReporter: Compat change id reported: 168419799; UID 1000; state: DISABLED
05-24 21:02:03.569 471 497 D CompatibilityChangeReporter: Compat change id reported: 182734110; UID 10074; state: DISABLED
05-24 21:02:03.571 678 678 I ManagerService: --------------------- system activated! ---------------
05-24 21:02:03.571 678 678 D SystemUIBootTiming: SystemUIService: bootcomplete com.android.systemui.oranth.ManagerService took 19 ms
05-24 21:02:03.581 1319 1319 D CompatibilityChangeReporter: Compat change id reported: 171979766; UID 1000; state: DISABLED
05-24 21:02:03.583 471 807 W OverlayManager: service 'idmap' died
05-24 21:02:03.593 471 497 D CompatibilityChangeReporter: Compat change id reported: 168419799; UID 1000; state: DISABLED
05-24 21:02:03.594 471 471 D NetworkSecurityConfig: No Network Security Config specified, using platform default
05-24 21:02:03.597 471 471 E BootReceiver: Could not open /sys/kernel/tracing/instances/bootreceiver/trace_pipe
05-24 21:02:03.597 471 471 E BootReceiver: android.system.ErrnoException: open failed: ENOENT (No such file or directory)
05-24 21:02:03.597 471 471 E BootReceiver: at libcore.io.Linux.open(Native Method)
05-24 21:02:03.597 471 471 E BootReceiver: at libcore.io.ForwardingOs.open(ForwardingOs.java:567)
05-24 21:02:03.597 471 471 E BootReceiver: at libcore.io.BlockGuardOs.open(BlockGuardOs.java:273)
05-24 21:02:03.597 471 471 E BootReceiver: at android.system.Os.open(Os.java:501)
05-24 21:02:03.597 471 471 E BootReceiver: at com.android.server.BootReceiver.onReceive(BootReceiver.java:167)
05-24 21:02:03.597 471 471 E BootReceiver: at android.app.ActivityThread.handleReceiver(ActivityThread.java:4308)
05-24 21:02:03.597 471 471 E BootReceiver: at android.app.ActivityThread.access$1600(ActivityThread.java:247)
05-24 21:02:03.597 471 471 E BootReceiver: at android.app.ActivityThread$H.handleMessage(ActivityThread.java:2064)
05-24 21:02:03.597 471 471 E BootReceiver: at android.os.Handler.dispatchMessage(Handler.java:106)
05-24 21:02:03.597 471 471 E BootReceiver: at android.os.Looper.loopOnce(Looper.java:201)
05-24 21:02:03.597 471 471 E BootReceiver: at android.os.Looper.loop(Looper.java:288)
05-24 21:02:03.597 471 471 E BootReceiver: at com.android.server.SystemServer.run(SystemServer.java:966)
05-24 21:02:03.597 471 471 E BootReceiver: at com.android.server.SystemServer.main(SystemServer.java:628)
05-24 21:02:03.597 471 471 E BootReceiver: at java.lang.reflect.Method.invoke(Native Method)
05-24 21:02:03.597 471 471 E BootReceiver: at com.android.internal.os.RuntimeInit$MethodAndArgsCaller.run(RuntimeInit.java:548)
05-24 21:02:03.597 471 471 E BootReceiver: at com.android.internal.os.ZygoteInit.main(ZygoteInit.java:1160)
05-24 21:02:03.600 1319 1319 D ApplicationLoaders: Returning zygote-cached class loader: /system/framework/android.test.base.jar
05-24 21:02:03.602 1319 1319 D ApplicationLoaders: Returning zygote-cached class loader: /system/framework/android.hidl.manager-V1.0-java.jar
05-24 21:02:03.603 1319 1319 D ApplicationLoaders: Returning zygote-cached class loader: /system/framework/android.hidl.base-V1.0-java.jar
05-24 21:02:03.606 822 822 W ContextImpl: Calling a method in the system process without a qualified user: android.app.ContextImpl.startService:1816 android.content.ContextWrapper.startService:774 android.content.ContextWrapper.startService:774 com.android.tv.settings.users.UserSwitchListenerService$BootReceiver.onReceive:50 android.app.ActivityThread.handleReceiver:4308
05-24 21:02:03.612 471 807 D CompatibilityChangeReporter: Compat change id reported: 149924527; UID 10034; state: ENABLED
05-24 21:02:03.619 471 471 V AudioDeviceManagerObserver: AudioDeviceManagerObserver init()
05-24 21:02:03.621 471 1343 I RecoverySystem: No recovery log file
05-24 21:02:03.623 471 471 D AudioDeviceManagerObserver: AudioDeviceManagerObserver: newCardId: /sys/class/sound/card0/id
05-24 21:02:03.625 471 471 D AudioDeviceManagerObserver: AudioDeviceManagerObserver: devName: pcmC0D0p
05-24 21:02:03.626 471 471 D AudioDeviceManagerObserver: ~~~~~~~~ AudioDeviceManagerObserver: findNameMap: id: audiocodec
05-24 21:02:03.626 471 471 D AudioDeviceManagerObserver: AudioDeviceManagerObserver: name_linux: audiocodec, name_android: AUDIO_CODEC
05-24 21:02:03.626 471 471 D AudioDeviceManagerObserver: AudioDeviceManagerObserver: newCardId: /sys/class/sound/card1/id
05-24 21:02:03.627 471 471 D AudioDeviceManagerObserver: AudioDeviceManagerObserver: devName: pcmC1D0c
05-24 21:02:03.627 471 471 D AudioDeviceManagerObserver: ~~~~~~~~ AudioDeviceManagerObserver: findNameMap: id: sndspdif
05-24 21:02:03.628 471 471 D AudioDeviceManagerObserver: AudioDeviceManagerObserver: devName: pcmC1D0p
05-24 21:02:03.628 471 471 D AudioDeviceManagerObserver: ~~~~~~~~ AudioDeviceManagerObserver: findNameMap: id: sndspdif
05-24 21:02:03.628 471 471 D AudioDeviceManagerObserver: AudioDeviceManagerObserver: name_linux: sndspdif, name_android: AUDIO_SPDIF
05-24 21:02:03.628 471 471 D AudioDeviceManagerObserver: AudioDeviceManagerObserver: newCardId: /sys/class/sound/card2/id
05-24 21:02:03.632 471 497 D CompatibilityChangeReporter: Compat change id reported: 132649864; UID 10034; state: DISABLED
05-24 21:02:03.633 471 471 D AudioDeviceManagerObserver: AudioDeviceManagerObserver: name_linux: ahubdam, name_android: AUDIO_SPDIF
05-24 21:02:03.634 471 471 D AudioDeviceManagerObserver: AudioDeviceManagerObserver: newCardId: /sys/class/sound/card3/id
05-24 21:02:03.636 471 471 D AudioDeviceManagerObserver: AudioDeviceManagerObserver: devName: pcmC3D0c
05-24 21:02:03.636 471 471 D AudioDeviceManagerObserver: ~~~~~~~~ AudioDeviceManagerObserver: findNameMap: id: ahubhdmi
05-24 21:02:03.637 471 471 D AudioDeviceManagerObserver: AudioDeviceManagerObserver: devName: pcmC3D0p
05-24 21:02:03.637 471 471 D AudioDeviceManagerObserver: ~~~~~~~~ AudioDeviceManagerObserver: findNameMap: id: ahubhdmi
05-24 21:02:03.637 471 471 D AudioDeviceManagerObserver: AudioDeviceManagerObserver: name_linux: ahubhdmi, name_android: AUDIO_USB_ahubhdmi
05-24 21:02:03.638 471 471 D AudioDeviceManagerObserver: AudioDeviceManagerObserver: newCardId: /sys/class/sound/card4/id
05-24 21:02:03.640 471 471 D AudioDeviceManagerObserver: AudioDeviceManagerObserver: devName: pcmC4D0c
05-24 21:02:03.640 471 471 D AudioDeviceManagerObserver: ~~~~~~~~ AudioDeviceManagerObserver: findNameMap: id: ahubi2s2
05-24 21:02:03.642 471 471 D AudioDeviceManagerObserver: AudioDeviceManagerObserver: devName: pcmC4D0p
05-24 21:02:03.642 471 471 D AudioDeviceManagerObserver: ~~~~~~~~ AudioDeviceManagerObserver: findNameMap: id: ahubi2s2
05-24 21:02:03.642 471 471 D AudioDeviceManagerObserver: AudioDeviceManagerObserver: name_linux: ahubi2s2, name_android: AUDIO_USB_ahubi2s2
05-24 21:02:03.646 471 471 D AudioDeviceManagerObserver: AudioDeviceManagerObserver: newCardId: /sys/class/sound/card5/id
05-24 21:02:03.650 471 1030 I ActivityManager: com.android.localtransport is exempt from freezer
05-24 21:02:03.651 471 1343 I DropBoxManagerService: add tag=SYSTEM_BOOT isTagEnabled=true flags=0x2
05-24 21:02:03.651 678 678 D BluetoothA2dp: Proxy object connected
05-24 21:02:03.651 471 471 V AudioDeviceManagerObserver: This kernel does not have sound card5
05-24 21:02:03.654 471 1030 D CompatibilityChangeReporter: Compat change id reported: 135634846; UID 1000; state: DISABLED
05-24 21:02:03.657 678 678 D BluetoothMap: Proxy object connected
05-24 21:02:03.658 678 678 D BluetoothMap: getConnectedDevices()
05-24 21:02:03.661 678 678 D BluetoothHidHost: Proxy object connected
05-24 21:02:03.662 471 471 D AudioManagerEx: AudioManagerEx
05-24 21:02:03.664 256 295 D audio_hw_primary: getAudioDevices()
05-24 21:02:03.665 256 295 D audio_hw_primary: out dev:AUDIO_CODEC
05-24 21:02:03.665 256 295 D audio_hw_primary: in dev:AUDIO_SPDIF
05-24 21:02:03.665 256 295 D audio_hw_primary: out dev:AUDIO_SPDIF
05-24 21:02:03.665 256 295 D audio_hw_primary: in dev:AUDIO_HDMI
05-24 21:02:03.665 256 295 D audio_hw_primary: out dev:AUDIO_HDMI
05-24 21:02:03.665 256 295 D audio_hw_primary: in dev:AUDIO_I2S2
05-24 21:02:03.665 256 295 D audio_hw_primary: out playback: AUDIO_CODEC,AUDIO_SPDIF,AUDIO_HDMI
05-24 21:02:03.665 678 678 D BluetoothHidDevice: Proxy object connected
05-24 21:02:03.666 256 295 D xm_audio: adev_get_parameters
05-24 21:02:03.666 285 285 I hash_map_utils: system/bt/osi/src/hash_map_utils.cc:81 hash_map_utils_dump_string_keys_string_values: key: 'audio_devices_out' value: ''
05-24 21:02:03.668 471 497 D CompatibilityChangeReporter: Compat change id reported: 182734110; UID 10034; state: DISABLED
05-24 21:02:03.669 678 678 D BluetoothPan: Proxy object connected
05-24 21:02:03.670 471 471 D AudioManagerEx: type audio_devices_out list AUDIO_CODEC,AUDIO_SPDIF,AUDIO_HDMI=
05-24 21:02:03.670 678 678 V TvNotificationHandler: Notification not added because it isn't relevant for tv
05-24 21:02:03.670 678 678 V TvNotificationHandler: Notification not added because it isn't relevant for tv
05-24 21:02:03.671 678 678 V TvNotificationHandler: Notification not added because it isn't relevant for tv
05-24 21:02:03.671 471 471 D AudioManagerPolicy: get AUDIO_MANAGE_POLICY is 2
05-24 21:02:03.676 471 471 E AudioDeviceManagerObserver: Could not parse switch state for /sys/devices/virtual/switch/h2w/state ,fail because /sys/devices/virtual/switch/h2w/state: open failed: ENOENT (No such file or directory)
05-24 21:02:03.678 471 471 D AudioManagerPolicy: no usb audio i=3 size=3
05-24 21:02:03.681 471 471 D AudioManagerPolicy: curType4 isHdmiPlugin =true
05-24 21:02:03.682 471 471 D AudioManagerPolicy: hdmi is available on init.
05-24 21:02:03.683 471 471 D AudioManagerPolicy: notifyHdmiAvailable hdmi is available
05-24 21:02:03.686 247 247 D Zygote : Forked child process 1346
05-24 21:02:03.688 471 540 I ActivityManager: app.processName = com.android.localtransport
05-24 21:02:03.688 471 540 I ActivityManager: Start proc 1346:com.android.localtransport/1000 for service {com.android.localtransport/com.android.localtransport.LocalTransportService}
05-24 21:02:03.695 1346 1346 I Zygote : seccomp disabled by setenforce 0
05-24 21:02:03.696 471 540 W ActivityManager: Slow operation: 52ms so far, now at startProcess: done updating pids map
05-24 21:02:03.697 471 807 D CompatibilityChangeReporter: Compat change id reported: 149924527; UID 10074; state: ENABLED
05-24 21:02:03.668 471 471 I system_server: type=1400 audit(0.0:474): avc: denied { call } for scontext=u:r:system_server:s0 tcontext=u:r:hal_awdisplayoutput_default:s0 tclass=binder permissive=1
05-24 21:02:03.698 471 497 D CompatibilityChangeReporter: Compat change id reported: 132649864; UID 10074; state: DISABLED
05-24 21:02:03.704 1086 1086 I nd.statics.boot: type=1400 audit(0.0:475): avc: denied { read } for name="address" dev="sysfs" ino=26269 scontext=u:r:system_app:s0 tcontext=u:object_r:sysfs:s0 tclass=file permissive=1
05-24 21:02:03.752 1220 1220 I ContactsPerf: VoicemailContentProvider.onCreate start
05-24 21:02:03.759 471 1343 I BootReceiver: Copying audit failures to DropBox
05-24 21:02:03.774 401 416 I adbd : jdwp connection from 1346
05-24 21:02:03.774 471 1343 I BootReceiver: Checking for fsck errors
05-24 21:02:03.704 1086 1086 I nd.statics.boot: type=1400 audit(0.0:476): avc: denied { open } for path="/sys/devices/platform/unisoc_wifi/net/wlan1/address" dev="sysfs" ino=26269 scontext=u:r:system_app:s0 tcontext=u:object_r:sysfs:s0 tclass=file permissive=1
05-24 21:02:03.782 1220 1220 I ContactsPerf: VoicemailContentProvider.onCreate finish
05-24 21:02:03.803 1221 1315 D MusicProvider: Failed to move cursor to first row (no query result)
05-24 21:02:03.807 275 380 D sunxihwc: checkPerformance: PerfMonitor total[w]: 69 acquire: 36 submit: 1 release: 32
05-24 21:02:03.822 256 295 D audio_hw_primary: Mic get_audio_devices_active:
05-24 21:02:03.822 256 295 D audio_hw_primary: get_audio_devices_active: AUDIO_CODEC,AUDIO_HDMI
