05-24 21:02:03.826 256 295 D xm_audio: adev_get_parameters
05-24 21:02:03.827 285 285 I hash_map_utils: system/bt/osi/src/hash_map_utils.cc:81 hash_map_utils_dump_string_keys_string_values: key: 'audio_devices_out_active' value: ''
05-24 21:02:03.829 471 471 D AudioManagerEx: type audio_devices_out_active list AUDIO_CODEC,AUDIO_HDMI=
05-24 21:02:03.829 471 471 D AudioManagerEx: AudioManagerEx
05-24 21:02:03.830 471 471 D AudioManagerPolicy: save audio is AUDIO_SPDIF,AUDIO_CODEC,AUDIO_HDMI
05-24 21:02:03.834 471 471 D AudioManagerPolicy: get AUDIO_MANAGE_POLICY is 2
05-24 21:02:03.834 471 471 D AudioManagerPolicy: POLICY_2 Remove USB Audio or No USB Audio Output Device Connected!
05-24 21:02:03.835 1086 1086 D OsInitLaunch: send cache: mangoAuth, null, AUTH_NO_NETWORK, null
05-24 21:02:03.848 471 471 D AudioManagerEx: state=audio_devices_out_active,dev=[AUDIO_SPDIF, AUDIO_CODEC, AUDIO_HDMI]
05-24 21:02:03.712 1113 1113 I ranth.ledstatus: type=1400 audit(0.0:477): avc: denied { open } for path="/dev/__properties__/u:object_r:vendor_default_prop:s0" dev="tmpfs" ino=5992 scontext=u:r:system_app:s0 tcontext=u:object_r:vendor_default_prop:s0 tclass=file permissive=1
05-24 21:02:03.858 471 471 D AudioManagerEx: enablePassThrough = false
05-24 21:02:03.858 471 471 D AudioManagerEx: hdmiAvailable=true list=[AUDIO_SPDIF, AUDIO_CODEC, AUDIO_HDMI]
05-24 21:02:03.860 471 471 D AudioManagerEx: audio=AUDIO_SPDIF,AUDIO_CODEC,AUDIO_HDMI
05-24 21:02:03.862 256 295 V audio_hw_primary: adev_set_parameters, mediasw.sft.rawdata=PCM
05-24 21:02:03.865 256 295 V audio_hw_primary: adev_set_parameters, audio_devices_out_active=AUDIO_SPDIF,AUDIO_CODEC,AUDIO_HDMI
05-24 21:02:03.865 256 295 V audio_hw_primary: out AUDIO_PARAMETER_DEVICES_OUT_ACTIVE: AUDIO_SPDIF,AUDIO_CODEC,AUDIO_HDMI
05-24 21:02:03.867 256 295 V audio_hw_primary: set property vendor.audio.output.active: AUDIO_SPDIF,AUDIO_CODEC,AUDIO_HDMI ok
05-24 21:02:03.867 256 295 V audio_hw_primary: AUDIO_SPDIF output device will be active
05-24 21:02:03.867 256 295 V audio_hw_primary: AUDIO_CODEC output device will be active
05-24 21:02:03.867 256 295 V audio_hw_primary: AUDIO_HDMI output device will be active
05-24 21:02:03.868 471 471 D AudioManagerEx: Update Settings.System.AUDIO_OUTPUT_CHANNEL, now save audio is AUDIO_SPDIF,AUDIO_CODEC,AUDIO_HDMI
05-24 21:02:03.869 471 471 D AudioManagerPolicy: get AUDIO_MANAGE_POLICY is 2
05-24 21:02:03.869 256 295 D audio_hw_primary: getAudioDevices()
05-24 21:02:03.869 256 295 D audio_hw_primary: out dev:AUDIO_CODEC
05-24 21:02:03.869 256 295 D audio_hw_primary: in dev:AUDIO_SPDIF
05-24 21:02:03.869 256 295 D audio_hw_primary: out dev:AUDIO_SPDIF
05-24 21:02:03.869 256 295 D audio_hw_primary: in dev:AUDIO_HDMI
05-24 21:02:03.869 256 295 D audio_hw_primary: out dev:AUDIO_HDMI
05-24 21:02:03.869 256 295 D audio_hw_primary: in dev:AUDIO_I2S2
05-24 21:02:03.869 256 295 D audio_hw_primary: in capture: AUDIO_SPDIF,AUDIO_HDMI,AUDIO_I2S2
05-24 21:02:03.886 256 256 D xm_audio: adev_get_parameters
05-24 21:02:03.887 285 285 I hash_map_utils: system/bt/osi/src/hash_map_utils.cc:81 hash_map_utils_dump_string_keys_string_values: key: 'audio_devices_in' value: ''
05-24 21:02:03.712 1113 1113 I ranth.ledstatus: type=1400 audit(0.0:478): avc: denied { getattr } for path="/dev/__properties__/u:object_r:vendor_default_prop:s0" dev="tmpfs" ino=5992 scontext=u:r:system_app:s0 tcontext=u:object_r:vendor_default_prop:s0 tclass=file permissive=1
05-24 21:02:03.891 471 471 D AudioManagerEx: type audio_devices_in list AUDIO_SPDIF,AUDIO_HDMI,AUDIO_I2S2=
05-24 21:02:03.891 471 471 D AudioManagerEx: state=audio_devices_in_active,dev=[AUDIO_CODEC]
05-24 21:02:03.892 471 471 D AudioManagerEx: enablePassThrough = false
05-24 21:02:03.892 471 471 D AudioManagerEx: audio=AUDIO_CODEC
05-24 21:02:03.893 471 893 D BufferPoolAccessor2.0: bufferpool2 0xea140898 : 0(0 size) total buffers - 0(0 size) used buffers - 1/7 (recycle/alloc) - 6/42 (fetch/transfer)
05-24 21:02:03.893 471 893 D BufferPoolAccessor2.0: bufferpool2 0xe9ac0f58 : 0(0 size) total buffers - 0(0 size) used buffers - 1/7 (recycle/alloc) - 12/294 (fetch/transfer)
05-24 21:02:03.893 471 893 D BufferPoolAccessor2.0: evictor expired: 2, evicted: 2
05-24 21:02:03.894 256 256 V audio_hw_primary: adev_set_parameters, mediasw.sft.rawdata=PCM
05-24 21:02:03.901 256 295 V audio_hw_primary: adev_set_parameters, audio_devices_in_active=AUDIO_CODEC
05-24 21:02:03.901 256 295 V audio_hw_primary: in AUDIO_PARAMETER_DEVICES_IN_ACTIVE: AUDIO_CODEC
05-24 21:02:03.902 256 295 V audio_hw_primary: set property vendor.audio.input.active: AUDIO_CODEC ok
05-24 21:02:03.903 256 295 E audio_hw_primary: can not set AUDIO_CODEC input active
05-24 21:02:03.903 256 295 E audio_hw_primary: but device AUDIO_I2S2 input will be active
05-24 21:02:03.907 471 471 W Looper : Slow dispatch took 289ms main h=android.app.ActivityThread$H c=android.app.LoadedApk$ReceiverDispatcher$Args$$ExternalSyntheticLambda0@40ae697 m=0
05-24 21:02:03.907 471 471 W Looper : Slow delivery took 265ms main h=com.android.server.job.controllers.QuotaController$QcHandler c=null m=5
05-24 21:02:03.908 471 471 D AudioDeviceManagerObserver: name: AUDIO_HDMI, state: 0, type: 1
05-24 21:02:03.910 280 280 D hdmi-cec: cec physical address: 2.0.0.0
05-24 21:02:03.911 1346 1346 D CompatibilityChangeReporter: Compat change id reported: 171979766; UID 1000; state: ENABLED
05-24 21:02:03.912 471 1324 D ConnectivityService: requestNetwork for uid/pid:1000/1086 activeRequest: null callbackRequest: 27 [NetworkRequest [ REQUEST id=28, [ Capabilities: INTERNET&NOT_RESTRICTED&TRUSTED&NOT_VCN_MANAGED Uid: 1000 RequestorUid: 1000 RequestorPkg: com.dangbei.leard.leradlauncher] ]] callback flags: 0 priority: 2147483647
05-24 21:02:03.913 471 614 D ConnectivityService: NetReassign [no changes]
05-24 21:02:03.915 471 650 D Ethernet: got request NetworkRequest [ REQUEST id=28, [ Capabilities: INTERNET&NOT_RESTRICTED&TRUSTED&NOT_VCN_MANAGED Uid: 1000 RequestorUid: 1000 RequestorPkg: com.dangbei.leard.leradlauncher] ]
05-24 21:02:03.915 471 650 D EthernetNetworkFactory: acceptRequest, request: NetworkRequest [ REQUEST id=28, [ Capabilities: INTERNET&NOT_RESTRICTED&TRUSTED&NOT_VCN_MANAGED Uid: 1000 RequestorUid: 1000 RequestorPkg: com.dangbei.leard.leradlauncher] ]
05-24 21:02:03.915 471 650 I EthernetNetworkFactory: networkForRequest, request: NetworkRequest [ REQUEST id=28, [ Capabilities: INTERNET&NOT_RESTRICTED&TRUSTED&NOT_VCN_MANAGED Uid: 1000 RequestorUid: 1000 RequestorPkg: com.dangbei.leard.leradlauncher] ], network: null
05-24 21:02:03.916 388 752 D BufferPoolAccessor2.0: bufferpool2 0xe97cc318 : 0(0 size) total buffers - 0(0 size) used buffers - 40/44 (recycle/alloc) - 4/43 (fetch/transfer)
05-24 21:02:03.916 388 752 D BufferPoolAccessor2.0: bufferpool2 0xe97cba58 : 0(0 size) total buffers - 0(0 size) used buffers - 43/46 (recycle/alloc) - 3/45 (fetch/transfer)
05-24 21:02:03.916 388 752 D BufferPoolAccessor2.0: bufferpool2 0xe97cb2d8 : 0(0 size) total buffers - 0(0 size) used buffers - 15/19 (recycle/alloc) - 4/18 (fetch/transfer)
05-24 21:02:03.916 388 752 D BufferPoolAccessor2.0: bufferpool2 0xe97cadd8 : 0(0 size) total buffers - 0(0 size) used buffers - 134/145 (recycle/alloc) - 11/144 (fetch/transfer)
05-24 21:02:03.916 388 752 D BufferPoolAccessor2.0: evictor expired: 4, evicted: 4
05-24 21:02:03.918 471 651 D PPPOE : got request NetworkRequest [ REQUEST id=28, [ Capabilities: INTERNET&NOT_RESTRICTED&TRUSTED&NOT_VCN_MANAGED Uid: 1000 RequestorUid: 1000 RequestorPkg: com.dangbei.leard.leradlauncher] ]
05-24 21:02:03.919 1221 1221 D music_MediaPlaybackSer: Received catalog result, success: true
05-24 21:02:03.919 280 280 D hdmi-cec: cec physical address: 2.0.0.0
05-24 21:02:03.919 1221 1221 D music_MediaPlaybackSer: OnLoadChildren.ROOT
05-24 21:02:03.919 280 280 D hdmi-cec: cec physical address: 2.0.0.0
05-24 21:02:03.919 280 280 D hdmi-cec: cec physical address: 2.0.0.0
05-24 21:02:03.920 280 280 D hdmi-cec: cec physical address: 2.0.0.0
05-24 21:02:03.920 471 607 D WifiNetworkFactory: got request NetworkRequest [ REQUEST id=28, [ Capabilities: INTERNET&NOT_RESTRICTED&TRUSTED&NOT_VCN_MANAGED Uid: 1000 RequestorUid: 1000 RequestorPkg: com.dangbei.leard.leradlauncher] ]
05-24 21:02:03.921 471 607 D UntrustedWifiNetworkFactory: got request NetworkRequest [ REQUEST id=28, [ Capabilities: INTERNET&NOT_RESTRICTED&TRUSTED&NOT_VCN_MANAGED Uid: 1000 RequestorUid: 1000 RequestorPkg: com.dangbei.leard.leradlauncher] ]
05-24 21:02:03.922 471 607 D OemPaidWifiNetworkFactory: got request NetworkRequest [ REQUEST id=28, [ Capabilities: INTERNET&NOT_RESTRICTED&TRUSTED&NOT_VCN_MANAGED Uid: 1000 RequestorUid: 1000 RequestorPkg: com.dangbei.leard.leradlauncher] ]
05-24 21:02:03.926 1221 1221 D music_MediaPlaybackSer: OnLoadChildren sending 4 results for __ROOT__
05-24 21:02:03.932 665 665 D AvrcpBrowsablePlayerConnector: Received a message: msg.what=0
05-24 21:02:03.938 665 665 I AvrcpBrowsablePlayerConnector: Successfully added package to results: com.android.music
05-24 21:02:03.938 665 665 I AvrcpBrowsablePlayerConnector: Successfully connected to 1 browsable players.
05-24 21:02:03.938 665 665 I MediaPlayerList: init: Browsable Player list size is 1
05-24 21:02:03.938 665 665 D MediaPlayerList: Adding Browser Wrapper for com.android.music with id 1
05-24 21:02:03.939 665 665 I AvrcpBrowsedPlayerWrapper: getFolderItems: Grabbing cached data for mediaId: __ROOT__
05-24 21:02:03.939 665 665 D MediaPlayerList: Got the contents for: __ROOT__ : num results=4
05-24 21:02:03.939 665 665 D MediaPlayerList: Initializing list of current media players
05-24 21:02:03.943 1221 1221 D music_MediaPlaybackSer: onDestroy
05-24 21:02:03.944 1221 1221 D music_MusicApp: remove mount callback: com.android.music.MediaPlaybackService@bfc9a88
05-24 21:02:03.944 1221 1221 D music_MediaPlaybackSer: handleStopRequest: mState=0 error=destroy
05-24 21:02:03.944 1221 1221 D music_MediaPlaybackSer: updatePlaybackState, playback state=1
05-24 21:02:03.945 1221 1221 D Playback: giveUpAudioFocus
05-24 21:02:03.945 1221 1221 D Playback: relaxResources. releaseMediaPlayer=true
05-24 21:02:03.955 1221 1221 D music_MediaPlaybackSer: updatePlaybackState, playback state=1
05-24 21:02:03.991 471 1255 D CompatibilityChangeReporter: Compat change id reported: 168419799; UID 1000; state: DISABLED
05-24 21:02:04.000 471 522 D CompatibilityChangeReporter: Compat change id reported: 158002302; UID 1000; state: ENABLED
05-24 21:02:04.009 1086 1086 I Choreographer: Skipped 119 frames! The application may be doing too much work on its main thread.
05-24 21:02:04.015 471 471 D AudioManagerPolicy: On Audio device plug in/out receive,name=AUDIO_HDMI type=1 state=0 extra=null
05-24 21:02:04.022 471 1255 D CountryDetector: The first listener is added
05-24 21:02:04.028 1086 1375 E hq : ErrorCoroutineExceptionHandler:::runTry error:java.net.UnknownHostException: Unable to resolve host "ottdbui-tyapiqun7.yysh.mgtv.com": No address associated with hostname from=requestAppBarData_loadData
05-24 21:02:04.031 471 471 V AudioManagerPolicy: chengkan------------- hdmi inactive
05-24 21:02:04.035 471 471 D AudioManagerPolicy: get AUDIO_MANAGE_POLICY is 2
05-24 21:02:04.035 471 471 D AudioManagerPolicy: Policy2 HDMI Plug Out/In Switch! Booting
05-24 21:02:04.035 1220 1220 I ContactsDatabaseHelper: updateUseStrictPhoneNumberComparison: CN
05-24 21:02:04.055 471 471 D AudioManagerEx: AudioManagerEx
05-24 21:02:04.055 471 471 D AudioManagerPolicy: save audio is AUDIO_SPDIF,AUDIO_CODEC,AUDIO_HDMI
05-24 21:02:04.057 471 471 D AudioManagerPolicy: get AUDIO_MANAGE_POLICY is 2
05-24 21:02:04.057 471 471 D AudioManagerPolicy: POLICY_2 Remove USB Audio or No USB Audio Output Device Connected!
05-24 21:02:04.064 471 471 D AudioManagerEx: state=audio_devices_out_active,dev=[AUDIO_SPDIF, AUDIO_CODEC, AUDIO_HDMI]
05-24 21:02:04.064 471 471 D AudioManagerEx: enablePassThrough = false
05-24 21:02:04.064 471 471 D AudioManagerEx: hdmiAvailable=true list=[AUDIO_SPDIF, AUDIO_CODEC, AUDIO_HDMI]
05-24 21:02:04.069 471 471 D AudioManagerEx: audio=AUDIO_SPDIF,AUDIO_CODEC,AUDIO_HDMI
05-24 21:02:04.076 256 295 V audio_hw_primary: adev_set_parameters, mediasw.sft.rawdata=PCM
05-24 21:02:04.079 256 295 V audio_hw_primary: adev_set_parameters, audio_devices_out_active=AUDIO_SPDIF,AUDIO_CODEC,AUDIO_HDMI
05-24 21:02:04.080 256 295 V audio_hw_primary: out AUDIO_PARAMETER_DEVICES_OUT_ACTIVE: AUDIO_SPDIF,AUDIO_CODEC,AUDIO_HDMI
05-24 21:02:04.081 256 295 V audio_hw_primary: set property vendor.audio.output.active: AUDIO_SPDIF,AUDIO_CODEC,AUDIO_HDMI ok
05-24 21:02:04.081 256 295 V audio_hw_primary: AUDIO_SPDIF output device will be active
05-24 21:02:04.081 256 295 V audio_hw_primary: AUDIO_CODEC output device will be active
05-24 21:02:04.081 256 295 V audio_hw_primary: AUDIO_HDMI output device will be active
05-24 21:02:04.083 471 471 D AudioManagerEx: Update Settings.System.AUDIO_OUTPUT_CHANNEL, now save audio is AUDIO_SPDIF,AUDIO_CODEC,AUDIO_HDMI
05-24 21:02:04.084 665 665 V MediaPlayerList: onActiveSessionsChanged: number of controllers: 0
05-24 21:02:04.088 471 471 I ActivityManager: com.android.dynsystem is exempt from freezer
05-24 21:02:04.089 471 471 D CompatibilityChangeReporter: Compat change id reported: 135634846; UID 1000; state: DISABLED
05-24 21:02:04.112 1086 1287 E FactoryResetOperateImpl: isFirstBoot 2
05-24 21:02:04.112 1086 1287 E FactoryResetOperateImpl: isFirstBoot 2
05-24 21:02:04.123 1086 1199 E hq : LookupControler:::startLookupControllerTimer
05-24 21:02:04.135 1319 1319 V GraphicsEnvironment: ANGLE Developer option for 'com.dangbei.lerad.rocky' set to: 'default'
05-24 21:02:04.135 1086 1389 I cr_VariationsUtils: Failed reading seed file "/data/user/0/com.dangbei.leard.leradlauncher/app_webview/variations_seed_new"
05-24 21:02:04.138 247 247 D Zygote : Forked child process 1395
05-24 21:02:04.139 471 540 W ActivityManager: Slow operation: 51ms so far, now at startProcess: returned from zygote!
05-24 21:02:04.144 471 540 W ActivityManager: Slow operation: 57ms so far, now at startProcess: done updating battery stats
05-24 21:02:04.145 471 540 W ActivityManager: Slow operation: 58ms so far, now at startProcess: building log message
05-24 21:02:04.145 471 540 I ActivityManager: app.processName = com.android.dynsystem
05-24 21:02:04.146 471 540 I ActivityManager: Start proc 1395:com.android.dynsystem/1000 for broadcast {com.android.dynsystem/com.android.dynsystem.BootCompletedReceiver}
05-24 21:02:04.146 471 540 W ActivityManager: Slow operation: 59ms so far, now at startProcess: starting to update pids map
05-24 21:02:04.146 471 540 W ActivityManager: Slow operation: 59ms so far, now at startProcess: done updating pids map
05-24 21:02:04.146 1319 1319 V GraphicsEnvironment: Neither updatable production driver nor prerelease driver is supported.
05-24 21:02:04.147 1086 1286 I UtilCommon: bluetoothMac=B4:2F:03:15:73:7E
05-24 21:02:04.148 1086 1286 E wangli : env: 0_true
05-24 21:02:04.152 1395 1395 I Zygote : seccomp disabled by setenforce 0
05-24 21:02:04.157 471 471 W Looper : Drained
05-24 21:02:04.160 1319 1319 D NetworkSecurityConfig: No Network Security Config specified, using platform default
05-24 21:02:04.177 1319 1319 D NetworkSecurityConfig: No Network Security Config specified, using platform default
05-24 21:02:04.181 1319 1319 I MultiDex: VM with version 2.1.0 has multidex support
05-24 21:02:04.184 1319 1319 I MultiDex: Installing application
05-24 21:02:04.186 1319 1319 I MultiDex: VM has multidex support, MultiDex support library is disabled.
05-24 21:02:04.189 1086 1393 W ContextImpl: Calling a method in the system process without a qualified user: android.app.ContextImpl.bindService:1895 android.content.ContextWrapper.bindService:810 ae.b.h:57 ae.b$c.call:3 ce.c$a.run:5
05-24 21:02:04.191 401 416 I adbd : jdwp connection from 1395
05-24 21:02:04.192 1346 1346 V GraphicsEnvironment: ANGLE Developer option for 'com.android.localtransport' set to: 'default'
05-24 21:02:04.192 1346 1346 V GraphicsEnvironment: Neither updatable production driver nor prerelease driver is supported.
05-24 21:02:04.197 1319 1319 D RockyApplication: init: false
05-24 21:02:04.203 1086 1312 D MobclickAgent: 延续上一个会话: 5664E776FFA3755E7BBDE7A78E309AF3
05-24 21:02:04.213 185 185 I hwservicemanager: getTransport: Cannot find entry android.hardware.configstore@1.0::ISurfaceFlingerConfigs/default in either framework or device VINTF manifest.
05-24 21:02:04.219 1346 1346 D NetworkSecurityConfig: No Network Security Config specified, using platform default
05-24 21:02:04.222 1346 1346 D NetworkSecurityConfig: No Network Security Config specified, using platform default
05-24 21:02:04.228 1220 1366 I CallLogProvider: Syncing call composer pics -- source user=0, isShadow=true, forAllUser=false
01-01 08:00:28.876 1370 1370 W audit : audit_lost=74 audit_rate_limit=5 audit_backlog_limit=64
01-01 08:00:28.884 1370 1370 E audit : rate limit exceeded
05-24 21:02:04.242 1220 1366 I CallLogProvider: Fetching list of Uris to sync
05-24 21:02:04.245 1220 1391 D ContactsDatabaseHelper: WAL enabled for contacts2.db: true
05-24 21:02:04.249 1033 1267 I MediaProvider: Scanned internal due to REASON_MOUNTED, found 5 items in 712ms, 0 inserts 0 updates 0 deletes
05-24 21:02:04.258 1086 1312 W SQLiteLog: (28) double-quoted string literal: "5664E776FFA3755E7BBDE7A78E309AF3"
05-24 21:02:04.258 1086 1312 W SQLiteLog: (28) double-quoted string literal: ""
05-24 21:02:04.261 1086 1312 W SQLiteLog: (28) double-quoted string literal: "5664E776FFA3755E7BBDE7A78E309AF3"
05-24 21:02:04.261 1086 1312 W SQLiteLog: (28) double-quoted string literal: "-1"
05-24 21:02:04.264 1395 1395 D CompatibilityChangeReporter: Compat change id reported: 171979766; UID 1000; state: ENABLED
05-24 21:02:04.277 1033 1267 W ModernMediaScanner: Failed to visit /oem/media: java.nio.file.NoSuchFileException: /oem/media
05-24 21:02:04.280 1043 1297 E dangbei111: cccccc 开始扫描
05-24 21:02:04.281 1033 1267 I MediaProvider: Scanned internal due to REASON_MOUNTED, found 0 items in 4ms, 0 inserts 0 updates 0 deletes
05-24 21:02:04.282 1043 1297 D BluetoothAdapter: isLeEnabled(): ON
05-24 21:02:04.288 290 530 E HWComposer: getSupportedContentTypes: getSupportedContentTypes failed for display 0: Unsupported (8)
05-24 21:02:04.298 185 185 I hwservicemanager: getTransport: Cannot find entry android.hardware.graphics.mapper@4.0::IMapper/default in either framework or device VINTF manifest.
05-24 21:02:04.298 1086 1425 I Gralloc4: mapper 4.x is not supported
05-24 21:02:04.298 185 185 I hwservicemanager: getTransport: Cannot find entry android.hardware.graphics.mapper@3.0::IMapper/default in either framework or device VINTF manifest.
05-24 21:02:04.299 1086 1425 W Gralloc3: mapper 3.x is not supported
05-24 21:02:04.308 1086 1425 E gralloc : Arm Module v1.0
05-24 21:02:04.313 185 185 I hwservicemanager: getTransport: Cannot find entry android.hardware.graphics.allocator@4.0::IAllocator/default in either framework or device VINTF manifest.
05-24 21:02:04.314 1086 1425 W Gralloc4: allocator 4.x is not supported
05-24 21:02:04.314 185 185 I hwservicemanager: getTransport: Cannot find entry android.hardware.graphics.allocator@3.0::IAllocator/default in either framework or device VINTF manifest.
05-24 21:02:04.314 1086 1425 W Gralloc3: allocator 3.x is not supported
05-24 21:02:04.314 471 471 I TransportClient: LocalTransportService#0: Notifying [TransportManager.registerTransport()] transport = IBackupTransport
05-24 21:02:04.320 272 300 I gralloc : alloc buffer:W:1920 H:1080 S:1920 PL[1920 1080] SZ:8294400 fmt:1 if:0 af:1 usg:20000b00 fg:00000004
05-24 21:02:04.321 1086 1425 E ion : ioctl c0044901 failed with code -1: Inappropriate ioctl for device
05-24 21:02:04.326 272 300 I gralloc : alloc buffer:W:1920 H:1080 S:1920 PL[1920 1080] SZ:8294400 fmt:1 if:0 af:1 usg:20000b00 fg:00000004
05-24 21:02:04.332 272 300 I gralloc : alloc buffer:W:1920 H:1080 S:1920 PL[1920 1080] SZ:8294400 fmt:1 if:0 af:1 usg:20000b00 fg:00000004
05-24 21:02:04.359 471 520 W IorapForwardingService: No service published for: iorapd
05-24 21:02:04.379 665 981 I bluetooth: system/bt/stack/gatt/gatt_api.cc:1019 GATT_Register: Allocated name:GattClient uuid:9e5dee8e-af83-74e2-0f6d-f702169628f0 gatt_if:5 eatt_support:0
05-24 21:02:04.391 1043 1071 D BluetoothLeScanner: onScannerRegistered() - status=0 scannerId=5 mScannerId=0
05-24 21:02:04.407 1086 1330 W System.err: java.net.UnknownHostException: Unable to resolve host "utoken.umeng.com": No address associated with hostname
05-24 21:02:04.408 1086 1330 W System.err: at java.net.Inet6AddressImpl.lookupHostByName(Inet6AddressImpl.java:156)
05-24 21:02:04.408 1086 1330 W System.err: at java.net.Inet6AddressImpl.lookupAllHostAddr(Inet6AddressImpl.java:103)
05-24 21:02:04.408 1086 1330 W System.err: at java.net.InetAddress.getAllByName(InetAddress.java:1152)
05-24 21:02:04.408 1086 1330 W System.err: at com.android.okhttp.Dns$1.lookup(Dns.java:41)
05-24 21:02:04.408 1086 1330 W System.err: at com.android.okhttp.internal.http.RouteSelector.resetNextInetSocketAddress(RouteSelector.java:178)
05-24 21:02:04.408 1086 1330 W System.err: at com.android.okhttp.internal.http.RouteSelector.nextProxy(RouteSelector.java:144)
05-24 21:02:04.408 1086 1330 W System.err: at com.android.okhttp.internal.http.RouteSelector.next(RouteSelector.java:86)
05-24 21:02:04.408 1086 1330 W System.err: at com.android.okhttp.internal.http.StreamAllocation.findConnection(StreamAllocation.java:176)
05-24 21:02:04.408 1086 1330 W System.err: at com.android.okhttp.internal.http.StreamAllocation.findHealthyConnection(StreamAllocation.java:128)
05-24 21:02:04.408 1086 1330 W System.err: at com.android.okhttp.internal.http.StreamAllocation.newStream(StreamAllocation.java:97)
05-24 21:02:04.408 1086 1330 W System.err: at com.android.okhttp.internal.http.HttpEngine.connect(HttpEngine.java:289)
05-24 21:02:04.408 1086 1330 W System.err: at com.android.okhttp.internal.http.HttpEngine.sendRequest(HttpEngine.java:232)
05-24 21:02:04.408 1086 1330 W System.err: at com.android.okhttp.internal.huc.HttpURLConnectionImpl.execute(HttpURLConnectionImpl.java:465)
05-24 21:02:04.408 1086 1330 W System.err: at com.android.okhttp.internal.huc.HttpURLConnectionImpl.connect(HttpURLConnectionImpl.java:131)
05-24 21:02:04.408 1086 1330 W System.err: at com.android.okhttp.internal.huc.HttpURLConnectionImpl.getOutputStream(HttpURLConnectionImpl.java:262)
05-24 21:02:04.408 1086 1330 W System.err: at com.android.okhttp.internal.huc.DelegatingHttpsURLConnection.getOutputStream(DelegatingHttpsURLConnection.java:219)
05-24 21:02:04.408 1086 1330 W System.err: at com.android.okhttp.internal.huc.HttpsURLConnectionImpl.getOutputStream(HttpsURLConnectionImpl.java:30)
05-24 21:02:04.408 1086 1330 W System.err: at com.umeng.umzid.a.a(SourceFile:80)
05-24 21:02:04.408 1086 1330 W System.err: at com.umeng.umzid.ZIDManager.b(SourceFile:298)
05-24 21:02:04.408 1086 1330 W System.err: at com.umeng.umzid.ZIDManager$b.run(Unknown Source:4)
05-24 21:02:04.408 1086 1330 W System.err: at java.util.concurrent.Executors$RunnableAdapter.call(Executors.java:462)
05-24 21:02:04.408 1086 1330 W System.err: at java.util.concurrent.FutureTask.run(FutureTask.java:266)
05-24 21:02:04.408 1086 1330 W System.err: at java.util.concurrent.ScheduledThreadPoolExecutor$ScheduledFutureTask.run(ScheduledThreadPoolExecutor.java:301)
05-24 21:02:04.408 1086 1330 W System.err: at java.util.concurrent.ThreadPoolExecutor.runWorker(ThreadPoolExecutor.java:1167)
05-24 21:02:04.408 1086 1330 W System.err: at java.util.concurrent.ThreadPoolExecutor$Worker.run(ThreadPoolExecutor.java:641)
05-24 21:02:04.408 1086 1330 W System.err: at java.lang.Thread.run(Thread.java:920)
05-24 21:02:04.426 1086 1330 W System.err: Caused by: android.system.GaiException: android_getaddrinfo failed: EAI_NODATA (No address associated with hostname)
05-24 21:02:04.426 1086 1330 W System.err: at libcore.io.Linux.android_getaddrinfo(Native Method)
05-24 21:02:04.426 1086 1330 W System.err: at libcore.io.ForwardingOs.android_getaddrinfo(ForwardingOs.java:136)
05-24 21:02:04.426 1086 1330 W System.err: at libcore.io.BlockGuardOs.android_getaddrinfo(BlockGuardOs.java:221)
05-24 21:02:04.426 1086 1330 W System.err: at libcore.io.ForwardingOs.android_getaddrinfo(ForwardingOs.java:136)
05-24 21:02:04.426 1086 1330 W System.err: at java.net.Inet6AddressImpl.lookupHostByName(Inet6AddressImpl.java:135)
05-24 21:02:04.426 1086 1330 W System.err: ... 25 more
05-24 21:02:04.435 1319 1319 D RockyManager: initFarWakeStatus isMainFarSwitch: false
01-01 08:00:29.068 1 1 I init : Service 'appsdisable' (pid 1011) exited with status 0 oneshot service took 4.293000 seconds in background
01-01 08:00:29.083 1 1 I init : Sending signal 9 to service 'appsdisable' (pid 1011) process group...
05-24 21:02:04.444 1319 1319 I RockyManager: isFarWake: false
05-24 21:02:04.452 1086 1402 I OpenGLRenderer: Davey! duration=9223372012518ms; Flags=1, FrameTimelineVsyncId=459, IntendedVsync=24336266557, Vsync=26319599811, InputEventId=0, HandleInputStart=26323154928, AnimationStart=26323158511, PerformTraversalsStart=26323245386, DrawStart=26611642803, FrameDeadline=24352933223, FrameInterval=26322959844, FrameStartTime=16666666, SyncQueued=26613074344, SyncStart=26613229303, IssueDrawCommandsStart=26614777844, SwapBuffers=26743164719, FrameCompleted=9223372036854775807, DequeueBufferDuration=20813500, QueueBufferDuration=2169125, GpuCompleted=9223372036854775807, SwapBuffersCompleted=26749051261, DisplayPresentTime=0,
01-01 08:00:29.096 1 1 I libprocessgroup: Successfully killed process cgroup uid 0 pid 1011 in 0ms
05-24 21:02:04.465 1086 1086 E hq : USBReceiver:::USBReceiver onReceive: action=android.intent.action.MEDIA_MOUNTED
05-24 21:02:04.465 1086 1086 E xxxxxxxxxxxxxxx: onReceive:mIsHDMIPlugged = false
05-24 21:02:04.480 1395 1395 V GraphicsEnvironment: ANGLE Developer option for 'com.android.dynsystem' set to: 'default'
05-24 21:02:04.480 1043 1063 E ccc : cccccc etnaService addListener com.dangbei.lerad.etna.aidl.IEtnaAidlListener$Stub$Proxy@a9f8f53 com.dangbei.leard.leradlauncher
05-24 21:02:04.481 1395 1395 V GraphicsEnvironment: Neither updatable production driver nor prerelease driver is supported.
05-24 21:02:04.481 1086 1086 E hq : Etna:::etnaClient connectState=true
05-24 21:02:04.482 1086 1086 E getHdmiStatus: sourceInputStatus=null mEtnaAdapter=com.dangbei.launcher.etna.EtnaAdapter@c8ef42b
05-24 21:02:04.483 1086 1086 E hq : AdHelper:::启动延迟检查,支持广告的最长播放时间:25000 isLoadAd=false
05-24 21:02:04.483 1395 1395 D NetworkSecurityConfig: No Network Security Config specified, using platform default
05-24 21:02:04.484 1395 1395 D NetworkSecurityConfig: No Network Security Config specified, using platform default
05-24 21:02:04.484 1086 1086 D OsInitLaunch: send cache: launchAd, playAd, start, null
05-24 21:02:04.485 1319 1319 W ContextImpl: Calling a method in the system process without a qualified user: android.app.ContextImpl.startService:1816 android.content.ContextWrapper.startService:774 com.cvte.tv.api.TvApiSDKManager.:177 com.cvte.tv.api.TvApiSDKManager.init:217 com.dangbei.rocky.component.system.SystemControlUtils.initSystemAidl:82
05-24 21:02:04.485 1086 1086 I dangbei ad sdk: ADSDK::play splash ad
05-24 21:02:04.495 471 655 W ActivityManager: Unable to start service Intent { act=com.cvte.tv.api.TV_API_SERVICE pkg=com.cvte.tv.api.impl } U=0: not found
05-24 21:02:04.496 1319 1319 W ContextImpl: Calling a method in the system process without a qualified user: android.app.ContextImpl.bindService:1895 android.content.ContextWrapper.bindService:810 com.cvte.tv.api.TvApiSDKManager.:178 com.cvte.tv.api.TvApiSDKManager.init:217 com.dangbei.rocky.component.system.SystemControlUtils.initSystemAidl:82
01-01 08:00:29.119 1 1 I init : Service 'gmsopt' (pid 1014) exited with status 0 oneshot service took 4.301000 seconds in background
01-01 08:00:29.147 1 1 I init : Sending signal 9 to service 'gmsopt' (pid 1014) process group...
05-24 21:02:04.510 471 522 E ActivityRecord: real home.....com.dangbei.leard.leradlauncher/com.dangbei.launcher.home.LauncherActivity
05-24 21:02:04.512 471 522 E +++ActivityRecord: pre led_switch = 5
01-01 08:00:29.165 1 1 I libprocessgroup: Successfully killed process cgroup uid 0 pid 1014 in 0ms
05-24 21:02:04.518 1086 1086 I dangbei ad sdk: AdSplashView::show offline ad
05-24 21:02:04.525 471 1030 D BackupTransportManager: Transport com.android.localtransport/.LocalTransportService registered
05-24 21:02:04.525 471 1030 D BackupManagerService: [UserID:0] Transport com.android.localtransport/.LocalTransport registered 3942ms after first request (delay = 3000ms)
05-24 21:02:04.538 1086 1402 I OpenGLRenderer: Davey! duration=9223372010368ms; Flags=0, FrameTimelineVsyncId=616, IntendedVsync=26486269201, Vsync=26786269189, InputEventId=0, HandleInputStart=26787639428, AnimationStart=26787642969, PerformTraversalsStart=26787646469, DrawStart=26793414886, FrameDeadline=26519602533, FrameInterval=26787629136, FrameStartTime=16666666, SyncQueued=26793747261, SyncStart=26793869386, IssueDrawCommandsStart=26797550719, SwapBuffers=26801848970, FrameCompleted=9223372036854775807, DequeueBufferDuration=49500, QueueBufferDuration=4447459, GpuCompleted=9223372036854775807, SwapBuffersCompleted=26807282470, DisplayPresentTime=0,
05-24 21:02:04.550 515 528 D BootAnimation: BootAnimationStopTiming start time: 26864ms
01-01 08:00:29.186 1 1 I init : processing action (vendor.led_switch=*) from (/vendor/etc/init/hw/init.oranth.rc:129)
01-01 08:00:29.204 1 1 I init : starting service 'exec 20 (/vendor/bin/led_switch.sh 5)'...
05-24 21:02:04.591 665 680 W UnsafeUtil: platform method missing - proto runtime falling back to safer methods: java.lang.NoSuchMethodException: sun.misc.Unsafe.copyMemory [class java.lang.Object, long, class java.lang.Object, long, long]
05-24 21:02:04.602 1086 1086 E hq : AdHelper:::notFetchAd: main
05-24 21:02:04.602 1086 1086 E hq : AdHelper:::onComplete:main
05-24 21:02:04.602 1086 1086 E hq : AdHelper:::adFinish: com.dangbei.launcher.home.callback.LauncherCallback$onAttach$1$1@b6290ff
05-24 21:02:04.603 1086 1086 E hq : LauncherCallback:::onDetach
05-24 21:02:04.603 1086 1086 E hq : AdHelper:::handleFinishAd: true
05-24 21:02:04.605 1086 1441 D View :
05-24 21:02:04.607 1086 1441 D View :
05-24 21:02:04.608 1086 1441 D View :
05-24 21:02:04.609 1086 1441 D View :
05-24 21:02:04.610 1086 1441 D View :
05-24 21:02:04.612 1086 1086 E DangXiaoBeiManager: setMessageList: false
05-24 21:02:04.612 1086 1086 E hq : 当小贝:::显示消息type=SIMPLE_TEXT ,data.isShowInCur=false ,delay=60000 ,message.mandatoryMessage=null , message=null
05-24 21:02:04.612 1086 1086 E hq : 当小贝:::当前显示了消息,不显示新消息
05-24 21:02:04.616 1086 1086 D OsInitLaunch: send cache: launchAd, playAd, complete, null
05-24 21:02:04.632 1220 1366 I CallLogProvider: Will sync following Uris:[]
05-24 21:02:04.633 1220 1366 I CallLogProvider: Syncing call composer pics -- got []
01-01 08:00:29.237 1 1 I init : SVC_EXEC service 'exec 20 (/vendor/bin/led_switch.sh 5)' pid 1461 (uid 0 gid 0+0 context default) started; waiting...
01-01 08:00:29.270 1 1 I init : Command 'exec - root root -- /vendor/bin/led_switch.sh ${vendor.led_switch}' action=vendor.led_switch=* (/vendor/etc/init/hw/init.oranth.rc:130) took 66ms and succeeded
05-24 21:02:04.646 1086 1441 D View :
05-24 21:02:04.677 471 522 I WindowManager: ******* TELLING SURFACE FLINGER WE ARE BOOTED!
05-24 21:02:04.677 290 334 I SurfaceFlinger: Boot is finished (16805 ms)
05-24 21:02:04.708 184 184 I servicemanager: Found android.hardware.power.IPower/default in device VINTF manifest.
05-24 21:02:04.709 290 334 I PowerAdvisor: Loaded AIDL Power HAL service
05-24 21:02:04.709 279 279 I AW_PowerHAL: check: Mode 6 not Supported ,do nothing
05-24 21:02:04.709 279 279 I AW_PowerHAL: isBoostSupported: 1
05-24 21:02:04.717 1086 1441 D View :
05-24 21:02:04.724 1086 1441 D View :
05-24 21:02:04.731 1086 1198 E hq : ErrorCoroutineExceptionHandler:::runTry error:java.net.UnknownHostException: Unable to resolve host "ottdbui-tyapiqun7.yysh.mgtv.com": No address associated with hostname from=requestMessageDialog
05-24 21:02:04.741 471 1324 W system_server: Long monitor contention with owner android.anim (522) at void com.android.server.wm.WindowSurfacePlacer$Traverser.run()(WindowSurfacePlacer.java:58) waiters=1 in void com.android.server.wm.WindowProcessController.addPackage(java.lang.String) for 235ms
05-24 21:02:04.748 471 1324 W ActivityManager: Slow operation: 249ms so far, now at startProcess: done creating new process record
05-24 21:02:04.748 471 1324 W ActivityManager: Slow operation: 249ms so far, now at startProcess: stepping in to startProcess
05-24 21:02:04.749 471 1324 I ActivityManager: com.android.dynsystem is exempt from freezer
05-24 21:02:04.749 471 1324 D CompatibilityChangeReporter: Compat change id reported: 135634846; UID 1000; state: DISABLED
05-24 21:02:04.750 1086 1441 D View :
05-24 21:02:04.751 1086 1441 D View :
05-24 21:02:04.771 471 1324 W ActivityManager: Slow operation: 271ms so far, now at startProcess: done starting proc!
05-24 21:02:04.771 471 807 W system_server: Long monitor contention with owner Binder:471_C (1324) at android.content.ComponentName com.android.server.am.ActivityManagerService.startService(android.app.IApplicationThread, android.content.Intent, java.lang.String, boolean, java.lang.String, java.lang.String, int)(ActivityManagerService.java:11925) waiters=0 in int com.android.server.am.ActivityManagerService.bindIsolatedService(android.app.IApplicationThread, android.os.IBinder, android.content.Intent, java.lang.String, android.app.IServiceConnection, int, java.lang.String, java.lang.String, int) for 271ms
05-24 21:02:04.672 1453 1453 I su : type=1400 audit(0.0:523): avc: denied { execute_no_trans } for path="/system/bin/sh" dev="dm-0" ino=1218 scontext=u:r:system_server:s0 tcontext=u:object_r:shell_exec:s0 tclass=file permissive=1
05-24 21:02:04.781 471 807 W ActivityManager: Unable to start service Intent { act=com.cvte.tv.api.TV_API_SERVICE pkg=com.cvte.tv.api.impl } U=0: not found
05-24 21:02:04.795 247 247 D Zygote : Forked child process 1475
05-24 21:02:04.812 1475 1475 I Zygote : seccomp disabled by setenforce 0
05-24 21:02:04.813 1319 1319 D TvApiSDKManager: getTvApi getSystemService = false
05-24 21:02:04.813 1319 1319 D TvApiSDKManager: getTvApi startService
05-24 21:02:04.680 1453 1453 I sh : type=1400 audit(0.0:524): avc: denied { map } for path="/system/bin/sh" dev="dm-0" ino=1218 scontext=u:r:system_server:s0 tcontext=u:object_r:shell_exec:s0 tclass=file permissive=1
05-24 21:02:04.816 471 540 W ActivityManager: Slow operation: 68ms so far, now at startProcess: returned from zygote!
05-24 21:02:04.819 246 246 I netd : bandwidthAddNiceApp(10018) <0.33ms>
05-24 21:02:04.832 1086 1441 D View :
05-24 21:02:04.833 1086 1441 D View :
05-24 21:02:04.839 1319 1319 W ContextImpl: Calling a method in the system process without a qualified user: android.app.ContextImpl.startService:1816 android.content.ContextWrapper.startService:774 com.cvte.tv.api.TvApiSDKManager.getTvApi:361 com.dangbei.rocky.component.system.SystemControlUtils.initSystemAidl:83 com.dangbei.rocky.component.system.SystemComponent.onAttached:38
05-24 21:02:04.684 1453 1453 I sh : type=1400 audit(0.0:525): avc: denied { getattr } for path="/system/bin/sh" dev="dm-0" ino=1218 scontext=u:r:system_server:s0 tcontext=u:object_r:shell_exec:s0 tclass=file permissive=1
05-24 21:02:04.858 1086 1086 E hq : USBReceiver:::USBReceiver onReceive: list=1
05-24 21:02:04.860 1086 1199 E hq : ErrorCoroutineExceptionHandler:::runTry error:java.net.UnknownHostException: Unable to resolve host "ottdbui-tyapiqun7.yysh.mgtv.com": No address associated with hostname from=requestUserAgreement
05-24 21:02:04.860 1086 1199 E UserProtocolInterceptorImpl: isAgree: 20210615 20210615 true
05-24 21:02:04.863 1086 1443 D hq : NetWorkStateReceiver:::检查网络,并且持续更新 isConnect=false
05-24 21:02:04.865 1086 1199 E UserProtocolInterceptorImpl: version===>0
05-24 21:02:04.704 1453 1453 I sh : type=1400 audit(0.0:526): avc: denied { getattr } for path="/system/bin/preinstall.sh" dev="dm-0" ino=1168 scontext=u:r:system_server:s0 tcontext=u:object_r:preinstall_exec:s0 tclass=file permissive=1
05-24 21:02:04.898 471 893 D BufferPoolAccessor2.0: bufferpool2 0xe993dc98 : 0(0 size) total buffers - 0(0 size) used buffers - 1/7 (recycle/alloc) - 6/68 (fetch/transfer)
05-24 21:02:04.704 1453 1453 I sh : type=1400 audit(0.0:527): avc: denied { execute } for name="preinstall.sh" dev="dm-0" ino=1168 scontext=u:r:system_server:s0 tcontext=u:object_r:preinstall_exec:s0 tclass=file permissive=1
05-24 21:02:04.902 471 893 D BufferPoolAccessor2.0: bufferpool2 0xe993ddd8 : 0(0 size) total buffers - 0(0 size) used buffers - 2/7 (recycle/alloc) - 5/76 (fetch/transfer)
05-24 21:02:04.902 471 893 D BufferPoolAccessor2.0: bufferpool2 0xe9ac0918 : 0(0 size) total buffers - 0(0 size) used buffers - 1/7 (recycle/alloc) - 16/294 (fetch/transfer)
05-24 21:02:04.902 471 893 D BufferPoolAccessor2.0: bufferpool2 0xe993db58 : 0(0 size) total buffers - 0(0 size) used buffers - 2/7 (recycle/alloc) - 5/46 (fetch/transfer)
05-24 21:02:04.902 471 893 D BufferPoolAccessor2.0: evictor expired: 4, evicted: 4
05-24 21:02:04.906 1086 1441 D View :
05-24 21:02:04.907 1086 1441 D View :
05-24 21:02:04.917 388 752 D BufferPoolAccessor2.0: bufferpool2 0xe97cb418 : 0(0 size) total buffers - 0(0 size) used buffers - 32/36 (recycle/alloc) - 4/35 (fetch/transfer)
05-24 21:02:04.917 388 752 D BufferPoolAccessor2.0: bufferpool2 0xe97cb558 : 0(0 size) total buffers - 0(0 size) used buffers - 28/32 (recycle/alloc) - 4/31 (fetch/transfer)
05-24 21:02:04.917 388 752 D BufferPoolAccessor2.0: bufferpool2 0xe97cb198 : 0(0 size) total buffers - 0(0 size) used buffers - 17/21 (recycle/alloc) - 4/20 (fetch/transfer)
05-24 21:02:04.917 388 752 D BufferPoolAccessor2.0: evictor expired: 3, evicted: 3
05-24 21:02:04.919 1086 1441 D View :
05-24 21:02:04.920 1086 1441 D View :
05-24 21:02:04.920 1086 1441 D View :
05-24 21:02:04.921 1086 1441 D View :
05-24 21:02:04.923 401 416 I adbd : jdwp connection from 1475
05-24 21:02:04.930 1086 1441 D View :
05-24 21:02:04.931 1086 1441 D View :
05-24 21:02:04.932 1086 1441 D View :
05-24 21:02:04.934 1086 1441 D View :
05-24 21:02:04.936 1086 1441 D View :
05-24 21:02:04.937 1086 1441 D View :
05-24 21:02:04.946 1086 1441 D View :
05-24 21:02:04.953 1086 1441 D View :
05-24 21:02:04.956 1086 1441 D View :
05-24 21:02:04.964 1086 1441 D View :
05-24 21:02:04.965 1086 1441 D View :
05-24 21:02:04.975 471 1182 I ActivityManager: com.android.managedprovisioning is exempt from freezer
05-24 21:02:04.978 471 1182 D CompatibilityChangeReporter: Compat change id reported: 135634846; UID 10026; state: DISABLED
05-24 21:02:04.978 471 1182 D CompatibilityChangeReporter: Compat change id reported: 177438394; UID 10026; state: DISABLED
05-24 21:02:04.978 471 1182 D CompatibilityChangeReporter: Compat change id reported: 135772972; UID 10026; state: DISABLED
05-24 21:02:04.978 471 1182 D CompatibilityChangeReporter: Compat change id reported: 135754954; UID 10026; state: ENABLED
05-24 21:02:04.985 1086 1441 D View :
05-24 21:02:04.986 471 540 W ActivityManager: Slow operation: 238ms so far, now at startProcess: done updating battery stats
05-24 21:02:04.987 471 540 W ActivityManager: Slow operation: 239ms so far, now at startProcess: building log message
05-24 21:02:04.988 471 540 I ActivityManager: app.processName = com.android.dynsystem:dynsystem
05-24 21:02:04.988 471 540 I ActivityManager: Start proc 1475:com.android.dynsystem:dynsystem/1000 for service {com.android.dynsystem/com.android.dynsystem.DynamicSystemInstallationService}
05-24 21:02:04.988 471 540 W ActivityManager: Slow operation: 240ms so far, now at startProcess: starting to update pids map
05-24 21:02:04.997 471 540 W ActivityManager: Slow operation: 249ms so far, now at startProcess: done updating pids map
05-24 21:02:04.998 471 1324 W system_server: Long monitor contention with owner backup-0 (1030) at boolean com.android.server.am.ActivityManagerService.unbindService(android.app.IServiceConnection)(ActivityManagerService.java:12086) waiters=2 in android.content.ComponentName com.android.server.am.ActivityManagerService.startService(android.app.IApplicationThread, android.content.Intent, java.lang.String, boolean, java.lang.String, java.lang.String, int) for 143ms
05-24 21:02:04.999 471 540 D CompatibilityChangeReporter: Compat change id reported: 143937733; UID 10026; state: ENABLED
05-24 21:02:05.012 1086 1441 D View :
05-24 21:02:05.013 471 1324 W ActivityManager: Unable to start service Intent { act=com.cvte.tv.api.TV_API_SERVICE pkg=com.cvte.tv.api.impl } U=0: not found
05-24 21:02:05.014 1086 1441 D View :
05-24 21:02:05.015 1086 1441 D View :
05-24 21:02:05.024 1086 1441 D View :
05-24 21:02:05.025 1086 1441 D View :
05-24 21:02:05.025 1086 1441 D View :
05-24 21:02:05.027 1113 1113 D aaa : LedStatusService onStartCommand begin
05-24 21:02:05.031 1113 1498 D aaa : topPkg is -------------- :com.dangbei.leard.leradlauncher
05-24 21:02:05.035 1086 1107 I OpenGLRenderer: Davey! duration=9223372009668ms; Flags=0, FrameTimelineVsyncId=655, IntendedVsync=27186262865, Vsync=27269596195, InputEventId=0, HandleInputStart=27270685261, AnimationStart=27270694178, PerformTraversalsStart=27270698345, DrawStart=27271014053, FrameDeadline=27219596197, FrameInterval=27270657553, FrameStartTime=16666666, SyncQueued=27273033928, SyncStart=27273111178, IssueDrawCommandsStart=27273674303, SwapBuffers=27279583511, FrameCompleted=9223372036854775807, DequeueBufferDuration=81000, QueueBufferDuration=775917, GpuCompleted=9223372036854775807, SwapBuffersCompleted=27283341428, DisplayPresentTime=0,
05-24 21:02:05.037 1319 1319 W ContextImpl: Calling a method in the system process without a qualified user: android.app.ContextImpl.bindService:1895 android.content.ContextWrapper.bindService:810 com.cvte.tv.api.TvApiSDKManager.getTvApi:362 com.dangbei.rocky.component.system.SystemControlUtils.initSystemAidl:83 com.dangbei.rocky.component.system.SystemComponent.onAttached:38
05-24 21:02:05.054 247 247 D Zygote : Forked child process 1500
05-24 21:02:05.058 1086 1441 D View :
05-24 21:02:05.059 1086 1441 D View :
05-24 21:02:05.063 1086 1441 D View :
05-24 21:02:05.065 471 540 W ActivityManager: Slow operation: 94ms so far, now at startProcess: returned from zygote!
05-24 21:02:05.067 471 810 D CompatibilityChangeReporter: Compat change id reported: 135634846; UID 10030; state: DISABLED
05-24 21:02:05.069 471 1030 I BackupManagerService: [UserID:0] Found 104 stale backup journal(s), scheduling.
05-24 21:02:05.069 1500 1500 I Zygote : seccomp disabled by setenforce 0
05-24 21:02:05.070 471 1030 V BackupManagerConstants: getKeyValueBackupIntervalMilliseconds(...) returns 14400000
05-24 21:02:05.070 471 1030 V BackupManagerConstants: getKeyValueBackupFuzzMilliseconds(...) returns 600000
05-24 21:02:05.070 471 1030 V BackupManagerConstants: getKeyValueBackupRequiredNetworkType(...) returns 1
05-24 21:02:05.070 471 1030 V BackupManagerConstants: getKeyValueBackupRequireCharging(...) returns true
05-24 21:02:05.070 471 1030 V KeyValueBackupJob: Scheduling k/v pass in 241 minutes
05-24 21:02:05.074 471 497 W ActivityManager: Unable to start service Intent { act=com.cvte.tv.api.TV_API_SERVICE pkg=com.cvte.tv.api.impl } U=0: not found
05-24 21:02:05.098 1086 1441 D View :
05-24 21:02:05.112 471 518 W Looper : Slow dispatch took 388ms android.fg h=android.os.Handler c=com.android.server.wm.ActivityMetricsLogger$$ExternalSyntheticLambda1@77533e6 m=0
05-24 21:02:05.113 471 518 I ActivityTaskManager: +++Displayed com.dangbei.leard.leradlauncher/com.dangbei.launcher.home.LauncherActivity: +3s805ms
05-24 21:02:05.113 471 518 W Looper : Slow delivery took 395ms android.fg h=android.os.Handler c=com.android.server.wm.ActivityMetricsLogger$$ExternalSyntheticLambda2@7b2bbd4 m=0
05-24 21:02:05.155 401 416 I adbd : jdwp connection from 1500
05-24 21:02:05.162 1086 1441 D View :
05-24 21:02:05.169 1220 1391 I ContactLocale: AddressBook Labels [[zh_CN]]: […, A, B, C, D, E, F, G, H, I, J, K, L, M, N, O, P, Q, R, S, T, U, V, W, X, Y, Z, Α, Β, Γ, Δ, Ε, Ζ, Η, Θ, Ι, Κ, Λ, Μ, Ν, Ξ, Ο, Π, Ρ, Σ, Τ, Υ, Φ, Χ, Ψ, Ω, …, А, Б, В, Г, Д, Ђ, Е, Є, Ж, З, И, І, Й, Ј, К, Л, Љ, М, Н, Њ, О, П, Р, С, Т, Ћ, У, Ф, Х, Ц, Ч, Џ, Ш, Щ, Ю, Я, …, א, ב, ג, ד, ה, ו, ז, ח, ט, י, כ, ל, מ, נ, ס, ע, פ, צ, ק, ר, ש, ת, …, ا, ب, ت, ث, ج, ح, خ, د, ذ, ر, ز, س, ش, ص, ض, ط, ظ, ع, غ, ف, ق, ك, ل, م, ن, ه, و, ي, …, ก, ข, ฃ, ค, ฅ, ฆ, ง, จ, ฉ, ช, ซ, ฌ, ญ, ฎ, ฏ, ฐ, ฑ, ฒ, ณ, ด, ต, ถ, ท, ธ, น, บ, ป, ผ, ฝ, พ, ฟ, ภ, ม, ย, ร, ฤ, ล, ฦ, ว, ศ, ษ, ส, ห, ฬ, อ, ฮ, …, ㄱ, ㄴ, ㄷ, ㄹ, ㅁ, ㅂ, ㅅ, ㅇ, ㅈ, ㅊ, ㅋ, ㅌ, ㅍ, ㅎ, …, あ, か, さ, た, な, は, ま, や, ら, わ, #, …]
05-24 21:02:05.169 1266 1279 I d.process.medi: Background young concurrent copying GC freed 9354(525KB) AllocSpace objects, 0(0B) LOS objects, 88% free, 3049KB/26MB, paused 257us total 122.680ms
05-24 21:02:05.171 1086 1441 D View :
05-24 21:02:05.172 1086 1441 D View :
05-24 21:02:05.173 1086 1441 D View :
05-24 21:02:05.178 471 540 W ActivityManager: Slow operation: 207ms so far, now at startProcess: done updating battery stats
05-24 21:02:05.179 471 540 W ActivityManager: Slow operation: 207ms so far, now at startProcess: building log message
05-24 21:02:05.179 471 540 I ActivityManager: app.processName = com.android.managedprovisioning
05-24 21:02:05.179 471 540 I ActivityManager: Start proc 1500:com.android.managedprovisioning/u0a26 for broadcast {com.android.managedprovisioning/com.android.managedprovisioning.BootReminder}
05-24 21:02:05.179 471 540 W ActivityManager: Slow operation: 208ms so far, now at startProcess: starting to update pids map
05-24 21:02:05.179 471 540 W ActivityManager: Slow operation: 208ms so far, now at startProcess: done updating pids map
05-24 21:02:05.179 471 540 W ActivityManager: Slow operation: 113ms so far, now at startProcess: asking zygote to start proc
05-24 21:02:05.180 471 540 D CompatibilityChangeReporter: Compat change id reported: 143937733; UID 10030; state: DISABLED
05-24 21:02:05.195 471 1182 W system_server: Long monitor contention with owner android.display (521) at void com.android.server.am.ProcessRecord.updateProcessInfo(boolean, boolean, boolean)(ProcessRecord.java:1244) waiters=2 in void com.android.server.am.ActivityManagerService.attachApplication(android.app.IApplicationThread, long) for 101ms
05-24 21:02:05.199 247 247 D Zygote : Forked child process 1521
05-24 21:02:05.200 1086 1441 D View :
05-24 21:02:05.206 471 540 W ActivityManager: Slow operation: 140ms so far, now at startProcess: returned from zygote!
05-24 21:02:05.211 1086 1441 D View :
05-24 21:02:05.211 1086 1441 D View :
05-24 21:02:05.212 1086 1441 D View :
05-24 21:02:05.213 1086 1441 D View :
05-24 21:02:05.214 1521 1521 I Zygote : seccomp disabled by setenforce 0
05-24 21:02:05.241 471 1030 I BackupManagerService: [UserID:0] Stale backup journals: Scheduled 8 package(s) total
05-24 21:02:05.244 401 416 I adbd : jdwp connection from 1521
01-01 08:00:29.887 1432 1432 W audit : audit_lost=119 audit_rate_limit=5 audit_backlog_limit=64
01-01 08:00:29.900 1432 1432 E audit : rate limit exceeded
05-24 21:02:05.257 1086 1441 D View :
05-24 21:02:05.258 471 1182 W ActivityManager: Slow operation: 63ms so far, now at attachApplicationLocked: after mServices.attachApplicationLocked
05-24 21:02:05.262 471 540 W ActivityManager: Slow operation: 195ms so far, now at startProcess: done updating battery stats
05-24 21:02:05.262 471 540 W ActivityManager: Slow operation: 196ms so far, now at startProcess: building log message
05-24 21:02:05.263 471 540 I ActivityManager: app.processName = com.dangbei.screencast
05-24 21:02:05.263 471 540 I ActivityManager: Start proc 1521:com.dangbei.screencast/u0a30 for broadcast {com.dangbei.screencast/com.dangbei.screencast.usb.UsbEventBroadcastReceiver}
05-24 21:02:05.263 471 540 W ActivityManager: Slow operation: 197ms so far, now at startProcess: starting to update pids map
05-24 21:02:05.264 1475 1475 D CompatibilityChangeReporter: Compat change id reported: 171979766; UID 1000; state: ENABLED
05-24 21:02:05.264 471 540 W ActivityManager: Slow operation: 198ms so far, now at startProcess: done updating pids map
05-24 21:02:05.267 1086 1529 I OpenGLRenderer: Davey! duration=9223372009319ms; Flags=0, FrameTimelineVsyncId=688, IntendedVsync=27419598182, Vsync=27419598182, InputEventId=0, HandleInputStart=27420462470, AnimationStart=27420466178, PerformTraversalsStart=27420695845, DrawStart=27420808345, FrameDeadline=27452931514, FrameInterval=27420452428, FrameStartTime=16666666, SyncQueued=27421070803, SyncStart=27536867262, IssueDrawCommandsStart=27537152095, SwapBuffers=27545401178, FrameCompleted=9223372036854775807, DequeueBufferDuration=33750, QueueBufferDuration=1073292, GpuCompleted=9223372036854775807, SwapBuffersCompleted=27557787470, DisplayPresentTime=0,
05-24 21:02:05.268 1086 1441 D View :
05-24 21:02:05.268 1086 1441 D View :
05-24 21:02:05.269 1086 1441 D View :
05-24 21:02:05.269 1086 1441 D View :
05-24 21:02:05.272 471 497 D CompatibilityChangeReporter: Compat change id reported: 168419799; UID 10026; state: DISABLED
05-24 21:02:05.275 471 807 W InputManager-JNI: Input channel object 'b773675 com.android.tv.settings/com.android.tv.settings.system.FallbackHome (client)' was disposed without first being removed with the input manager!
