05-26 14:47:51.484 1043 2984 D skia : --- Failed to create image decoder with message 'unimplemented'
05-26 14:47:51.485 1043 2983 D skia : --- Failed to create image decoder with message 'unimplemented'
05-26 14:47:51.485 1043 2984 D skia : --- Failed to create image decoder with message 'unimplemented'
05-26 14:47:51.486 1043 2986 D skia : --- Failed to create image decoder with message 'unimplemented'
05-26 14:47:51.486 1043 2984 D skia : --- Failed to create image decoder with message 'unimplemented'
05-26 14:47:51.486 1043 2986 D skia : --- Failed to create image decoder with message 'unimplemented'
05-26 14:47:51.487 1043 2984 D skia : --- Failed to create image decoder with message 'unimplemented'
05-26 14:47:51.487 1043 2986 D skia : --- Failed to create image decoder with message 'unimplemented'
05-26 14:47:51.488 1043 2986 D skia : --- Failed to create image decoder with message 'unimplemented'
05-26 14:47:51.488 1043 2986 D skia : --- Failed to create image decoder with message 'unimplemented'
05-26 14:47:51.489 1043 2986 D skia : --- Failed to create image decoder with message 'unimplemented'
05-26 14:47:51.490 1043 2985 D skia : --- Failed to create image decoder with message 'unimplemented'
05-26 14:47:51.491 1043 2985 D skia : --- Failed to create image decoder with message 'unimplemented'
05-26 14:47:51.491 1043 2985 D skia : --- Failed to create image decoder with message 'unimplemented'
05-26 14:47:51.492 1043 2985 D skia : --- Failed to create image decoder with message 'unimplemented'
01-01 08:01:30.355 380 380 I : DVI mode selected: packets not configured
01-01 08:01:30.362 380 380 I : Error: set vsif failed
05-26 14:47:51.520 1043 2986 D skia : --- Failed to create image decoder with message 'unimplemented'
05-26 14:47:51.521 1043 2986 D skia : --- Failed to create image decoder with message 'unimplemented'
05-26 14:47:51.521 1043 2984 D skia : --- Failed to create image decoder with message 'unimplemented'
05-26 14:47:51.522 1043 2986 D skia : --- Failed to create image decoder with message 'unimplemented'
05-26 14:47:51.523 1043 2986 D skia : --- Failed to create image decoder with message 'unimplemented'
05-26 14:47:51.523 1043 2985 D skia : --- Failed to create image decoder with message 'unimplemented'
05-26 14:47:51.524 1043 2986 D skia : --- Failed to create image decoder with message 'unimplemented'
05-26 14:47:51.524 1043 2983 D skia : --- Failed to create image decoder with message 'unimplemented'
05-26 14:47:51.524 1043 2985 D skia : --- Failed to create image decoder with message 'unimplemented'
05-26 14:47:51.524 1043 2986 D skia : --- Failed to create image decoder with message 'unimplemented'
05-26 14:47:51.524 1043 2983 D skia : --- Failed to create image decoder with message 'unimplemented'
05-26 14:47:51.525 1043 2985 D skia : --- Failed to create image decoder with message 'unimplemented'
05-26 14:47:51.525 1043 2985 D skia : --- Failed to create image decoder with message 'unimplemented'
05-26 14:47:51.525 1043 2983 D skia : --- Failed to create image decoder with message 'unimplemented'
05-26 14:47:51.526 1043 2985 D skia : --- Failed to create image decoder with message 'unimplemented'
05-26 14:47:51.526 1043 2983 D skia : --- Failed to create image decoder with message 'unimplemented'
05-26 14:47:51.526 1043 2984 D skia : --- Failed to create image decoder with message 'unimplemented'
05-26 14:47:51.526 1043 2983 D skia : --- Failed to create image decoder with message 'unimplemented'
05-26 14:47:51.527 1043 2984 D skia : --- Failed to create image decoder with message 'unimplemented'
05-26 14:47:51.527 1043 2983 D skia : --- Failed to create image decoder with message 'unimplemented'
05-26 14:47:51.528 1043 2984 D skia : --- Failed to create image decoder with message 'unimplemented'
05-26 14:47:51.528 1043 2984 D skia : --- Failed to create image decoder with message 'unimplemented'
05-26 14:47:51.529 1043 2984 D skia : --- Failed to create image decoder with message 'unimplemented'
05-26 14:47:51.530 1043 2985 D skia : --- Failed to create image decoder with message 'unimplemented'
05-26 14:47:51.551 272 300 I gralloc : alloc buffer:W:1920 H:1080 S:1920 PL[1920 1080] SZ:8294400 fmt:1 if:0 af:1 usg:966 fg:00000004
01-01 08:01:30.439 380 380 I : DVI mode selected: packets not configured
01-01 08:01:30.446 380 380 I : Error: set vsif failed
05-26 14:47:51.665 659 659 E WifiHAL : wifi_get_link_stats: requestResponse Error:-5
05-26 14:47:51.668 471 607 E WifiVendorHal: getWifiLinkLayerStats_1_5_Internal(l.1191) failed {.code = ERROR_INVALID_ARGS, .description = }
05-26 14:47:51.806 471 575 I ActivityManager: Killing 1475:com.android.dynsystem:dynsystem/1000 (adj 985): empty #17
05-26 14:47:51.812 471 541 I libprocessgroup: Successfully killed process cgroup uid 1000 pid 1475 in 0ms
05-26 14:47:51.840 247 247 I Zygote : Process 1475 exited due to signal 9 (Killed)
05-26 14:47:52.047 317 2918 D XM_HIDREAD: poll ret=1, event=1
05-26 14:47:52.047 317 2918 D XM_HIDREAD: [9 bytes]:01 00 00 28 00 00 00 00 00
05-26 14:47:52.047 471 595 D TvWindowManager: key event key = KEYCODE_DPAD_CENTER down = true
05-26 14:47:52.048 471 594 D GpioService: mFlickerEnable = true
05-26 14:47:52.187 317 2918 D XM_HIDREAD: poll ret=1, event=1
05-26 14:47:52.187 317 2918 D XM_HIDREAD: [9 bytes]:01 00 00 00 00 00 00 00 00
05-26 14:47:52.187 471 595 D TvWindowManager: key event key = KEYCODE_DPAD_CENTER down = false
05-26 14:47:52.195 280 293 D hdmi-cec: receive invalid cec message!
05-26 14:47:52.195 280 293 D hdmi-cec: receive poll message [04], skip!
05-26 14:47:52.197 471 594 D GpioService: mFlickerEnable = true
05-26 14:47:52.198 2225 2225 I SogouIME: onKeyDown: keyoCode=23
05-26 14:47:52.198 2225 2225 I DefaultIMS: onKeyDown: keyoCode=23
05-26 14:47:52.199 2225 2225 I SogouIME: onKeyUp: keyoCode=23
05-26 14:47:52.199 2225 2225 I DefaultIMS: onKeyUp: keyoCode=23
05-26 14:47:52.201 1043 1251 E ccc : cccccc SideHelper onMessage side_function_tag_pre_setting do
05-26 14:47:52.201 1043 1251 E ccc : cccccc doSetting uri is haqu://setting:8080/home
05-26 14:47:52.202 1043 1251 W ContextImpl: Calling a method in the system process without a qualified user: android.app.ContextImpl.startActivity:1055 android.content.ContextWrapper.startActivity:411 com.dangbei.etna.setting.function.side.SideHelper.doSetting:182 com.dangbei.etna.setting.function.side.SideHelper.onMessage:45 com.dangbei.etna.setting.ui.side.view.SideItemView$onClick$1$1.invokeSuspend:82
05-26 14:47:52.202 1043 1251 W ContextImpl: Calling a method in the system process without a qualified user: android.app.ContextImpl.startActivity:1067 android.app.ContextImpl.startActivity:1056 android.content.ContextWrapper.startActivity:411 com.dangbei.etna.setting.function.side.SideHelper.doSetting:182 com.dangbei.etna.setting.function.side.SideHelper.onMessage:45
05-26 14:47:52.205 471 655 I ActivityStarter: ---START u0 {dat=haqu://setting:8080/home flg=0x10000000 pkg=com.dangbei.haqusetting cmp=com.dangbei.haqusetting/.ui.HomeActivity} from uid 1000
05-26 14:47:52.210 471 655 W ActivityTaskManager: Can't find TaskDisplayArea to determine support for multi window. Task id=86 attached=false
05-26 14:47:52.213 471 655 D CompatibilityChangeReporter: Compat change id reported: 174042980; UID 1000; state: DISABLED
05-26 14:47:52.216 279 279 I AW_PowerHAL: Power setMode: LAUNCH to: 1
05-26 14:47:52.228 1043 1043 E ccc : cccccc LifecycleFrameLayout onDetachedFromWindow
05-26 14:47:52.229 471 521 I ActivityManager: com.dangbei.haqusetting is exempt from freezer
05-26 14:47:52.235 471 521 D CompatibilityChangeReporter: Compat change id reported: 135634846; UID 1000; state: DISABLED
05-26 14:47:52.246 279 279 I AW_PowerHAL: cur-mode:LAUNCH
05-26 14:47:52.246 471 575 W InputManager-JNI: Input channel object '70aea33 com.dangbei.lerad.etna.haqu (client)' was disposed without first being removed with the input manager!
05-26 14:47:52.253 247 247 D Zygote : Forked child process 2991
05-26 14:47:52.254 471 540 I ActivityManager: app.processName = com.dangbei.haqusetting
05-26 14:47:52.254 471 540 I ActivityManager: Start proc 2991:com.dangbei.haqusetting/1000 for pre-top-activity {com.dangbei.haqusetting/com.dangbei.haqusetting.ui.HomeActivity}
05-26 14:47:52.260 2991 2991 I Zygote : seccomp disabled by setenforce 0
05-26 14:47:52.281 290 290 I BpBinder: onLastStrongRef automatically unlinking death recipients:
05-26 14:47:52.303 401 416 I adbd : jdwp connection from 2991
05-26 14:47:52.303 1086 1312 W SQLiteLog: (28) double-quoted string literal: "
05-26 14:47:52.303 1086 1312 W SQLiteLog: (28) double-quoted string literal: "5664E776FFA3755E7BBDE7A78E309AF3"
05-26 14:47:52.309 2225 2225 I DefaultIMS: onStartInput attribute=android.view.inputmethod.EditorInfo@9867b1d restarting=false inputType: 0
05-26 14:47:52.318 471 520 W IorapForwardingService: No service published for: iorapd
05-26 14:47:52.326 471 575 D AW_CODE : rotation =0
05-26 14:47:52.328 471 575 D CompatibilityChangeReporter: Compat change id reported: 181136395; UID 1000; state: DISABLED
05-26 14:47:52.329 471 575 D CompatibilityChangeReporter: Compat change id reported: 174042936; UID 1000; state: DISABLED
05-26 14:47:52.336 2991 2991 D CompatibilityChangeReporter: Compat change id reported: 171979766; UID 1000; state: ENABLED
05-26 14:47:52.344 678 678 D TvPipController: onTaskStackChanged()
05-26 14:47:52.416 2991 2991 V GraphicsEnvironment: ANGLE Developer option for 'com.dangbei.haqusetting' set to: 'default'
05-26 14:47:52.416 2991 2991 V GraphicsEnvironment: Neither updatable production driver nor prerelease driver is supported.
05-26 14:47:52.417 2991 2991 D NetworkSecurityConfig: No Network Security Config specified, using platform default
05-26 14:47:52.417 2991 2991 D NetworkSecurityConfig: No Network Security Config specified, using platform default
05-26 14:47:52.440 2991 2991 I MultiDex: VM with version 2.1.0 has multidex support
05-26 14:47:52.440 2991 2991 I MultiDex: Installing application
05-26 14:47:52.440 2991 2991 I MultiDex: VM has multidex support, MultiDex support library is disabled.
05-26 14:47:52.462 2991 2991 E ccc : cccccc HaquSettingApplication app onCreate start
05-26 14:47:52.490 2991 2991 E ccc : cccccc HaquSettingApplication app onCreate end
05-26 14:47:52.502 2991 3012 W ContextImpl: Calling a method in the system process without a qualified user: android.app.ContextImpl.bindService:1895 android.content.ContextWrapper.bindService:810 com.dangbei.lerad.etna.lib.client.EtnaClient.bindServer:138 com.dangbei.lerad.etna.lib.client.EtnaClient.access$600:29 com.dangbei.lerad.etna.lib.client.EtnaClient$3.call:205
05-26 14:47:52.572 1043 2987 E ccc : cccccc etnaService addListener com.dangbei.lerad.etna.aidl.IEtnaAidlListener$Stub$Proxy@272a1f5 com.dangbei.haqusetting
05-26 14:47:52.572 2991 2991 E ccc : cccccc etna-haqu-connected
05-26 14:47:52.620 185 185 I hwservicemanager: getTransport: Cannot find entry android.hardware.configstore@1.0::ISurfaceFlingerConfigs/default in either framework or device VINTF manifest.
05-26 14:47:52.639 290 529 E HWComposer: getSupportedContentTypes: getSupportedContentTypes failed for display 0: Unsupported (8)
05-26 14:47:52.641 185 185 I hwservicemanager: getTransport: Cannot find entry android.hardware.graphics.mapper@4.0::IMapper/default in either framework or device VINTF manifest.
05-26 14:47:52.641 2991 3027 I Gralloc4: mapper 4.x is not supported
05-26 14:47:52.641 185 185 I hwservicemanager: getTransport: Cannot find entry android.hardware.graphics.mapper@3.0::IMapper/default in either framework or device VINTF manifest.
05-26 14:47:52.642 2991 3027 W Gralloc3: mapper 3.x is not supported
05-26 14:47:52.645 2991 3027 E gralloc : Arm Module v1.0
05-26 14:47:52.646 185 185 I hwservicemanager: getTransport: Cannot find entry android.hardware.graphics.allocator@4.0::IAllocator/default in either framework or device VINTF manifest.
05-26 14:47:52.646 2991 3027 W Gralloc4: allocator 4.x is not supported
05-26 14:47:52.646 185 185 I hwservicemanager: getTransport: Cannot find entry android.hardware.graphics.allocator@3.0::IAllocator/default in either framework or device VINTF manifest.
05-26 14:47:52.647 2991 3027 W Gralloc3: allocator 3.x is not supported
05-26 14:47:52.648 272 300 I gralloc : alloc buffer:W:1920 H:1080 S:1920 PL[1920 1080] SZ:8294400 fmt:1 if:0 af:1 usg:20000b00 fg:00000004
05-26 14:47:52.648 2991 3027 E ion : ioctl c0044901 failed with code -1: Inappropriate ioctl for device
05-26 14:47:52.650 272 300 I gralloc : alloc buffer:W:1920 H:1080 S:1920 PL[1920 1080] SZ:8294400 fmt:1 if:0 af:1 usg:20000b00 fg:00000004
05-26 14:47:52.651 272 300 I gralloc : alloc buffer:W:1920 H:1080 S:1920 PL[1920 1080] SZ:8294400 fmt:1 if:0 af:1 usg:20000b00 fg:00000004
05-26 14:47:52.682 471 518 I ActivityTaskManager: +++Displayed com.dangbei.haqusetting/.ui.HomeActivity: +469ms
05-26 14:47:52.686 2991 2991 W RecyclerView: No adapter attached; skipping layout
05-26 14:47:52.692 2225 2225 I DefaultIMS: onStartInput attribute=android.view.inputmethod.EditorInfo@d337192 restarting=false inputType: 0
05-26 14:47:52.702 279 279 I AW_PowerHAL: Power setMode: LAUNCH to: 0
05-26 14:47:52.703 279 279 I AW_PowerHAL: cur-mode:SCHEDUTIL
05-26 14:47:52.706 2991 3004 I OpenGLRenderer: Davey! duration=9223371947651ms; Flags=0, FrameTimelineVsyncId=2939, IntendedVsync=89202936996, Vsync=89202936996, InputEventId=0, HandleInputStart=89205534249, AnimationStart=89205537416, PerformTraversalsStart=89205540291, DrawStart=89208497416, FrameDeadline=89219603662, FrameInterval=89205526749, FrameStartTime=16666666, SyncQueued=89209684874, SyncStart=89209762749, IssueDrawCommandsStart=89209913791, SwapBuffers=89214792666, FrameCompleted=9223372036854775807, DequeueBufferDuration=35458, QueueBufferDuration=1531875, GpuCompleted=9223372036854775807, SwapBuffersCompleted=89218699249, DisplayPresentTime=0,
01-01 08:01:31.667 1792 1792 W audit : audit_lost=673 audit_rate_limit=5 audit_backlog_limit=64
05-26 14:47:52.799 1521 1521 I efs-base: type=1400 audit(0.0:1200): avc: denied { search } for name="com.dangbei.screencast" dev="mmcblk0p25" ino=905 scontext=u:r:platform_app:s0:c512,c768 tcontext=u:object_r:app_data_file:s0:c512,c768 tclass=dir permissive=1 app=com.dangbei.screencast
01-01 08:01:31.705 1792 1792 E audit : rate limit exceeded
05-26 14:47:52.799 1521 1521 I efs-base: type=1400 audit(0.0:1201): avc: denied { open } for path="/data/user/0/com.dangbei.screencast/app_UApm/5fc60c21094d637f3130af19/ready/1521/wa_none_1_1_1521_2528_1748091726967" dev="mmcblk0p25" ino=39881 scontext=u:r:platform_app:s0:c512,c768 tcontext=u:object_r:app_data_file:s0:c512,c768 tclass=file permissive=1 app=com.dangbei.screencast
05-26 14:47:52.885 275 380 D sunxihwc: checkPerformance: PerfMonitor total[w]: 83 acquire: 40 submit: 0 release: 43
05-26 14:47:52.895 1043 2987 E ccc : cccccc UpdateHelper onMessageReceived com.dangbei.haqusetting com.dangbei.etna.update {"action":"get","functionTag":"leaf_controller_function_controller_dangbei_update","value":0} com.dangbei.lerad.etna.aidl.IEtnaAidlCallback$Stub$Proxy@a5cb8a
05-26 14:47:52.897 1043 2987 E RCInfo : vid:000d
05-26 14:47:52.897 1043 2987 E RCInfo : pid:3838
05-26 14:47:52.903 1043 2987 D BluetoothGatt: connect() - device: E4:BB:D3:57:C0:22, auto: true
05-26 14:47:52.903 1043 2987 D BluetoothGatt: registerApp()
05-26 14:47:52.903 1043 2987 D BluetoothGatt: registerApp() - UUID=8c348ef4-1810-43c5-bfdd-220d599d4190
05-26 14:47:52.904 665 981 I bluetooth: system/bt/stack/gatt/gatt_api.cc:1019 GATT_Register: Allocated name:GattClient uuid:9b2bcbc6-955a-76f3-d323-5fecb2396203 gatt_if:6 eatt_support:0
05-26 14:47:52.904 665 981 I bt_bta_gattc: system/bt/bta/gatt/bta_gattc_act.cc:1110 bta_gattc_conn_cback: Connected att_id:6 transport:le reason:GATT_CONN_OK
05-26 14:47:52.905 1043 2987 D BluetoothGatt: onClientRegistered() - status=0 clientIf=6
05-26 14:47:52.907 1043 1071 D BluetoothGatt: connect() - device: E4:BB:D3:57:C0:22, auto: true
05-26 14:47:52.907 1043 1071 D BluetoothGatt: registerApp()
05-26 14:47:52.907 1043 1071 D BluetoothGatt: registerApp() - UUID=ca26234a-786e-48aa-b31c-3ebe57ad2d8a
05-26 14:47:52.908 665 981 I bluetooth: system/bt/stack/gatt/gatt_api.cc:1019 GATT_Register: Allocated name:GattClient uuid:910e2123-38d5-8e05-3fb4-5a970cb36e5e gatt_if:7 eatt_support:0
05-26 14:47:52.908 665 981 I bt_bta_gattc: system/bt/bta/gatt/bta_gattc_act.cc:1110 bta_gattc_conn_cback: Connected att_id:7 transport:le reason:GATT_CONN_OK
05-26 14:47:52.908 1043 1063 D BluetoothGatt: onClientRegistered() - status=0 clientIf=7
05-26 14:47:52.909 1043 1071 E ccc : cccccc 请求电量实时 -1
05-26 14:47:52.910 665 853 I bt_btif_config: system/bt/btif/src/btif_config.cc:137 btif_get_device_type: Device [e4:bb:d3:57:c0:22] device type 2
05-26 14:47:52.910 1043 1063 D BluetoothGatt: onClientConnectionState() - status=0 clientIf=7 device=E4:BB:D3:57:C0:22
05-26 14:47:52.910 1043 1063 D BluetoothGatt: discoverServices() - device: E4:BB:D3:57:C0:22
05-26 14:47:52.799 1521 1521 I efs-base: type=1400 audit(0.0:1202): avc: denied { write } for name="upload" dev="mmcblk0p25" ino=2897 scontext=u:r:platform_app:s0:c512,c768 tcontext=u:object_r:app_data_file:s0:c512,c768 tclass=dir permissive=1 app=com.dangbei.screencast
05-26 14:47:52.927 665 853 I bt_bta_gattc: system/bt/bta/gatt/bta_gattc_cache.cc:902 bta_gattc_get_gatt_db: bta_gattc_get_gatt_db
05-26 14:47:52.931 665 853 I bt_btif_config: system/bt/btif/src/btif_config.cc:137 btif_get_device_type: Device [e4:bb:d3:57:c0:22] device type 2
05-26 14:47:52.933 1043 1063 D BluetoothGatt: onClientConnectionState() - status=0 clientIf=6 device=E4:BB:D3:57:C0:22
05-26 14:47:52.933 1043 1063 D BluetoothGatt: discoverServices() - device: E4:BB:D3:57:C0:22
05-26 14:47:52.942 1043 2987 D BluetoothGatt: onSearchComplete() = Device=E4:BB:D3:57:C0:22 Status=0
05-26 14:47:52.945 257 1619 E bt_upio : upio_set : /proc/bluetooth/sleep/btwrite(-1) incorrent
05-26 14:47:52.947 665 853 I bt_bta_gattc: system/bt/bta/gatt/bta_gattc_cache.cc:902 bta_gattc_get_gatt_db: bta_gattc_get_gatt_db
05-26 14:47:52.799 1521 1521 I efs-base: type=1400 audit(0.0:1203): avc: denied { add_name } for name="wa_gzip_1_1_1521_6272_1748242072804" scontext=u:r:platform_app:s0:c512,c768 tcontext=u:object_r:app_data_file:s0:c512,c768 tclass=dir permissive=1 app=com.dangbei.screencast
05-26 14:47:52.949 1043 2987 D BluetoothGatt: onSearchComplete() = Device=E4:BB:D3:57:C0:22 Status=0
05-26 14:47:52.799 1521 1521 I efs-base: type=1400 audit(0.0:1204): avc: denied { create } for name="wa_gzip_1_1_1521_6272_1748242072804" scontext=u:r:platform_app:s0:c512,c768 tcontext=u:object_r:app_data_file:s0:c512,c768 tclass=file permissive=1 app=com.dangbei.screencast
05-26 14:47:52.988 471 2892 D ConnectivityService: requestNetwork for uid/pid:1000/2991 activeRequest: null callbackRequest: 41 [NetworkRequest [ REQUEST id=42, [ Capabilities: INTERNET&NOT_RESTRICTED&TRUSTED&NOT_VCN_MANAGED Uid: 1000 RequestorUid: 1000 RequestorPkg: com.dangbei.haqusetting] ]] callback flags: 0 priority: 2147483647
05-26 14:47:52.990 471 614 D ConnectivityService: NetReassign [42 : null → 100]
05-26 14:47:52.993 2225 2225 I DefaultIMS: onStartInput attribute=android.view.inputmethod.EditorInfo@46e0763 restarting=false inputType: 0
05-26 14:47:52.995 471 650 D Ethernet: got request NetworkRequest [ REQUEST id=42, [ Capabilities: INTERNET&NOT_RESTRICTED&TRUSTED&NOT_VCN_MANAGED Uid: 1000 RequestorUid: 1000 RequestorPkg: com.dangbei.haqusetting] ]
05-26 14:47:52.995 471 650 D EthernetNetworkFactory: acceptRequest, request: NetworkRequest [ REQUEST id=42, [ Capabilities: INTERNET&NOT_RESTRICTED&TRUSTED&NOT_VCN_MANAGED Uid: 1000 RequestorUid: 1000 RequestorPkg: com.dangbei.haqusetting] ]
05-26 14:47:52.995 471 607 D WifiNetworkFactory: got request NetworkRequest [ REQUEST id=42, [ Capabilities: INTERNET&NOT_RESTRICTED&TRUSTED&NOT_VCN_MANAGED Uid: 1000 RequestorUid: 1000 RequestorPkg: com.dangbei.haqusetting] ]
05-26 14:47:52.995 471 650 I EthernetNetworkFactory: networkForRequest, request: NetworkRequest [ REQUEST id=42, [ Capabilities: INTERNET&NOT_RESTRICTED&TRUSTED&NOT_VCN_MANAGED Uid: 1000 RequestorUid: 1000 RequestorPkg: com.dangbei.haqusetting] ], network: null
05-26 14:47:52.995 471 607 D UntrustedWifiNetworkFactory: got request NetworkRequest [ REQUEST id=42, [ Capabilities: INTERNET&NOT_RESTRICTED&TRUSTED&NOT_VCN_MANAGED Uid: 1000 RequestorUid: 1000 RequestorPkg: com.dangbei.haqusetting] ]
05-26 14:47:52.995 471 607 D OemPaidWifiNetworkFactory: got request NetworkRequest [ REQUEST id=42, [ Capabilities: INTERNET&NOT_RESTRICTED&TRUSTED&NOT_VCN_MANAGED Uid: 1000 RequestorUid: 1000 RequestorPkg: com.dangbei.haqusetting] ]
05-26 14:47:53.020 2991 3021 I OpenGLRenderer: Davey! duration=9223371947435ms; Flags=0, FrameTimelineVsyncId=2964, IntendedVsync=89419594419, Vsync=89419594419, InputEventId=0, HandleInputStart=89420187791, AnimationStart=89420190541, PerformTraversalsStart=89420193166, DrawStart=89495726416, FrameDeadline=89452927751, FrameInterval=89420181624, FrameStartTime=16666666, SyncQueued=89498468666, SyncStart=89498536291, IssueDrawCommandsStart=89498983083, SwapBuffers=89528369374, FrameCompleted=9223372036854775807, DequeueBufferDuration=38542, QueueBufferDuration=1566958, GpuCompleted=9223372036854775807, SwapBuffersCompleted=89531229916, DisplayPresentTime=0,
05-26 14:47:53.037 2991 3006 I OpenGLRenderer: Davey! duration=9223371947318ms; Flags=0, FrameTimelineVsyncId=2980, IntendedVsync=89536194594, Vsync=89536194594, InputEventId=0, HandleInputStart=89536870874, AnimationStart=89536874874, PerformTraversalsStart=89536877708, DrawStart=89538097499, FrameDeadline=89569527926, FrameInterval=89536860166, FrameStartTime=16666666, SyncQueued=89539028583, SyncStart=89539337624, IssueDrawCommandsStart=89540525416, SwapBuffers=89543847249, FrameCompleted=9223372036854775807, DequeueBufferDuration=59083, QueueBufferDuration=1056125, GpuCompleted=9223372036854775807, SwapBuffersCompleted=89545802583, DisplayPresentTime=0,
05-26 14:47:53.052 2991 3021 I OpenGLRenderer: Davey! duration=9223371947301ms; Flags=0, FrameTimelineVsyncId=2983, IntendedVsync=89552880062, Vsync=89552880062, InputEventId=0, HandleInputStart=89553495041, AnimationStart=89553499833, PerformTraversalsStart=89553503333, DrawStart=89554453041, FrameDeadline=89586213394, FrameInterval=89553483249, FrameStartTime=16666666, SyncQueued=89555611208, SyncStart=89555975249, IssueDrawCommandsStart=89557160083, SwapBuffers=89564752874, FrameCompleted=9223372036854775807, DequeueBufferDuration=1018125, QueueBufferDuration=792042, GpuCompleted=9223372036854775807, SwapBuffersCompleted=89566133583, DisplayPresentTime=0,
05-26 14:47:53.068 2991 3006 I OpenGLRenderer: Davey! duration=9223371947284ms; Flags=0, FrameTimelineVsyncId=2985, IntendedVsync=89569551593, Vsync=89569551593, InputEventId=0, HandleInputStart=89570073666, AnimationStart=89570077666, PerformTraversalsStart=89570080666, DrawStart=89570863999, FrameDeadline=89602884925, FrameInterval=89570065666, FrameStartTime=16666666, SyncQueued=89571902166, SyncStart=89572356499, IssueDrawCommandsStart=89573000916, SwapBuffers=89576359458, FrameCompleted=9223372036854775807, DequeueBufferDuration=51375, QueueBufferDuration=929125, GpuCompleted=9223372036854775807, SwapBuffersCompleted=89577920999, DisplayPresentTime=0,
05-26 14:47:53.085 2991 3021 I OpenGLRenderer: Davey! duration=9223371947268ms; Flags=0, FrameTimelineVsyncId=2987, IntendedVsync=89586222503, Vsync=89586222503, InputEventId=0, HandleInputStart=89586763999, AnimationStart=89586767666, PerformTraversalsStart=89586770624, DrawStart=89586860374, FrameDeadline=89619555835, FrameInterval=89586754624, FrameStartTime=16666666, SyncQueued=89587477583, SyncStart=89587892208, IssueDrawCommandsStart=89589462958, SwapBuffers=89592962041, FrameCompleted=9223372036854775807, DequeueBufferDuration=34667, QueueBufferDuration=1582417, GpuCompleted=9223372036854775807, SwapBuffersCompleted=89595203958, DisplayPresentTime=0,
05-26 14:47:53.103 2991 3021 I OpenGLRenderer: Davey! duration=9223371947251ms; Flags=0, FrameTimelineVsyncId=2989, IntendedVsync=89602896016, Vsync=89602896016, InputEventId=0, HandleInputStart=89603472999, AnimationStart=89603476583, PerformTraversalsStart=89603479958, DrawStart=89603579166, FrameDeadline=89636229348, FrameInterval=89603464041, FrameStartTime=16666666, SyncQueued=89604196541, SyncStart=89604303458, IssueDrawCommandsStart=89606306499, SwapBuffers=89609712041, FrameCompleted=9223372036854775807, DequeueBufferDuration=35125, QueueBufferDuration=1092333, GpuCompleted=9223372036854775807, SwapBuffersCompleted=89611580833, DisplayPresentTime=0,
05-26 14:47:53.168 275 389 D DisplayConfig: virtual Return vendor::display::config::V1_0::implementation::DisplayConfig::getSupportedModes(int32_t, vendor::display::config::V1_0::IDisplayConfig::getSupportedModes_cb): display[0] ret=0, supported modes count(9)
05-26 14:47:53.170 275 275 W displayd: xxxxxxx: hdmi user strategy: 255
05-26 14:47:53.170 275 275 W displayd: xxxxxxx: getHDMINativeMode: use perfect hdmi mode(10) as native mode
05-26 14:47:53.170 1043 2987 D DisplayOutputImpl: getDisplayOutputMode = 10 , 255 , true
05-26 14:47:53.171 275 275 D DisplayConfig: virtual Return vendor::display::config::V1_0::implementation::DisplayConfig::getSupportedModes(int32_t, vendor::display::config::V1_0::IDisplayConfig::getSupportedModes_cb): display[0] ret=0, supported modes count(9)
05-26 14:47:53.172 275 275 W displayd: xxxxxxx: hdmi user strategy: 255
05-26 14:47:53.172 275 275 W displayd: xxxxxxx: getHDMINativeMode: use perfect hdmi mode(10) as native mode
05-26 14:47:53.172 1043 2987 D DisplayOutputImpl: getDisplayOutputMode = 10 , 255 , true
05-26 14:47:53.173 1043 2987 D DisplayOutputImpl: updateSupportModes type = 4
05-26 14:47:53.173 275 275 D DisplayConfig: virtual Return vendor::display::config::V1_0::implementation::DisplayConfig::getSupportedModes(int32_t, vendor::display::config::V1_0::IDisplayConfig::getSupportedModes_cb): display[0] ret=0, supported modes count(9)
05-26 14:47:53.173 275 275 D DisplayConfig: virtual Return vendor::display::config::V1_0::implementation::DisplayConfig::getSupportedModes(int32_t, vendor::display::config::V1_0::IDisplayConfig::getSupportedModes_cb): display[0] ret=0, supported modes count(9)
05-26 14:47:53.174 275 275 W displayd: xxxxxxx: hdmi user strategy: 255
05-26 14:47:53.174 275 275 W displayd: xxxxxxx: getHDMINativeMode: use perfect hdmi mode(10) as native mode
05-26 14:47:53.174 1043 2987 D DisplayOutputImpl: updateSupportModes = 10 , 255 , true
05-26 14:47:53.174 1043 2987 D DisplayOutputImpl: updateSupportModes type = 4
05-26 14:47:53.175 275 275 D DisplayConfig: virtual Return vendor::display::config::V1_0::implementation::DisplayConfig::getSupportedModes(int32_t, vendor::display::config::V1_0::IDisplayConfig::getSupportedModes_cb): display[0] ret=0, supported modes count(9)
05-26 14:47:53.175 275 389 D DisplayConfig: virtual Return vendor::display::config::V1_0::implementation::DisplayConfig::getSupportedModes(int32_t, vendor::display::config::V1_0::IDisplayConfig::getSupportedModes_cb): display[0] ret=0, supported modes count(9)
05-26 14:47:53.176 275 389 W displayd: xxxxxxx: hdmi user strategy: 255
05-26 14:47:53.177 275 389 W displayd: xxxxxxx: getHDMINativeMode: use perfect hdmi mode(10) as native mode
05-26 14:47:53.177 1043 2987 D DisplayOutputImpl: updateSupportModes = 10 , 255 , true
05-26 14:47:53.180 1043 2987 E ccc : cccccc ColorHelper current get AUTO
05-26 14:47:53.181 275 389 D DisplayConfig: virtual Return vendor::display::config::V1_0::implementation::DisplayConfig::getSupportedModes(int32_t, vendor::display::config::V1_0::IDisplayConfig::getSupportedModes_cb): display[0] ret=0, supported modes count(9)
05-26 14:47:53.182 275 299 W displayd: xxxxxxx: hdmi user strategy: 255
05-26 14:47:53.182 275 275 W displayd: xxxxxxx: getHDMINativeMode: use perfect hdmi mode(10) as native mode
05-26 14:47:53.183 1043 2987 D DisplayOutputImpl: getDisplayOutputMode = 10 , 255 , true
05-26 14:47:53.183 1043 2987 D DisplayOutputImpl: updateSupportModes type = 4
05-26 14:47:53.183 275 275 D DisplayConfig: virtual Return vendor::display::config::V1_0::implementation::DisplayConfig::getSupportedModes(int32_t, vendor::display::config::V1_0::IDisplayConfig::getSupportedModes_cb): display[0] ret=0, supported modes count(9)
05-26 14:47:53.184 275 275 D DisplayConfig: virtual Return vendor::display::config::V1_0::implementation::DisplayConfig::getSupportedModes(int32_t, vendor::display::config::V1_0::IDisplayConfig::getSupportedModes_cb): display[0] ret=0, supported modes count(9)
05-26 14:47:53.184 275 275 W displayd: xxxxxxx: hdmi user strategy: 255
05-26 14:47:53.185 275 275 W displayd: xxxxxxx: getHDMINativeMode: use perfect hdmi mode(10) as native mode
05-26 14:47:53.185 1043 2987 D DisplayOutputImpl: updateSupportModes = 10 , 255 , true
05-26 14:47:53.187 1043 2987 E ccc : cccccc ColorHelper current get AUTO
05-26 14:47:53.319 471 520 W IorapForwardingService: No service published for: iorapd
05-26 14:47:53.342 471 471 D CompatibilityChangeReporter: Compat change id reported: 168419799; UID 1000; state: DISABLED
05-26 14:47:53.350 471 3038 I BackgroundDexOptService: Performing idle optimizations
05-26 14:47:53.373 350 350 D installd: Reconcile secondary dex path /data/user/0/com.dangbei.hqmedia/files/pluginsdkplayer/2.1403.1.241012/1.1403.1.06032/pluginsdkplayer-release-1.1403.1.06032.apk result=0
05-26 14:47:53.427 317 2918 D XM_HIDREAD: poll ret=1, event=1
05-26 14:47:53.427 317 2918 D XM_HIDREAD: [9 bytes]:01 00 00 51 00 00 00 00 00
05-26 14:47:53.428 471 595 D TvWindowManager: key event key = KEYCODE_DPAD_DOWN down = true
05-26 14:47:53.429 471 594 D GpioService: mFlickerEnable = true
05-26 14:47:53.443 3040 3040 E cutils-trace: Error opening trace file: No such file or directory (2)
05-26 14:47:53.488 1043 2987 E ccc : cccccc hhhhhhhhhh RC version is DB-15B-H5-R0111
05-26 14:47:53.490 1043 2987 E RCInfo : vid:000d
05-26 14:47:53.490 1043 2987 E RCInfo : pid:3838
05-26 14:47:53.491 1043 2987 E RCInfo : vid:000d
05-26 14:47:53.491 1043 2987 E RCInfo : pid:3838
05-26 14:47:53.498 1043 2987 E ccc : cccccc 实时获取遥控器版本 DB-15B-H5-R0111
05-26 14:47:53.507 2991 3021 I OpenGLRenderer: Davey! duration=9223371946868ms; Flags=0, FrameTimelineVsyncId=3036, IntendedVsync=89986265230, Vsync=89986265230, InputEventId=0, HandleInputStart=89987028541, AnimationStart=89987032750, PerformTraversalsStart=89987036125, DrawStart=89988278125, FrameDeadline=90019598562, FrameInterval=89987016583, FrameStartTime=16666666, SyncQueued=89990935416, SyncStart=89991039416, IssueDrawCommandsStart=89991662625, SwapBuffers=89998759541, FrameCompleted=9223372036854775807, DequeueBufferDuration=3703666, QueueBufferDuration=929916, GpuCompleted=9223372036854775807, SwapBuffersCompleted=90000504958, DisplayPresentTime=0,
05-26 14:47:53.523 2991 3021 I OpenGLRenderer: Davey! duration=9223371946851ms; Flags=0, FrameTimelineVsyncId=3038, IntendedVsync=90002931609, Vsync=90002931609, InputEventId=0, HandleInputStart=90005708833, AnimationStart=90005713375, PerformTraversalsStart=90005716583, DrawStart=90006089833, FrameDeadline=90036264941, FrameInterval=90005694083, FrameStartTime=16666666, SyncQueued=90007428583, SyncStart=90007542916, IssueDrawCommandsStart=90008166041, SwapBuffers=90017876916, FrameCompleted=9223372036854775807, DequeueBufferDuration=6058250, QueueBufferDuration=9023708, GpuCompleted=9223372036854775807, SwapBuffersCompleted=90027737333, DisplayPresentTime=0,
05-26 14:47:53.540 2991 3021 I OpenGLRenderer: Davey! duration=9223371946832ms; Flags=0, FrameTimelineVsyncId=3040, IntendedVsync=90019597404, Vsync=90019597404, InputEventId=0, HandleInputStart=90020750916, AnimationStart=90020755583, PerformTraversalsStart=90020758708, DrawStart=90021885958, FrameDeadline=90052930736, FrameInterval=90020739583, FrameStartTime=16666666, SyncQueued=90025029625, SyncStart=90027846375, IssueDrawCommandsStart=90028435291, SwapBuffers=90031289000, FrameCompleted=9223372036854775807, DequeueBufferDuration=399709, QueueBufferDuration=12133041, GpuCompleted=9223372036854775807, SwapBuffersCompleted=90044085333, DisplayPresentTime=0,
05-26 14:47:53.547 471 595 D TvWindowManager: key event key = KEYCODE_DPAD_DOWN down = false
05-26 14:47:53.547 317 2918 D XM_HIDREAD: poll ret=1, event=1
05-26 14:47:53.547 317 2918 D XM_HIDREAD: [9 bytes]:01 00 00 00 00 00 00 00 00
05-26 14:47:53.573 2991 3021 I OpenGLRenderer: Davey! duration=9223371946794ms; Flags=0, FrameTimelineVsyncId=3044, IntendedVsync=90052930555, Vsync=90052930555, InputEventId=0, HandleInputStart=90053675041, AnimationStart=90053679875, PerformTraversalsStart=90053683000, DrawStart=90053849250, FrameDeadline=90086263887, FrameInterval=90053660083, FrameStartTime=16666666, SyncQueued=90054123625, SyncStart=90061182916, IssueDrawCommandsStart=90061642666, SwapBuffers=90065397083, FrameCompleted=9223372036854775807, DequeueBufferDuration=285500, QueueBufferDuration=3190542, GpuCompleted=9223372036854775807, SwapBuffersCompleted=90069342625, DisplayPresentTime=0,
05-26 14:47:53.578 471 594 D GpioService: mFlickerEnable = true
05-26 14:47:53.579 2225 2225 I SogouIME: onKeyDown: keyoCode=20
05-26 14:47:53.580 2225 2225 I DefaultIMS: onKeyDown: keyoCode=20
05-26 14:47:53.584 2225 2225 I SogouIME: onKeyUp: keyoCode=20
05-26 14:47:53.585 2225 2225 I DefaultIMS: onKeyUp: keyoCode=20
05-26 14:47:53.603 2225 2225 I DefaultIMS: onStartInput attribute=android.view.inputmethod.EditorInfo@2ab7f60 restarting=false inputType: 0
05-26 14:47:53.646 471 3038 I BackgroundDexOptService: Pinning optimized code {}
05-26 14:47:53.646 471 3038 I BackgroundDexOptService: Idle optimizations completed.
05-26 14:47:53.667 317 2918 D XM_HIDREAD: poll ret=1, event=1
05-26 14:47:53.667 317 2918 D XM_HIDREAD: [9 bytes]:01 00 00 51 00 00 00 00 00
05-26 14:47:53.667 471 595 D TvWindowManager: key event key = KEYCODE_DPAD_DOWN down = true
05-26 14:47:53.668 471 594 D GpioService: mFlickerEnable = true
05-26 14:47:53.747 317 2918 D XM_HIDREAD: poll ret=1, event=1
05-26 14:47:53.747 317 2918 D XM_HIDREAD: [9 bytes]:01 00 00 00 00 00 00 00 00
05-26 14:47:53.747 471 595 D TvWindowManager: key event key = KEYCODE_DPAD_DOWN down = false
05-26 14:47:53.797 471 655 I WifiService: startScan uid=1000
05-26 14:47:53.803 471 2892 I WifiService: startScan uid=1000
05-26 14:47:53.807 471 655 I WifiService: startScan uid=1000
05-26 14:47:53.818 471 594 D GpioService: mFlickerEnable = true
05-26 14:47:53.815 1521 1521 I efs-base: type=1400 audit(0.0:1215): avc: denied { getattr } for path="/data/user/0/com.dangbei.screencast/app_UApm/5fc60c21094d637f3130af19/ready" dev="mmcblk0p25" ino=2083 scontext=u:r:platform_app:s0:c512,c768 tcontext=u:object_r:app_data_file:s0:c512,c768 tclass=dir permissive=1 app=com.dangbei.screencast
05-26 14:47:53.855 2225 2225 I SogouIME: onKeyDown: keyoCode=20
05-26 14:47:53.855 2225 2225 I DefaultIMS: onKeyDown: keyoCode=20
05-26 14:47:53.855 471 595 D TvWindowManager: key event key = KEYCODE_DPAD_DOWN down = true
05-26 14:47:53.855 317 2918 D XM_HIDREAD: poll ret=1, event=1
05-26 14:47:53.855 317 2918 D XM_HIDREAD: [9 bytes]:01 00 00 51 00 00 00 00 00
05-26 14:47:53.858 471 594 D GpioService: mFlickerEnable = true
05-26 14:47:53.866 2225 2225 I SogouIME: onKeyUp: keyoCode=20
05-26 14:47:53.866 2225 2225 I DefaultIMS: onKeyUp: keyoCode=20
05-26 14:47:53.875 2225 2225 I DefaultIMS: onStartInput attribute=android.view.inputmethod.EditorInfo@814ac19 restarting=false inputType: 0
05-26 14:47:53.815 1521 1521 I efs-base: type=1400 audit(0.0:1216): avc: denied { read } for name="ready" dev="mmcblk0p25" ino=2083 scontext=u:r:platform_app:s0:c512,c768 tcontext=u:object_r:app_data_file:s0:c512,c768 tclass=dir permissive=1 app=com.dangbei.screencast
05-26 14:47:53.815 1521 1521 I efs-base: type=1400 audit(0.0:1217): avc: denied { open } for path="/data/user/0/com.dangbei.screencast/app_UApm/5fc60c21094d637f3130af19/ready" dev="mmcblk0p25" ino=2083 scontext=u:r:platform_app:s0:c512,c768 tcontext=u:object_r:app_data_file:s0:c512,c768 tclass=dir permissive=1 app=com.dangbei.screencast
05-26 14:47:53.923 2991 3046 D skia : --- Failed to create image decoder with message 'unimplemented'
05-26 14:47:53.925 2991 3046 D skia : --- Failed to create image decoder with message 'unimplemented'
05-26 14:47:53.926 2991 3046 D skia : --- Failed to create image decoder with message 'unimplemented'
05-26 14:47:53.927 317 2918 D XM_HIDREAD: poll ret=1, event=1
05-26 14:47:53.927 317 2918 D XM_HIDREAD: [9 bytes]:01 00 00 00 00 00 00 00 00
05-26 14:47:53.927 2991 3006 I OpenGLRenderer: Davey! duration=9223371946518ms; Flags=0, FrameTimelineVsyncId=3053, IntendedVsync=90336263786, Vsync=90336263786, InputEventId=0, HandleInputStart=90336824250, AnimationStart=90336828375, PerformTraversalsStart=90336831166, DrawStart=90372357833, FrameDeadline=90369597118, FrameInterval=90336816708, FrameStartTime=16666666, SyncQueued=90374480791, SyncStart=90374619791, IssueDrawCommandsStart=90375097291, SwapBuffers=90383530458, FrameCompleted=9223372036854775807, DequeueBufferDuration=55334, QueueBufferDuration=1003291, GpuCompleted=9223372036854775807, SwapBuffersCompleted=90385217916, DisplayPresentTime=0,
05-26 14:47:53.927 471 595 D TvWindowManager: key event key = KEYCODE_DPAD_DOWN down = false
05-26 14:47:53.928 2991 3046 D skia : --- Failed to create image decoder with message 'unimplemented'
05-26 14:47:53.928 2991 3046 D skia : --- Failed to create image decoder with message 'unimplemented'
05-26 14:47:53.929 2991 3046 D skia : --- Failed to create image decoder with message 'unimplemented'
05-26 14:47:53.948 2991 3047 D skia : --- Failed to create image decoder with message 'unimplemented'
05-26 14:47:53.949 2991 3047 D skia : --- Failed to create image decoder with message 'unimplemented'
05-26 14:47:53.949 2991 3047 D skia : --- Failed to create image decoder with message 'unimplemented'
05-26 14:47:53.951 2991 3047 D skia : --- Failed to create image decoder with message 'unimplemented'
05-26 14:47:53.952 2991 3047 D skia : --- Failed to create image decoder with message 'unimplemented'
05-26 14:47:53.952 2991 3047 D skia : --- Failed to create image decoder with message 'unimplemented'
05-26 14:47:53.987 2991 3006 I OpenGLRenderer: Davey! duration=9223371946434ms; Flags=0, FrameTimelineVsyncId=3058, IntendedVsync=90419594494, Vsync=90419594494, InputEventId=705708928, HandleInputStart=90420050333, AnimationStart=90420053833, PerformTraversalsStart=90474607666, DrawStart=90474817791, FrameDeadline=90436261160, FrameInterval=90420042791, FrameStartTime=16666666, SyncQueued=90481228083, SyncStart=90481433375, IssueDrawCommandsStart=90482731708, SwapBuffers=90494152500, FrameCompleted=9223372036854775807, DequeueBufferDuration=42292, QueueBufferDuration=1078917, GpuCompleted=9223372036854775807, SwapBuffersCompleted=90496430541, DisplayPresentTime=0,
05-26 14:47:54.003 2991 3006 I OpenGLRenderer: Davey! duration=9223371946407ms; Flags=0, FrameTimelineVsyncId=3059, IntendedVsync=90436261100, Vsync=90469594432, InputEventId=0, HandleInputStart=90483084000, AnimationStart=90483086208, PerformTraversalsStart=90483444916, DrawStart=90483515208, FrameDeadline=90469594432, FrameInterval=90483076333, FrameStartTime=16666666, SyncQueued=90485050458, SyncStart=90496530541, IssueDrawCommandsStart=90497323291, SwapBuffers=90501099416, FrameCompleted=9223372036854775807, DequeueBufferDuration=30042, QueueBufferDuration=1874958, GpuCompleted=9223372036854775807, SwapBuffersCompleted=90503932708, DisplayPresentTime=0,
05-26 14:47:54.006 471 594 D GpioService: mFlickerEnable = true
05-26 14:47:54.018 2225 2225 I SogouIME: onKeyDown: keyoCode=20
05-26 14:47:54.019 2225 2225 I DefaultIMS: onKeyDown: keyoCode=20
05-26 14:47:54.020 2991 3006 I OpenGLRenderer: Davey! duration=9223371946365ms; Flags=0, FrameTimelineVsyncId=3061, IntendedVsync=90486261037, Vsync=90486261037, InputEventId=0, HandleInputStart=90498628083, AnimationStart=90498631250, PerformTraversalsStart=90498634291, DrawStart=90499629541, FrameDeadline=90519594369, FrameInterval=90498621833, FrameStartTime=16666666, SyncQueued=90501557583, SyncStart=90504112083, IssueDrawCommandsStart=90505374375, SwapBuffers=90514038083, FrameCompleted=9223372036854775807, DequeueBufferDuration=4457708, QueueBufferDuration=6088500, GpuCompleted=9223372036854775807, SwapBuffersCompleted=90521125125, DisplayPresentTime=0,
05-26 14:47:54.026 317 2918 D XM_HIDREAD: poll ret=1, event=1
05-26 14:47:54.027 317 2918 D XM_HIDREAD: [9 bytes]:01 00 00 51 00 00 00 00 00
05-26 14:47:54.027 471 595 D TvWindowManager: key event key = KEYCODE_DPAD_DOWN down = true
05-26 14:47:54.036 471 594 D GpioService: mFlickerEnable = true
05-26 14:47:54.039 2991 3006 I OpenGLRenderer: Davey! duration=9223371946337ms; Flags=0, FrameTimelineVsyncId=3063, IntendedVsync=90502927636, Vsync=90502927636, InputEventId=0, HandleInputStart=90505888916, AnimationStart=90505890916, PerformTraversalsStart=90505893625, DrawStart=90506084958, FrameDeadline=90536260968, FrameInterval=90505883791, FrameStartTime=16666666, SyncQueued=90507382583, SyncStart=90521812833, IssueDrawCommandsStart=90524182041, SwapBuffers=90531877625, FrameCompleted=9223372036854775807, DequeueBufferDuration=1305583, QueueBufferDuration=5185292, GpuCompleted=9223372036854775807, SwapBuffersCompleted=90537664875, DisplayPresentTime=0,
05-26 14:47:54.053 2991 3006 I OpenGLRenderer: Davey! duration=9223371946323ms; Flags=0, FrameTimelineVsyncId=3065, IntendedVsync=90519600765, Vsync=90519600765, InputEventId=0, HandleInputStart=90524611333, AnimationStart=90524613458, PerformTraversalsStart=90524616541, DrawStart=90524808000, FrameDeadline=90552934097, FrameInterval=90524604416, FrameStartTime=16666666, SyncQueued=90525828625, SyncStart=90537778583, IssueDrawCommandsStart=90539089041, SwapBuffers=90546016541, FrameCompleted=9223372036854775807, DequeueBufferDuration=3124334, QueueBufferDuration=7388875, GpuCompleted=9223372036854775807, SwapBuffersCompleted=90554450500, DisplayPresentTime=0,
05-26 14:47:54.056 2225 2225 I SogouIME: onKeyUp: keyoCode=20
05-26 14:47:54.056 2225 2225 I DefaultIMS: onKeyUp: keyoCode=20
05-26 14:47:54.060 2225 2225 I DefaultIMS: onStartInput attribute=android.view.inputmethod.EditorInfo@19314de restarting=false inputType: 0
05-26 14:47:54.067 317 2918 D XM_HIDREAD: poll ret=1, event=1
05-26 14:47:54.067 317 2918 D XM_HIDREAD: [9 bytes]:01 00 00 00 00 00 00 00 00
05-26 14:47:54.067 471 595 D TvWindowManager: key event key = KEYCODE_DPAD_DOWN down = false
05-26 14:47:54.167 317 2918 D XM_HIDREAD: poll ret=1, event=1
05-26 14:47:54.167 317 2918 D XM_HIDREAD: [9 bytes]:01 00 00 51 00 00 00 00 00
05-26 14:47:54.167 471 595 D TvWindowManager: key event key = KEYCODE_DPAD_DOWN down = true
05-26 14:47:54.177 471 594 D GpioService: mFlickerEnable = true
05-26 14:47:54.267 317 2918 D XM_HIDREAD: poll ret=1, event=1
05-26 14:47:54.267 317 2918 D XM_HIDREAD: [9 bytes]:01 00 00 00 00 00 00 00 00
05-26 14:47:54.267 471 595 D TvWindowManager: key event key = KEYCODE_DPAD_DOWN down = false
01-01 08:01:33.146 2987 2987 W audit : audit_lost=683 audit_rate_limit=5 audit_backlog_limit=64
01-01 08:01:33.155 2987 2987 E audit : rate limit exceeded
05-26 14:47:54.316 471 594 D GpioService: mFlickerEnable = true
05-26 14:47:54.324 471 520 W IorapForwardingService: No service published for: iorapd
05-26 14:47:54.326 317 2918 D XM_HIDREAD: poll ret=1, event=1
05-26 14:47:54.326 317 2918 D XM_HIDREAD: [9 bytes]:01 00 00 51 00 00 00 00 00
05-26 14:47:54.327 471 595 D TvWindowManager: key event key = KEYCODE_DPAD_DOWN down = true
05-26 14:47:54.328 471 2892 D WifiNl80211Manager: Scan result ready event
05-26 14:47:54.328 471 2892 D WifiNative: Scan result ready event
05-26 14:47:54.337 1521 1822 I efs.base: wa upload succ, HttpResponse {succ=true, code=200, data='暂不支持该服务', extra={req_url=https://errlog.umeng.com/api/crashsdk/logcollect}}
05-26 14:47:54.343 1043 2987 E ccc : cccccc led current is 100 标准
05-26 14:47:54.279 1043 1043 I Binder:1043_4: type=1400 audit(0.0:1218): avc: denied { open } for path="/dev/__properties__/u:object_r:vendor_default_prop:s0" dev="tmpfs" ino=5992 scontext=u:r:system_app:s0 tcontext=u:object_r:vendor_default_prop:s0 tclass=file permissive=1
05-26 14:47:54.347 2225 2225 I SogouIME: onKeyDown: keyoCode=20
05-26 14:47:54.347 2225 2225 I DefaultIMS: onKeyDown: keyoCode=20
05-26 14:47:54.355 471 594 D GpioService: mFlickerEnable = true
05-26 14:47:54.358 1043 1063 E ccc : cccccc led current is 100 标准
05-26 14:47:54.359 2225 2225 I SogouIME: onKeyUp: keyoCode=20
05-26 14:47:54.360 2225 2225 I DefaultIMS: onKeyUp: keyoCode=20
05-26 14:47:54.279 1043 1043 I Binder:1043_4: type=1400 audit(0.0:1219): avc: denied { getattr } for path="/dev/__properties__/u:object_r:vendor_default_prop:s0" dev="tmpfs" ino=5992 scontext=u:r:system_app:s0 tcontext=u:object_r:vendor_default_prop:s0 tclass=file permissive=1
05-26 14:47:54.387 317 2918 D XM_HIDREAD: poll ret=1, event=1
05-26 14:47:54.387 317 2918 D XM_HIDREAD: [9 bytes]:01 00 00 00 00 00 00 00 00
05-26 14:47:54.387 471 595 D TvWindowManager: key event key = KEYCODE_DPAD_DOWN down = false
05-26 14:47:54.391 659 659 E WifiHAL : wifi_get_link_stats: requestResponse Error:-5
05-26 14:47:54.393 471 607 E WifiVendorHal: getWifiLinkLayerStats_1_5_Internal(l.1191) failed {.code = ERROR_INVALID_ARGS, .description = }
05-26 14:47:54.416 2225 2225 I DefaultIMS: onStartInput attribute=android.view.inputmethod.EditorInfo@dafb6bf restarting=false inputType: 0
05-26 14:47:54.422 2991 3000 I bei.haqusettin: Background young concurrent copying GC freed 29668(1611KB) AllocSpace objects, 6(408KB) LOS objects, 85% free, 4090KB/27MB, paused 145us total 143.307ms
05-26 14:47:54.477 471 594 D GpioService: mFlickerEnable = true
05-26 14:47:54.478 2225 2225 I SogouIME: onKeyDown: keyoCode=20
05-26 14:47:54.478 2225 2225 I DefaultIMS: onKeyDown: keyoCode=20
05-26 14:47:54.480 2225 2225 I SogouIME: onKeyUp: keyoCode=20
05-26 14:47:54.480 2225 2225 I DefaultIMS: onKeyUp: keyoCode=20
05-26 14:47:54.480 471 594 D GpioService: mFlickerEnable = true
05-26 14:47:54.481 2225 2225 I SogouIME: onKeyDown: keyoCode=20
05-26 14:47:54.481 2225 2225 I DefaultIMS: onKeyDown: keyoCode=20
05-26 14:47:54.485 2225 2225 I SogouIME: onKeyUp: keyoCode=20
05-26 14:47:54.485 2225 2225 I DefaultIMS: onKeyUp: keyoCode=20
05-26 14:47:54.487 2225 2225 I DefaultIMS: onStartInput attribute=android.view.inputmethod.EditorInfo@439318c restarting=false inputType: 0
05-26 14:47:54.547 317 2918 D XM_HIDREAD: poll ret=1, event=1
05-26 14:47:54.547 317 2918 D XM_HIDREAD: [9 bytes]:01 00 00 51 00 00 00 00 00
05-26 14:47:54.547 471 595 D TvWindowManager: key event key = KEYCODE_DPAD_DOWN down = true
05-26 14:47:54.548 471 594 D GpioService: mFlickerEnable = true
05-26 14:47:54.646 317 2918 D XM_HIDREAD: poll ret=1, event=1
05-26 14:47:54.647 317 2918 D XM_HIDREAD: [9 bytes]:01 00 00 00 00 00 00 00 00
05-26 14:47:54.647 471 595 D TvWindowManager: key event key = KEYCODE_DPAD_DOWN down = false
05-26 14:47:54.679 659 659 E WifiHAL : wifi_get_link_stats: requestResponse Error:-5
05-26 14:47:54.680 471 607 E WifiVendorHal: getWifiLinkLayerStats_1_5_Internal(l.1191) failed {.code = ERROR_INVALID_ARGS, .description = }
05-26 14:47:54.686 1043 2987 E ccc : cccccc UpdateHelper onMessageReceived com.dangbei.haqusetting com.dangbei.etna.update {"action":"get","functionTag":"leaf_controller_function_controller_dangbei_update","value":0} com.dangbei.lerad.etna.aidl.IEtnaAidlCallback$Stub$Proxy@29d1656
05-26 14:47:54.686 1043 2987 E ccc : cccccc 缓存获取遥控器版本 DB-15B-H5-R0111
05-26 14:47:54.686 1043 1071 E ccc : cccccc UpdateHelper onMessageReceived com.dangbei.haqusetting com.dangbei.etna.update {"action":"get","functionTag":"leaf_controller_function_controller_dangbei_update","value":0} com.dangbei.lerad.etna.aidl.IEtnaAidlCallback$Stub$Proxy@634e6d7
05-26 14:47:54.687 1043 1071 E ccc : cccccc 缓存获取遥控器版本 DB-15B-H5-R0111
05-26 14:47:54.688 1043 2987 E ccc : cccccc UpdateHelper onMessageReceived com.dangbei.haqusetting com.dangbei.etna.update {"action":"get","functionTag":"leaf_controller_function_controller_dangbei_update","value":0} com.dangbei.lerad.etna.aidl.IEtnaAidlCallback$Stub$Proxy@425fbc4
05-26 14:47:54.688 1043 2987 E ccc : cccccc 缓存获取遥控器版本 DB-15B-H5-R0111
05-26 14:47:54.689 1043 1071 E ccc : cccccc 请求电量缓存 100
05-26 14:47:54.697 471 594 D GpioService: mFlickerEnable = true
05-26 14:47:54.737 2225 2225 I SogouIME: onKeyDown: keyoCode=20
05-26 14:47:54.737 2225 2225 I DefaultIMS: onKeyDown: keyoCode=20
05-26 14:47:54.743 2225 2225 I SogouIME: onKeyUp: keyoCode=20
05-26 14:47:54.743 2225 2225 I DefaultIMS: onKeyUp: keyoCode=20
05-26 14:47:54.752 2991 3006 I OpenGLRenderer: Davey! duration=9223371945635ms; Flags=0, FrameTimelineVsyncId=3112, IntendedVsync=91219599657, Vsync=91219599657, InputEventId=215886911, HandleInputStart=91219982333, AnimationStart=91219986250, PerformTraversalsStart=91219996792, DrawStart=91254054708, FrameDeadline=91236266323, FrameInterval=91219974750, FrameStartTime=16666666, SyncQueued=91257597167, SyncStart=91257737750, IssueDrawCommandsStart=91258532750, SwapBuffers=91266533833, FrameCompleted=9223372036854775807, DequeueBufferDuration=37208, QueueBufferDuration=903500, GpuCompleted=9223372036854775807, SwapBuffersCompleted=91268167583, DisplayPresentTime=0,
