01-01 08:00:20.610 659 659 D : start_marlin+0xbc/0x14c [uwe5621_bsp_sdio]
01-01 08:00:20.617 659 659 D : sprdwl_probe+0x28/0x3f4 [sprdwl_ng]
01-01 08:00:20.623 659 659 D : platform_drv_probe+0xac/0xf0
01-01 08:00:20.628 659 659 D : really_probe+0x340/0x8f8
01-01 08:00:20.633 659 659 D : driver_probe_device+0x70/0x144
01-01 08:00:20.639 659 659 D : __device_attach_driver+0x14c/0x210
01-01 08:00:20.644 659 659 D : bus_for_each_drv+0x98/0x10c
01-01 08:00:20.650 659 659 D : __device_attach.llvm.14547616182355937686+0x108/0x1a8
01-01 08:00:20.657 659 659 D : bus_probe_device+0x3c/0xdc
01-01 08:00:20.662 659 659 D : device_add+0x950/0xb78
01-01 08:00:20.667 659 659 D : platform_device_add+0x90/0x260
01-01 08:00:20.673 659 659 D : init_module+0x48/0xfc4 [sprdwl_ng]
01-01 08:00:20.678 659 659 D : do_one_initcall+0xc4/0x238
01-01 08:00:20.684 659 659 D : do_init_module+0x58/0x2e0
01-01 08:00:20.689 659 659 D : load_module+0x31b8/0x3a40
01-01 08:00:20.694 659 659 D : __arm64_sys_finit_module+0xbc/0x120
01-01 08:00:20.700 659 659 D : el0_svc_common+0xb8/0x1cc
01-01 08:00:20.704 659 659 D : el0_svc_compat_handler+0x1c/0x28
01-01 08:00:20.710 659 659 D : el0_svc_compat+0x8/0x24
01-01 08:00:20.716 659 659 I WCN : marlin power state:0, subsys: [MARLIN_WIFI] power 1
01-01 08:00:20.724 659 659 I WCN : the first power on start
05-24 21:01:56.076 471 471 I SyncManager: No initial accounts
05-24 21:01:56.084 471 471 W SystemServiceManager: Service com.android.server.content.ContentService$Lifecycle took 146 ms in onBootPhase
05-24 21:01:56.084 471 471 D BluetoothManagerService: Bluetooth boot completed
05-24 21:01:56.084 471 471 D BluetoothManagerService: Auto-enabling Bluetooth.
05-24 21:01:56.085 471 471 D BluetoothA2dp: Binding service...
05-24 21:01:56.088 471 520 D BluetoothManagerService: MESSAGE_ENABLE(0): mBluetooth = null
05-24 21:01:56.088 471 520 D BluetoothManagerService: binding Bluetooth service
05-24 21:01:56.089 471 471 I BluetoothAirplaneModeListener: start
05-24 21:01:56.094 471 520 D CompatibilityChangeReporter: Compat change id reported: 135634846; UID 1002; state: DISABLED
05-24 21:01:56.111 247 247 D Zygote : Forked child process 665
05-24 21:01:56.112 471 471 W InputMethodUtils: Found no fallback locale. imis=[InputMethodInfo{com.sohu.inputmethod.sogou.tv/.SogouIME, settings: com.sohu.inputmethod.sogou.SogouIMESettingsLauncher}]
05-24 21:01:56.113 471 540 I ActivityManager: app.processName = com.android.bluetooth
05-24 21:01:56.113 471 540 I ActivityManager: Start proc 665:com.android.bluetooth/1002 for service {com.android.bluetooth/com.android.bluetooth.btservice.AdapterService}
05-24 21:01:56.113 471 471 W InputMethodUtils: No software keyboard is found. imis=[InputMethodInfo{com.sohu.inputmethod.sogou.tv/.SogouIME, settings: com.sohu.inputmethod.sogou.SogouIMESettingsLauncher}] systemLocale=zh_CN fallbackLocale=null
05-24 21:01:56.116 471 471 I RebootEscrowManager: No reboot escrow data found for users, skipping loading escrow data
05-24 21:01:56.118 665 665 I Zygote : seccomp disabled by setenforce 0
05-24 21:01:56.120 471 471 I WallpaperManagerService: No static wallpaper imagery; defaults will be shown
05-24 21:01:56.120 471 471 V WallpaperManagerService: bindWallpaperComponentLocked: componentName=ComponentInfo{com.android.systemui/com.android.systemui.ImageWallpaper}
05-24 21:01:56.128 471 471 D CompatibilityChangeReporter: Compat change id reported: 135634846; UID 10066; state: DISABLED
05-24 21:01:56.128 471 471 D CompatibilityChangeReporter: Compat change id reported: 177438394; UID 10066; state: DISABLED
05-24 21:01:56.128 471 471 D CompatibilityChangeReporter: Compat change id reported: 135772972; UID 10066; state: DISABLED
05-24 21:01:56.129 471 471 D CompatibilityChangeReporter: Compat change id reported: 135754954; UID 10066; state: ENABLED
05-24 21:01:56.129 471 540 D CompatibilityChangeReporter: Compat change id reported: 143937733; UID 10066; state: ENABLED
05-24 21:01:56.139 401 416 I adbd : jdwp connection from 665
05-24 21:01:56.141 247 247 D Zygote : Forked child process 678
05-24 21:01:56.142 471 540 I ActivityManager: app.processName = com.android.systemui
05-24 21:01:56.142 471 540 I ActivityManager: Start proc 678:com.android.systemui/u0a66 for service {com.android.systemui/com.android.systemui.ImageWallpaper}
05-24 21:01:56.151 471 471 E BitmapFactory: Unable to decode stream: java.io.FileNotFoundException: /data/system/users/0/wallpaper_orig: open failed: ENOENT (No such file or directory)
05-24 21:01:56.151 471 471 W WallpaperManagerService: Invalid wallpaper data
05-24 21:01:56.151 471 471 E WallpaperManagerService: Unable to apply new wallpaper
05-24 21:01:56.153 471 517 I SystemServerTimingAsync: InitThreadPoolExec:UsbService$Lifecycle#onBootPhase
05-24 21:01:56.153 471 517 D SystemServerInitThreadPool: Started executing UsbService$Lifecycle#onBootPhase
05-24 21:01:56.153 471 471 D SoundTriggerService: onBootPhase: 550 : false
05-24 21:01:56.154 471 517 D SystemServerInitThreadPool: Finished executing UsbService$Lifecycle#onBootPhase
05-24 21:01:56.155 471 517 D SystemServerTimingAsync: InitThreadPoolExec:UsbService$Lifecycle#onBootPhase took to complete: 1ms
05-24 21:01:56.155 281 303 E android.hardware.usb@1.0-service: Failed to open /sys/class/typec
05-24 21:01:56.156 471 636 E UsbPortManager: port status enquiry failed
05-24 21:01:56.158 256 295 V audio_hw_primary: adev_set_parameters, A2dpSuspended=false
05-24 21:01:56.160 678 678 I Zygote : seccomp disabled by setenforce 0
05-24 21:01:56.161 471 496 D CompatibilityChangeReporter: Compat change id reported: 168419799; UID 1002; state: DISABLED
05-24 21:01:56.163 471 624 D BluetoothManagerService: Trying to bind to profile: 1, while Bluetooth was disabled
05-24 21:01:56.174 471 624 D BluetoothA2dp: Binding service...
05-24 21:01:56.175 665 665 D CompatibilityChangeReporter: Compat change id reported: 171979766; UID 1002; state: ENABLED
05-24 21:01:56.175 471 471 I AppBindingService: Updating constants with: null
05-24 21:01:56.178 401 416 I adbd : jdwp connection from 678
05-24 21:01:56.197 471 471 I PackageManager: Permission ownership changed. Updating all permissions.
05-24 21:01:56.200 285 285 I AudioFlinger: systemReady
05-24 21:01:56.204 471 624 D AS.AudioService: No vibrator found
01-01 08:00:20.846 659 659 I sunxi-rfkill soc@3000000: rfkill: wlan power on success
01-01 08:00:20.855 659 659 I WCN : marlin chip en pull up
05-24 21:01:56.208 325 325 I rainbow_flow: type=1400 audit(0.0:323): avc: denied { ioctl } for path="/dev/spidev1.0" dev="tmpfs" ino=2275 ioctlcmd=0x6b00 scontext=u:r:init:s0 tcontext=u:object_r:device:s0 tclass=chr_file permissive=1
05-24 21:01:56.240 361 483 D MediaCodecList: Allowing all OMX codecs
05-24 21:01:56.243 361 483 E cutils-trace: Error opening trace file: No such file or directory (2)
05-24 21:01:56.245 471 471 W SystemServiceManager: Service com.android.server.policy.PermissionPolicyService took 70 ms in onBootPhase
05-24 21:01:56.246 471 471 D SystemServerTiming: OnBootPhase_550 took to complete: 316ms
05-24 21:01:56.246 471 471 D SystemServerTiming: StartActivityManagerReadyPhase took to complete: 317ms
05-24 21:01:56.246 471 471 I SystemServerTiming: StartObservingNativeCrashes
01-01 08:00:20.888 659 659 I sdiohal : sdiohal_scan_card
01-01 08:00:20.894 659 659 I sunxi-rfkill soc@3000000: rfkill: bus_index: 1
05-24 21:01:56.247 471 471 D SystemServerTiming: StartObservingNativeCrashes took to complete: 1ms
05-24 21:01:56.247 471 471 I SystemServerTiming: RegisterAppOpsPolicy
01-01 08:00:20.903 0 0 E : [ C0] sunxi-mmc 4021000.sdmmc: smc 2 p1 err, cmd 7, RTO !!
01-01 08:00:20.910 0 0 E : [ C0] sunxi-mmc 4021000.sdmmc: smc 2 p1 err, cmd 7, RTO !!
01-01 08:00:20.918 0 0 E : [ C0] sunxi-mmc 4021000.sdmmc: smc 2 p1 err, cmd 7, RTO !!
01-01 08:00:20.925 0 0 E : [ C0] sunxi-mmc 4021000.sdmmc: smc 2 p1 err, cmd 7, RTO !!
01-01 08:00:20.934 659 659 W sdiohal : probe of mmc2:8800:1 failed with error -123
05-24 21:01:56.249 471 496 D CompatibilityChangeReporter: Compat change id reported: 168419799; UID 10066; state: DISABLED
05-24 21:01:56.249 471 496 W ActivityManager: Slow operation: 54ms so far, now at attachApplicationLocked: immediately before bindApplication
05-24 21:01:56.251 471 496 W ActivityManager: Slow operation: 56ms so far, now at attachApplicationLocked: immediately after bindApplication
05-24 21:01:56.251 471 496 W ActivityManager: Slow operation: 56ms so far, now at attachApplicationLocked: after updateLruProcessLocked
05-24 21:01:56.253 471 496 W ActivityManager: Slow operation: 58ms so far, now at attachApplicationLocked: after mServices.attachApplicationLocked
05-24 21:01:56.254 256 295 V audio_hw_primary: adev_set_parameters, BT_SCO=off
05-24 21:01:56.255 471 471 D SystemServerTiming: RegisterAppOpsPolicy took to complete: 8ms
05-24 21:01:56.255 678 678 D CompatibilityChangeReporter: Compat change id reported: 171979766; UID 10066; state: ENABLED
05-24 21:01:56.256 471 471 I SystemServerTiming: MakeNetworkManagementServiceReady
05-24 21:01:56.256 471 525 I SystemServerTimingAsync: InitThreadPoolExec:WebViewFactoryPreparation
05-24 21:01:56.256 471 525 D SystemServerInitThreadPool: Started executing WebViewFactoryPreparation
05-24 21:01:56.256 471 525 I SystemServer: WebViewFactoryPreparation
05-24 21:01:56.256 471 525 I SystemServerTimingAsync: WebViewFactoryPreparation
05-24 21:01:56.256 471 471 W NetworkManagement: setDataSaverMode(): already false
05-24 21:01:56.257 246 271 I netd : firewallSetFirewallType(1) <0.02ms>
05-24 21:01:56.257 471 625 I AS.AudioDeviceInventory: removePreferredDevicesForStrategySync, strategy: 14
05-24 21:01:56.260 471 525 D CompatibilityChangeReporter: Compat change id reported: 135634846; UID 1000; state: DISABLED
05-24 21:01:56.260 471 525 D CompatibilityChangeReporter: Compat change id reported: 177438394; UID 1000; state: DISABLED
05-24 21:01:56.260 471 525 D CompatibilityChangeReporter: Compat change id reported: 135772972; UID 1000; state: DISABLED
05-24 21:01:56.260 471 525 D CompatibilityChangeReporter: Compat change id reported: 178038272; UID 1000; state: DISABLED
05-24 21:01:56.271 471 525 D SystemServerTimingAsync: WebViewFactoryPreparation took to complete: 15ms
05-24 21:01:56.271 471 525 D SystemServerInitThreadPool: Finished executing WebViewFactoryPreparation
05-24 21:01:56.271 471 525 D SystemServerTimingAsync: InitThreadPoolExec:WebViewFactoryPreparation took to complete: 15ms
05-24 21:01:56.273 247 247 D Zygote : Forked child process 707
05-24 21:01:56.274 471 540 I ActivityManager: app.processName = WebViewLoader-armeabi-v7a
05-24 21:01:56.274 471 540 I ActivityManager: Start proc 707:WebViewLoader-armeabi-v7a/1037 [android.webkit.WebViewLibraryLoader$RelroFileCreator] for null
05-24 21:01:56.284 471 520 W IorapForwardingService: No service published for: iorapd
05-24 21:01:56.287 707 707 I Zygote : seccomp disabled by setenforce 0
05-24 21:01:56.290 471 471 D SystemServerTiming: MakeNetworkManagementServiceReady took to complete: 34ms
05-24 21:01:56.290 471 471 I SystemServerTiming: MakeIpSecServiceReady
05-24 21:01:56.293 246 271 I netd : isAlive() -> {true} <0.03ms>
05-24 21:01:56.294 471 471 D IpSecService: IpSecService is ready
05-24 21:01:56.294 471 471 D SystemServerTiming: MakeIpSecServiceReady took to complete: 4ms
05-24 21:01:56.294 471 471 I SystemServerTiming: MakeNetworkStatsServiceReady
05-24 21:01:56.296 317 319 D XM_HIDREAD: remove@ remove@/devices/platform/soc@3000000/4021000.sdmmc/mmc_host/mmc2/mmc2:8800/mmc2:8800:1
05-24 21:01:56.292 328 328 I xiriservice_All: type=1400 audit(0.0:324): avc: denied { read } for scontext=u:r:init:s0 tcontext=u:r:init:s0 tclass=netlink_kobject_uevent_socket permissive=1
05-24 21:01:56.298 361 483 I OMXClient: IOmx service obtained
01-01 08:00:20.950 56 56 I mmc2 : card 8800 removed
05-24 21:01:56.301 317 319 D XM_HIDREAD: add@ add@/bus/sdio/drivers/sdiohal
05-24 21:01:56.301 317 319 D XM_HIDREAD: remove@ remove@/devices/platform/soc@3000000/4021000.sdmmc/mmc_host/mmc2/mmc2:8800
05-24 21:01:56.307 471 605 W NetworkPolicy: setRestrictBackgroundUL: already false
05-24 21:01:56.308 246 271 I netd : firewallReplaceUidChain(fw_standby, false, []) -> {true} <0.12ms>
05-24 21:01:56.310 371 371 I OMXStore: makeComponentInstance(OMX.allwinner.video.decoder.avc) in android.hardwar process
05-24 21:01:56.319 371 371 I omx_vdec_aw: : OmxDecoderCreate.
05-24 21:01:56.331 401 416 I adbd : jdwp connection from 707
01-01 08:00:20.956 56 56 I sunxi-mmc 4021000.sdmmc: sdc set ios:clk 0Hz bm PP pm OFF vdd 0 width 1 timing LEGACY(SDR12) dt B
01-01 08:00:20.974 56 56 I sunxi-mmc 4021000.sdmmc: sdc set ios:clk 0Hz bm PP pm UP vdd 23 width 1 timing LEGACY(SDR12) dt B
01-01 08:00:20.974 371 371 D : enable_cedar_hw_clk,516
05-24 21:01:56.337 371 371 W cedarc : : cannot open /dev/sunxi_soc_info, it maybe ok!
05-24 21:01:56.337 371 371 I cedarc : : *** ic_version = 0x3301000012011,
05-24 21:01:56.339 371 371 W omx_vdec: <__AwOmxVdecSetParameter:1566>: Set Parameter called in valid state
05-24 21:01:56.341 471 471 W BestClock: java.time.DateTimeException: Missing NTP fix
05-24 21:01:56.342 371 371 W omx_vdec: : pParamProfileLevel->nProfileIndex[0x3] error!
05-24 21:01:56.342 371 371 E OMXNodeInstance: getParameter(0xf253a000:allwinner.decoder.avc, ParamVideoProfileLevelQuerySupported(0x600000f)) ERROR: BadParameter(0x80001005)
05-24 21:01:56.343 471 496 D CompatibilityChangeReporter: Compat change id reported: 168419799; UID 1000; state: DISABLED
05-24 21:01:56.344 371 371 W omx_vdec: <__AwOmxVdecGetExtensionIndex:1741>: GetExtensionIndex OMX.google.android.index.describeColorFormat, err [0x80001001].
05-24 21:01:56.345 371 371 W omx_vdec: <__AwOmxVdecGetExtensionIndex:1741>: GetExtensionIndex OMX.google.android.index.describeColorFormat2, err [0x80001001].
05-24 21:01:56.346 371 371 E omx_vdec: : erro: pParamData->nIndex > m_sPortFormatType.nIndex
05-24 21:01:56.346 665 665 V GraphicsEnvironment: ANGLE Developer option for 'com.android.bluetooth' set to: 'default'
05-24 21:01:56.347 665 665 V GraphicsEnvironment: Neither updatable production driver nor prerelease driver is supported.
05-24 21:01:56.348 371 371 W omx_vdec: <__AwOmxVdecGetExtensionIndex:1741>: GetExtensionIndex OMX.google.android.index.describeColorFormat, err [0x80001001].
05-24 21:01:56.349 665 665 D NetworkSecurityConfig: No Network Security Config specified, using platform default
05-24 21:01:56.349 371 371 W omx_vdec: <__AwOmxVdecGetExtensionIndex:1741>: GetExtensionIndex OMX.google.android.index.describeColorFormat2, err [0x80001001].
05-24 21:01:56.349 665 665 D NetworkSecurityConfig: No Network Security Config specified, using platform default
05-24 21:01:56.350 707 707 V WebViewLibraryLoader: RelroFileCreator (64bit = false), package: com.android.webview library: libwebviewchromium.so
05-24 21:01:56.350 371 371 E omx_vdec: : erro: pParamData->nIndex > m_sPortFormatType.nIndex
05-24 21:01:56.351 371 371 W omx_vdec: <__AwOmxVdecGetExtensionIndex:1741>: GetExtensionIndex OMX.google.android.index.describeColorFormat, err [0x80001001].
05-24 21:01:56.351 371 371 W omx_vdec: <__AwOmxVdecGetExtensionIndex:1741>: GetExtensionIndex OMX.google.android.index.describeColorFormat2, err [0x80001001].
05-24 21:01:56.351 371 371 E omx_vdec: : erro: pParamData->nIndex > m_sPortFormatType.nIndex
05-24 21:01:56.352 371 371 W omx_vdec: <__AwOmxVdecGetExtensionIndex:1741>: GetExtensionIndex OMX.google.android.index.describeColorFormat, err [0x80001001].
05-24 21:01:56.353 371 371 W omx_vdec: <__AwOmxVdecGetExtensionIndex:1741>: GetExtensionIndex OMX.google.android.index.describeColorFormat2, err [0x80001001].
05-24 21:01:56.353 371 371 E omx_vdec: : erro: pParamData->nIndex > m_sPortFormatType.nIndex
05-24 21:01:56.353 371 371 W omx_vdec: <__AwOmxVdecGetExtensionIndex:1741>: GetExtensionIndex OMX.google.android.index.describeColorFormat, err [0x80001001].
05-24 21:01:56.354 371 371 W omx_vdec: <__AwOmxVdecGetExtensionIndex:1741>: GetExtensionIndex OMX.google.android.index.describeColorFormat2, err [0x80001001].
05-24 21:01:56.355 371 371 E omx_vdec: : erro: pParamData->nIndex > m_sPortFormatType.nIndex
05-24 21:01:56.355 371 371 W omx_vdec: <__AwOmxVdecGetExtensionIndex:1741>: GetExtensionIndex OMX.google.android.index.describeColorFormat, err [0x80001001].
05-24 21:01:56.356 371 371 W omx_vdec: <__AwOmxVdecGetExtensionIndex:1741>: GetExtensionIndex OMX.google.android.index.describeColorFormat2, err [0x80001001].
05-24 21:01:56.356 371 371 E omx_vdec: : erro: pParamData->nIndex > m_sPortFormatType.nIndex
05-24 21:01:56.357 371 371 W omx_vdec: <__AwOmxVdecGetExtensionIndex:1741>: GetExtensionIndex OMX.google.android.index.describeColorFormat, err [0x80001001].
05-24 21:01:56.357 371 371 W omx_vdec: <__AwOmxVdecGetExtensionIndex:1741>: GetExtensionIndex OMX.google.android.index.describeColorFormat2, err [0x80001001].
05-24 21:01:56.358 371 371 E omx_vdec: : erro: pParamData->nIndex > m_sPortFormatType.nIndex
05-24 21:01:56.360 371 371 W omx_vdec: <__AwOmxVdecGetExtensionIndex:1741>: GetExtensionIndex OMX.google.android.index.describeColorFormat, err [0x80001001].
05-24 21:01:56.361 371 371 W omx_vdec: <__AwOmxVdecGetExtensionIndex:1741>: GetExtensionIndex OMX.google.android.index.describeColorFormat2, err [0x80001001].
05-24 21:01:56.361 371 371 E omx_vdec: : erro: pParamData->nIndex > m_sPortFormatType.nIndex
05-24 21:01:56.361 371 371 W omx_vdec: <__AwOmxVdecGetExtensionIndex:1741>: GetExtensionIndex OMX.google.android.index.describeColorFormat, err [0x80001001].
05-24 21:01:56.361 371 371 W omx_vdec: <__AwOmxVdecGetExtensionIndex:1741>: GetExtensionIndex OMX.google.android.index.describeColorFormat2, err [0x80001001].
05-24 21:01:56.361 371 371 E omx_vdec: : erro: pParamData->nIndex > m_sPortFormatType.nIndex
01-01 08:00:21.000 56 56 I sunxi-mmc 4021000.sdmmc: sdc set ios:clk 400000Hz bm PP pm ON vdd 23 width 1 timing LEGACY(SDR12) dt B
05-24 21:01:56.362 371 371 W omx_vdec: <__AwOmxVdecGetExtensionIndex:1741>: GetExtensionIndex OMX.google.android.index.describeColorFormat, err [0x80001001].
05-24 21:01:56.362 371 371 W omx_vdec: <__AwOmxVdecGetExtensionIndex:1741>: GetExtensionIndex OMX.google.android.index.describeColorFormat2, err [0x80001001].
05-24 21:01:56.362 371 371 E omx_vdec: : erro: pParamData->nIndex > m_sPortFormatType.nIndex
05-24 21:01:56.363 371 371 W omx_vdec: <__AwOmxVdecGetExtensionIndex:1741>: GetExtensionIndex OMX.google.android.index.describeColorFormat, err [0x80001001].
05-24 21:01:56.363 371 371 W omx_vdec: <__AwOmxVdecGetExtensionIndex:1741>: GetExtensionIndex OMX.google.android.index.describeColorFormat2, err [0x80001001].
05-24 21:01:56.363 371 371 E omx_vdec: : erro: pParamData->nIndex > m_sPortFormatType.nIndex
05-24 21:01:56.363 371 371 W omx_vdec: <__AwOmxVdecGetExtensionIndex:1741>: GetExtensionIndex OMX.google.android.index.describeColorFormat, err [0x80001001].
05-24 21:01:56.363 371 371 W omx_vdec: <__AwOmxVdecGetExtensionIndex:1741>: GetExtensionIndex OMX.google.android.index.describeColorFormat2, err [0x80001001].
05-24 21:01:56.364 471 605 W BestClock: java.time.DateTimeException: Missing NTP fix
05-24 21:01:56.364 371 371 E omx_vdec: : erro: pParamData->nIndex > m_sPortFormatType.nIndex
05-24 21:01:56.364 371 371 W omx_vdec: <__AwOmxVdecGetExtensionIndex:1741>: GetExtensionIndex OMX.google.android.index.describeColorFormat, err [0x80001001].
05-24 21:01:56.365 371 371 W omx_vdec: <__AwOmxVdecGetExtensionIndex:1741>: GetExtensionIndex OMX.google.android.index.describeColorFormat2, err [0x80001001].
05-24 21:01:56.365 371 371 E omx_vdec: : erro: pParamData->nIndex > m_sPortFormatType.nIndex
05-24 21:01:56.366 371 371 W omx_vdec: <__AwOmxVdecGetExtensionIndex:1741>: GetExtensionIndex OMX.google.android.index.describeColorFormat, err [0x80001001].
05-24 21:01:56.366 246 271 I netd : trafficSwapActiveStatsMap() <23.59ms>
05-24 21:01:56.366 371 371 W omx_vdec: <__AwOmxVdecGetExtensionIndex:1741>: GetExtensionIndex OMX.google.android.index.describeColorFormat2, err [0x80001001].
05-24 21:01:56.366 371 371 E omx_vdec: : erro: pParamData->nIndex > m_sPortFormatType.nIndex
05-24 21:01:56.366 371 371 W omx_vdec: <__AwOmxVdecGetExtensionIndex:1741>: GetExtensionIndex OMX.google.android.index.describeColorFormat, err [0x80001001].
05-24 21:01:56.366 371 371 W omx_vdec: <__AwOmxVdecGetExtensionIndex:1741>: GetExtensionIndex OMX.google.android.index.describeColorFormat2, err [0x80001001].
05-24 21:01:56.367 371 371 E omx_vdec: : erro: pParamData->nIndex > m_sPortFormatType.nIndex
05-24 21:01:56.367 371 371 W omx_vdec: <__AwOmxVdecGetExtensionIndex:1741>: GetExtensionIndex OMX.google.android.index.describeColorFormat, err [0x80001001].
05-24 21:01:56.367 371 371 W omx_vdec: <__AwOmxVdecGetExtensionIndex:1741>: GetExtensionIndex OMX.google.android.index.describeColorFormat2, err [0x80001001].
05-24 21:01:56.367 371 371 E omx_vdec: : erro: pParamData->nIndex > m_sPortFormatType.nIndex
05-24 21:01:56.367 371 371 W omx_vdec: <__AwOmxVdecGetExtensionIndex:1741>: GetExtensionIndex OMX.google.android.index.describeColorFormat, err [0x80001001].
05-24 21:01:56.367 371 371 W omx_vdec: <__AwOmxVdecGetExtensionIndex:1741>: GetExtensionIndex OMX.google.android.index.describeColorFormat2, err [0x80001001].
05-24 21:01:56.367 371 371 E omx_vdec: : erro: pParamData->nIndex > m_sPortFormatType.nIndex
05-24 21:01:56.367 371 371 W omx_vdec: <__AwOmxVdecGetExtensionIndex:1741>: GetExtensionIndex OMX.google.android.index.describeColorFormat, err [0x80001001].
05-24 21:01:56.367 371 371 W omx_vdec: <__AwOmxVdecGetExtensionIndex:1741>: GetExtensionIndex OMX.google.android.index.describeColorFormat2, err [0x80001001].
05-24 21:01:56.368 371 371 E omx_vdec: : erro: pParamData->nIndex > m_sPortFormatType.nIndex
05-24 21:01:56.368 371 371 W omx_vdec: <__AwOmxVdecGetExtensionIndex:1741>: GetExtensionIndex OMX.google.android.index.describeColorFormat, err [0x80001001].
05-24 21:01:56.369 471 614 D ConnectivityService: NetReassign [no changes]
05-24 21:01:56.370 371 371 W omx_vdec: <__AwOmxVdecGetExtensionIndex:1741>: GetExtensionIndex OMX.google.android.index.describeColorFormat2, err [0x80001001].
05-24 21:01:56.370 371 371 E omx_vdec: : erro: pParamData->nIndex > m_sPortFormatType.nIndex
05-24 21:01:56.370 246 266 I netd : firewallReplaceUidChain(fw_standby, false, []) -> {true} <0.10ms>
05-24 21:01:56.370 371 371 W omx_vdec: <__AwOmxVdecGetExtensionIndex:1741>: GetExtensionIndex OMX.google.android.index.describeColorFormat, err [0x80001001].
05-24 21:01:56.372 371 371 W omx_vdec: <__AwOmxVdecGetExtensionIndex:1741>: GetExtensionIndex OMX.google.android.index.describeColorFormat2, err [0x80001001].
05-24 21:01:56.372 246 271 I netd : tetherGetStats() -> {[]} <3.78ms>
05-24 21:01:56.372 371 371 E omx_vdec: : erro: pParamData->nIndex > m_sPortFormatType.nIndex
05-24 21:01:56.372 371 371 W omx_vdec: <__AwOmxVdecGetExtensionIndex:1741>: GetExtensionIndex OMX.google.android.index.describeColorFormat, err [0x80001001].
05-24 21:01:56.372 371 371 W omx_vdec: <__AwOmxVdecGetExtensionIndex:1741>: GetExtensionIndex OMX.google.android.index.describeColorFormat2, err [0x80001001].
05-24 21:01:56.372 371 371 E omx_vdec: : erro: pParamData->nIndex > m_sPortFormatType.nIndex
05-24 21:01:56.372 371 371 W omx_vdec: <__AwOmxVdecGetExtensionIndex:1741>: GetExtensionIndex OMX.google.android.index.describeColorFormat, err [0x80001001].
05-24 21:01:56.372 371 371 W omx_vdec: <__AwOmxVdecGetExtensionIndex:1741>: GetExtensionIndex OMX.google.android.index.describeColorFormat2, err [0x80001001].
05-24 21:01:56.373 371 371 E omx_vdec: : erro: pParamData->nIndex > m_sPortFormatType.nIndex
05-24 21:01:56.373 371 371 W omx_vdec: <__AwOmxVdecGetExtensionIndex:1741>: GetExtensionIndex OMX.google.android.index.describeColorFormat, err [0x80001001].
05-24 21:01:56.373 371 371 W omx_vdec: <__AwOmxVdecGetExtensionIndex:1741>: GetExtensionIndex OMX.google.android.index.describeColorFormat2, err [0x80001001].
05-24 21:01:56.373 371 371 E omx_vdec: : erro: pParamData->nIndex > m_sPortFormatType.nIndex
05-24 21:01:56.373 371 371 W omx_vdec: <__AwOmxVdecGetExtensionIndex:1741>: GetExtensionIndex OMX.google.android.index.describeColorFormat, err [0x80001001].
05-24 21:01:56.373 371 371 W omx_vdec: <__AwOmxVdecGetExtensionIndex:1741>: GetExtensionIndex OMX.google.android.index.describeColorFormat2, err [0x80001001].
05-24 21:01:56.373 371 371 E omx_vdec: : erro: pParamData->nIndex > m_sPortFormatType.nIndex
05-24 21:01:56.373 371 371 W omx_vdec: <__AwOmxVdecGetExtensionIndex:1741>: GetExtensionIndex OMX.google.android.index.describeColorFormat, err [0x80001001].
05-24 21:01:56.374 371 371 W omx_vdec: <__AwOmxVdecGetExtensionIndex:1741>: GetExtensionIndex OMX.google.android.index.describeColorFormat2, err [0x80001001].
05-24 21:01:56.374 371 371 E omx_vdec: : erro: pParamData->nIndex > m_sPortFormatType.nIndex
05-24 21:01:56.374 371 371 W omx_vdec: <__AwOmxVdecGetExtensionIndex:1741>: GetExtensionIndex OMX.google.android.index.describeColorFormat, err [0x80001001].
05-24 21:01:56.374 371 371 W omx_vdec: <__AwOmxVdecGetExtensionIndex:1741>: GetExtensionIndex OMX.google.android.index.describeColorFormat2, err [0x80001001].
05-24 21:01:56.374 371 371 E omx_vdec: : erro: pParamData->nIndex > m_sPortFormatType.nIndex
05-24 21:01:56.374 371 371 W omx_vdec: <__AwOmxVdecGetExtensionIndex:1741>: GetExtensionIndex OMX.google.android.index.describeColorFormat, err [0x80001001].
05-24 21:01:56.374 371 371 W omx_vdec: <__AwOmxVdecGetExtensionIndex:1741>: GetExtensionIndex OMX.google.android.index.describeColorFormat2, err [0x80001001].
05-24 21:01:56.374 371 371 E omx_vdec: : erro: pParamData->nIndex > m_sPortFormatType.nIndex
05-24 21:01:56.375 371 371 W omx_vdec: <__AwOmxVdecGetExtensionIndex:1741>: GetExtensionIndex OMX.google.android.index.describeColorFormat, err [0x80001001].
05-24 21:01:56.375 371 371 W omx_vdec: <__AwOmxVdecGetExtensionIndex:1741>: GetExtensionIndex OMX.google.android.index.describeColorFormat2, err [0x80001001].
05-24 21:01:56.375 371 371 E omx_vdec: : erro: pParamData->nIndex > m_sPortFormatType.nIndex
05-24 21:01:56.375 371 371 W omx_vdec: <__AwOmxVdecGetExtensionIndex:1741>: GetExtensionIndex OMX.google.android.index.describeColorFormat, err [0x80001001].
05-24 21:01:56.375 371 371 W omx_vdec: <__AwOmxVdecGetExtensionIndex:1741>: GetExtensionIndex OMX.google.android.index.describeColorFormat2, err [0x80001001].
05-24 21:01:56.375 371 371 E omx_vdec: : erro: pParamData->nIndex > m_sPortFormatType.nIndex
05-24 21:01:56.375 371 371 W omx_vdec: <__AwOmxVdecGetExtensionIndex:1741>: GetExtensionIndex OMX.google.android.index.describeColorFormat, err [0x80001001].
05-24 21:01:56.375 371 371 W omx_vdec: <__AwOmxVdecGetExtensionIndex:1741>: GetExtensionIndex OMX.google.android.index.describeColorFormat2, err [0x80001001].
05-24 21:01:56.375 371 371 E omx_vdec: : erro: pParamData->nIndex > m_sPortFormatType.nIndex
05-24 21:01:56.375 371 371 W omx_vdec: <__AwOmxVdecGetExtensionIndex:1741>: GetExtensionIndex OMX.google.android.index.describeColorFormat, err [0x80001001].
05-24 21:01:56.376 371 371 W omx_vdec: <__AwOmxVdecGetExtensionIndex:1741>: GetExtensionIndex OMX.google.android.index.describeColorFormat2, err [0x80001001].
05-24 21:01:56.376 371 371 E omx_vdec: : erro: pParamData->nIndex > m_sPortFormatType.nIndex
05-24 21:01:56.376 371 371 W omx_vdec: <__AwOmxVdecGetExtensionIndex:1741>: GetExtensionIndex OMX.google.android.index.describeColorFormat, err [0x80001001].
05-24 21:01:56.376 371 371 W omx_vdec: <__AwOmxVdecGetExtensionIndex:1741>: GetExtensionIndex OMX.google.android.index.describeColorFormat2, err [0x80001001].
05-24 21:01:56.376 371 371 E omx_vdec: : erro: pParamData->nIndex > m_sPortFormatType.nIndex
05-24 21:01:56.376 371 371 W omx_vdec: <__AwOmxVdecGetExtensionIndex:1741>: GetExtensionIndex OMX.google.android.index.describeColorFormat, err [0x80001001].
05-24 21:01:56.376 371 371 W omx_vdec: <__AwOmxVdecGetExtensionIndex:1741>: GetExtensionIndex OMX.google.android.index.describeColorFormat2, err [0x80001001].
05-24 21:01:56.376 361 483 W ACodec : [OMX.allwinner.video.decoder.avc] stopping checking formats after 32: COLOR_FormatYUV420Planar(13)
05-24 21:01:56.376 371 371 W omx_vdec: <__AwOmxVdecGetExtensionIndex:1741>: GetExtensionIndex OMX.google.android.index.configureVideoTunnelMode, err [0x80001001].
05-24 21:01:56.376 371 371 E OMXNodeInstance: getExtensionIndex(0xf253a000:allwinner.decoder.avc, OMX.google.android.index.configureVideoTunnelMode) ERROR: Undefined(0x80001001)
05-24 21:01:56.376 361 483 D MediaCodecInfo: detail feature-tunneled-playback wasn't present to remove
05-24 21:01:56.376 371 371 W omx_vdec: <__AwOmxVdecGetExtensionIndex:1741>: GetExtensionIndex OMX.google.android.index.storeANWBufferInMetadata, err [0x80001001].
05-24 21:01:56.376 371 371 W omx_vdec_aw: <__anSetExtPara:3004>: Setparameter: unknown param 2131755011
05-24 21:01:56.376 371 371 W OMXNodeInstance: [0xf253a000:allwinner.decoder.avc] component does not support metadata mode; using fallback
05-24 21:01:56.377 371 725 W libc : invalid pthread_t (0) passed to pthread_join
05-24 21:01:56.377 371 725 W libc : invalid pthread_t (0) passed to pthread_join
05-24 21:01:56.377 371 725 W libc : invalid pthread_t (0) passed to pthread_join
01-01 08:00:21.027 0 0 E : [ C0] sunxi-mmc 4021000.sdmmc: smc 2 p1 err, cmd 52, RTO !!
01-01 08:00:21.032 371 371 D : disable_cedar_hw_clk,546
05-24 21:01:56.385 246 271 I netd : bandwidthSetGlobalAlert(2097152) <3.91ms>
05-24 21:01:56.386 471 471 D SystemServerTiming: MakeNetworkStatsServiceReady took to complete: 92ms
05-24 21:01:56.386 471 471 I SystemServerTiming: MakeConnectivityServiceReady
05-24 21:01:56.387 471 471 D PermissionMonitor: Monitoring
05-24 21:01:56.387 371 371 I cedarc : : not malloc locks
01-01 08:00:21.041 0 0 E : [ C0] sunxi-mmc 4021000.sdmmc: smc 2 p1 err, cmd 52, RTO !!
05-24 21:01:56.390 361 483 I OMXClient: IOmx service obtained
05-24 21:01:56.390 371 437 I OMXStore: makeComponentInstance(OMX.allwinner.video.decoder.avc.secure) in android.hardwar process
01-01 08:00:21.049 56 56 I sunxi-mmc 4021000.sdmmc: sdc set ios:clk 400000Hz bm PP pm ON vdd 23 width 1 timing LEGACY(SDR12) dt B
05-24 21:01:56.395 371 437 E omx_vdec: : This platform does not support secure video playback
05-24 21:01:56.395 371 437 E omx_sem : : handle is null
05-24 21:01:56.395 371 437 E omx_sem : : handle is null
05-24 21:01:56.395 371 437 E omx_sem : : handle is null
05-24 21:01:56.395 371 437 E omx_sem : : handle is null
05-24 21:01:56.395 371 437 E omx_sem : : handle is null
05-24 21:01:56.395 371 437 W omx_vdec_aw: : pdec is null
05-24 21:01:56.395 371 437 E android.hardware.media.omx@1.0-service: Failed to allocate omx component 'OMX.allwinner.video.decoder.avc.secure' err=InvalidComponentName(0x80001002)
05-24 21:01:56.396 361 483 W OmxInfoBuilder: Fail to add media type video/avc to codec OMX.allwinner.video.decoder.avc.secure
05-24 21:01:56.403 361 483 I OMXClient: IOmx service obtained
05-24 21:01:56.404 371 437 I OMXStore: makeComponentInstance(OMX.allwinner.video.decoder.hevc) in android.hardwar process
05-24 21:01:56.404 471 471 D PermissionMonitor: Users: 1, Apps: 12
05-24 21:01:56.405 246 271 I netd : networkSetPermissionForUser(1, [10066, 1002, 10077, 10014, 10078, 10079]) <0.02ms>
05-24 21:01:56.406 246 271 I netd : networkSetPermissionForUser(2, [2000, 1073, 10018, 1000, 10059, 10045]) <0.01ms>
05-24 21:01:56.406 371 437 I omx_vdec_aw: : OmxDecoderCreate.
05-24 21:01:56.406 246 271 I netd : trafficSetNetPermForUids(12, [1000, 1002, 1013, 1073, 2000, 10018]) <0.06ms>
05-24 21:01:56.407 246 271 I netd : trafficSetNetPermForUids(4, [10014, 10015, 10025, 10026, 10027, 10028, 10030, 10033, 10034, 10039, 10042, 10045, 10049, 10051, 10052, 10054, 10057, 10060, 10064, 10065, 10071, 10076, 10077, 10078, 10079]) <0.32ms>
05-24 21:01:56.407 246 271 I netd : trafficSetNetPermForUids(8, [1041, 1047, 10074]) <0.03ms>
05-24 21:01:56.408 246 271 I netd : trafficSetNetPermForUids(0, [1001, 1068, 10000, 10001, 10002, 10003, 10004, 10005, 10006, 10007, 10008, 10009, 10010, 10011, 10012, 10013, 10016, 10017, 10019, 10020, 10021, 10022, 10023, 10024, 10029, 10031, 10032, 10035, 10036, 10037, 10038, 10040, 10041, 10043, 10044, 10046, 10047, 10048, 10050, 10053, 10055, 10056, 10058, 10059, 10061, 10062, 10063, 10066, 10067, 10068, 10069, 10070, 10072, 10073, 10075]) <0.25ms>
05-24 21:01:56.413 371 437 W cedarc : : cannot open /dev/sunxi_soc_info, it maybe ok!
05-24 21:01:56.413 371 437 I cedarc : : *** ic_version = 0x3301000012011,
01-01 08:00:21.060 437 437 D : enable_cedar_hw_clk,516
05-24 21:01:56.415 371 437 W omx_vdec: <__AwOmxVdecSetParameter:1566>: Set Parameter called in valid state
05-24 21:01:56.416 246 271 I netd : registerUnsolicitedEventListener() <3.98ms>
05-24 21:01:56.416 371 437 W omx_vdec: : pParamProfileLevel->nProfileIndex[0x1] error!
05-24 21:01:56.416 371 437 E OMXNodeInstance: getParameter(0xf253a000:allwinner.decoder.hevc, ParamVideoProfileLevelQuerySupported(0x600000f)) ERROR: BadParameter(0x80001005)
05-24 21:01:56.416 471 471 D SystemServerTiming: MakeConnectivityServiceReady took to complete: 30ms
05-24 21:01:56.416 471 471 I SystemServerTiming: MakeVpnManagerServiceReady
05-24 21:01:56.417 371 437 W omx_vdec: <__AwOmxVdecGetExtensionIndex:1741>: GetExtensionIndex OMX.google.android.index.describeColorFormat, err [0x80001001].
05-24 21:01:56.417 371 437 W omx_vdec: <__AwOmxVdecGetExtensionIndex:1741>: GetExtensionIndex OMX.google.android.index.describeColorFormat2, err [0x80001001].
05-24 21:01:56.417 371 437 E omx_vdec: : erro: pParamData->nIndex > m_sPortFormatType.nIndex
05-24 21:01:56.417 371 437 W omx_vdec: <__AwOmxVdecGetExtensionIndex:1741>: GetExtensionIndex OMX.google.android.index.describeColorFormat, err [0x80001001].
05-24 21:01:56.417 471 614 D ConnectivityService: NetReassign [no changes]
05-24 21:01:56.417 371 437 W omx_vdec: <__AwOmxVdecGetExtensionIndex:1741>: GetExtensionIndex OMX.google.android.index.describeColorFormat2, err [0x80001001].
05-24 21:01:56.418 371 437 E omx_vdec: : erro: pParamData->nIndex > m_sPortFormatType.nIndex
05-24 21:01:56.418 371 437 W omx_vdec: <__AwOmxVdecGetExtensionIndex:1741>: GetExtensionIndex OMX.google.android.index.describeColorFormat, err [0x80001001].
05-24 21:01:56.418 371 437 W omx_vdec: <__AwOmxVdecGetExtensionIndex:1741>: GetExtensionIndex OMX.google.android.index.describeColorFormat2, err [0x80001001].
05-24 21:01:56.418 371 437 E omx_vdec: : erro: pParamData->nIndex > m_sPortFormatType.nIndex
05-24 21:01:56.419 371 437 W omx_vdec: <__AwOmxVdecGetExtensionIndex:1741>: GetExtensionIndex OMX.google.android.index.describeColorFormat, err [0x80001001].
05-24 21:01:56.420 371 437 W omx_vdec: <__AwOmxVdecGetExtensionIndex:1741>: GetExtensionIndex OMX.google.android.index.describeColorFormat2, err [0x80001001].
05-24 21:01:56.420 371 437 E omx_vdec: : erro: pParamData->nIndex > m_sPortFormatType.nIndex
05-24 21:01:56.420 371 437 W omx_vdec: <__AwOmxVdecGetExtensionIndex:1741>: GetExtensionIndex OMX.google.android.index.describeColorFormat, err [0x80001001].
05-24 21:01:56.420 371 437 W omx_vdec: <__AwOmxVdecGetExtensionIndex:1741>: GetExtensionIndex OMX.google.android.index.describeColorFormat2, err [0x80001001].
05-24 21:01:56.420 371 437 E omx_vdec: : erro: pParamData->nIndex > m_sPortFormatType.nIndex
05-24 21:01:56.420 371 437 W omx_vdec: <__AwOmxVdecGetExtensionIndex:1741>: GetExtensionIndex OMX.google.android.index.describeColorFormat, err [0x80001001].
05-24 21:01:56.421 371 437 W omx_vdec: <__AwOmxVdecGetExtensionIndex:1741>: GetExtensionIndex OMX.google.android.index.describeColorFormat2, err [0x80001001].
05-24 21:01:56.421 371 437 E omx_vdec: : erro: pParamData->nIndex > m_sPortFormatType.nIndex
05-24 21:01:56.421 371 437 W omx_vdec: <__AwOmxVdecGetExtensionIndex:1741>: GetExtensionIndex OMX.google.android.index.describeColorFormat, err [0x80001001].
05-24 21:01:56.421 371 437 W omx_vdec: <__AwOmxVdecGetExtensionIndex:1741>: GetExtensionIndex OMX.google.android.index.describeColorFormat2, err [0x80001001].
05-24 21:01:56.421 371 437 E omx_vdec: : erro: pParamData->nIndex > m_sPortFormatType.nIndex
05-24 21:01:56.422 371 437 W omx_vdec: <__AwOmxVdecGetExtensionIndex:1741>: GetExtensionIndex OMX.google.android.index.describeColorFormat, err [0x80001001].
05-24 21:01:56.422 371 437 W omx_vdec: <__AwOmxVdecGetExtensionIndex:1741>: GetExtensionIndex OMX.google.android.index.describeColorFormat2, err [0x80001001].
05-24 21:01:56.422 371 437 E omx_vdec: : erro: pParamData->nIndex > m_sPortFormatType.nIndex
05-24 21:01:56.423 371 437 W omx_vdec: <__AwOmxVdecGetExtensionIndex:1741>: GetExtensionIndex OMX.google.android.index.describeColorFormat, err [0x80001001].
05-24 21:01:56.423 371 437 W omx_vdec: <__AwOmxVdecGetExtensionIndex:1741>: GetExtensionIndex OMX.google.android.index.describeColorFormat2, err [0x80001001].
05-24 21:01:56.423 371 437 E omx_vdec: : erro: pParamData->nIndex > m_sPortFormatType.nIndex
05-24 21:01:56.423 371 437 W omx_vdec: <__AwOmxVdecGetExtensionIndex:1741>: GetExtensionIndex OMX.google.android.index.describeColorFormat, err [0x80001001].
05-24 21:01:56.424 371 437 W omx_vdec: <__AwOmxVdecGetExtensionIndex:1741>: GetExtensionIndex OMX.google.android.index.describeColorFormat2, err [0x80001001].
05-24 21:01:56.424 371 437 E omx_vdec: : erro: pParamData->nIndex > m_sPortFormatType.nIndex
05-24 21:01:56.424 371 437 W omx_vdec: <__AwOmxVdecGetExtensionIndex:1741>: GetExtensionIndex OMX.google.android.index.describeColorFormat, err [0x80001001].
05-24 21:01:56.425 371 437 W omx_vdec: <__AwOmxVdecGetExtensionIndex:1741>: GetExtensionIndex OMX.google.android.index.describeColorFormat2, err [0x80001001].
05-24 21:01:56.425 371 437 E omx_vdec: : erro: pParamData->nIndex > m_sPortFormatType.nIndex
05-24 21:01:56.425 371 437 W omx_vdec: <__AwOmxVdecGetExtensionIndex:1741>: GetExtensionIndex OMX.google.android.index.describeColorFormat, err [0x80001001].
05-24 21:01:56.425 371 437 W omx_vdec: <__AwOmxVdecGetExtensionIndex:1741>: GetExtensionIndex OMX.google.android.index.describeColorFormat2, err [0x80001001].
05-24 21:01:56.425 371 437 E omx_vdec: : erro: pParamData->nIndex > m_sPortFormatType.nIndex
05-24 21:01:56.425 371 437 W omx_vdec: <__AwOmxVdecGetExtensionIndex:1741>: GetExtensionIndex OMX.google.android.index.describeColorFormat, err [0x80001001].
05-24 21:01:56.425 371 437 W omx_vdec: <__AwOmxVdecGetExtensionIndex:1741>: GetExtensionIndex OMX.google.android.index.describeColorFormat2, err [0x80001001].
05-24 21:01:56.426 371 437 E omx_vdec: : erro: pParamData->nIndex > m_sPortFormatType.nIndex
05-24 21:01:56.426 371 437 W omx_vdec: <__AwOmxVdecGetExtensionIndex:1741>: GetExtensionIndex OMX.google.android.index.describeColorFormat, err [0x80001001].
05-24 21:01:56.426 371 437 W omx_vdec: <__AwOmxVdecGetExtensionIndex:1741>: GetExtensionIndex OMX.google.android.index.describeColorFormat2, err [0x80001001].
05-24 21:01:56.426 371 437 E omx_vdec: : erro: pParamData->nIndex > m_sPortFormatType.nIndex
05-24 21:01:56.426 371 437 W omx_vdec: <__AwOmxVdecGetExtensionIndex:1741>: GetExtensionIndex OMX.google.android.index.describeColorFormat, err [0x80001001].
05-24 21:01:56.426 371 437 W omx_vdec: <__AwOmxVdecGetExtensionIndex:1741>: GetExtensionIndex OMX.google.android.index.describeColorFormat2, err [0x80001001].
05-24 21:01:56.427 371 437 E omx_vdec: : erro: pParamData->nIndex > m_sPortFormatType.nIndex
05-24 21:01:56.427 371 437 W omx_vdec: <__AwOmxVdecGetExtensionIndex:1741>: GetExtensionIndex OMX.google.android.index.describeColorFormat, err [0x80001001].
05-24 21:01:56.427 371 437 W omx_vdec: <__AwOmxVdecGetExtensionIndex:1741>: GetExtensionIndex OMX.google.android.index.describeColorFormat2, err [0x80001001].
05-24 21:01:56.427 371 437 E omx_vdec: : erro: pParamData->nIndex > m_sPortFormatType.nIndex
05-24 21:01:56.427 371 437 W omx_vdec: <__AwOmxVdecGetExtensionIndex:1741>: GetExtensionIndex OMX.google.android.index.describeColorFormat, err [0x80001001].
05-24 21:01:56.427 371 437 W omx_vdec: <__AwOmxVdecGetExtensionIndex:1741>: GetExtensionIndex OMX.google.android.index.describeColorFormat2, err [0x80001001].
05-24 21:01:56.428 371 437 E omx_vdec: : erro: pParamData->nIndex > m_sPortFormatType.nIndex
05-24 21:01:56.428 371 437 W omx_vdec: <__AwOmxVdecGetExtensionIndex:1741>: GetExtensionIndex OMX.google.android.index.describeColorFormat, err [0x80001001].
05-24 21:01:56.428 371 437 W omx_vdec: <__AwOmxVdecGetExtensionIndex:1741>: GetExtensionIndex OMX.google.android.index.describeColorFormat2, err [0x80001001].
05-24 21:01:56.428 371 437 E omx_vdec: : erro: pParamData->nIndex > m_sPortFormatType.nIndex
05-24 21:01:56.428 371 437 W omx_vdec: <__AwOmxVdecGetExtensionIndex:1741>: GetExtensionIndex OMX.google.android.index.describeColorFormat, err [0x80001001].
05-24 21:01:56.428 371 437 W omx_vdec: <__AwOmxVdecGetExtensionIndex:1741>: GetExtensionIndex OMX.google.android.index.describeColorFormat2, err [0x80001001].
05-24 21:01:56.428 371 437 E omx_vdec: : erro: pParamData->nIndex > m_sPortFormatType.nIndex
05-24 21:01:56.429 371 437 W omx_vdec: <__AwOmxVdecGetExtensionIndex:1741>: GetExtensionIndex OMX.google.android.index.describeColorFormat, err [0x80001001].
05-24 21:01:56.429 371 437 W omx_vdec: <__AwOmxVdecGetExtensionIndex:1741>: GetExtensionIndex OMX.google.android.index.describeColorFormat2, err [0x80001001].
05-24 21:01:56.429 371 437 E omx_vdec: : erro: pParamData->nIndex > m_sPortFormatType.nIndex
05-24 21:01:56.429 371 437 W omx_vdec: <__AwOmxVdecGetExtensionIndex:1741>: GetExtensionIndex OMX.google.android.index.describeColorFormat, err [0x80001001].
05-24 21:01:56.429 371 437 W omx_vdec: <__AwOmxVdecGetExtensionIndex:1741>: GetExtensionIndex OMX.google.android.index.describeColorFormat2, err [0x80001001].
05-24 21:01:56.429 371 437 E omx_vdec: : erro: pParamData->nIndex > m_sPortFormatType.nIndex
05-24 21:01:56.430 371 437 W omx_vdec: <__AwOmxVdecGetExtensionIndex:1741>: GetExtensionIndex OMX.google.android.index.describeColorFormat, err [0x80001001].
05-24 21:01:56.430 371 437 W omx_vdec: <__AwOmxVdecGetExtensionIndex:1741>: GetExtensionIndex OMX.google.android.index.describeColorFormat2, err [0x80001001].
05-24 21:01:56.430 371 437 E omx_vdec: : erro: pParamData->nIndex > m_sPortFormatType.nIndex
05-24 21:01:56.430 371 437 W omx_vdec: <__AwOmxVdecGetExtensionIndex:1741>: GetExtensionIndex OMX.google.android.index.describeColorFormat, err [0x80001001].
05-24 21:01:56.430 371 437 W omx_vdec: <__AwOmxVdecGetExtensionIndex:1741>: GetExtensionIndex OMX.google.android.index.describeColorFormat2, err [0x80001001].
05-24 21:01:56.430 371 437 E omx_vdec: : erro: pParamData->nIndex > m_sPortFormatType.nIndex
05-24 21:01:56.431 371 437 W omx_vdec: <__AwOmxVdecGetExtensionIndex:1741>: GetExtensionIndex OMX.google.android.index.describeColorFormat, err [0x80001001].
05-24 21:01:56.431 371 437 W omx_vdec: <__AwOmxVdecGetExtensionIndex:1741>: GetExtensionIndex OMX.google.android.index.describeColorFormat2, err [0x80001001].
05-24 21:01:56.431 371 437 E omx_vdec: : erro: pParamData->nIndex > m_sPortFormatType.nIndex
05-24 21:01:56.431 371 437 W omx_vdec: <__AwOmxVdecGetExtensionIndex:1741>: GetExtensionIndex OMX.google.android.index.describeColorFormat, err [0x80001001].
05-24 21:01:56.431 371 437 W omx_vdec: <__AwOmxVdecGetExtensionIndex:1741>: GetExtensionIndex OMX.google.android.index.describeColorFormat2, err [0x80001001].
05-24 21:01:56.431 371 437 E omx_vdec: : erro: pParamData->nIndex > m_sPortFormatType.nIndex
05-24 21:01:56.432 371 437 W omx_vdec: <__AwOmxVdecGetExtensionIndex:1741>: GetExtensionIndex OMX.google.android.index.describeColorFormat, err [0x80001001].
05-24 21:01:56.432 371 437 W omx_vdec: <__AwOmxVdecGetExtensionIndex:1741>: GetExtensionIndex OMX.google.android.index.describeColorFormat2, err [0x80001001].
05-24 21:01:56.432 371 437 E omx_vdec: : erro: pParamData->nIndex > m_sPortFormatType.nIndex
05-24 21:01:56.432 371 437 W omx_vdec: <__AwOmxVdecGetExtensionIndex:1741>: GetExtensionIndex OMX.google.android.index.describeColorFormat, err [0x80001001].
05-24 21:01:56.432 371 437 W omx_vdec: <__AwOmxVdecGetExtensionIndex:1741>: GetExtensionIndex OMX.google.android.index.describeColorFormat2, err [0x80001001].
05-24 21:01:56.432 371 437 E omx_vdec: : erro: pParamData->nIndex > m_sPortFormatType.nIndex
05-24 21:01:56.432 371 437 W omx_vdec: <__AwOmxVdecGetExtensionIndex:1741>: GetExtensionIndex OMX.google.android.index.describeColorFormat, err [0x80001001].
05-24 21:01:56.433 371 437 W omx_vdec: <__AwOmxVdecGetExtensionIndex:1741>: GetExtensionIndex OMX.google.android.index.describeColorFormat2, err [0x80001001].
05-24 21:01:56.433 371 437 E omx_vdec: : erro: pParamData->nIndex > m_sPortFormatType.nIndex
05-24 21:01:56.433 371 437 W omx_vdec: <__AwOmxVdecGetExtensionIndex:1741>: GetExtensionIndex OMX.google.android.index.describeColorFormat, err [0x80001001].
05-24 21:01:56.433 371 437 W omx_vdec: <__AwOmxVdecGetExtensionIndex:1741>: GetExtensionIndex OMX.google.android.index.describeColorFormat2, err [0x80001001].
05-24 21:01:56.433 371 437 E omx_vdec: : erro: pParamData->nIndex > m_sPortFormatType.nIndex
05-24 21:01:56.433 371 437 W omx_vdec: <__AwOmxVdecGetExtensionIndex:1741>: GetExtensionIndex OMX.google.android.index.describeColorFormat, err [0x80001001].
01-01 08:00:21.071 56 56 I sunxi-mmc 4021000.sdmmc: sdc set ios:clk 400000Hz bm PP pm ON vdd 23 width 1 timing LEGACY(SDR12) dt B
05-24 21:01:56.436 371 437 W omx_vdec: <__AwOmxVdecGetExtensionIndex:1741>: GetExtensionIndex OMX.google.android.index.describeColorFormat2, err [0x80001001].
05-24 21:01:56.436 471 655 W PackageManager: Loading a package that does not exist for the calling user. package=null, user=0
05-24 21:01:56.436 371 437 E omx_vdec: : erro: pParamData->nIndex > m_sPortFormatType.nIndex
05-24 21:01:56.436 371 437 W omx_vdec: <__AwOmxVdecGetExtensionIndex:1741>: GetExtensionIndex OMX.google.android.index.describeColorFormat, err [0x80001001].
05-24 21:01:56.436 371 437 W omx_vdec: <__AwOmxVdecGetExtensionIndex:1741>: GetExtensionIndex OMX.google.android.index.describeColorFormat2, err [0x80001001].
05-24 21:01:56.437 371 437 E omx_vdec: : erro: pParamData->nIndex > m_sPortFormatType.nIndex
05-24 21:01:56.437 371 437 W omx_vdec: <__AwOmxVdecGetExtensionIndex:1741>: GetExtensionIndex OMX.google.android.index.describeColorFormat, err [0x80001001].
05-24 21:01:56.437 371 437 W omx_vdec: <__AwOmxVdecGetExtensionIndex:1741>: GetExtensionIndex OMX.google.android.index.describeColorFormat2, err [0x80001001].
05-24 21:01:56.437 371 437 E omx_vdec: : erro: pParamData->nIndex > m_sPortFormatType.nIndex
05-24 21:01:56.437 371 437 W omx_vdec: <__AwOmxVdecGetExtensionIndex:1741>: GetExtensionIndex OMX.google.android.index.describeColorFormat, err [0x80001001].
05-24 21:01:56.437 371 437 W omx_vdec: <__AwOmxVdecGetExtensionIndex:1741>: GetExtensionIndex OMX.google.android.index.describeColorFormat2, err [0x80001001].
05-24 21:01:56.437 361 483 W ACodec : [OMX.allwinner.video.decoder.hevc] stopping checking formats after 32: COLOR_FormatYUV420Planar(13)
05-24 21:01:56.437 371 437 W omx_vdec: <__AwOmxVdecGetExtensionIndex:1741>: GetExtensionIndex OMX.google.android.index.configureVideoTunnelMode, err [0x80001001].
05-24 21:01:56.437 371 437 E OMXNodeInstance: getExtensionIndex(0xf253a000:allwinner.decoder.hevc, OMX.google.android.index.configureVideoTunnelMode) ERROR: Undefined(0x80001001)
05-24 21:01:56.437 361 483 D MediaCodecInfo: detail feature-tunneled-playback wasn't present to remove
05-24 21:01:56.438 371 437 W omx_vdec: <__AwOmxVdecGetExtensionIndex:1741>: GetExtensionIndex OMX.google.android.index.storeANWBufferInMetadata, err [0x80001001].
05-24 21:01:56.438 371 437 W omx_vdec_aw: <__anSetExtPara:3004>: Setparameter: unknown param 2131755011
05-24 21:01:56.438 371 437 W OMXNodeInstance: [0xf253a000:allwinner.decoder.hevc] component does not support metadata mode; using fallback
05-24 21:01:56.438 371 730 W libc : invalid pthread_t (0) passed to pthread_join
05-24 21:01:56.439 371 730 W libc : invalid pthread_t (0) passed to pthread_join
05-24 21:01:56.439 371 730 W libc : invalid pthread_t (0) passed to pthread_join
05-24 21:01:56.440 707 707 D nativeloader: classloader namespace configured for unbundled product apk. library_path=/product/app/webview/lib/arm:/product/app/webview/webview.apk!/lib/armeabi-v7a:/product/lib:/system/product/lib
05-24 21:01:56.444 371 437 I cedarc : : not malloc locks
01-01 08:00:21.093 437 437 D : disable_cedar_hw_clk,546
05-24 21:01:56.446 361 483 I OMXClient: IOmx service obtained
05-24 21:01:56.446 371 437 I OMXStore: makeComponentInstance(OMX.allwinner.video.decoder.hevc.secure) in android.hardwar process
05-24 21:01:56.440 678 678 I ndroid.systemui: type=1400 audit(0.0:325): avc: denied { getattr } for path="/data/user_de/0/com.android.systemui" dev="mmcblk0p25" ino=503 scontext=u:r:platform_app:s0:c512,c768 tcontext=u:object_r:app_data_file:s0:c512,c768 tclass=dir permissive=1 app=com.softwinner.screenshot
05-24 21:01:56.447 371 437 E omx_vdec: : This platform does not support secure video playback
05-24 21:01:56.447 371 437 E omx_sem : : handle is null
05-24 21:01:56.448 371 437 E omx_sem : : handle is null
05-24 21:01:56.448 371 437 E omx_sem : : handle is null
05-24 21:01:56.448 371 437 E omx_sem : : handle is null
05-24 21:01:56.448 371 437 E omx_sem : : handle is null
05-24 21:01:56.448 371 437 W omx_vdec_aw: : pdec is null
05-24 21:01:56.448 371 437 E android.hardware.media.omx@1.0-service: Failed to allocate omx component 'OMX.allwinner.video.decoder.hevc.secure' err=InvalidComponentName(0x80001002)
05-24 21:01:56.449 361 483 W OmxInfoBuilder: Fail to add media type video/hevc to codec OMX.allwinner.video.decoder.hevc.secure
05-24 21:01:56.451 361 483 I OMXClient: IOmx service obtained
