05-24 21:01:57.718 388 831 D C2SoftHevcEnc: Given level 6000 does not cover current configuration: adjusting to 6001
05-24 21:01:57.721 388 831 I mediaswcodec: missing struct descriptor #Param::CoreIndex(--004) for field values of struct #Param::CoreIndex(F-12004)
05-24 21:01:57.722 665 869 D BluetoothDatabase: compactLastConnectionTime: Compacting metadata after load
05-24 21:01:57.723 665 869 D BluetoothDatabase: compactLastConnectionTime: Setting last_active_item for device: E4:BB:D3:57:C0:22 from 39 to 0
05-24 21:01:57.724 665 869 D BluetoothDatabase: updateDatabase E4:BB:D3:57:C0:22
05-24 21:01:57.724 665 869 I BluetoothDatabase: cacheMetadata
05-24 21:01:57.724 665 869 V BluetoothDatabase: cacheMetadata: found device E4:BB:D3:57:C0:22
05-24 21:01:57.724 665 869 V BluetoothDatabase: cacheMetadata: found device LocalStorage
05-24 21:01:57.724 665 869 I BluetoothDatabase: cacheMetadata: Database is ready
05-24 21:01:57.730 388 831 D C2SoftHevcEnc: Given level 6000 does not cover current configuration: adjusting to 6001
05-24 21:01:57.731 822 822 V GraphicsEnvironment: ANGLE Developer option for 'com.android.tv.settings' set to: 'default'
05-24 21:01:57.731 822 822 V GraphicsEnvironment: Neither updatable production driver nor prerelease driver is supported.
05-24 21:01:57.733 361 483 D Codec2InfoBuilder: codec entry for 'c2.android.hevc.encoder' is disabled
05-24 21:01:57.734 822 822 D NetworkSecurityConfig: No Network Security Config specified, using platform default
05-24 21:01:57.734 388 867 V C2Store : in init
05-24 21:01:57.734 388 867 V C2Store : loading dll
05-24 21:01:57.735 822 822 D NetworkSecurityConfig: No Network Security Config specified, using platform default
05-24 21:01:57.736 665 870 D BluetoothActiveDeviceManager: onAudioDevicesAdded
05-24 21:01:57.737 665 870 D BluetoothActiveDeviceManager: Audio device added: DBBOX-A2 type: 2
05-24 21:01:57.737 665 870 D BluetoothActiveDeviceManager: Audio device added: DBBOX-A2 type: 15
05-24 21:01:57.737 665 870 D BluetoothActiveDeviceManager: Audio device added: DBBOX-A2 type: 25
05-24 21:01:57.738 665 665 D BluetoothAdapterService: setAdapterService() - trying to set service to com.android.bluetooth.btservice.AdapterService@6fda715
05-24 21:01:57.741 388 831 V C2Store : in ~ComponentModule
05-24 21:01:57.742 361 483 I Codec2InfoBuilder: adding type 'audio/mpeg'
05-24 21:01:57.743 388 421 V C2Store : in init
05-24 21:01:57.743 388 421 V C2Store : loading dll
05-24 21:01:57.744 471 575 D NetworkStats: registerNetworkStatsProvider from OffloadController uid/pid=1073/754
05-24 21:01:57.746 388 867 V C2Store : in ~ComponentModule
05-24 21:01:57.746 678 678 D CompatibilityChangeReporter: Compat change id reported: 160794467; UID 10066; state: ENABLED
05-24 21:01:57.747 388 831 V C2Store : unloading dll
05-24 21:01:57.747 388 867 V C2Store : unloading dll
05-24 21:01:57.752 361 483 D Codec2InfoBuilder: codec entry for 'c2.android.mpeg2.decoder' is disabled
05-24 21:01:57.752 388 388 V C2Store : in init
05-24 21:01:57.752 388 388 V C2Store : loading dll
05-24 21:01:57.754 665 665 D BluetoothAdapterService: onBind()
05-24 21:01:57.762 678 678 D TvPipMenuController: onMediaActionsChanged()
05-24 21:01:57.764 361 483 I Codec2InfoBuilder: adding type 'video/mp4v-es'
05-24 21:01:57.765 388 421 V C2Store : in ~ComponentModule
05-24 21:01:57.765 388 421 V C2Store : unloading dll
05-24 21:01:57.767 388 831 V C2Store : in ~ComponentModule
05-24 21:01:57.767 388 831 V C2Store : unloading dll
05-24 21:01:57.767 388 388 V C2Store : in init
05-24 21:01:57.767 388 388 V C2Store : loading dll
05-24 21:01:57.764 840 840 I id.ext.services: type=1400 audit(0.0:351): avc: denied { getattr } for path="/data/data/android.ext.services" dev="mmcblk0p25" ino=455 scontext=u:r:platform_app:s0:c512,c768 tcontext=u:object_r:app_data_file:s0:c512,c768 tclass=dir permissive=1 app=android.ext.services
05-24 21:01:57.771 678 678 D TvPipNotification: setDelegate(), delegate=com.android.wm.shell.pip.tv.TvPipController@6fda715
05-24 21:01:57.772 678 678 D TvPipMenuController: setDelegate(), delegate=com.android.wm.shell.pip.tv.TvPipController@6fda715
05-24 21:01:57.774 361 483 I Codec2InfoBuilder: adding type 'video/mp4v-es'
05-24 21:01:57.776 388 831 V C2Store : in init
05-24 21:01:57.776 388 831 V C2Store : loading dll
05-24 21:01:57.777 388 388 V C2Store : in ~ComponentModule
05-24 21:01:57.777 388 388 V C2Store : unloading dll
05-24 21:01:57.782 361 483 I Codec2InfoBuilder: adding type 'audio/opus'
05-24 21:01:57.782 678 678 W OneHandedController: Device doesn't support OneHanded feature
05-24 21:01:57.783 388 422 V C2Store : in init
05-24 21:01:57.784 388 422 V C2Store : loading dll
05-24 21:01:57.785 388 388 V C2Store : in ~ComponentModule
05-24 21:01:57.785 388 388 V C2Store : unloading dll
05-24 21:01:57.789 361 483 I Codec2InfoBuilder: adding type 'audio/opus'
05-24 21:01:57.790 388 421 V C2Store : in init
05-24 21:01:57.790 388 421 V C2Store : loading dll
05-24 21:01:57.791 388 422 V C2Store : in ~ComponentModule
05-24 21:01:57.791 388 422 V C2Store : unloading dll
05-24 21:01:57.795 361 483 I Codec2InfoBuilder: adding type 'audio/raw'
05-24 21:01:57.797 388 831 V C2Store : in init
05-24 21:01:57.797 388 831 V C2Store : loading dll
05-24 21:01:57.798 388 867 V C2Store : in ~ComponentModule
05-24 21:01:57.798 388 867 V C2Store : unloading dll
05-24 21:01:57.801 361 483 I Codec2InfoBuilder: adding type 'audio/vorbis'
05-24 21:01:57.802 388 422 V C2Store : in init
05-24 21:01:57.802 471 810 D NetworkStats: registerNetworkStatsProvider from BpfCoordinator uid/pid=1073/754
05-24 21:01:57.803 388 422 V C2Store : loading dll
05-24 21:01:57.804 388 831 V C2Store : in ~ComponentModule
05-24 21:01:57.804 388 831 V C2Store : unloading dll
05-24 21:01:57.804 840 840 I id.ext.services: type=1400 audit(0.0:352): avc: denied { search } for name="android.ext.services" dev="mmcblk0p25" ino=455 scontext=u:r:platform_app:s0:c512,c768 tcontext=u:object_r:app_data_file:s0:c512,c768 tclass=dir permissive=1 app=android.ext.services
05-24 21:01:57.810 840 840 V GraphicsEnvironment: ANGLE Developer option for 'android.ext.services' set to: 'default'
05-24 21:01:57.810 840 840 V GraphicsEnvironment: Neither updatable production driver nor prerelease driver is supported.
05-24 21:01:57.811 361 483 I Codec2InfoBuilder: adding type 'video/x-vnd.on2.vp8'
05-24 21:01:57.812 246 246 I netd : registerUnsolicitedEventListener() <0.05ms>
05-24 21:01:57.812 388 867 V C2Store : in init
05-24 21:01:57.813 388 867 V C2Store : loading dll
05-24 21:01:57.813 840 840 D NetworkSecurityConfig: No Network Security Config specified, using platform default
05-24 21:01:57.814 840 840 D NetworkSecurityConfig: No Network Security Config specified, using platform default
05-24 21:01:57.815 388 867 I C2SoftVp8Enc: setting temporal layering 0 + 0
05-24 21:01:57.815 754 754 D CompatibilityChangeReporter: Compat change id reported: 147600208; UID 1073; state: ENABLED
05-24 21:01:57.818 471 805 D CompatibilityChangeReporter: Compat change id reported: 182478738; UID 1073; state: DISABLED
05-24 21:01:57.819 388 421 V C2Store : in ~ComponentModule
05-24 21:01:57.819 388 421 V C2Store : unloading dll
05-24 21:01:57.821 388 867 I C2SoftVp8Enc: setting temporal layering 0 + 0
05-24 21:01:57.825 361 483 I Codec2InfoBuilder: adding type 'video/x-vnd.on2.vp8'
05-24 21:01:57.830 754 754 V WifiManager: registerSoftApCallback: callback=com.android.networkstack.tethering.Tethering$TetheringSoftApCallback@88661a6, executor=com.android.networkstack.tethering.Tethering$TetheringThreadExecutor@f5c57e7
05-24 21:01:57.830 388 422 V C2Store : in ~ComponentModule
05-24 21:01:57.831 388 422 V C2Store : unloading dll
05-24 21:01:57.831 388 388 V C2Store : in init
05-24 21:01:57.831 388 388 V C2Store : loading dll
05-24 21:01:57.833 288 313 E cutils-trace: Error opening trace file: No such file or directory (2)
05-24 21:01:57.838 361 483 D Codec2InfoBuilder: component 'c2.android.vp9.decoder' not found in xml
05-24 21:01:57.838 471 810 D ConnectivityService: requestNetwork for uid/pid:1073/754 activeRequest: null callbackRequest: 21 [NetworkRequest [ TRACK_SYSTEM_DEFAULT id=21, [ Capabilities: INTERNET&NOT_RESTRICTED&TRUSTED&NOT_VPN&NOT_VCN_MANAGED RequestorUid: 1073 RequestorPkg: com.android.networkstack.tethering] ]] callback flags: 0 priority: 2147483647
05-24 21:01:57.838 388 867 V C2Store : in init
05-24 21:01:57.838 388 867 V C2Store : loading dll
05-24 21:01:57.839 388 422 V C2Store : in ~ComponentModule
05-24 21:01:57.839 388 422 V C2Store : unloading dll
05-24 21:01:57.842 388 867 I C2SoftVp9Enc: setting temporal layering 0 + 0
05-24 21:01:57.842 471 614 D ConnectivityService: NetReassign [no changes]
05-24 21:01:57.847 388 867 I C2SoftVp9Enc: setting temporal layering 0 + 0
05-24 21:01:57.849 361 483 D Codec2InfoBuilder: codec entry for 'c2.android.vp9.encoder' is disabled
05-24 21:01:57.850 388 867 V C2Store : in ~ComponentModule
05-24 21:01:57.850 388 867 V C2Store : unloading dll
05-24 21:01:57.851 471 699 D MediaCodecList: codecHandlesFormat: no format, so no extra checks
05-24 21:01:57.852 471 698 D MediaCodecList: codecHandlesFormat: no format, so no extra checks
05-24 21:01:57.856 471 703 D CCodec : allocate(c2.android.vorbis.decoder)
05-24 21:01:57.857 471 702 D CCodec : allocate(c2.android.vorbis.decoder)
05-24 21:01:57.859 471 703 I Codec2Client: Available Codec2 services: "software"
05-24 21:01:57.861 388 867 V C2Store : in init
05-24 21:01:57.862 388 867 V C2Store : loading dll
05-24 21:01:57.867 471 703 I CCodec : Created component [c2.android.vorbis.decoder]
05-24 21:01:57.869 471 703 D CCodecConfig: read media type: audio/vorbis
05-24 21:01:57.869 471 702 I CCodec : Created component [c2.android.vorbis.decoder]
05-24 21:01:57.870 471 702 D CCodecConfig: read media type: audio/vorbis
05-24 21:01:57.872 471 703 D ReflectedParamUpdater: extent() != 1 for single value type: algo.buffers.max-count.values
05-24 21:01:57.873 471 703 D ReflectedParamUpdater: extent() != 1 for single value type: output.subscribed-indices.values
05-24 21:01:57.873 471 703 D ReflectedParamUpdater: extent() != 1 for single value type: input.buffers.allocator-ids.values
05-24 21:01:57.873 471 702 D ReflectedParamUpdater: extent() != 1 for single value type: algo.buffers.max-count.values
05-24 21:01:57.874 471 703 D ReflectedParamUpdater: extent() != 1 for single value type: output.buffers.allocator-ids.values
05-24 21:01:57.874 471 702 D ReflectedParamUpdater: extent() != 1 for single value type: output.subscribed-indices.values
05-24 21:01:57.874 471 703 D ReflectedParamUpdater: extent() != 1 for single value type: algo.buffers.allocator-ids.values
05-24 21:01:57.874 471 702 D ReflectedParamUpdater: extent() != 1 for single value type: input.buffers.allocator-ids.values
05-24 21:01:57.874 471 703 D ReflectedParamUpdater: extent() != 1 for single value type: output.buffers.pool-ids.values
05-24 21:01:57.874 471 702 D ReflectedParamUpdater: extent() != 1 for single value type: output.buffers.allocator-ids.values
05-24 21:01:57.874 471 703 D ReflectedParamUpdater: extent() != 1 for single value type: algo.buffers.pool-ids.values
05-24 21:01:57.878 471 703 I CCodecConfig: query failed after returning 7 values (BAD_INDEX)
05-24 21:01:57.878 471 702 D ReflectedParamUpdater: extent() != 1 for single value type: algo.buffers.allocator-ids.values
05-24 21:01:57.878 471 703 D CCodecConfig: c2 config diff is Dict {
05-24 21:01:57.878 471 703 D CCodecConfig: c2::u32 coded.bitrate.value = 64000
05-24 21:01:57.878 471 703 D CCodecConfig: c2::u32 input.buffers.max-size.value = 32768
05-24 21:01:57.878 471 703 D CCodecConfig: c2::u32 input.delay.value = 0
05-24 21:01:57.878 471 703 D CCodecConfig: string input.media-type.value = "audio/vorbis"
05-24 21:01:57.878 471 703 D CCodecConfig: string output.media-type.value = "audio/raw"
05-24 21:01:57.878 471 703 D CCodecConfig: c2::u32 raw.channel-count.value = 1
05-24 21:01:57.878 471 703 D CCodecConfig: c2::u32 raw.sample-rate.value = 48000
05-24 21:01:57.878 471 703 D CCodecConfig: }
05-24 21:01:57.878 471 702 D ReflectedParamUpdater: extent() != 1 for single value type: output.buffers.pool-ids.values
05-24 21:01:57.880 471 703 D CCodec : [c2.android.vorbis.decoder] buffers are bound to CCodec for this session
05-24 21:01:57.881 471 702 D ReflectedParamUpdater: extent() != 1 for single value type: algo.buffers.pool-ids.values
05-24 21:01:57.881 471 703 D CCodecConfig: no c2 equivalents for durationUs
05-24 21:01:57.881 471 703 D CCodecConfig: no c2 equivalents for track-id
05-24 21:01:57.881 471 703 D CCodecConfig: no c2 equivalents for csd-1
05-24 21:01:57.881 471 703 D CCodecConfig: no c2 equivalents for channel-mask
05-24 21:01:57.881 471 703 D CCodecConfig: no c2 equivalents for flags
05-24 21:01:57.881 471 703 D CCodecConfig: c2 config diff is c2::u32 raw.channel-count.value = 2
05-24 21:01:57.881 471 703 D CCodecConfig: c2::u32 raw.sample-rate.value = 44100
05-24 21:01:57.882 349 349 D incidentd: WorkDirectory::getReports
05-24 21:01:57.885 471 703 W Codec2Client: query -- param skipped: index = 1107298332.
05-24 21:01:57.885 471 703 D CCodec : setup formats input: AMessage(what = 0x00000000) = {
05-24 21:01:57.885 471 703 D CCodec : int32_t bitrate = 64000
05-24 21:01:57.885 471 703 D CCodec : int32_t channel-count = 2
05-24 21:01:57.885 471 703 D CCodec : int32_t max-input-size = 32768
05-24 21:01:57.885 471 703 D CCodec : string mime = "audio/vorbis"
05-24 21:01:57.885 471 703 D CCodec : int32_t sample-rate = 44100
05-24 21:01:57.885 471 703 D CCodec : }
05-24 21:01:57.885 471 703 D CCodec : setup formats output: AMessage(what = 0x00000000) = {
05-24 21:01:57.885 471 703 D CCodec : int32_t channel-count = 2
05-24 21:01:57.885 471 703 D CCodec : string mime = "audio/raw"
05-24 21:01:57.885 471 703 D CCodec : int32_t sample-rate = 44100
05-24 21:01:57.885 471 703 D CCodec : int32_t channel-mask = 3
05-24 21:01:57.885 471 703 D CCodec : }
05-24 21:01:57.886 471 703 I CCodecConfig: query failed after returning 7 values (BAD_INDEX)
05-24 21:01:57.886 471 702 I CCodecConfig: query failed after returning 7 values (BAD_INDEX)
05-24 21:01:57.887 471 702 D CCodecConfig: c2 config diff is Dict {
05-24 21:01:57.887 471 702 D CCodecConfig: c2::u32 coded.bitrate.value = 64000
05-24 21:01:57.887 471 702 D CCodecConfig: c2::u32 input.buffers.max-size.value = 32768
05-24 21:01:57.887 471 702 D CCodecConfig: c2::u32 input.delay.value = 0
05-24 21:01:57.887 471 702 D CCodecConfig: string input.media-type.value = "audio/vorbis"
05-24 21:01:57.887 471 702 D CCodecConfig: string output.media-type.value = "audio/raw"
05-24 21:01:57.887 471 702 D CCodecConfig: c2::u32 raw.channel-count.value = 1
05-24 21:01:57.887 471 702 D CCodecConfig: c2::u32 raw.sample-rate.value = 48000
05-24 21:01:57.887 471 702 D CCodecConfig: }
05-24 21:01:57.888 471 702 D CCodec : [c2.android.vorbis.decoder] buffers are bound to CCodec for this session
05-24 21:01:57.888 471 702 D CCodecConfig: no c2 equivalents for durationUs
05-24 21:01:57.888 471 702 D CCodecConfig: no c2 equivalents for track-id
05-24 21:01:57.888 471 702 D CCodecConfig: no c2 equivalents for csd-1
05-24 21:01:57.888 471 702 D CCodecConfig: no c2 equivalents for channel-mask
05-24 21:01:57.889 471 702 D CCodecConfig: no c2 equivalents for flags
05-24 21:01:57.889 471 703 W Codec2Client: query -- param skipped: index = 1342179345.
05-24 21:01:57.889 471 703 W Codec2Client: query -- param skipped: index = 2415921170.
05-24 21:01:57.890 471 703 D C2Store : Using ION
05-24 21:01:57.891 471 702 D CCodecConfig: c2 config diff is c2::u32 raw.channel-count.value = 2
05-24 21:01:57.891 471 702 D CCodecConfig: c2::u32 raw.sample-rate.value = 44100
05-24 21:01:57.892 471 703 D CCodecBufferChannel: [c2.android.vorbis.decoder#789] Created input block pool with allocatorID 16 => poolID 17 - OK (0)
05-24 21:01:57.892 388 896 D C2Store : Using ION
05-24 21:01:57.893 471 702 W Codec2Client: query -- param skipped: index = 1107298332.
05-24 21:01:57.893 471 702 D CCodec : setup formats input: AMessage(what = 0x00000000) = {
05-24 21:01:57.893 471 702 D CCodec : int32_t bitrate = 64000
05-24 21:01:57.893 471 702 D CCodec : int32_t channel-count = 2
05-24 21:01:57.893 471 702 D CCodec : int32_t max-input-size = 32768
05-24 21:01:57.893 471 702 D CCodec : string mime = "audio/vorbis"
05-24 21:01:57.893 471 702 D CCodec : int32_t sample-rate = 44100
05-24 21:01:57.893 471 702 D CCodec : }
05-24 21:01:57.893 471 702 D CCodec : setup formats output: AMessage(what = 0x00000000) = {
05-24 21:01:57.893 471 702 D CCodec : int32_t channel-count = 2
05-24 21:01:57.893 471 702 D CCodec : string mime = "audio/raw"
05-24 21:01:57.893 471 702 D CCodec : int32_t sample-rate = 44100
05-24 21:01:57.893 471 702 D CCodec : int32_t channel-mask = 3
05-24 21:01:57.893 471 702 D CCodec : }
05-24 21:01:57.894 471 703 I CCodecBufferChannel: [c2.android.vorbis.decoder#789] Created output block pool with allocatorID 16 => poolID 17 - OK
05-24 21:01:57.894 471 702 I CCodecConfig: query failed after returning 7 values (BAD_INDEX)
05-24 21:01:57.894 471 703 D CCodecBufferChannel: [c2.android.vorbis.decoder#789] Configured output block pool ids 17 => OK
05-24 21:01:57.895 471 702 W Codec2Client: query -- param skipped: index = 1342179345.
05-24 21:01:57.895 471 702 W Codec2Client: query -- param skipped: index = 2415921170.
05-24 21:01:57.895 471 703 E ion : ioctl c0044901 failed with code -1: Inappropriate ioctl for device
05-24 21:01:57.896 471 702 D CCodecBufferChannel: [c2.android.vorbis.decoder#845] Created input block pool with allocatorID 16 => poolID 18 - OK (0)
05-24 21:01:57.898 471 702 I CCodecBufferChannel: [c2.android.vorbis.decoder#845] Created output block pool with allocatorID 16 => poolID 18 - OK
05-24 21:01:57.899 471 702 D CCodecBufferChannel: [c2.android.vorbis.decoder#845] Configured output block pool ids 18 => OK
05-24 21:01:57.899 388 894 D SimpleC2Component: Using output block pool with poolID 17 => got 17 - 0
05-24 21:01:57.903 388 895 D SimpleC2Component: Using output block pool with poolID 18 => got 18 - 0
05-24 21:01:57.906 388 896 E ion : ioctl c0044901 failed with code -1: Inappropriate ioctl for device
05-24 21:01:57.908 899 899 I Thread-2: type=1400 audit(0.0:353): avc: denied { execute } for name="am" dev="dm-1" ino=1160 scontext=u:r:system_app:s0 tcontext=u:object_r:vendor_file:s0 tclass=file permissive=1
05-24 21:01:57.912 899 899 I Thread-2: type=1400 audit(0.0:354): avc: denied { read open } for path="/vendor/xbin/am" dev="dm-1" ino=1160 scontext=u:r:system_app:s0 tcontext=u:object_r:vendor_file:s0 tclass=file permissive=1
05-24 21:01:57.912 899 899 I Thread-2: type=1400 audit(0.0:355): avc: denied { execute_no_trans } for path="/vendor/xbin/am" dev="dm-1" ino=1160 scontext=u:r:system_app:s0 tcontext=u:object_r:vendor_file:s0 tclass=file permissive=1
05-24 21:01:57.928 325 325 I rainbow_flow: type=1400 audit(0.0:356): avc: denied { ioctl } for path="/dev/spidev1.0" dev="tmpfs" ino=2275 ioctlcmd=0x6b00 scontext=u:r:init:s0 tcontext=u:object_r:device:s0 tclass=chr_file permissive=1
05-24 21:01:57.940 678 678 W SystemServiceRegistry: No service published for: fingerprint
05-24 21:01:57.946 471 810 D CompatibilityChangeReporter: Compat change id reported: 171306433; UID 1000; state: ENABLED
05-24 21:01:57.954 678 678 W SystemServiceRegistry: No service published for: face
05-24 21:01:57.959 822 902 D MediaCodecList: codecHandlesFormat: no format, so no extra checks
05-24 21:01:57.960 822 903 D MediaCodecList: codecHandlesFormat: no format, so no extra checks
05-24 21:01:57.976 822 908 D CCodec : allocate(c2.android.vorbis.decoder)
05-24 21:01:57.978 822 909 D CCodec : allocate(c2.android.vorbis.decoder)
05-24 21:01:57.981 822 908 I Codec2Client: Available Codec2 services: "software"
05-24 21:01:57.988 471 471 I Binder:471_5: type=1400 audit(0.0:357): avc: denied { read } for name="u:object_r:vendor_default_prop:s0" dev="tmpfs" ino=5992 scontext=u:r:system_server:s0 tcontext=u:object_r:vendor_default_prop:s0 tclass=file permissive=1
05-24 21:01:57.988 471 471 I Binder:471_5: type=1400 audit(0.0:358): avc: denied { open } for path="/dev/__properties__/u:object_r:vendor_default_prop:s0" dev="tmpfs" ino=5992 scontext=u:r:system_server:s0 tcontext=u:object_r:vendor_default_prop:s0 tclass=file permissive=1
05-24 21:01:57.993 822 908 I CCodec : Created component [c2.android.vorbis.decoder]
05-24 21:01:57.993 822 909 I CCodec : Created component [c2.android.vorbis.decoder]
05-24 21:01:57.993 822 908 D CCodecConfig: read media type: audio/vorbis
05-24 21:01:57.988 471 471 I Binder:471_5: type=1400 audit(0.0:359): avc: denied { getattr } for path="/dev/__properties__/u:object_r:vendor_default_prop:s0" dev="tmpfs" ino=5992 scontext=u:r:system_server:s0 tcontext=u:object_r:vendor_default_prop:s0 tclass=file permissive=1
05-24 21:01:57.993 822 909 D CCodecConfig: read media type: audio/vorbis
05-24 21:01:57.992 471 471 I Binder:471_5: type=1400 audit(0.0:360): avc: denied { map } for path="/dev/__properties__/u:object_r:vendor_default_prop:s0" dev="tmpfs" ino=5992 scontext=u:r:system_server:s0 tcontext=u:object_r:vendor_default_prop:s0 tclass=file permissive=1
05-24 21:01:58.000 822 908 D ReflectedParamUpdater: extent() != 1 for single value type: algo.buffers.max-count.values
05-24 21:01:58.001 822 908 D ReflectedParamUpdater: extent() != 1 for single value type: output.subscribed-indices.values
05-24 21:01:58.001 822 908 D ReflectedParamUpdater: extent() != 1 for single value type: input.buffers.allocator-ids.values
05-24 21:01:58.002 822 908 D ReflectedParamUpdater: extent() != 1 for single value type: output.buffers.allocator-ids.values
05-24 21:01:58.004 822 908 D ReflectedParamUpdater: extent() != 1 for single value type: algo.buffers.allocator-ids.values
05-24 21:01:58.005 822 908 D ReflectedParamUpdater: extent() != 1 for single value type: output.buffers.pool-ids.values
05-24 21:01:58.006 822 908 D ReflectedParamUpdater: extent() != 1 for single value type: algo.buffers.pool-ids.values
05-24 21:01:58.009 185 185 I hwservicemanager: getTransport: Cannot find entry android.hardware.configstore@1.0::ISurfaceFlingerConfigs/default in either framework or device VINTF manifest.
05-24 21:01:58.011 471 471 W Looper : Slow dispatch took 229ms main h=android.os.Handler c=com.android.server.hdmi.WorkSourceUidPreservingRunnable@999b5dc m=0
05-24 21:01:58.011 471 471 I HdmiCecLocalDeviceSource: queryDisplayStatus already in progress
05-24 21:01:58.013 471 471 I PackageWatchdog: Syncing health check requests for packages: {}
05-24 21:01:58.014 822 908 I CCodecConfig: query failed after returning 7 values (BAD_INDEX)
05-24 21:01:58.014 822 908 D CCodecConfig: c2 config diff is Dict {
05-24 21:01:58.014 822 908 D CCodecConfig: c2::u32 coded.bitrate.value = 64000
05-24 21:01:58.014 822 908 D CCodecConfig: c2::u32 input.buffers.max-size.value = 32768
05-24 21:01:58.014 822 908 D CCodecConfig: c2::u32 input.delay.value = 0
05-24 21:01:58.014 822 908 D CCodecConfig: string input.media-type.value = "audio/vorbis"
05-24 21:01:58.014 822 908 D CCodecConfig: string output.media-type.value = "audio/raw"
05-24 21:01:58.014 822 908 D CCodecConfig: c2::u32 raw.channel-count.value = 1
05-24 21:01:58.014 822 908 D CCodecConfig: c2::u32 raw.sample-rate.value = 48000
05-24 21:01:58.014 822 908 D CCodecConfig: }
05-24 21:01:58.016 471 471 I ExplicitHealthCheckController: Service not ready to get health check supported packages. Binding...
05-24 21:01:58.017 822 908 D CCodec : [c2.android.vorbis.decoder] buffers are bound to CCodec for this session
05-24 21:01:58.018 822 908 D CCodecConfig: no c2 equivalents for durationUs
05-24 21:01:58.018 822 908 D CCodecConfig: no c2 equivalents for track-id
05-24 21:01:58.018 822 908 D CCodecConfig: no c2 equivalents for csd-1
05-24 21:01:58.018 822 908 D CCodecConfig: no c2 equivalents for channel-mask
05-24 21:01:58.018 822 908 D CCodecConfig: no c2 equivalents for flags
05-24 21:01:58.019 471 522 D CompatibilityChangeReporter: Compat change id reported: 158002302; UID 1000; state: ENABLED
05-24 21:01:58.029 822 908 D CCodecConfig: c2 config diff is c2::u32 coded.bitrate.value = 224000
05-24 21:01:58.029 822 908 D CCodecConfig: c2::u32 raw.channel-count.value = 2
05-24 21:01:58.034 822 908 W Codec2Client: query -- param skipped: index = 1107298332.
05-24 21:01:58.034 822 908 D CCodec : setup formats input: AMessage(what = 0x00000000) = {
05-24 21:01:58.034 822 908 D CCodec : int32_t bitrate = 224000
05-24 21:01:58.034 822 908 D CCodec : int32_t channel-count = 2
05-24 21:01:58.034 822 908 D CCodec : int32_t max-input-size = 32768
05-24 21:01:58.034 822 908 D CCodec : string mime = "audio/vorbis"
05-24 21:01:58.034 822 908 D CCodec : int32_t sample-rate = 48000
05-24 21:01:58.034 822 908 D CCodec : }
05-24 21:01:58.034 822 908 D CCodec : setup formats output: AMessage(what = 0x00000000) = {
05-24 21:01:58.034 822 908 D CCodec : int32_t channel-count = 2
05-24 21:01:58.034 822 908 D CCodec : string mime = "audio/raw"
05-24 21:01:58.034 822 908 D CCodec : int32_t sample-rate = 48000
05-24 21:01:58.034 822 908 D CCodec : int32_t channel-mask = 3
05-24 21:01:58.034 822 908 D CCodec : }
05-24 21:01:58.035 822 908 I CCodecConfig: query failed after returning 7 values (BAD_INDEX)
05-24 21:01:58.036 822 908 W Codec2Client: query -- param skipped: index = 1342179345.
05-24 21:01:58.036 822 908 W Codec2Client: query -- param skipped: index = 2415921170.
05-24 21:01:58.037 822 909 D ReflectedParamUpdater: extent() != 1 for single value type: algo.buffers.max-count.values
05-24 21:01:58.038 822 909 D ReflectedParamUpdater: extent() != 1 for single value type: output.subscribed-indices.values
05-24 21:01:58.039 822 908 D C2Store : Using ION
05-24 21:01:58.039 822 909 D ReflectedParamUpdater: extent() != 1 for single value type: input.buffers.allocator-ids.values
05-24 21:01:58.039 822 909 D ReflectedParamUpdater: extent() != 1 for single value type: output.buffers.allocator-ids.values
05-24 21:01:58.039 822 909 D ReflectedParamUpdater: extent() != 1 for single value type: algo.buffers.allocator-ids.values
05-24 21:01:58.040 290 334 E HWComposer: getSupportedContentTypes: getSupportedContentTypes failed for display 0: Unsupported (8)
05-24 21:01:58.040 822 908 D CCodecBufferChannel: [c2.android.vorbis.decoder#237] Created input block pool with allocatorID 16 => poolID 17 - OK (0)
05-24 21:01:58.040 822 909 D ReflectedParamUpdater: extent() != 1 for single value type: output.buffers.pool-ids.values
05-24 21:01:58.040 822 909 D ReflectedParamUpdater: extent() != 1 for single value type: algo.buffers.pool-ids.values
05-24 21:01:58.045 822 909 I CCodecConfig: query failed after returning 7 values (BAD_INDEX)
05-24 21:01:58.046 822 909 D CCodecConfig: c2 config diff is Dict {
05-24 21:01:58.046 822 909 D CCodecConfig: c2::u32 coded.bitrate.value = 64000
05-24 21:01:58.046 822 909 D CCodecConfig: c2::u32 input.buffers.max-size.value = 32768
05-24 21:01:58.046 822 909 D CCodecConfig: c2::u32 input.delay.value = 0
05-24 21:01:58.046 822 909 D CCodecConfig: string input.media-type.value = "audio/vorbis"
05-24 21:01:58.046 822 909 D CCodecConfig: string output.media-type.value = "audio/raw"
05-24 21:01:58.046 822 909 D CCodecConfig: c2::u32 raw.channel-count.value = 1
05-24 21:01:58.046 822 909 D CCodecConfig: c2::u32 raw.sample-rate.value = 48000
05-24 21:01:58.046 822 909 D CCodecConfig: }
05-24 21:01:58.047 822 908 I CCodecBufferChannel: [c2.android.vorbis.decoder#237] Created output block pool with allocatorID 16 => poolID 19 - OK
05-24 21:01:58.047 822 908 D CCodecBufferChannel: [c2.android.vorbis.decoder#237] Configured output block pool ids 19 => OK
05-24 21:01:58.050 822 908 E ion : ioctl c0044901 failed with code -1: Inappropriate ioctl for device
05-24 21:01:58.054 822 909 D CCodec : [c2.android.vorbis.decoder] buffers are bound to CCodec for this session
05-24 21:01:58.054 822 909 D CCodecConfig: no c2 equivalents for durationUs
05-24 21:01:58.054 822 909 D CCodecConfig: no c2 equivalents for track-id
05-24 21:01:58.054 822 909 D CCodecConfig: no c2 equivalents for csd-1
05-24 21:01:58.054 822 909 D CCodecConfig: no c2 equivalents for channel-mask
05-24 21:01:58.054 822 909 D CCodecConfig: no c2 equivalents for flags
05-24 21:01:58.054 388 915 D SimpleC2Component: Using output block pool with poolID 19 => got 19 - 0
05-24 21:01:58.058 822 909 D CCodecConfig: c2 config diff is c2::u32 coded.bitrate.value = 224000
05-24 21:01:58.058 822 909 D CCodecConfig: c2::u32 raw.channel-count.value = 2
05-24 21:01:58.060 822 909 W Codec2Client: query -- param skipped: index = 1107298332.
05-24 21:01:58.060 822 909 D CCodec : setup formats input: AMessage(what = 0x00000000) = {
05-24 21:01:58.060 822 909 D CCodec : int32_t bitrate = 224000
05-24 21:01:58.060 822 909 D CCodec : int32_t channel-count = 2
05-24 21:01:58.060 822 909 D CCodec : int32_t max-input-size = 32768
05-24 21:01:58.060 822 909 D CCodec : string mime = "audio/vorbis"
05-24 21:01:58.060 822 909 D CCodec : int32_t sample-rate = 48000
05-24 21:01:58.060 822 909 D CCodec : }
05-24 21:01:58.060 822 909 D CCodec : setup formats output: AMessage(what = 0x00000000) = {
05-24 21:01:58.060 822 909 D CCodec : int32_t channel-count = 2
05-24 21:01:58.060 822 909 D CCodec : string mime = "audio/raw"
05-24 21:01:58.060 822 909 D CCodec : int32_t sample-rate = 48000
05-24 21:01:58.060 822 909 D CCodec : int32_t channel-mask = 3
05-24 21:01:58.060 822 909 D CCodec : }
05-24 21:01:58.060 822 909 I CCodecConfig: query failed after returning 7 values (BAD_INDEX)
05-24 21:01:58.062 822 909 W Codec2Client: query -- param skipped: index = 1342179345.
05-24 21:01:58.062 822 909 W Codec2Client: query -- param skipped: index = 2415921170.
05-24 21:01:58.056 185 185 I hwservicemanager: getTransport: Cannot find entry android.hardware.graphics.mapper@4.0::IMapper/default in either framework or device VINTF manifest.
05-24 21:01:58.064 822 930 I Gralloc4: mapper 4.x is not supported
05-24 21:01:58.064 822 909 D CCodecBufferChannel: [c2.android.vorbis.decoder#69] Created input block pool with allocatorID 16 => poolID 18 - OK (0)
05-24 21:01:58.065 185 185 I hwservicemanager: getTransport: Cannot find entry android.hardware.graphics.mapper@3.0::IMapper/default in either framework or device VINTF manifest.
05-24 21:01:58.066 822 909 I CCodecBufferChannel: [c2.android.vorbis.decoder#69] Created output block pool with allocatorID 16 => poolID 20 - OK
05-24 21:01:58.067 822 909 D CCodecBufferChannel: [c2.android.vorbis.decoder#69] Configured output block pool ids 20 => OK
05-24 21:01:58.067 822 930 W Gralloc3: mapper 3.x is not supported
05-24 21:01:58.069 471 471 I ExplicitHealthCheckController: Explicit health check service is bound
05-24 21:01:58.075 471 805 W ActivityManager: Unable to start service Intent { cmp=com.oranth.ledstatus/.LedStatusService } U=0: not found
05-24 21:01:58.076 471 810 W ActivityManager: Unable to start service Intent { cmp=com.oranth.storage/.MainService } U=0: not found
05-24 21:01:58.105 471 810 D CompatibilityChangeReporter: Compat change id reported: 157233955; UID 10066; state: ENABLED
05-24 21:01:58.117 388 914 D SimpleC2Component: Using output block pool with poolID 20 => got 20 - 0
05-24 21:01:58.121 822 930 E gralloc : Arm Module v1.0
05-24 21:01:58.128 185 185 I hwservicemanager: getTransport: Cannot find entry android.hardware.graphics.allocator@4.0::IAllocator/default in either framework or device VINTF manifest.
05-24 21:01:58.130 822 930 W Gralloc4: allocator 4.x is not supported
05-24 21:01:58.130 185 185 I hwservicemanager: getTransport: Cannot find entry android.hardware.graphics.allocator@3.0::IAllocator/default in either framework or device VINTF manifest.
05-24 21:01:58.131 822 930 W Gralloc3: allocator 3.x is not supported
05-24 21:01:58.137 272 300 I gralloc : alloc buffer:W:1920 H:1080 S:1920 PL[1920 1080] SZ:8294400 fmt:1 if:0 af:1 usg:20000b00 fg:00000004
05-24 21:01:58.138 822 930 E ion : ioctl c0044901 failed with code -1: Inappropriate ioctl for device
05-24 21:01:58.144 185 185 I hwservicemanager: Notifying android.hardware.wifi@1.5::IWifi/default they have clients: 1
05-24 21:01:58.144 272 300 I gralloc : alloc buffer:W:1920 H:1080 S:1920 PL[1920 1080] SZ:8294400 fmt:1 if:0 af:1 usg:20000b00 fg:00000004
05-24 21:01:58.146 471 471 D NetworkSecurityConfig: No Network Security Config specified, using platform default
05-24 21:01:58.148 471 471 D NetworkSecurityConfig: No Network Security Config specified, using platform default
05-24 21:01:58.149 272 300 I gralloc : alloc buffer:W:1920 H:1080 S:1920 PL[1920 1080] SZ:8294400 fmt:1 if:0 af:1 usg:20000b00 fg:00000004
05-24 21:01:58.154 471 518 I ServiceWatcher: [fused] connected to {com.android.location.fused/com.android.location.fused.FusedLocationService}
05-24 21:01:58.155 471 471 E WiredAccessoryManager: No state change.
05-24 21:01:58.155 471 471 W WiredAccessoryManager: Both input event and extcon are used for audio jack, please just choose one.
05-24 21:01:58.168 471 471 W TrustManagerService: EXTRA_USER_HANDLE missing or invalid, value=0
05-24 21:01:58.182 279 279 I AW_PowerHAL: Power setMode: SUSTAINED_PERFORMANCE to: 0
05-24 21:01:58.182 279 279 I AW_PowerHAL: BootCompleted
05-24 21:01:58.183 471 521 I ActivityManagerTiming: FinishBooting
05-24 21:01:58.186 279 279 I AW_PowerHAL: cur-mode:SCHEDUTIL-Home
05-24 21:01:58.210 471 521 W KeyguardServiceDelegate: onScreenTurningOn(): no keyguard service!
05-24 21:01:58.220 280 280 I EventThread: type=1400 audit(0.0:361): avc: denied { search } for name="extcon" dev="sysfs" ino=18109 scontext=u:r:hal_tv_cec_default:s0 tcontext=u:object_r:sysfs_extcon:s0 tclass=dir permissive=1
05-24 21:01:58.289 471 520 W IorapForwardingService: No service published for: iorapd
05-24 21:01:58.289 822 909 D CCodecBufferChannel: [c2.android.vorbis.decoder#69] MediaCodec discarded an unknown buffer
05-24 21:01:58.294 822 908 D CCodecBufferChannel: [c2.android.vorbis.decoder#237] MediaCodec discarded an unknown buffer
05-24 21:01:58.297 822 935 I hw-BpHwBinder: onLastStrongRef automatically unlinking death recipients
05-24 21:01:58.301 822 908 I hw-BpHwBinder: onLastStrongRef automatically unlinking death recipients
05-24 21:01:58.302 388 867 I hw-BpHwBinder: onLastStrongRef automatically unlinking death recipients
05-24 21:01:58.304 471 471 I SystemServerTiming: ManagedServices.unbindOtherUserServices_current0
05-24 21:01:58.306 665 674 I droid.bluetoot: Background young concurrent copying GC freed 7915(658KB) AllocSpace objects, 6(120KB) LOS objects, 89% free, 3028KB/26MB, paused 199us total 179.262ms
05-24 21:01:58.312 471 471 D SystemServerTiming: ManagedServices.unbindOtherUserServices_current0 took to complete: 0ms
05-24 21:01:58.312 471 471 I SystemServerTiming: ManagedServices.unbindOtherUserServices_current0
05-24 21:01:58.312 471 471 D SystemServerTiming: ManagedServices.unbindOtherUserServices_current0 took to complete: 0ms
05-24 21:01:58.313 471 471 I SystemServerTiming: ManagedServices.unbindOtherUserServices_current0
05-24 21:01:58.313 471 471 D SystemServerTiming: ManagedServices.unbindOtherUserServices_current0 took to complete: 0ms
05-24 21:01:58.313 471 471 V NotificationAssistants: enabling notification assistant for 0: ComponentInfo{android.ext.services/android.ext.services.notification.Assistant}
05-24 21:01:58.313 471 471 V NotificationAssistants: binding: Intent { act=android.service.notification.NotificationAssistantService cmp=android.ext.services/.notification.Assistant (has extras) }
01-01 08:00:22.964 345 345 I WCN : WCND at cmd read:WCN_VER:Platform Version:MARLIN3E_20A_W23.44.5~Project Version:uwe5623_marlin3E_ott~11-03-2023 13:20:16~
01-01 08:00:22.978 56 56 I WCN : switch_cp2_log - close entry!
01-01 08:00:22.989 345 345 I WCN : WCND at cmd read:OK
01-01 08:00:22.995 659 659 I WCN : then marlin download finished and run ok
05-24 21:01:58.350 317 319 D XM_HIDREAD: add@ add@/devices/platform/unisoc_wifi/wakeup/wakeup25
05-24 21:01:58.344 659 659 I wifi@1.0-servic: type=1400 audit(0.0:362): avc: denied { search } for name="wifi" dev="mmcblk0p25" ino=54 scontext=u:r:hal_wifi_default:s0 tcontext=u:object_r:wifi_data_file:s0 tclass=dir permissive=1
05-24 21:01:58.344 328 328 I xiriservice_All: type=1400 audit(0.0:363): avc: denied { read } for scontext=u:r:init:s0 tcontext=u:r:init:s0 tclass=netlink_kobject_uevent_socket permissive=1
05-24 21:01:58.396 678 678 D MediaResumeListener: loaded resume components []
01-01 08:00:23.057 659 659 E sprdwl : __sprdwl_cmd_getbuf cant't get vif, ctx_id: 0
05-24 21:01:58.417 678 678 D LocalBluetoothProfileManager: LocalBluetoothProfileManager construction complete
01-01 08:00:23.070 345 345 I WCN : WCND at cmd read:3
05-24 21:01:58.423 678 678 D LocalBluetoothProfileManager: supportedList is null
05-24 21:01:58.440 678 692 I ndroid.systemu: Background young concurrent copying GC freed 8096(554KB) AllocSpace objects, 0(0B) LOS objects, 88% free, 3265KB/27MB, paused 20.101ms total 270.612ms
01-01 08:00:23.092 659 659 I WCN : get_board_ant_num [three_ant]
01-01 08:00:23.099 659 659 E : wifi ini path = /vendor/etc/wifi_56630001_3ant.ini
05-24 21:01:58.465 471 471 W Looper : Slow dispatch took 148ms main h=android.app.ActivityThread$H c=android.app.LoadedApk$ReceiverDispatcher$Args$$ExternalSyntheticLambda0@9bc2beb m=0
01-01 08:00:23.114 659 659 E sprdwl : __sprdwl_cmd_getbuf cant't get vif, ctx_id: 0
05-24 21:01:58.475 471 471 D ConditionProviders.SCP: onSubscribe condition://android/schedule?days=1.2.3.4.5.6.7&start=22.0&end=7.0&exitAtAlarm=true
05-24 21:01:58.476 471 471 D ConditionProviders.SCP: setRegistered true
05-24 21:01:58.479 471 620 W ActivityThread: Failed to find provider info for com.android.calendar (user not unlocked)
05-24 21:01:58.480 471 620 W ActivityThread: Failed to find provider info for com.android.calendar (user not unlocked)
01-01 08:00:23.124 659 659 E sprdwl : __sprdwl_cmd_getbuf cant't get vif, ctx_id: 0
05-24 21:01:58.490 471 471 D ConditionProviders.SCP: evaluateSubscriptionLocked cal=ScheduleCalendar[mDays={1, 2, 3, 4, 5, 6, 7}, mSchedule=ScheduleInfo{days=[1, 2, 3, 4, 5, 6, 7], startHour=22, startMinute=0, endHour=7, endMinute=0, exitAtAlarm=true, nextAlarm=Thu Jan 01 08:00:00 GMT+08:00 1970 (0)}], now=Sat May 24 21:01:58 GMT+08:00 2025 (1748091718476), nextUserAlarmTime=Thu Jan 01 08:00:00 GMT+08:00 1970 (0)
05-24 21:01:58.491 471 471 D ConditionProviders.SCP: notifyCondition condition://android/schedule?days=1.2.3.4.5.6.7&start=22.0&end=7.0&exitAtAlarm=true STATE_FALSE reason=!meetsSchedule
05-24 21:01:58.493 471 471 D ConditionProviders.SCP: Scheduling evaluate for Sat May 24 22:00:00 GMT+08:00 2025 (1748095200000), in +58m1s524ms, now=Sat May 24 21:01:58 GMT+08:00 2025 (1748091718476)
05-24 21:01:58.495 471 471 I ConnectivityModuleConnector: Networking module service connected
05-24 21:01:58.496 471 471 I ConnectivityModuleConnector: Networking module service connected
05-24 21:01:58.496 471 471 I NetworkStackClient: Network stack service connected
01-01 08:00:23.141 659 659 E sprdwl : sprdwl_get_fw_info, drv_version=1, fw_version=2, compat_ver=0
01-01 08:00:23.151 659 659 E sprdwl : chip_model:0x2355, chip_ver:0x0
01-01 08:00:23.158 659 659 E sprdwl : fw_ver:0, fw_std:0x53, fw_capa:0x120f4f
01-01 08:00:23.165 659 659 E sprdwl : mac_addr:b4:2f:03:15:e9:08
01-01 08:00:23.172 659 659 E sprdwl : credit_capa:TX_WITH_CREDIT, extend_feature:0x1
01-01 08:00:23.180 659 659 E sprdwl : ott support:1
05-24 21:01:58.531 317 319 D XM_HIDREAD: add@ add@/devices/platform/unisoc_wifi/ieee80211/phy0
05-24 21:01:58.536 280 280 D hdmi-cec: cec physical address: 2.0.0.0
05-24 21:01:58.547 317 319 D XM_HIDREAD: add@ add@/devices/platform/unisoc_wifi/ieee80211/phy0/rfkill2
05-24 21:01:58.549 678 678 W AlarmManager: Unrecognized alarm listener com.android.systemui.keyguard.KeyguardSliceProvider$$ExternalSyntheticLambda0@82fa6c9
01-01 08:00:23.193 659 659 E sprdwl : __sprdwl_cmd_getbuf cant't get vif, ctx_id: 0
05-24 21:01:58.569 754 871 I Tethering: adding IpServer for: wlan0
05-24 21:01:58.574 317 319 D XM_HIDREAD: add@ add@/devices/platform/unisoc_wifi/net/wlan0
05-24 21:01:58.574 317 319 D XM_HIDREAD: add@ add@/devices/platform/unisoc_wifi/net/wlan0/queues/rx-0
05-24 21:01:58.574 317 319 D XM_HIDREAD: add@ add@/devices/platform/unisoc_wifi/net/wlan0/queues/tx-0
05-24 21:01:58.576 471 518 W PppoeNetworkFactory: interfaceAdded
01-01 08:00:23.220 659 659 W unisoc_wifi wlan0: mixed HW and IP checksum settings.
05-24 21:01:58.584 317 319 D XM_HIDREAD: add@ add@/devices/platform/unisoc_wifi/net/wlan1
05-24 21:01:58.585 471 518 I EthernetTracker: interfaceLinkStateChanged, iface: wlan0, up: false
05-24 21:01:58.585 471 518 W PppoeNetworkFactory: interfaceLinkStateChanged
05-24 21:01:58.585 471 518 D PppoeNetworkFactory: updateInterface: mIface: mPhyIface:eth0 iface:wlan0 link:down
05-24 21:01:58.585 471 518 D PppoeNetworkFactory: not tracker interface
05-24 21:01:58.585 471 518 W PppoeNetworkFactory: interfaceAdded
05-24 21:01:58.586 317 319 D XM_HIDREAD: add@ add@/devices/platform/unisoc_wifi/net/wlan1/queues/rx-0
05-24 21:01:58.586 317 319 D XM_HIDREAD: add@ add@/devices/platform/unisoc_wifi/net/wlan1/queues/tx-0
05-24 21:01:58.597 471 518 I EthernetTracker: interfaceLinkStateChanged, iface: wlan1, up: false
05-24 21:01:58.598 471 518 W PppoeNetworkFactory: interfaceLinkStateChanged
05-24 21:01:58.598 471 518 D PppoeNetworkFactory: updateInterface: mIface: mPhyIface:eth0 iface:wlan1 link:down
05-24 21:01:58.598 471 518 D PppoeNetworkFactory: not tracker interface
05-24 21:01:58.598 471 810 I WifiService: updateInterfaceIpState uid=1073
05-24 21:01:58.600 754 871 I Tethering: adding IpServer for: wlan1
05-24 21:01:58.605 678 678 V SystemUIService: SystemUIApplication created.
01-01 08:00:23.241 659 659 W unisoc_wifi wlan1: mixed HW and IP checksum settings.
01-01 08:00:23.251 659 659 E unisoc_wifi wlan1: netif_napi_add() called with weight 128
05-24 21:01:58.607 678 678 D SystemUIBootTiming: DependencyInjection took to complete: 0ms
05-24 21:01:58.608 678 678 D SystemUIService: is homlet
05-24 21:01:58.609 317 319 D XM_HIDREAD: add@ add@/module/sprdwl_ng
05-24 21:01:58.609 678 678 I SystemUIService: Found SurfaceFlinger's GPU Priority: 12545
05-24 21:01:58.610 659 659 D wifi_hal-auto-detect: libwifi hal name: libwifi-hal-sprd.so
05-24 21:01:58.615 471 702 D CCodecBufferChannel: [c2.android.vorbis.decoder#845] MediaCodec discarded an unknown buffer
05-24 21:01:58.616 471 702 D CCodecBufferChannel: [c2.android.vorbis.decoder#845] MediaCodec discarded an unknown buffer
05-24 21:01:58.616 471 702 D CCodecBufferChannel: [c2.android.vorbis.decoder#845] MediaCodec discarded an unknown buffer
05-24 21:01:58.618 471 702 I hw-BpHwBinder: onLastStrongRef automatically unlinking death recipients
05-24 21:01:58.619 659 659 I android.hardware.wifi@1.0-service-lazy: Wifi HAL started
05-24 21:01:58.619 659 659 I HidlLazyUtils: Process has 1 (of 1 available) client(s) in use after notification android.hardware.wifi@1.5::IWifi/default has clients: 1
05-24 21:01:58.622 471 607 I WifiVendorHal: Vendor Hal started successfully
05-24 21:01:58.628 471 604 W BestClock: java.time.DateTimeException: Missing NTP fix
05-24 21:01:58.643 280 280 D hdmi-cec: cec physical address: 2.0.0.0
05-24 21:01:58.646 246 246 I netd : trafficSwapActiveStatsMap() <15.84ms>
05-24 21:01:58.647 471 810 I WifiService: updateInterfaceIpState uid=1073
05-24 21:01:58.653 246 246 I netd : tetherGetStats() -> {[]} <4.56ms>
05-24 21:01:58.660 471 604 W BestClock: java.time.DateTimeException: Missing NTP fix
05-24 21:01:58.670 471 604 W BestClock: java.time.DateTimeException: Missing NTP fix
05-24 21:01:58.673 246 271 I netd : interfaceSetEnableIPv6(eth0, false) <0.59ms>
05-24 21:01:58.675 246 271 I netd : interfaceClearAddrs(eth0) <0.83ms>
05-24 21:01:58.677 754 949 E IpClient.eth0: Failed to set accept_ra to 2
05-24 21:01:58.687 471 699 D MediaCodecList: codecHandlesFormat: no format, so no extra checks
05-24 21:01:58.688 471 650 D EthernetNetworkFactory: updateInterfaceLinkState, iface: eth0, up: false
05-24 21:01:58.695 471 950 D CCodec : allocate(c2.android.vorbis.decoder)
05-24 21:01:58.700 471 950 I CCodec : Created component [c2.android.vorbis.decoder]
05-24 21:01:58.700 471 950 D CCodecConfig: read media type: audio/vorbis
05-24 21:01:58.701 659 659 W android.hardware.wifi@1.0-service-lazy: No active wlan interfaces in use! Using default
05-24 21:01:58.701 659 659 E android.hardware.wifi@1.0-service-lazy: Unknown iface name: wlan0
05-24 21:01:58.701 659 659 E android.hardware.wifi@1.0-service-lazy: Unknown iface name: wlan0
05-24 21:01:58.702 246 246 I netd : trafficSwapActiveStatsMap() <30.91ms>
05-24 21:01:58.702 280 280 D hdmi-cec: cec physical address: 2.0.0.0
05-24 21:01:58.702 280 280 D hdmi-cec: addLogicalAddress (4)
05-24 21:01:58.702 280 280 D hdmi-cec: cec physical address: 2.0.0.0
05-24 21:01:58.703 471 644 W HdmiCecController: Failed to send 45:7D with errorCode=1
05-24 21:01:58.707 471 950 D ReflectedParamUpdater: extent() != 1 for single value type: algo.buffers.max-count.values
05-24 21:01:58.708 471 950 D ReflectedParamUpdater: extent() != 1 for single value type: output.subscribed-indices.values
05-24 21:01:58.708 471 950 D ReflectedParamUpdater: extent() != 1 for single value type: input.buffers.allocator-ids.values
05-24 21:01:58.708 471 950 D ReflectedParamUpdater: extent() != 1 for single value type: output.buffers.allocator-ids.values
05-24 21:01:58.708 471 950 D ReflectedParamUpdater: extent() != 1 for single value type: algo.buffers.allocator-ids.values
05-24 21:01:58.708 471 950 D ReflectedParamUpdater: extent() != 1 for single value type: output.buffers.pool-ids.values
05-24 21:01:58.709 471 950 D ReflectedParamUpdater: extent() != 1 for single value type: algo.buffers.pool-ids.values
05-24 21:01:58.709 471 471 W Looper : Slow dispatch took 208ms main h=android.os.Handler c=com.android.server.hdmi.WorkSourceUidPreservingRunnable@756c0f9 m=0
05-24 21:01:58.709 471 471 D BluetoothManagerService: BluetoothServiceConnection: com.android.bluetooth.btservice.AdapterService
05-24 21:01:58.710 471 520 D BluetoothManagerService: MESSAGE_BLUETOOTH_SERVICE_CONNECTED: 1
05-24 21:01:58.711 471 471 I ConnectivityModuleConnector: Networking module service connected
05-24 21:01:58.712 471 950 I CCodecConfig: query failed after returning 7 values (BAD_INDEX)
05-24 21:01:58.712 471 950 D CCodecConfig: c2 config diff is Dict {
05-24 21:01:58.712 471 950 D CCodecConfig: c2::u32 coded.bitrate.value = 64000
05-24 21:01:58.712 471 950 D CCodecConfig: c2::u32 input.buffers.max-size.value = 32768
05-24 21:01:58.712 471 950 D CCodecConfig: c2::u32 input.delay.value = 0
05-24 21:01:58.712 471 950 D CCodecConfig: string input.media-type.value = "audio/vorbis"
05-24 21:01:58.712 471 950 D CCodecConfig: string output.media-type.value = "audio/raw"
05-24 21:01:58.712 471 950 D CCodecConfig: c2::u32 raw.channel-count.value = 1
05-24 21:01:58.712 471 950 D CCodecConfig: c2::u32 raw.sample-rate.value = 48000
05-24 21:01:58.712 471 950 D CCodecConfig: }
05-24 21:01:58.713 471 471 I ConnectivityModuleConnector: Networking module service connected
05-24 21:01:58.714 471 950 D CCodec : [c2.android.vorbis.decoder] buffers are bound to CCodec for this session
05-24 21:01:58.714 471 950 D CCodecConfig: no c2 equivalents for durationUs
05-24 21:01:58.714 471 950 D CCodecConfig: no c2 equivalents for track-id
05-24 21:01:58.714 471 950 D CCodecConfig: no c2 equivalents for csd-1
05-24 21:01:58.714 471 950 D CCodecConfig: no c2 equivalents for channel-mask
05-24 21:01:58.714 471 950 D CCodecConfig: no c2 equivalents for flags
05-24 21:01:58.714 471 518 I EthernetTracker: interfaceLinkStateChanged, iface: wlan0, up: true
05-24 21:01:58.714 471 518 W PppoeNetworkFactory: interfaceLinkStateChanged
05-24 21:01:58.715 659 659 I WifiHAL : Initializing wifi
05-24 21:01:58.715 471 950 D CCodecConfig: c2 config diff is c2::u32 coded.bitrate.value = 499821
05-24 21:01:58.715 471 950 D CCodecConfig: c2::u32 raw.channel-count.value = 2
05-24 21:01:58.715 471 950 D CCodecConfig: c2::u32 raw.sample-rate.value = 44100
05-24 21:01:58.717 471 950 W Codec2Client: query -- param skipped: index = 1107298332.
05-24 21:01:58.717 471 950 D CCodec : setup formats input: AMessage(what = 0x00000000) = {
05-24 21:01:58.717 471 950 D CCodec : int32_t bitrate = 499821
05-24 21:01:58.717 471 950 D CCodec : int32_t channel-count = 2
05-24 21:01:58.717 471 950 D CCodec : int32_t max-input-size = 32768
05-24 21:01:58.717 471 950 D CCodec : string mime = "audio/vorbis"
05-24 21:01:58.717 471 950 D CCodec : int32_t sample-rate = 44100
05-24 21:01:58.717 471 950 D CCodec : }
05-24 21:01:58.717 471 950 D CCodec : setup formats output: AMessage(what = 0x00000000) = {
05-24 21:01:58.717 471 950 D CCodec : int32_t channel-count = 2
05-24 21:01:58.717 471 950 D CCodec : string mime = "audio/raw"
05-24 21:01:58.717 471 950 D CCodec : int32_t sample-rate = 44100
05-24 21:01:58.717 471 950 D CCodec : int32_t channel-mask = 3
05-24 21:01:58.717 471 950 D CCodec : }
05-24 21:01:58.717 471 950 I CCodecConfig: query failed after returning 7 values (BAD_INDEX)
05-24 21:01:58.718 471 950 W Codec2Client: query -- param skipped: index = 1342179345.
05-24 21:01:58.718 471 518 D PppoeNetworkFactory: updateInterface: mIface: mPhyIface:eth0 iface:wlan0 link:up
05-24 21:01:58.719 471 950 W Codec2Client: query -- param skipped: index = 2415921170.
05-24 21:01:58.719 471 518 D PppoeNetworkFactory: not tracker interface
05-24 21:01:58.720 471 950 D CCodecBufferChannel: [c2.android.vorbis.decoder#755] Created input block pool with allocatorID 16 => poolID 19 - OK (0)
05-24 21:01:58.722 471 950 I CCodecBufferChannel: [c2.android.vorbis.decoder#755] Created output block pool with allocatorID 16 => poolID 21 - OK
