05-24 21:02:13.621 2387 2447 I chromium: [0524/210213.621458:INFO:tnet_request_common.cc(194)] Front request create: 0xeb1aa290, delegate: 0xbc776640
05-24 21:02:13.622 2387 2446 I chromium: [0524/210213.622487:INFO:tnet_quic_adapter.cc(52)] Create tnet adapter, this: 0xbc7766e0
05-24 21:02:13.622 2387 2447 I chromium: [0524/210213.622521:INFO:tnet_quic_adapter.cc(52)] Create tnet adapter, this: 0xbc776640
05-24 21:02:13.632 2387 2449 I chromium: [0524/210213.632369:INFO:tnet_request_common.cc(194)] Front request create: 0xeb1aa498, delegate: 0xbc776be0
05-24 21:02:13.633 2387 2449 I chromium: [0524/210213.633819:INFO:tnet_quic_adapter.cc(52)] Create tnet adapter, this: 0xbc776be0
05-24 21:02:13.634 2387 2448 I chromium: [0524/210213.634221:INFO:tnet_request_common.cc(194)] Front request create: 0xeb1aa4e8, delegate: 0xbc776dc0
05-24 21:02:13.634 2387 2448 I chromium: [0524/210213.634369:INFO:tnet_quic_adapter.cc(52)] Create tnet adapter, this: 0xbc776dc0
05-24 21:02:13.680 2387 2387 I FileLockLib: [2387]file 86 unlocked. fl.pid=0
05-24 21:02:13.682 2387 2387 I FileLockLib: [2387]file 86 unlocked. fl.pid=0
05-24 21:02:13.726 2387 2446 I chromium: [0524/210213.726238:INFO:tnet_quic_adapter.cc(170)] TnetAdapter add header, this: 0xbc7766e0
05-24 21:02:13.726 2387 2446 I chromium: [0524/210213.726473:INFO:tnet_quic_adapter.cc(170)] TnetAdapter add header, this: 0xbc7766e0
05-24 21:02:13.726 2387 2446 I chromium: [0524/210213.726542:INFO:tnet_quic_adapter.cc(170)] TnetAdapter add header, this: 0xbc7766e0
05-24 21:02:13.726 2387 2446 I chromium: [0524/210213.726615:INFO:tnet_quic_adapter.cc(170)] TnetAdapter add header, this: 0xbc7766e0
05-24 21:02:13.726 2387 2446 I chromium: [0524/210213.726686:INFO:tnet_quic_adapter.cc(170)] TnetAdapter add header, this: 0xbc7766e0
05-24 21:02:13.726 2387 2446 I chromium: [0524/210213.726882:INFO:tnet_quic_adapter.cc(170)] TnetAdapter add header, this: 0xbc7766e0
05-24 21:02:13.727 2387 2446 I chromium: [0524/210213.727075:INFO:tnet_quic_adapter.cc(196)] TnetAdapter send request, this: 0xbc7766e0
05-24 21:02:13.727 2387 2446 I chromium: [0524/210213.727140:INFO:tnet_quic_adapter.cc(204)] Type: 0 send request
05-24 21:02:13.736 2356 2368 W System : A resource failed to call close.
05-24 21:02:13.738 2356 2368 W System : A resource failed to call close.
05-24 21:02:13.764 2387 2387 W AD-ImmediateThr: type=1400 audit(0.0:1063): avc: granted { execute } for path="/data/user/0/com.ktcp.video/files/tad_cache/mosaic_so/libquickjs-android/194c6dae8788080d2451ee572660da3f.so" dev="mmcblk0p25" ino=32532 scontext=u:r:untrusted_app_25:s0:c512,c768 tcontext=u:object_r:app_data_file:s0:c512,c768 tclass=file app=com.ktcp.video
05-24 21:02:13.801 2387 2387 I TvQQVideoNative: TvQQVideoNative RegisterNative RegisterNativeMethods_QQlivetvurls_All begin
05-24 21:02:13.801 2387 2387 I TvQQVideoNative: TvQQVideoNative RegisterNative RegisterNativeMethods_QQlivetvurls_All end!
05-24 21:02:13.809 2387 2476 I FileLockLib: [2387]file 86 unlocked. fl.pid=0
05-24 21:02:13.819 2387 2476 I FileLockLib: [2387]file 86 unlocked. fl.pid=0
05-24 21:02:13.819 2387 2476 I FileLockLib: [2387]file 86 unlocked. fl.pid=0
05-24 21:02:13.827 2387 2447 I chromium: [0524/210213.827170:INFO:tnet_quic_adapter.cc(170)] TnetAdapter add header, this: 0xbc776640
05-24 21:02:13.827 2387 2447 I chromium: [0524/210213.827410:INFO:tnet_quic_adapter.cc(170)] TnetAdapter add header, this: 0xbc776640
05-24 21:02:13.827 2387 2447 I chromium: [0524/210213.827550:INFO:tnet_quic_adapter.cc(170)] TnetAdapter add header, this: 0xbc776640
05-24 21:02:13.827 2387 2447 I chromium: [0524/210213.827617:INFO:tnet_quic_adapter.cc(170)] TnetAdapter add header, this: 0xbc776640
05-24 21:02:13.827 2387 2447 I chromium: [0524/210213.827679:INFO:tnet_quic_adapter.cc(170)] TnetAdapter add header, this: 0xbc776640
05-24 21:02:13.827 2387 2447 I chromium: [0524/210213.827793:INFO:tnet_quic_adapter.cc(170)] TnetAdapter add header, this: 0xbc776640
05-24 21:02:13.827 2387 2447 I chromium: [0524/210213.827921:INFO:tnet_quic_adapter.cc(196)] TnetAdapter send request, this: 0xbc776640
05-24 21:02:13.828 2387 2447 I chromium: [0524/210213.827988:INFO:tnet_quic_adapter.cc(204)] Type: 0 send request
05-24 21:02:13.841 2387 2476 W Settings: Setting airplane_mode_on has moved from android.provider.Settings.System to android.provider.Settings.Global, returning read-only value.
05-24 21:02:13.848 2387 2478 I FileLockLib: [2387]file 86 unlocked. fl.pid=0
05-24 21:02:13.849 2387 2387 I com.ktcp.video: Thread[1,tid=2387,Native,Thread*=0xecec4e00,peer=0x718f66f8,"main"] recursive attempt to load library "/data/app/~~brhKDXhCoWmc2lETfhKepw==/com.ktcp.video-XR6NvTydjqMIxrAyQE_WFg==/lib/arm/libglide-native.so"
05-24 21:02:13.892 2387 2387 I FileLockLib: [2387]file 86 unlocked. fl.pid=0
05-24 21:02:13.928 2387 2447 I chromium: [0524/210213.928541:INFO:tnet_quic_adapter.cc(57)] Destroy tnet adapter, this: 0xbc776640
05-24 21:02:13.928 2387 2447 I chromium: [0524/210213.928760:INFO:tnet_quic_request.cc(50)] TnetQuicRequest destroy, set delegate nullptr
05-24 21:02:13.928 2387 2447 I chromium: [0524/210213.928873:INFO:tnet_quic_adapter.cc(59)] request has been delete
05-24 21:02:13.930 2387 2443 I chromium: [0524/210213.930025:INFO:tnet_request_common.cc(200)] Front request destroy: 0xeb1aa290
05-24 21:02:13.930 2387 2446 I chromium: [0524/210213.930557:INFO:tnet_quic_adapter.cc(57)] Destroy tnet adapter, this: 0xbc7766e0
05-24 21:02:13.930 2387 2446 I chromium: [0524/210213.930654:INFO:tnet_quic_request.cc(50)] TnetQuicRequest destroy, set delegate nullptr
05-24 21:02:13.930 2387 2446 I chromium: [0524/210213.930730:INFO:tnet_quic_adapter.cc(59)] request has been delete
05-24 21:02:13.933 2387 2443 I chromium: [0524/210213.932931:INFO:tnet_request_common.cc(200)] Front request destroy: 0xeb1aa240
05-24 21:02:13.941 2387 2387 I FileLockLib: [2387]file 86 unlocked. fl.pid=0
05-24 21:02:13.942 2387 2387 I FileLockLib: [2387]file 86 unlocked. fl.pid=0
05-24 21:02:13.943 2387 2387 I FileLockLib: [2387]file 86 unlocked. fl.pid=0
05-24 21:02:13.943 2387 2387 I BootReceiver: onReceive, action=android.intent.action.BOOT_COMPLETED
05-24 21:02:13.944 2387 2387 I DaemonService: start GuardService
05-24 21:02:13.948 471 805 D CompatibilityChangeReporter: Compat change id reported: 135634846; UID 10077; state: DISABLED
05-24 21:02:13.949 471 540 D CompatibilityChangeReporter: Compat change id reported: 143937733; UID 10077; state: DISABLED
05-24 21:02:13.965 247 247 D Zygote : Forked child process 2506
05-24 21:02:13.966 471 540 I ActivityManager: app.processName = com.ktcp.video:daemon
05-24 21:02:13.966 471 540 I ActivityManager: Start proc 2506:com.ktcp.video:daemon/u0a77 for service {com.ktcp.video/com.tencent.qqlivetv.keeplive.proc.DaemonService}
05-24 21:02:13.972 2506 2506 I Zygote : seccomp disabled by setenforce 0
05-24 21:02:13.991 401 416 I adbd : jdwp connection from 2506
05-24 21:02:13.992 2521 2521 I Thread-2: type=1400 audit(0.0:1064): avc: denied { execute } for name="am" dev="dm-1" ino=1160 scontext=u:r:system_app:s0 tcontext=u:object_r:vendor_file:s0 tclass=file permissive=1
05-24 21:02:14.024 2506 2506 D CompatibilityChangeReporter: Compat change id reported: 171979766; UID 10077; state: DISABLED
05-24 21:02:14.025 471 805 W BroadcastQueue: Permission Denial: receiving Intent { act=android.intent.action.BOOT_COMPLETED flg=0x89000010 (has extras) } to com.youjoy.strugglelandlord/com.android.common.download.DownloadReceiver requires android.permission.RECEIVE_BOOT_COMPLETED due to sender null (uid 1000)
05-24 21:02:14.027 471 805 I ActivityManager: Killing 1067:com.android.traceur/u0a22 (adj 985): empty #17
05-24 21:02:14.031 471 539 I ActivityManager: Finished processing BOOT_COMPLETED for u0
05-24 21:02:14.032 471 539 W BroadcastQueue: Background execution not allowed: receiving Intent { act=android.bluetooth.adapter.action.STATE_CHANGED flg=0x4000010 (has extras) } to com.dangbei.lerad.etna.haqu/com.dangbei.remotecontroller.RemoteControllerReceiver
05-24 21:02:14.032 471 539 W BroadcastQueue: Background execution not allowed: receiving Intent { act=android.bluetooth.adapter.action.STATE_CHANGED flg=0x4000010 (has extras) } to com.dangbei.lerad.etna.haqu/com.dangbei.remotecontroller.RemoteControllerReceiver
05-24 21:02:14.033 471 539 D CompatibilityChangeReporter: Compat change id reported: 135634846; UID 10019; state: DISABLED
05-24 21:02:14.033 471 539 D CompatibilityChangeReporter: Compat change id reported: 177438394; UID 10019; state: DISABLED
05-24 21:02:14.033 471 539 D CompatibilityChangeReporter: Compat change id reported: 135772972; UID 10019; state: DISABLED
05-24 21:02:14.033 471 539 D CompatibilityChangeReporter: Compat change id reported: 135754954; UID 10019; state: ENABLED
05-24 21:02:14.035 471 540 D CompatibilityChangeReporter: Compat change id reported: 143937733; UID 10019; state: ENABLED
05-24 21:02:14.043 2506 2506 D ApplicationLoaders: Returning zygote-cached class loader: /system/framework/android.test.base.jar
05-24 21:02:14.054 247 247 D Zygote : Forked child process 2528
05-24 21:02:14.056 2387 2448 I chromium: [0524/210214.056799:INFO:tnet_quic_adapter.cc(170)] TnetAdapter add header, this: 0xbc776dc0
05-24 21:02:14.057 2387 2448 I chromium: [0524/210214.057119:INFO:tnet_quic_adapter.cc(170)] TnetAdapter add header, this: 0xbc776dc0
05-24 21:02:14.057 2387 2448 I chromium: [0524/210214.057195:INFO:tnet_quic_adapter.cc(170)] TnetAdapter add header, this: 0xbc776dc0
05-24 21:02:14.057 2387 2448 I chromium: [0524/210214.057260:INFO:tnet_quic_adapter.cc(170)] TnetAdapter add header, this: 0xbc776dc0
05-24 21:02:14.057 2387 2448 I chromium: [0524/210214.057327:INFO:tnet_quic_adapter.cc(170)] TnetAdapter add header, this: 0xbc776dc0
05-24 21:02:14.057 2387 2448 I chromium: [0524/210214.057527:INFO:tnet_quic_adapter.cc(170)] TnetAdapter add header, this: 0xbc776dc0
05-24 21:02:14.057 2387 2448 I chromium: [0524/210214.057645:INFO:tnet_quic_adapter.cc(196)] TnetAdapter send request, this: 0xbc776dc0
05-24 21:02:14.057 2387 2448 I chromium: [0524/210214.057714:INFO:tnet_quic_adapter.cc(204)] Type: 0 send request
05-24 21:02:14.058 1113 1113 D aaa : LedStatusService onStartCommand begin
05-24 21:02:14.059 471 540 I ActivityManager: app.processName = com.android.externalstorage
05-24 21:02:14.059 471 540 I ActivityManager: Start proc 2528:com.android.externalstorage/u0a19 for broadcast {com.android.externalstorage/com.android.externalstorage.MountReceiver}
05-24 21:02:14.060 1113 2529 D aaa : topPkg is -------------- :com.dangbei.leard.leradlauncher
05-24 21:02:14.065 2387 2449 I chromium: [0524/210214.065365:INFO:tnet_quic_adapter.cc(170)] TnetAdapter add header, this: 0xbc776be0
05-24 21:02:14.065 2387 2449 I chromium: [0524/210214.065598:INFO:tnet_quic_adapter.cc(170)] TnetAdapter add header, this: 0xbc776be0
05-24 21:02:14.065 2387 2449 I chromium: [0524/210214.065676:INFO:tnet_quic_adapter.cc(170)] TnetAdapter add header, this: 0xbc776be0
05-24 21:02:14.065 2387 2449 I chromium: [0524/210214.065742:INFO:tnet_quic_adapter.cc(170)] TnetAdapter add header, this: 0xbc776be0
05-24 21:02:13.992 2521 2521 I Thread-2: type=1400 audit(0.0:1065): avc: denied { read open } for path="/vendor/xbin/am" dev="dm-1" ino=1160 scontext=u:r:system_app:s0 tcontext=u:object_r:vendor_file:s0 tclass=file permissive=1
05-24 21:02:14.065 2387 2449 I chromium: [0524/210214.065808:INFO:tnet_quic_adapter.cc(170)] TnetAdapter add header, this: 0xbc776be0
05-24 21:02:14.065 2387 2449 I chromium: [0524/210214.065908:INFO:tnet_quic_adapter.cc(170)] TnetAdapter add header, this: 0xbc776be0
05-24 21:02:14.066 2387 2449 I chromium: [0524/210214.066000:INFO:tnet_quic_adapter.cc(196)] TnetAdapter send request, this: 0xbc776be0
05-24 21:02:14.066 2387 2449 I chromium: [0524/210214.066111:INFO:tnet_quic_adapter.cc(204)] Type: 0 send request
05-24 21:02:14.070 1113 2529 D aaa : WiFi is connect
05-24 21:02:14.070 471 541 I libprocessgroup: Successfully killed process cgroup uid 10022 pid 1067 in 42ms
05-24 21:02:14.073 2528 2528 I Zygote : seccomp disabled by setenforce 0
05-24 21:02:14.083 1165 1165 D bbb : onStartCommand begin !!!!!!! data分区剩余 23852MB
05-24 21:02:14.090 471 1255 D CompatibilityChangeReporter: Compat change id reported: 171306433; UID 1000; state: ENABLED
05-24 21:02:13.992 2521 2521 I Thread-2: type=1400 audit(0.0:1066): avc: denied { execute_no_trans } for path="/vendor/xbin/am" dev="dm-1" ino=1160 scontext=u:r:system_app:s0 tcontext=u:object_r:vendor_file:s0 tclass=file permissive=1
05-24 21:02:14.117 401 416 I adbd : jdwp connection from 2528
05-24 21:02:14.118 247 247 I Zygote : Process 1067 exited due to signal 9 (Killed)
05-24 21:02:14.120 2506 2506 V GraphicsEnvironment: ANGLE Developer option for 'com.ktcp.video' set to: 'default'
05-24 21:02:14.120 2506 2506 V GraphicsEnvironment: Neither updatable production driver nor prerelease driver is supported.
05-24 21:02:14.122 2506 2506 D NetworkSecurityConfig: Using Network Security Config from resource arg debugBuild: false
05-24 21:02:14.124 2506 2506 D NetworkSecurityConfig: Using Network Security Config from resource arg debugBuild: false
05-24 21:02:14.127 1086 1449 E hq : Etna:::getFindLookupControllerState isConnect=true
05-24 21:02:14.127 1086 1449 E Etna : getFindLookupControllerState1111111
05-24 21:02:14.132 2387 2446 I chromium: [0524/210214.132297:INFO:tnet_request_common.cc(194)] Front request create: 0xeb1aaf38, delegate: 0xe82b0960
05-24 21:02:14.132 2387 2446 I chromium: [0524/210214.132554:INFO:tnet_quic_adapter.cc(52)] Create tnet adapter, this: 0xe82b0960
05-24 21:02:14.136 1086 1449 E hq : Etna:::getFindLookupControllerState valueStr=1
05-24 21:02:14.137 1086 1449 E hq : LookupControler:::isLookupController=true
05-24 21:02:14.137 1086 1449 I hq : LookupControler:::time=110000
05-24 21:02:14.138 2387 2448 I chromium: [0524/210214.138637:INFO:tnet_quic_adapter.cc(57)] Destroy tnet adapter, this: 0xbc776dc0
05-24 21:02:14.138 2387 2448 I chromium: [0524/210214.138785:INFO:tnet_quic_request.cc(50)] TnetQuicRequest destroy, set delegate nullptr
05-24 21:02:14.138 2387 2448 I chromium: [0524/210214.138875:INFO:tnet_quic_adapter.cc(59)] request has been delete
05-24 21:02:14.141 2387 2443 I chromium: [0524/210214.141719:INFO:tnet_request_common.cc(200)] Front request destroy: 0xeb1aa4e8
05-24 21:02:14.147 2506 2506 I MMKV : current API level = 31
05-24 21:02:14.147 2506 2506 I MMKV : version v1.2.8 page size:4096
05-24 21:02:14.147 2506 2506 I MMKV : root dir: /data/user/0/com.ktcp.video/files/mmkv
05-24 21:02:14.148 2506 2506 I MMKV : loading [common_config] with 111443 actual size, file size 262144, InterProcess 1, meta info version:3
05-24 21:02:14.148 2506 2506 I MMKV : loading [common_config] with crc 3156085064 sequence 9 version 3
05-24 21:02:14.149 471 805 D CompatibilityChangeReporter: Compat change id reported: 168419799; UID 10019; state: DISABLED
05-24 21:02:14.150 2506 2506 I MMKV : loaded [common_config] with 592 key-values
05-24 21:02:14.158 2528 2528 D CompatibilityChangeReporter: Compat change id reported: 171979766; UID 10019; state: ENABLED
05-24 21:02:14.128 2221 2221 I rainbow_flow: type=1400 audit(0.0:1067): avc: denied { ioctl } for path="/dev/spidev1.0" dev="tmpfs" ino=2275 ioctlcmd=0x6b00 scontext=u:r:init:s0 tcontext=u:object_r:device:s0 tclass=chr_file permissive=1
05-24 21:02:14.166 2506 2506 I MMKV : loading [mmkv.default] with 261824 actual size, file size 262144, InterProcess 1, meta info version:3
05-24 21:02:14.166 2506 2506 I MMKV : loading [mmkv.default] with crc 3943272092 sequence 3 version 3
05-24 21:02:14.167 2506 2506 I MMKV : loaded [mmkv.default] with 157 key-values
01-01 08:00:38.829 2528 2528 W audit : audit_lost=601 audit_rate_limit=5 audit_backlog_limit=64
01-01 08:00:38.838 2528 2528 E audit : rate limit exceeded
05-24 21:02:14.202 2528 2528 V GraphicsEnvironment: ANGLE Developer option for 'com.android.externalstorage' set to: 'default'
05-24 21:02:14.202 2528 2528 V GraphicsEnvironment: Neither updatable production driver nor prerelease driver is supported.
05-24 21:02:14.203 2528 2528 D NetworkSecurityConfig: No Network Security Config specified, using platform default
05-24 21:02:14.203 2528 2528 D NetworkSecurityConfig: No Network Security Config specified, using platform default
05-24 21:02:14.209 2506 2506 D xlog-library: max_size=102400,_max_files=6
05-24 21:02:14.210 2506 2506 D xlog-library: appender_open _dir=/storage/emulated/0/ktcp_video/dailylog/video_comktcpvideo/dailylognew/com.ktcp.video_daemon,_nameprefix=log
05-24 21:02:14.211 2506 2506 D xlog-library: appender_open logdir already exists.
05-24 21:02:14.214 2528 2528 D ExternalStorage: After updating volumes, found 1 active roots
05-24 21:02:14.215 2506 2549 W XLOGReport: OtherSize: 13, MainSize: 13
05-24 21:02:14.219 2506 2506 D xlog-library: FELIX ~~~~~ begin of mmap ~~~~~
05-24 21:02:14.220 2528 2528 D ExternalStorage: After updating volumes, found 1 active roots
05-24 21:02:14.224 471 1255 I ActivityManager: Killing 1106:com.android.keychain/1000 (adj 985): empty #17
05-24 21:02:14.229 2387 2444 E chromium: [0524/210214.228933:ERROR:tnet_quic_client_stream.cc(72)] Find stream has no observer
05-24 21:02:14.229 2387 2444 E chromium: [0524/210214.229194:ERROR:tnet_quic_client_stream.cc(97)] Find stream has no observer
05-24 21:02:14.221 2506 2506 D xlog-library: FELIX ~~~~~ end of mmap ~~~~~
05-24 21:02:14.233 2506 2506 I MMKV : loading [new_app_ktcp_vmultidex_sp] with 28 actual size, file size 4096, InterProcess 1, meta info version:3
05-24 21:02:14.233 2506 2506 I MMKV : loading [new_app_ktcp_vmultidex_sp] with crc 3145172764 sequence 1 version 3
05-24 21:02:14.233 2506 2506 I MMKV : loaded [new_app_ktcp_vmultidex_sp] with 1 key-values
05-24 21:02:14.234 471 753 D SntpClient: request time failed: java.net.SocketTimeoutException: Poll timed out
05-24 21:02:14.237 822 822 E DiskReceiver: Missing fsUuid, not launching activity.
05-24 21:02:14.241 2528 2528 D ExternalStorage: After updating volumes, found 1 active roots
05-24 21:02:14.242 2506 2506 D MultiDex: VM with version 2.1.0 has multidex support
05-24 21:02:14.248 822 822 D DiskReceiver: Scanning volume: VolumeInfo{emulated;0}:
05-24 21:02:14.248 822 822 D DiskReceiver: type=EMULATED diskId=null partGuid= mountFlags=PRIMARY|VISIBLE
05-24 21:02:14.248 822 822 D DiskReceiver: mountUserId=0 state=MOUNTED
05-24 21:02:14.248 822 822 D DiskReceiver: fsType=null fsUuid=null fsLabel=null
05-24 21:02:14.248 822 822 D DiskReceiver: path=/storage/emulated internalPath=/data/media
05-24 21:02:14.250 471 805 I ActivityManager: com.tv.filemanager.os is exempt from freezer
05-24 21:02:14.250 471 805 D CompatibilityChangeReporter: Compat change id reported: 135634846; UID 10033; state: DISABLED
05-24 21:02:14.250 471 805 D CompatibilityChangeReporter: Compat change id reported: 177438394; UID 10033; state: DISABLED
05-24 21:02:14.250 471 805 D CompatibilityChangeReporter: Compat change id reported: 135772972; UID 10033; state: DISABLED
05-24 21:02:14.250 471 805 D CompatibilityChangeReporter: Compat change id reported: 135754954; UID 10033; state: DISABLED
05-24 21:02:14.251 471 540 D CompatibilityChangeReporter: Compat change id reported: 143937733; UID 10033; state: DISABLED
05-24 21:02:14.262 2506 2506 I MMKV : loading [ktcp_vmultidex_sp] with 840 actual size, file size 4096, InterProcess 1, meta info version:3
05-24 21:02:14.262 2506 2506 I MMKV : loading [ktcp_vmultidex_sp] with crc 3817115810 sequence 1 version 3
05-24 21:02:14.262 2506 2506 I MMKV : loaded [ktcp_vmultidex_sp] with 1 key-values
05-24 21:02:14.263 2506 2506 I MultiDex: VM with version 2.1.0 has multidex support
05-24 21:02:14.263 2506 2506 I MMKV : loading [host_app_setting] with 1092 actual size, file size 4096, InterProcess 1, meta info version:3
05-24 21:02:14.263 2506 2506 I MMKV : loading [host_app_setting] with crc 912218511 sequence 1 version 3
05-24 21:02:14.263 2506 2506 I MMKV : loaded [host_app_setting] with 3 key-values
05-24 21:02:14.266 247 247 D Zygote : Forked child process 2551
05-24 21:02:14.267 471 540 I ActivityManager: app.processName = com.tv.filemanager.os
05-24 21:02:14.267 471 540 I ActivityManager: Start proc 2551:com.tv.filemanager.os/u0a33 for broadcast {com.tv.filemanager.os/com.dangbei.lerad.filemanager.receives.USBReceiver}
05-24 21:02:14.270 471 541 I libprocessgroup: Successfully killed process cgroup uid 1000 pid 1106 in 45ms
05-24 21:02:14.274 2551 2551 I Zygote : seccomp disabled by setenforce 0
05-24 21:02:14.284 2506 2506 W System : ClassLoader referenced unknown path:
05-24 21:02:14.284 2506 2506 W cp.video:daemo: Unsupported class loader
05-24 21:02:14.288 2506 2506 I MMKV : loading [sp_video_recovery] with 464 actual size, file size 4096, InterProcess 1, meta info version:3
05-24 21:02:14.289 247 247 I Zygote : Process 1106 exited due to signal 9 (Killed)
05-24 21:02:14.288 2506 2506 I MMKV : loading [sp_video_recovery] with crc 2414495522 sequence 1 version 3
05-24 21:02:14.290 2506 2506 I MMKV : loaded [sp_video_recovery] with 6 key-values
05-24 21:02:14.313 401 416 I adbd : jdwp connection from 2551
05-24 21:02:14.328 471 750 D CompatibilityChangeReporter: Compat change id reported: 168419799; UID 10033; state: DISABLED
05-24 21:02:14.335 2506 2506 I MMKV : root dir: /data/user/0/com.ktcp.video/files/mmkv
05-24 21:02:14.335 2506 2506 I MMKV : loading [migrated_sp] with 49 actual size, file size 4096, InterProcess 1, meta info version:3
05-24 21:02:14.336 2506 2506 I MMKV : loading [migrated_sp] with crc 2691726340 sequence 1 version 3
05-24 21:02:14.336 2506 2506 I MMKV : loaded [migrated_sp] with 2 key-values
05-24 21:02:14.336 2506 2506 I MMKV : loading [mmkvwrapper_Cocos2dxPrefsFile] with 9440 actual size, file size 16384, InterProcess 1, meta info version:3
05-24 21:02:14.336 2506 2506 I MMKV : loading [mmkvwrapper_Cocos2dxPrefsFile] with crc 932572656 sequence 2 version 3
05-24 21:02:14.336 2506 2506 I MMKV : loaded [mmkvwrapper_Cocos2dxPrefsFile] with 43 key-values
05-24 21:02:14.337 1086 1449 E hq : ErrorCoroutineExceptionHandler:::runTry error:com.dangbei.leard.base.proider.error.EmptyApiException: 数据为空 from=requestMessageDialog from=requestMessageDialog
05-24 21:02:14.340 2551 2551 D CompatibilityChangeReporter: Compat change id reported: 171979766; UID 10033; state: DISABLED
05-24 21:02:14.342 2387 2446 I chromium: [0524/210214.342631:INFO:tnet_quic_adapter.cc(170)] TnetAdapter add header, this: 0xe82b0960
05-24 21:02:14.342 2387 2446 I chromium: [0524/210214.342923:INFO:tnet_quic_adapter.cc(170)] TnetAdapter add header, this: 0xe82b0960
05-24 21:02:14.343 2387 2446 I chromium: [0524/210214.342993:INFO:tnet_quic_adapter.cc(170)] TnetAdapter add header, this: 0xe82b0960
05-24 21:02:14.343 2387 2446 I chromium: [0524/210214.343059:INFO:tnet_quic_adapter.cc(170)] TnetAdapter add header, this: 0xe82b0960
05-24 21:02:14.343 2387 2446 I chromium: [0524/210214.343120:INFO:tnet_quic_adapter.cc(170)] TnetAdapter add header, this: 0xe82b0960
05-24 21:02:14.343 2387 2446 I chromium: [0524/210214.343225:INFO:tnet_quic_adapter.cc(170)] TnetAdapter add header, this: 0xe82b0960
05-24 21:02:14.343 2387 2446 I chromium: [0524/210214.343327:INFO:tnet_quic_adapter.cc(196)] TnetAdapter send request, this: 0xe82b0960
05-24 21:02:14.343 2387 2446 I chromium: [0524/210214.343393:INFO:tnet_quic_adapter.cc(204)] Type: 0 send request
05-24 21:02:14.350 2551 2551 D ApplicationLoaders: Returning zygote-cached class loader: /system/framework/android.test.base.jar
05-24 21:02:14.350 2506 2506 I FileLockLib: lock file path=/data/user/0/com.ktcp.video/files/Rightly.tds
05-24 21:02:14.351 2506 2506 I FileLockLib: lock file FD=76
05-24 21:02:14.351 2506 2506 I FileLockLib: init fg native, result=76
05-24 21:02:14.351 2506 2506 I FileLockLib: lock file path=/data/user/0/com.ktcp.video/files/App.Observer
05-24 21:02:14.351 2506 2506 I FileLockLib: lock file FD=77
05-24 21:02:14.351 2506 2506 I FileLockLib: init fg native, result=77
05-24 21:02:14.351 2506 2506 I FileLockLib: [2506]file 77 locked by pid: 2387. lock type: 0
05-24 21:02:14.352 2506 2506 I FileLockLib: [2506]get 77 lock success
05-24 21:02:14.352 2506 2506 I MMKV : root dir: /data/user/0/com.ktcp.video/files/mmkv
05-24 21:02:14.363 2506 2506 I FileLockLib: [2506]unlock 76 success.
05-24 21:02:14.371 2506 2506 I DaemonService: service onCreate
05-24 21:02:14.383 471 805 D ConnectivityService: requestNetwork for uid/pid:1000/471 asUid: 10077 activeRequest: null callbackRequest: 35 [NetworkRequest [ REQUEST id=36, [ Capabilities: INTERNET&NOT_RESTRICTED&TRUSTED&NOT_VCN_MANAGED Uid: 10077 RequestorUid: 1000 RequestorPkg: android] ]] callback flags: 0 priority: 2147483647
05-24 21:02:14.384 471 614 D ConnectivityService: NetReassign [36 : null → 100]
05-24 21:02:14.386 2506 2506 I DaemonService: startBindVideo~~~
05-24 21:02:14.386 471 650 D Ethernet: got request NetworkRequest [ REQUEST id=36, [ Capabilities: INTERNET&NOT_RESTRICTED&TRUSTED&NOT_VCN_MANAGED Uid: 10077 RequestorUid: 1000 RequestorPkg: android] ]
05-24 21:02:14.386 471 650 D EthernetNetworkFactory: acceptRequest, request: NetworkRequest [ REQUEST id=36, [ Capabilities: INTERNET&NOT_RESTRICTED&TRUSTED&NOT_VCN_MANAGED Uid: 10077 RequestorUid: 1000 RequestorPkg: android] ]
05-24 21:02:14.386 471 650 I EthernetNetworkFactory: networkForRequest, request: NetworkRequest [ REQUEST id=36, [ Capabilities: INTERNET&NOT_RESTRICTED&TRUSTED&NOT_VCN_MANAGED Uid: 10077 RequestorUid: 1000 RequestorPkg: android] ], network: null
05-24 21:02:14.387 471 607 D WifiNetworkFactory: got request NetworkRequest [ REQUEST id=36, [ Capabilities: INTERNET&NOT_RESTRICTED&TRUSTED&NOT_VCN_MANAGED Uid: 10077 RequestorUid: 1000 RequestorPkg: android] ]
05-24 21:02:14.387 471 607 D UntrustedWifiNetworkFactory: got request NetworkRequest [ REQUEST id=36, [ Capabilities: INTERNET&NOT_RESTRICTED&TRUSTED&NOT_VCN_MANAGED Uid: 10077 RequestorUid: 1000 RequestorPkg: android] ]
05-24 21:02:14.387 471 607 D OemPaidWifiNetworkFactory: got request NetworkRequest [ REQUEST id=36, [ Capabilities: INTERNET&NOT_RESTRICTED&TRUSTED&NOT_VCN_MANAGED Uid: 10077 RequestorUid: 1000 RequestorPkg: android] ]
05-24 21:02:14.396 2506 2506 I DaemonService: subService onCreate
05-24 21:02:14.396 2506 2506 I DaemonService: onStartCommand
05-24 21:02:14.412 471 750 W ActivityManager: Foreground service started from background can not have location/camera/microphone access: service com.ktcp.video/com.tencent.qqlivetv.keeplive.proc.DaemonService
05-24 21:02:14.412 471 750 I ActivityManager: Background started FGS: Allowed [callingPackage: com.ktcp.video; callingUid: 10077; uidState: RCVR; intent: Intent { cmp=com.ktcp.video/com.tencent.qqlivetv.keeplive.proc.DaemonService (has extras) }; code:SYSTEM_ALERT_WINDOW_PERMISSION; tempAllowListReason:; targetSdkVersion:23; callerTargetSdkVersion:23; startForegroundCount:0; bindFromPackage:null]
05-24 21:02:14.415 471 520 W IorapForwardingService: No service published for: iorapd
05-24 21:02:14.418 471 750 W ProcessStats: Tracking association SourceState{83e4f3 com.ktcp.video:daemon/10077 BTopFgs #317} whose proc state 2 is better than process ProcessState{edcb5b0 com.ktcp.video/10077 pkg=com.ktcp.video} proc state 3 (0 skipped)
05-24 21:02:14.421 471 539 I ActivityManager: Deferring FGS notification in legacy app com.ktcp.video/u0a77 : Notification(channel=recommendation_channel shortcut=null contentView=com.ktcp.video/0x10900aa vibrate=null sound=null defaults=0x0 flags=0x40 color=0x00000000 vis=PRIVATE)
05-24 21:02:14.421 471 750 W ActivityManager: Foreground service started from background can not have location/camera/microphone access: service com.ktcp.video/com.tencent.qqlivetv.keeplive.proc.DaemonService$SubService
05-24 21:02:14.421 471 750 I ActivityManager: Background started FGS: Allowed [callingPackage: com.ktcp.video; callingUid: 10077; uidState: SVC ; intent: Intent { cmp=com.ktcp.video/com.tencent.qqlivetv.keeplive.proc.DaemonService$SubService }; code:SYSTEM_ALERT_WINDOW_PERMISSION; tempAllowListReason:; targetSdkVersion:23; callerTargetSdkVersion:23; startForegroundCount:0; bindFromPackage:null]
05-24 21:02:14.424 1086 1097 I d.leradlaunche: Background young concurrent copying GC freed 28284(1585KB) AllocSpace objects, 8(1852KB) LOS objects, 13% free, 22MB/26MB, paused 272us total 126.800ms
05-24 21:02:14.425 2506 2506 I DaemonService: onVideoServiceConnected
05-24 21:02:14.478 2387 2396 I com.ktcp.video: Background young concurrent copying GC freed 134193(9501KB) AllocSpace objects, 39(1112KB) LOS objects, 80% free, 5903KB/29MB, paused 251us total 175.331ms
05-24 21:02:14.495 2551 2551 V GraphicsEnvironment: ANGLE Developer option for 'com.tv.filemanager.os' set to: 'default'
05-24 21:02:14.495 2551 2551 V GraphicsEnvironment: Neither updatable production driver nor prerelease driver is supported.
05-24 21:02:14.496 2551 2551 D NetworkSecurityConfig: No Network Security Config specified, using platform default
05-24 21:02:14.497 2551 2551 D NetworkSecurityConfig: No Network Security Config specified, using platform default
05-24 21:02:14.498 2551 2551 I MultiDex: VM with version 2.1.0 has multidex support
05-24 21:02:14.498 2551 2551 I MultiDex: Installing application
05-24 21:02:14.498 2551 2551 I MultiDex: VM has multidex support, MultiDex support library is disabled.
05-24 21:02:14.521 2551 2551 I MultiDex: Installing application
05-24 21:02:14.521 2551 2551 I MultiDex: VM has multidex support, MultiDex support library is disabled.
05-24 21:02:14.523 2551 2551 W .filemanager.o: Accessing hidden field Landroid/app/ActivityThread;->mHiddenApiWarningShown:Z (max-target-o, reflection, denied)
05-24 21:02:14.523 2551 2551 W System.err: java.lang.NoSuchFieldException: No field mHiddenApiWarningShown in class Landroid/app/ActivityThread; (declaration of 'android.app.ActivityThread' appears in /system/framework/framework.jar)
05-24 21:02:14.524 2551 2551 W System.err: at java.lang.Class.getDeclaredField(Native Method)
05-24 21:02:14.524 2551 2551 W System.err: at com.dangbei.lerad.filemanager.application.App.disableAPIDialog(App.java:166)
05-24 21:02:14.524 2551 2551 W System.err: at com.dangbei.lerad.filemanager.application.App.onCreate(App.java:95)
05-24 21:02:14.524 2551 2551 W System.err: at android.app.Instrumentation.callApplicationOnCreate(Instrumentation.java:1211)
05-24 21:02:14.524 2551 2551 W System.err: at android.app.ActivityThread.handleBindApplication(ActivityThread.java:6740)
05-24 21:02:14.524 2551 2551 W System.err: at android.app.ActivityThread.access$1500(ActivityThread.java:247)
05-24 21:02:14.524 2551 2551 W System.err: at android.app.ActivityThread$H.handleMessage(ActivityThread.java:2053)
05-24 21:02:14.524 2551 2551 W System.err: at android.os.Handler.dispatchMessage(Handler.java:106)
05-24 21:02:14.524 2551 2551 W System.err: at android.os.Looper.loopOnce(Looper.java:201)
05-24 21:02:14.524 2551 2551 W System.err: at android.os.Looper.loop(Looper.java:288)
05-24 21:02:14.524 2551 2551 W System.err: at android.app.ActivityThread.main(ActivityThread.java:7854)
05-24 21:02:14.524 2551 2551 W System.err: at java.lang.reflect.Method.invoke(Native Method)
05-24 21:02:14.524 2551 2551 W System.err: at com.android.internal.os.RuntimeInit$MethodAndArgsCaller.run(RuntimeInit.java:548)
05-24 21:02:14.524 2551 2551 W System.err: at com.android.internal.os.ZygoteInit.main(ZygoteInit.java:1182)
05-24 21:02:14.531 2551 2551 E ActivityThread: Failed to find provider info for lerad.provider.etna
05-24 21:02:14.560 2551 2551 D USBReceiver: usb > onReceive: action = android.intent.action.MEDIA_MOUNTED
05-24 21:02:14.586 659 659 E WifiHAL : wifi_get_link_stats: requestResponse Error:-5
05-24 21:02:14.586 471 750 I ActivityManager: com.oranth.usbopenft is exempt from freezer
05-24 21:02:14.587 471 750 D CompatibilityChangeReporter: Compat change id reported: 135634846; UID 1000; state: DISABLED
05-24 21:02:14.589 471 607 E WifiVendorHal: getWifiLinkLayerStats_1_5_Internal(l.1191) failed {.code = ERROR_INVALID_ARGS, .description = }
05-24 21:02:14.592 1033 1267 I MediaProvider: Begin Intent { act=android.intent.action.MEDIA_MOUNTED dat=file:///storage/emulated/0 flg=0x5000010 cmp=com.android.providers.media.module/com.android.providers.media.MediaService (has extras) }
05-24 21:02:14.593 1033 1267 I MediaProvider: Volume MediaVolume name: [external_primary] id: [emulated;0] user: [UserHandle{0}] path: [/storage/emulated/0] already attached
05-24 21:02:14.593 1033 1267 I MediaProvider: End Intent { act=android.intent.action.MEDIA_MOUNTED dat=file:///storage/emulated/0 flg=0x5000010 cmp=com.android.providers.media.module/com.android.providers.media.MediaService (has extras) }
05-24 21:02:14.609 247 247 D Zygote : Forked child process 2585
05-24 21:02:14.610 471 540 I ActivityManager: app.processName = com.oranth.usbopenft
05-24 21:02:14.610 471 540 I ActivityManager: Start proc 2585:com.oranth.usbopenft/1000 for broadcast {com.oranth.usbopenft/com.oranth.usbopenft.UsbReceiver}
05-24 21:02:14.619 2585 2585 I Zygote : seccomp disabled by setenforce 0
05-24 21:02:14.635 401 416 I adbd : jdwp connection from 2585
05-24 21:02:14.638 471 471 W NotificationHistory: Attempted to add notif for locked/gone/disabled user 0
05-24 21:02:14.641 678 678 V TvNotificationHandler: Notification not added because it isn't relevant for tv
05-24 21:02:14.648 471 1255 D CompatibilityChangeReporter: Compat change id reported: 168419799; UID 1000; state: DISABLED
05-24 21:02:14.653 2585 2585 D CompatibilityChangeReporter: Compat change id reported: 171979766; UID 1000; state: ENABLED
05-24 21:02:14.685 2585 2585 V GraphicsEnvironment: ANGLE Developer option for 'com.oranth.usbopenft' set to: 'default'
05-24 21:02:14.685 2585 2585 V GraphicsEnvironment: Neither updatable production driver nor prerelease driver is supported.
05-24 21:02:14.686 2585 2585 D NetworkSecurityConfig: No Network Security Config specified, using platform default
05-24 21:02:14.687 2585 2585 D NetworkSecurityConfig: No Network Security Config specified, using platform default
05-24 21:02:14.690 471 1255 D CompatibilityChangeReporter: Compat change id reported: 135634846; UID 10079; state: DISABLED
05-24 21:02:14.691 471 540 D CompatibilityChangeReporter: Compat change id reported: 143937733; UID 10079; state: DISABLED
05-24 21:02:14.692 471 1255 I ActivityManager: Killing 1221:com.android.music/u0a34 (adj 985): empty #17
05-24 21:02:14.707 247 247 D Zygote : Forked child process 2602
05-24 21:02:14.708 471 540 I ActivityManager: app.processName = com.youjoy.strugglelandlord
05-24 21:02:14.708 471 540 I ActivityManager: Start proc 2602:com.youjoy.strugglelandlord/u0a79 for broadcast {com.youjoy.strugglelandlord/com.android.common.download.DownloadReceiver}
05-24 21:02:14.716 2602 2602 I Zygote : seccomp disabled by setenforce 0
05-24 21:02:14.718 247 247 I Zygote : Process 1221 exited due to signal 9 (Killed)
05-24 21:02:14.735 401 416 I adbd : jdwp connection from 2602
05-24 21:02:14.738 471 541 I libprocessgroup: Successfully killed process cgroup uid 10034 pid 1221 in 45ms
05-24 21:02:14.744 471 809 D CompatibilityChangeReporter: Compat change id reported: 168419799; UID 10079; state: DISABLED
05-24 21:02:14.751 2602 2602 D CompatibilityChangeReporter: Compat change id reported: 171979766; UID 10079; state: DISABLED
05-24 21:02:14.758 2602 2602 D ApplicationLoaders: Returning zygote-cached class loader: /system/framework/android.test.base.jar
05-24 21:02:14.823 2602 2602 V GraphicsEnvironment: ANGLE Developer option for 'com.youjoy.strugglelandlord' set to: 'default'
05-24 21:02:14.823 2602 2602 V GraphicsEnvironment: Neither updatable production driver nor prerelease driver is supported.
05-24 21:02:14.824 2602 2602 D NetworkSecurityConfig: No Network Security Config specified, using platform default
05-24 21:02:14.825 2602 2602 D NetworkSecurityConfig: No Network Security Config specified, using platform default
05-24 21:02:14.800 280 280 I EventThread: type=1400 audit(0.0:1072): avc: denied { search } for name="extcon" dev="sysfs" ino=18109 scontext=u:r:hal_tv_cec_default:s0 tcontext=u:object_r:sysfs_extcon:s0 tclass=dir permissive=1
05-24 21:02:14.827 2602 2602 I DownloadProvider: DownloadProvider onCreate 2602 10079main
05-24 21:02:14.846 2387 2444 E chromium: [0524/210214.845953:ERROR:tnet_quic_client_stream.cc(72)] Find stream has no observer
05-24 21:02:14.846 2387 2444 E chromium: [0524/210214.846348:ERROR:tnet_quic_client_stream.cc(97)] Find stream has no observer
05-24 21:02:14.849 471 809 D CompatibilityChangeReporter: Compat change id reported: 168419799; UID 10030; state: DISABLED
05-24 21:02:14.854 471 1255 I ActivityManager: Background started FGS: Allowed [callingPackage: com.dangbei.screencast; callingUid: 10030; uidState: RCVR; intent: Intent { act=com.dangbei.screencast.STARTUP pkg=com.dangbei.screencast }; code:SYSTEM_ALERT_WINDOW_PERMISSION; tempAllowListReason:; targetSdkVersion:28; callerTargetSdkVersion:28; startForegroundCount:0; bindFromPackage:null]
05-24 21:02:14.854 2602 2623 W System.err: java.io.FileNotFoundException: /storage/emulated/0/youjoy/.cuid: open failed: ENOENT (No such file or directory)
05-24 21:02:14.855 2602 2623 W System.err: at libcore.io.IoBridge.open(IoBridge.java:575)
05-24 21:02:14.855 2602 2623 W System.err: at java.io.FileInputStream.(FileInputStream.java:160)
05-24 21:02:14.855 2602 2623 W System.err: at java.io.FileReader.(FileReader.java:72)
05-24 21:02:14.855 2602 2623 W System.err: at com.youjoy.download.util.DeviceId.readFile(DeviceId.java:99)
05-24 21:02:14.855 2602 2623 W System.err: at com.youjoy.download.util.DeviceId.readAndDecrypt(DeviceId.java:75)
05-24 21:02:14.855 2602 2623 W System.err: at com.youjoy.download.util.DeviceId.getFromExternal(DeviceId.java:170)
05-24 21:02:14.855 2602 2623 W System.err: at com.youjoy.download.util.DeviceId.getUniqueKey(DeviceId.java:210)
05-24 21:02:14.824 1521 1521 I CrashSDKNormalH: type=1400 audit(0.0:1073): avc: denied { search } for name="com.dangbei.screencast" dev="mmcblk0p25" ino=905 scontext=u:r:platform_app:s0:c512,c768 tcontext=u:object_r:app_data_file:s0:c512,c768 tclass=dir permissive=1 app=com.dangbei.screencast
05-24 21:02:14.858 2602 2623 W System.err: at com.youjoy.download.util.DeviceId.getUniqueKey(DeviceId.java:202)
05-24 21:02:14.859 2602 2623 W System.err: at com.youjoy.strugglelandlord.CrashHandler.getImsi(CrashHandler.java:529)
05-24 21:02:14.859 2602 2623 W System.err: at com.youjoy.strugglelandlord.CrashHandler$2.run(CrashHandler.java:214)
05-24 21:02:14.859 2602 2623 W System.err: Caused by: android.system.ErrnoException: open failed: ENOENT (No such file or directory)
05-24 21:02:14.859 2602 2623 W System.err: at libcore.io.Linux.open(Native Method)
05-24 21:02:14.859 2602 2623 W System.err: at libcore.io.ForwardingOs.open(ForwardingOs.java:567)
05-24 21:02:14.859 2602 2623 W System.err: at libcore.io.BlockGuardOs.open(BlockGuardOs.java:273)
05-24 21:02:14.859 2602 2623 W System.err: at libcore.io.ForwardingOs.open(ForwardingOs.java:567)
05-24 21:02:14.859 2602 2623 W System.err: at android.app.ActivityThread$AndroidOs.open(ActivityThread.java:7740)
05-24 21:02:14.859 2602 2623 W System.err: at libcore.io.IoBridge.open(IoBridge.java:561)
05-24 21:02:14.859 2602 2623 W System.err: ... 9 more
05-24 21:02:14.871 471 1255 W ActivityManager: Foreground service started from background can not have location/camera/microphone access: service com.dangbei.screencast/.startup.StartupService
05-24 21:02:14.874 471 539 I ActivityManager: Deferring FGS notification in legacy app com.dangbei.screencast/u0a30 : Notification(channel=channel_record shortcut=null contentView=null vibrate=null sound=null defaults=0x0 flags=0x60 color=0x00000000 category=transport vis=PUBLIC)
05-24 21:02:14.824 1521 1521 I CrashSDKNormalH: type=1400 audit(0.0:1074): avc: denied { read } for name="tags" dev="mmcblk0p25" ino=2053 scontext=u:r:platform_app:s0:c512,c768 tcontext=u:object_r:app_data_file:s0:c512,c768 tclass=dir permissive=1 app=com.dangbei.screencast
05-24 21:02:14.891 471 1255 D CompatibilityChangeReporter: Compat change id reported: 149924527; UID 10079; state: ENABLED
05-24 21:02:14.892 471 1255 D CompatibilityChangeReporter: Compat change id reported: 132649864; UID 10079; state: DISABLED
05-24 21:02:14.894 1033 1157 E MediaProvider: Creating a non-default top level directory or deleting an existing one is not allowed!
05-24 21:02:14.896 1521 1521 E raop : *********************AirplayBroadcastServer+++++++++
05-24 21:02:14.898 1033 1157 E MediaProvider: Creating a non-default top level directory or deleting an existing one is not allowed!
05-24 21:02:14.899 2602 2623 W System.err: java.io.FileNotFoundException: /storage/emulated/0/youjoy/.cuid: open failed: ENOENT (No such file or directory)
05-24 21:02:14.899 2602 2623 W System.err: at libcore.io.IoBridge.open(IoBridge.java:575)
05-24 21:02:14.899 2602 2623 W System.err: at java.io.FileOutputStream.(FileOutputStream.java:236)
05-24 21:02:14.899 2602 2623 W System.err: at java.io.FileWriter.(FileWriter.java:107)
05-24 21:02:14.899 2602 2623 W System.err: at com.youjoy.download.util.DeviceId.saveFile(DeviceId.java:149)
05-24 21:02:14.899 2602 2623 W System.err: at com.youjoy.download.util.DeviceId.encryptAndSave(DeviceId.java:135)
05-24 21:02:14.899 2602 2623 W System.err: at com.youjoy.download.util.DeviceId.saveToExternal(DeviceId.java:174)
05-24 21:02:14.899 2602 2623 W System.err: at com.youjoy.download.util.DeviceId.md5AndSave(DeviceId.java:263)
05-24 21:02:14.899 2602 2623 W System.err: at com.youjoy.download.util.DeviceId.getUniqueKey(DeviceId.java:224)
05-24 21:02:14.899 2602 2623 W System.err: at com.youjoy.download.util.DeviceId.getUniqueKey(DeviceId.java:202)
05-24 21:02:14.899 2602 2623 W System.err: at com.youjoy.strugglelandlord.CrashHandler.getImsi(CrashHandler.java:529)
05-24 21:02:14.899 2602 2623 W System.err: at com.youjoy.strugglelandlord.CrashHandler$2.run(CrashHandler.java:214)
05-24 21:02:14.899 2602 2623 W System.err: Caused by: android.system.ErrnoException: open failed: ENOENT (No such file or directory)
05-24 21:02:14.899 2602 2623 W System.err: at libcore.io.Linux.open(Native Method)
05-24 21:02:14.899 2602 2623 W System.err: at libcore.io.ForwardingOs.open(ForwardingOs.java:567)
05-24 21:02:14.899 2602 2623 W System.err: at libcore.io.BlockGuardOs.open(BlockGuardOs.java:273)
05-24 21:02:14.899 2602 2623 W System.err: at libcore.io.ForwardingOs.open(ForwardingOs.java:567)
05-24 21:02:14.899 2602 2623 W System.err: at android.app.ActivityThread$AndroidOs.open(ActivityThread.java:7740)
05-24 21:02:14.899 2602 2623 W System.err: at libcore.io.IoBridge.open(IoBridge.java:561)
05-24 21:02:14.899 2602 2623 W System.err: ... 10 more
05-24 21:02:14.899 2602 2623 I 获取用户的uniquekey: 9c3cd54f95a550454cdfaf60bb0067da
05-24 21:02:14.903 471 617 D NsdService: New client listening to asynchronous messages
05-24 21:02:14.903 471 617 D NsdService: New client, channel: com.android.internal.util.AsyncChannel@29dfa41 messenger: android.os.Messenger@ec98be6
05-24 21:02:14.904 1521 1521 D CompatibilityChangeReporter: Compat change id reported: 191844585; UID 10030; state: DISABLED
05-24 21:02:14.824 1521 1521 I CrashSDKNormalH: type=1400 audit(0.0:1075): avc: denied { open } for path="/data/user/0/com.dangbei.screencast/crashsdk/tags" dev="mmcblk0p25" ino=2053 scontext=u:r:platform_app:s0:c512,c768 tcontext=u:object_r:app_data_file:s0:c512,c768 tclass=dir permissive=1 app=com.dangbei.screencast
05-24 21:02:14.922 471 1255 I ActivityManager: Background started FGS: Allowed [callingPackage: com.dangbei.screencast; callingUid: 10030; uidState: FGS ; intent: Intent { cmp=com.dangbei.screencast/.huaweicast.service.HuaweiCastService }; code:PROC_STATE_FGS; tempAllowListReason:; targetSdkVersion:28; callerTargetSdkVersion:28; startForegroundCount:0; bindFromPackage:null]
05-24 21:02:14.925 1521 1521 E H264FrameQueue: H264FrameQueue: mFullQueueCount:200
05-24 21:02:14.935 1086 1449 D wenhc : getScreenInfo uri = content://com.dangbei.screencast.parts.info/screen_cast
05-24 21:02:14.824 1521 1521 I CrashSDKNormalH: type=1400 audit(0.0:1076): avc: denied { open } for path="/data/user/0/com.dangbei.screencast/crashsdk/tags/TSACNEERCS0IEBGNAD0MOC.st" dev="mmcblk0p25" ino=2532 scontext=u:r:platform_app:s0:c512,c768 tcontext=u:object_r:app_data_file:s0:c512,c768 tclass=file permissive=1 app=com.dangbei.screencast
05-24 21:02:14.988 1521 1521 E HuaweiCastService: onCreate called().
05-24 21:02:14.990 471 655 D CompatibilityChangeReporter: Compat change id reported: 168419799; UID 1000; state: DISABLED
05-24 21:02:14.992 1319 1319 D RockyVoice: RestartReceiver onReceive
05-24 21:02:14.993 1521 1521 E PlayerClient: registerCallback com.dangbei.screencast.huaweicast.service.HuaweiCastService$a@38187d8
05-24 21:02:14.993 1521 1521 D PlayerClient: registerCallback true
05-24 21:02:14.993 1521 1521 D PlayerClient: init.
05-24 21:02:14.996 471 1324 I WifiService: acquireMulticastLock uid=10030
05-24 21:02:14.996 471 809 I WifiService: acquireMulticastLock uid=10030
05-24 21:02:14.997 1521 1521 W KIT_FWK_a: KitFwk is not installed, pls do not use related interfaces.
05-24 21:02:15.000 1319 1319 D RockyVoice: RestartReceiver onReceive
05-24 21:02:15.001 1521 1521 W KIT_FWK_a: KitFwk is not installed, pls do not use related interfaces.
05-24 21:02:15.001 1521 1521 E PlayerClient: bind player service by aar.
05-24 21:02:15.003 471 809 W BroadcastQueue: Background execution not allowed: receiving Intent { act=android.bluetooth.device.action.BOND_STATE_CHANGED flg=0x10 (has extras) } to com.dangbei.lerad.etna.haqu/com.dangbei.remotecontroller.RemoteControllerReceiver
05-24 21:02:15.007 1521 1521 D PlayerClient: bind player sink service true
05-24 21:02:15.009 471 655 W ActivityManager: Foreground service started from background can not have location/camera/microphone access: service com.dangbei.screencast/.huaweicast.service.HuaweiCastService
05-24 21:02:15.010 1521 1521 E HuaweiCastService: startForeground!
05-24 21:02:15.010 1043 1043 I dangbei111: on receiver=android.bluetooth.device.action.ACL_CONNECTED,mac=E4:BB:D3:57:C0:22
05-24 21:02:15.011 471 655 W BroadcastQueue: Background execution not allowed: receiving Intent { act=android.bluetooth.device.action.BOND_STATE_CHANGED flg=0x10 (has extras) } to com.dangbei.lerad.etna.haqu/com.dangbei.remotecontroller.RemoteControllerReceiver
05-24 21:02:15.014 1521 1521 E HuaweiCastService: onStartCommand in 0
05-24 21:02:15.015 1043 1043 I dangbei111: on receiver=android.bluetooth.device.action.ACL_DISCONNECTED,mac=E4:BB:D3:57:C0:22
05-24 21:02:15.015 1043 1043 E ccc : cccccc 这里接到ACTION_ACL_DISCONNECTED 需要cancelPair
05-24 21:02:15.015 1043 1043 I BluetoothDevice: removeBond() for device E4:BB:D3:57:C0:22 called by pid: 1043 tid: 1043
05-24 21:02:15.017 471 809 W BroadcastQueue: Target SDK mismatch: receiver ActivityInfo{8fe866e com.dangbei.screencast.startup.BootReceiver} targets 28 but delivery restricted to [0, 23] broadcasting Intent { act=android.net.conn.CONNECTIVITY_CHANGE flg=0x4200010 (has extras) } from android (pid=471, uid=1000) to com.dangbei.screencast/.startup.BootReceiver
05-24 21:02:15.018 471 539 W BroadcastQueue: Target SDK mismatch: receiver ActivityInfo{868f10f com.dangbei.euthenia.receiver.NetworkChangeReceiver} targets 26 but delivery restricted to [0, 23] broadcasting Intent { act=android.net.conn.CONNECTIVITY_CHANGE flg=0x4200010 (has extras) } from android (pid=471, uid=1000) to com.dangbei.lerad.videoposter/com.dangbei.euthenia.receiver.NetworkChangeReceiver
05-24 21:02:15.021 1521 1521 D HiSight-SinkService: onCreate.
05-24 21:02:15.023 1521 1521 D HiSight-ConnectionManager: start ConnectionManager
05-24 21:02:15.025 1521 1521 D HiSight-SinkService: onBind.
05-24 21:02:15.025 471 809 W ActivityManager: Background started FGS: Disallowed [callingPackage: com.youjoy.strugglelandlord; callingUid: 10079; uidState: RCVR; intent: Intent { cmp=com.youjoy.strugglelandlord/com.android.common.download.DownloadService }; code:DENIED; tempAllowListReason:; targetSdkVersion:23; callerTargetSdkVersion:23; startForegroundCount:0; bindFromPackage:null]
05-24 21:02:15.026 471 809 D CompatibilityChangeReporter: Compat change id reported: 170668199; UID 10079; state: DISABLED
05-24 21:02:15.026 471 539 I DropBoxManagerService: add tag=system_server_wtf isTagEnabled=true flags=0x2
05-24 21:02:15.032 1521 1521 D PlayerClient: service connected.
05-24 21:02:15.032 1521 1521 D HiSight-SinkService: ITaskBinder registerCallback: true
05-24 21:02:15.032 1521 1521 D HiSight-HiSightManager: ITaskBinder registerCallback.
05-24 21:02:15.032 1521 1521 D HiSight-CallbackManager: addNewCallback. com.dangbei.screencast.huaweicast.service.HuaweiCastService$a@38187d8
05-24 21:02:15.033 1521 1521 E HuaweiCastService: eventId: 4001
05-24 21:02:15.034 1521 1521 E HuaweiCastService: mPlayerClient is null.
05-24 21:02:15.034 1521 1521 D HiSight-HiSightManager: check capability vbr range not setting, using default value
05-24 21:02:15.034 1521 1521 E HuaweiCastService: mPlayerClient is null.
05-24 21:02:15.035 1521 1521 D HiSight-SinkService: setAuthMode
05-24 21:02:15.035 1521 1521 W HiSight-ConnectionManager: mSinkId is empty
05-24 21:02:15.037 471 809 W ActivityManager: Foreground service started from background can not have location/camera/microphone access: service com.youjoy.strugglelandlord/com.android.common.download.DownloadService
05-24 21:02:15.041 471 539 I ActivityManager: Deferring FGS notification in legacy app com.youjoy.strugglelandlord/u0a79 : Notification(channel=downloadservice shortcut=null contentView=com.youjoy.strugglelandlord/0x10900aa vibrate=null sound=null defaults=0x0 flags=0x40 color=0x00000000 vis=PRIVATE)
