05-24 21:02:01.484 980 980 D wpa_supplicant: P2P: Add operating class 124
05-24 21:02:01.484 980 980 D wpa_supplicant: P2P: Channels - hexdump(len=4): 95 99 9d a1
05-24 21:02:01.484 980 980 D wpa_supplicant: P2P: Add operating class 125
05-24 21:02:01.484 980 980 D wpa_supplicant: P2P: Channels - hexdump(len=5): 95 99 9d a1 a5
05-24 21:02:01.484 980 980 D wpa_supplicant: P2P: Add operating class 126
05-24 21:02:01.484 980 980 D wpa_supplicant: P2P: Channels - hexdump(len=2): 95 9d
05-24 21:02:01.484 980 980 D wpa_supplicant: P2P: Add operating class 127
05-24 21:02:01.484 980 980 D wpa_supplicant: P2P: Channels - hexdump(len=2): 99 a1
05-24 21:02:01.484 980 980 D wpa_supplicant: P2P: Add operating class 128
05-24 21:02:01.484 980 980 D wpa_supplicant: P2P: Channels - hexdump(len=8): 24 28 2c 30 95 99 9d a1
05-24 21:02:01.484 980 980 D wpa_supplicant: P2P: Add operating class 130
05-24 21:02:01.484 980 980 D wpa_supplicant: P2P: Channels - hexdump(len=9): 24 28 2c 30 95 99 9d a1 a5
05-24 21:02:01.484 980 980 D wpa_supplicant: P2P: Update channel list
05-24 21:02:01.484 980 980 D wpa_supplicant: P2P: channels: 81:1,2,3,4,5,6,7,8,9,10,11,12,13 115:36,40,44,48 116:36,44 117:40,48 124:149,153,157,161 125:149,153,157,161,165 126:149,157 127:153,161 128:36,40,44,48,149,153,157,161 130:36,40,44,48,149,153,157,161,165
05-24 21:02:01.484 980 980 D wpa_supplicant: P2P: cli_channels:
05-24 21:02:01.484 980 980 D wpa_supplicant: sprd_wpa_driver_nl80211_driver_cmd COUNTRY CN len = 0, 10
05-24 21:02:01.489 471 607 D WifiNative: onSetCountryCodeSucceeded: CN
05-24 21:02:01.490 471 607 I WifiCountryCode: Receive onSetCountryCodeSucceeded CN
05-24 21:02:01.495 471 607 D WakeupController: onWifiEnabled()
05-24 21:02:01.496 471 607 W WifiClientModeImpl: No cached packet filter to apply
05-24 21:02:01.497 471 607 D WifiClientModeImpl[wlan0]: entering ConnectableState: ifaceName = wlan0
05-24 21:02:01.498 280 280 D hdmi-cec: cec physical address: 2.0.0.0
05-24 21:02:01.501 980 980 D wpa_supplicant: sprd_wpa_driver_nl80211_driver_cmd SETSUSPENDMODE 1 len = 0, 16
05-24 21:02:01.502 1113 1113 D ApplicationLoaders: Returning zygote-cached class loader: /system/framework/android.test.base.jar
05-24 21:02:01.502 1113 1113 D ApplicationLoaders: Returning zygote-cached class loader: /system/framework/android.hidl.manager-V1.0-java.jar
05-24 21:02:01.502 1113 1113 D ApplicationLoaders: Returning zygote-cached class loader: /system/framework/android.hidl.base-V1.0-java.jar
05-24 21:02:01.504 1033 1033 V MediaStore: Examining volume emulated;0 with name external_primary and state checking
05-24 21:02:01.505 471 607 D WifiClientModeImpl[wlan0]: Start makeIpClient ifaceName = wlan0
05-24 21:02:01.511 1033 1033 D CompatibilityChangeReporter: Compat change id reported: 148180766; UID 10074; state: ENABLED
05-24 21:02:01.521 1033 1033 D PulledMetrics: Registering callback with StatsManager
05-24 21:02:01.531 246 246 I netd : interfaceSetEnableIPv6(wlan0, false) <0.84ms>
05-24 21:02:01.531 471 607 I WifiClientModeImpl[wlan0]: disconnectedstate enter
01-01 08:00:26.164 167 167 I sunxi-ehci 5310000.ehci2-controller: USB 2.0 started, EHCI 1.00
01-01 08:00:26.177 167 167 E debugfs : Directory 'sunxi-ehci' with parent 'ehci' already present!
05-24 21:02:01.540 471 607 D WifiClientModeImpl[wlan0]: setupClientMode() ifacename = wlan0
05-24 21:02:01.540 1113 1113 W ranth.ledstatu: ClassLoaderContext shared library size mismatch. Expected=0, found=4 (PCL[] | PCL[]{PCL[/system/framework/android.test.base.jar*3790657674]#PCL[/system/framework/android.hidl.manager-V1.0-java.jar*1809561547]#PCL[/system/framework/android.hidl.base-V1.0-java.jar*2233032481]#PCL[/system/framework/org.apache.http.legacy.jar*2058259660]})
01-01 08:00:26.189 167 167 I usb3 : New USB device found, idVendor=1d6b, idProduct=0002, bcdDevice= 5.04
05-24 21:02:01.549 659 659 E WifiHAL : wifi_start_pkt_fate_monitoring: packet fate logging feature not supported 0
05-24 21:02:01.551 246 246 I netd : interfaceClearAddrs(wlan0) <0.75ms>
05-24 21:02:01.552 471 607 E WifiVendorHal: startPktFateMonitoring(l.2352) failed {.code = ERROR_NOT_SUPPORTED, .description = }
05-24 21:02:01.552 471 607 W WifiDiags: Failed to start packet fate monitoring
05-24 21:02:01.553 659 659 E WifiHAL : wifi_get_driver_version: Error -5 happened.
05-24 21:02:01.553 754 1152 E IpClient.wlan0: Failed to set accept_ra to 2
05-24 21:02:01.553 659 659 E android.hardware.wifi@1.0-service-lazy: Failed to get driver version: INVALID_ARGS
01-01 08:00:26.201 167 167 I usb3 : New USB device strings: Mfr=3, Product=2, SerialNumber=1
05-24 21:02:01.560 471 607 E WifiVendorHal: requestChipDebugInfo(l.2167) failed {.code = ERROR_INVALID_ARGS, .description = failed to get driver version}
05-24 21:02:01.560 471 607 I WifiVendorHal: Driver: null Firmware: null
05-24 21:02:01.561 659 659 E WifiHAL : wifi_get_driver_version: Error -5 happened.
05-24 21:02:01.561 659 659 E android.hardware.wifi@1.0-service-lazy: Failed to get driver version: INVALID_ARGS
01-01 08:00:26.213 167 167 I usb3 : Product: EHCI Host Controller
05-24 21:02:01.571 471 1028 I StorageUserConnection: Service: [ComponentInfo{com.android.providers.media.module/com.android.providers.media.fuse.ExternalStorageServiceImpl}] connected. User [0]
05-24 21:02:01.571 471 607 E WifiVendorHal: requestChipDebugInfo(l.2167) failed {.code = ERROR_INVALID_ARGS, .description = failed to get driver version}
05-24 21:02:01.571 471 607 I WifiVendorHal: Driver: null Firmware: null
01-01 08:00:26.220 167 167 I usb3 : Manufacturer: Linux 5.4.125+ ehci_hcd
01-01 08:00:26.227 167 167 I usb3 : SerialNumber: sunxi-ehci
05-24 21:02:01.579 1033 1153 I ExternalStorageServiceImpl: Starting session for id: emulated;0
05-24 21:02:01.581 317 319 D XM_HIDREAD: add@ add@/devices/platform/soc@3000000/5310000.ehci2-controller/usb3
01-01 08:00:26.237 167 167 I hub 3-0 : 1.0: USB hub found
05-24 21:02:01.576 328 328 I xiriservice_All: type=1400 audit(0.0:440): avc: denied { read } for scontext=u:r:init:s0 tcontext=u:r:init:s0 tclass=netlink_kobject_uevent_socket permissive=1
05-24 21:02:01.582 659 659 E WifiHAL : wifi_get_ring_buffers_status: Ring buffer logging feature not supported 0
05-24 21:02:01.583 317 319 D XM_HIDREAD: add@ add@/devices/platform/soc@3000000/5310000.ehci2-controller/usb3/3-0:1.0
05-24 21:02:01.591 471 607 E WifiVendorHal: getRingBufferStatus(l.2244) failed {.code = ERROR_NOT_SUPPORTED, .description = }
05-24 21:02:01.591 471 607 W WifiDiags: no ring buffers found
05-24 21:02:01.591 471 607 D WifiDiags: startLogging() iface list is {wlan0} after adding wlan0
05-24 21:02:01.594 1113 1113 V GraphicsEnvironment: ANGLE Developer option for 'com.oranth.ledstatus' set to: 'default'
05-24 21:02:01.595 1033 1153 V FuseDaemonThread: Waiting 1000ms for FUSE start. Count 4
01-01 08:00:26.243 167 167 I hub 3-0 : 1.0: 1 port detected
01-01 08:00:26.243 380 380 W hdr10p_Configure: 129 callbacks suppressed
01-01 08:00:26.243 380 380 I : DVI mode selected: packets not configured
05-24 21:02:01.596 1113 1113 V GraphicsEnvironment: Neither updatable production driver nor prerelease driver is supported.
01-01 08:00:26.253 167 167 W : sunxi ehci3-controller don't init wakeup source
01-01 08:00:26.255 380 380 W set_vsif_config: 129 callbacks suppressed
01-01 08:00:26.255 380 380 I : Error: set vsif failed
05-24 21:02:01.602 1033 1155 I FuseDaemonThread: Starting thread for emulated;0 ...
05-24 21:02:01.604 1033 1155 I FuseDaemon: Starting fuse...
05-24 21:02:01.608 317 319 D XM_HIDREAD: add@ add@/devices/virtual/devlink/regulator.8--5311000.ehci3-controller
05-24 21:02:01.612 665 665 D GattService: Unlocked userId 0
01-01 08:00:26.261 167 167 W [sunxi-ehci3]: probe, pdev->name: 5311000.ehci3-controller, sunxi_ehci: 0xffffffc008f82458, 0x:ffffffc015a53000, irq_no:38
01-01 08:00:26.263 167 167 I sunxi-ehci 5311000.ehci3-controller: EHCI Host Controller
05-24 21:02:01.613 1113 1113 D NetworkSecurityConfig: No Network Security Config specified, using platform default
05-24 21:02:01.620 1113 1113 D NetworkSecurityConfig: No Network Security Config specified, using platform default
05-24 21:02:01.628 1033 1151 V MediaProvider: onConfigure() for external.db
05-24 21:02:01.638 1113 1113 D aaa : onCreate()
05-24 21:02:01.639 184 184 E SELinux : avc: denied { find } for pid=1113 uid=1000 name=MyLedService scontext=u:r:system_app:s0 tcontext=u:object_r:default_android_service:s0 tclass=service_manager permissive=1
05-24 21:02:01.640 184 184 E SELinux : avc: denied { add } for pid=1113 uid=1000 name=MyLedService scontext=u:r:system_app:s0 tcontext=u:object_r:default_android_service:s0 tclass=service_manager permissive=1
01-01 08:00:26.293 380 380 I : DVI mode selected: packets not configured
01-01 08:00:26.295 167 167 I sunxi-ehci 5311000.ehci3-controller: new USB bus registered, assigned bus number 4
01-01 08:00:26.302 380 380 I : Error: set vsif failed
05-24 21:02:01.662 1113 1113 D aaa : LedStatusService onStartCommand begin
05-24 21:02:01.663 1113 1163 D aaa : topPkg is -------------- :com.android.tv.settings
05-24 21:02:01.666 1113 1113 I aaa : BootCompleteService is start !!!
05-24 21:02:01.667 1113 1113 W ContextImpl: Calling a method in the system process without a qualified user: android.app.ContextImpl.startService:1816 android.content.ContextWrapper.startService:774 android.content.ContextWrapper.startService:774 com.oranth.ledstatus.BootCompletedReceiver.onReceive:15 android.app.ActivityThread.handleReceiver:4308
01-01 08:00:26.324 167 167 I sunxi-ehci 5311000.ehci3-controller: irq 56, io mem 0x05311000
05-24 21:02:01.669 471 810 D CompatibilityChangeReporter: Compat change id reported: 149924527; UID 1000; state: ENABLED
05-24 21:02:01.669 471 810 D CompatibilityChangeReporter: Compat change id reported: 132649864; UID 1000; state: DISABLED
05-24 21:02:01.677 1033 1151 V MediaProvider: onOpen() for external.db
05-24 21:02:01.681 1113 1113 D aaa : LedStatusService onStartCommand begin
05-24 21:02:01.681 471 809 I ActivityManager: com.oranth.storage is exempt from freezer
05-24 21:02:01.682 471 809 D CompatibilityChangeReporter: Compat change id reported: 135634846; UID 1000; state: DISABLED
05-24 21:02:01.683 1033 1151 V MediaProvider: onOpen() finished for external.db
05-24 21:02:01.700 247 247 D Zygote : Forked child process 1165
05-24 21:02:01.701 659 659 E WifiHAL : wifi_get_link_stats: requestResponse Error:-5
05-24 21:02:01.702 471 540 I ActivityManager: app.processName = com.oranth.storage
05-24 21:02:01.702 471 540 I ActivityManager: Start proc 1165:com.oranth.storage/1000 for broadcast {com.oranth.storage/com.oranth.storage.BootCompletedReceiver}
05-24 21:02:01.705 280 280 D hdmi-cec: cec physical address: 2.0.0.0
05-24 21:02:01.705 280 280 D hdmi-cec: cec physical address: 2.0.0.0
05-24 21:02:01.706 280 280 D hdmi-cec: cec physical address: 2.0.0.0
05-24 21:02:01.706 280 280 D hdmi-cec: cec physical address: 2.0.0.0
05-24 21:02:01.707 471 471 W Looper : Slow dispatch took 208ms main h=android.os.Handler c=com.android.server.hdmi.WorkSourceUidPreservingRunnable@d6d6bbb m=0
05-24 21:02:01.710 1165 1165 I Zygote : seccomp disabled by setenforce 0
01-01 08:00:26.343 380 380 I : DVI mode selected: packets not configured
01-01 08:00:26.348 167 167 I sunxi-ehci 5311000.ehci3-controller: USB 2.0 started, EHCI 1.00
01-01 08:00:26.349 380 380 I : Error: set vsif failed
01-01 08:00:26.364 167 167 E debugfs : Directory 'sunxi-ehci' with parent 'ehci' already present!
05-24 21:02:01.713 471 471 D BluetoothManagerService: Bluetooth Adapter address changed to B4:2F:03:15:73:7E
05-24 21:02:01.714 471 471 D BluetoothManagerService: Stored Bluetoothaddress: B4:2F:03:15:73:7E
05-24 21:02:01.716 471 471 D BluetoothManagerService: Bluetooth Adapter name changed to DBBOX-A2 by android
05-24 21:02:01.716 471 471 D BluetoothManagerService: Stored Bluetooth name: DBBOX-A2
05-24 21:02:01.718 471 471 D WifiP2pService: Wifi enabled=true
05-24 21:02:01.719 1165 1165 I .oranth.storag: Late-enabling -Xcheck:jni
01-01 08:00:26.374 167 167 I usb4 : New USB device found, idVendor=1d6b, idProduct=0002, bcdDevice= 5.04
01-01 08:00:26.385 167 167 I usb4 : New USB device strings: Mfr=3, Product=2, SerialNumber=1
05-24 21:02:01.734 471 471 D BluetoothManagerService: BluetoothServiceConnection: com.android.bluetooth.gatt.GattService
05-24 21:02:01.734 471 520 D BluetoothManagerService: MESSAGE_BLUETOOTH_SERVICE_CONNECTED: 2
05-24 21:02:01.735 471 520 D BluetoothManagerService: continueFromBleOnState()
05-24 21:02:01.737 471 471 W HDMI : [1]:Unhandled cec command: 04:00:8E:00
01-01 08:00:26.394 167 167 I usb4 : Product: EHCI Host Controller
05-24 21:02:01.742 665 818 I AdapterState: TURNING_ON : entered
05-24 21:02:01.742 665 818 D AdapterProperties: Setting state to TURNING_ON
05-24 21:02:01.743 471 520 D BluetoothManagerService: Persisting Bluetooth Setting: 1
01-01 08:00:26.401 167 167 I usb4 : Manufacturer: Linux 5.4.125+ ehci_hcd
01-01 08:00:26.402 380 380 I : DVI mode selected: packets not configured
01-01 08:00:26.409 167 167 I usb4 : SerialNumber: sunxi-ehci
01-01 08:00:26.415 380 380 I : Error: set vsif failed
05-24 21:02:01.761 665 818 D BluetoothAdapterService: updateAdapterState() - Broadcasting state TURNING_ON to 1 receivers.
05-24 21:02:01.763 665 818 D BluetoothAdapterService: startCoreServices()
05-24 21:02:01.771 665 665 I HeadsetService: create()
05-24 21:02:01.772 471 520 D BluetoothManagerService: MESSAGE_BLUETOOTH_STATE_CHANGE: BLE_ON > TURNING_ON
05-24 21:02:01.773 471 520 D BluetoothManagerService: Sending BLE State Change: BLE_ON > TURNING_ON
05-24 21:02:01.774 317 319 D XM_HIDREAD: add@ add@/devices/platform/soc@3000000/5311000.ehci3-controller/usb4
05-24 21:02:01.768 328 328 I xiriservice_All: type=1400 audit(0.0:441): avc: denied { read } for scontext=u:r:init:s0 tcontext=u:r:init:s0 tclass=netlink_kobject_uevent_socket permissive=1
05-24 21:02:01.781 317 319 D XM_HIDREAD: add@ add@/devices/platform/soc@3000000/5311000.ehci3-controller/usb4/4-0:1.0
05-24 21:02:01.781 665 665 I HeadsetService: start()
05-24 21:02:01.785 1113 1173 D aaa : topPkg is -------------- :com.android.tv.settings
01-01 08:00:26.429 167 167 I hub 4-0 : 1.0: USB hub found
01-01 08:00:26.436 167 167 I hub 4-0 : 1.0: 1 port detected
01-01 08:00:26.442 380 380 I : DVI mode selected: packets not configured
01-01 08:00:26.449 380 380 I : Error: set vsif failed
05-24 21:02:01.793 317 319 D XM_HIDREAD: add@ add@/bus/platform/drivers/sunxi-ehci
05-24 21:02:01.793 317 319 D XM_HIDREAD: add@ add@/module/ehci_sunxi
05-24 21:02:01.796 471 607 E WifiVendorHal: getWifiLinkLayerStats_1_5_Internal(l.1191) failed {.code = ERROR_INVALID_ARGS, .description = }
05-24 21:02:01.815 401 416 I adbd : jdwp connection from 1165
01-01 08:00:26.477 380 380 I : DVI mode selected: packets not configured
01-01 08:00:26.484 380 380 I : Error: set vsif failed
01-01 08:00:26.489 167 167 W sunxi-ohci: OHCI SUNXI driver
05-24 21:02:01.822 665 665 I BluetoothHeadsetServiceJni: classInitNative: succeeds
05-24 21:02:01.823 665 665 I bt_btif : system/bt/btif/src/bluetooth.cc:417 get_profile_interface: get_profile_interface: id = handsfree
05-24 21:02:01.823 665 665 I bt_stack: [INFO:btif_hf.cc(1491)] GetInterface
05-24 21:02:01.836 665 853 I bt_stack: [INFO:btif_hf.cc(289)] btif_hf_upstreams_evt: AG enable/disable event 0
05-24 21:02:01.836 665 981 I bt_bta_dm: system/bt/bta/dm/bta_dm_act.cc:3198 bta_dm_eir_update_uuid: EIR Adding UUID=0x1112 into extended inquiry response
05-24 21:02:01.836 665 981 I bt_bta_dm: system/bt/bta/dm/bta_dm_act.cc:2897 bta_dm_set_eir: Generating extended inquiry response packet EIR
05-24 21:02:01.836 665 981 I bt_bta_dm: system/bt/bta/dm/bta_dm_act.cc:3198 bta_dm_eir_update_uuid: EIR Adding UUID=0x111F into extended inquiry response
05-24 21:02:01.836 665 981 I bt_bta_dm: system/bt/bta/dm/bta_dm_act.cc:2897 bta_dm_set_eir: Generating extended inquiry response packet EIR
05-24 21:02:01.836 665 981 I bt_stack: [INFO:port_api.cc(234)] RFCOMM_CreateConnection: bd_addr=ff:ff:ff:ff:ff:ff, scn=2, is_server=1, mtu=256, uuid=0x1112, dlci=4, signal_state=0x0b, p_port=0xbefd7ea4
05-24 21:02:01.837 665 981 I bt_stack: [INFO:port_api.cc(234)] RFCOMM_CreateConnection: bd_addr=ff:ff:ff:ff:ff:ff, scn=3, is_server=1, mtu=256, uuid=0x111f, dlci=6, signal_state=0x0b, p_port=0xbefd7f2c
05-24 21:02:01.838 665 981 I bt_stack: [INFO:port_api.cc(234)] RFCOMM_CreateConnection: bd_addr=ff:ff:ff:ff:ff:ff, scn=2, is_server=1, mtu=256, uuid=0x1112, dlci=4, signal_state=0x0b, p_port=0xbefd7fb4
05-24 21:02:01.838 665 981 I bt_stack: [INFO:port_api.cc(234)] RFCOMM_CreateConnection: bd_addr=ff:ff:ff:ff:ff:ff, scn=3, is_server=1, mtu=256, uuid=0x111f, dlci=6, signal_state=0x0b, p_port=0xbefd803c
05-24 21:02:01.838 665 665 I bt_btif_storage: system/bt/btif/src/btif_storage.cc:661 btif_storage_get_adapter_property: btif_storage_get_adapter_property service_mask:0x20000040
05-24 21:02:01.849 471 471 W Looper : Drained
05-24 21:02:01.849 471 520 D BluetoothManagerService: Sending State Change: OFF > TURNING_ON
01-01 08:00:26.497 167 167 W : sunxi ohci0-controller don't init wakeup source
01-01 08:00:26.505 167 167 W [sunxi-ohci0]: probe, pdev->name: 5101400.ohci0-controller, sunxi_ohci: 0xffffffc008f81378
05-24 21:02:01.857 246 246 I netd : interfaceGetCfg(wlan0) -> {InterfaceConfigurationParcel{ifName: wlan0, hwAddr: b4:2f:03:15:e9:08, ipv4Addr: 0.0.0.0, prefixLength: 0, flags: [up, broadcast, multicast]}} <0.51ms>
05-24 21:02:01.858 665 981 I bt_stack: [INFO:port_api.cc(234)] RFCOMM_CreateConnection: bd_addr=ff:ff:ff:ff:ff:ff, scn=2, is_server=1, mtu=256, uuid=0x1112, dlci=4, signal_state=0x0b, p_port=0xbefd80c4
05-24 21:02:01.858 665 981 I bt_stack: [INFO:port_api.cc(234)] RFCOMM_CreateConnection: bd_addr=ff:ff:ff:ff:ff:ff, scn=3, is_server=1, mtu=256, uuid=0x111f, dlci=6, signal_state=0x0b, p_port=0xbefd814c
05-24 21:02:01.858 665 981 I bt_stack: [INFO:port_api.cc(234)] RFCOMM_CreateConnection: bd_addr=ff:ff:ff:ff:ff:ff, scn=2, is_server=1, mtu=256, uuid=0x1112, dlci=4, signal_state=0x0b, p_port=0xbefd81d4
05-24 21:02:01.858 665 981 I bt_stack: [INFO:port_api.cc(234)] RFCOMM_CreateConnection: bd_addr=ff:ff:ff:ff:ff:ff, scn=3, is_server=1, mtu=256, uuid=0x111f, dlci=6, signal_state=0x0b, p_port=0xbefd825c
05-24 21:02:01.859 665 981 I bt_stack: [INFO:port_api.cc(234)] RFCOMM_CreateConnection: bd_addr=ff:ff:ff:ff:ff:ff, scn=2, is_server=1, mtu=256, uuid=0x1112, dlci=4, signal_state=0x0b, p_port=0xbefd82e4
05-24 21:02:01.859 665 981 I bt_stack: [INFO:port_api.cc(234)] RFCOMM_CreateConnection: bd_addr=ff:ff:ff:ff:ff:ff, scn=3, is_server=1, mtu=256, uuid=0x111f, dlci=6, signal_state=0x0b, p_port=0xbefd836c
05-24 21:02:01.859 665 981 I bt_stack: [INFO:port_api.cc(234)] RFCOMM_CreateConnection: bd_addr=ff:ff:ff:ff:ff:ff, scn=2, is_server=1, mtu=256, uuid=0x1112, dlci=4, signal_state=0x0b, p_port=0xbefd83f4
05-24 21:02:01.859 665 981 I bt_stack: [INFO:port_api.cc(234)] RFCOMM_CreateConnection: bd_addr=ff:ff:ff:ff:ff:ff, scn=3, is_server=1, mtu=256, uuid=0x111f, dlci=6, signal_state=0x0b, p_port=0xbefd847c
05-24 21:02:01.861 665 665 I A2dpService: create()
05-24 21:02:01.863 471 546 W BatteryExternalStatsWorker: error reading modem stats:ERROR_PHONE_NOT_AVAILABLE
05-24 21:02:01.864 317 319 D XM_HIDREAD: add@ add@/devices/virtual/devlink/regulator.8--5101400.ohci0-controller
05-24 21:02:01.876 325 325 I rainbow_flow: type=1400 audit(0.0:442): avc: denied { ioctl } for path="/dev/spidev1.0" dev="tmpfs" ino=2275 ioctlcmd=0x6b00 scontext=u:r:init:s0 tcontext=u:object_r:device:s0 tclass=chr_file permissive=1
01-01 08:00:26.517 380 380 I : DVI mode selected: packets not configured
01-01 08:00:26.519 167 167 I sunxi-ohci 5101400.ohci0-controller: OHCI Host Controller
01-01 08:00:26.524 380 380 I : Error: set vsif failed
01-01 08:00:26.536 167 167 I sunxi-ohci 5101400.ohci0-controller: new USB bus registered, assigned bus number 5
05-24 21:02:01.887 471 471 D BluetoothA2dp: Proxy object connected
05-24 21:02:01.887 471 471 D BluetoothA2dp: Proxy object connected
05-24 21:02:01.888 665 665 I A2dpService: start()
05-24 21:02:01.889 665 665 I BluetoothA2dpServiceJni: classInitNative: succeeds
05-24 21:02:01.892 665 665 I A2dpService: Max connected audio devices set to 5
05-24 21:02:01.902 471 805 D CompatibilityChangeReporter: Compat change id reported: 168419799; UID 1000; state: DISABLED
05-24 21:02:01.903 246 246 I netd : interfaceGetCfg(wlan0) -> {InterfaceConfigurationParcel{ifName: wlan0, hwAddr: b4:2f:03:15:e9:08, ipv4Addr: 0.0.0.0, prefixLength: 0, flags: [up, broadcast, multicast]}} <0.63ms>
05-24 21:02:01.904 471 471 D BluetoothA2dp: Proxy object connected
05-24 21:02:01.907 471 607 D WifiService: Handle boot completed
01-01 08:00:26.548 167 167 I sunxi-ohci 5101400.ohci0-controller: irq 51, io mem 0x05101400
01-01 08:00:26.557 380 380 I : DVI mode selected: packets not configured
01-01 08:00:26.563 380 380 I : Error: set vsif failed
05-24 21:02:01.917 665 665 I bt_btif : system/bt/btif/src/bluetooth.cc:417 get_profile_interface: get_profile_interface: id = a2dp
05-24 21:02:01.917 665 665 I btif_av : system/bt/btif/src/btif_av.cc:965 Init: bt_status_t BtifAvSource::Init(btav_source_callbacks_t *, int, const std::vector &, const std::vector &): max_connected_audio_devices=5
05-24 21:02:01.917 665 665 I a2dp_codec: system/bt/stack/a2dp/a2dp_codec_config.cc:569 init: init
05-24 21:02:01.917 665 665 I a2dp_codec: system/bt/stack/a2dp/a2dp_codec_config.cc:113 createCodec: createCodec: codec SBC
05-24 21:02:01.917 665 665 I a2dp_codec: system/bt/stack/a2dp/a2dp_codec_config.cc:633 init: init: updated SBC codec priority to 1001
05-24 21:02:01.917 665 665 I a2dp_codec: system/bt/stack/a2dp/a2dp_codec_config.cc:113 createCodec: createCodec: codec AAC
05-24 21:02:01.918 665 665 I a2dp_codec: system/bt/stack/a2dp/a2dp_codec_config.cc:633 init: init: updated AAC codec priority to 2001
05-24 21:02:01.918 665 665 I a2dp_codec: system/bt/stack/a2dp/a2dp_codec_config.cc:113 createCodec: createCodec: codec aptX
05-24 21:02:01.920 665 665 E a2dp_vendor_aptx_encoder: system/bt/stack/a2dp/a2dp_vendor_aptx_encoder.cc:123 A2DP_VendorLoadEncoderAptx: A2DP_VendorLoadEncoderAptx: cannot open aptX encoder library libaptX_encoder.so: dlopen failed: library "libaptX_encoder.so" not found
05-24 21:02:01.920 665 665 E a2dp_vendor_aptx: system/bt/stack/a2dp/a2dp_vendor_aptx.cc:465 init: init: cannot load the encoder
05-24 21:02:01.920 665 665 I a2dp_codec: system/bt/stack/a2dp/a2dp_codec_config.cc:113 createCodec: createCodec: codec aptX-HD
05-24 21:02:01.921 665 665 E a2dp_vendor_aptx_hd_encoder: system/bt/stack/a2dp/a2dp_vendor_aptx_hd_encoder.cc:123 A2DP_VendorLoadEncoderAptxHd: A2DP_VendorLoadEncoderAptxHd: cannot open aptX-HD encoder library libaptXHD_encoder.so: dlopen failed: library "libaptXHD_encoder.so" not found
05-24 21:02:01.921 665 665 E a2dp_vendor_aptx_hd: system/bt/stack/a2dp/a2dp_vendor_aptx_hd.cc:483 init: init: cannot load the encoder
05-24 21:02:01.921 665 665 I a2dp_codec: system/bt/stack/a2dp/a2dp_codec_config.cc:113 createCodec: createCodec: codec LDAC
05-24 21:02:01.928 665 665 I a2dp_codec: system/bt/stack/a2dp/a2dp_codec_config.cc:633 init: init: updated LDAC codec priority to 5001
05-24 21:02:01.928 665 665 I a2dp_codec: system/bt/stack/a2dp/a2dp_codec_config.cc:113 createCodec: createCodec: codec SBC SINK
05-24 21:02:01.928 665 665 I a2dp_codec: system/bt/stack/a2dp/a2dp_codec_config.cc:113 createCodec: createCodec: codec AAC SINK
05-24 21:02:01.928 665 665 I a2dp_codec: system/bt/stack/a2dp/a2dp_codec_config.cc:113 createCodec: createCodec: codec LDAC SINK
05-24 21:02:01.935 665 665 E a2dp_vendor_ldac_decoder: system/bt/stack/a2dp/a2dp_vendor_ldac_decoder.cc:134 A2DP_VendorLoadDecoderLdac: A2DP_VendorLoadDecoderLdac: cannot open LDAC decoder library libldacBT_bco.so: dlopen failed: library "libldacBT_bco.so" not found
05-24 21:02:01.936 665 665 E a2dp_vendor_ldac: system/bt/stack/a2dp/a2dp_vendor_ldac.cc:1418 init: init: cannot load the decoder
05-24 21:02:01.936 665 665 I a2dp_codec: system/bt/stack/a2dp/a2dp_codec_config.cc:658 init: init: initialized Source codec LDAC
05-24 21:02:01.936 665 665 I a2dp_codec: system/bt/stack/a2dp/a2dp_codec_config.cc:658 init: init: initialized Source codec AAC
05-24 21:02:01.936 665 665 I a2dp_codec: system/bt/stack/a2dp/a2dp_codec_config.cc:658 init: init: initialized Source codec SBC
05-24 21:02:01.936 665 665 I a2dp_codec: system/bt/stack/a2dp/a2dp_codec_config.cc:665 init: init: initialized Sink codec AAC SINK
05-24 21:02:01.936 665 665 I a2dp_codec: system/bt/stack/a2dp/a2dp_codec_config.cc:665 init: init: initialized Sink codec SBC SINK
05-24 21:02:01.936 665 665 I a2dp_codec: system/bt/stack/a2dp/a2dp_codec_config.cc:569 init: init
05-24 21:02:01.936 665 665 I a2dp_codec: system/bt/stack/a2dp/a2dp_codec_config.cc:113 createCodec: createCodec: codec SBC
05-24 21:02:01.936 665 665 I a2dp_codec: system/bt/stack/a2dp/a2dp_codec_config.cc:633 init: init: updated SBC codec priority to 1001
05-24 21:02:01.936 665 665 I a2dp_codec: system/bt/stack/a2dp/a2dp_codec_config.cc:113 createCodec: createCodec: codec AAC
05-24 21:02:01.936 665 665 I a2dp_codec: system/bt/stack/a2dp/a2dp_codec_config.cc:633 init: init: updated AAC codec priority to 2001
05-24 21:02:01.936 665 665 I a2dp_codec: system/bt/stack/a2dp/a2dp_codec_config.cc:113 createCodec: createCodec: codec aptX
01-01 08:00:26.594 380 380 I : DVI mode selected: packets not configured
01-01 08:00:26.600 380 380 I : Error: set vsif failed
05-24 21:02:01.940 471 607 I WifiScoreCard: Installing MemoryStore
05-24 21:02:01.940 471 607 I WifiHealthMonitor: Installing MemoryStore
05-24 21:02:01.957 665 665 E a2dp_vendor_aptx_encoder: system/bt/stack/a2dp/a2dp_vendor_aptx_encoder.cc:123 A2DP_VendorLoadEncoderAptx: A2DP_VendorLoadEncoderAptx: cannot open aptX encoder library libaptX_encoder.so: dlopen failed: library "libaptX_encoder.so" not found
05-24 21:02:01.957 665 665 E a2dp_vendor_aptx: system/bt/stack/a2dp/a2dp_vendor_aptx.cc:465 init: init: cannot load the encoder
05-24 21:02:01.957 665 665 I a2dp_codec: system/bt/stack/a2dp/a2dp_codec_config.cc:113 createCodec: createCodec: codec aptX-HD
05-24 21:02:01.959 665 665 E a2dp_vendor_aptx_hd_encoder: system/bt/stack/a2dp/a2dp_vendor_aptx_hd_encoder.cc:123 A2DP_VendorLoadEncoderAptxHd: A2DP_VendorLoadEncoderAptxHd: cannot open aptX-HD encoder library libaptXHD_encoder.so: dlopen failed: library "libaptXHD_encoder.so" not found
05-24 21:02:01.959 665 665 E a2dp_vendor_aptx_hd: system/bt/stack/a2dp/a2dp_vendor_aptx_hd.cc:483 init: init: cannot load the encoder
05-24 21:02:01.959 665 665 I a2dp_codec: system/bt/stack/a2dp/a2dp_codec_config.cc:113 createCodec: createCodec: codec LDAC
05-24 21:02:01.959 665 665 I a2dp_codec: system/bt/stack/a2dp/a2dp_codec_config.cc:633 init: init: updated LDAC codec priority to 5001
05-24 21:02:01.959 665 665 I a2dp_codec: system/bt/stack/a2dp/a2dp_codec_config.cc:113 createCodec: createCodec: codec SBC SINK
05-24 21:02:01.959 665 665 I a2dp_codec: system/bt/stack/a2dp/a2dp_codec_config.cc:113 createCodec: createCodec: codec AAC SINK
05-24 21:02:01.959 665 665 I a2dp_codec: system/bt/stack/a2dp/a2dp_codec_config.cc:113 createCodec: createCodec: codec LDAC SINK
05-24 21:02:01.961 665 665 E a2dp_vendor_ldac_decoder: system/bt/stack/a2dp/a2dp_vendor_ldac_decoder.cc:134 A2DP_VendorLoadDecoderLdac: A2DP_VendorLoadDecoderLdac: cannot open LDAC decoder library libldacBT_bco.so: dlopen failed: library "libldacBT_bco.so" not found
05-24 21:02:01.961 665 665 E a2dp_vendor_ldac: system/bt/stack/a2dp/a2dp_vendor_ldac.cc:1418 init: init: cannot load the decoder
05-24 21:02:01.962 665 665 I a2dp_codec: system/bt/stack/a2dp/a2dp_codec_config.cc:658 init: init: initialized Source codec LDAC
05-24 21:02:01.962 665 665 I a2dp_codec: system/bt/stack/a2dp/a2dp_codec_config.cc:658 init: init: initialized Source codec AAC
05-24 21:02:01.962 665 665 I a2dp_codec: system/bt/stack/a2dp/a2dp_codec_config.cc:658 init: init: initialized Source codec SBC
05-24 21:02:01.962 665 665 I a2dp_codec: system/bt/stack/a2dp/a2dp_codec_config.cc:665 init: init: initialized Sink codec AAC SINK
05-24 21:02:01.962 665 665 I a2dp_codec: system/bt/stack/a2dp/a2dp_codec_config.cc:665 init: init: initialized Sink codec SBC SINK
05-24 21:02:01.962 665 665 I a2dp_codec: system/bt/stack/a2dp/a2dp_codec_config.cc:569 init: init
05-24 21:02:01.962 665 665 I a2dp_codec: system/bt/stack/a2dp/a2dp_codec_config.cc:113 createCodec: createCodec: codec SBC
05-24 21:02:01.962 665 665 I a2dp_codec: system/bt/stack/a2dp/a2dp_codec_config.cc:633 init: init: updated SBC codec priority to 1001
05-24 21:02:01.962 665 665 I a2dp_codec: system/bt/stack/a2dp/a2dp_codec_config.cc:113 createCodec: createCodec: codec AAC
05-24 21:02:01.962 665 665 I a2dp_codec: system/bt/stack/a2dp/a2dp_codec_config.cc:633 init: init: updated AAC codec priority to 2001
05-24 21:02:01.962 665 665 I a2dp_codec: system/bt/stack/a2dp/a2dp_codec_config.cc:113 createCodec: createCodec: codec aptX
05-24 21:02:01.963 665 665 E a2dp_vendor_aptx_encoder: system/bt/stack/a2dp/a2dp_vendor_aptx_encoder.cc:123 A2DP_VendorLoadEncoderAptx: A2DP_VendorLoadEncoderAptx: cannot open aptX encoder library libaptX_encoder.so: dlopen failed: library "libaptX_encoder.so" not found
05-24 21:02:01.963 665 665 E a2dp_vendor_aptx: system/bt/stack/a2dp/a2dp_vendor_aptx.cc:465 init: init: cannot load the encoder
05-24 21:02:01.963 665 665 I a2dp_codec: system/bt/stack/a2dp/a2dp_codec_config.cc:113 createCodec: createCodec: codec aptX-HD
05-24 21:02:01.964 665 665 E a2dp_vendor_aptx_hd_encoder: system/bt/stack/a2dp/a2dp_vendor_aptx_hd_encoder.cc:123 A2DP_VendorLoadEncoderAptxHd: A2DP_VendorLoadEncoderAptxHd: cannot open aptX-HD encoder library libaptXHD_encoder.so: dlopen failed: library "libaptXHD_encoder.so" not found
05-24 21:02:01.964 665 665 E a2dp_vendor_aptx_hd: system/bt/stack/a2dp/a2dp_vendor_aptx_hd.cc:483 init: init: cannot load the encoder
05-24 21:02:01.964 665 665 I a2dp_codec: system/bt/stack/a2dp/a2dp_codec_config.cc:113 createCodec: createCodec: codec LDAC
05-24 21:02:01.964 665 665 I a2dp_codec: system/bt/stack/a2dp/a2dp_codec_config.cc:633 init: init: updated LDAC codec priority to 5001
05-24 21:02:01.964 665 665 I a2dp_codec: system/bt/stack/a2dp/a2dp_codec_config.cc:113 createCodec: createCodec: codec SBC SINK
05-24 21:02:01.964 665 665 I a2dp_codec: system/bt/stack/a2dp/a2dp_codec_config.cc:113 createCodec: createCodec: codec AAC SINK
05-24 21:02:01.964 665 665 I a2dp_codec: system/bt/stack/a2dp/a2dp_codec_config.cc:113 createCodec: createCodec: codec LDAC SINK
05-24 21:02:01.964 665 665 E a2dp_vendor_ldac_decoder: system/bt/stack/a2dp/a2dp_vendor_ldac_decoder.cc:134 A2DP_VendorLoadDecoderLdac: A2DP_VendorLoadDecoderLdac: cannot open LDAC decoder library libldacBT_bco.so: dlopen failed: library "libldacBT_bco.so" not found
05-24 21:02:01.964 665 665 E a2dp_vendor_ldac: system/bt/stack/a2dp/a2dp_vendor_ldac.cc:1418 init: init: cannot load the decoder
05-24 21:02:01.964 665 665 I a2dp_codec: system/bt/stack/a2dp/a2dp_codec_config.cc:658 init: init: initialized Source codec LDAC
05-24 21:02:01.964 665 665 I a2dp_codec: system/bt/stack/a2dp/a2dp_codec_config.cc:658 init: init: initialized Source codec AAC
05-24 21:02:01.964 665 665 I a2dp_codec: system/bt/stack/a2dp/a2dp_codec_config.cc:658 init: init: initialized Source codec SBC
05-24 21:02:01.964 665 665 I a2dp_codec: system/bt/stack/a2dp/a2dp_codec_config.cc:665 init: init: initialized Sink codec AAC SINK
05-24 21:02:01.964 665 665 I a2dp_codec: system/bt/stack/a2dp/a2dp_codec_config.cc:665 init: init: initialized Sink codec SBC SINK
05-24 21:02:01.964 665 665 I a2dp_codec: system/bt/stack/a2dp/a2dp_codec_config.cc:569 init: init
05-24 21:02:01.965 665 665 I a2dp_codec: system/bt/stack/a2dp/a2dp_codec_config.cc:113 createCodec: createCodec: codec SBC
05-24 21:02:01.965 665 665 I a2dp_codec: system/bt/stack/a2dp/a2dp_codec_config.cc:633 init: init: updated SBC codec priority to 1001
05-24 21:02:01.965 665 665 I a2dp_codec: system/bt/stack/a2dp/a2dp_codec_config.cc:113 createCodec: createCodec: codec AAC
05-24 21:02:01.965 665 665 I a2dp_codec: system/bt/stack/a2dp/a2dp_codec_config.cc:633 init: init: updated AAC codec priority to 2001
05-24 21:02:01.965 665 665 I a2dp_codec: system/bt/stack/a2dp/a2dp_codec_config.cc:113 createCodec: createCodec: codec aptX
05-24 21:02:01.965 665 665 E a2dp_vendor_aptx_encoder: system/bt/stack/a2dp/a2dp_vendor_aptx_encoder.cc:123 A2DP_VendorLoadEncoderAptx: A2DP_VendorLoadEncoderAptx: cannot open aptX encoder library libaptX_encoder.so: dlopen failed: library "libaptX_encoder.so" not found
05-24 21:02:01.965 665 665 E a2dp_vendor_aptx: system/bt/stack/a2dp/a2dp_vendor_aptx.cc:465 init: init: cannot load the encoder
05-24 21:02:01.965 665 665 I a2dp_codec: system/bt/stack/a2dp/a2dp_codec_config.cc:113 createCodec: createCodec: codec aptX-HD
05-24 21:02:01.967 665 665 E a2dp_vendor_aptx_hd_encoder: system/bt/stack/a2dp/a2dp_vendor_aptx_hd_encoder.cc:123 A2DP_VendorLoadEncoderAptxHd: A2DP_VendorLoadEncoderAptxHd: cannot open aptX-HD encoder library libaptXHD_encoder.so: dlopen failed: library "libaptXHD_encoder.so" not found
05-24 21:02:01.968 665 665 E a2dp_vendor_aptx_hd: system/bt/stack/a2dp/a2dp_vendor_aptx_hd.cc:483 init: init: cannot load the encoder
05-24 21:02:01.968 665 665 I a2dp_codec: system/bt/stack/a2dp/a2dp_codec_config.cc:113 createCodec: createCodec: codec LDAC
05-24 21:02:01.968 665 665 I a2dp_codec: system/bt/stack/a2dp/a2dp_codec_config.cc:633 init: init: updated LDAC codec priority to 5001
05-24 21:02:01.968 665 665 I a2dp_codec: system/bt/stack/a2dp/a2dp_codec_config.cc:113 createCodec: createCodec: codec SBC SINK
05-24 21:02:01.968 665 665 I a2dp_codec: system/bt/stack/a2dp/a2dp_codec_config.cc:113 createCodec: createCodec: codec AAC SINK
05-24 21:02:01.968 665 665 I a2dp_codec: system/bt/stack/a2dp/a2dp_codec_config.cc:113 createCodec: createCodec: codec LDAC SINK
05-24 21:02:01.970 665 665 E a2dp_vendor_ldac_decoder: system/bt/stack/a2dp/a2dp_vendor_ldac_decoder.cc:134 A2DP_VendorLoadDecoderLdac: A2DP_VendorLoadDecoderLdac: cannot open LDAC decoder library libldacBT_bco.so: dlopen failed: library "libldacBT_bco.so" not found
05-24 21:02:01.970 665 665 E a2dp_vendor_ldac: system/bt/stack/a2dp/a2dp_vendor_ldac.cc:1418 init: init: cannot load the decoder
05-24 21:02:01.970 665 665 I a2dp_codec: system/bt/stack/a2dp/a2dp_codec_config.cc:658 init: init: initialized Source codec LDAC
05-24 21:02:01.970 665 665 I a2dp_codec: system/bt/stack/a2dp/a2dp_codec_config.cc:658 init: init: initialized Source codec AAC
05-24 21:02:01.970 665 665 I a2dp_codec: system/bt/stack/a2dp/a2dp_codec_config.cc:658 init: init: initialized Source codec SBC
05-24 21:02:01.970 665 665 I a2dp_codec: system/bt/stack/a2dp/a2dp_codec_config.cc:665 init: init: initialized Sink codec AAC SINK
05-24 21:02:01.970 665 665 I a2dp_codec: system/bt/stack/a2dp/a2dp_codec_config.cc:665 init: init: initialized Sink codec SBC SINK
05-24 21:02:01.971 665 665 I a2dp_codec: system/bt/stack/a2dp/a2dp_codec_config.cc:569 init: init
05-24 21:02:01.971 665 665 I a2dp_codec: system/bt/stack/a2dp/a2dp_codec_config.cc:113 createCodec: createCodec: codec SBC
05-24 21:02:01.971 665 665 I a2dp_codec: system/bt/stack/a2dp/a2dp_codec_config.cc:633 init: init: updated SBC codec priority to 1001
05-24 21:02:01.971 665 665 I a2dp_codec: system/bt/stack/a2dp/a2dp_codec_config.cc:113 createCodec: createCodec: codec AAC
05-24 21:02:01.971 665 665 I a2dp_codec: system/bt/stack/a2dp/a2dp_codec_config.cc:633 init: init: updated AAC codec priority to 2001
05-24 21:02:01.971 665 665 I a2dp_codec: system/bt/stack/a2dp/a2dp_codec_config.cc:113 createCodec: createCodec: codec aptX
05-24 21:02:01.981 665 665 E a2dp_vendor_aptx_encoder: system/bt/stack/a2dp/a2dp_vendor_aptx_encoder.cc:123 A2DP_VendorLoadEncoderAptx: A2DP_VendorLoadEncoderAptx: cannot open aptX encoder library libaptX_encoder.so: dlopen failed: library "libaptX_encoder.so" not found
05-24 21:02:01.982 665 665 E a2dp_vendor_aptx: system/bt/stack/a2dp/a2dp_vendor_aptx.cc:465 init: init: cannot load the encoder
05-24 21:02:01.982 665 665 I a2dp_codec: system/bt/stack/a2dp/a2dp_codec_config.cc:113 createCodec: createCodec: codec aptX-HD
05-24 21:02:01.983 665 665 E a2dp_vendor_aptx_hd_encoder: system/bt/stack/a2dp/a2dp_vendor_aptx_hd_encoder.cc:123 A2DP_VendorLoadEncoderAptxHd: A2DP_VendorLoadEncoderAptxHd: cannot open aptX-HD encoder library libaptXHD_encoder.so: dlopen failed: library "libaptXHD_encoder.so" not found
05-24 21:02:01.983 665 665 E a2dp_vendor_aptx_hd: system/bt/stack/a2dp/a2dp_vendor_aptx_hd.cc:483 init: init: cannot load the encoder
05-24 21:02:01.983 665 665 I a2dp_codec: system/bt/stack/a2dp/a2dp_codec_config.cc:113 createCodec: createCodec: codec LDAC
05-24 21:02:01.983 665 665 I a2dp_codec: system/bt/stack/a2dp/a2dp_codec_config.cc:633 init: init: updated LDAC codec priority to 5001
05-24 21:02:01.983 665 665 I a2dp_codec: system/bt/stack/a2dp/a2dp_codec_config.cc:113 createCodec: createCodec: codec SBC SINK
05-24 21:02:01.983 665 665 I a2dp_codec: system/bt/stack/a2dp/a2dp_codec_config.cc:113 createCodec: createCodec: codec AAC SINK
05-24 21:02:01.983 665 665 I a2dp_codec: system/bt/stack/a2dp/a2dp_codec_config.cc:113 createCodec: createCodec: codec LDAC SINK
05-24 21:02:01.985 665 665 E a2dp_vendor_ldac_decoder: system/bt/stack/a2dp/a2dp_vendor_ldac_decoder.cc:134 A2DP_VendorLoadDecoderLdac: A2DP_VendorLoadDecoderLdac: cannot open LDAC decoder library libldacBT_bco.so: dlopen failed: library "libldacBT_bco.so" not found
01-01 08:00:26.624 167 167 I usb5 : New USB device found, idVendor=1d6b, idProduct=0001, bcdDevice= 5.04
01-01 08:00:26.628 380 380 I : DVI mode selected: packets not configured
01-01 08:00:26.635 167 167 I usb5 : New USB device strings: Mfr=3, Product=2, SerialNumber=1
01-01 08:00:26.640 380 380 I : Error: set vsif failed
05-24 21:02:01.986 665 665 E a2dp_vendor_ldac: system/bt/stack/a2dp/a2dp_vendor_ldac.cc:1418 init: init: cannot load the decoder
05-24 21:02:01.986 665 665 I a2dp_codec: system/bt/stack/a2dp/a2dp_codec_config.cc:658 init: init: initialized Source codec LDAC
05-24 21:02:01.986 665 665 I a2dp_codec: system/bt/stack/a2dp/a2dp_codec_config.cc:658 init: init: initialized Source codec AAC
05-24 21:02:01.986 665 665 I a2dp_codec: system/bt/stack/a2dp/a2dp_codec_config.cc:658 init: init: initialized Source codec SBC
05-24 21:02:01.986 665 665 I a2dp_codec: system/bt/stack/a2dp/a2dp_codec_config.cc:665 init: init: initialized Sink codec AAC SINK
05-24 21:02:01.986 665 665 I a2dp_codec: system/bt/stack/a2dp/a2dp_codec_config.cc:665 init: init: initialized Sink codec SBC SINK
05-24 21:02:01.986 665 665 I a2dp_codec: system/bt/stack/a2dp/a2dp_codec_config.cc:569 init: init
05-24 21:02:01.986 665 665 I a2dp_codec: system/bt/stack/a2dp/a2dp_codec_config.cc:113 createCodec: createCodec: codec SBC
05-24 21:02:01.986 665 665 I a2dp_codec: system/bt/stack/a2dp/a2dp_codec_config.cc:633 init: init: updated SBC codec priority to 1001
05-24 21:02:01.986 665 665 I a2dp_codec: system/bt/stack/a2dp/a2dp_codec_config.cc:113 createCodec: createCodec: codec AAC
05-24 21:02:01.986 665 665 I a2dp_codec: system/bt/stack/a2dp/a2dp_codec_config.cc:633 init: init: updated AAC codec priority to 2001
05-24 21:02:01.986 665 665 I a2dp_codec: system/bt/stack/a2dp/a2dp_codec_config.cc:113 createCodec: createCodec: codec aptX
05-24 21:02:01.989 665 665 E a2dp_vendor_aptx_encoder: system/bt/stack/a2dp/a2dp_vendor_aptx_encoder.cc:123 A2DP_VendorLoadEncoderAptx: A2DP_VendorLoadEncoderAptx: cannot open aptX encoder library libaptX_encoder.so: dlopen failed: library "libaptX_encoder.so" not found
05-24 21:02:01.989 665 665 E a2dp_vendor_aptx: system/bt/stack/a2dp/a2dp_vendor_aptx.cc:465 init: init: cannot load the encoder
05-24 21:02:01.989 665 665 I a2dp_codec: system/bt/stack/a2dp/a2dp_codec_config.cc:113 createCodec: createCodec: codec aptX-HD
05-24 21:02:01.990 665 665 E a2dp_vendor_aptx_hd_encoder: system/bt/stack/a2dp/a2dp_vendor_aptx_hd_encoder.cc:123 A2DP_VendorLoadEncoderAptxHd: A2DP_VendorLoadEncoderAptxHd: cannot open aptX-HD encoder library libaptXHD_encoder.so: dlopen failed: library "libaptXHD_encoder.so" not found
05-24 21:02:01.990 665 665 E a2dp_vendor_aptx_hd: system/bt/stack/a2dp/a2dp_vendor_aptx_hd.cc:483 init: init: cannot load the encoder
05-24 21:02:01.994 665 665 I a2dp_codec: system/bt/stack/a2dp/a2dp_codec_config.cc:113 createCodec: createCodec: codec LDAC
05-24 21:02:01.994 665 665 I a2dp_codec: system/bt/stack/a2dp/a2dp_codec_config.cc:633 init: init: updated LDAC codec priority to 5001
05-24 21:02:01.994 665 665 I a2dp_codec: system/bt/stack/a2dp/a2dp_codec_config.cc:113 createCodec: createCodec: codec SBC SINK
05-24 21:02:01.994 665 665 I a2dp_codec: system/bt/stack/a2dp/a2dp_codec_config.cc:113 createCodec: createCodec: codec AAC SINK
05-24 21:02:01.994 665 665 I a2dp_codec: system/bt/stack/a2dp/a2dp_codec_config.cc:113 createCodec: createCodec: codec LDAC SINK
05-24 21:02:01.995 665 665 E a2dp_vendor_ldac_decoder: system/bt/stack/a2dp/a2dp_vendor_ldac_decoder.cc:134 A2DP_VendorLoadDecoderLdac: A2DP_VendorLoadDecoderLdac: cannot open LDAC decoder library libldacBT_bco.so: dlopen failed: library "libldacBT_bco.so" not found
05-24 21:02:01.995 665 665 E a2dp_vendor_ldac: system/bt/stack/a2dp/a2dp_vendor_ldac.cc:1418 init: init: cannot load the decoder
05-24 21:02:01.996 665 665 I a2dp_codec: system/bt/stack/a2dp/a2dp_codec_config.cc:658 init: init: initialized Source codec LDAC
05-24 21:02:01.996 665 665 I a2dp_codec: system/bt/stack/a2dp/a2dp_codec_config.cc:658 init: init: initialized Source codec AAC
05-24 21:02:01.996 665 665 I a2dp_codec: system/bt/stack/a2dp/a2dp_codec_config.cc:658 init: init: initialized Source codec SBC
05-24 21:02:01.996 665 665 I a2dp_codec: system/bt/stack/a2dp/a2dp_codec_config.cc:665 init: init: initialized Sink codec AAC SINK
05-24 21:02:01.996 665 665 I a2dp_codec: system/bt/stack/a2dp/a2dp_codec_config.cc:665 init: init: initialized Sink codec SBC SINK
05-24 21:02:01.996 665 665 I bt_btif_a2dp_source: system/bt/btif/src/btif_a2dp_source.cc:325 btif_a2dp_source_init: btif_a2dp_source_init
05-24 21:02:01.997 665 1196 I bt_stack: [INFO:message_loop_thread.cc(224)] Run: message loop starting for thread bt_a2dp_source_worker_thread
05-24 21:02:01.997 665 665 I bt_btif_storage: system/bt/btif/src/btif_storage.cc:661 btif_storage_get_adapter_property: btif_storage_get_adapter_property service_mask:0x20000048
05-24 21:02:01.997 665 981 I bt_bta_av: system/bt/bta/av/bta_av_main.cc:418 bta_av_api_register: bta_av_api_register: AVRCP version used for sdp: "avrcp15"
05-24 21:02:01.997 665 981 I bt_l2cap: system/bt/stack/l2cap/l2c_api.cc:134 L2CA_Register: L2CAP Registered service classic PSM: 0x0019
05-24 21:02:01.997 665 665 D A2dpService: A2DP offload flag set to false
05-24 21:02:01.997 665 981 I bt_l2cap: system/bt/stack/l2cap/l2c_api.cc:134 L2CA_Register: L2CAP Registered service classic PSM: 0x0017
05-24 21:02:01.997 665 981 I bt_l2cap: system/bt/stack/l2cap/l2c_api.cc:134 L2CA_Register: L2CAP Registered service classic PSM: 0x001b
05-24 21:02:01.997 665 981 I bt_bta_dm: system/bt/bta/dm/bta_dm_act.cc:3198 bta_dm_eir_update_uuid: EIR Adding UUID=0x110A into extended inquiry response
05-24 21:02:01.997 665 981 I bt_bta_dm: system/bt/bta/dm/bta_dm_act.cc:2897 bta_dm_set_eir: Generating extended inquiry response packet EIR
05-24 21:02:01.997 665 981 I bt_bta_av: system/bt/bta/av/bta_av_act.cc:304 bta_av_rc_create: Skipping RC creation for the old AVRCP profile
05-24 21:02:01.997 665 981 I bt_bta_dm: system/bt/bta/dm/bta_dm_act.cc:3198 bta_dm_eir_update_uuid: EIR Adding UUID=0x110E into extended inquiry response
05-24 21:02:01.997 665 981 I bt_bta_dm: system/bt/bta/dm/bta_dm_act.cc:2897 bta_dm_set_eir: Generating extended inquiry response packet EIR
05-24 21:02:01.998 665 981 I bt_bta_av: system/bt/bta/av/bta_av_main.cc:418 bta_av_api_register: bta_av_api_register: AVRCP version used for sdp: "avrcp15"
05-24 21:02:01.998 665 981 I bt_bta_av: system/bt/bta/av/bta_av_main.cc:418 bta_av_api_register: bta_av_api_register: AVRCP version used for sdp: "avrcp15"
05-24 21:02:01.998 665 981 I bt_bta_av: system/bt/bta/av/bta_av_main.cc:418 bta_av_api_register: bta_av_api_register: AVRCP version used for sdp: "avrcp15"
05-24 21:02:01.998 665 981 I bt_bta_av: system/bt/bta/av/bta_av_main.cc:418 bta_av_api_register: bta_av_api_register: AVRCP version used for sdp: "avrcp15"
05-24 21:02:01.998 665 981 I bt_bta_av: system/bt/bta/av/bta_av_main.cc:418 bta_av_api_register: bta_av_api_register: AVRCP version used for sdp: "avrcp15"
05-24 21:02:02.004 665 1196 I bt_btif_a2dp_source: system/bt/btif/src/btif_a2dp_source.cc:335 btif_a2dp_source_init_delayed: btif_a2dp_source_init_delayed
01-01 08:00:26.655 167 167 I usb5 : Product: OHCI Host Controller
01-01 08:00:26.663 167 167 I usb5 : Manufacturer: Linux 5.4.125+ ohci_hcd
05-24 21:02:02.019 1043 1043 E ccc : cccccc etna EtnaApplication init com.dangbei.lerad.etna.haqu.EtnaApplication@6814a07
01-01 08:00:26.676 167 167 I usb5 : SerialNumber: sunxi-ohci
05-24 21:02:02.023 665 665 D A2dpService: setA2dpService(): set to: com.android.bluetooth.a2dp.A2dpService@814ac19
05-24 21:02:02.025 471 607 D WifiNetworkFactory: Registering NetworkFactory
05-24 21:02:02.025 1043 1043 I MMKV : Disable checkProcessMode()
05-24 21:02:02.026 665 665 I BluetoothHidHostServiceJni: classInitNative: succeeds
05-24 21:02:02.026 471 607 D UntrustedWifiNetworkFactory: Registering NetworkFactory
05-24 21:02:02.027 471 607 D OemPaidWifiNetworkFactory: Registering NetworkFactory
05-24 21:02:02.028 1086 1086 I FrameWorkHelper: userHttps:
05-24 21:02:02.029 317 319 D XM_HIDREAD: add@ add@/devices/platform/soc@3000000/5101400.ohci0-controller/usb5
05-24 21:02:02.032 665 665 I bt_btif : system/bt/btif/src/bluetooth.cc:417 get_profile_interface: get_profile_interface: id = hidhost
05-24 21:02:02.032 665 665 I bt_btif_storage: system/bt/btif/src/btif_storage.cc:661 btif_storage_get_adapter_property: btif_storage_get_adapter_property service_mask:0x20100048
05-24 21:02:02.032 665 981 I bt_l2cap: system/bt/stack/l2cap/l2c_api.cc:134 L2CA_Register: L2CAP Registered service classic PSM: 0x0011
05-24 21:02:02.032 665 981 I bt_l2cap: system/bt/stack/l2cap/l2c_api.cc:134 L2CA_Register: L2CAP Registered service classic PSM: 0x0013
05-24 21:02:02.033 665 981 I bluetooth: system/bt/stack/gatt/gatt_api.cc:1019 GATT_Register: Allocated name:GattClient uuid:17cf0862-ba9c-b01e-5504-03f279e01ff8 gatt_if:4 eatt_support:0
05-24 21:02:02.035 317 319 D XM_HIDREAD: add@ add@/devices/platform/soc@3000000/5101400.ohci0-controller/usb5/5-0:1.0
05-24 21:02:02.036 665 665 I BluetoothPanServiceJni: classInitNative(L110): succeeds
01-01 08:00:26.684 167 167 I hub 5-0 : 1.0: USB hub found
01-01 08:00:26.689 167 167 I hub 5-0 : 1.0: 1 port detected
05-24 21:02:02.046 471 614 D ConnectivityService: Got NetworkProvider Messenger for WifiNetworkFactory
05-24 21:02:02.046 471 614 D ConnectivityService: Got NetworkProvider Messenger for UntrustedWifiNetworkFactory
05-24 21:02:02.046 471 614 D ConnectivityService: Got NetworkProvider Messenger for OemPaidWifiNetworkFactory
05-24 21:02:02.061 665 665 D BluetoothPanServiceJni: initializeNative(L115): pan
05-24 21:02:02.061 665 665 I bt_btif : system/bt/btif/src/bluetooth.cc:417 get_profile_interface: get_profile_interface: id = pan
05-24 21:02:02.061 665 981 I bt_l2cap: system/bt/stack/l2cap/l2c_api.cc:134 L2CA_Register: L2CAP Registered service classic PSM: 0x000f
05-24 21:02:02.062 665 981 I bt_bta_dm: system/bt/bta/dm/bta_dm_act.cc:3198 bta_dm_eir_update_uuid: EIR Adding UUID=0x1116 into extended inquiry response
05-24 21:02:02.062 665 981 I bt_bta_dm: system/bt/bta/dm/bta_dm_act.cc:2897 bta_dm_set_eir: Generating extended inquiry response packet EIR
05-24 21:02:02.062 665 981 I bt_bta_dm: system/bt/bta/dm/bta_dm_act.cc:3198 bta_dm_eir_update_uuid: EIR Adding UUID=0x1115 into extended inquiry response
05-24 21:02:02.062 665 981 I bt_bta_dm: system/bt/bta/dm/bta_dm_act.cc:2897 bta_dm_set_eir: Generating extended inquiry response packet EIR
05-24 21:02:02.062 665 981 I bt_bta_dm: system/bt/bta/dm/bta_dm_act.cc:3198 bta_dm_eir_update_uuid: EIR Adding UUID=0x1116 into extended inquiry response
05-24 21:02:02.062 665 981 I bt_bta_dm: system/bt/bta/dm/bta_dm_act.cc:2897 bta_dm_set_eir: Generating extended inquiry response packet EIR
05-24 21:02:02.062 665 981 I bt_bta_dm: system/bt/bta/dm/bta_dm_act.cc:3198 bta_dm_eir_update_uuid: EIR Adding UUID=0x1115 into extended inquiry response
05-24 21:02:02.062 665 981 I bt_bta_dm: system/bt/bta/dm/bta_dm_act.cc:2897 bta_dm_set_eir: Generating extended inquiry response packet EIR
05-24 21:02:02.062 665 853 D BluetoothPanServiceJni: control_state_callback(L62): state:0, local_role:3, ifname:bt-pan
01-01 08:00:26.699 167 167 W : sunxi ohci1-controller don't init wakeup source
01-01 08:00:26.706 167 167 W [sunxi-ohci1]: probe, pdev->name: 5200400.ohci1-controller, sunxi_ohci: 0xffffffc008f81a38
05-24 21:02:02.069 317 319 D XM_HIDREAD: add@ add@/devices/virtual/devlink/regulator.8--5200400.ohci1-controller
05-24 21:02:02.077 1043 1043 I MMKV : current API level = 31
01-01 08:00:26.723 167 167 I sunxi-ohci 5200400.ohci1-controller: OHCI Host Controller
01-01 08:00:26.731 167 167 I sunxi-ohci 5200400.ohci1-controller: new USB bus registered, assigned bus number 6
05-24 21:02:02.079 1043 1043 I MMKV : version v1.2.8 page size:4096
05-24 21:02:02.082 1043 1043 I MMKV : root dir: /data/user/0/com.dangbei.lerad.etna.haqu/files/mmkv
01-01 08:00:26.742 167 167 E debugfs : Directory 'sunxi-ohci' with parent 'ohci' already present!
01-01 08:00:26.752 167 167 I sunxi-ohci 5200400.ohci1-controller: irq 53, io mem 0x05200400
05-24 21:02:02.084 1165 1165 D CompatibilityChangeReporter: Compat change id reported: 171979766; UID 1000; state: ENABLED
