05-26 14:48:01.244 3077 3121 I crashsdk: begin hack android.os.Process
05-26 14:48:01.244 3077 3121 I crashsdk: end hack android.os.Process
05-26 14:48:01.247 3077 3133 D crashsdk: Native log stat thread 3133 setup, waiting
05-26 14:48:01.259 3077 3077 I TDLog : setReportUncaughtExceptions: true
05-26 14:48:01.260 3077 3077 E Application: onCreate:Version:v2.8.3/20830/883432e
05-26 14:48:01.265 3077 3136 W efs.send_log: tryFileLock start!
05-26 14:48:01.271 3077 3121 I Matrix.AnrTracer: anrTrace, final mAnrBeatTime:400, mAnrBeatRate:400
05-26 14:48:01.273 3077 3121 E LaunchManager: Non main process !
05-26 14:48:01.274 3077 3121 W System.err: java.lang.NullPointerException: Attempt to invoke virtual method 'boolean com.efs.sdk.launch.LaunchConfigManager.enableTracer()' on a null object reference
05-26 14:48:01.274 3077 3121 W System.err: at com.umeng.umcrash.UMCrash.init(Unknown Source:403)
05-26 14:48:01.274 3077 3121 W System.err: at java.lang.reflect.Method.invoke(Native Method)
05-26 14:48:01.274 3077 3121 W System.err: at com.umeng.commonsdk.UMConfigure.init(Unknown Source:811)
05-26 14:48:01.274 3077 3121 W System.err: at b.f.f.b.a(:4)
05-26 14:48:01.274 3077 3121 W System.err: at h.o.a.run(Unknown Source:2)
05-26 14:48:01.277 471 2892 W ActivityManager: Foreground service started from background can not have location/camera/microphone access: service com.dangbei.screencast/.startup.GuardService
05-26 14:48:01.282 3077 3077 E GuardService: onStartCommand:
05-26 14:48:01.282 3077 3077 E GuardService: onStartCommand: cmd:1
05-26 14:48:01.283 3077 3077 E GuardService: result:2
05-26 14:48:01.293 3077 3077 I crashsdk: Catcher mask: 5000, 20480
05-26 14:48:01.293 3077 3077 I crashsdk: Catcher thread 3092
05-26 14:48:01.293 3077 3077 D crashsdk: Register ANR handler ...
05-26 14:48:01.309 3077 3136 I efs.config: --->>> 删除旧的配置文件 false
05-26 14:48:01.310 3077 3155 W efs.info.manager: network change: wifi
05-26 14:48:01.310 471 1663 W ServiceManager: Permission failure: android.permission.HIGH_SAMPLING_RATE_SENSORS from uid=10030 pid=3077
05-26 14:48:01.313 3077 3154 I efs.base: lt=event`ev_ct=efs_core`ev_ac=pvuv`tm=2025-05-26 14:48:29`dn=e2a87c9a-36d4-4ace-8754-ee32f5a40556`ps=com.dangbei.screencast:bg_guard`um_os=android`stime=1748242081026`pid=3077`fr=android`pkg=com.dangbei.screencast`vcode=20830`dsp_w=1920`uid=e2a87c9a-36d4-4ace-8754-ee32f5a40556`rom=12`wid=e2a87c9a-36d4-4ace-8754-ee32f5a40556`um_app_carrier=`um_access=wifi`um_app_channel=os`um_crash_sdk_version=1.4.0`ctime=1748242081`model=dbbox-a2`lang=zh`net=wifi`brand=dangbei`dsp_h=1080`um_network_type=0`ver=v2.8.3`build_model=DBBOX-A2`w_tm=1748242081`appid=5fc60c21094d637f3130af19`um_umid_header=ai21f4b29d93cb81e7f9b060dad23102e6`sdk=31`tzone=Asia/Shanghai`sdk_ver=1.3.6.umeng
05-26 14:48:01.314 3077 3122 I TDLog : TalkingData SDK init...
05-26 14:48:01.314 3077 3122 I TDLog : SDK_VERSION is: Android+TD+V5.0.7 gp Type:Native Build_Num:2141
05-26 14:48:01.314 3077 3122 I TDLog : App ID is: B9D7815EC975466AB1332111FCE62DF5
05-26 14:48:01.314 3077 3122 I TDLog : App Channel is: os
05-26 14:48:01.314 3077 3122 I TDLog : App Custom is:
05-26 14:48:01.314 3077 3122 I TDLog : SDK_OVC is: TDOVC+a3bb7754719798526508b6caad480dd7+SaaS
05-26 14:48:01.315 3077 3136 I efs.config: current config version (-1) is older than another (1735614866)
05-26 14:48:01.315 3077 3136 I efs.config: load config from storage and notify observer
05-26 14:48:01.338 471 520 W IorapForwardingService: No service published for: iorapd
01-01 08:01:40.207 943 943 E sprdwl : sprdwl_rx_rsp_process ctx_id 0 recv rsp[WIFI_CMD_TX_DATA] status[SPRDWL_CMD_STATUS_ERROR]
05-26 14:48:01.363 1521 3094 W Router : disable lock:org.fourthline.cling.android.AndroidRouter@f05ba17_java.util.concurrent.locks.ReentrantReadWriteLock$WriteLock@8ed6e04[Unlocked]
05-26 14:48:01.364 1521 3094 I Router : WiFi multicast lock released
05-26 14:48:01.365 471 655 I WifiService: releaseMulticastLock uid=10030
05-26 14:48:01.370 1521 3094 I Router : WiFi lock released
05-26 14:48:01.371 471 655 I WifiService: releaseWifiLock uid=10030
01-01 08:01:40.229 943 943 E sprdwl : sprdwl_rx_rsp_process ctx_id 0 recv rsp[WIFI_CMD_TX_DATA] status[SPRDWL_CMD_STATUS_ERROR]
05-26 14:48:01.401 1521 3094 I JettyServletContainer: No more connectors, stopping Jetty server
05-26 14:48:01.401 1521 3094 I JettyServletContainer: Stopping Jetty server...
05-26 14:48:01.401 1521 2817 E JettyServletContainer: error:java.net.SocketException: Socket closed
01-01 08:01:40.249 943 943 E sprdwl : sprdwl_rx_rsp_process ctx_id 0 recv rsp[WIFI_CMD_TX_DATA] status[SPRDWL_CMD_STATUS_ERROR]
05-26 14:48:01.401 1521 2817 W System.err: java.net.SocketException: Socket closed
05-26 14:48:01.403 1521 2817 W System.err: at java.net.PlainSocketImpl.socketAccept(PlainSocketImpl.java:213)
05-26 14:48:01.403 1521 2817 W System.err: at java.net.AbstractPlainSocketImpl.accept(AbstractPlainSocketImpl.java:451)
05-26 14:48:01.403 1521 2817 W System.err: at java.net.ServerSocket.implAccept