05-26 14:47:15.873 471 471 D ConditionProviders.SCP: evaluateSubscriptionLocked cal=ScheduleCalendar[mDays={1, 2, 3, 4, 5, 6, 7}, mSchedule=ScheduleInfo{days=[1, 2, 3, 4, 5, 6, 7], startHour=22, startMinute=0, endHour=7, endMinute=0, exitAtAlarm=true, nextAlarm=Thu Jan 01 08:00:00 GMT+08:00 1970 (0)}], now=Mon May 26 14:47:15 GMT+08:00 2025 (1748242035852), nextUserAlarmTime=Thu Jan 01 08:00:00 GMT+08:00 1970 (0)
05-26 14:47:15.874 659 659 E WifiHAL : wifi_get_link_stats: requestResponse Error:-5
05-26 14:47:15.875 471 471 D ConditionProviders.SCP: notifyCondition condition://android/schedule?days=1.2.3.4.5.6.7&start=22.0&end=7.0&exitAtAlarm=true STATE_FALSE reason=!meetsSchedule
05-26 14:47:15.876 471 607 E WifiVendorHal: getWifiLinkLayerStats_1_5_Internal(l.1191) failed {.code = ERROR_INVALID_ARGS, .description = }
05-26 14:47:15.879 471 471 D ConditionProviders.SCP: Scheduling evaluate for Mon May 26 22:00:00 GMT+08:00 2025 (1748268000000), in +7h12m44s148ms, now=Mon May 26 14:47:15 GMT+08:00 2025 (1748242035852)
05-26 14:47:15.902 471 620 D CompatibilityChangeReporter: Compat change id reported: 143231523; UID 1000; state: DISABLED
05-26 14:47:15.925 1086 1086 W eventbuscore: post Event:com.dangbei.leard.base.entity.event.NetWifiRssiEvent
05-26 14:47:15.955 471 538 I UsageStatsService: User[0] Time changed in by 150285 seconds
05-26 14:47:15.955 471 538 I UsageStatsService: User[0] Flushing usage stats to disk
05-26 14:47:15.963 1165 1165 D bbb : onStartCommand begin !!!!!!! data分区剩余 23852MB
05-26 14:47:15.964 1113 1113 D aaa : LedStatusService onStartCommand begin
05-26 14:47:15.965 1113 2888 D aaa : topPkg is -------------- :com.dangbei.leard.leradlauncher
05-26 14:47:15.970 1113 2888 D aaa : WiFi is connect
05-26 14:47:15.976 471 538 I UsageStatsDatabase: Time changed by +1d17h44m45s792ms. files deleted: 0 files moved: 4
05-26 14:47:15.984 471 538 I UsageStatsService: User[0] Rollover scheduled @ 2025-05-27 14:46:46(1748328406209)
05-26 14:47:15.986 1086 1107 I OpenGLRenderer: Davey! duration=9223371984368ms; Flags=0, FrameTimelineVsyncId=1603, IntendedVsync=52486258257, Vsync=52486258257, InputEventId=0, HandleInputStart=52486723857, AnimationStart=52486727815, PerformTraversalsStart=52486730565, DrawStart=52486868065, FrameDeadline=52519591589, FrameInterval=52486714482, FrameStartTime=16666666, SyncQueued=52487037357, SyncStart=52487319107, IssueDrawCommandsStart=52488707982, SwapBuffers=52499337148, FrameCompleted=9223372036854775807, DequeueBufferDuration=45291, QueueBufferDuration=1434000, GpuCompleted=9223372036854775807, SwapBuffersCompleted=52502042648, DisplayPresentTime=0,
05-26 14:47:16.000 1086 1086 E martin : 组件:2025-05-26
05-26 14:47:16.001 1086 1086 E weatherWidget: dataChange:Mon May 26 14:47:16 GMT+08:00 2025
01-01 08:00:54.860 380 380 W hdr10p_Configure: 55 callbacks suppressed
01-01 08:00:54.860 380 380 I : DVI mode selected: packets not configured
01-01 08:00:54.873 380 380 W set_vsif_config: 55 callbacks suppressed
01-01 08:00:54.873 380 380 I : Error: set vsif failed
05-26 14:47:16.090 2276 2878 W gbei.zhushou.o: Long monitor contention with owner locHandlerThread (2346) at void com.tendcloud.tenddata.dm.onTDEBEventDataStore(com.tendcloud.tenddata.di)(td:14) waiters=0 in void com.tendcloud.tenddata.dm.onTDEBEventDataStore(com.tendcloud.tenddata.di) for 899ms
05-26 14:47:16.097 471 496 I WifiService: startScan uid=1000
05-26 14:47:16.237 471 520 W IorapForwardingService: No service published for: iorapd
05-26 14:47:16.524 1086 1402 I OpenGLRenderer: Davey! duration=9223371983834ms; Flags=0, FrameTimelineVsyncId=1606, IntendedVsync=53019570718, Vsync=53019570718, InputEventId=0, HandleInputStart=53020174274, AnimationStart=53020179524, PerformTraversalsStart=53020449649, DrawStart=53021174899, FrameDeadline=53052904050, FrameInterval=53020164482, FrameStartTime=16666666, SyncQueued=53022398690, SyncStart=53022858940, IssueDrawCommandsStart=53024137940, SwapBuffers=53033411190, FrameCompleted=9223372036854775807, DequeueBufferDuration=52667, QueueBufferDuration=1724958, GpuCompleted=9223372036854775807, SwapBuffersCompleted=53036290107, DisplayPresentTime=0,
01-01 08:00:55.394 380 380 I : DVI mode selected: packets not configured
01-01 08:00:55.401 380 380 I : Error: set vsif failed
05-26 14:47:16.553 1086 1402 I OpenGLRenderer: Davey! duration=9223371983818ms; Flags=0, FrameTimelineVsyncId=1608, IntendedVsync=53036237223, Vsync=53036237223, InputEventId=0, HandleInputStart=53037000774, AnimationStart=53037005815, PerformTraversalsStart=53037330815, DrawStart=53037970690, FrameDeadline=53069570555, FrameInterval=53036989982, FrameStartTime=16666666, SyncQueued=53038459899, SyncStart=53038932982, IssueDrawCommandsStart=53041881107, SwapBuffers=53054134149, FrameCompleted=9223372036854775807, DequeueBufferDuration=54083, QueueBufferDuration=844334, GpuCompleted=9223372036854775807, SwapBuffersCompleted=53055818149, DisplayPresentTime=0,
01-01 08:00:55.420 380 380 I : DVI mode selected: packets not configured
01-01 08:00:55.427 380 380 I : Error: set vsif failed
05-26 14:47:16.570 1086 1402 I OpenGLRenderer: Davey! duration=9223371983800ms; Flags=0, FrameTimelineVsyncId=1609, IntendedVsync=53052927332, Vsync=53052927332, InputEventId=0, HandleInputStart=53053560190, AnimationStart=53053564690, PerformTraversalsStart=53054277149, DrawStart=53054439690, FrameDeadline=53086260664, FrameInterval=53053548982, FrameStartTime=16666666, SyncQueued=53054505440, SyncStart=53056081774, IssueDrawCommandsStart=53056859149, SwapBuffers=53065368440, FrameCompleted=9223372036854775807, DequeueBufferDuration=25417, QueueBufferDuration=9102625, GpuCompleted=9223372036854775807, SwapBuffersCompleted=53075474940, DisplayPresentTime=0,
05-26 14:47:16.588 1086 1402 I OpenGLRenderer: Davey! duration=9223371983779ms; Flags=0, FrameTimelineVsyncId=1611, IntendedVsync=53069593989, Vsync=53069593989, InputEventId=0, HandleInputStart=53070142190, AnimationStart=53070147065, PerformTraversalsStart=53070402482, DrawStart=53070530649, FrameDeadline=53102927321, FrameInterval=53070131649, FrameStartTime=16666666, SyncQueued=53070599649, SyncStart=53075955982, IssueDrawCommandsStart=53077330065, SwapBuffers=53086624690, FrameCompleted=9223372036854775807, DequeueBufferDuration=61625, QueueBufferDuration=6067834, GpuCompleted=9223372036854775807, SwapBuffersCompleted=53094205857, DisplayPresentTime=0,
01-01 08:00:55.447 380 380 I : DVI mode selected: packets not configured
01-01 08:00:55.454 380 380 I : Error: set vsif failed
01-01 08:00:55.480 380 380 I : DVI mode selected: packets not configured
01-01 08:00:55.487 380 380 I : Error: set vsif failed
05-26 14:47:16.662 1086 1107 I OpenGLRenderer: Davey! duration=9223371983732ms; Flags=0, FrameTimelineVsyncId=1615, IntendedVsync=53102927824, Vsync=53102927824, InputEventId=0, HandleInputStart=53103837482, AnimationStart=53103844399, PerformTraversalsStart=53104188315, DrawStart=53104804732, FrameDeadline=53136261156, FrameInterval=53103824732, FrameStartTime=16666666, SyncQueued=53105374482, SyncStart=53124510857, IssueDrawCommandsStart=53125997565, SwapBuffers=53141954190, FrameCompleted=9223372036854775807, DequeueBufferDuration=55542, QueueBufferDuration=1023334, GpuCompleted=9223372036854775807, SwapBuffersCompleted=53148660607, DisplayPresentTime=0,
01-01 08:00:55.521 380 380 I : DVI mode selected: packets not configured
01-01 08:00:55.528 380 380 I : Error: set vsif failed
05-26 14:47:16.697 1086 1107 I OpenGLRenderer: Davey! duration=9223371983713ms; Flags=0, FrameTimelineVsyncId=1617, IntendedVsync=53119596617, Vsync=53119596617, InputEventId=0, HandleInputStart=53126430315, AnimationStart=53126435065, PerformTraversalsStart=53126959857, DrawStart=53127133482, FrameDeadline=53152929949, FrameInterval=53126421732, FrameStartTime=16666666, SyncQueued=53127206982, SyncStart=53148941649, IssueDrawCommandsStart=53149834399, SwapBuffers=53159010315, FrameCompleted=9223372036854775807, DequeueBufferDuration=24916, QueueBufferDuration=7040916, GpuCompleted=9223372036854775807, SwapBuffersCompleted=53167014315, DisplayPresentTime=0,
01-01 08:00:55.557 380 380 I : DVI mode selected: packets not configured
01-01 08:00:55.564 380 380 I : Error: set vsif failed
05-26 14:47:16.720 1086 1107 I OpenGLRenderer: Davey! duration=9223371983701ms; Flags=0, FrameTimelineVsyncId=1618, IntendedVsync=53136263292, Vsync=53136263292, InputEventId=0, HandleInputStart=53150137857, AnimationStart=53150141190, PerformTraversalsStart=53150376024, DrawStart=53150491899, FrameDeadline=53169596624, FrameInterval=53150131982, FrameStartTime=16666666, SyncQueued=53150549857, SyncStart=53167422399, IssueDrawCommandsStart=53168689482, SwapBuffers=53192407649, FrameCompleted=9223372036854775807, DequeueBufferDuration=14330708, QueueBufferDuration=2789375, GpuCompleted=9223372036854775807, SwapBuffersCompleted=53196083232, DisplayPresentTime=0,
01-01 08:00:55.580 380 380 I : DVI mode selected: packets not configured
01-01 08:00:55.587 380 380 I : Error: set vsif failed
05-26 14:47:16.733 208 2779 I keystore2: keystore2::watchdog: Watchdog thread idle -> terminating. Have a great day.
05-26 14:47:16.761 1086 1107 I OpenGLRenderer: Davey! duration=9223371983675ms; Flags=0, FrameTimelineVsyncId=1620, IntendedVsync=53152930026, Vsync=53152930026, InputEventId=0, HandleInputStart=53169040440, AnimationStart=53169045399, PerformTraversalsStart=53169413482, DrawStart=53169559774, FrameDeadline=53186263358, FrameInterval=53169031940, FrameStartTime=16666666, SyncQueued=53169636149, SyncStart=53196364274, IssueDrawCommandsStart=53197234357, SwapBuffers=53221137899, FrameCompleted=9223372036854775807, DequeueBufferDuration=21276167, QueueBufferDuration=10021208, GpuCompleted=9223372036854775807, SwapBuffersCompleted=53231928190, DisplayPresentTime=0,
01-01 08:00:55.621 380 380 I : DVI mode selected: packets not configured
01-01 08:00:55.628 380 380 I : Error: set vsif failed
05-26 14:47:16.789 1086 1402 I OpenGLRenderer: Davey! duration=9223371983650ms; Flags=0, FrameTimelineVsyncId=1622, IntendedVsync=53169596701, Vsync=53186263367, InputEventId=0, HandleInputStart=53197524274, AnimationStart=53197527149, PerformTraversalsStart=53197810899, DrawStart=53197939190, FrameDeadline=53202930033, FrameInterval=53197516899, FrameStartTime=16666666, SyncQueued=53197995899, SyncStart=53232392649, IssueDrawCommandsStart=53233457065, SwapBuffers=53244992149, FrameCompleted=9223372036854775807, DequeueBufferDuration=8434708, QueueBufferDuration=1507583, GpuCompleted=9223372036854775807, SwapBuffersCompleted=53247207149, DisplayPresentTime=0,
01-01 08:00:55.649 380 380 I : DVI mode selected: packets not configured
01-01 08:00:55.656 380 380 I : Error: set vsif failed
05-26 14:47:16.821 1086 1107 I OpenGLRenderer: Davey! duration=9223371983638ms; Flags=0, FrameTimelineVsyncId=1625, IntendedVsync=53202931133, Vsync=53219597799, InputEventId=0, HandleInputStart=53233791524, AnimationStart=53233795649, PerformTraversalsStart=53234096607, DrawStart=53234245732, FrameDeadline=53236264465, FrameInterval=53233782482, FrameStartTime=16666666, SyncQueued=53234309399, SyncStart=53247560399, IssueDrawCommandsStart=53248650024, SwapBuffers=53286018024, FrameCompleted=9223372036854775807, DequeueBufferDuration=34300167, QueueBufferDuration=1434625, GpuCompleted=9223372036854775807, SwapBuffersCompleted=53288214565, DisplayPresentTime=0,
05-26 14:47:17.154 1086 1402 I OpenGLRenderer: Davey! duration=9223371983222ms; Flags=0, FrameTimelineVsyncId=1668, IntendedVsync=53619586012, Vsync=53619586012, InputEventId=0, HandleInputStart=53620338982, AnimationStart=53620343774, PerformTraversalsStart=53621103607, DrawStart=53622205857, FrameDeadline=53652919344, FrameInterval=53620322816, FrameStartTime=16666666, SyncQueued=53622603232, SyncStart=53635186357, IssueDrawCommandsStart=53636724649, SwapBuffers=53649476857, FrameCompleted=9223372036854775807, DequeueBufferDuration=4250625, QueueBufferDuration=1807667, GpuCompleted=9223372036854775807, SwapBuffersCompleted=53654979232, DisplayPresentTime=0,
05-26 14:47:17.239 471 520 W IorapForwardingService: No service published for: iorapd
05-26 14:47:17.391 2276 2348 D UtilLog : 日志批量上报 进行正常循环 !!!!!!本次有0次请求,共0条数据
05-26 14:47:18.240 471 520 W IorapForwardingService: No service published for: iorapd
05-26 14:47:18.307 471 539 I ActivityManager: Killing 1220:android.process.acore/u0a20 (adj 985): empty #17
05-26 14:47:18.318 471 541 I libprocessgroup: Successfully killed process cgroup uid 10020 pid 1220 in 0ms
05-26 14:47:18.333 471 590 D CompatibilityChangeReporter: Compat change id reported: 168419799; UID 10013; state: DISABLED
05-26 14:47:18.339 1929 2891 D EpgDataCleanupService: Received intent: Intent { act=com.android.providers.tv.intent.CLEAN_UP_EPG_DATA cmp=com.android.providers.tv/.EpgDataCleanupService }
05-26 14:47:18.341 471 607 E WifiHealthMonitor: Hit PackageManager exception
05-26 14:47:18.341 471 607 E WifiHealthMonitor: android.content.pm.PackageManager$NameNotFoundException: No module info for package: com.android.wifi
05-26 14:47:18.341 471 607 E WifiHealthMonitor: at android.app.ApplicationPackageManager.getModuleInfo(ApplicationPackageManager.java:1079)
05-26 14:47:18.341 471 607 E WifiHealthMonitor: at com.android.server.wifi.WifiHealthMonitor.getWifiStackVersion(WifiHealthMonitor.java:366)
05-26 14:47:18.341 471 607 E WifiHealthMonitor: at com.android.server.wifi.WifiHealthMonitor.extractCurrentSoftwareBuildInfo(WifiHealthMonitor.java:587)
05-26 14:47:18.341 471 607 E WifiHealthMonitor: at com.android.server.wifi.WifiHealthMonitor.postBootSwBuildCheck(WifiHealthMonitor.java:522)
05-26 14:47:18.341 471 607 E WifiHealthMonitor: at com.android.server.wifi.WifiHealthMonitor.postBootDetectionHandler(WifiHealthMonitor.java:513)
05-26 14:47:18.341 471 607 E WifiHealthMonitor: at com.android.server.wifi.WifiHealthMonitor.access$500(WifiHealthMonitor.java:71)
05-26 14:47:18.341 471 607 E WifiHealthMonitor: at com.android.server.wifi.WifiHealthMonitor$2.onAlarm(WifiHealthMonitor.java:190)
05-26 14:47:18.341 471 607 E WifiHealthMonitor: at android.app.AlarmManager$ListenerWrapper.run(AlarmManager.java:323)
05-26 14:47:18.341 471 607 E WifiHealthMonitor: at android.os.Handler.handleCallback(Handler.java:938)
05-26 14:47:18.341 471 607 E WifiHealthMonitor: at android.os.Handler.dispatchMessage(Handler.java:99)
05-26 14:47:18.341 471 607 E WifiHealthMonitor: at android.os.Looper.loopOnce(Looper.java:201)
05-26 14:47:18.341 471 607 E WifiHealthMonitor: at android.os.Looper.loop(Looper.java:288)
05-26 14:47:18.341 471 607 E WifiHealthMonitor: at android.os.HandlerThread.run(HandlerThread.java:67)
05-26 14:47:18.344 659 659 E WifiHAL : wifi_get_driver_version: Error -5 happened.
05-26 14:47:18.345 659 659 E android.hardware.wifi@1.0-service-lazy: Failed to get driver version: INVALID_ARGS
05-26 14:47:18.347 471 607 E WifiVendorHal: requestChipDebugInfo(l.2167) failed {.code = ERROR_INVALID_ARGS, .description = failed to get driver version}
05-26 14:47:18.347 471 607 I WifiVendorHal: Driver: null Firmware: null
05-26 14:47:18.348 659 659 E WifiHAL : wifi_get_driver_version: Error -5 happened.
05-26 14:47:18.348 659 659 E android.hardware.wifi@1.0-service-lazy: Failed to get driver version: INVALID_ARGS
05-26 14:47:18.350 471 750 D CountryDetector: No listener is left
05-26 14:47:18.351 471 607 E WifiVendorHal: requestChipDebugInfo(l.2167) failed {.code = ERROR_INVALID_ARGS, .description = failed to get driver version}
05-26 14:47:18.352 247 247 I Zygote : Process 1220 exited due to signal 9 (Killed)
05-26 14:47:18.351 471 607 I WifiVendorHal: Driver: null Firmware: null
05-26 14:47:18.374 246 246 I netd : trafficSwapActiveStatsMap() <17.77ms>
05-26 14:47:18.380 246 246 I netd : tetherGetStats() -> {[]} <3.02ms>
05-26 14:47:18.388 246 246 I netd : bandwidthSetGlobalAlert(2097152) <0.69ms>
05-26 14:47:18.455 659 659 E WifiHAL : wifi_get_link_stats: requestResponse Error:-5
05-26 14:47:18.456 471 607 E WifiVendorHal: getWifiLinkLayerStats_1_5_Internal(l.1191) failed {.code = ERROR_INVALID_ARGS, .description = }
05-26 14:47:19.243 471 520 W IorapForwardingService: No service published for: iorapd
05-26 14:47:19.540 1086 1107 I OpenGLRenderer: Davey! duration=9223371980834ms; Flags=0, FrameTimelineVsyncId=1766, IntendedVsync=56019590560, Vsync=56019590560, InputEventId=0, HandleInputStart=56021705650, AnimationStart=56021712317, PerformTraversalsStart=56021989692, DrawStart=56022967775, FrameDeadline=56052923892, FrameInterval=56021695025, FrameStartTime=16666666, SyncQueued=56024596150, SyncStart=56025011650, IssueDrawCommandsStart=56026243525, SwapBuffers=56040943233, FrameCompleted=9223372036854775807, DequeueBufferDuration=56791, QueueBufferDuration=1643416, GpuCompleted=9223372036854775807, SwapBuffersCompleted=56043799233, DisplayPresentTime=0,
05-26 14:47:19.554 1086 1107 I OpenGLRenderer: Davey! duration=9223371980812ms; Flags=0, FrameTimelineVsyncId=1767, IntendedVsync=56036257183, Vsync=56036257183, InputEventId=0, HandleInputStart=56037183608, AnimationStart=56037188942, PerformTraversalsStart=56037521900, DrawStart=56038049067, FrameDeadline=56069590515, FrameInterval=56037171983, FrameStartTime=16666666, SyncQueued=56038532192, SyncStart=56044214483, IssueDrawCommandsStart=56045591150, SwapBuffers=56059879983, FrameCompleted=9223372036854775807, DequeueBufferDuration=43458, QueueBufferDuration=951125, GpuCompleted=9223372036854775807, SwapBuffersCompleted=56061724858, DisplayPresentTime=0,
05-26 14:47:19.570 1086 1107 I OpenGLRenderer: Davey! duration=9223371980793ms; Flags=0, FrameTimelineVsyncId=1769, IntendedVsync=56052923806, Vsync=56052923806, InputEventId=0, HandleInputStart=56053659567, AnimationStart=56053666275, PerformTraversalsStart=56054061317, DrawStart=56054247233, FrameDeadline=56086257138, FrameInterval=56053647400, FrameStartTime=16666666, SyncQueued=56054324192, SyncStart=56062432150, IssueDrawCommandsStart=56063502317, SwapBuffers=56068552025, FrameCompleted=9223372036854775807, DequeueBufferDuration=42667, QueueBufferDuration=8207375, GpuCompleted=9223372036854775807, SwapBuffersCompleted=56077634108, DisplayPresentTime=0,
05-26 14:47:19.586 1086 1402 I OpenGLRenderer: Davey! duration=9223371980778ms; Flags=0, FrameTimelineVsyncId=1771, IntendedVsync=56069589920, Vsync=56069589920, InputEventId=0, HandleInputStart=56070452900, AnimationStart=56070459525, PerformTraversalsStart=56071098025, DrawStart=56071287192, FrameDeadline=56102923252, FrameInterval=56070441025, FrameStartTime=16666666, SyncQueued=56071893567, SyncStart=56078293650, IssueDrawCommandsStart=56079730192, SwapBuffers=56085866692, FrameCompleted=9223372036854775807, DequeueBufferDuration=57708, QueueBufferDuration=9331792, GpuCompleted=9223372036854775807, SwapBuffersCompleted=56096402275, DisplayPresentTime=0,
05-26 14:47:19.605 1086 1107 I OpenGLRenderer: Davey! duration=9223371980755ms; Flags=0, FrameTimelineVsyncId=1773, IntendedVsync=56086270724, Vsync=56086270724, InputEventId=0, HandleInputStart=56086841900, AnimationStart=56086846900, PerformTraversalsStart=56087099442, DrawStart=56087580650, FrameDeadline=56119604056, FrameInterval=56086832692, FrameStartTime=16666666, SyncQueued=56087995483, SyncStart=56101087525, IssueDrawCommandsStart=56102144525, SwapBuffers=56108274858, FrameCompleted=9223372036854775807, DequeueBufferDuration=41500, QueueBufferDuration=6384042, GpuCompleted=9223372036854775807, SwapBuffersCompleted=56116095442, DisplayPresentTime=0,
05-26 14:47:19.622 1086 1107 I OpenGLRenderer: Davey! duration=9223371980739ms; Flags=0, FrameTimelineVsyncId=1775, IntendedVsync=56102932646, Vsync=56102932646, InputEventId=0, HandleInputStart=56103424442, AnimationStart=56103427858, PerformTraversalsStart=56103783942, DrawStart=56103981525, FrameDeadline=56136265978, FrameInterval=56103413650, FrameStartTime=16666666, SyncQueued=56104117858, SyncStart=56116730067, IssueDrawCommandsStart=56118501608, SwapBuffers=56128356442, FrameCompleted=9223372036854775807, DequeueBufferDuration=58834, QueueBufferDuration=6888500, GpuCompleted=9223372036854775807, SwapBuffersCompleted=56136197775, DisplayPresentTime=0,
05-26 14:47:19.638 1086 1107 I OpenGLRenderer: Davey! duration=9223371980720ms; Flags=0, FrameTimelineVsyncId=1777, IntendedVsync=56119597586, Vsync=56119597586, InputEventId=0, HandleInputStart=56121301608, AnimationStart=56121306650, PerformTraversalsStart=56121669650, DrawStart=56121870733, FrameDeadline=56152930918, FrameInterval=56121289525, FrameStartTime=16666666, SyncQueued=56121964775, SyncStart=56136739358, IssueDrawCommandsStart=56138252942, SwapBuffers=56146502150, FrameCompleted=9223372036854775807, DequeueBufferDuration=54458, QueueBufferDuration=2630250, GpuCompleted=9223372036854775807, SwapBuffersCompleted=56149870775, DisplayPresentTime=0,
05-26 14:47:19.758 1086 1529 I OpenGLRenderer: Davey! duration=9223371980634ms; Flags=0, FrameTimelineVsyncId=1789, IntendedVsync=56219596933, Vsync=56219596933, InputEventId=0, HandleInputStart=56220407483, AnimationStart=56220413858, PerformTraversalsStart=56220802025, DrawStart=56221106525, FrameDeadline=56252930265, FrameInterval=56220396192, FrameStartTime=16666666, SyncQueued=56221183567, SyncStart=56222135192, IssueDrawCommandsStart=56223327108, SwapBuffers=56230813525, FrameCompleted=9223372036854775807, DequeueBufferDuration=5866792, QueueBufferDuration=711208, GpuCompleted=9223372036854775807, SwapBuffersCompleted=56232134025, DisplayPresentTime=0,
05-26 14:47:19.784 471 2892 D WifiNl80211Manager: Scan result ready event
05-26 14:47:19.784 471 2892 D WifiNative: Scan result ready event
05-26 14:47:19.863 471 611 D WificondScannerImpl: Filtering out 13 scan results.
05-26 14:47:19.893 1086 1086 E hq : NetWorkStateReceiver:::NetWorkStateReceiver onReceive: 网络变化广播 >>>> intent.action=android.net.wifi.SCAN_RESULTS
05-26 14:47:19.901 659 659 E WifiHAL : wifi_get_link_stats: requestResponse Error:-5
05-26 14:47:19.904 471 607 E WifiVendorHal: getWifiLinkLayerStats_1_5_Internal(l.1191) failed {.code = ERROR_INVALID_ARGS, .description = }
05-26 14:47:19.926 1086 1086 W eventbuscore: post Event:com.dangbei.leard.base.entity.event.NetWifiRssiEvent
05-26 14:47:20.137 1086 1107 I OpenGLRenderer: Davey! duration=9223371980234ms; Flags=0, FrameTimelineVsyncId=1834, IntendedVsync=56619597765, Vsync=56619597765, InputEventId=0, HandleInputStart=56620307275, AnimationStart=56620314067, PerformTraversalsStart=56621023734, DrawStart=56621500359, FrameDeadline=56652931097, FrameInterval=56620295775, FrameStartTime=16666666, SyncQueued=56621837984, SyncStart=56622243817, IssueDrawCommandsStart=56624232150, SwapBuffers=56639399817, FrameCompleted=9223372036854775807, DequeueBufferDuration=6594666, QueueBufferDuration=2139041, GpuCompleted=9223372036854775807, SwapBuffersCompleted=56643735400, DisplayPresentTime=0,
05-26 14:47:20.246 471 520 W IorapForwardingService: No service published for: iorapd
05-26 14:47:21.023 2897 2897 I sh : type=1400 audit(0.0:1172): avc: denied { getattr } for path="/system/xbin/su" dev="dm-0" ino=3483 scontext=u:r:platform_app:s0:c512,c768 tcontext=u:object_r:su_exec:s0 tclass=file permissive=1 app=com.dangbei.screencast
05-26 14:47:21.027 2897 2897 I sh : type=1400 audit(0.0:1173): avc: denied { execute } for name="su" dev="dm-0" ino=3483 scontext=u:r:platform_app:s0:c512,c768 tcontext=u:object_r:su_exec:s0 tclass=file permissive=1 app=com.dangbei.screencast
05-26 14:47:21.171 1521 1521 I cling--ap-2: type=1400 audit(0.0:1174): avc: denied { search } for name="net" dev="sysfs" ino=10442 scontext=u:r:platform_app:s0:c512,c768 tcontext=u:object_r:sysfs_net:s0 tclass=dir permissive=1 app=com.dangbei.screencast
05-26 14:47:21.171 1521 1521 I cling--ap-2: type=1400 audit(0.0:1175): avc: denied { read } for name="address" dev="sysfs" ino=16906 scontext=u:r:platform_app:s0:c512,c768 tcontext=u:object_r:sysfs_net:s0 tclass=file permissive=1 app=com.dangbei.screencast
05-26 14:47:21.247 471 520 W IorapForwardingService: No service published for: iorapd
05-26 14:47:21.171 1521 1521 I cling--ap-2: type=1400 audit(0.0:1176): avc: denied { open } for path="/sys/devices/virtual/net/dummy0/address" dev="sysfs" ino=16906 scontext=u:r:platform_app:s0:c512,c768 tcontext=u:object_r:sysfs_net:s0 tclass=file permissive=1 app=com.dangbei.screencast
05-26 14:47:21.171 1521 1521 I cling--ap-2: type=1400 audit(0.0:1177): avc: denied { getattr } for path="/sys/devices/virtual/net/dummy0/address" dev="sysfs" ino=16906 scontext=u:r:platform_app:s0:c512,c768 tcontext=u:object_r:sysfs_net:s0 tclass=file permissive=1 app=com.dangbei.screencast
05-26 14:47:21.469 659 659 E WifiHAL : wifi_get_link_stats: requestResponse Error:-5
05-26 14:47:21.471 471 607 E WifiVendorHal: getWifiLinkLayerStats_1_5_Internal(l.1191) failed {.code = ERROR_INVALID_ARGS, .description = }
05-26 14:47:22.140 280 293 D hdmi-cec: receive invalid cec message!
05-26 14:47:22.140 280 293 D hdmi-cec: receive poll message [04], skip!
05-26 14:47:22.249 471 520 W IorapForwardingService: No service published for: iorapd
05-26 14:47:22.537 1086 1107 I OpenGLRenderer: Davey! duration=9223371977817ms; Flags=0, FrameTimelineVsyncId=1928, IntendedVsync=59036876370, Vsync=59036876370, InputEventId=0, HandleInputStart=59037350360, AnimationStart=59037353776, PerformTraversalsStart=59037757610, DrawStart=59038317735, FrameDeadline=59070209702, FrameInterval=59037342860, FrameStartTime=16666666, SyncQueued=59039199610, SyncStart=59039443401, IssueDrawCommandsStart=59040290526, SwapBuffers=59047907776, FrameCompleted=9223372036854775807, DequeueBufferDuration=40500, QueueBufferDuration=1780333, GpuCompleted=9223372036854775807, SwapBuffersCompleted=59050955235, DisplayPresentTime=0,
05-26 14:47:22.570 1086 1107 I OpenGLRenderer: Davey! duration=9223371977800ms; Flags=0, FrameTimelineVsyncId=1930, IntendedVsync=59053545006, Vsync=59053545006, InputEventId=0, HandleInputStart=59055620610, AnimationStart=59055625610, PerformTraversalsStart=59057420526, DrawStart=59058646568, FrameDeadline=59086878338, FrameInterval=59055122360, FrameStartTime=16666666, SyncQueued=59058992985, SyncStart=59059247860, IssueDrawCommandsStart=59060301526, SwapBuffers=59069671943, FrameCompleted=9223372036854775807, DequeueBufferDuration=39792, QueueBufferDuration=1650834, GpuCompleted=9223372036854775807, SwapBuffersCompleted=59072559735, DisplayPresentTime=0,
01-01 08:01:01.409 380 380 W hdr10p_Configure: 57 callbacks suppressed
01-01 08:01:01.409 380 380 I : DVI mode selected: packets not configured
01-01 08:01:01.423 380 380 W set_vsif_config: 57 callbacks suppressed
01-01 08:01:01.423 380 380 I : Error: set vsif failed
01-01 08:01:01.453 380 380 I : DVI mode selected: packets not configured
01-01 08:01:01.460 380 380 I : Error: set vsif failed
05-26 14:47:22.605 1086 1107 I OpenGLRenderer: Davey! duration=9223371977784ms; Flags=0, FrameTimelineVsyncId=1931, IntendedVsync=59070213642, Vsync=59086880308, InputEventId=0, HandleInputStart=59090459651, AnimationStart=59090463735, PerformTraversalsStart=59091453026, DrawStart=59091576401, FrameDeadline=59103546974, FrameInterval=59090449610, FrameStartTime=16666666, SyncQueued=59091636235, SyncStart=59091952526, IssueDrawCommandsStart=59092814193, SwapBuffers=59099801026, FrameCompleted=9223372036854775807, DequeueBufferDuration=33875, QueueBufferDuration=1638709, GpuCompleted=9223372036854775807, SwapBuffersCompleted=59110161901, DisplayPresentTime=0,
05-26 14:47:22.622 1086 1107 I OpenGLRenderer: Davey! duration=9223371977746ms; Flags=0, FrameTimelineVsyncId=1934, IntendedVsync=59103550914, Vsync=59103550914, InputEventId=0, HandleInputStart=59104353110, AnimationStart=59104360110, PerformTraversalsStart=59104794651, DrawStart=59105300193, FrameDeadline=59136884246, FrameInterval=59104342110, FrameStartTime=16666666, SyncQueued=59105770068, SyncStart=59110442151, IssueDrawCommandsStart=59111810526, SwapBuffers=59124705568, FrameCompleted=9223372036854775807, DequeueBufferDuration=49333, QueueBufferDuration=1124458, GpuCompleted=9223372036854775807, SwapBuffersCompleted=59127907110, DisplayPresentTime=0,
01-01 08:01:01.481 380 380 I : DVI mode selected: packets not configured
01-01 08:01:01.487 380 380 I : Error: set vsif failed
05-26 14:47:22.653 1086 1107 I OpenGLRenderer: Davey! duration=9223371977727ms; Flags=0, FrameTimelineVsyncId=1936, IntendedVsync=59120219550, Vsync=59120219550, InputEventId=0, HandleInputStart=59121091610, AnimationStart=59121096735, PerformTraversalsStart=59121491901, DrawStart=59121627026, FrameDeadline=59153552882, FrameInterval=59121082068, FrameStartTime=16666666, SyncQueued=59121695693, SyncStart=59128362193, IssueDrawCommandsStart=59129425151, SwapBuffers=59136754651, FrameCompleted=9223372036854775807, DequeueBufferDuration=36208, QueueBufferDuration=14181000, GpuCompleted=9223372036854775807, SwapBuffersCompleted=59152469610, DisplayPresentTime=0,
01-01 08:01:01.514 380 380 I : DVI mode selected: packets not configured
01-01 08:01:01.520 380 380 I : Error: set vsif failed
05-26 14:47:22.671 1086 1107 I OpenGLRenderer: Davey! duration=9223371977703ms; Flags=0, FrameTimelineVsyncId=1938, IntendedVsync=59136329887, Vsync=59136329887, InputEventId=0, HandleInputStart=59137401526, AnimationStart=59137409693, PerformTraversalsStart=59138086110, DrawStart=59138310651, FrameDeadline=59169663219, FrameInterval=59137386318, FrameStartTime=16666666, SyncQueued=59138410318, SyncStart=59152873860, IssueDrawCommandsStart=59154405651, SwapBuffers=59163688943, FrameCompleted=9223372036854775807, DequeueBufferDuration=54084, QueueBufferDuration=1088542, GpuCompleted=9223372036854775807, SwapBuffersCompleted=59165823068, DisplayPresentTime=0,
01-01 08:01:01.531 380 380 I : DVI mode selected: packets not configured
01-01 08:01:01.537 380 380 I : Error: set vsif failed
05-26 14:47:22.713 1086 1107 I OpenGLRenderer: Davey! duration=9223371977691ms; Flags=0, FrameTimelineVsyncId=1940, IntendedVsync=59152951018, Vsync=59152951018, InputEventId=0, HandleInputStart=59154788860, AnimationStart=59154793943, PerformTraversalsStart=59155114026, DrawStart=59155365068, FrameDeadline=59186284350, FrameInterval=59154780901, FrameStartTime=16666666, SyncQueued=59155447110, SyncStart=59166053026, IssueDrawCommandsStart=59166807026, SwapBuffers=59177276860, FrameCompleted=9223372036854775807, DequeueBufferDuration=8210667, QueueBufferDuration=19754875, GpuCompleted=9223372036854775807, SwapBuffersCompleted=59198147235, DisplayPresentTime=0,
01-01 08:01:01.573 380 380 I : DVI mode selected: packets not configured
01-01 08:01:01.579 380 380 I : Error: set vsif failed
05-26 14:47:22.737 1086 1107 I OpenGLRenderer: Davey! duration=9223371977657ms; Flags=0, FrameTimelineVsyncId=1942, IntendedVsync=59169613377, Vsync=59169613377, InputEventId=0, HandleInputStart=59170576401, AnimationStart=59170580318, PerformTraversalsStart=59170850860, DrawStart=59170992818, FrameDeadline=59202946709, FrameInterval=59170209818, FrameStartTime=16666666, SyncQueued=59171068901, SyncStart=59198550235, IssueDrawCommandsStart=59199707151, SwapBuffers=59202357776, FrameCompleted=9223372036854775807, DequeueBufferDuration=50125, QueueBufferDuration=1490417, GpuCompleted=9223372036854775807, SwapBuffersCompleted=59214166818, DisplayPresentTime=0,
01-01 08:01:01.597 380 380 I : DVI mode selected: packets not configured
01-01 08:01:01.604 380 380 I : Error: set vsif failed
05-26 14:47:22.773 1086 1107 I OpenGLRenderer: Davey! duration=9223371977654ms; Flags=0, FrameTimelineVsyncId=1944, IntendedVsync=59186276887, Vsync=59186276887, InputEventId=0, HandleInputStart=59200105235, AnimationStart=59200110193, PerformTraversalsStart=59200481651, DrawStart=59200651860, FrameDeadline=59219610219, FrameInterval=59200097693, FrameStartTime=16666666, SyncQueued=59200720068, SyncStart=59214468527, IssueDrawCommandsStart=59215480110, SwapBuffers=59237959110, FrameCompleted=9223372036854775807, DequeueBufferDuration=19240458, QueueBufferDuration=1654750, GpuCompleted=9223372036854775807, SwapBuffersCompleted=59240450860, DisplayPresentTime=0,
01-01 08:01:01.633 380 380 I : DVI mode selected: packets not configured
01-01 08:01:01.640 380 380 I : Error: set vsif failed
05-26 14:47:22.804 1086 1107 I OpenGLRenderer: Davey! duration=9223371977627ms; Flags=0, FrameTimelineVsyncId=1945, IntendedVsync=59202924612, Vsync=59202924612, InputEventId=0, HandleInputStart=59215833943, AnimationStart=59215838735, PerformTraversalsStart=59216163527, DrawStart=59216299527, FrameDeadline=59236257944, FrameInterval=59215826318, FrameStartTime=16666666, SyncQueued=59216365652, SyncStart=59240838943, IssueDrawCommandsStart=59241999985, SwapBuffers=59262044152, FrameCompleted=9223372036854775807, DequeueBufferDuration=16919584, QueueBufferDuration=1413250, GpuCompleted=9223372036854775807, SwapBuffersCompleted=59264507277, DisplayPresentTime=0,
01-01 08:01:01.664 380 380 I : DVI mode selected: packets not configured
01-01 08:01:01.670 380 380 I : Error: set vsif failed
05-26 14:47:22.838 1086 1107 I OpenGLRenderer: Davey! duration=9223371977612ms; Flags=0, FrameTimelineVsyncId=1947, IntendedVsync=59219586834, Vsync=59236253500, InputEventId=0, HandleInputStart=59242360318, AnimationStart=59242365277, PerformTraversalsStart=59242759985, DrawStart=59242922360, FrameDeadline=59252920166, FrameInterval=59242350402, FrameStartTime=16666666, SyncQueued=59242992360, SyncStart=59265405402, IssueDrawCommandsStart=59266624402, SwapBuffers=59297536360, FrameCompleted=9223372036854775807, DequeueBufferDuration=28168167, QueueBufferDuration=1900291, GpuCompleted=9223372036854775807, SwapBuffersCompleted=59300147568, DisplayPresentTime=0,
01-01 08:01:01.697 380 380 I : DVI mode selected: packets not configured
01-01 08:01:01.704 380 380 I : Error: set vsif failed
05-26 14:47:22.872 1086 1107 I OpenGLRenderer: Davey! duration=9223371977568ms; Flags=0, FrameTimelineVsyncId=1950, IntendedVsync=59252916426, Vsync=59252916426, InputEventId=0, HandleInputStart=59266973068, AnimationStart=59266977735, PerformTraversalsStart=59267328610, DrawStart=59267493735, FrameDeadline=59286249758, FrameInterval=59266964860, FrameStartTime=16666666, SyncQueued=59267563193, SyncStart=59300539985, IssueDrawCommandsStart=59301697693, SwapBuffers=59329602735, FrameCompleted=9223372036854775807, DequeueBufferDuration=24151416, QueueBufferDuration=1516542, GpuCompleted=9223372036854775807, SwapBuffersCompleted=59331990943, DisplayPresentTime=0,
05-26 14:47:23.170 1086 1402 I OpenGLRenderer: Davey! duration=9223371977213ms; Flags=0, FrameTimelineVsyncId=1990, IntendedVsync=59636253939, Vsync=59636253939, InputEventId=0, HandleInputStart=59640428027, AnimationStart=59640431193, PerformTraversalsStart=59640995527, DrawStart=59641524777, FrameDeadline=59669587271, FrameInterval=59640420943, FrameStartTime=16666666, SyncQueued=59641853652, SyncStart=59647104402, IssueDrawCommandsStart=59648218235, SwapBuffers=59674358652, FrameCompleted=9223372036854775807, DequeueBufferDuration=12082458, QueueBufferDuration=1395208, GpuCompleted=9223372036854775807, SwapBuffersCompleted=59676714902, DisplayPresentTime=0,
05-26 14:47:23.252 471 520 W IorapForwardingService: No service published for: iorapd
05-26 14:47:23.687 1521 1521 I efs-base: type=1400 audit(0.0:1178): avc: denied { search } for name="com.dangbei.screencast" dev="mmcblk0p25" ino=905 scontext=u:r:platform_app:s0:c512,c768 tcontext=u:object_r:app_data_file:s0:c512,c768 tclass=dir permissive=1 app=com.dangbei.screencast
05-26 14:47:23.687 1521 1521 I efs-base: type=1400 audit(0.0:1179): avc: denied { getattr } for path="/data/user/0/com.dangbei.screencast/app_UApm/5fc60c21094d637f3130af19/ready" dev="mmcblk0p25" ino=2083 scontext=u:r:platform_app:s0:c512,c768 tcontext=u:object_r:app_data_file:s0:c512,c768 tclass=dir permissive=1 app=com.dangbei.screencast
05-26 14:47:23.687 1521 1521 I efs-base: type=1400 audit(0.0:1180): avc: denied { read } for name="ready" dev="mmcblk0p25" ino=2083 scontext=u:r:platform_app:s0:c512,c768 tcontext=u:object_r:app_data_file:s0:c512,c768 tclass=dir permissive=1 app=com.dangbei.screencast
05-26 14:47:23.687 1521 1521 I efs-base: type=1400 audit(0.0:1181): avc: denied { open } for path="/data/user/0/com.dangbei.screencast/app_UApm/5fc60c21094d637f3130af19/ready" dev="mmcblk0p25" ino=2083 scontext=u:r:platform_app:s0:c512,c768 tcontext=u:object_r:app_data_file:s0:c512,c768 tclass=dir permissive=1 app=com.dangbei.screencast
05-26 14:47:23.999 1165 1165 D bbb : onStartCommand begin !!!!!!! data分区剩余 23851MB
05-26 14:47:24.003 1113 1113 D aaa : LedStatusService onStartCommand begin
05-26 14:47:24.005 1113 2910 D aaa : topPkg is -------------- :com.dangbei.leard.leradlauncher
05-26 14:47:24.010 1113 2910 D aaa : WiFi is connect
05-26 14:47:24.255 471 520 W IorapForwardingService: No service published for: iorapd
05-26 14:47:24.493 659 659 E WifiHAL : wifi_get_link_stats: requestResponse Error:-5
05-26 14:47:24.496 471 607 E WifiVendorHal: getWifiLinkLayerStats_1_5_Internal(l.1191) failed {.code = ERROR_INVALID_ARGS, .description = }
05-26 14:47:25.257 471 520 W IorapForwardingService: No service published for: iorapd
05-26 14:47:25.352 2711 2712 D uninstall: watchdaemon com.ktcp.video:daemon is exist
05-26 14:47:25.414 1995 2121 E ServerInterface: Server timed out
05-26 14:47:25.414 1995 2121 E ServerInterface: java.net.SocketTimeoutException: failed to connect to remoteprovisioning.googleapis.com/142.250.217.106 (port 443) from /192.168.3.40 (port 57268) after 5000ms
05-26 14:47:25.414 1995 2121 E ServerInterface: at libcore.io.IoBridge.connectErrno(IoBridge.java:236)
05-26 14:47:25.414 1995 2121 E ServerInterface: at libcore.io.IoBridge.connect(IoBridge.java:180)
05-26 14:47:25.414 1995 2121 E ServerInterface: at java.net.PlainSocketImpl.socketConnect(PlainSocketImpl.java:142)
05-26 14:47:25.414 1995 2121 E ServerInterface: at java.net.AbstractPlainSocketImpl.doConnect(AbstractPlainSocketImpl.java:390)
05-26 14:47:25.414 1995 2121 E ServerInterface: at java.net.AbstractPlainSocketImpl.connectToAddress(AbstractPlainSocketImpl.java:230)
05-26 14:47:25.414 1995 2121 E ServerInterface: at java.net.AbstractPlainSocketImpl.connect(AbstractPlainSocketImpl.java:212)
05-26 14:47:25.414 1995 2121 E ServerInterface: at java.net.SocksSocketImpl.connect(SocksSocketImpl.java:436)
05-26 14:47:25.414 1995 2121 E ServerInterface: at java.net.Socket.connect(Socket.java:621)
05-26 14:47:25.414 1995 2121 E ServerInterface: at com.android.okhttp.internal.Platform.connectSocket(Platform.java:182)
05-26 14:47:25.414 1995 2121 E ServerInterface: at com.android.okhttp.internal.io.RealConnection.connectSocket(RealConnection.java:145)
05-26 14:47:25.414 1995 2121 E ServerInterface: at com.android.okhttp.internal.io.RealConnection.connect(RealConnection.java:116)
05-26 14:47:25.414 1995 2121 E ServerInterface: at com.android.okhttp.internal.http.StreamAllocation.findConnection(StreamAllocation.java:186)
05-26 14:47:25.414 1995 2121 E ServerInterface: at com.android.okhttp.internal.http.StreamAllocation.findHealthyConnection(StreamAllocation.java:128)
05-26 14:47:25.414 1995 2121 E ServerInterface: at com.android.okhttp.internal.http.StreamAllocation.newStream(StreamAllocation.java:97)
05-26 14:47:25.414 1995 2121 E ServerInterface: at com.android.okhttp.internal.http.HttpEngine.connect(HttpEngine.java:289)
05-26 14:47:25.414 1995 2121 E ServerInterface: at com.android.okhttp.internal.http.HttpEngine.sendRequest(HttpEngine.java:232)
05-26 14:47:25.414 1995 2121 E ServerInterface: at com.android.okhttp.internal.huc.HttpURLConnectionImpl.execute(HttpURLConnectionImpl.java:465)
05-26 14:47:25.414 1995 2121 E ServerInterface: at com.android.okhttp.internal.huc.HttpURLConnectionImpl.connect(HttpURLConnectionImpl.java:131)
05-26 14:47:25.414 1995 2121 E ServerInterface: at com.android.okhttp.internal.huc.HttpURLConnectionImpl.getOutputStream(HttpURLConnectionImpl.java:262)
05-26 14:47:25.414 1995 2121 E ServerInterface: at com.android.okhttp.internal.huc.DelegatingHttpsURLConnection.getOutputStream(DelegatingHttpsURLConnection.java:219)
05-26 14:47:25.414 1995 2121 E ServerInterface: at com.android.okhttp.internal.huc.HttpsURLConnectionImpl.getOutputStream(HttpsURLConnectionImpl.java:30)
05-26 14:47:25.414 1995 2121 E ServerInterface: at com.android.remoteprovisioner.ServerInterface.fetchGeek(ServerInterface.java:120)
05-26 14:47:25.414 1995 2121 E ServerInterface: at com.android.remoteprovisioner.PeriodicProvisioner$ProvisionerThread.run(PeriodicProvisioner.java:135)
05-26 14:47:25.414 1995 2121 E RemoteProvisioningService: Failed to get a response from the server.
05-26 14:47:25.540 1086 1107 I OpenGLRenderer: Davey! duration=9223371974817ms; Flags=0, FrameTimelineVsyncId=2056, IntendedVsync=62036750541, Vsync=62036750541, InputEventId=0, HandleInputStart=62037391903, AnimationStart=62037397528, PerformTraversalsStart=62037814111, DrawStart=62038556320, FrameDeadline=62070083873, FrameInterval=62037383611, FrameStartTime=16666666, SyncQueued=62039768653, SyncStart=62040218778, IssueDrawCommandsStart=62041205986, SwapBuffers=62049809236, FrameCompleted=9223372036854775807, DequeueBufferDuration=42792, QueueBufferDuration=1979834, GpuCompleted=9223372036854775807, SwapBuffersCompleted=62053527278, DisplayPresentTime=0,
05-26 14:47:25.586 1086 1402 I OpenGLRenderer: Davey! duration=9223371974783ms; Flags=0, FrameTimelineVsyncId=2059, IntendedVsync=62070085465, Vsync=62070085465, InputEventId=0, HandleInputStart=62071777278, AnimationStart=62071784236, PerformTraversalsStart=62073371361, DrawStart=62073559028, FrameDeadline=62103418797, FrameInterval=62071761986, FrameStartTime=16666666, SyncQueued=62073639570, SyncStart=62074597445, IssueDrawCommandsStart=62076685903, SwapBuffers=62086460986, FrameCompleted=9223372036854775807, DequeueBufferDuration=69125, QueueBufferDuration=1969833, GpuCompleted=9223372036854775807, SwapBuffersCompleted=62089722278, DisplayPresentTime=0,
05-26 14:47:25.603 1086 1402 I OpenGLRenderer: Davey! duration=9223371974767ms; Flags=0, FrameTimelineVsyncId=2061, IntendedVsync=62086752927, Vsync=62086752927, InputEventId=0, HandleInputStart=62087760028, AnimationStart=62087765778, PerformTraversalsStart=62088839195, DrawStart=62089094153, FrameDeadline=62120086259, FrameInterval=62087748028, FrameStartTime=16666666, SyncQueued=62089386153, SyncStart=62090030028, IssueDrawCommandsStart=62091671028, SwapBuffers=62103928903, FrameCompleted=9223372036854775807, DequeueBufferDuration=2954750, QueueBufferDuration=1780625, GpuCompleted=9223372036854775807, SwapBuffersCompleted=62107331028, DisplayPresentTime=0,
05-26 14:47:25.638 1086 1107 I OpenGLRenderer: Davey! duration=9223371974729ms; Flags=0, FrameTimelineVsyncId=2065, IntendedVsync=62119576500, Vsync=62119576500, InputEventId=0, HandleInputStart=62120312236, AnimationStart=62120317028, PerformTraversalsStart=62120733736, DrawStart=62121158195, FrameDeadline=62152909832, FrameInterval=62120301695, FrameStartTime=16666666, SyncQueued=62121519486, SyncStart=62126722111, IssueDrawCommandsStart=62131449445, SwapBuffers=62141530778, FrameCompleted=9223372036854775807, DequeueBufferDuration=72625, QueueBufferDuration=1937417, GpuCompleted=9223372036854775807, SwapBuffersCompleted=62144247861, DisplayPresentTime=0,
05-26 14:47:25.654 1086 1529 I OpenGLRenderer: Davey! duration=9223371974711ms; Flags=0, FrameTimelineVsyncId=2067, IntendedVsync=62136238245, Vsync=62136238245, InputEventId=0, HandleInputStart=62136900653, AnimationStart=62136907195, PerformTraversalsStart=62137497861, DrawStart=62137675611, FrameDeadline=62169571577, FrameInterval=62136890195, FrameStartTime=16666666, SyncQueued=62137749320, SyncStart=62144651653, IssueDrawCommandsStart=62145663070, SwapBuffers=62151927403, FrameCompleted=9223372036854775807, DequeueBufferDuration=38167, QueueBufferDuration=8112459, GpuCompleted=9223372036854775807, SwapBuffersCompleted=62161551445, DisplayPresentTime=0,
05-26 14:47:25.669 1086 1402 I OpenGLRenderer: Davey! duration=9223371974695ms; Flags=0, FrameTimelineVsyncId=2069, IntendedVsync=62152900964, Vsync=62152900964, InputEventId=0, HandleInputStart=62153572820, AnimationStart=62153577528, PerformTraversalsStart=62154981778, DrawStart=62155141028, FrameDeadline=62186234296, FrameInterval=62153563361, FrameStartTime=16666666, SyncQueued=62155330320, SyncStart=62162072195, IssueDrawCommandsStart=62163560278, SwapBuffers=62177089320, FrameCompleted=9223372036854775807, DequeueBufferDuration=67083, QueueBufferDuration=1897666, GpuCompleted=9223372036854775807, SwapBuffersCompleted=62180506820, DisplayPresentTime=0,
05-26 14:47:25.686 1086 1402 I OpenGLRenderer: Davey! duration=9223371974674ms; Flags=0, FrameTimelineVsyncId=2071, IntendedVsync=62169565478, Vsync=62169565478, InputEventId=0, HandleInputStart=62170064153, AnimationStart=62170067903, PerformTraversalsStart=62170478778, DrawStart=62170613486, FrameDeadline=62202898810, FrameInterval=62170055986, FrameStartTime=16666666, SyncQueued=62170678653, SyncStart=62180961820, IssueDrawCommandsStart=62182374570, SwapBuffers=62185575903, FrameCompleted=9223372036854775807, DequeueBufferDuration=42083, QueueBufferDuration=12003583, GpuCompleted=9223372036854775807, SwapBuffersCompleted=62199150278, DisplayPresentTime=0,
05-26 14:47:25.872 1086 1402 I OpenGLRenderer: Davey! duration=9223371974501ms; Flags=0, FrameTimelineVsyncId=2093, IntendedVsync=62352866185, Vsync=62352866185, InputEventId=0, HandleInputStart=62353548486, AnimationStart=62353554945, PerformTraversalsStart=62354128028, DrawStart=62354272736, FrameDeadline=62386199517, FrameInterval=62353537736, FrameStartTime=16666666, SyncQueued=62354346361, SyncStart=62354699986, IssueDrawCommandsStart=62357677820, SwapBuffers=62365650653, FrameCompleted=9223372036854775807, DequeueBufferDuration=5235125, QueueBufferDuration=1206084, GpuCompleted=9223372036854775807, SwapBuffersCompleted=62368419778, DisplayPresentTime=0,
05-26 14:47:26.172 1086 1529 I OpenGLRenderer: Davey! duration=9223371974199ms; Flags=0, FrameTimelineVsyncId=2126, IntendedVsync=62636265877, Vsync=62636265877, InputEventId=0, HandleInputStart=62637037986, AnimationStart=62637042153, PerformTraversalsStart=62637800528, DrawStart=62638770236, FrameDeadline=62669599209, FrameInterval=62637028361, FrameStartTime=16666666, SyncQueued=62639129070, SyncStart=62657830070, IssueDrawCommandsStart=62658987611, SwapBuffers=62665189528, FrameCompleted=9223372036854775807, DequeueBufferDuration=28167, QueueBufferDuration=2741958, GpuCompleted=9223372036854775807, SwapBuffersCompleted=62675464153, DisplayPresentTime=0,
05-26 14:47:26.259 471 520 W IorapForwardingService: No service published for: iorapd
05-26 14:47:26.687 665 981 W bt_btm : system/bt/main/bte_logmsg.cc:194 LogMsg: btm_sec_pairing_timeout not processed state: IDLE
05-26 14:47:27.261 471 520 W IorapForwardingService: No service published for: iorapd
05-26 14:47:27.428 2276 2348 D UtilLog : 日志批量上报 进行正常循环 !!!!!!本次有0次请求,共0条数据
05-26 14:47:27.509 659 659 E WifiHAL : wifi_get_link_stats: requestResponse Error:-5
05-26 14:47:27.512 471 607 E WifiVendorHal: getWifiLinkLayerStats_1_5_Internal(l.1191) failed {.code = ERROR_INVALID_ARGS, .description = }
05-26 14:47:28.158 1043 1043 E dangbei111: cccccc scan 得到的设备和状态 Dangbei E4:BB:D3:57:C0:22 10
05-26 14:47:28.160 1043 1043 E dangbei111: cccccc 扫描到了设备 Dangbei E4:BB:D3:57:C0:22
05-26 14:47:28.164 1043 1043 E dangbei111: cccccc 停止扫描,开始配对或者连接
05-26 14:47:28.165 1043 1043 D BluetoothAdapter: isLeEnabled(): ON
05-26 14:47:28.171 665 981 I bt_stack: [INFO:gatt_api.cc(1042)] GATT_Deregister gatt_if=5
05-26 14:47:28.172 1043 1043 E dangbei111: bondOrConnect state=10
05-26 14:47:28.175 1043 1043 E dangbei111: cccccc 开始配对 Dangbei E4:BB:D3:57:C0:22
05-26 14:47:28.179 665 981 I bt_btif_dm: system/bt/btif/src/btif_dm.cc:1884 btif_dm_cancel_discovery: Cancel search
05-26 14:47:28.180 665 955 I BluetoothBondStateMachine: Bond address is:E4:BB:D3:57:C0:22
05-26 14:47:28.181 665 981 I bt_btif_config: system/bt/btif/src/btif_config.cc:137 btif_get_device_type: Device [e4:bb:d3:57:c0:22] device type 2
05-26 14:47:28.181 665 981 I bt_btif_dm: system/bt/btif/src/btif_dm.cc:384 get_cod: get_cod remote_cod = 0x00001f00
05-26 14:47:28.181 665 981 I bt_btif_dm: system/bt/btif/src/btif_dm.cc:384 get_cod: get_cod remote_cod = 0x00001f00
05-26 14:47:28.181 665 981 I bt_btif_config: system/bt/btif/src/btif_config.cc:137 btif_get_device_type: Device [e4:bb:d3:57:c0:22] device type 2
05-26 14:47:28.181 665 981 I bt_btif_dm: system/bt/btif/src/btif_dm.cc:384 get_cod: get_cod remote_cod = 0x00001f00
05-26 14:47:28.181 665 981 I bt_btif_dm: system/bt/btif/src/btif_dm.cc:451 bond_state_changed: Bond state changed to state=1 [0:none, 1:bonding, 2:bonded], prev_state=0, sdp_attempts = 0
05-26 14:47:28.181 665 981 I bt_btif_config: system/bt/btif/src/btif_config.cc:137 btif_get_device_type: Device [e4:bb:d3:57:c0:22] device type 2
05-26 14:47:28.181 1043 1043 E dangbei111: cccccc 配对结果 true Dangbei E4:BB:D3:57:C0:22
05-26 14:47:28.182 665 853 I BluetoothBondStateMachine: bondStateChangeCallback: Status: 0 Address: E4:BB:D3:57:C0:22 newState: 1
05-26 14:47:28.183 665 955 I BluetoothBondStateMachine: Entering PendingCommandState State
05-26 14:47:28.188 665 955 I BluetoothBondStateMachine: Bond State Change Intent:E4:BB:D3:57:C0:22 BOND_NONE => BOND_BONDING
05-26 14:47:28.194 471 539 I ActivityManager: Killing 1500:com.android.managedprovisioning/u0a26 (adj 985): empty #17
05-26 14:47:28.195 471 539 I ActivityManager: Killing 1346:com.android.localtransport/1000 (adj 995): empty #18
05-26 14:47:28.196 471 539 I ActivityManager: Killing 1395:com.android.dynsystem/1000 (adj 995): empty #19
05-26 14:47:28.200 665 665 D BluetoothDatabase: updateDatabase E4:BB:D3:57:C0:22
