05-24 21:01:55.696 471 607 D WifiConfigStore: Reading from all stores completed in 29 ms.
05-24 21:01:55.696 246 246 I netd : interfaceGetList() -> {[ip6_vti0, eth0, gre0, ip6gre0, gretap0, erspan0, dummy0, lo, tunl0, sit0, ip6tnl0, ip_vti0]} <0.49ms>
05-24 21:01:55.697 471 650 I EthernetTracker: maybeTrackInterface: eth0
05-24 21:01:55.699 246 246 I netd : interfaceGetCfg(eth0) -> {InterfaceConfigurationParcel{ifName: eth0, hwAddr: 20:02:fe:19:c2:27, ipv4Addr: 0.0.0.0, prefixLength: 0, flags: [down, broadcast, multicast]}} <0.66ms>
05-24 21:01:55.699 471 471 D PPPOE : Registering NetworkFactory
05-24 21:01:55.699 471 614 D ConnectivityService: Got NetworkProvider Messenger for PPPOE
05-24 21:01:55.699 471 607 E WifiConfigManager: Cannot find network with networkId -1 or configKey "DZNB"WPA_PSK or upgradable security type check
05-24 21:01:55.700 471 471 W PppoeServiceImpl: pppoe interface file not exist!
05-24 21:01:55.701 471 607 E WifiConfigManager: Cannot find network with networkId -1 or configKey "red2G"WPA_PSK or upgradable security type check
05-24 21:01:55.702 471 607 E WifiConfigManager: Cannot find network with networkId -1 or configKey "red5G"WPA_PSK or upgradable security type check
05-24 21:01:55.700 328 328 I xiriservice_All: type=1400 audit(0.0:320): avc: denied { read } for scontext=u:r:init:s0 tcontext=u:r:init:s0 tclass=netlink_kobject_uevent_socket permissive=1
05-24 21:01:55.704 317 319 D XM_HIDREAD: add@ add@/devices/platform/soc@3000000/5030000.eth/mdio_bus/5030000.eth-0
05-24 21:01:55.704 317 319 D XM_HIDREAD: add@ add@/devices/platform/soc@3000000/5030000.eth/mdio_bus/5030000.eth-0/5030000.eth-0:10
05-24 21:01:55.706 471 651 D PPPOE : got request NetworkRequest [ REQUEST id=5, [ Transports: PPPOE Capabilities: INTERNET&NOT_RESTRICTED&TRUSTED&NOT_VPN&NOT_VCN_MANAGED RequestorUid: 1000 RequestorPkg: android] ]
05-24 21:01:55.706 471 651 D PppoeNetworkFactory: onRequestNetwork
05-24 21:01:55.706 471 651 D PPPOE : got request NetworkRequest [ REQUEST id=1, [ Capabilities: INTERNET&NOT_RESTRICTED&TRUSTED&NOT_VPN&NOT_VCN_MANAGED RequestorUid: 1000 RequestorPkg: android] ]
05-24 21:01:55.707 471 651 D PPPOE : got request NetworkRequest [ REQUEST id=10, [ Capabilities: INTERNET&NOT_RESTRICTED&TRUSTED&NOT_VCN_MANAGED Uid: 1000 RequestorUid: 1000 RequestorPkg: android] ]
05-24 21:01:55.707 471 471 V HistoricalRegistry: Interaction before persistence initialized
05-24 21:01:55.712 471 607 I WifiInjector: enableVerboseLogging(0): false
05-24 21:01:55.712 471 607 E SupplicantStaIfaceHal: Can't call setDebugParams, ISupplicant is null
05-24 21:01:55.712 471 607 E HostapdHal: Can't call setDebugParams, IHostapd is null
05-24 21:01:55.713 471 607 I WifiService: WifiService starting up with Wi-Fi enabled
05-24 21:01:55.717 471 471 V HistoricalRegistry: Interaction before persistence initialized
05-24 21:01:55.718 471 471 D SoundTriggerService: onBootPhase: 500 : false
05-24 21:01:55.719 471 607 D WifiController: isAirplaneModeOn = false, isWifiEnabled = true, isScanningAvailable = false, isLocationModeActive = true
05-24 21:01:55.719 471 607 D WifiActiveModeWarden: Starting primary ClientModeManager in connect mode
05-24 21:01:55.723 471 607 I android_os_HwBinder: HwBinder: Starting thread pool for getting: android.hidl.manager@1.2::IServiceManager/default
05-24 21:01:55.726 471 471 D SystemServerTiming: OnBootPhase_500 took to complete: 109ms
05-24 21:01:55.726 471 471 D SystemServerTiming: StartBootPhaseSystemServicesReady took to complete: 109ms
05-24 21:01:55.726 471 471 I SystemServerTiming: MakeWindowManagerServiceReady
05-24 21:01:55.730 185 185 I hwservicemanager: getTransport: Cannot find entry android.hardware.configstore@1.1::ISurfaceFlingerConfigs/default in either framework or device VINTF manifest.
05-24 21:01:55.731 185 185 I hwservicemanager: getTransport: Cannot find entry android.hardware.configstore@1.1::ISurfaceFlingerConfigs/default in either framework or device VINTF manifest.
05-24 21:01:55.731 185 185 I hwservicemanager: Since android.hardware.wifi@1.0::IWifi/default is not registered, trying to start it as a lazy HAL.
05-24 21:01:55.732 471 538 E KernelCpuThreadReader: Failed to initialize KernelCpuThreadReader
05-24 21:01:55.732 471 538 E KernelCpuThreadReader: java.nio.file.NoSuchFileException: /proc/self/time_in_state
05-24 21:01:55.732 471 538 E KernelCpuThreadReader: at sun.nio.fs.UnixFileSystemProvider.newByteChannel(UnixFileSystemProvider.java:214)
05-24 21:01:55.732 471 538 E KernelCpuThreadReader: at java.nio.file.Files.newByteChannel(Files.java:361)
05-24 21:01:55.732 471 538 E KernelCpuThreadReader: at java.nio.file.Files.newByteChannel(Files.java:407)
05-24 21:01:55.732 471 538 E KernelCpuThreadReader: at java.nio.file.Files.readAllBytes(Files.java:3152)
05-24 21:01:55.732 471 538 E KernelCpuThreadReader: at com.android.internal.os.ProcTimeInStateReader.initializeTimeInStateFormat(ProcTimeInStateReader.java:159)
05-24 21:01:55.732 471 538 E KernelCpuThreadReader: at com.android.internal.os.ProcTimeInStateReader.(ProcTimeInStateReader.java:106)
05-24 21:01:55.732 471 538 E KernelCpuThreadReader: at com.android.internal.os.KernelCpuThreadReader.(KernelCpuThreadReader.java:138)
05-24 21:01:55.732 471 538 E KernelCpuThreadReader: at com.android.internal.os.KernelCpuThreadReader.create(KernelCpuThreadReader.java:151)
05-24 21:01:55.732 471 538 E KernelCpuThreadReader: at com.android.internal.os.KernelCpuThreadReaderSettingsObserver.(KernelCpuThreadReaderSettingsObserver.java:95)
05-24 21:01:55.732 471 538 E KernelCpuThreadReader: at com.android.internal.os.KernelCpuThreadReaderSettingsObserver.getSettingsModifiedReader(KernelCpuThreadReaderSettingsObserver.java:80)
05-24 21:01:55.732 471 538 E KernelCpuThreadReader: at com.android.server.stats.pull.StatsPullAtomService.initializePullersState(StatsPullAtomService.java:798)
05-24 21:01:55.732 471 538 E KernelCpuThreadReader: at com.android.server.stats.pull.StatsPullAtomService.lambda$onBootPhase$0$StatsPullAtomService(StatsPullAtomService.java:757)
05-24 21:01:55.732 471 538 E KernelCpuThreadReader: at com.android.server.stats.pull.StatsPullAtomService$$ExternalSyntheticLambda14.run(Unknown Source:2)
05-24 21:01:55.732 471 538 E KernelCpuThreadReader: at android.os.Handler.handleCallback(Handler.java:938)
05-24 21:01:55.732 471 538 E KernelCpuThreadReader: at android.os.Handler.dispatchMessage(Handler.java:99)
05-24 21:01:55.732 471 538 E KernelCpuThreadReader: at android.os.Looper.loopOnce(Looper.java:201)
05-24 21:01:55.732 471 538 E KernelCpuThreadReader: at android.os.Looper.loop(Looper.java:288)
05-24 21:01:55.732 471 538 E KernelCpuThreadReader: at android.os.HandlerThread.run(HandlerThread.java:67)
05-24 21:01:55.733 185 185 I hwservicemanager: Since android.hardware.wifi@1.0::IWifi/default is not registered, trying to start it as a lazy HAL.
05-24 21:01:55.733 185 185 I hwservicemanager: getTransport: Cannot find entry android.hardware.configstore@1.1::ISurfaceFlingerConfigs/default in either framework or device VINTF manifest.
05-24 21:01:55.735 471 538 I android_os_HwBinder: HwBinder: Starting thread pool for getting: android.hardware.health@2.0::IHealth/default
05-24 21:01:55.737 471 538 I android_os_HwBinder: HwBinder: Starting thread pool for getting: android.hidl.manager@1.0::IServiceManager/default
05-24 21:01:55.737 471 538 I HealthServiceWrapper: health: HealthServiceWrapper listening to instance default
05-24 21:01:55.738 471 658 I android_os_HwBinder: HwBinder: Starting thread pool for getting: android.hardware.health@2.0::IHealth/default
05-24 21:01:55.742 471 471 D SystemServerTiming: MakeWindowManagerServiceReady took to complete: 15ms
05-24 21:01:55.742 471 607 I HidlServiceManagement: getService: Trying again for android.hardware.wifi@1.0::IWifi/default...
05-24 21:01:55.744 471 538 D StatsPullAtomService: Registering pullers with statsd
05-24 21:01:55.746 471 471 I SystemServerTiming: MakePowerManagerServiceReady
01-01 08:00:20.388 1 1 I init : starting service 'vendor.wifi_hal_legacy'...
05-24 21:01:55.747 471 471 I AttentionDetector: readValuesFromDeviceConfig():
05-24 21:01:55.747 471 471 I AttentionDetector: mMaximumExtensionMillis=900000
05-24 21:01:55.747 471 471 I AttentionDetector: mPreDimCheckDurationMillis=2000
05-24 21:01:55.747 471 471 I AttentionDetector: mRequestedPostDimTimeoutMillis=0
05-24 21:01:55.750 471 538 I StatsPullAtomService: register thermal listener successfully
05-24 21:01:55.751 471 614 D ConnectivityService: NetReassign [no changes]
05-24 21:01:55.758 471 471 E DisplayPowerController[0]: failed to set up display white-balance: java.lang.IllegalStateException: cannot find light sensor
05-24 21:01:55.760 279 279 I AW_PowerHAL: isBoostSupported: 0
05-24 21:01:55.768 471 471 I FaceDownDetector: readValuesFromDeviceConfig():
05-24 21:01:55.768 471 471 I FaceDownDetector: mAccelerationThreshold=0.2
05-24 21:01:55.768 471 471 I FaceDownDetector: mZAccelerationThreshold=-9.5
05-24 21:01:55.768 471 471 I FaceDownDetector: mTimeThreshold=PT1S
05-24 21:01:55.768 471 471 I FaceDownDetector: mIsEnabled=false
05-24 21:01:55.772 471 546 W KernelCpuProcStringReader: File not found. It's normal if not implemented: /proc/uid_time_in_state
05-24 21:01:55.773 471 546 W KernelCpuProcStringReader: File not found. It's normal if not implemented: /proc/uid_concurrent_active_time
05-24 21:01:55.774 471 546 W KernelCpuProcStringReader: File not found. It's normal if not implemented: /proc/uid_concurrent_policy_time
05-24 21:01:55.772 325 325 I rainbow_flow: type=1400 audit(0.0:321): avc: denied { ioctl } for path="/dev/spidev1.0" dev="tmpfs" ino=2275 ioctlcmd=0x6b00 scontext=u:r:init:s0 tcontext=u:object_r:device:s0 tclass=chr_file permissive=1
05-24 21:01:55.775 471 471 D SystemServerTiming: MakePowerManagerServiceReady took to complete: 28ms
05-24 21:01:55.775 471 471 I SystemServerTiming: StartPermissionPolicyService
05-24 21:01:55.775 471 471 I SystemServiceManager: Starting com.android.server.policy.PermissionPolicyService
05-24 21:01:55.775 471 555 W KeyguardServiceDelegate: onScreenTurningOn(): no keyguard service!
05-24 21:01:55.777 471 546 E KernelCpuSpeedReader: Failed to read cpu-freq: /sys/devices/system/cpu/cpu0/cpufreq/stats/time_in_state: open failed: ENOENT (No such file or directory)
05-24 21:01:55.778 471 555 V DisplayPowerController[0]: Brightness [0.39763778] reason changing to: 'override', previous reason: '0'.
05-24 21:01:55.778 471 546 E system_server: Cannot read thread CPU times for PID 471
05-24 21:01:55.778 279 279 I AW_PowerHAL: Power setMode: DISPLAY_INACTIVE to: 0
05-24 21:01:55.778 279 279 I AW_PowerHAL: not completed yet, ignore mode request other
05-24 21:01:55.779 471 521 I DisplayDeviceRepository: Display device changed state: "内置屏幕", ON
05-24 21:01:55.781 471 521 I InputManager-JNI: Viewport [0] to add: local:0, isActive: true
05-24 21:01:55.782 471 471 D SystemServerTiming: StartPermissionPolicyService took to complete: 7ms
05-24 21:01:55.782 471 471 I SystemServerTiming: MakePackageManagerServiceReady
05-24 21:01:55.783 471 595 I InputReader: Reconfiguring input devices, changes=DISPLAY_INFO |
01-01 08:00:20.405 1 1 I init : Control message: Processed ctl.interface_start for 'android.hardware.wifi@1.0::IWifi/default' from pid: 185 (/system/bin/hwservicemanager)
01-01 08:00:20.423 1 1 I init : Control message: Processed ctl.interface_start for 'android.hardware.wifi@1.0::IWifi/default' from pid: 185 (/system/bin/hwservicemanager)
05-24 21:01:55.788 290 290 D SurfaceFlinger: Setting power mode 2 on display 0
05-24 21:01:55.790 278 278 I android.hardware.lights-service: Lights setting state for id=0 to color ffffffff
05-24 21:01:55.792 278 278 I android.hardware.lights-service: Lights setting state for id=0 to color ff6a6a6a
05-24 21:01:55.798 471 471 V UserDataPreparer: Found /data/user_de/0 with serial number 0
05-24 21:01:55.798 471 471 V UserDataPreparer: Found /data/user/0 with serial number 0
05-24 21:01:55.798 471 471 V UserDataPreparer: Found /data/system_de/0 with serial number 0
05-24 21:01:55.798 471 471 W UserDataPreparer: Invalid user directory /data/system_de/usagestats
05-24 21:01:55.798 471 471 V UserDataPreparer: Found /data/system_ce/0 with serial number 0
05-24 21:01:55.798 471 471 V UserDataPreparer: Found /data/misc_ce/0 with serial number 0
05-24 21:01:55.820 471 471 I PackageManager: Permission ownership changed. Updating all permissions.
05-24 21:01:55.838 659 659 I android.hardware.wifi@1.0-service-lazy: Wifi Hal is booting up...
05-24 21:01:55.839 659 659 I HidlLazyUtils: Registering HAL: android.hardware.wifi@1.5::IWifi with name: default
05-24 21:01:55.839 659 659 E cutils-trace: Error opening trace file: No such file or directory (2)
05-24 21:01:55.842 659 659 I HidlServiceManagement: Registered android.hardware.wifi@1.5::IWifi/default
05-24 21:01:55.842 471 636 D HalDevMgr: IWifi registration notification: fqName=android.hardware.wifi@1.0::IWifi, name=default, preexisting=false
05-24 21:01:55.842 659 659 I HidlServiceManagement: Removing namespace from process name android.hardware.wifi@1.0-service-lazy to wifi@1.0-service-lazy.
05-24 21:01:55.844 185 185 I hw-BpHwBinder: onLastStrongRef automatically unlinking death recipients
05-24 21:01:55.844 471 607 I android_os_HwBinder: HwBinder: Starting thread pool for getting: android.hardware.wifi@1.0::IWifi/default
05-24 21:01:55.848 471 607 D WifiNl80211Manager: tearing down interfaces in wificond
05-24 21:01:55.867 471 607 D WifiAdaptConnObserver: Adaptive connectivity status initialized to: true
05-24 21:01:55.868 471 607 D WifiController: EnabledState.enter()
05-24 21:01:55.868 471 607 D WifiClientModeManager[unknown]: entering IdleState
05-24 21:01:55.869 659 659 D WifiHWInfo: Start to load wireless module hardware info table...
05-24 21:01:55.869 471 561 E DefaultPermGrantPolicy: Package not found: org.xbmc.kodi
05-24 21:01:55.869 471 561 W DefaultPermGrantPolicy: No such package:org.xbmc.kodi
05-24 21:01:55.869 471 561 E DefaultPermGrantPolicy: Package not found: cm.aptoidetv.pt
05-24 21:01:55.869 471 561 W DefaultPermGrantPolicy: No such package:cm.aptoidetv.pt
05-24 21:01:55.869 659 659 D WifiHWInfo: Entry [01], BUS: SDIO, ID: 0x024C8179, Name: rtl8189es.
05-24 21:01:55.869 659 659 D WifiHWInfo: Entry [02], BUS: SDIO, ID: 0x024CB723, Name: rtl8723bs_vq0.
05-24 21:01:55.869 659 659 D WifiHWInfo: Entry [03], BUS: SDIO, ID: 0x024CB703, Name: rtl8723cs.
05-24 21:01:55.869 659 659 D WifiHWInfo: Entry [04], BUS: SDIO, ID: 0x024CD723, Name: rtl8723ds.
05-24 21:01:55.869 471 561 E DefaultPermGrantPolicy: Package not found: com.softwinner.TvdFileManager
05-24 21:01:55.869 659 659 D WifiHWInfo: Entry [05], BUS: SDIO, ID: 0x024CF179, Name: rtl8189fs.
05-24 21:01:55.869 659 659 D WifiHWInfo: Entry [06], BUS: SDIO, ID: 0x024CB822, Name: rtl88x2bs.
05-24 21:01:55.869 471 561 W DefaultPermGrantPolicy: No such package:com.softwinner.TvdFileManager
05-24 21:01:55.869 659 659 D WifiHWInfo: Entry [07], BUS: USB, ID: 0x0BDAD723, Name: rtl8723du.
05-24 21:01:55.869 659 659 D WifiHWInfo: Entry [08], BUS: USB, ID: 0x0BDA8179, Name: rtl8188etv.
05-24 21:01:55.869 659 659 D WifiHWInfo: Entry [09], BUS: USB, ID: 0x0BDA0179, Name: rtl8188eu.
05-24 21:01:55.869 659 659 D WifiHWInfo: Entry [10], BUS: USB, ID: 0x0BDA818B, Name: rtl8192eu.
05-24 21:01:55.869 659 659 D WifiHWInfo: Entry [11], BUS: USB, ID: 0x0BDAB720, Name: rtl8723bu.
05-24 21:01:55.869 659 659 D WifiHWInfo: Entry [12], BUS: USB, ID: 0x0BDAC82C, Name: rtl8822cu.
05-24 21:01:55.869 659 659 D WifiHWInfo: Entry [13], BUS: USB, ID: 0x0BDAF179, Name: rtl8188fu.
05-24 21:01:55.869 471 561 E DefaultPermGrantPolicy: Package not found: com.softwinner.TvdVideo
05-24 21:01:55.869 659 659 D WifiHWInfo: Entry [14], BUS: SDIO, ID: 0x02D0A9A6, Name: ap6212.
05-24 21:01:55.869 471 561 W DefaultPermGrantPolicy: No such package:com.softwinner.TvdVideo
05-24 21:01:55.869 659 659 D WifiHWInfo: Entry [15], BUS: SDIO, ID: 0x02D04330, Name: ap6330.
05-24 21:01:55.869 659 659 D WifiHWInfo: Entry [16], BUS: SDIO, ID: 0x02D04356, Name: ap6356s.
05-24 21:01:55.869 659 659 D WifiHWInfo: Entry [17], BUS: SDIO, ID: 0x02D0A9BF, Name: ap6255.
05-24 21:01:55.869 659 659 D WifiHWInfo: Entry [18], BUS: SDIO, ID: 0x02D04334, Name: bcm43342.
05-24 21:01:55.869 659 659 D WifiHWInfo: Entry [19], BUS: SDIO, ID: 0x00202281, Name: xr819.
05-24 21:01:55.869 659 659 D WifiHWInfo: Entry [20], BUS: SDIO, ID: 0x0A9E2282, Name: xr829.
05-24 21:01:55.869 659 659 D WifiHWInfo: Entry [21], BUS: SDIO, ID: 0x0271050A, Name: qca6174a.
05-24 21:01:55.869 659 659 D WifiHWInfo: Entry [22], BUS: SDIO, ID: 0x30303030, Name: ssv6x5x.
05-24 21:01:55.869 659 659 D WifiHWInfo: Entry [23], BUS: SDIO, ID: 0x00000000, Name: uwe5621.
05-24 21:01:55.869 471 561 E DefaultPermGrantPolicy: Package not found: com.android.chrome
05-24 21:01:55.870 471 561 W DefaultPermGrantPolicy: No such package:com.android.chrome
05-24 21:01:55.870 659 659 D WifiHWInfo: Entry [24], BUS: SDIO, ID: 0x54490145, Name: aic8800.
05-24 21:01:55.870 471 561 E DefaultPermGrantPolicy: Package not found: com.android.vending
05-24 21:01:55.870 659 659 D WifiHWInfo: Entry [25], BUS: SDIO, ID: 0xC8A1C08D, Name: aic8800.
05-24 21:01:55.870 471 561 W DefaultPermGrantPolicy: No such package:com.android.vending
05-24 21:01:55.870 659 659 D WifiHWInfo: Entry [26], BUS: USB, ID: 0xA69C8800, Name: aic8800.
05-24 21:01:55.870 471 561 E DefaultPermGrantPolicy: Package not found: com.google.android.tts
05-24 21:01:55.870 471 561 W DefaultPermGrantPolicy: No such package:com.google.android.tts
05-24 21:01:55.870 659 659 D WifiHWInfo: Entry [27], BUS: USB, ID: 0x007A8888, Name: atbm6023is.
05-24 21:01:55.870 471 561 E DefaultPermGrantPolicy: Package not found: com.google.android.youtube.tv
05-24 21:01:55.870 471 561 W DefaultPermGrantPolicy: No such package:com.google.android.youtube.tv
05-24 21:01:55.870 659 659 D WifiHWInfo: Entry [28], BUS: SDIO, ID: 0x02E79086, Name: 9012p.
05-24 21:01:55.870 471 561 E DefaultPermGrantPolicy: Package not found: com.google.android.katniss
05-24 21:01:55.870 471 561 W DefaultPermGrantPolicy: No such package:com.google.android.katniss
05-24 21:01:55.870 659 659 D WifiHWInfo: Entry [29], BUS: SDIO, ID: 0x007A6011, Name: atbm613x_wifi_sdio.
05-24 21:01:55.870 659 659 D WifiHWInfo: Entry [30], BUS: SDIO, ID: 0x024CC822, Name: 88x2cs.
05-24 21:01:55.870 471 561 E DefaultPermGrantPolicy: Package not found: com.google.android.gms
05-24 21:01:55.870 471 561 W DefaultPermGrantPolicy: No such package:com.google.android.gms
05-24 21:01:55.870 659 659 D WifiHWInfo: Entry [31], BUS: SDIO, ID: 0x000018F0, Name: dummy.
05-24 21:01:55.870 659 659 W android.hardware.wifi@1.0-service-lazy: DRIVER_MODULE_TAG: sprdwl_ng : Success
05-24 21:01:55.871 659 659 I android.hardware.wifi@1.0-service-lazy: driver_module_path: /vendor/lib/modules/sprdwl_ng.ko
05-24 21:01:55.871 659 659 I android.hardware.wifi@1.0-service-lazy: driver_module_arg:
05-24 21:01:55.877 471 471 D StagingManagerTiming: restoreSessions took to complete: 7ms
05-24 21:01:55.877 471 471 D SystemServerTiming: MakePackageManagerServiceReady took to complete: 95ms
05-24 21:01:55.877 471 471 I SystemServerTiming: MakeDisplayManagerServiceReady
05-24 21:01:55.879 471 521 E DisplayModeDirector: Asked about unknown display, returning empty display mode specs!(id=0)
05-24 21:01:55.880 471 521 E DisplayModeDirector: Asked about unknown display, returning empty display mode specs!(id=0)
05-24 21:01:55.882 471 471 D SystemServerTiming: MakeDisplayManagerServiceReady took to complete: 5ms
05-24 21:01:55.882 471 471 I SystemServerTiming: StartDeviceSpecificServices
05-24 21:01:55.882 471 471 D SystemServerTiming: StartDeviceSpecificServices took to complete: 0ms
05-24 21:01:55.882 471 471 I SystemServerTiming: GameManagerService
05-24 21:01:55.882 471 471 I SystemServiceManager: Starting com.android.server.app.GameManagerService$Lifecycle
05-24 21:01:55.888 471 471 D SystemServerTiming: GameManagerService took to complete: 6ms
05-24 21:01:55.888 471 471 I SystemServerTiming: StartBootPhaseDeviceSpecificServicesReady
05-24 21:01:55.888 471 471 I SystemServiceManager: Starting phase 520
05-24 21:01:55.888 471 471 I SystemServerTiming: OnBootPhase_520
05-24 21:01:55.889 471 471 D SoundTriggerService: onBootPhase: 520 : false
05-24 21:01:55.889 471 471 D SystemServerTiming: OnBootPhase_520 took to complete: 1ms
05-24 21:01:55.889 471 471 D SystemServerTiming: StartBootPhaseDeviceSpecificServicesReady took to complete: 1ms
05-24 21:01:55.889 471 471 I SystemServerTiming: AppSearchManagerService
05-24 21:01:55.890 471 471 I SystemServiceManager: Starting com.android.server.appsearch.AppSearchManagerService
05-24 21:01:55.895 471 471 D SystemServerTiming: AppSearchManagerService took to complete: 6ms
05-24 21:01:55.895 471 471 I SystemServerTiming: StartMediaCommunicationService
05-24 21:01:55.895 471 471 I SystemServiceManager: Starting com.android.server.media.MediaCommunicationService
05-24 21:01:55.898 471 471 D SystemServerTiming: StartMediaCommunicationService took to complete: 3ms
05-24 21:01:55.898 471 471 I SystemServerTiming: PhaseActivityManagerReady
05-24 21:01:55.898 471 471 I SystemServerTiming: controllersReady
05-24 21:01:55.903 471 570 I SystemServerTimingAsync: InitThreadPoolExec:Update app-ops uidState in case package com.youjoy.strugglelandlord changed
05-24 21:01:55.903 471 525 I SystemServerTimingAsync: InitThreadPoolExec:Update app-ops uidState in case package com.cibn.tv changed
05-24 21:01:55.903 471 570 D SystemServerInitThreadPool: Started executing Update app-ops uidState in case package com.youjoy.strugglelandlord changed
05-24 21:01:55.903 471 525 D SystemServerInitThreadPool: Started executing Update app-ops uidState in case package com.cibn.tv changed
05-24 21:01:55.903 471 517 I SystemServerTimingAsync: InitThreadPoolExec:Update app-ops uidState in case package com.ktcp.video changed
05-24 21:01:55.903 471 517 D SystemServerInitThreadPool: Started executing Update app-ops uidState in case package com.ktcp.video changed
05-24 21:01:55.903 471 570 D SystemServerInitThreadPool: Finished executing Update app-ops uidState in case package com.youjoy.strugglelandlord changed
05-24 21:01:55.903 471 578 I SystemServerTimingAsync: InitThreadPoolExec:Update app-ops uidState in case package com.dangbei.hqmedia changed
05-24 21:01:55.903 471 517 D SystemServerInitThreadPool: Finished executing Update app-ops uidState in case package com.ktcp.video changed
05-24 21:01:55.903 471 578 D SystemServerInitThreadPool: Started executing Update app-ops uidState in case package com.dangbei.hqmedia changed
05-24 21:01:55.903 471 578 D SystemServerInitThreadPool: Finished executing Update app-ops uidState in case package com.dangbei.hqmedia changed
05-24 21:01:55.903 471 578 D SystemServerTimingAsync: InitThreadPoolExec:Update app-ops uidState in case package com.dangbei.hqmedia changed took to complete: 0ms
05-24 21:01:55.903 471 517 D SystemServerTimingAsync: InitThreadPoolExec:Update app-ops uidState in case package com.ktcp.video changed took to complete: 0ms
05-24 21:01:55.903 471 525 D SystemServerInitThreadPool: Finished executing Update app-ops uidState in case package com.cibn.tv changed
05-24 21:01:55.904 471 525 D SystemServerTimingAsync: InitThreadPoolExec:Update app-ops uidState in case package com.cibn.tv changed took to complete: 0ms
05-24 21:01:55.904 471 525 I SystemServerTimingAsync: InitThreadPoolExec:Update app-ops uidState in case package com.android.tv changed
05-24 21:01:55.904 471 525 D SystemServerInitThreadPool: Started executing Update app-ops uidState in case package com.android.tv changed
05-24 21:01:55.904 471 525 D SystemServerInitThreadPool: Finished executing Update app-ops uidState in case package com.android.tv changed
05-24 21:01:55.904 471 525 D SystemServerTimingAsync: InitThreadPoolExec:Update app-ops uidState in case package com.android.tv changed took to complete: 0ms
05-24 21:01:55.904 471 471 D SystemServerTiming: controllersReady took to complete: 6ms
05-24 21:01:55.904 471 525 I SystemServerTimingAsync: InitThreadPoolExec:Update app-ops uidState in case package com.dangbei.lerad.videoposter changed
05-24 21:01:55.904 471 525 D SystemServerInitThreadPool: Started executing Update app-ops uidState in case package com.dangbei.lerad.videoposter changed
05-24 21:01:55.904 471 525 D SystemServerInitThreadPool: Finished executing Update app-ops uidState in case package com.dangbei.lerad.videoposter changed
05-24 21:01:55.904 471 525 D SystemServerTimingAsync: InitThreadPoolExec:Update app-ops uidState in case package com.dangbei.lerad.videoposter changed took to complete: 0ms
05-24 21:01:55.904 471 525 I SystemServerTimingAsync: InitThreadPoolExec:Update app-ops uidState in case package com.dangbei.lerad.screensaver changed
05-24 21:01:55.904 471 525 D SystemServerInitThreadPool: Started executing Update app-ops uidState in case package com.dangbei.lerad.screensaver changed
05-24 21:01:55.904 471 525 D SystemServerInitThreadPool: Finished executing Update app-ops uidState in case package com.dangbei.lerad.screensaver changed
05-24 21:01:55.904 471 525 D SystemServerTimingAsync: InitThreadPoolExec:Update app-ops uidState in case package com.dangbei.lerad.screensaver changed took to complete: 0ms
05-24 21:01:55.904 471 525 I SystemServerTimingAsync: InitThreadPoolExec:Update app-ops uidState in case package com.sohu.inputmethod.sogou.tv changed
05-24 21:01:55.904 471 525 D SystemServerInitThreadPool: Started executing Update app-ops uidState in case package com.sohu.inputmethod.sogou.tv changed
05-24 21:01:55.905 471 525 D SystemServerInitThreadPool: Finished executing Update app-ops uidState in case package com.sohu.inputmethod.sogou.tv changed
05-24 21:01:55.905 471 525 D SystemServerTimingAsync: InitThreadPoolExec:Update app-ops uidState in case package com.sohu.inputmethod.sogou.tv changed took to complete: 1ms
05-24 21:01:55.905 471 525 I SystemServerTimingAsync: InitThreadPoolExec:Update app-ops uidState in case package com.android.music changed
05-24 21:01:55.905 471 525 D SystemServerInitThreadPool: Started executing Update app-ops uidState in case package com.android.music changed
05-24 21:01:55.905 471 525 D SystemServerInitThreadPool: Finished executing Update app-ops uidState in case package com.android.music changed
05-24 21:01:55.905 471 525 D SystemServerTimingAsync: InitThreadPoolExec:Update app-ops uidState in case package com.android.music changed took to complete: 0ms
05-24 21:01:55.905 471 525 I SystemServerTimingAsync: InitThreadPoolExec:Update app-ops uidState in case package com.dangbei.screencast changed
05-24 21:01:55.905 471 525 D SystemServerInitThreadPool: Started executing Update app-ops uidState in case package com.dangbei.screencast changed
05-24 21:01:55.905 471 578 I SystemServerTimingAsync: InitThreadPoolExec:Update app-ops uidState in case package com.android.providers.media.module changed
05-24 21:01:55.905 471 578 D SystemServerInitThreadPool: Started executing Update app-ops uidState in case package com.android.providers.media.module changed
05-24 21:01:55.905 471 578 D SystemServerInitThreadPool: Finished executing Update app-ops uidState in case package com.android.providers.media.module changed
05-24 21:01:55.905 471 578 D SystemServerTimingAsync: InitThreadPoolExec:Update app-ops uidState in case package com.android.providers.media.module changed took to complete: 0ms
05-24 21:01:55.905 471 578 I SystemServerTimingAsync: InitThreadPoolExec:Update app-ops uidState in case package com.android.providers.calendar changed
05-24 21:01:55.905 471 578 D SystemServerInitThreadPool: Started executing Update app-ops uidState in case package com.android.providers.calendar changed
05-24 21:01:55.905 471 578 D SystemServerInitThreadPool: Finished executing Update app-ops uidState in case package com.android.providers.calendar changed
05-24 21:01:55.905 471 578 D SystemServerTimingAsync: InitThreadPoolExec:Update app-ops uidState in case package com.android.providers.calendar changed took to complete: 0ms
05-24 21:01:55.905 471 578 I SystemServerTimingAsync: InitThreadPoolExec:Update app-ops uidState in case package com.android.providers.contacts changed
05-24 21:01:55.905 471 578 D SystemServerInitThreadPool: Started executing Update app-ops uidState in case package com.android.providers.contacts changed
05-24 21:01:55.905 471 525 D SystemServerInitThreadPool: Finished executing Update app-ops uidState in case package com.dangbei.screencast changed
05-24 21:01:55.905 471 525 D SystemServerTimingAsync: InitThreadPoolExec:Update app-ops uidState in case package com.dangbei.screencast changed took to complete: 0ms
05-24 21:01:55.905 471 525 I SystemServerTimingAsync: InitThreadPoolExec:Update app-ops uidState in case package com.android.soundpicker changed
05-24 21:01:55.905 471 525 D SystemServerInitThreadPool: Started executing Update app-ops uidState in case package com.android.soundpicker changed
05-24 21:01:55.906 471 525 D SystemServerInitThreadPool: Finished executing Update app-ops uidState in case package com.android.soundpicker changed
05-24 21:01:55.906 471 525 D SystemServerTimingAsync: InitThreadPoolExec:Update app-ops uidState in case package com.android.soundpicker changed took to complete: 1ms
05-24 21:01:55.906 471 525 I SystemServerTimingAsync: InitThreadPoolExec:Update app-ops uidState in case package com.dangbei.hqguide changed
05-24 21:01:55.906 471 525 D SystemServerInitThreadPool: Started executing Update app-ops uidState in case package com.dangbei.hqguide changed
05-24 21:01:55.906 471 525 D SystemServerInitThreadPool: Finished executing Update app-ops uidState in case package com.dangbei.hqguide changed
05-24 21:01:55.906 471 578 D SystemServerInitThreadPool: Finished executing Update app-ops uidState in case package com.android.providers.contacts changed
05-24 21:01:55.906 471 578 D SystemServerTimingAsync: InitThreadPoolExec:Update app-ops uidState in case package com.android.providers.contacts changed took to complete: 1ms
05-24 21:01:55.906 471 578 I SystemServerTimingAsync: InitThreadPoolExec:Update app-ops uidState in case package com.android.providers.tv changed
05-24 21:01:55.906 471 578 D SystemServerInitThreadPool: Started executing Update app-ops uidState in case package com.android.providers.tv changed
05-24 21:01:55.906 471 578 D SystemServerInitThreadPool: Finished executing Update app-ops uidState in case package com.android.providers.tv changed
05-24 21:01:55.906 471 578 D SystemServerTimingAsync: InitThreadPoolExec:Update app-ops uidState in case package com.android.providers.tv changed took to complete: 0ms
05-24 21:01:55.906 471 578 I SystemServerTimingAsync: InitThreadPoolExec:Update app-ops uidState in case package com.android.bluetooth changed
05-24 21:01:55.906 471 578 D SystemServerInitThreadPool: Started executing Update app-ops uidState in case package com.android.bluetooth changed
05-24 21:01:55.906 471 578 D SystemServerInitThreadPool: Finished executing Update app-ops uidState in case package com.android.bluetooth changed
05-24 21:01:55.906 471 578 D SystemServerTimingAsync: InitThreadPoolExec:Update app-ops uidState in case package com.android.bluetooth changed took to complete: 0ms
05-24 21:01:55.906 471 578 I SystemServerTimingAsync: InitThreadPoolExec:Update app-ops uidState in case package com.android.dynsystem changed
05-24 21:01:55.906 471 578 D SystemServerInitThreadPool: Started executing Update app-ops uidState in case package com.android.dynsystem changed
05-24 21:01:55.906 471 578 D SystemServerInitThreadPool: Finished executing Update app-ops uidState in case package com.android.dynsystem changed
05-24 21:01:55.906 471 578 D SystemServerTimingAsync: InitThreadPoolExec:Update app-ops uidState in case package com.android.dynsystem changed took to complete: 0ms
05-24 21:01:55.906 471 578 I SystemServerTimingAsync: InitThreadPoolExec:Update app-ops uidState in case package com.dangbei.lerad.rocky changed
05-24 21:01:55.906 471 578 D SystemServerInitThreadPool: Started executing Update app-ops uidState in case package com.dangbei.lerad.rocky changed
05-24 21:01:55.906 471 578 D SystemServerInitThreadPool: Finished executing Update app-ops uidState in case package com.dangbei.lerad.rocky changed
05-24 21:01:55.907 471 578 D SystemServerTimingAsync: InitThreadPoolExec:Update app-ops uidState in case package com.dangbei.lerad.rocky changed took to complete: 0ms
05-24 21:01:55.907 471 578 I SystemServerTimingAsync: InitThreadPoolExec:Update app-ops uidState in case package com.android.tv.settings changed
05-24 21:01:55.907 471 578 D SystemServerInitThreadPool: Started executing Update app-ops uidState in case package com.android.tv.settings changed
05-24 21:01:55.907 471 578 D SystemServerInitThreadPool: Finished executing Update app-ops uidState in case package com.android.tv.settings changed
05-24 21:01:55.907 471 578 D SystemServerTimingAsync: InitThreadPoolExec:Update app-ops uidState in case package com.android.tv.settings changed took to complete: 1ms
05-24 21:01:55.907 471 578 I SystemServerTimingAsync: InitThreadPoolExec:Update app-ops uidState in case package com.oranth.factory changed
05-24 21:01:55.907 471 578 D SystemServerInitThreadPool: Started executing Update app-ops uidState in case package com.oranth.factory changed
05-24 21:01:55.907 471 578 D SystemServerInitThreadPool: Finished executing Update app-ops uidState in case package com.oranth.factory changed
05-24 21:01:55.907 471 578 D SystemServerTimingAsync: InitThreadPoolExec:Update app-ops uidState in case package com.oranth.factory changed took to complete: 0ms
05-24 21:01:55.907 471 578 I SystemServerTimingAsync: InitThreadPoolExec:Update app-ops uidState in case package com.dangbei.zhushou.os changed
05-24 21:01:55.907 471 578 D SystemServerInitThreadPool: Started executing Update app-ops uidState in case package com.dangbei.zhushou.os changed
05-24 21:01:55.907 471 578 D SystemServerInitThreadPool: Finished executing Update app-ops uidState in case package com.dangbei.zhushou.os changed
05-24 21:01:55.907 471 471 I SystemServerTiming: killProcesses
05-24 21:01:55.907 471 517 I SystemServerTimingAsync: InitThreadPoolExec:Update app-ops uidState in case package com.android.systemui changed
05-24 21:01:55.907 471 471 D SystemServerTiming: killProcesses took to complete: 0ms
05-24 21:01:55.907 471 517 D SystemServerInitThreadPool: Started executing Update app-ops uidState in case package com.android.systemui changed
05-24 21:01:55.907 471 570 D SystemServerTimingAsync: InitThreadPoolExec:Update app-ops uidState in case package com.youjoy.strugglelandlord changed took to complete: 0ms
05-24 21:01:55.907 471 525 D SystemServerTimingAsync: InitThreadPoolExec:Update app-ops uidState in case package com.dangbei.hqguide changed took to complete: 0ms
05-24 21:01:55.907 471 570 I SystemServerTimingAsync: InitThreadPoolExec:Update app-ops uidState in case package com.oranth.ledstatus changed
05-24 21:01:55.907 471 570 D SystemServerInitThreadPool: Started executing Update app-ops uidState in case package com.oranth.ledstatus changed
05-24 21:01:55.907 471 570 D SystemServerInitThreadPool: Finished executing Update app-ops uidState in case package com.oranth.ledstatus changed
05-24 21:01:55.907 471 570 D SystemServerTimingAsync: InitThreadPoolExec:Update app-ops uidState in case package com.oranth.ledstatus changed took to complete: 0ms
05-24 21:01:55.907 471 570 I SystemServerTimingAsync: InitThreadPoolExec:Update app-ops uidState in case package com.dangbei.leard.leradlauncher changed
05-24 21:01:55.907 471 570 D SystemServerInitThreadPool: Started executing Update app-ops uidState in case package com.dangbei.leard.leradlauncher changed
05-24 21:01:55.907 471 570 D SystemServerInitThreadPool: Finished executing Update app-ops uidState in case package com.dangbei.leard.leradlauncher changed
05-24 21:01:55.907 471 570 D SystemServerTimingAsync: InitThreadPoolExec:Update app-ops uidState in case package com.dangbei.leard.leradlauncher changed took to complete: 0ms
05-24 21:01:55.907 471 570 I SystemServerTimingAsync: InitThreadPoolExec:Update app-ops uidState in case package com.android.providers.settings changed
05-24 21:01:55.907 471 570 D SystemServerInitThreadPool: Started executing Update app-ops uidState in case package com.android.providers.settings changed
05-24 21:01:55.908 471 570 D SystemServerInitThreadPool: Finished executing Update app-ops uidState in case package com.android.providers.settings changed
05-24 21:01:55.908 471 570 D SystemServerTimingAsync: InitThreadPoolExec:Update app-ops uidState in case package com.android.providers.settings changed took to complete: 0ms
05-24 21:01:55.908 471 570 I SystemServerTimingAsync: InitThreadPoolExec:Update app-ops uidState in case package com.android.inputdevices changed
05-24 21:01:55.908 471 570 D SystemServerInitThreadPool: Started executing Update app-ops uidState in case package com.android.inputdevices changed
05-24 21:01:55.908 471 570 D SystemServerInitThreadPool: Finished executing Update app-ops uidState in case package com.android.inputdevices changed
05-24 21:01:55.908 471 471 I ActivityManager: System now ready
05-24 21:01:55.908 471 517 D SystemServerInitThreadPool: Finished executing Update app-ops uidState in case package com.android.systemui changed
05-24 21:01:55.908 471 525 I SystemServerTimingAsync: InitThreadPoolExec:Update app-ops uidState in case package android changed
05-24 21:01:55.908 471 525 D SystemServerInitThreadPool: Started executing Update app-ops uidState in case package android changed
05-24 21:01:55.908 471 525 D SystemServerInitThreadPool: Finished executing Update app-ops uidState in case package android changed
05-24 21:01:55.908 471 570 D SystemServerTimingAsync: InitThreadPoolExec:Update app-ops uidState in case package com.android.inputdevices changed took to complete: 0ms
05-24 21:01:55.908 471 570 I SystemServerTimingAsync: InitThreadPoolExec:Update app-ops uidState in case package com.oranth.inputmacsn changed
05-24 21:01:55.908 471 570 D SystemServerInitThreadPool: Started executing Update app-ops uidState in case package com.oranth.inputmacsn changed
05-24 21:01:55.908 471 570 D SystemServerInitThreadPool: Finished executing Update app-ops uidState in case package com.oranth.inputmacsn changed
05-24 21:01:55.908 471 570 D SystemServerTimingAsync: InitThreadPoolExec:Update app-ops uidState in case package com.oranth.inputmacsn changed took to complete: 0ms
05-24 21:01:55.908 471 517 D SystemServerTimingAsync: InitThreadPoolExec:Update app-ops uidState in case package com.android.systemui changed took to complete: 1ms
05-24 21:01:55.908 471 578 D SystemServerTimingAsync: InitThreadPoolExec:Update app-ops uidState in case package com.dangbei.zhushou.os changed took to complete: 0ms
05-24 21:01:55.908 471 517 I SystemServerTimingAsync: InitThreadPoolExec:Update app-ops uidState in case package com.android.localtransport changed
05-24 21:01:55.908 471 578 I SystemServerTimingAsync: InitThreadPoolExec:Update app-ops uidState in case package com.android.packageinstaller changed
05-24 21:01:55.908 471 570 I SystemServerTimingAsync: InitThreadPoolExec:Update app-ops uidState in case package com.android.keychain changed
05-24 21:01:55.908 471 471 I SystemServerTiming: updateTopComponentForFactoryTest
05-24 21:01:55.908 471 517 D SystemServerInitThreadPool: Started executing Update app-ops uidState in case package com.android.localtransport changed
05-24 21:01:55.908 471 517 D SystemServerInitThreadPool: Finished executing Update app-ops uidState in case package com.android.localtransport changed
05-24 21:01:55.908 471 517 D SystemServerTimingAsync: InitThreadPoolExec:Update app-ops uidState in case package com.android.localtransport changed took to complete: 0ms
05-24 21:01:55.908 471 517 I SystemServerTimingAsync: InitThreadPoolExec:Update app-ops uidState in case package com.oranth.usbopenft changed
05-24 21:01:55.908 471 517 D SystemServerInitThreadPool: Started executing Update app-ops uidState in case package com.oranth.usbopenft changed
05-24 21:01:55.909 471 517 D SystemServerInitThreadPool: Finished executing Update app-ops uidState in case package com.oranth.usbopenft changed
05-24 21:01:55.909 471 517 D SystemServerTimingAsync: InitThreadPoolExec:Update app-ops uidState in case package com.oranth.usbopenft changed took to complete: 0ms
05-24 21:01:55.909 471 517 I SystemServerTimingAsync: InitThreadPoolExec:Update app-ops uidState in case package com.dangbei.lerad.etna.haqu changed
05-24 21:01:55.909 471 517 D SystemServerInitThreadPool: Started executing Update app-ops uidState in case package com.dangbei.lerad.etna.haqu changed
05-24 21:01:55.909 471 517 D SystemServerInitThreadPool: Finished executing Update app-ops uidState in case package com.dangbei.lerad.etna.haqu changed
05-24 21:01:55.909 471 517 D SystemServerTimingAsync: InitThreadPoolExec:Update app-ops uidState in case package com.dangbei.lerad.etna.haqu changed took to complete: 0ms
05-24 21:01:55.909 471 517 I SystemServerTimingAsync: InitThreadPoolExec:Update app-ops uidState in case package com.oranth.powerwindow changed
05-24 21:01:55.909 471 517 D SystemServerInitThreadPool: Started executing Update app-ops uidState in case package com.oranth.powerwindow changed
05-24 21:01:55.909 471 517 D SystemServerInitThreadPool: Finished executing Update app-ops uidState in case package com.oranth.powerwindow changed
05-24 21:01:55.909 471 517 D SystemServerTimingAsync: InitThreadPoolExec:Update app-ops uidState in case package com.oranth.powerwindow changed took to complete: 0ms
05-24 21:01:55.909 471 517 I SystemServerTimingAsync: InitThreadPoolExec:Update app-ops uidState in case package com.android.wallpaperbackup changed
05-24 21:01:55.909 471 517 D SystemServerInitThreadPool: Started executing Update app-ops uidState in case package com.android.wallpaperbackup changed
05-24 21:01:55.909 471 517 D SystemServerInitThreadPool: Finished executing Update app-ops uidState in case package com.android.wallpaperbackup changed
05-24 21:01:55.909 471 517 D SystemServerTimingAsync: InitThreadPoolExec:Update app-ops uidState in case package com.android.wallpaperbackup changed took to complete: 0ms
05-24 21:01:55.909 471 517 I SystemServerTimingAsync: InitThreadPoolExec:Update app-ops uidState in case package com.oranth.storage changed
05-24 21:01:55.909 471 517 D SystemServerInitThreadPool: Started executing Update app-ops uidState in case package com.oranth.storage changed
05-24 21:01:55.909 471 517 D SystemServerInitThreadPool: Finished executing Update app-ops uidState in case package com.oranth.storage changed
05-24 21:01:55.909 471 517 D SystemServerTimingAsync: InitThreadPoolExec:Update app-ops uidState in case package com.oranth.storage changed took to complete: 0ms
05-24 21:01:55.909 471 517 I SystemServerTimingAsync: InitThreadPoolExec:Update app-ops uidState in case package com.android.location.fused changed
05-24 21:01:55.909 471 517 D SystemServerInitThreadPool: Started executing Update app-ops uidState in case package com.android.location.fused changed
05-24 21:01:55.909 471 517 D SystemServerInitThreadPool: Finished executing Update app-ops uidState in case package com.android.location.fused changed
05-24 21:01:55.909 471 517 D SystemServerTimingAsync: InitThreadPoolExec:Update app-ops uidState in case package com.android.location.fused changed took to complete: 0ms
05-24 21:01:55.909 471 517 I SystemServerTimingAsync: InitThreadPoolExec:Update app-ops uidState in case package com.dangbei.haqusetting changed
05-24 21:01:55.909 471 517 D SystemServerInitThreadPool: Started executing Update app-ops uidState in case package com.dangbei.haqusetting changed
05-24 21:01:55.909 471 517 D SystemServerInitThreadPool: Finished executing Update app-ops uidState in case package com.dangbei.haqusetting changed
05-24 21:01:55.909 471 517 D SystemServerTimingAsync: InitThreadPoolExec:Update app-ops uidState in case package com.dangbei.haqusetting changed took to complete: 0ms
05-24 21:01:55.909 471 517 I SystemServerTimingAsync: InitThreadPoolExec:Update app-ops uidState in case package com.softwinner.miracastReceiver changed
05-24 21:01:55.909 471 517 D SystemServerInitThreadPool: Started executing Update app-ops uidState in case package com.softwinner.miracastReceiver changed
05-24 21:01:55.909 471 517 D SystemServerInitThreadPool: Finished executing Update app-ops uidState in case package com.softwinner.miracastReceiver changed
05-24 21:01:55.909 471 517 D SystemServerTimingAsync: InitThreadPoolExec:Update app-ops uidState in case package com.softwinner.miracastReceiver changed took to complete: 0ms
05-24 21:01:55.909 471 570 D SystemServerInitThreadPool: Started executing Update app-ops uidState in case package com.android.keychain changed
05-24 21:01:55.910 471 471 D SystemServerTiming: updateTopComponentForFactoryTest took to complete: 0ms
05-24 21:01:55.910 471 525 D SystemServerTimingAsync: InitThreadPoolExec:Update app-ops uidState in case package android changed took to complete: 0ms
05-24 21:01:55.910 471 570 D SystemServerInitThreadPool: Finished executing Update app-ops uidState in case package com.android.keychain changed
05-24 21:01:55.910 471 570 D SystemServerTimingAsync: InitThreadPoolExec:Update app-ops uidState in case package com.android.keychain changed took to complete: 2ms
05-24 21:01:55.910 471 578 D SystemServerInitThreadPool: Started executing Update app-ops uidState in case package com.android.packageinstaller changed
05-24 21:01:55.910 471 578 D SystemServerInitThreadPool: Finished executing Update app-ops uidState in case package com.android.packageinstaller changed
05-24 21:01:55.910 471 578 D SystemServerTimingAsync: InitThreadPoolExec:Update app-ops uidState in case package com.android.packageinstaller changed took to complete: 2ms
05-24 21:01:55.910 471 471 I SystemServerTiming: registerActivityLaunchObserver
05-24 21:01:55.910 471 471 D SystemServerTiming: registerActivityLaunchObserver took to complete: 0ms
05-24 21:01:55.910 471 471 I SystemServerTiming: watchDeviceProvisioning
05-24 21:01:55.911 317 319 D XM_HIDREAD: add@ add@/bus/platform/drivers/unisoc_wifi
05-24 21:01:55.919 471 471 D SystemServerTiming: watchDeviceProvisioning took to complete: 9ms
05-24 21:01:55.919 471 471 I SystemServerTiming: retrieveSettings
05-24 21:01:55.921 317 319 D XM_HIDREAD: add@ add@/devices/platform/unisoc_wifi
05-24 21:01:55.922 471 471 I ActivityTaskManager: Config changes=10000000 {1.0 ?mcc?mnc [zh_CN] ldltr sw720dp w1280dp h696dp 240dpi xlrg long land television -touch qwerty/v/v dpad/v winConfig={ mBounds=Rect(0, 0 - 1920, 1080) mAppBounds=Rect(0, 0 - 1920, 1080) mMaxBounds=Rect(0, 0 - 1920, 1080) mWindowingMode=fullscreen mDisplayWindowingMode=fullscreen mActivityType=undefined mAlwaysOnTop=undefined mRotation=ROTATION_0} s.6 fontWeightAdjustment=0}
05-24 21:01:55.923 471 471 I WindowManager: Override config changes=10000000 {1.0 ?mcc?mnc [zh_CN] ldltr sw720dp w1280dp h696dp 240dpi xlrg long land television -touch qwerty/v/v dpad/v winConfig={ mBounds=Rect(0, 0 - 1920, 1080) mAppBounds=Rect(0, 0 - 1920, 1080) mMaxBounds=Rect(0, 0 - 1920, 1080) mWindowingMode=fullscreen mDisplayWindowingMode=fullscreen mActivityType=undefined mAlwaysOnTop=undefined mRotation=ROTATION_0} s.6 fontWeightAdjustment=0} for displayId=0
05-24 21:01:55.928 471 471 D SystemServerTiming: retrieveSettings took to complete: 9ms
05-24 21:01:55.928 471 471 I SystemServerTiming: Ugm.onSystemReady
05-24 21:01:55.929 471 471 D SystemServerTiming: Ugm.onSystemReady took to complete: 1ms
05-24 21:01:55.929 471 471 I SystemServerTiming: updateForceBackgroundCheck
05-24 21:01:55.929 471 471 D SystemServerTiming: updateForceBackgroundCheck took to complete: 0ms
05-24 21:01:55.929 471 471 I SystemServer: Making services ready
05-24 21:01:55.929 471 471 I SystemServerTiming: StartActivityManagerReadyPhase
05-24 21:01:55.929 471 471 I SystemServiceManager: Starting phase 550
05-24 21:01:55.929 471 471 I SystemServerTiming: OnBootPhase_550
05-24 21:01:55.931 185 185 I hwservicemanager: getTransport: Cannot find entry android.hardware.thermal@2.0::IThermal/default in either framework or device VINTF manifest.
05-24 21:01:55.931 471 471 E ThermalHalWrapper: Thermal HAL 2.0 service not connected.
05-24 21:01:55.932 185 185 I hwservicemanager: getTransport: Cannot find entry android.hardware.thermal@1.1::IThermal/default in either framework or device VINTF manifest.
05-24 21:01:55.932 471 471 E ThermalHalWrapper: Thermal HAL 1.1 service not connected.
05-24 21:01:55.933 185 185 I hwservicemanager: getTransport: Cannot find entry android.hardware.thermal@1.0::IThermal/default in either framework or device VINTF manifest.
05-24 21:01:55.933 471 471 E ThermalHalWrapper: Thermal HAL 1.0 service not connected.
05-24 21:01:55.933 471 471 W ThermalManagerService: No Thermal HAL service on this device
05-24 21:01:55.937 471 471 W ActivityManager: Unable to start service Intent { act=com.android.ITelecomService cmp=com.android.server.telecom/.components.TelecomService } U=0: not found
05-24 21:01:56.060 280 280 I EventThread: type=1400 audit(0.0:322): avc: denied { search } for name="extcon" dev="sysfs" ino=18109 scontext=u:r:hal_tv_cec_default:s0 tcontext=u:object_r:sysfs_extcon:s0 tclass=dir permissive=1
01-01 08:00:20.566 659 659 I WCN : start_marlin [MARLIN_WIFI]
01-01 08:00:20.574 659 659 D : CPU: 0 PID: 659 Comm: wifi@1.0-servic Tainted: G O 5.4.125+ #1
01-01 08:00:20.584 659 659 D Hardware name: sun50iw9 (DT)
01-01 08:00:20.590 659 659 D Call trace:
01-01 08:00:20.593 659 659 D : dump_backtrace.cfi_jt+0x0/0x4
01-01 08:00:20.599 659 659 D : dump_stack+0xbc/0x104
01-01 08:00:20.603 659 659 D : marlin_set_power+0x2c/0x78c [uwe5621_bsp_sdio]
