05-24 21:02:07.041 471 1324 D CompatibilityChangeReporter: Compat change id reported: 172100307; UID 10074; state: DISABLED
05-24 21:02:07.088 1711 1711 W Role : Cannot get ApplicationInfo for default holder: com.android.messaging
05-24 21:02:07.145 1711 1711 I HibernationPolicy: scheduleHibernationJob with frequency 1296000000ms and threshold 7776000000ms
05-24 21:02:07.150 1711 1711 I HibernationPolicy: user 0 is a profileowner. Running hibernation job.
05-24 21:02:07.154 1711 1711 I HibernationPolicy: Job already scheduled.
05-24 21:02:07.165 471 750 D CompatibilityChangeReporter: Compat change id reported: 135634846; UID 10028; state: DISABLED
05-24 21:02:07.166 471 750 D CompatibilityChangeReporter: Compat change id reported: 177438394; UID 10028; state: DISABLED
05-24 21:02:07.166 471 750 D CompatibilityChangeReporter: Compat change id reported: 135772972; UID 10028; state: DISABLED
05-24 21:02:07.166 471 750 D CompatibilityChangeReporter: Compat change id reported: 135754954; UID 10028; state: ENABLED
05-24 21:02:07.167 471 540 D CompatibilityChangeReporter: Compat change id reported: 143937733; UID 10028; state: ENABLED
05-24 21:02:07.199 247 247 D Zygote : Forked child process 1848
05-24 21:02:07.200 471 540 I ActivityManager: app.processName = com.android.providers.calendar
05-24 21:02:07.200 471 540 I ActivityManager: Start proc 1848:com.android.providers.calendar/u0a28 for broadcast {com.android.providers.calendar/com.android.providers.calendar.CalendarReceiver}
05-24 21:02:07.214 1033 1149 W MediaProvider: getVolumePath for unknown volume: internal
05-24 21:02:07.226 1848 1848 I Zygote : seccomp disabled by setenforce 0
05-24 21:02:07.254 401 416 I adbd : jdwp connection from 1848
01-01 08:00:31.896 293 293 W audit : audit_lost=207 audit_rate_limit=5 audit_backlog_limit=64
01-01 08:00:31.913 293 293 E audit : rate limit exceeded
05-24 21:02:07.295 471 1324 D CompatibilityChangeReporter: Compat change id reported: 168419799; UID 10028; state: DISABLED
05-24 21:02:07.316 1848 1848 D CompatibilityChangeReporter: Compat change id reported: 171979766; UID 10028; state: ENABLED
05-24 21:02:07.284 1033 1149 W MediaProvider: getVolumePath for unknown volume: internal
05-24 21:02:07.376 1086 1375 D AppManager: checkLocalAppsIsValid: size
05-24 21:02:07.376 1086 1375 D AppManager: AppManager resetData:
05-24 21:02:07.383 471 520 W IorapForwardingService: No service published for: iorapd
05-24 21:02:07.392 1848 1848 V GraphicsEnvironment: ANGLE Developer option for 'com.android.providers.calendar' set to: 'default'
05-24 21:02:07.392 1848 1848 V GraphicsEnvironment: Neither updatable production driver nor prerelease driver is supported.
05-24 21:02:07.395 1848 1848 D NetworkSecurityConfig: No Network Security Config specified, using platform default
05-24 21:02:07.396 1848 1848 D NetworkSecurityConfig: No Network Security Config specified, using platform default
05-24 21:02:07.403 1086 1086 W eventbuscore: post Event:com.dangbei.leard.base.entity.event.NetWifiRssiEvent
05-24 21:02:07.410 471 607 D WifiScoreReport: setShouldReduceNetworkScore=false mNetworkAgent is null? true
05-24 21:02:07.411 471 607 D WifiClientModeImpl[wlan0]: CMD_START_CONNECT my state DisconnectedState nid=0 roam=false
05-24 21:02:07.437 1086 1086 I Choreographer: Skipped 64 frames! The application may be doing too much work on its main thread.
05-24 21:02:07.438 471 607 W LastMileLogger: Failed to open free_buffer pseudo-file: /sys/kernel/debug/tracing/instances/wifi/free_buffer: open failed: ENOENT (No such file or directory)
05-24 21:02:07.438 471 607 W LastMileLogger: Failed to arm fail-safe.
05-24 21:02:07.441 471 607 I WifiClientModeImpl[wlan0]: Connecting with b4:2f:03:15:e9:08 as the mac address
05-24 21:02:07.443 369 369 W wificond: Scan is not started. Ignore abort request
05-24 21:02:07.444 471 607 D SupplicantStaIfaceHal: connectToNetwork "DZNB"WPA_PSK
05-24 21:02:07.445 471 607 I SupplicantStaIfaceHal: addSupplicantStaNetwork via HIDL
05-24 21:02:07.462 1086 1529 I OpenGLRenderer: Davey! duration=9223372008185ms; Flags=0, FrameTimelineVsyncId=767, IntendedVsync=28669599016, Vsync=29736265640, InputEventId=0, HandleInputStart=29751926971, AnimationStart=29751930471, PerformTraversalsStart=29752149721, DrawStart=29752250929, FrameDeadline=28702932348, FrameInterval=29751771929, FrameStartTime=16666666, SyncQueued=29752439429, SyncStart=29752596554, IssueDrawCommandsStart=29753216054, SwapBuffers=29761433804, FrameCompleted=9223372036854775807, DequeueBufferDuration=46375, QueueBufferDuration=1434375, GpuCompleted=9223372036854775807, SwapBuffersCompleted=29763915638, DisplayPresentTime=0,
01-01 08:00:32.123 380 380 W hdr10p_Configure: 107 callbacks suppressed
01-01 08:00:32.123 380 380 I : DVI mode selected: packets not configured
05-24 21:02:07.486 1319 1319 D RockyManager: switchWakeIsAllow isQuitBootGuide: true isBtMode: false
05-24 21:02:07.486 1319 1319 D RockyManager: switchWakeIsAllow isAllowFarWake: true
01-01 08:00:32.137 380 380 W set_vsif_config: 107 callbacks suppressed
01-01 08:00:32.137 380 380 I : Error: set vsif failed
05-24 21:02:07.500 1086 1529 I OpenGLRenderer: Davey! duration=9223372007084ms; Flags=0, FrameTimelineVsyncId=770, IntendedVsync=29769600382, Vsync=29769600382, InputEventId=0, HandleInputStart=29770344138, AnimationStart=29770348638, PerformTraversalsStart=29770351638, DrawStart=29771138929, FrameDeadline=29802933714, FrameInterval=29770333679, FrameStartTime=16666666, SyncQueued=29773307763, SyncStart=29773498471, IssueDrawCommandsStart=29774697013, SwapBuffers=29783856638, FrameCompleted=9223372036854775807, DequeueBufferDuration=41208, QueueBufferDuration=6410166, GpuCompleted=9223372036854775807, SwapBuffersCompleted=29792633846, DisplayPresentTime=0,
05-24 21:02:07.519 1086 1451 I dangbei ad sdk: AdSplashView::show offline ad
01-01 08:00:32.166 380 380 I : DVI mode selected: packets not configured
01-01 08:00:32.172 380 380 I : Error: set vsif failed
05-24 21:02:07.529 1086 1529 I OpenGLRenderer: Davey! duration=9223372007062ms; Flags=0, FrameTimelineVsyncId=771, IntendedVsync=29786267048, Vsync=29786267048, InputEventId=0, HandleInputStart=29786752721, AnimationStart=29786756263, PerformTraversalsStart=29786759471, DrawStart=29786894263, FrameDeadline=29819600380, FrameInterval=29786742471, FrameStartTime=16666666, SyncQueued=29787268554, SyncStart=29792802471, IssueDrawCommandsStart=29793543971, SwapBuffers=29802121888, FrameCompleted=9223372036854775807, DequeueBufferDuration=29375, QueueBufferDuration=19259625, GpuCompleted=9223372036854775807, SwapBuffersCompleted=29822422471, DisplayPresentTime=0,
01-01 08:00:32.198 380 380 I : DVI mode selected: packets not configured
01-01 08:00:32.205 380 380 I : Error: set vsif failed
05-24 21:02:07.562 1086 1402 I OpenGLRenderer: Davey! duration=9223372007034ms; Flags=0, FrameTimelineVsyncId=775, IntendedVsync=29820031431, Vsync=29820031431, InputEventId=0, HandleInputStart=29827980054, AnimationStart=29827984596, PerformTraversalsStart=29827987221, DrawStart=29828197971, FrameDeadline=29853364763, FrameInterval=29827969971, FrameStartTime=16666666, SyncQueued=29830625263, SyncStart=29830795596, IssueDrawCommandsStart=29831415054, SwapBuffers=29856630763, FrameCompleted=9223372036854775807, DequeueBufferDuration=40417, QueueBufferDuration=2510917, GpuCompleted=9223372036854775807, SwapBuffersCompleted=29860428096, DisplayPresentTime=0,
01-01 08:00:32.237 380 380 I : DVI mode selected: packets not configured
01-01 08:00:32.244 380 380 I : Error: set vsif failed
05-24 21:02:07.600 1086 1529 I OpenGLRenderer: Davey! duration=9223372007002ms; Flags=0, FrameTimelineVsyncId=776, IntendedVsync=29836698097, Vsync=29836698097, InputEventId=0, HandleInputStart=29843779638, AnimationStart=29843783304, PerformTraversalsStart=29843786638, DrawStart=29844296513, FrameDeadline=29870031429, FrameInterval=29843770304, FrameStartTime=16666666, SyncQueued=29845109971, SyncStart=29860609596, IssueDrawCommandsStart=29862169929, SwapBuffers=29867377471, FrameCompleted=9223372036854775807, DequeueBufferDuration=35000, QueueBufferDuration=9440125, GpuCompleted=9223372036854775807, SwapBuffersCompleted=29896948346, DisplayPresentTime=0,
05-24 21:02:07.600 471 607 D SupplicantStaNetworkHal: The target security params: Security Parameters:
05-24 21:02:07.600 471 607 D SupplicantStaNetworkHal: Type: 2
05-24 21:02:07.600 471 607 D SupplicantStaNetworkHal: Enabled: true
05-24 21:02:07.600 471 607 D SupplicantStaNetworkHal: KeyMgmt: WPA_PSK
05-24 21:02:07.600 471 607 D SupplicantStaNetworkHal: Protocols: WPA RSN
05-24 21:02:07.600 471 607 D SupplicantStaNetworkHal: AuthAlgorithms:
05-24 21:02:07.600 471 607 D SupplicantStaNetworkHal: PairwiseCiphers: TKIP CCMP
05-24 21:02:07.600 471 607 D SupplicantStaNetworkHal: GroupCiphers: WEP40 WEP104 TKIP CCMP
05-24 21:02:07.600 471 607 D SupplicantStaNetworkHal: GroupMgmtCiphers:
05-24 21:02:07.600 471 607 D SupplicantStaNetworkHal: SuiteBCiphers:
05-24 21:02:07.600 471 607 D SupplicantStaNetworkHal: RequirePmf: false
05-24 21:02:07.600 471 607 D SupplicantStaNetworkHal: IsAddedByAutoUpgrade: false
05-24 21:02:07.600 471 607 D SupplicantStaNetworkHal: IsSaeH2eOnlyMode: false
05-24 21:02:07.600 471 607 D SupplicantStaNetworkHal: IsSaePkOnlyMode: false
01-01 08:00:32.266 380 380 I : DVI mode selected: packets not configured
01-01 08:00:32.273 380 380 I : Error: set vsif failed
05-24 21:02:07.640 1086 1107 I OpenGLRenderer: Davey! duration=9223372006966ms; Flags=0, FrameTimelineVsyncId=777, IntendedVsync=29853364763, Vsync=29853364763, InputEventId=0, HandleInputStart=29861629638, AnimationStart=29861631971, PerformTraversalsStart=29861635138, DrawStart=29861766929, FrameDeadline=29886698095, FrameInterval=29861623346, FrameStartTime=16666666, SyncQueued=29862140554, SyncStart=29897189179, IssueDrawCommandsStart=29899054388, SwapBuffers=29917398263, FrameCompleted=9223372036854775807, DequeueBufferDuration=39125, QueueBufferDuration=1426792, GpuCompleted=9223372036854775807, SwapBuffersCompleted=29929399096, DisplayPresentTime=0,
05-24 21:02:07.643 1848 1848 I CalendarProvider2: Created com.android.providers.calendar.CalendarAlarmManager@bd9a95d(com.android.providers.calendar.CalendarProvider2@835a2d2)
01-01 08:00:32.306 380 380 I : DVI mode selected: packets not configured
01-01 08:00:32.313 380 380 I : Error: set vsif failed
05-24 21:02:07.667 1086 1529 I OpenGLRenderer: Davey! duration=9223372006954ms; Flags=0, FrameTimelineVsyncId=779, IntendedVsync=29870041571, Vsync=29886708237, InputEventId=0, HandleInputStart=29898367138, AnimationStart=29898369721, PerformTraversalsStart=29898372429, DrawStart=29898534513, FrameDeadline=29903374903, FrameInterval=29898358471, FrameStartTime=16666666, SyncQueued=29899022429, SyncStart=29929573554, IssueDrawCommandsStart=29931078888, SwapBuffers=29936253596, FrameCompleted=9223372036854775807, DequeueBufferDuration=35292, QueueBufferDuration=3460709, GpuCompleted=9223372036854775807, SwapBuffersCompleted=29970443679, DisplayPresentTime=0,
05-24 21:02:07.690 1848 1902 D CompatibilityChangeReporter: Compat change id reported: 160794467; UID 10028; state: ENABLED
01-01 08:00:32.334 380 380 I : DVI mode selected: packets not configured
01-01 08:00:32.341 380 380 I : Error: set vsif failed
05-24 21:02:07.711 1086 1402 I OpenGLRenderer: Davey! duration=9223372006908ms; Flags=0, FrameTimelineVsyncId=782, IntendedVsync=29903376791, Vsync=29920043457, InputEventId=0, HandleInputStart=29930484971, AnimationStart=29930487471, PerformTraversalsStart=29930490096, DrawStart=29930627596, FrameDeadline=29936710123, FrameInterval=29930476971, FrameStartTime=16666666, SyncQueued=29930995221, SyncStart=29974164596, IssueDrawCommandsStart=29974892388, SwapBuffers=29999212846, FrameCompleted=9223372036854775807, DequeueBufferDuration=43583, QueueBufferDuration=1192375, GpuCompleted=9223372036854775807, SwapBuffersCompleted=30011132179, DisplayPresentTime=0,
01-01 08:00:32.379 380 380 I : DVI mode selected: packets not configured
01-01 08:00:32.386 380 380 I : Error: set vsif failed
05-24 21:02:07.740 1086 1402 I OpenGLRenderer: Davey! duration=9223372006884ms; Flags=0, FrameTimelineVsyncId=785, IntendedVsync=29936712011, Vsync=29970045343, InputEventId=0, HandleInputStart=29975434346, AnimationStart=29975437304, PerformTraversalsStart=29975440013, DrawStart=29976470221, FrameDeadline=29970045343, FrameInterval=29975426179, FrameStartTime=16666666, SyncQueued=29977492138, SyncStart=30011344929, IssueDrawCommandsStart=30012304929, SwapBuffers=30027223388, FrameCompleted=9223372036854775807, DequeueBufferDuration=39917, QueueBufferDuration=4779958, GpuCompleted=9223372036854775807, SwapBuffersCompleted=30034318304, DisplayPresentTime=0,
05-24 21:02:07.745 471 1663 D CompatibilityChangeReporter: Compat change id reported: 143231523; UID 10028; state: DISABLED
05-24 21:02:07.754 471 1663 D CompatibilityChangeReporter: Compat change id reported: 171306433; UID 10028; state: ENABLED
05-24 21:02:07.755 1086 1529 I OpenGLRenderer: Davey! duration=9223372006847ms; Flags=0, FrameTimelineVsyncId=788, IntendedVsync=29986105530, Vsync=30002772196, InputEventId=0, HandleInputStart=30012908888, AnimationStart=30012911096, PerformTraversalsStart=30012913846, DrawStart=30013053804, FrameDeadline=30019438862, FrameInterval=30012902013, FrameStartTime=16666666, SyncQueued=30013395429, SyncStart=30034574888, IssueDrawCommandsStart=30035668471, SwapBuffers=30047360554, FrameCompleted=9223372036854775807, DequeueBufferDuration=50667, QueueBufferDuration=13095459, GpuCompleted=9223372036854775807, SwapBuffersCompleted=30068835971, DisplayPresentTime=0,
05-24 21:02:07.765 471 607 D WifiCountryCode: evaluateAllCmmStateAndApplyIfAllReady: {ConcreteClientModeManager{id=18034 iface=wlan0 role=ROLE_CLIENT_PRIMARY}=false}
05-24 21:02:07.765 471 750 D CompatibilityChangeReporter: Compat change id reported: 168419799; UID 10018; state: DISABLED
05-24 21:02:07.766 980 980 I wpa_supplicant: wlan0: Trying to associate with 58:c7:ac:78:f0:02 (SSID='DZNB' freq=5180 MHz)
05-24 21:02:07.770 1266 1266 D NetworkSecurityConfig: No Network Security Config specified, using platform default
05-24 21:02:07.785 471 607 D WifiClientModeImpl[wlan0]: Start Connecting Watchdog 1
01-01 08:00:32.407 380 380 I : DVI mode selected: packets not configured
01-01 08:00:32.414 380 380 I : Error: set vsif failed
01-01 08:00:32.436 380 380 I : DVI mode selected: packets not configured
01-01 08:00:32.442 380 380 I : Error: set vsif failed
05-24 21:02:07.768 1521 1521 I CrashSDKNormalH: type=1400 audit(0.0:657): avc: denied { search } for name="com.dangbei.screencast" dev="mmcblk0p25" ino=905 scontext=u:r:platform_app:s0:c512,c768 tcontext=u:object_r:app_data_file:s0:c512,c768 tclass=dir permissive=1 app=com.dangbei.screencast
05-24 21:02:07.768 1521 1521 I CrashSDKNormalH: type=1400 audit(0.0:658): avc: denied { getattr } for path="/data/user/0/com.dangbei.screencast/crashsdk/tags" dev="mmcblk0p25" ino=2053 scontext=u:r:platform_app:s0:c512,c768 tcontext=u:object_r:app_data_file:s0:c512,c768 tclass=dir permissive=1 app=com.dangbei.screencast
05-24 21:02:07.772 1521 1521 I CrashSDKNormalH: type=1400 audit(0.0:659): avc: denied { open } for path="/data/user/0/com.dangbei.screencast/crashsdk/tags/TSACNEERCS0IEBGNAD0MOC.ss" dev="mmcblk0p25" ino=2063 scontext=u:r:platform_app:s0:c512,c768 tcontext=u:object_r:app_data_file:s0:c512,c768 tclass=file permissive=1 app=com.dangbei.screencast
05-24 21:02:07.792 1521 1521 I gbei.screencast: type=1400 audit(0.0:660): avc: denied { write } for name="files" dev="mmcblk0p25" ino=2031 scontext=u:r:platform_app:s0:c512,c768 tcontext=u:object_r:app_data_file:s0:c512,c768 tclass=dir permissive=1 app=com.dangbei.screencast
05-24 21:02:07.792 1521 1521 I gbei.screencast: type=1400 audit(0.0:661): avc: denied { add_name } for name="TDCloud_Control_Cache_Param4" scontext=u:r:platform_app:s0:c512,c768 tcontext=u:object_r:app_data_file:s0:c512,c768 tclass=dir permissive=1 app=com.dangbei.screencast
05-24 21:02:07.811 1086 1529 I OpenGLRenderer: Davey! duration=9223372006806ms; Flags=0, FrameTimelineVsyncId=791, IntendedVsync=30019346478, Vsync=30036013144, InputEventId=0, HandleInputStart=30039725096, AnimationStart=30039730388, PerformTraversalsStart=30039733554, DrawStart=30039904263, FrameDeadline=30052679810, FrameInterval=30039712304, FrameStartTime=16666666, SyncQueued=30040401763, SyncStart=30069023096, IssueDrawCommandsStart=30070660679, SwapBuffers=30099658971, FrameCompleted=9223372036854775807, DequeueBufferDuration=41833, QueueBufferDuration=1002000, GpuCompleted=9223372036854775807, SwapBuffersCompleted=30103383763, DisplayPresentTime=0,
05-24 21:02:07.812 1521 1521 I TDLog : setReportUncaughtExceptions: true
05-24 21:02:07.838 980 980 I wpa_supplicant: wlan0: Associated with 58:c7:ac:78:f0:02
05-24 21:02:07.838 980 980 I wpa_supplicant: wlan0: CTRL-EVENT-SUBNET-STATUS-UPDATE status=0
05-24 21:02:07.838 980 980 I wpa_supplicant: wlan0: CTRL-EVENT-REGDOM-CHANGE init=COUNTRY_IE type=COUNTRY alpha2=CN
05-24 21:02:07.843 1319 1319 D RockyReceiver: action: android.net.wifi.STATE_CHANGE
05-24 21:02:07.846 369 369 I wificond: Regulatory domain changed to country: CN on wiphy_index: 0
05-24 21:02:07.847 1086 1402 I OpenGLRenderer: Davey! duration=9223372006770ms; Flags=0, FrameTimelineVsyncId=795, IntendedVsync=30052707079, Vsync=30069373745, InputEventId=0, HandleInputStart=30071330596, AnimationStart=30071333013, PerformTraversalsStart=30071335929, DrawStart=30071479013, FrameDeadline=30086040411, FrameInterval=30071322804, FrameStartTime=16666666, SyncQueued=30071677638, SyncStart=30103554471, IssueDrawCommandsStart=30105393804, SwapBuffers=30133714804, FrameCompleted=9223372036854775807, DequeueBufferDuration=36042, QueueBufferDuration=2915875, GpuCompleted=9223372036854775807, SwapBuffersCompleted=30138258638, DisplayPresentTime=0,
05-24 21:02:07.847 471 1663 D WifiNl80211Manager: OnRegDomainChanged CN
05-24 21:02:07.847 471 1663 D WifiNative: onCountryCodeChanged: CN
05-24 21:02:07.848 471 1663 I WifiCountryCode: Receive onDriverCountryCodeChanged CN
05-24 21:02:07.850 471 496 E ConnectivityService: Exception = android.content.pm.PackageManager$NameNotFoundException: android.net.cts
05-24 21:02:07.859 1521 1521 E Application: onCreate:Version:v2.8.3/20830/883432e
05-24 21:02:07.861 369 369 I wificond: 2.4Ghz frequencies: 2412 2417 2422 2427 2432 2437 2442 2447 2452 2457 2462 2467 2472
05-24 21:02:07.861 369 369 I wificond: 5Ghz non-DFS frequencies: 5180 5200 5220 5240 5745 5765 5785 5805 5825
05-24 21:02:07.861 369 369 I wificond: 5Ghz DFS frequencies: 5260 5280 5300 5320
05-24 21:02:07.861 369 369 I wificond: 6Ghz frequencies:
05-24 21:02:07.861 369 369 I wificond: 60Ghz frequencies:
05-24 21:02:07.896 1086 1402 I OpenGLRenderer: Davey! duration=9223372006735ms; Flags=0, FrameTimelineVsyncId=798, IntendedVsync=30119309724, Vsync=30119309724, InputEventId=0, HandleInputStart=30120490179, AnimationStart=30120494763, PerformTraversalsStart=30120497929, DrawStart=30178806471, FrameDeadline=30152643056, FrameInterval=30120477138, FrameStartTime=16666666, SyncQueued=30178905471, SyncStart=30179091679, IssueDrawCommandsStart=30180700346, SwapBuffers=30191000596, FrameCompleted=9223372036854775807, DequeueBufferDuration=42375, QueueBufferDuration=1566542, GpuCompleted=9223372036854775807, SwapBuffersCompleted=30193706888, DisplayPresentTime=0,
05-24 21:02:07.931 1521 1521 E UsbEventBroadcastReceiver: onReceive: android.hardware.usb.action.USB_DEVICE_ATTACHED
05-24 21:02:07.937 1521 1521 E z : isUsbCastSupport getModel:DBBOX-A2
05-24 21:02:07.938 1521 1521 E UsbEventBroadcastReceiver: return USB_CAST_SWITCH false
05-24 21:02:07.941 471 607 I WifiService: onDriverCountryCodeChanged CN
05-24 21:02:07.944 471 496 D CompatibilityChangeReporter: Compat change id reported: 135634846; UID 10013; state: DISABLED
05-24 21:02:07.944 471 496 D CompatibilityChangeReporter: Compat change id reported: 177438394; UID 10013; state: DISABLED
05-24 21:02:07.949 471 496 D CompatibilityChangeReporter: Compat change id reported: 135772972; UID 10013; state: DISABLED
05-24 21:02:07.949 471 496 D CompatibilityChangeReporter: Compat change id reported: 135754954; UID 10013; state: ENABLED
05-24 21:02:07.951 471 540 D CompatibilityChangeReporter: Compat change id reported: 143937733; UID 10013; state: ENABLED
05-24 21:02:07.963 1521 1521 I crashsdk: Catcher mask: 5000, 20480
05-24 21:02:07.963 1521 1521 I crashsdk: Catcher thread 1528
05-24 21:02:07.964 1521 1521 D crashsdk: Register ANR handler ...
05-24 21:02:07.971 247 247 D Zygote : Forked child process 1929
05-24 21:02:07.975 471 540 I ActivityManager: app.processName = com.android.providers.tv
05-24 21:02:07.975 471 540 I ActivityManager: Start proc 1929:com.android.providers.tv/u0a13 for broadcast {com.android.providers.tv/com.android.providers.tv.BootCompletedReceiver}
05-24 21:02:07.978 1086 1402 I OpenGLRenderer: Davey! duration=9223372006601ms; Flags=0, FrameTimelineVsyncId=805, IntendedVsync=30252660687, Vsync=30252660687, InputEventId=0, HandleInputStart=30254324138, AnimationStart=30254328304, PerformTraversalsStart=30254331138, DrawStart=30255431804, FrameDeadline=30285994019, FrameInterval=30254315013, FrameStartTime=16666666, SyncQueued=30255958721, SyncStart=30256239179, IssueDrawCommandsStart=30257030888, SwapBuffers=30281449846, FrameCompleted=9223372036854775807, DequeueBufferDuration=49375, QueueBufferDuration=1526417, GpuCompleted=9223372036854775807, SwapBuffersCompleted=30284153221, DisplayPresentTime=0,
05-24 21:02:07.996 1929 1929 I Zygote : seccomp disabled by setenforce 0
05-24 21:02:08.015 1521 1740 I TDLog : TalkingData SDK init...
05-24 21:02:08.015 1521 1740 I TDLog : SDK_VERSION is: Android+TD+V5.0.7 gp Type:Native Build_Num:2141
05-24 21:02:08.015 1521 1740 I TDLog : App ID is: B9D7815EC975466AB1332111FCE62DF5
05-24 21:02:08.015 1521 1740 I TDLog : App Channel is: os
05-24 21:02:08.015 1521 1740 I TDLog : App Custom is:
05-24 21:02:08.015 1521 1740 I TDLog : SDK_OVC is: TDOVC+a3bb7754719798526508b6caad480dd7+SaaS
05-24 21:02:08.022 401 416 I adbd : jdwp connection from 1929
05-24 21:02:08.046 1086 1199 D AppManager: checkLocalAppsIsValid:
05-24 21:02:08.101 471 1182 D CompatibilityChangeReporter: Compat change id reported: 168419799; UID 10013; state: DISABLED
05-24 21:02:08.118 471 1182 W ActivityManager: Slow operation: 54ms so far, now at attachApplicationLocked: after sendPendingBroadcastsLocked
05-24 21:02:08.118 1086 1448 E hq : ErrorCoroutineExceptionHandler:::runTry error:java.net.UnknownHostException: Unable to resolve host "ottdbui-tyapiqun7.yysh.mgtv.com": No address associated with hostname from=requestAppUpdateInfo 2
05-24 21:02:08.121 1086 1443 E hq : ErrorCoroutineExceptionHandler:::runTry error:java.net.UnknownHostException: Unable to resolve host "ottdbui-tyapiqun7.yysh.mgtv.com": No address associated with hostname from=requestAppUpdateInfo 2
05-24 21:02:08.124 1929 1929 D CompatibilityChangeReporter: Compat change id reported: 171979766; UID 10013; state: ENABLED
05-24 21:02:08.140 980 980 I wpa_supplicant: wlan0: WPA: RX message 1 of 4-Way Handshake from 58:c7:ac:78:f0:02 (ver=2)
05-24 21:02:08.141 980 980 I wpa_supplicant: wlan0: WPA: Sending EAPOL-Key 2/4
05-24 21:02:08.143 980 980 I wpa_supplicant: wlan0: WPA: RX message 3 of 4-Way Handshake from 58:c7:ac:78:f0:02 (ver=2)
05-24 21:02:08.143 980 980 I wpa_supplicant: wlan0: WPA: Sending EAPOL-Key 4/4
05-24 21:02:08.148 980 980 I wpa_supplicant: wlan0: WPA: Key negotiation completed with 58:c7:ac:78:f0:02 [PTK=CCMP GTK=TKIP]
05-24 21:02:08.148 980 980 I wpa_supplicant: wlan0: CTRL-EVENT-CONNECTED - Connection to 58:c7:ac:78:f0:02 completed [id=0 id_str=%7B%22configKey%22%3A%22%5C%22DZNB%5C%22WPA_PSK%22%2C%22creatorUid%22%3A%221000%22%7D]
05-24 21:02:08.152 471 518 I EthernetTracker: interfaceLinkStateChanged, iface: wlan0, up: true
05-24 21:02:08.153 471 518 W PppoeNetworkFactory: interfaceLinkStateChanged
05-24 21:02:08.153 471 518 D PppoeNetworkFactory: updateInterface: mIface: mPhyIface:eth0 iface:wlan0 link:up
05-24 21:02:08.153 471 518 D PppoeNetworkFactory: not tracker interface
05-24 21:02:08.156 471 490 I system_server: Background young concurrent copying GC freed 219704(10MB) AllocSpace objects, 114(2680KB) LOS objects, 49% free, 12MB/24MB, paused 457us total 734.693ms
05-24 21:02:08.180 184 184 E SELinux : avc: denied { find } for pid=1964 uid=0 name=activity scontext=u:r:preinstall:s0 tcontext=u:object_r:activity_service:s0 tclass=service_manager permissive=1
05-24 21:02:08.188 1113 1113 D aaa : LedStatusService onStartCommand begin
05-24 21:02:08.190 1113 1969 D aaa : topPkg is -------------- :com.dangbei.leard.leradlauncher
05-24 21:02:08.207 1929 1929 V GraphicsEnvironment: ANGLE Developer option for 'com.android.providers.tv' set to: 'default'
05-24 21:02:08.208 1929 1929 V GraphicsEnvironment: Neither updatable production driver nor prerelease driver is supported.
05-24 21:02:08.212 1929 1929 D NetworkSecurityConfig: No Network Security Config specified, using platform default
05-24 21:02:08.212 1929 1929 D NetworkSecurityConfig: No Network Security Config specified, using platform default
05-24 21:02:08.215 1319 1319 D RockyReceiver: action: android.net.wifi.STATE_CHANGE
05-24 21:02:08.218 471 1182 E ConnectivityService: Exception = android.content.pm.PackageManager$NameNotFoundException: android.net.cts
05-24 21:02:08.227 1929 1929 D CompatibilityChangeReporter: Compat change id reported: 160794467; UID 10013; state: ENABLED
05-24 21:02:08.269 1086 1402 I OpenGLRenderer: Davey! duration=9223372006335ms; Flags=0, FrameTimelineVsyncId=810, IntendedVsync=30519047265, Vsync=30519047265, InputEventId=0, HandleInputStart=30521797638, AnimationStart=30521801971, PerformTraversalsStart=30521956555, DrawStart=30553028471, FrameDeadline=30552380597, FrameInterval=30521786180, FrameStartTime=16666666, SyncQueued=30555331138, SyncStart=30555587096, IssueDrawCommandsStart=30556760805, SwapBuffers=30565318013, FrameCompleted=9223372036854775807, DequeueBufferDuration=44459, QueueBufferDuration=971125, GpuCompleted=9223372036854775807, SwapBuffersCompleted=30567261638, DisplayPresentTime=0,
05-24 21:02:08.280 1086 1402 I OpenGLRenderer: Davey! duration=9223372006285ms; Flags=0, FrameTimelineVsyncId=814, IntendedVsync=30569137493, Vsync=30569137493, InputEventId=0, HandleInputStart=30569746221, AnimationStart=30569750221, PerformTraversalsStart=30569844346, DrawStart=30571536055, FrameDeadline=30602470825, FrameInterval=30569737138, FrameStartTime=16666666, SyncQueued=30574832638, SyncStart=30575067680, IssueDrawCommandsStart=30575975971, SwapBuffers=30582551430, FrameCompleted=9223372036854775807, DequeueBufferDuration=39458, QueueBufferDuration=3239125, GpuCompleted=9223372036854775807, SwapBuffersCompleted=30586988221, DisplayPresentTime=0,
01-01 08:00:32.913 1975 1975 W audit : audit_lost=252 audit_rate_limit=5 audit_backlog_limit=64
01-01 08:00:32.933 1975 1975 E audit : rate limit exceeded
05-24 21:02:08.298 1319 1319 D RockyReceiver: action: android.net.wifi.STATE_CHANGE
05-24 21:02:08.299 471 1663 E ConnectivityService: Exception = android.content.pm.PackageManager$NameNotFoundException: android.net.cts
05-24 21:02:08.315 471 607 D ConnectivityService: registerNetworkAgent NetworkAgentInfo{network{100} handle{432902426637} ni{WIFI CONNECTING extra: } Score(60 ; KeepConnected : 0 ; Policies : IS_UNMETERED) lp{{LinkAddresses: [ ] DnsAddresses: [ ] Domains: null MTU: 0 Routes: [ ]}} nc{[ Transports: WIFI Capabilities: NOT_METERED&INTERNET&NOT_RESTRICTED&TRUSTED&NOT_VPN&NOT_ROAMING&FOREGROUND&NOT_CONGESTED&NOT_SUSPENDED&NOT_VCN_MANAGED LinkUpBandwidth>=866000Kbps LinkDnBandwidth>=866000Kbps Specifier: TransportInfo: OwnerUid: 1000 AdminUids: [1000] SSID: "DZNB"]}}
05-24 21:02:08.344 980 980 E wpa_supplicant: nl80211: kernel reports: unexpected nested data
05-24 21:02:08.347 246 246 I netd : getFwmarkForNetwork(100) -> {MarkMaskParcel{mark: 100, mask: 65535}} <0.02ms>
05-24 21:02:08.350 1319 1319 D RockyReceiver: action: android.net.wifi.STATE_CHANGE
05-24 21:02:08.352 471 1663 E ConnectivityService: Exception = android.content.pm.PackageManager$NameNotFoundException: android.net.cts
05-24 21:02:08.354 1086 1402 I OpenGLRenderer: Davey! duration=9223372006237ms; Flags=0, FrameTimelineVsyncId=817, IntendedVsync=30602636153, Vsync=30602636153, InputEventId=0, HandleInputStart=30604519596, AnimationStart=30604526221, PerformTraversalsStart=30604530180, DrawStart=30605565721, FrameDeadline=30635969485, FrameInterval=30604508346, FrameStartTime=16666666, SyncQueued=30606100680, SyncStart=30620659430, IssueDrawCommandsStart=30621565930, SwapBuffers=30635017930, FrameCompleted=9223372036854775807, DequeueBufferDuration=37417, QueueBufferDuration=11573125, GpuCompleted=9223372036854775807, SwapBuffersCompleted=30654752138, DisplayPresentTime=0,
05-24 21:02:08.379 659 659 E WifiHAL : wifi_get_packet_filter_capabilities: requestResponse() error: -3
05-24 21:02:08.379 659 659 I WifiHAL : Packet filtering is not supprted
05-24 21:02:08.385 471 520 W IorapForwardingService: No service published for: iorapd
05-24 21:02:08.386 471 519 D AW_CODE : rotation =0
05-24 21:02:08.387 471 471 W InputMethodManagerService: Illegal subtype state: old subtype = null, new subtype = android.view.inputmethod.InputMethodSubtype@129f21f8
05-24 21:02:08.408 659 659 E WifiHAL : wifi_get_link_stats: requestResponse Error:-5
05-24 21:02:08.410 1086 1529 I OpenGLRenderer: Davey! duration=9223372006167ms; Flags=0, FrameTimelineVsyncId=823, IntendedVsync=30669466761, Vsync=30669466761, InputEventId=0, HandleInputStart=30671026805, AnimationStart=30671030971, PerformTraversalsStart=30671034346, DrawStart=30671855471, FrameDeadline=30702800093, FrameInterval=30671017096, FrameStartTime=16666666, SyncQueued=30672519180, SyncStart=30690438763, IssueDrawCommandsStart=30691996930, SwapBuffers=30709786763, FrameCompleted=9223372036854775807, DequeueBufferDuration=43584, QueueBufferDuration=2919042, GpuCompleted=9223372036854775807, SwapBuffersCompleted=30714340430, DisplayPresentTime=0,
05-24 21:02:08.411 471 607 E WifiVendorHal: getWifiLinkLayerStats_1_5_Internal(l.1191) failed {.code = ERROR_INVALID_ARGS, .description = }
05-24 21:02:08.412 471 1663 D CompatibilityChangeReporter: Compat change id reported: 135634846; UID 10065; state: DISABLED
05-24 21:02:08.413 471 1663 D CompatibilityChangeReporter: Compat change id reported: 177438394; UID 10065; state: DISABLED
05-24 21:02:08.415 471 519 D AW_CODE : rotation =0
05-24 21:02:08.418 471 1663 D CompatibilityChangeReporter: Compat change id reported: 135772972; UID 10065; state: DISABLED
05-24 21:02:08.419 471 1663 D CompatibilityChangeReporter: Compat change id reported: 135754954; UID 10065; state: ENABLED
05-24 21:02:08.422 471 540 D CompatibilityChangeReporter: Compat change id reported: 143937733; UID 10065; state: ENABLED
05-24 21:02:08.427 1086 1402 I OpenGLRenderer: Davey! duration=9223372006142ms; Flags=0, FrameTimelineVsyncId=826, IntendedVsync=30702785911, Vsync=30702785911, InputEventId=0, HandleInputStart=30703401471, AnimationStart=30703405221, PerformTraversalsStart=30703408388, DrawStart=30704359888, FrameDeadline=30736119243, FrameInterval=30703391888, FrameStartTime=16666666, SyncQueued=30704820180, SyncStart=30714602888, IssueDrawCommandsStart=30715614180, SwapBuffers=30726549013, FrameCompleted=9223372036854775807, DequeueBufferDuration=40583, QueueBufferDuration=1600666, GpuCompleted=9223372036854775807, SwapBuffersCompleted=30729268096, DisplayPresentTime=0,
05-24 21:02:08.428 471 519 D AW_CODE : rotation =0
05-24 21:02:08.428 471 655 D CompatibilityChangeReporter: Compat change id reported: 171306433; UID 1073; state: ENABLED
05-24 21:02:08.436 246 246 I netd : interfaceGetCfg(wlan0) -> {InterfaceConfigurationParcel{ifName: wlan0, hwAddr: b4:2f:03:15:e9:08, ipv4Addr: 0.0.0.0, prefixLength: 0, flags: [up, broadcast, running, multicast]}} <0.52ms>
05-24 21:02:08.445 471 614 D ConnectivityService: [100 WIFI] EVENT_NETWORK_INFO_CHANGED, going from CONNECTING to CONNECTING
05-24 21:02:08.447 659 659 E WifiHAL : wifi_get_link_stats: requestResponse Error:-5
05-24 21:02:08.453 471 607 E WifiVendorHal: getWifiLinkLayerStats_1_5_Internal(l.1191) failed {.code = ERROR_INVALID_ARGS, .description = }
05-24 21:02:08.477 1086 1402 I OpenGLRenderer: Davey! duration=9223372006101ms; Flags=0, FrameTimelineVsyncId=833, IntendedVsync=30752880840, Vsync=30752880840, InputEventId=0, HandleInputStart=30753501138, AnimationStart=30753505596, PerformTraversalsStart=30753509138, DrawStart=30754324513, FrameDeadline=30786214172, FrameInterval=30753492013, FrameStartTime=16666666, SyncQueued=30754808513, SyncStart=30755170930, IssueDrawCommandsStart=30756176888, SwapBuffers=30779139013, FrameCompleted=9223372036854775807, DequeueBufferDuration=43291, QueueBufferDuration=1158416, GpuCompleted=9223372036854775807, SwapBuffersCompleted=30781653930, DisplayPresentTime=0,
05-24 21:02:08.481 247 247 D Zygote : Forked child process 1995
05-24 21:02:08.482 471 540 W ActivityManager: Slow operation: 77ms so far, now at startProcess: returned from zygote!
05-24 21:02:08.482 471 540 W ActivityManager: Slow operation: 77ms so far, now at startProcess: done updating battery stats
05-24 21:02:08.483 471 540 W ActivityManager: Slow operation: 78ms so far, now at startProcess: building log message
05-24 21:02:08.483 471 540 I ActivityManager: app.processName = com.android.remoteprovisioner
05-24 21:02:08.483 471 540 I ActivityManager: Start proc 1995:com.android.remoteprovisioner/u0a65 for broadcast {com.android.remoteprovisioner/com.android.remoteprovisioner.BootReceiver}
05-24 21:02:08.483 471 540 W ActivityManager: Slow operation: 78ms so far, now at startProcess: starting to update pids map
05-24 21:02:08.484 471 540 W ActivityManager: Slow operation: 79ms so far, now at startProcess: done updating pids map
05-24 21:02:08.495 1995 1995 I Zygote : seccomp disabled by setenforce 0
05-24 21:02:08.495 1086 1199 D AppManager: checkLocalAppsIsValid: success
05-24 21:02:08.514 1086 1402 I OpenGLRenderer: Davey! duration=9223372006084ms; Flags=0, FrameTimelineVsyncId=835, IntendedVsync=30769544335, Vsync=30769544335, InputEventId=0, HandleInputStart=30771484638, AnimationStart=30771487846, PerformTraversalsStart=30771651305, DrawStart=30772163971, FrameDeadline=30802877667, FrameInterval=30771477721, FrameStartTime=16666666, SyncQueued=30781924346, SyncStart=30782182013, IssueDrawCommandsStart=30783251471, SwapBuffers=30804350555, FrameCompleted=9223372036854775807, DequeueBufferDuration=38667, QueueBufferDuration=1279541, GpuCompleted=9223372036854775807, SwapBuffersCompleted=30806697138, DisplayPresentTime=0,
05-24 21:02:08.525 401 416 I adbd : jdwp connection from 1995
05-24 21:02:08.530 1086 1529 I OpenGLRenderer: Davey! duration=9223372006049ms; Flags=0, FrameTimelineVsyncId=837, IntendedVsync=30786207830, Vsync=30786207830, InputEventId=0, HandleInputStart=30787338471, AnimationStart=30787341096, PerformTraversalsStart=30787481763, DrawStart=30787903346, FrameDeadline=30819541162, FrameInterval=30787332888, FrameStartTime=16666666, SyncQueued=30788267180, SyncStart=30806951346, IssueDrawCommandsStart=30810551513, SwapBuffers=30818189763, FrameCompleted=9223372036854775807, DequeueBufferDuration=42084, QueueBufferDuration=1426958, GpuCompleted=9223372036854775807, SwapBuffersCompleted=30825262346, DisplayPresentTime=0,
05-24 21:02:08.557 471 614 D ConnectivityService: NetReassign [no changes]
05-24 21:02:08.558 471 655 D CompatibilityChangeReporter: Compat change id reported: 168419799; UID 10065; state: DISABLED
05-24 21:02:08.573 246 246 I netd : interfaceSetIPv6PrivacyExtensions(wlan0, true) <0.41ms>
05-24 21:02:08.576 246 246 I netd : setIPv6AddrGenMode(wlan0, 2) <0.38ms>
05-24 21:02:08.579 246 246 I netd : interfaceSetEnableIPv6(wlan0, true) <1.88ms>
05-24 21:02:08.592 471 607 E WifiVendorHal: configureNeighborDiscoveryOffload(l.2704) failed {.code = ERROR_INVALID_ARGS, .description = }
05-24 21:02:08.594 471 655 W ActivityManager: Slow operation: 51ms so far, now at attachApplicationLocked: immediately after bindApplication
05-24 21:02:08.594 471 655 W ActivityManager: Slow operation: 51ms so far, now at attachApplicationLocked: after updateLruProcessLocked
05-24 21:02:08.595 471 655 W ActivityManager: Slow operation: 52ms so far, now at attachApplicationLocked: after mServices.attachApplicationLocked
05-24 21:02:08.604 471 655 W ActivityManager: Slow operation: 60ms so far, now at attachApplicationLocked: after sendPendingBroadcastsLocked
05-24 21:02:08.611 1995 1995 D CompatibilityChangeReporter: Compat change id reported: 171979766; UID 10065; state: ENABLED
05-24 21:02:08.619 471 614 D ConnectivityService: NetReassign [no changes]
05-24 21:02:08.641 471 614 D ConnectivityService: Adding iface wlan0 to network 100
05-24 21:02:08.642 246 246 E Netd : no such netId 100
05-24 21:02:08.642 246 246 I netd : networkAddInterface(100, wlan0) -> ServiceSpecificException(64, "Machine is not on the network") <0.11ms>
05-24 21:02:08.643 471 614 W ConnectivityService: Exception adding interface: android.os.ServiceSpecificException: Machine is not on the network (code 64)
05-24 21:02:08.643 659 659 E WifiHAL : wifi_get_link_stats: requestResponse Error:-5
05-24 21:02:08.645 471 607 E WifiVendorHal: getWifiLinkLayerStats_1_5_Internal(l.1191) failed {.code = ERROR_INVALID_ARGS, .description = }
05-24 21:02:08.649 246 246 E Netd : no such netId 100
05-24 21:02:08.649 246 246 I netd : networkAddRouteParcel(100, RouteInfoParcel{destination: fe80::/64, ifName: wlan0, nextHop: , mtu: 0}) -> ServiceSpecificException(64, "Machine is not on the network") <0.13ms>
05-24 21:02:08.663 471 614 W BestClock: java.time.DateTimeException: Missing NTP fix
05-24 21:02:08.667 754 1152 D DhcpClient: l2key: W50da7df6c2a2f79c lease address: /192.168.3.40 lease expiry: 1748245380571 current time: 1748091728667
05-24 21:02:08.672 754 1152 D DhcpClient: Broadcasting DHCPREQUEST ciaddr=0.0.0.0 request=192.168.3.40 serverid=null
05-24 21:02:08.698 246 246 I netd : trafficSwapActiveStatsMap() <34.49ms>
05-24 21:02:08.703 1995 1995 V GraphicsEnvironment: ANGLE Developer option for 'com.android.remoteprovisioner' set to: 'default'
05-24 21:02:08.703 1995 1995 V GraphicsEnvironment: Neither updatable production driver nor prerelease driver is supported.
05-24 21:02:08.704 246 246 I netd : tetherGetStats() -> {[]} <3.27ms>
05-24 21:02:08.709 471 614 W BestClock: java.time.DateTimeException: Missing NTP fix
05-24 21:02:08.709 1995 1995 D NetworkSecurityConfig: No Network Security Config specified, using platform default
05-24 21:02:08.710 1995 1995 D NetworkSecurityConfig: No Network Security Config specified, using platform default
05-24 21:02:08.713 1995 1995 I RemoteProvisioningBootReceiver: Caught boot intent, waking up.
05-24 21:02:08.716 471 605 W BestClock: java.time.DateTimeException: Missing NTP fix
05-24 21:02:08.716 754 1152 D DhcpClient: Received packet: b4:2f:03:15:e9:08 ACK: your new IP /192.168.3.40, netmask /255.255.254.0, gateways [/192.168.3.1] DNS servers: /202.96.134.133 /202.96.128.166 , lease time 3600
05-24 21:02:08.719 754 1152 D DhcpClient: Confirmed lease: android.net.networkstack.DhcpResults@a8370f DHCP server /192.168.3.1 Vendor info null lease 3600 seconds Servername
05-24 21:02:08.718 471 605 W BestClock: java.time.DateTimeException: Missing NTP fix
05-24 21:02:08.733 471 496 D ConnectivityService: requestNetwork for uid/pid:1000/471 asUid: 10065 activeRequest: null callbackRequest: 29 [NetworkRequest [ REQUEST id=30, [ Capabilities: INTERNET&NOT_RESTRICTED&TRUSTED&NOT_VCN_MANAGED Uid: 10065 RequestorUid: 1000 RequestorPkg: android] ]] callback flags: 0 priority: 2147483647
05-24 21:02:08.734 471 614 D ConnectivityService: NetReassign [no changes]
05-24 21:02:08.735 471 607 D WifiNetworkFactory: got request NetworkRequest [ REQUEST id=30, [ Capabilities: INTERNET&NOT_RESTRICTED&TRUSTED&NOT_VCN_MANAGED Uid: 10065 RequestorUid: 1000 RequestorPkg: android] ]
05-24 21:02:08.736 471 651 D PPPOE : got request NetworkRequest [ REQUEST id=30, [ Capabilities: INTERNET&NOT_RESTRICTED&TRUSTED&NOT_VCN_MANAGED Uid: 10065 RequestorUid: 1000 RequestorPkg: android] ]
05-24 21:02:08.736 471 607 D UntrustedWifiNetworkFactory: got request NetworkRequest [ REQUEST id=30, [ Capabilities: INTERNET&NOT_RESTRICTED&TRUSTED&NOT_VCN_MANAGED Uid: 10065 RequestorUid: 1000 RequestorPkg: android] ]
05-24 21:02:08.736 471 607 D OemPaidWifiNetworkFactory: got request NetworkRequest [ REQUEST id=30, [ Capabilities: INTERNET&NOT_RESTRICTED&TRUSTED&NOT_VCN_MANAGED Uid: 10065 RequestorUid: 1000 RequestorPkg: android] ]
05-24 21:02:08.736 471 650 D Ethernet: got request NetworkRequest [ REQUEST id=30, [ Capabilities: INTERNET&NOT_RESTRICTED&TRUSTED&NOT_VCN_MANAGED Uid: 10065 RequestorUid: 1000 RequestorPkg: android] ]
05-24 21:02:08.737 471 650 D EthernetNetworkFactory: acceptRequest, request: NetworkRequest [ REQUEST id=30, [ Capabilities: INTERNET&NOT_RESTRICTED&TRUSTED&NOT_VCN_MANAGED Uid: 10065 RequestorUid: 1000 RequestorPkg: android] ]
05-24 21:02:08.737 471 650 I EthernetNetworkFactory: networkForRequest, request: NetworkRequest [ REQUEST id=30, [ Capabilities: INTERNET&NOT_RESTRICTED&TRUSTED&NOT_VCN_MANAGED Uid: 10065 RequestorUid: 1000 RequestorPkg: android] ], network: null
05-24 21:02:08.751 471 496 I ActivityManager: com.android.shell is exempt from freezer
05-24 21:02:08.753 246 246 I netd : interfaceSetCfg(InterfaceConfigurationParcel{ifName: wlan0, hwAddr: , ipv4Addr: 192.168.3.40, prefixLength: 23, flags: []}) <1.37ms>
05-24 21:02:08.754 471 496 D CompatibilityChangeReporter: Compat change id reported: 135634846; UID 2000; state: DISABLED
05-24 21:02:08.755 471 496 D CompatibilityChangeReporter: Compat change id reported: 177438394; UID 2000; state: DISABLED
05-24 21:02:08.755 471 496 D CompatibilityChangeReporter: Compat change id reported: 135772972; UID 2000; state: DISABLED
05-24 21:02:08.756 471 496 D CompatibilityChangeReporter: Compat change id reported: 135754954; UID 2000; state: ENABLED
05-24 21:02:08.778 246 246 E Netd : no such netId 100
05-24 21:02:08.779 246 246 I netd : networkAddRouteParcel(100, RouteInfoParcel{destination: 192.168.2.0/23, ifName: wlan0, nextHop: , mtu: 0}) -> ServiceSpecificException(64, "Machine is not on the network") <0.16ms>
05-24 21:02:08.779 1319 1319 D RockyReceiver: action: android.net.wifi.STATE_CHANGE
05-24 21:02:08.780 247 247 D Zygote : Forked child process 2036
05-24 21:02:08.780 471 614 E ConnectivityService: Exception in networkAddRouteParcel for non-gateway: android.os.ServiceSpecificException: Machine is not on the network (code 64)
05-24 21:02:08.781 246 246 E Netd : no such netId 100
05-24 21:02:08.781 246 246 I netd : networkAddRouteParcel(100, RouteInfoParcel{destination: 0.0.0.0/0, ifName: wlan0, nextHop: 192.168.3.1, mtu: 0}) -> ServiceSpecificException(64, "Machine is not on the network") <0.07ms>
05-24 21:02:08.781 471 540 I ActivityManager: app.processName = com.android.shell
05-24 21:02:08.781 471 540 I ActivityManager: Start proc 2036:com.android.shell/2000 for broadcast {com.android.shell/com.android.shell.HeapDumpReceiver}
05-24 21:02:08.782 754 1152 D DhcpClient: Scheduling renewal in 1799s
05-24 21:02:08.782 754 1152 D DhcpClient: Scheduling rebind in 3149s
05-24 21:02:08.782 754 1152 D DhcpClient: Scheduling expiry in 3599s
05-24 21:02:08.785 471 614 E ConnectivityService: Exception in networkAddRouteParcel for gateway: android.os.ServiceSpecificException: Machine is not on the network (code 64)
05-24 21:02:08.787 471 1182 E ConnectivityService: Exception = android.content.pm.PackageManager$NameNotFoundException: android.net.cts
05-24 21:02:08.788 2036 2036 I Zygote : seccomp disabled by setenforce 0
05-24 21:02:08.797 471 614 W BestClock: java.time.DateTimeException: Missing NTP fix
05-24 21:02:08.807 1319 1319 D RockyReceiver: action: android.net.wifi.STATE_CHANGE
05-24 21:02:08.809 471 1663 E ConnectivityService: Exception = android.content.pm.PackageManager$NameNotFoundException: android.net.cts
05-24 21:02:08.819 401 416 I adbd : jdwp connection from 2036
05-24 21:02:08.826 471 607 W WifiScoreReport: Cannot start external scoring netId=100 currentNetId=100 currentNetCapabilities=[ Transports: WIFI Capabilities: NOT_METERED&INTERNET&NOT_RESTRICTED&TRUSTED&NOT_VPN&NOT_ROAMING&NOT_CONGESTED&NOT_SUSPENDED&NOT_VCN_MANAGED LinkUpBandwidth>=12000Kbps LinkDnBandwidth>=60000Kbps Specifier: TransportInfo: SignalStrength: -50 OwnerUid: 1000 AdminUids: [1000] SSID: "DZNB"] sessionId=1008
05-24 21:02:08.832 471 1663 D CompatibilityChangeReporter: Compat change id reported: 168419799; UID 2000; state: DISABLED
05-24 21:02:08.834 246 246 I netd : trafficSwapActiveStatsMap() <36.38ms>
05-24 21:02:08.839 246 246 I netd : tetherGetStats() -> {[]} <3.55ms>
05-24 21:02:08.841 471 614 W BestClock: java.time.DateTimeException: Missing NTP fix
05-24 21:02:08.844 471 614 D ConnectivityService: Setting DNS servers for network 100 to [/202.96.134.133, /202.96.128.166]
05-24 21:02:08.846 471 605 W BestClock: java.time.DateTimeException: Missing NTP fix
05-24 21:02:08.848 471 605 W BestClock: java.time.DateTimeException: Missing NTP fix
05-24 21:02:08.851 471 614 W BestClock: java.time.DateTimeException: Missing NTP fix
05-24 21:02:08.854 2036 2036 D CompatibilityChangeReporter: Compat change id reported: 171979766; UID 2000; state: ENABLED
05-24 21:02:08.878 246 246 I netd : trafficSwapActiveStatsMap() <26.96ms>
05-24 21:02:08.882 246 246 I netd : tetherGetStats() -> {[]} <2.70ms>
05-24 21:02:08.885 471 614 W BestClock: java.time.DateTimeException: Missing NTP fix
05-24 21:02:08.887 471 614 D ConnectivityService: [100 WIFI] EVENT_NETWORK_INFO_CHANGED, going from CONNECTING to CONNECTED
05-24 21:02:08.887 471 605 W BestClock: java.time.DateTimeException: Missing NTP fix
05-24 21:02:08.888 471 605 W BestClock: java.time.DateTimeException: Missing NTP fix
05-24 21:02:08.888 246 246 D TcpSocketMonitor: resuming tcpinfo polling (interval=30000ms)
05-24 21:02:08.888 246 246 I netd : networkCreate(NativeNetworkConfig{netId: 100, networkType: PHYSICAL, permission: 0, secure: false, vpnType: -1}) <0.11ms>
05-24 21:02:08.891 246 246 I netd : createNetworkCache(100) <0.31ms>
05-24 21:02:08.893 471 614 D DnsManager: sendDnsConfigurationForNetwork(100, [202.96.134.133, 202.96.128.166], [], 1800, 25, 8, 64, 0, 0, , [])
05-24 21:02:08.894 246 246 I netd : DnsResolverService::setResolverConfiguration(100, [202.96.134.133, 202.96.128.166], [], 1800, 25, 8, 64, 0, 0, "", []) -> (0) (0.2ms)
05-24 21:02:08.894 246 246 I netd : setResolverConfiguration(ResolverParamsParcel{netId: 100, sampleValiditySeconds: 1800, successThreshold: 25, minSamples: 8, maxSamples: 64, baseTimeoutMsec: 0, retryCount: 0, servers: [202.96.134.133, 202.96.128.166], domains: [], tlsName: , tlsServers: [], tlsFingerprints: [], caCertificate: , tlsConnectTimeoutMs: 0, resolverOptions: (null), transportTypes: [1]}) <0.42ms>
05-24 21:02:08.898 1086 1199 D hq : NetWorkStateReceiver:::检查网络,并且持续更新 isConnect=false
05-24 21:02:08.904 471 1663 D WifiMemoryStoreImpl: Set cluster Gdd37abc070ec3058 for W50da7df6c2a2f79c: SUCCESS
05-24 21:02:08.914 471 614 W DnsManager: updatePrivateDns(100, PrivateDnsConfig{true:/[]})
05-24 21:02:08.914 471 614 D ConnectivityService: Setting DNS servers for network 100 to [/202.96.134.133, /202.96.128.166]
05-24 21:02:08.916 471 614 D DnsManager: sendDnsConfigurationForNetwork(100, [202.96.134.133, 202.96.128.166], [], 1800, 25, 8, 64, 0, 0, , [202.96.134.133, 202.96.128.166])
05-24 21:02:08.917 246 246 I netd : DnsResolverService::setResolverConfiguration(100, [202.96.134.133, 202.96.128.166], [], 1800, 25, 8, 64, 0, 0, "", [202.96.134.133, 202.96.128.166]) -> (0) (0.7ms)
05-24 21:02:08.918 246 246 I netd : setResolverConfiguration(ResolverParamsParcel{netId: 100, sampleValiditySeconds: 1800, successThreshold: 25, minSamples: 8, maxSamples: 64, baseTimeoutMsec: 0, retryCount: 0, servers: [202.96.134.133, 202.96.128.166], domains: [], tlsName: , tlsServers: [202.96.134.133, 202.96.128.166], tlsFingerprints: [], caCertificate: , tlsConnectTimeoutMs: 0, resolverOptions: (null), transportTypes: [1]}) <0.90ms>
05-24 21:02:08.918 246 2063 W resolv : Validating DnsTlsServer 202.96.134.133 with mark 0xf0064
05-24 21:02:08.919 246 2063 W resolv : Socket failed to connect: Network is unreachable
05-24 21:02:08.920 246 2063 W resolv : TCP Handshake failed: 101
05-24 21:02:08.920 246 2063 W resolv : query failed
05-24 21:02:08.920 246 2063 W resolv : validateDnsTlsServer returned 0 for 202.96.134.133
05-24 21:02:08.920 246 2063 W resolv : Validation failed
05-24 21:02:08.920 246 2062 W resolv : Validating DnsTlsServer 202.96.128.166 with mark 0xf0064
05-24 21:02:08.921 246 2062 W resolv : Socket failed to connect: Network is unreachable
05-24 21:02:08.924 246 2062 W resolv : TCP Handshake failed: 101
05-24 21:02:08.925 246 2062 W resolv : query failed
05-24 21:02:08.925 246 2062 W resolv : validateDnsTlsServer returned 0 for 202.96.128.166
05-24 21:02:08.925 246 2062 W resolv : Validation failed
05-24 21:02:08.928 471 614 D ConnectivityService: Adding iface wlan0 to network 100
05-24 21:02:08.935 246 246 I netd : networkAddInterface(100, wlan0) <6.54ms>
05-24 21:02:08.937 471 1182 D WifiMemoryStoreImpl: Set cluster Gdd37abc070ec3058 for W308f1fcb00644c5f: SUCCESS
05-24 21:02:08.937 246 246 I netd : networkAddRouteParcel(100, RouteInfoParcel{destination: fe80::/64, ifName: wlan0, nextHop: , mtu: 0}) <0.44ms>
05-24 21:02:08.940 246 246 I netd : networkAddRouteParcel(100, RouteInfoParcel{destination: 192.168.2.0/23, ifName: wlan0, nextHop: , mtu: 0}) <0.46ms>
