05-24 21:02:01.108 980 980 D wpa_supplicant: wlan0: State: INACTIVE -> DISCONNECTED
05-24 21:02:01.109 980 980 D wpa_supplicant: nl80211: Set wlan0 operstate 0->0 (DORMANT)
05-24 21:02:01.109 980 980 D wpa_supplicant: netlink: Operstate: ifindex=14 linkmode=-1 (no change), operstate=5 (IF_OPER_DORMANT)
05-24 21:02:01.109 980 980 D wpa_supplicant: Notifying state change event to hidl control: 0
05-24 21:02:01.109 980 980 D wpa_supplicant: nl80211: Create interface iftype 10 (P2P_DEVICE)
05-24 21:02:01.109 980 980 D wpa_supplicant: nl80211: New P2P Device interface p2p-dev-wlan0 (0x3) created
05-24 21:02:01.109 980 980 D wpa_supplicant: Override interface parameter: ctrl_interface ('/data/vendor/wifi/wpa/sockets' -> '/data/vendor/wifi/wpa/sockets')
05-24 21:02:01.109 980 980 D wpa_supplicant: Initializing interface 'p2p-dev-wlan0' conf '/data/vendor/wifi/wpa/wpa_supplicant.conf' driver 'nl80211' ctrl_interface '/data/vendor/wifi/wpa/sockets' bridge 'N/A'
05-24 21:02:01.109 980 980 D wpa_supplicant: Configuration file '/data/vendor/wifi/wpa/wpa_supplicant.conf' -> '/data/vendor/wifi/wpa/wpa_supplicant.conf'
05-24 21:02:01.109 980 980 D wpa_supplicant: Reading configuration file '/data/vendor/wifi/wpa/wpa_supplicant.conf'
05-24 21:02:01.110 980 980 D wpa_supplicant: update_config=1
05-24 21:02:01.110 980 980 D wpa_supplicant: eapol_version=1
05-24 21:02:01.110 980 980 D wpa_supplicant: ap_scan=1
05-24 21:02:01.110 980 980 D wpa_supplicant: fast_reauth=1
05-24 21:02:01.110 980 980 D wpa_supplicant: pmf=1
05-24 21:02:01.110 980 980 D wpa_supplicant: p2p_add_cli_chan=1
05-24 21:02:01.110 980 980 D wpa_supplicant: oce=1
05-24 21:02:01.110 980 980 D wpa_supplicant: sae_pwe=2
05-24 21:02:01.111 980 980 D wpa_supplicant: nl80211: Supported cipher 00-0f-ac:1
05-24 21:02:01.111 980 980 D wpa_supplicant: nl80211: Supported cipher 00-0f-ac:5
05-24 21:02:01.111 980 980 D wpa_supplicant: nl80211: Supported cipher 00-0f-ac:2
05-24 21:02:01.111 980 980 D wpa_supplicant: nl80211: Supported cipher 00-0f-ac:4
05-24 21:02:01.111 980 980 D wpa_supplicant: nl80211: Supported cipher 00-14-72:1
05-24 21:02:01.111 980 980 D wpa_supplicant: nl80211: Supported cipher 00-0f-ac:6
05-24 21:02:01.111 980 980 D wpa_supplicant: nl80211: Supported cipher 00-0f-ac:255
05-24 21:02:01.112 980 980 D wpa_supplicant: nl80211: Supported vendor command: vendor_id=0x1374 subcmd=9
05-24 21:02:01.112 980 980 D wpa_supplicant: nl80211: Supported vendor command: vendor_id=0x1374 subcmd=12
05-24 21:02:01.112 980 980 D wpa_supplicant: nl80211: Supported vendor command: vendor_id=0x1374 subcmd=14
05-24 21:02:01.112 980 980 D wpa_supplicant: nl80211: Supported vendor command: vendor_id=0x1374 subcmd=15
05-24 21:02:01.112 980 980 D wpa_supplicant: nl80211: Supported vendor command: vendor_id=0x1374 subcmd=16
05-24 21:02:01.112 980 980 D wpa_supplicant: nl80211: Supported vendor command: vendor_id=0x1374 subcmd=20
05-24 21:02:01.112 980 980 D wpa_supplicant: nl80211: Supported vendor command: vendor_id=0x1a11 subcmd=6
05-24 21:02:01.112 980 980 D wpa_supplicant: nl80211: Supported vendor command: vendor_id=0x1374 subcmd=21
05-24 21:02:01.112 980 980 D wpa_supplicant: nl80211: Supported vendor command: vendor_id=0x1374 subcmd=22
05-24 21:02:01.112 980 980 D wpa_supplicant: nl80211: Supported vendor command: vendor_id=0x1374 subcmd=23
05-24 21:02:01.112 980 980 D wpa_supplicant: nl80211: Supported vendor command: vendor_id=0x1374 subcmd=24
05-24 21:02:01.112 980 980 D wpa_supplicant: nl80211: Supported vendor command: vendor_id=0x1374 subcmd=29
05-24 21:02:01.112 980 980 D wpa_supplicant: nl80211: Supported vendor command: vendor_id=0x1374 subcmd=30
05-24 21:02:01.112 980 980 D wpa_supplicant: nl80211: Supported vendor command: vendor_id=0x1374 subcmd=32
05-24 21:02:01.112 980 980 D wpa_supplicant: nl80211: Supported vendor command: vendor_id=0x1374 subcmd=33
05-24 21:02:01.112 980 980 D wpa_supplicant: nl80211: Supported vendor command: vendor_id=0x1374 subcmd=38
05-24 21:02:01.112 980 980 D wpa_supplicant: nl80211: Supported vendor command: vendor_id=0x1374 subcmd=39
05-24 21:02:01.112 980 980 D wpa_supplicant: nl80211: Supported vendor command: vendor_id=0x1374 subcmd=42
05-24 21:02:01.112 980 980 D wpa_supplicant: nl80211: Supported vendor command: vendor_id=0x1374 subcmd=55
05-24 21:02:01.112 980 980 D wpa_supplicant: nl80211: Supported vendor command: vendor_id=0x1374 subcmd=61
05-24 21:02:01.112 980 980 D wpa_supplicant: nl80211: Supported vendor command: vendor_id=0x1374 subcmd=62
05-24 21:02:01.112 980 980 D wpa_supplicant: nl80211: Supported vendor command: vendor_id=0x1374 subcmd=63
05-24 21:02:01.112 980 980 D wpa_supplicant: nl80211: Supported vendor command: vendor_id=0x1374 subcmd=64
05-24 21:02:01.112 980 980 D wpa_supplicant: nl80211: Supported vendor command: vendor_id=0x1374 subcmd=65
05-24 21:02:01.112 980 980 D wpa_supplicant: nl80211: Supported vendor command: vendor_id=0x1374 subcmd=66
05-24 21:02:01.112 980 980 D wpa_supplicant: nl80211: Supported vendor command: vendor_id=0x1374 subcmd=69
05-24 21:02:01.112 980 980 D wpa_supplicant: nl80211: Supported vendor command: vendor_id=0x1374 subcmd=70
05-24 21:02:01.112 980 980 D wpa_supplicant: nl80211: Supported vendor command: vendor_id=0x1374 subcmd=71
05-24 21:02:01.112 980 980 D wpa_supplicant: nl80211: Supported vendor command: vendor_id=0x1374 subcmd=76
05-24 21:02:01.112 980 980 D wpa_supplicant: nl80211: Supported vendor command: vendor_id=0x1374 subcmd=77
05-24 21:02:01.112 980 980 D wpa_supplicant: nl80211: Supported vendor command: vendor_id=0x1374 subcmd=79
05-24 21:02:01.112 980 980 D wpa_supplicant: nl80211: Supported vendor command: vendor_id=0x1374 subcmd=80
05-24 21:02:01.112 980 980 D wpa_supplicant: nl80211: Supported vendor command: vendor_id=0x1374 subcmd=82
05-24 21:02:01.112 980 980 D wpa_supplicant: nl80211: Supported vendor command: vendor_id=0x1374 subcmd=85
05-24 21:02:01.112 980 980 D wpa_supplicant: nl80211: Supported vendor command: vendor_id=0x1374 subcmd=146
05-24 21:02:01.112 980 980 D wpa_supplicant: nl80211: Supported vendor command: vendor_id=0x1374 subcmd=12
05-24 21:02:01.112 980 980 D wpa_supplicant: nl80211: Supported vendor command: vendor_id=0x1374 subcmd=128
05-24 21:02:01.112 980 980 D wpa_supplicant: nl80211: Supported vendor command: vendor_id=0x1374 subcmd=129
05-24 21:02:01.112 980 980 D wpa_supplicant: nl80211: Supported vendor command: vendor_id=0x1374 subcmd=130
05-24 21:02:01.112 980 980 D wpa_supplicant: nl80211: Supported vendor command: vendor_id=0x1374 subcmd=133
05-24 21:02:01.112 980 980 D wpa_supplicant: nl80211: Supported vendor command: vendor_id=0x1374 subcmd=176
05-24 21:02:01.112 980 980 D wpa_supplicant: nl80211: Supported vendor event: vendor_id=0x1374 subcmd=80
05-24 21:02:01.112 980 980 D wpa_supplicant: nl80211: Supported vendor event: vendor_id=0x1374 subcmd=1
05-24 21:02:01.112 980 980 D wpa_supplicant: nl80211: Supported vendor event: vendor_id=0x1374 subcmd=1
05-24 21:02:01.112 980 980 D wpa_supplicant: nl80211: Supported vendor event: vendor_id=0x1374 subcmd=1
05-24 21:02:01.112 980 980 D wpa_supplicant: nl80211: Supported vendor event: vendor_id=0x1374 subcmd=1
05-24 21:02:01.112 980 980 D wpa_supplicant: nl80211: Supported vendor event: vendor_id=0x1374 subcmd=1
05-24 21:02:01.112 980 980 D wpa_supplicant: nl80211: Supported vendor event: vendor_id=0x1374 subcmd=20
05-24 21:02:01.112 980 980 D wpa_supplicant: nl80211: Supported vendor event: vendor_id=0x1374 subcmd=21
05-24 21:02:01.112 980 980 D wpa_supplicant: nl80211: Supported vendor event: vendor_id=0x1374 subcmd=23
05-24 21:02:01.112 980 980 D wpa_supplicant: nl80211: Supported vendor event: vendor_id=0x1374 subcmd=24
05-24 21:02:01.112 980 980 D wpa_supplicant: nl80211: Supported vendor event: vendor_id=0x1374 subcmd=25
05-24 21:02:01.112 980 980 D wpa_supplicant: nl80211: Supported vendor event: vendor_id=0x1374 subcmd=26
05-24 21:02:01.112 980 980 D wpa_supplicant: nl80211: Supported vendor event: vendor_id=0x1374 subcmd=27
05-24 21:02:01.112 980 980 D wpa_supplicant: nl80211: Supported vendor event: vendor_id=0x1374 subcmd=28
05-24 21:02:01.112 980 980 D wpa_supplicant: nl80211: Supported vendor event: vendor_id=0x1374 subcmd=41
05-24 21:02:01.112 980 980 D wpa_supplicant: nl80211: Supported vendor event: vendor_id=0x1374 subcmd=29
05-24 21:02:01.112 980 980 D wpa_supplicant: nl80211: Supported vendor event: vendor_id=0x1374 subcmd=30
05-24 21:02:01.112 980 980 D wpa_supplicant: nl80211: Supported vendor event: vendor_id=0x1374 subcmd=31
05-24 21:02:01.112 980 980 D wpa_supplicant: nl80211: Supported vendor event: vendor_id=0x1374 subcmd=32
05-24 21:02:01.112 980 980 D wpa_supplicant: nl80211: Supported vendor event: vendor_id=0x1374 subcmd=33
05-24 21:02:01.112 980 980 D wpa_supplicant: nl80211: Supported vendor event: vendor_id=0x0 subcmd=0
05-24 21:02:01.112 980 980 D wpa_supplicant: nl80211: Supported vendor event: vendor_id=0x0 subcmd=0
05-24 21:02:01.112 980 980 D wpa_supplicant: nl80211: Supported vendor event: vendor_id=0x0 subcmd=0
05-24 21:02:01.112 980 980 D wpa_supplicant: nl80211: Supported vendor event: vendor_id=0x0 subcmd=0
05-24 21:02:01.112 980 980 D wpa_supplicant: nl80211: Supported vendor event: vendor_id=0x0 subcmd=0
05-24 21:02:01.112 980 980 D wpa_supplicant: nl80211: Supported vendor event: vendor_id=0x0 subcmd=0
05-24 21:02:01.112 980 980 D wpa_supplicant: nl80211: Supported vendor event: vendor_id=0x0 subcmd=0
05-24 21:02:01.112 980 980 D wpa_supplicant: nl80211: Supported vendor event: vendor_id=0x0 subcmd=0
05-24 21:02:01.113 980 980 D wpa_supplicant: nl80211: Supported vendor event: vendor_id=0x0 subcmd=0
05-24 21:02:01.113 980 980 D wpa_supplicant: nl80211: Supported vendor event: vendor_id=0x0 subcmd=0
05-24 21:02:01.113 980 980 D wpa_supplicant: nl80211: Supported vendor event: vendor_id=0x0 subcmd=0
05-24 21:02:01.113 980 980 D wpa_supplicant: nl80211: Supported vendor event: vendor_id=0x0 subcmd=0
05-24 21:02:01.113 980 980 D wpa_supplicant: nl80211: Supported vendor event: vendor_id=0x1374 subcmd=5120
05-24 21:02:01.113 980 980 D wpa_supplicant: nl80211: Supported vendor event: vendor_id=0x0 subcmd=0
05-24 21:02:01.113 980 980 D wpa_supplicant: nl80211: Supported vendor event: vendor_id=0x0 subcmd=0
05-24 21:02:01.113 980 980 D wpa_supplicant: nl80211: Supported vendor event: vendor_id=0x0 subcmd=0
05-24 21:02:01.113 980 980 D wpa_supplicant: nl80211: Supported vendor event: vendor_id=0x0 subcmd=0
05-24 21:02:01.113 980 980 D wpa_supplicant: nl80211: Supported vendor event: vendor_id=0x0 subcmd=0
05-24 21:02:01.113 980 980 D wpa_supplicant: nl80211: Supported vendor event: vendor_id=0x0 subcmd=0
05-24 21:02:01.113 980 980 D wpa_supplicant: nl80211: Supported vendor event: vendor_id=0x0 subcmd=0
05-24 21:02:01.113 980 980 D wpa_supplicant: nl80211: Supported vendor event: vendor_id=0x0 subcmd=0
05-24 21:02:01.113 980 980 D wpa_supplicant: nl80211: Supported vendor event: vendor_id=0x0 subcmd=0
05-24 21:02:01.113 980 980 D wpa_supplicant: nl80211: Supported vendor event: vendor_id=0x0 subcmd=0
05-24 21:02:01.113 980 980 D wpa_supplicant: nl80211: Supported vendor event: vendor_id=0x0 subcmd=0
05-24 21:02:01.113 980 980 D wpa_supplicant: nl80211: Supported vendor event: vendor_id=0x0 subcmd=0
05-24 21:02:01.113 980 980 D wpa_supplicant: nl80211: Supported vendor event: vendor_id=0x0 subcmd=0
05-24 21:02:01.113 980 980 D wpa_supplicant: nl80211: Supported vendor event: vendor_id=0x0 subcmd=0
05-24 21:02:01.113 980 980 D wpa_supplicant: nl80211: Supported vendor event: vendor_id=0x0 subcmd=0
05-24 21:02:01.113 980 980 D wpa_supplicant: nl80211: Supported vendor event: vendor_id=0x0 subcmd=0
05-24 21:02:01.113 980 980 D wpa_supplicant: nl80211: Supported vendor event: vendor_id=0x0 subcmd=0
05-24 21:02:01.113 980 980 D wpa_supplicant: nl80211: Supported vendor event: vendor_id=0x0 subcmd=0
05-24 21:02:01.113 980 980 D wpa_supplicant: nl80211: Supported vendor event: vendor_id=0x0 subcmd=0
05-24 21:02:01.113 980 980 D wpa_supplicant: nl80211: Supported vendor event: vendor_id=0x0 subcmd=0
05-24 21:02:01.113 980 980 D wpa_supplicant: nl80211: Supported vendor event: vendor_id=0x0 subcmd=0
05-24 21:02:01.113 980 980 D wpa_supplicant: nl80211: Supported vendor event: vendor_id=0x0 subcmd=0
05-24 21:02:01.113 980 980 D wpa_supplicant: nl80211: Supported vendor event: vendor_id=0x0 subcmd=0
05-24 21:02:01.113 980 980 D wpa_supplicant: nl80211: Supported vendor event: vendor_id=0x0 subcmd=0
05-24 21:02:01.113 980 980 D wpa_supplicant: nl80211: Supported vendor event: vendor_id=0x0 subcmd=0
05-24 21:02:01.113 980 980 D wpa_supplicant: nl80211: Supported vendor event: vendor_id=0x0 subcmd=0
05-24 21:02:01.113 980 980 D wpa_supplicant: nl80211: Supported vendor event: vendor_id=0x0 subcmd=0
05-24 21:02:01.113 980 980 D wpa_supplicant: nl80211: Supported vendor event: vendor_id=0x0 subcmd=0
05-24 21:02:01.113 980 980 D wpa_supplicant: nl80211: Supported vendor event: vendor_id=0x0 subcmd=0
05-24 21:02:01.113 980 980 D wpa_supplicant: nl80211: Supported vendor event: vendor_id=0x0 subcmd=0
05-24 21:02:01.113 980 980 D wpa_supplicant: nl80211: Supported vendor event: vendor_id=0x0 subcmd=0
05-24 21:02:01.113 980 980 D wpa_supplicant: nl80211: Supported vendor event: vendor_id=0x1374 subcmd=131
05-24 21:02:01.113 980 980 D wpa_supplicant: nl80211: Supported vendor event: vendor_id=0x1374 subcmd=132
05-24 21:02:01.113 980 980 D wpa_supplicant: nl80211: Supported vendor event: vendor_id=0x0 subcmd=0
05-24 21:02:01.113 980 980 D wpa_supplicant: nl80211: Supported vendor event: vendor_id=0x0 subcmd=0
05-24 21:02:01.113 980 980 D wpa_supplicant: nl80211: Supported vendor event: vendor_id=0x0 subcmd=0
05-24 21:02:01.113 980 980 D wpa_supplicant: nl80211: Supported vendor event: vendor_id=0x0 subcmd=0
05-24 21:02:01.113 980 980 D wpa_supplicant: nl80211: Supported vendor event: vendor_id=0x0 subcmd=0
05-24 21:02:01.113 980 980 D wpa_supplicant: nl80211: Supported vendor event: vendor_id=0x0 subcmd=0
05-24 21:02:01.113 980 980 D wpa_supplicant: nl80211: Supported vendor event: vendor_id=0x1374 subcmd=72
05-24 21:02:01.113 980 980 D wpa_supplicant: nl80211: Use separate P2P group interface (driver advertised support)
05-24 21:02:01.113 980 980 D wpa_supplicant: nl80211: Enable multi-channel concurrent (driver advertised support)
05-24 21:02:01.113 980 980 D wpa_supplicant: nl80211: use P2P_DEVICE support
05-24 21:02:01.113 980 980 D wpa_supplicant: nl80211: key_mgmt=0xd0f enc=0x10f auth=0x7 flags=0x100100007a007ac0 rrm_flags=0x0 probe_resp_offloads=0x0 max_stations=10 max_remain_on_chan=5000 max_scan_ssids=12
05-24 21:02:01.113 980 980 D wpa_supplicant: nl80211: interface p2p-dev-wlan0 in phy phy0
05-24 21:02:01.115 980 980 D wpa_supplicant: nl80211: Set mode ifindex 0 iftype 10 (P2P_DEVICE)
05-24 21:02:01.115 980 980 D wpa_supplicant: nl80211: Failed to set interface 0 to mode 10: -22 (Invalid argument)
05-24 21:02:01.115 980 980 D wpa_supplicant: nl80211: Subscribe to mgmt frames with non-AP handle 0xf2e8a848
05-24 21:02:01.115 980 980 D wpa_supplicant: nl80211: Register frame type=0xb0 (WLAN_FC_STYPE_AUTH) nl_handle=0xf2e8a848 match=0300 multicast=0
05-24 21:02:01.116 980 980 D wpa_supplicant: nl80211: Register frame command failed (type=176): ret=-22 (Invalid argument)
05-24 21:02:01.116 980 980 D wpa_supplicant: nl80211: Register frame match - hexdump(len=2): 03 00
05-24 21:02:01.116 980 980 D wpa_supplicant: nl80211: Register frame type=0xd0 (WLAN_FC_STYPE_ACTION) nl_handle=0xf2e8a848 match=0104 multicast=0
05-24 21:02:01.116 980 980 D wpa_supplicant: nl80211: Register frame type=0xd0 (WLAN_FC_STYPE_ACTION) nl_handle=0xf2e8a848 match=040a multicast=0
05-24 21:02:01.116 980 980 D wpa_supplicant: nl80211: Register frame type=0xd0 (WLAN_FC_STYPE_ACTION) nl_handle=0xf2e8a848 match=040b multicast=0
05-24 21:02:01.116 980 980 D wpa_supplicant: nl80211: Register frame type=0xd0 (WLAN_FC_STYPE_ACTION) nl_handle=0xf2e8a848 match=040c multicast=0
05-24 21:02:01.116 980 980 D wpa_supplicant: nl80211: Register frame type=0xd0 (WLAN_FC_STYPE_ACTION) nl_handle=0xf2e8a848 match=040d multicast=0
05-24 21:02:01.116 980 980 D wpa_supplicant: nl80211: Register frame type=0xd0 (WLAN_FC_STYPE_ACTION) nl_handle=0xf2e8a848 match=090a multicast=0
05-24 21:02:01.116 980 980 D wpa_supplicant: nl80211: Register frame type=0xd0 (WLAN_FC_STYPE_ACTION) nl_handle=0xf2e8a848 match=090b multicast=0
05-24 21:02:01.116 980 980 D wpa_supplicant: nl80211: Register frame type=0xd0 (WLAN_FC_STYPE_ACTION) nl_handle=0xf2e8a848 match=090c multicast=0
05-24 21:02:01.116 980 980 D wpa_supplicant: nl80211: Register frame type=0xd0 (WLAN_FC_STYPE_ACTION) nl_handle=0xf2e8a848 match=090d multicast=0
05-24 21:02:01.118 980 980 D wpa_supplicant: nl80211: Register frame type=0xd0 (WLAN_FC_STYPE_ACTION) nl_handle=0xf2e8a848 match=0409506f9a09 multicast=0
05-24 21:02:01.118 980 980 D wpa_supplicant: nl80211: Register frame type=0xd0 (WLAN_FC_STYPE_ACTION) nl_handle=0xf2e8a848 match=7f506f9a09 multicast=0
05-24 21:02:01.118 980 980 D wpa_supplicant: nl80211: Register frame type=0xd0 (WLAN_FC_STYPE_ACTION) nl_handle=0xf2e8a848 match=0409506f9a1a multicast=0
05-24 21:02:01.118 980 980 D wpa_supplicant: nl80211: Register frame type=0xd0 (WLAN_FC_STYPE_ACTION) nl_handle=0xf2e8a848 match=0801 multicast=0
05-24 21:02:01.118 980 980 D wpa_supplicant: nl80211: Register frame type=0xd0 (WLAN_FC_STYPE_ACTION) nl_handle=0xf2e8a848 match=06 multicast=0
05-24 21:02:01.118 980 980 D wpa_supplicant: nl80211: Register frame type=0xd0 (WLAN_FC_STYPE_ACTION) nl_handle=0xf2e8a848 match=0a07 multicast=0
05-24 21:02:01.118 980 980 D wpa_supplicant: nl80211: Register frame type=0xd0 (WLAN_FC_STYPE_ACTION) nl_handle=0xf2e8a848 match=0a11 multicast=0
05-24 21:02:01.118 980 980 D wpa_supplicant: nl80211: Register frame type=0xd0 (WLAN_FC_STYPE_ACTION) nl_handle=0xf2e8a848 match=0a0b multicast=0
05-24 21:02:01.119 980 980 D wpa_supplicant: nl80211: Register frame type=0xd0 (WLAN_FC_STYPE_ACTION) nl_handle=0xf2e8a848 match=0a1a multicast=0
05-24 21:02:01.119 980 980 D wpa_supplicant: nl80211: Register frame type=0xd0 (WLAN_FC_STYPE_ACTION) nl_handle=0xf2e8a848 match=1101 multicast=0
05-24 21:02:01.119 980 980 D wpa_supplicant: nl80211: Register frame type=0xd0 (WLAN_FC_STYPE_ACTION) nl_handle=0xf2e8a848 match=1102 multicast=0
05-24 21:02:01.119 980 980 D wpa_supplicant: nl80211: Register frame type=0xd0 (WLAN_FC_STYPE_ACTION) nl_handle=0xf2e8a848 match=0505 multicast=0
05-24 21:02:01.119 980 980 D wpa_supplicant: nl80211: Register frame type=0xd0 (WLAN_FC_STYPE_ACTION) nl_handle=0xf2e8a848 match=0500 multicast=0
05-24 21:02:01.119 980 980 D wpa_supplicant: nl80211: Register frame type=0xd0 (WLAN_FC_STYPE_ACTION) nl_handle=0xf2e8a848 match=1305 multicast=0
05-24 21:02:01.120 980 980 I wpa_supplicant: rfkill: Cannot get wiphy information
05-24 21:02:01.120 980 980 D wpa_supplicant: nl80211: RFKILL status not available
05-24 21:02:01.120 1086 1086 D ApplicationLoaders: Returning zygote-cached class loader: /system/framework/android.test.base.jar
05-24 21:02:01.120 1086 1086 D ApplicationLoaders: Returning zygote-cached class loader: /system/framework/android.hidl.manager-V1.0-java.jar
05-24 21:02:01.120 1086 1086 D ApplicationLoaders: Returning zygote-cached class loader: /system/framework/android.hidl.base-V1.0-java.jar
05-24 21:02:01.120 471 575 D CompatibilityChangeReporter: Compat change id reported: 168419799; UID 1000; state: DISABLED
05-24 21:02:01.121 1043 1043 V GraphicsEnvironment: Neither updatable production driver nor prerelease driver is supported.
05-24 21:02:01.121 471 471 W Looper : Slow dispatch took 589ms main h=android.os.Handler c=com.android.server.hdmi.WorkSourceUidPreservingRunnable@b9c6e07 m=0
05-24 21:02:01.127 471 471 W Looper : Slow delivery took 491ms main h=android.os.Handler c=com.android.internal.os.BinderCallsStats$1@c87e3a3 m=0
05-24 21:02:01.128 1043 1043 D NetworkSecurityConfig: Using Network Security Config from resource network_security_config debugBuild: false
05-24 21:02:01.132 471 471 V NotificationAssistants: disabling notification assistant for user 0: ComponentInfo{android.ext.services/android.ext.services.notification.Assistant}
05-24 21:02:01.133 471 471 D NotificationListeners: Removing active service ComponentInfo{android.ext.services/android.ext.services.notification.Assistant}
05-24 21:02:01.134 1043 1043 D NetworkSecurityConfig: Using Network Security Config from resource network_security_config debugBuild: false
05-24 21:02:01.138 980 980 D wpa_supplicant: nl80211: Start P2P Device p2p-dev-wlan0 (0x3): Success
05-24 21:02:01.142 980 980 D wpa_supplicant: Add interface p2p-dev-wlan0 to existing radio phy0
05-24 21:02:01.142 1106 1106 D CompatibilityChangeReporter: Compat change id reported: 171979766; UID 1000; state: ENABLED
05-24 21:02:01.143 980 980 D wpa_supplicant: nl80211: No channel number found for frequency 5920 MHz
05-24 21:02:01.143 980 980 D wpa_supplicant: nl80211: No channel number found for frequency 5940 MHz
05-24 21:02:01.143 980 980 D wpa_supplicant: nl80211: Regulatory information - country=CN (DFS-FCC)
05-24 21:02:01.143 980 980 D wpa_supplicant: nl80211: 2400-2483 @ 40 MHz 20 mBm
05-24 21:02:01.143 980 980 D wpa_supplicant: nl80211: 5150-5350 @ 80 MHz 20 mBm (DFS)
05-24 21:02:01.143 980 980 D wpa_supplicant: nl80211: 5725-5850 @ 80 MHz 33 mBm
05-24 21:02:01.143 980 980 D wpa_supplicant: nl80211: 57240-59400 @ 2160 MHz 28 mBm
05-24 21:02:01.143 980 980 D wpa_supplicant: nl80211: 59400-63720 @ 2160 MHz 44 mBm
05-24 21:02:01.143 980 980 D wpa_supplicant: nl80211: 63720-65880 @ 2160 MHz 28 mBm
05-24 21:02:01.144 980 980 D wpa_supplicant: nl80211: Added 802.11b mode based on 802.11g information
05-24 21:02:01.144 980 980 D wpa_supplicant: nl80211: Mode IEEE 802.11g: 2412 2417 2422 2427 2432 2437 2442 2447 2452 2457 2462 2467 2472 2484[DISABLED]
05-24 21:02:01.144 980 980 D wpa_supplicant: nl80211: Mode IEEE 802.11a: 5170[DISABLED] 5180 5200 5220 5240 5260[RADAR] 5280[RADAR] 5300[RADAR] 5320[RADAR] 5500[DISABLED][RADAR] 5520[DISABLED][RADAR] 5540[DISABLED][RADAR] 5560[DISABLED][RADAR] 5580[DISABLED][RADAR]
05-24 21:02:01.144 471 471 V NotificationAssistants: enabling notification assistant for 0: ComponentInfo{android.ext.services/android.ext.services.notification.Assistant}
05-24 21:02:01.144 980 980 D wpa_supplicant: nl80211: Mode IEEE 802.11b: 2412 2417 2422 2427 2432 2437 2442 2447 2452 2457 2462 2467 2472 2484[DISABLED]
05-24 21:02:01.144 980 980 D wpa_supplicant: p2p-dev-wlan0: Own MAC address: b6:2f:03:15:e9:08
05-24 21:02:01.144 980 980 D wpa_supplicant: p2p-dev-wlan0: RSN: flushing PMKID list in the driver
05-24 21:02:01.144 980 980 D wpa_supplicant: nl80211: Flush PMKIDs
05-24 21:02:01.144 980 980 D wpa_supplicant: p2p-dev-wlan0: State: DISCONNECTED -> INACTIVE
05-24 21:02:01.144 980 980 D wpa_supplicant: p2p-dev-wlan0: WPS: UUID from the first interface: 0152a487-414e-5d5a-b1ab-df1a2ff1ccea
05-24 21:02:01.144 471 471 V NotificationAssistants: binding: Intent { act=android.service.notification.NotificationAssistantService cmp=android.ext.services/.notification.Assistant (has extras) }
05-24 21:02:01.144 980 980 D wpa_supplicant: EAPOL: SUPP_PAE entering state DISCONNECTED
05-24 21:02:01.144 980 980 D wpa_supplicant: EAPOL: Supplicant port status: Unauthorized
05-24 21:02:01.144 980 980 D wpa_supplicant: nl80211: Skip set_supp_port(unauthorized) while not associated
05-24 21:02:01.144 980 980 D wpa_supplicant: EAPOL: KEY_RX entering state NO_KEY_RECEIVE
05-24 21:02:01.144 980 980 D wpa_supplicant: EAPOL: SUPP_BE entering state INITIALIZE
05-24 21:02:01.144 980 980 D wpa_supplicant: EAP: EAP entering state DISABLED
05-24 21:02:01.144 980 980 D wpa_supplicant: Using existing control interface directory.
05-24 21:02:01.148 980 980 D wpa_supplicant: ctrl_iface bind(PF_UNIX) failed: Address already in use
05-24 21:02:01.149 980 980 D wpa_supplicant: ctrl_iface exists, but does not allow connections - assuming it was leftover from forced program termination
05-24 21:02:01.149 980 980 D wpa_supplicant: Successfully replaced leftover ctrl_iface socket '/data/vendor/wifi/wpa/sockets/p2p-dev-wlan0'
05-24 21:02:01.149 980 980 D wpa_supplicant: P2P: Add operating class 81
05-24 21:02:01.149 980 980 D wpa_supplicant: P2P: Channels - hexdump(len=13): 01 02 03 04 05 06 07 08 09 0a 0b 0c 0d
05-24 21:02:01.149 980 980 D wpa_supplicant: P2P: Add operating class 115
05-24 21:02:01.149 980 980 D wpa_supplicant: P2P: Channels - hexdump(len=4): 24 28 2c 30
05-24 21:02:01.149 980 980 D wpa_supplicant: P2P: Add operating class 116
05-24 21:02:01.149 980 980 D wpa_supplicant: P2P: Channels - hexdump(len=2): 24 2c
05-24 21:02:01.149 980 980 D wpa_supplicant: P2P: Add operating class 117
05-24 21:02:01.149 980 980 D wpa_supplicant: P2P: Channels - hexdump(len=2): 28 30
05-24 21:02:01.149 980 980 D wpa_supplicant: P2P: Add operating class 124
05-24 21:02:01.149 980 980 D wpa_supplicant: P2P: Channels - hexdump(len=4): 95 99 9d a1
05-24 21:02:01.149 980 980 D wpa_supplicant: P2P: Add operating class 125
05-24 21:02:01.149 980 980 D wpa_supplicant: P2P: Channels - hexdump(len=5): 95 99 9d a1 a5
05-24 21:02:01.149 980 980 D wpa_supplicant: P2P: Add operating class 126
05-24 21:02:01.149 980 980 D wpa_supplicant: P2P: Channels - hexdump(len=2): 95 9d
05-24 21:02:01.149 980 980 D wpa_supplicant: P2P: Add operating class 127
05-24 21:02:01.149 980 980 D wpa_supplicant: P2P: Channels - hexdump(len=2): 99 a1
05-24 21:02:01.149 980 980 D wpa_supplicant: P2P: Add operating class 128
05-24 21:02:01.149 980 980 D wpa_supplicant: P2P: Channels - hexdump(len=8): 24 28 2c 30 95 99 9d a1
05-24 21:02:01.149 980 980 D wpa_supplicant: P2P: Add operating class 130
05-24 21:02:01.149 980 980 D wpa_supplicant: P2P: Channels - hexdump(len=9): 24 28 2c 30 95 99 9d a1 a5
05-24 21:02:01.150 980 980 D wpa_supplicant: P2P: Own listen channel: 81:1
05-24 21:02:01.150 980 980 D wpa_supplicant: P2P: Random operating channel: 81:6
05-24 21:02:01.150 980 980 D wpa_supplicant: P2P: initialized
05-24 21:02:01.150 980 980 D wpa_supplicant: P2P: channels: 81:1,2,3,4,5,6,7,8,9,10,11,12,13 115:36,40,44,48 116:36,44 117:40,48 124:149,153,157,161 125:149,153,157,161,165 126:149,157 127:153,161 128:36,40,44,48,149,153,157,161 130:36,40,44,48,149,153,157,161,165
05-24 21:02:01.150 980 980 D wpa_supplicant: P2P: cli_channels:
05-24 21:02:01.150 980 980 D wpa_supplicant: MBO: Update non-preferred channels, non_pref_chan=N/A
05-24 21:02:01.151 980 980 D wpa_supplicant: Registering interface to hidl control: p2p-dev-wlan0
05-24 21:02:01.151 980 980 D wpa_supplicant: p2p-dev-wlan0: Added interface p2p-dev-wlan0
05-24 21:02:01.151 980 980 D wpa_supplicant: p2p-dev-wlan0: State: INACTIVE -> DISCONNECTED
05-24 21:02:01.151 980 980 D wpa_supplicant: nl80211: Set p2p-dev-wlan0 operstate 0->0 (DORMANT)
05-24 21:02:01.151 980 980 D wpa_supplicant: netlink: Operstate: ifindex=0 linkmode=-1 (no change), operstate=5 (IF_OPER_DORMANT)
05-24 21:02:01.151 980 980 D wpa_supplicant: p2p-dev-wlan0: Determining shared radio frequencies (max len 2)
05-24 21:02:01.151 980 980 D wpa_supplicant: p2p-dev-wlan0: Shared frequencies (len=0): completed iteration
05-24 21:02:01.151 980 980 D wpa_supplicant: P2P: Add operating class 81
05-24 21:02:01.151 980 980 D wpa_supplicant: P2P: Channels - hexdump(len=13): 01 02 03 04 05 06 07 08 09 0a 0b 0c 0d
05-24 21:02:01.151 980 980 D wpa_supplicant: P2P: Add operating class 115
05-24 21:02:01.151 980 980 D wpa_supplicant: P2P: Channels - hexdump(len=4): 24 28 2c 30
05-24 21:02:01.151 980 980 D wpa_supplicant: P2P: Add operating class 116
05-24 21:02:01.151 980 980 D wpa_supplicant: P2P: Channels - hexdump(len=2): 24 2c
05-24 21:02:01.151 980 980 D wpa_supplicant: P2P: Add operating class 117
05-24 21:02:01.151 980 980 D wpa_supplicant: P2P: Channels - hexdump(len=2): 28 30
05-24 21:02:01.151 980 980 D wpa_supplicant: P2P: Add operating class 124
05-24 21:02:01.151 980 980 D wpa_supplicant: P2P: Channels - hexdump(len=4): 95 99 9d a1
05-24 21:02:01.151 980 980 D wpa_supplicant: P2P: Add operating class 125
05-24 21:02:01.151 980 980 D wpa_supplicant: P2P: Channels - hexdump(len=5): 95 99 9d a1 a5
05-24 21:02:01.151 980 980 D wpa_supplicant: P2P: Add operating class 126
05-24 21:02:01.151 980 980 D wpa_supplicant: P2P: Channels - hexdump(len=2): 95 9d
05-24 21:02:01.151 980 980 D wpa_supplicant: P2P: Add operating class 127
05-24 21:02:01.151 980 980 D wpa_supplicant: P2P: Channels - hexdump(len=2): 99 a1
05-24 21:02:01.151 980 980 D wpa_supplicant: P2P: Add operating class 128
05-24 21:02:01.151 980 980 D wpa_supplicant: P2P: Channels - hexdump(len=8): 24 28 2c 30 95 99 9d a1
05-24 21:02:01.151 980 980 D wpa_supplicant: P2P: Add operating class 130
05-24 21:02:01.151 980 980 D wpa_supplicant: P2P: Channels - hexdump(len=9): 24 28 2c 30 95 99 9d a1 a5
05-24 21:02:01.151 980 980 D wpa_supplicant: P2P: Update channel list
05-24 21:02:01.151 980 980 D wpa_supplicant: P2P: channels: 81:1,2,3,4,5,6,7,8,9,10,11,12,13 115:36,40,44,48 116:36,44 117:40,48 124:149,153,157,161 125:149,153,157,161,165 126:149,157 127:153,161 128:36,40,44,48,149,153,157,161 130:36,40,44,48,149,153,157,161,165
05-24 21:02:01.151 980 980 D wpa_supplicant: P2P: cli_channels:
05-24 21:02:01.151 401 416 I adbd : jdwp connection from 1113
05-24 21:02:01.152 980 980 D wpa_supplicant: RTM_NEWLINK: ifi_index=14 ifname=wlan0 operstate=5 linkmode=0 ifi_family=0 ifi_flags=0x11003 ([UP][LOWER_UP])
05-24 21:02:01.152 980 980 D wpa_supplicant: RTM_NEWLINK: ifi_index=14 ifname=wlan0 operstate=5 linkmode=1 ifi_family=0 ifi_flags=0x11003 ([UP][LOWER_UP])
05-24 21:02:01.195 1067 1067 V GraphicsEnvironment: ANGLE Developer option for 'com.android.traceur' set to: 'default'
05-24 21:02:01.195 1067 1067 V GraphicsEnvironment: Neither updatable production driver nor prerelease driver is supported.
05-24 21:02:01.198 1067 1067 D NetworkSecurityConfig: No Network Security Config specified, using platform default
05-24 21:02:01.199 1067 1067 D NetworkSecurityConfig: No Network Security Config specified, using platform default
05-24 21:02:01.236 665 841 I bt_core_module: system/bt/btcore/src/module.cc:90 module_start_up: module_start_up Started module "controller_module"
05-24 21:02:01.237 665 841 I bt_btm_pm: system/bt/stack/acl/btm_pm.cc:392 btm_pm_reset: reset pm
05-24 21:02:01.238 665 841 I btm_acl : system/bt/stack/acl/btm_acl.cc:654 check_link_policy: hold not supported (settings: 0x000d)
05-24 21:02:01.242 665 841 I bt_btm_sec: system/bt/stack/btm/btm_sec.cc:225 BTM_SecRegister: BTM_SecRegister p_cb_info->p_le_callback == 0x0xbeacd9f5
05-24 21:02:01.243 471 471 I AccountManagerService: User 0 is unlocked - opening CE database
05-24 21:02:01.243 665 841 I bt_btm_sec: system/bt/stack/btm/btm_sec.cc:240 BTM_SecRegister: BTM_SecRegister btm_cb.api.p_le_callback = 0x0xbeacd9f5
05-24 21:02:01.243 1043 1043 I MultiDex: VM with version 2.1.0 has multidex support
05-24 21:02:01.243 1043 1043 I MultiDex: Installing application
05-24 21:02:01.243 1043 1043 I MultiDex: VM has multidex support, MultiDex support library is disabled.
05-24 21:02:01.246 665 981 I bluetooth: system/bt/stack/gatt/gatt_api.cc:1019 GATT_Register: Allocated name:GattClient uuid:7d1f32e0-653a-5ef6-4420-f99448533ba5 gatt_if:3 eatt_support:0
05-24 21:02:01.255 1033 1033 V MediaProvider: Attached media from com.android.providers.media.module
05-24 21:02:01.258 471 809 D CompatibilityChangeReporter: Compat change id reported: 168419799; UID 1000; state: DISABLED
05-24 21:02:01.266 665 981 I bt_stack: [INFO:ble_advertiser_hci_interface.cc(767)] Extended advertising will be in use
05-24 21:02:01.270 665 981 E bt_btif_storage: system/bt/btif/src/btif_storage.cc:632 btif_storage_get_adapter_property: btif_storage_get_adapter_property: Controller ready!
05-24 21:02:01.270 665 981 I bt_btif_storage: system/bt/btif/src/btif_storage.cc:661 btif_storage_get_adapter_property: btif_storage_get_adapter_property service_mask:0x20000000
05-24 21:02:01.270 665 981 I bt_stack: [INFO:btif_bqr.cc(229)] EnableBtQualityReport: is_enable: true
05-24 21:02:01.270 665 981 W bt_stack: [WARNING:btif_bqr.cc(237)] EnableBtQualityReport: Bluetooth Quality Report is disabled. bqr_prop_evtmask: , bqr_prop_interval_ms:
05-24 21:02:01.271 665 1140 I bt_osi_thread: system/bt/osi/src/thread.cc:209 run_thread: run_thread: thread id 1140, thread name btif_sock started
05-24 21:02:01.273 665 981 I bt_bte_conf: system/bt/main/bte_conf.cc:84 bte_load_did_conf: Device ID record 1 : primary
05-24 21:02:01.273 665 981 I bt_bte_conf: system/bt/main/bte_conf.cc:85 bte_load_did_conf: vendorId = 00e0
05-24 21:02:01.273 665 981 I bt_bte_conf: system/bt/main/bte_conf.cc:86 bte_load_did_conf: vendorIdSource = 0001
05-24 21:02:01.273 665 981 I bt_bte_conf: system/bt/main/bte_conf.cc:87 bte_load_did_conf: product = 1200
05-24 21:02:01.273 665 981 I bt_bte_conf: system/bt/main/bte_conf.cc:88 bte_load_did_conf: version = 1436
05-24 21:02:01.273 665 981 I bt_bte_conf: system/bt/main/bte_conf.cc:89 bte_load_did_conf: clientExecutableURL =
05-24 21:02:01.273 665 981 I bt_bte_conf: system/bt/main/bte_conf.cc:90 bte_load_did_conf: serviceDescription =
05-24 21:02:01.273 665 981 I bt_bte_conf: system/bt/main/bte_conf.cc:91 bte_load_did_conf: documentationURL =
05-24 21:02:01.274 665 981 I bt_bta_dm: system/bt/bta/dm/bta_dm_act.cc:3198 bta_dm_eir_update_uuid: EIR Adding UUID=0x1200 into extended inquiry response
05-24 21:02:01.274 665 981 I bt_bta_dm: system/bt/bta/dm/bta_dm_act.cc:2897 bta_dm_set_eir: Generating extended inquiry response packet EIR
05-24 21:02:01.274 665 981 I bt_bte_conf: system/bt/main/bte_conf.cc:47 bte_load_did_conf: bte_load_did_conf no section named DID2.
05-24 21:02:01.274 665 981 I bt_btif_core: system/bt/btif/src/btif_core.cc:312 btif_enable_bluetooth_evt: Bluetooth enable event completed
05-24 21:02:01.274 665 981 I bt_bta_dm: system/bt/bta/dm/bta_dm_act.cc:2897 bta_dm_set_eir: Generating extended inquiry response packet EIR
05-24 21:02:01.274 665 841 I bt_stack_manager: system/bt/btif/src/stack_manager.cc:311 event_start_up_stack: event_start_up_stack finished
05-24 21:02:01.278 395 395 I update_engine: [INFO:cleanup_previous_update_action.cc(112)] Executing task 7
05-24 21:02:01.293 665 853 D AdapterProperties: BT_PROPERTY_LOCAL_LE_FEATURES: update from BT controller mNumOfAdvertisementInstancesSupported = 0 mRpaOffloadSupported = false mNumOfOffloadedIrkSupported = 0 mNumOfOffloadedScanFilterSupported = 0 mOffloadedScanResultStorageBytes= 0 mIsActivityAndEnergyReporting = false mVersSupported = 0 mTotNumOfTrackableAdv = 0 mIsExtendedScanSupported = false mIsDebugLogSupported = false mIsLe2MPhySupported = true mIsLeCodedPhySupported = true mIsLeExtendedAdvertisingSupported = true mIsLePeriodicAdvertisingSupported = true mLeMaximumAdvertisingDataLength = 1650 mDynamicAudioBufferSizeSupportedCodecsGroup1 = 0 mDynamicAudioBufferSizeSupportedCodecsGroup2 = 0
05-24 21:02:01.299 395 395 I update_engine: [INFO:cleanup_previous_update_action.cc(189)] Boot completed, waiting on markBootSuccessful()
05-24 21:02:01.303 395 395 I update_engine: EnsureMetadataMounted does nothing in Android mode.
05-24 21:02:01.307 395 395 I update_engine: Read merge statistics file failed: No such file or directory
05-24 21:02:01.308 471 607 D SupplicantStaIfaceHal: Newer HAL is found, skip V1_3 remaining init flow.
05-24 21:02:01.308 471 607 D SupplicantStaIfaceHal: Newer HAL is found, skip V1_2 remaining init flow.
05-24 21:02:01.308 471 607 D SupplicantStaIfaceHal: Newer HAL is found, skip V1_1 remaining init flow.
05-24 21:02:01.308 471 607 D SupplicantStaIfaceHal: Newer HAL is found, skip V1_0 remaining init flow.
05-24 21:02:01.313 395 395 I update_engine: [INFO:cleanup_previous_update_action.cc(261)] Waiting for any previous merge request to complete. This can take up to several minutes.
05-24 21:02:01.318 395 395 I update_engine: CheckMergeState for snapshots returned: 0
05-24 21:02:01.322 395 395 I update_engine: ProcessUpdateState handling state: 0
05-24 21:02:01.324 1086 1086 V GraphicsEnvironment: ANGLE Developer option for 'com.dangbei.leard.leradlauncher' set to: 'default'
05-24 21:02:01.324 1086 1086 V GraphicsEnvironment: Neither updatable production driver nor prerelease driver is supported.
05-24 21:02:01.330 665 853 D AdapterProperties: Name is: DBBOX-A2
05-24 21:02:01.331 395 395 I update_engine: [INFO:cleanup_previous_update_action.cc(287)] Can't find any snapshot to merge.
05-24 21:02:01.333 1086 1086 D NetworkSecurityConfig: Using Network Security Config from resource network_permission_config debugBuild: false
05-24 21:02:01.334 395 395 I update_engine: [INFO:cleanup_previous_update_action.cc(130)] Stopping/suspending/completing CleanupPreviousUpdateAction
05-24 21:02:01.336 1086 1086 D NetworkSecurityConfig: Using Network Security Config from resource network_permission_config debugBuild: false
05-24 21:02:01.337 395 395 I update_engine: [INFO:cleanup_previous_update_action.cc(469)] Not reporting merge stats because state is None
05-24 21:02:01.339 1067 1067 I Traceur : Received BOOT_COMPLETE
05-24 21:02:01.341 471 520 W IorapForwardingService: No service published for: iorapd
05-24 21:02:01.347 395 395 I update_engine: [INFO:cleanup_previous_update_action.cc(130)] Stopping/suspending/completing CleanupPreviousUpdateAction
05-24 21:02:01.352 665 853 D AdapterProperties: Scan Mode:20
05-24 21:02:01.353 665 853 D AdapterProperties: Discoverable Timeout:120
05-24 21:02:01.355 395 395 I update_engine: [INFO:action_processor.cc(116)] ActionProcessor: finished last action CleanupPreviousUpdateAction with code ErrorCode::kSuccess
05-24 21:02:01.361 395 395 I update_engine: [INFO:update_attempter_android.cc(549)] Processing Done.
05-24 21:02:01.363 659 659 E WifiHAL : wifi_get_logger_supported_feature_set: Error -5 happened.
05-24 21:02:01.366 395 395 I update_engine: [INFO:update_attempter_android.cc(701)] Terminating cleanup previous update.
01-01 08:00:26.004 659 659 I ieee80211 phy0: sprdwl_vendor_get_support_feature
01-01 08:00:26.019 659 659 I ieee80211 phy0: sprdwl_vendor_get_support_feature
05-24 21:02:01.374 659 659 E WifiHAL : wifi_get_logger_supported_feature_set: Error -5 happened.
05-24 21:02:01.379 980 980 D wpa_supplicant: Driver capability mask: 0xd
05-24 21:02:01.379 1086 1086 I MultiDex: VM with version 2.1.0 has multidex support
05-24 21:02:01.380 1086 1086 I MultiDex: Installing application
05-24 21:02:01.380 1086 1086 I MultiDex: VM has multidex support, MultiDex support library is disabled.
05-24 21:02:01.381 471 607 I WifiNative: Successfully switched to connectivity mode on iface=Iface:{Name=wlan0,Id=0,Type=STA_CONNECTIVITY}
05-24 21:02:01.381 471 607 D WifiClientModeManager[wlan0]: entering ConnectModeState, starting ClientModeImpl
05-24 21:02:01.392 665 818 I AdapterState: BLE_ON : entered
05-24 21:02:01.392 665 818 D AdapterProperties: Setting state to BLE_ON
05-24 21:02:01.393 665 818 D BluetoothAdapterService: updateAdapterState() - Broadcasting state BLE_ON to 1 receivers.
05-24 21:02:01.394 471 520 D BluetoothManagerService: MESSAGE_BLUETOOTH_STATE_CHANGE: BLE_TURNING_ON > BLE_ON
05-24 21:02:01.394 471 520 D BluetoothManagerService: Bluetooth is in LE only mode
05-24 21:02:01.394 471 520 D BluetoothManagerService: Binding Bluetooth GATT service
05-24 21:02:01.405 471 520 D BluetoothManagerService: Sending BLE State Change: BLE_TURNING_ON > BLE_ON
05-24 21:02:01.413 471 471 W Looper : Slow dispatch took 250ms main h=android.app.ActivityThread$H c=android.app.LoadedApk$ReceiverDispatcher$Args$$ExternalSyntheticLambda0@98dcbfb m=0
05-24 21:02:01.425 1113 1113 D CompatibilityChangeReporter: Compat change id reported: 171979766; UID 1000; state: DISABLED
05-24 21:02:01.431 471 664 I SyncManager: Loaded persisted syncs: 0 periodic syncs, 0 oneshot syncs, 16 total system server jobs, JobStats: FirstLoad: 5/2/0 LastSave: -1/-1/-1
05-24 21:02:01.433 471 607 D WifiScoreReport: setShouldReduceNetworkScore=false mNetworkAgent is null? true
05-24 21:02:01.433 471 607 V WifiClientModeManager[wlan0]: ClientModeManager started in role: Role: ROLE_CLIENT_PRIMARY, RequestorWs: WorkSource{1000 com.android.tv.settings}, ModeListener: com.android.server.wifi.ActiveModeWarden$ClientListener@665a9eb
05-24 21:02:01.443 471 607 D WifiScanRequestProxy: Sending scan available broadcast: true
05-24 21:02:01.445 471 611 I WifiScanningService: Received a request to enable scanning, UID = 1000
05-24 21:02:01.448 471 607 I WifiScanRequestProxy: Scanning is enabled
05-24 21:02:01.450 471 607 I WifiScanRequestProxy: Scanning for hidden networks is enabled
05-24 21:02:01.456 471 471 W NotificationHistory: Attempted to add notif for locked/gone/disabled user 0
05-24 21:02:01.457 1106 1106 V GraphicsEnvironment: ANGLE Developer option for 'com.android.keychain' set to: 'default'
05-24 21:02:01.457 1106 1106 V GraphicsEnvironment: Neither updatable production driver nor prerelease driver is supported.
05-24 21:02:01.463 471 607 E WifiVendorHal: setMultiStaUseCase(l.3286) failed {.code = ERROR_NOT_SUPPORTED, .description = }
05-24 21:02:01.464 471 471 V NotificationAssistants: 0 notification assistant service connected: ComponentInfo{android.ext.services/android.ext.services.notification.Assistant}
05-24 21:02:01.465 1033 1033 I TranscodeHelper: Empty transcode compat stale
05-24 21:02:01.466 1106 1106 D NetworkSecurityConfig: No Network Security Config specified, using platform default
05-24 21:02:01.466 1106 1106 D NetworkSecurityConfig: No Network Security Config specified, using platform default
05-24 21:02:01.466 1033 1033 I TranscodeHelper: Parsed 0 packages from resource
05-24 21:02:01.467 1033 1033 I TranscodeHelper: Empty device config transcode compat manifest
05-24 21:02:01.468 471 611 I WifiScanningService: Created a new impl for wlan0
05-24 21:02:01.468 471 607 E WifiVendorHal: setMultiStaPrimaryConnection(l.3252) failed {.code = ERROR_NOT_SUPPORTED, .description = }
05-24 21:02:01.470 471 607 D WifiCountryCode: evaluateAllCmmStateAndApplyIfAllReady: {ConcreteClientModeManager{id=18034 iface=wlan0 role=ROLE_CLIENT_PRIMARY}=true}
05-24 21:02:01.471 471 611 E WifiBackgroundScanStateMachine: invalid max buckets in scan capabilities 0
05-24 21:02:01.472 471 607 D WifiCountryCode: Reading country code from telephony
05-24 21:02:01.474 471 607 D WifiCountryCode: Set telephony country code to:
05-24 21:02:01.475 471 607 D WifiCountryCode: updateCountryCode to CN
05-24 21:02:01.477 980 980 D WifiHWInfo: Start to load wireless module hardware info table...
05-24 21:02:01.479 980 980 D WifiHWInfo: Entry [01], BUS: SDIO, ID: 0x024C8179, Name: rtl8189es.
05-24 21:02:01.479 980 980 D WifiHWInfo: Entry [02], BUS: SDIO, ID: 0x024CB723, Name: rtl8723bs_vq0.
05-24 21:02:01.479 980 980 D WifiHWInfo: Entry [03], BUS: SDIO, ID: 0x024CB703, Name: rtl8723cs.
05-24 21:02:01.479 980 980 D WifiHWInfo: Entry [04], BUS: SDIO, ID: 0x024CD723, Name: rtl8723ds.
05-24 21:02:01.479 980 980 D WifiHWInfo: Entry [05], BUS: SDIO, ID: 0x024CF179, Name: rtl8189fs.
05-24 21:02:01.479 980 980 D WifiHWInfo: Entry [06], BUS: SDIO, ID: 0x024CB822, Name: rtl88x2bs.
05-24 21:02:01.479 980 980 D WifiHWInfo: Entry [07], BUS: USB, ID: 0x0BDAD723, Name: rtl8723du.
05-24 21:02:01.479 980 980 D WifiHWInfo: Entry [08], BUS: USB, ID: 0x0BDA8179, Name: rtl8188etv.
05-24 21:02:01.479 980 980 D WifiHWInfo: Entry [09], BUS: USB, ID: 0x0BDA0179, Name: rtl8188eu.
05-24 21:02:01.479 980 980 D WifiHWInfo: Entry [10], BUS: USB, ID: 0x0BDA818B, Name: rtl8192eu.
05-24 21:02:01.479 980 980 D WifiHWInfo: Entry [11], BUS: USB, ID: 0x0BDAB720, Name: rtl8723bu.
05-24 21:02:01.479 980 980 D WifiHWInfo: Entry [12], BUS: USB, ID: 0x0BDAC82C, Name: rtl8822cu.
05-24 21:02:01.479 980 980 D WifiHWInfo: Entry [13], BUS: USB, ID: 0x0BDAF179, Name: rtl8188fu.
05-24 21:02:01.479 980 980 D WifiHWInfo: Entry [14], BUS: SDIO, ID: 0x02D0A9A6, Name: ap6212.
05-24 21:02:01.479 980 980 D WifiHWInfo: Entry [15], BUS: SDIO, ID: 0x02D04330, Name: ap6330.
05-24 21:02:01.479 980 980 D WifiHWInfo: Entry [16], BUS: SDIO, ID: 0x02D04356, Name: ap6356s.
05-24 21:02:01.479 980 980 D WifiHWInfo: Entry [17], BUS: SDIO, ID: 0x02D0A9BF, Name: ap6255.
05-24 21:02:01.479 980 980 D WifiHWInfo: Entry [18], BUS: SDIO, ID: 0x02D04334, Name: bcm43342.
05-24 21:02:01.479 980 980 D WifiHWInfo: Entry [19], BUS: SDIO, ID: 0x00202281, Name: xr819.
05-24 21:02:01.479 980 980 D WifiHWInfo: Entry [20], BUS: SDIO, ID: 0x0A9E2282, Name: xr829.
05-24 21:02:01.479 980 980 D WifiHWInfo: Entry [21], BUS: SDIO, ID: 0x0271050A, Name: qca6174a.
05-24 21:02:01.479 980 980 D WifiHWInfo: Entry [22], BUS: SDIO, ID: 0x30303030, Name: ssv6x5x.
05-24 21:02:01.479 980 980 D WifiHWInfo: Entry [23], BUS: SDIO, ID: 0x00000000, Name: uwe5621.
05-24 21:02:01.479 980 980 D WifiHWInfo: Entry [24], BUS: SDIO, ID: 0x54490145, Name: aic8800.
05-24 21:02:01.479 980 980 D WifiHWInfo: Entry [25], BUS: SDIO, ID: 0xC8A1C08D, Name: aic8800.
05-24 21:02:01.479 980 980 D WifiHWInfo: Entry [26], BUS: USB, ID: 0xA69C8800, Name: aic8800.
05-24 21:02:01.479 980 980 D WifiHWInfo: Entry [27], BUS: USB, ID: 0x007A8888, Name: atbm6023is.
05-24 21:02:01.479 980 980 D WifiHWInfo: Entry [28], BUS: SDIO, ID: 0x02E79086, Name: 9012p.
05-24 21:02:01.479 980 980 D WifiHWInfo: Entry [29], BUS: SDIO, ID: 0x007A6011, Name: atbm613x_wifi_sdio.
05-24 21:02:01.479 980 980 D WifiHWInfo: Entry [30], BUS: SDIO, ID: 0x024CC822, Name: 88x2cs.
05-24 21:02:01.479 980 980 D WifiHWInfo: Entry [31], BUS: SDIO, ID: 0x000018F0, Name: dummy.
05-24 21:02:01.479 980 980 W wpa_supplicant: check_initialed for nl80211, use sprd wpa_supplicant_8_lib.
05-24 21:02:01.479 980 980 W wpa_supplicant: check_initialed found wpa_supplicant_8_lib vendor implement for sprd.
05-24 21:02:01.480 980 980 D wpa_supplicant: wlan0: Event CHANNEL_LIST_CHANGED (27) received
05-24 21:02:01.480 980 980 I wpa_supplicant: wlan0: CTRL-EVENT-REGDOM-CHANGE init=USER type=COUNTRY alpha2=CN
05-24 21:02:01.480 980 980 D wpa_supplicant: p2p-dev-wlan0: Updating hw mode
05-24 21:02:01.481 980 980 D wpa_supplicant: nl80211: No channel number found for frequency 5920 MHz
05-24 21:02:01.481 980 980 D wpa_supplicant: nl80211: No channel number found for frequency 5940 MHz
05-24 21:02:01.481 980 980 D wpa_supplicant: nl80211: Regulatory information - country=CN (DFS-FCC)
05-24 21:02:01.481 980 980 D wpa_supplicant: nl80211: 2400-2483 @ 40 MHz 20 mBm
05-24 21:02:01.481 980 980 D wpa_supplicant: nl80211: 5150-5350 @ 80 MHz 20 mBm (DFS)
05-24 21:02:01.481 980 980 D wpa_supplicant: nl80211: 5725-5850 @ 80 MHz 33 mBm
05-24 21:02:01.481 980 980 D wpa_supplicant: nl80211: 57240-59400 @ 2160 MHz 28 mBm
05-24 21:02:01.481 980 980 D wpa_supplicant: nl80211: 59400-63720 @ 2160 MHz 44 mBm
05-24 21:02:01.481 980 980 D wpa_supplicant: nl80211: 63720-65880 @ 2160 MHz 28 mBm
05-24 21:02:01.482 980 980 D wpa_supplicant: nl80211: Added 802.11b mode based on 802.11g information
05-24 21:02:01.482 980 980 D wpa_supplicant: nl80211: Mode IEEE 802.11g: 2412 2417 2422 2427 2432 2437 2442 2447 2452 2457 2462 2467 2472 2484[DISABLED]
05-24 21:02:01.482 980 980 D wpa_supplicant: nl80211: Mode IEEE 802.11a: 5170[DISABLED] 5180 5200 5220 5240 5260[RADAR] 5280[RADAR] 5300[RADAR] 5320[RADAR] 5500[DISABLED][RADAR] 5520[DISABLED][RADAR] 5540[DISABLED][RADAR] 5560[DISABLED][RADAR] 5580[DISABLED][RADAR]
05-24 21:02:01.482 980 980 D wpa_supplicant: nl80211: Mode IEEE 802.11b: 2412 2417 2422 2427 2432 2437 2442 2447 2452 2457 2462 2467 2472 2484[DISABLED]
05-24 21:02:01.482 980 980 D wpa_supplicant: wlan0: Updating hw mode
05-24 21:02:01.483 980 980 D wpa_supplicant: nl80211: No channel number found for frequency 5920 MHz
05-24 21:02:01.483 980 980 D wpa_supplicant: nl80211: No channel number found for frequency 5940 MHz
05-24 21:02:01.483 980 980 D wpa_supplicant: nl80211: Regulatory information - country=CN (DFS-FCC)
05-24 21:02:01.483 980 980 D wpa_supplicant: nl80211: 2400-2483 @ 40 MHz 20 mBm
05-24 21:02:01.483 980 980 D wpa_supplicant: nl80211: 5150-5350 @ 80 MHz 20 mBm (DFS)
05-24 21:02:01.483 980 980 D wpa_supplicant: nl80211: 5725-5850 @ 80 MHz 33 mBm
05-24 21:02:01.483 980 980 D wpa_supplicant: nl80211: 57240-59400 @ 2160 MHz 28 mBm
05-24 21:02:01.483 980 980 D wpa_supplicant: nl80211: 59400-63720 @ 2160 MHz 44 mBm
05-24 21:02:01.483 980 980 D wpa_supplicant: nl80211: 63720-65880 @ 2160 MHz 28 mBm
05-24 21:02:01.483 980 980 D wpa_supplicant: nl80211: Added 802.11b mode based on 802.11g information
05-24 21:02:01.483 980 980 D wpa_supplicant: nl80211: Mode IEEE 802.11g: 2412 2417 2422 2427 2432 2437 2442 2447 2452 2457 2462 2467 2472 2484[DISABLED]
05-24 21:02:01.483 980 980 D wpa_supplicant: nl80211: Mode IEEE 802.11a: 5170[DISABLED] 5180 5200 5220 5240 5260[RADAR] 5280[RADAR] 5300[RADAR] 5320[RADAR] 5500[DISABLED][RADAR] 5520[DISABLED][RADAR] 5540[DISABLED][RADAR] 5560[DISABLED][RADAR] 5580[DISABLED][RADAR]
05-24 21:02:01.483 980 980 D wpa_supplicant: nl80211: Mode IEEE 802.11b: 2412 2417 2422 2427 2432 2437 2442 2447 2452 2457 2462 2467 2472 2484[DISABLED]
05-24 21:02:01.483 980 980 D wpa_supplicant: wlan0: Determining shared radio frequencies (max len 2)
05-24 21:02:01.483 980 980 D wpa_supplicant: wlan0: Shared frequencies (len=0): completed iteration
05-24 21:02:01.483 980 980 D wpa_supplicant: P2P: Add operating class 81
05-24 21:02:01.483 980 980 D wpa_supplicant: P2P: Channels - hexdump(len=13): 01 02 03 04 05 06 07 08 09 0a 0b 0c 0d
05-24 21:02:01.483 980 980 D wpa_supplicant: P2P: Add operating class 115
05-24 21:02:01.483 980 980 D wpa_supplicant: P2P: Channels - hexdump(len=4): 24 28 2c 30
05-24 21:02:01.484 980 980 D wpa_supplicant: P2P: Add operating class 116
05-24 21:02:01.484 980 980 D wpa_supplicant: P2P: Channels - hexdump(len=2): 24 2c
05-24 21:02:01.484 980 980 D wpa_supplicant: P2P: Add operating class 117
05-24 21:02:01.484 980 980 D wpa_supplicant: P2P: Channels - hexdump(len=2): 28 30
