05-26 14:47:28.204 665 665 D A2dpService: Bond state changed for device: E4:BB:D3:57:C0:22 state: 11
05-26 14:47:28.204 471 539 W BroadcastQueue: Background execution not allowed: receiving Intent { act=android.bluetooth.device.action.BOND_STATE_CHANGED flg=0x10 (has extras) } to com.dangbei.lerad.etna.haqu/com.dangbei.remotecontroller.RemoteControllerReceiver
05-26 14:47:28.219 1043 1043 I dangbei111: on receiver=android.bluetooth.device.action.BOND_STATE_CHANGED,mac=E4:BB:D3:57:C0:22
05-26 14:47:28.220 1043 1043 I dangbei111: Wait for auto connection, processBondStateChange: bondState: 10 --> 11
05-26 14:47:28.237 247 247 I Zygote : Process 1395 exited due to signal 9 (Killed)
05-26 14:47:28.238 471 541 I libprocessgroup: Successfully killed process cgroup uid 10026 pid 1500 in 43ms
05-26 14:47:28.242 247 247 I Zygote : Process 1346 exited due to signal 9 (Killed)
05-26 14:47:28.259 247 247 I Zygote : Process 1500 exited due to signal 9 (Killed)
05-26 14:47:28.263 471 520 W IorapForwardingService: No service published for: iorapd
05-26 14:47:28.283 471 541 I libprocessgroup: Successfully killed process cgroup uid 1000 pid 1346 in 0ms
05-26 14:47:28.284 471 541 I libprocessgroup: Successfully killed process cgroup uid 1000 pid 1395 in 0ms
05-26 14:47:28.557 1086 1402 I OpenGLRenderer: Davey! duration=9223371971817ms; Flags=0, FrameTimelineVsyncId=2162, IntendedVsync=65036755144, Vsync=65036755144, InputEventId=0, HandleInputStart=65037110696, AnimationStart=65037114196, PerformTraversalsStart=65037429654, DrawStart=65037979279, FrameDeadline=65070088476, FrameInterval=65037103821, FrameStartTime=16666666, SyncQueued=65038785779, SyncStart=65039016654, IssueDrawCommandsStart=65039779071, SwapBuffers=65057229488, FrameCompleted=9223372036854775807, DequeueBufferDuration=38459, QueueBufferDuration=1719417, GpuCompleted=9223372036854775807, SwapBuffersCompleted=65060322321, DisplayPresentTime=0,
01-01 08:01:07.421 380 380 W hdr10p_Configure: 57 callbacks suppressed
01-01 08:01:07.421 380 380 I : DVI mode selected: packets not configured
05-26 14:47:28.571 1086 1402 I OpenGLRenderer: Davey! duration=9223371971796ms; Flags=0, FrameTimelineVsyncId=2163, IntendedVsync=65053423594, Vsync=65053423594, InputEventId=0, HandleInputStart=65054051321, AnimationStart=65054058279, PerformTraversalsStart=65054633113, DrawStart=65055167238, FrameDeadline=65086756926, FrameInterval=65054041154, FrameStartTime=16666666, SyncQueued=65055550654, SyncStart=65060674529, IssueDrawCommandsStart=65062062071, SwapBuffers=65073899321, FrameCompleted=9223372036854775807, DequeueBufferDuration=40458, QueueBufferDuration=1781833, GpuCompleted=9223372036854775807, SwapBuffersCompleted=65077618196, DisplayPresentTime=0,
01-01 08:01:07.434 380 380 W set_vsif_config: 57 callbacks suppressed
01-01 08:01:07.434 380 380 I : Error: set vsif failed
05-26 14:47:28.613 1086 1402 I OpenGLRenderer: Davey! duration=9223371971778ms; Flags=0, FrameTimelineVsyncId=2165, IntendedVsync=65070092044, Vsync=65070092044, InputEventId=0, HandleInputStart=65070778404, AnimationStart=65070785696, PerformTraversalsStart=65071523029, DrawStart=65071705279, FrameDeadline=65103425376, FrameInterval=65070767279, FrameStartTime=16666666, SyncQueued=65071784029, SyncStart=65078092238, IssueDrawCommandsStart=65079596196, SwapBuffers=65088519488, FrameCompleted=9223372036854775807, DequeueBufferDuration=60500, QueueBufferDuration=4414792, GpuCompleted=9223372036854775807, SwapBuffersCompleted=65094631363, DisplayPresentTime=0,
01-01 08:01:07.473 380 380 I : DVI mode selected: packets not configured
01-01 08:01:07.480 380 380 I : Error: set vsif failed
05-26 14:47:28.653 1086 1402 I OpenGLRenderer: Davey! duration=9223371971761ms; Flags=0, FrameTimelineVsyncId=2167, IntendedVsync=65086760494, Vsync=65086760494, InputEventId=0, HandleInputStart=65087624863, AnimationStart=65087631613, PerformTraversalsStart=65088374196, DrawStart=65088549154, FrameDeadline=65120093826, FrameInterval=65087613321, FrameStartTime=16666666, SyncQueued=65088631446, SyncStart=65095075154, IssueDrawCommandsStart=65096370988, SwapBuffers=65103918071, FrameCompleted=9223372036854775807, DequeueBufferDuration=51834, QueueBufferDuration=3882167, GpuCompleted=9223372036854775807, SwapBuffersCompleted=65109078779, DisplayPresentTime=0,
01-01 08:01:07.513 380 380 I : DVI mode selected: packets not configured
01-01 08:01:07.519 380 380 I : Error: set vsif failed
05-26 14:47:28.670 1086 1402 I OpenGLRenderer: Davey! duration=9223371971745ms; Flags=0, FrameTimelineVsyncId=2169, IntendedVsync=65103428944, Vsync=65103428944, InputEventId=0, HandleInputStart=65104146071, AnimationStart=65104152779, PerformTraversalsStart=65105257779, DrawStart=65106002279, FrameDeadline=65136762276, FrameInterval=65104135321, FrameStartTime=16666666, SyncQueued=65107107196, SyncStart=65113128738, IssueDrawCommandsStart=65114383446, SwapBuffers=65142121613, FrameCompleted=9223372036854775807, DequeueBufferDuration=20135250, QueueBufferDuration=4862458, GpuCompleted=9223372036854775807, SwapBuffersCompleted=65147997154, DisplayPresentTime=0,
01-01 08:01:07.530 380 380 I : DVI mode selected: packets not configured
01-01 08:01:07.537 380 380 I : Error: set vsif failed
05-26 14:47:28.687 1086 1107 I OpenGLRenderer: Davey! duration=9223371971707ms; Flags=0, FrameTimelineVsyncId=2171, IntendedVsync=65120097394, Vsync=65120097394, InputEventId=0, HandleInputStart=65120800238, AnimationStart=65120806154, PerformTraversalsStart=65121489904, DrawStart=65121639029, FrameDeadline=65153430726, FrameInterval=65120790738, FrameStartTime=16666666, SyncQueued=65121711654, SyncStart=65148754238, IssueDrawCommandsStart=65150398863, SwapBuffers=65180789196, FrameCompleted=9223372036854775807, DequeueBufferDuration=23992541, QueueBufferDuration=15504750, GpuCompleted=9223372036854775807, SwapBuffersCompleted=65197264446, DisplayPresentTime=0,
01-01 08:01:07.547 380 380 I : DVI mode selected: packets not configured
01-01 08:01:07.554 380 380 I : Error: set vsif failed
05-26 14:47:28.733 1086 1107 I OpenGLRenderer: Davey! duration=9223371971672ms; Flags=0, FrameTimelineVsyncId=2172, IntendedVsync=65136247200, Vsync=65136247200, InputEventId=0, HandleInputStart=65150878946, AnimationStart=65150883779, PerformTraversalsStart=65151485696, DrawStart=65151655446, FrameDeadline=65169580532, FrameInterval=65150870321, FrameStartTime=16666666, SyncQueued=65151727571, SyncStart=65197684113, IssueDrawCommandsStart=65198865488, SwapBuffers=65208843946, FrameCompleted=9223372036854775807, DequeueBufferDuration=52917, QueueBufferDuration=3909208, GpuCompleted=9223372036854775807, SwapBuffersCompleted=65213982071, DisplayPresentTime=0,
01-01 08:01:07.593 380 380 I : DVI mode selected: packets not configured
01-01 08:01:07.599 380 380 I : Error: set vsif failed
05-26 14:47:28.754 1086 1107 I OpenGLRenderer: Davey! duration=9223371971687ms; Flags=0, FrameTimelineVsyncId=2174, IntendedVsync=65152900676, Vsync=65186234008, InputEventId=0, HandleInputStart=65199256404, AnimationStart=65199261363, PerformTraversalsStart=65199864863, DrawStart=65200099988, FrameDeadline=65186234008, FrameInterval=65199245738, FrameStartTime=16666666, SyncQueued=65200175029, SyncStart=65214381154, IssueDrawCommandsStart=65215550571, SwapBuffers=65218040904, FrameCompleted=9223372036854775807, DequeueBufferDuration=35083, QueueBufferDuration=9184875, GpuCompleted=9223372036854775807, SwapBuffersCompleted=65228643404, DisplayPresentTime=0,
01-01 08:01:07.614 380 380 I : DVI mode selected: packets not configured
01-01 08:01:07.620 380 380 I : Error: set vsif failed
05-26 14:47:28.780 665 981 I bluetooth: system/bt/stack/gatt/connection_manager.cc:185 on_connection_complete: Le connection completed to device:e4:bb:d3:57:c0:22
05-26 14:47:28.780 665 981 I bt_btm_ble: system/bt/stack/btm/btm_ble.cc:1699 btm_ble_connected: Updating device record timestamp for existing ble connection
05-26 14:47:28.798 1086 1107 I OpenGLRenderer: Davey! duration=9223371971639ms; Flags=0, FrameTimelineVsyncId=2177, IntendedVsync=65202870813, Vsync=65202870813, InputEventId=0, HandleInputStart=65215899113, AnimationStart=65215903571, PerformTraversalsStart=65216512029, DrawStart=65216706113, FrameDeadline=65236204145, FrameInterval=65215891863, FrameStartTime=16666666, SyncQueued=65216783279, SyncStart=65229052488, IssueDrawCommandsStart=65230251029, SwapBuffers=65258193779, FrameCompleted=9223372036854775807, DequeueBufferDuration=24129500, QueueBufferDuration=1448417, GpuCompleted=9223372036854775807, SwapBuffersCompleted=65260541446, DisplayPresentTime=0,
01-01 08:01:07.657 380 380 I : DVI mode selected: packets not configured
01-01 08:01:07.664 380 380 I : Error: set vsif failed
05-26 14:47:28.830 1086 1107 I OpenGLRenderer: Davey! duration=9223371971605ms; Flags=0, FrameTimelineVsyncId=2179, IntendedVsync=65219536301, Vsync=65219536301, InputEventId=0, HandleInputStart=65230708904, AnimationStart=65230713654, PerformTraversalsStart=65231370863, DrawStart=65231511738, FrameDeadline=65252869633, FrameInterval=65230700529, FrameStartTime=16666666, SyncQueued=65231583196, SyncStart=65260928404, IssueDrawCommandsStart=65262083196, SwapBuffers=65278939821, FrameCompleted=9223372036854775807, DequeueBufferDuration=13356125, QueueBufferDuration=1278833, GpuCompleted=9223372036854775807, SwapBuffersCompleted=65281014863, DisplayPresentTime=0,
01-01 08:01:07.689 380 380 I : DVI mode selected: packets not configured
01-01 08:01:07.696 380 380 I : Error: set vsif failed
05-26 14:47:28.841 665 964 W bt_hci : system/bt/hci/src/hci_layer.cc:706 filter_incoming_event: filter_incoming_event command status event with no matching command. opcode: 0x041d
05-26 14:47:28.857 1086 1402 I OpenGLRenderer: Davey! duration=9223371971600ms; Flags=0, FrameTimelineVsyncId=2181, IntendedVsync=65236190682, Vsync=65252857348, InputEventId=0, HandleInputStart=65262442654, AnimationStart=65262447446, PerformTraversalsStart=65262941738, DrawStart=65263099529, FrameDeadline=65269524014, FrameInterval=65262431988, FrameStartTime=16666666, SyncQueued=65263167071, SyncStart=65281360404, IssueDrawCommandsStart=65282393904, SwapBuffers=65322286863, FrameCompleted=9223372036854775807, DequeueBufferDuration=36630167, QueueBufferDuration=1149875, GpuCompleted=9223372036854775807, SwapBuffersCompleted=65324315779, DisplayPresentTime=0,
01-01 08:01:07.717 380 380 I : DVI mode selected: packets not configured
01-01 08:01:07.723 380 380 I : Error: set vsif failed
05-26 14:47:28.869 665 981 I bt_stack: [INFO:gatt_attr.cc(880)] gatt_sr_init_cl_status: bda=e4:bb:d3:57:c0:22, cl_supp_feat=0000, aware=1
05-26 14:47:28.869 665 981 I bluetooth: system/bt/stack/gap/gap_ble.cc:298 client_connect_cback: No active GAP service found for peer:xx:xx:xx:xx:c0:22 callback:Connected
05-26 14:47:28.870 665 981 I bt_bta_gattc: system/bt/bta/gatt/bta_gattc_act.cc:1110 bta_gattc_conn_cback: Connected att_id:3 transport:le reason:GATT_CONN_OK
05-26 14:47:28.870 665 981 I bt_bta_gattc: system/bt/bta/gatt/bta_gattc_act.cc:1110 bta_gattc_conn_cback: Connected att_id:4 transport:le reason:GATT_CONN_OK
05-26 14:47:28.870 665 981 I bluetooth: system/bt/stack/gatt/connection_manager.cc:185 on_connection_complete: Le connection completed to device:e4:bb:d3:57:c0:22
05-26 14:47:28.870 665 981 I bt_stack: [INFO:eatt_impl.h(634)] connect device e4:bb:d3:57:c0:22 rolecentral
05-26 14:47:28.871 665 981 I bt_btif_dm: system/bt/btif/src/btif_dm.cc:497 btif_update_remote_version_property: Remote version info valid:true [xx:xx:xx:xx:c0:22]: 9, 1bf, 9
05-26 14:47:28.877 665 665 E BluetoothPhonePolicy: Received unexpected intent, action=android.bluetooth.device.action.ACL_CONNECTED
05-26 14:47:28.877 665 665 I BluetoothPhonePolicy: processDeviceConnected, device=E4:BB:D3:57:C0:22
05-26 14:47:28.877 665 665 D BluetoothDatabase: setConnection: device=E4:BB:D3:57:C0:22 and isA2dpDevice=false
05-26 14:47:28.878 665 665 D BluetoothDatabase: Updating last connected time for device: E4:BB:D3:57:C0:22 to 3
05-26 14:47:28.878 665 665 D BluetoothDatabase: updateDatabase E4:BB:D3:57:C0:22
05-26 14:47:28.882 1043 1043 I dangbei111: on receiver=android.bluetooth.device.action.ACL_CONNECTED,mac=E4:BB:D3:57:C0:22
05-26 14:47:28.888 1086 1107 I OpenGLRenderer: Davey! duration=9223371971544ms; Flags=0, FrameTimelineVsyncId=2184, IntendedVsync=65269514159, Vsync=65269514159, InputEventId=0, HandleInputStart=65282795779, AnimationStart=65282800279, PerformTraversalsStart=65283243321, DrawStart=65283386821, FrameDeadline=65302847491, FrameInterval=65282788904, FrameStartTime=16666666, SyncQueued=65283451654, SyncStart=65324662321, IssueDrawCommandsStart=65325695988, SwapBuffers=65355084779, FrameCompleted=9223372036854775807, DequeueBufferDuration=25397791, QueueBufferDuration=1566209, GpuCompleted=9223372036854775807, SwapBuffersCompleted=65357491863, DisplayPresentTime=0,
05-26 14:47:28.899 665 981 I bt_stack: [INFO:eatt_impl.h(578)] supported_features_cb e4:bb:d3:57:c0:22 is_eatt_supported = 0
05-26 14:47:28.900 665 981 E smp_act : system/bt/stack/smp/smp_act.cc:135 smp_send_app_cback: Unexpected event:14
05-26 14:47:28.900 665 981 I bt_btif_config: system/bt/btif/src/btif_config.cc:137 btif_get_device_type: Device [e4:bb:d3:57:c0:22] device type 2
05-26 14:47:28.900 665 981 I bt_btif_config: system/bt/btif/src/btif_config.cc:137 btif_get_device_type: Device [e4:bb:d3:57:c0:22] device type 2
05-26 14:47:28.900 665 981 I bt_btif_dm: system/bt/btif/src/btif_dm.cc:384 get_cod: get_cod remote_cod = 0x00001f00
05-26 14:47:28.900 665 981 E smp_act : system/bt/stack/smp/smp_act.cc:228 smp_send_app_cback: Unexpected event: 14
05-26 14:47:28.901 665 853 I BluetoothBondStateMachine: sspRequestCallback: [B@2f5a663 name: [B@edc3260 cod: 7936 pairingVariant 2 passkey: 0
05-26 14:47:28.925 822 822 D BluetoothPairingRequest: onPair: null
05-26 14:47:29.124 665 981 I bt_stack: [INFO:gatt_sr.cc(818)] MTU request PDU with MTU size 247
05-26 14:47:29.125 665 981 W bt_stack: [WARNING:gatt_utils.cc(790)] Call back not found for application conn_id=3
05-26 14:47:29.125 665 981 W bt_stack: [WARNING:gatt_utils.cc(790)] Call back not found for application conn_id=4
05-26 14:47:29.169 1086 1402 I OpenGLRenderer: Davey! duration=9223371971200ms; Flags=0, FrameTimelineVsyncId=2222, IntendedVsync=65636264203, Vsync=65636264203, InputEventId=0, HandleInputStart=65637092280, AnimationStart=65637099780, PerformTraversalsStart=65638231655, DrawStart=65638675613, FrameDeadline=65669597535, FrameInterval=65637080863, FrameStartTime=16666666, SyncQueued=65638988571, SyncStart=65656594613, IssueDrawCommandsStart=65658984780, SwapBuffers=65674221446, FrameCompleted=9223372036854775807, DequeueBufferDuration=1525709, QueueBufferDuration=889459, GpuCompleted=9223372036854775807, SwapBuffersCompleted=65685802946, DisplayPresentTime=0,
05-26 14:47:29.266 471 520 W IorapForwardingService: No service published for: iorapd
05-26 14:47:29.566 665 981 I bt_stack: [INFO:btsnoop.cc(338)] clear_l2cap_allowlist: Clearing acceptlist from l2cap channel. conn_handle=16 cid=6:6
05-26 14:47:29.566 665 981 I bt_stack: [INFO:gatt_api.cc(1178)] GATT_Connect: Registered for opportunistic connection gatt_if=1
05-26 14:47:29.567 665 981 I bt_stack: [INFO:gatt_api.cc(708)] GATTC_Discover conn_id=0x0001, disc_type=2, s_handle=0x0001, e_handle=0xffff
05-26 14:47:29.568 665 981 I bt_btif_config: system/bt/btif/src/btif_config.cc:137 btif_get_device_type: Device [e4:bb:d3:57:c0:22] device type 2
05-26 14:47:29.568 665 981 I bt_btif_dm: system/bt/btif/src/btif_dm.cc:384 get_cod: get_cod remote_cod = 0x00001f00
05-26 14:47:29.568 665 981 I bt_btif_dm: system/bt/btif/src/btif_dm.cc:451 bond_state_changed: Bond state changed to state=2 [0:none, 1:bonding, 2:bonded], prev_state=1, sdp_attempts = 0
05-26 14:47:29.568 665 981 I bt_btif_config: system/bt/btif/src/btif_config.cc:137 btif_get_device_type: Device [e4:bb:d3:57:c0:22] device type 2
05-26 14:47:29.569 665 981 I bt_stack: [INFO:gatt_api.cc(1178)] GATT_Connect: Registered for opportunistic connection gatt_if=3
05-26 14:47:29.569 665 981 E bt_stack: [ERROR:bta_gattc_cache.cc(940)] bta_gattc_cache_load: can't open GATT cache file /data/misc/bluetooth/gatt_cache_e4bbd357c022 for reading, error: No such file or directory
05-26 14:47:29.569 665 981 I bt_stack: [INFO:hearing_aid.cc(1796)] GetDeviceCount: Not initialized yet
05-26 14:47:29.569 665 981 I bt_stack: [INFO:gatt_api.cc(708)] GATTC_Discover conn_id=0x0003, disc_type=1, s_handle=0x0001, e_handle=0xffff
05-26 14:47:29.570 665 853 I BluetoothBondStateMachine: bondStateChangeCallback: Status: 0 Address: E4:BB:D3:57:C0:22 newState: 2
05-26 14:47:29.575 665 955 D AdapterProperties: Adding bonded device:E4:BB:D3:57:C0:22
05-26 14:47:29.579 665 955 I BluetoothBondStateMachine: Bond State Change Intent:E4:BB:D3:57:C0:22 BOND_BONDING => BOND_BONDED
05-26 14:47:29.579 665 955 I BluetoothBondStateMachine: StableState(): Entering Off State
05-26 14:47:29.581 471 539 W BroadcastQueue: Background execution not allowed: receiving Intent { act=android.bluetooth.device.action.BOND_STATE_CHANGED flg=0x10 (has extras) } to com.dangbei.lerad.etna.haqu/com.dangbei.remotecontroller.RemoteControllerReceiver
05-26 14:47:29.582 665 665 D A2dpService: Bond state changed for device: E4:BB:D3:57:C0:22 state: 12
05-26 14:47:29.582 1043 1043 I dangbei111: on receiver=android.bluetooth.device.action.BOND_STATE_CHANGED,mac=E4:BB:D3:57:C0:22
05-26 14:47:29.582 1043 1043 I dangbei111: Wait for auto connection, processBondStateChange: bondState: 11 --> 12
05-26 14:47:29.583 678 891 D CachedBluetoothDevice: No profiles. Maybe we will connect later for device E4:BB:D3:57:C0:22
05-26 14:47:29.589 665 981 W bluetooth: system/bt/stack/gatt/gatt_attr.cc:498 gatt_disc_cmpl_cback: Gatt discovery completed but connection was idle id:1
05-26 14:47:29.589 1043 1043 D BluetoothGatt: connect() - device: E4:BB:D3:57:C0:22, auto: true
05-26 14:47:29.590 1043 1043 D BluetoothGatt: registerApp()
05-26 14:47:29.590 1043 1043 D BluetoothGatt: registerApp() - UUID=33c612b8-b53d-45b7-9c6a-510ec478b15a
05-26 14:47:29.594 665 981 I bluetooth: system/bt/stack/gatt/gatt_api.cc:1019 GATT_Register: Allocated name:GattClient uuid:50558cc8-aaef-9d7a-cb4f-f91091e17544 gatt_if:5 eatt_support:0
05-26 14:47:29.594 665 981 I bt_bta_gattc: system/bt/bta/gatt/bta_gattc_act.cc:1110 bta_gattc_conn_cback: Connected att_id:5 transport:le reason:GATT_CONN_OK
05-26 14:47:29.595 1043 1071 D BluetoothGatt: onClientRegistered() - status=0 clientIf=5
05-26 14:47:29.597 665 853 I bt_btif_config: system/bt/btif/src/btif_config.cc:137 btif_get_device_type: Device [e4:bb:d3:57:c0:22] device type 2
05-26 14:47:29.598 1043 1071 D BluetoothGatt: onClientConnectionState() - status=0 clientIf=5 device=E4:BB:D3:57:C0:22
05-26 14:47:29.598 1043 1071 E dangbei111: cccccc 连接成功 后续要去判断有没有input E4:BB:D3:57:C0:22
05-26 14:47:29.599 1043 1071 D BluetoothGatt: cancelOpen() - device: E4:BB:D3:57:C0:22
05-26 14:47:29.601 1043 1071 D BluetoothGatt: close()
05-26 14:47:29.601 665 981 I bt_stack: [INFO:gatt_api.cc(1286)] GATT_Disconnect conn_id=0x0005
05-26 14:47:29.601 1043 1071 D BluetoothGatt: unregisterApp() - mClientIf=5
05-26 14:47:29.601 665 981 I bt_stack: [INFO:eatt_impl.h(598)] disconnect e4:bb:d3:57:c0:22
05-26 14:47:29.601 665 981 W bt_stack: [WARNING:eatt_impl.h(602)] disconnect no eatt device found
05-26 14:47:29.602 665 981 I bt_stack: [INFO:gatt_api.cc(1231)] GATT_CancelConnect: gatt_if:5, address: e4:bb:d3:57:c0:22, direct:0
05-26 14:47:29.604 665 981 I bt_stack: [INFO:gatt_api.cc(1042)] GATT_Deregister gatt_if=5
05-26 14:47:29.606 1043 1071 D BluetoothHidHost: Binding service...
05-26 14:47:29.612 1043 1043 D BluetoothHidHost: Proxy object connected
05-26 14:47:29.612 1043 1071 D BluetoothGatt: onClientConnectionState() - status=0 clientIf=5 device=E4:BB:D3:57:C0:22
05-26 14:47:29.612 1043 1043 D BluetoothHidHost: connect(E4:BB:D3:57:C0:22)
05-26 14:47:29.614 665 679 V BluetoothDatabase: getProfileConnectionPolicy: E4:BB:D3:57:C0:22, profile=4, connectionPolicy = -1
05-26 14:47:29.615 665 981 I bluetooth: system/bt/stack/gatt/gatt_api.cc:1019 GATT_Register: Allocated name:GattServiceEngine uuid:0000180a-0000-1000-8000-00805f9b34fb gatt_if:5 eatt_support:0
05-26 14:47:29.615 1043 1043 D BluetoothHidHost: Unbinding service...
05-26 14:47:29.616 665 665 D BluetoothHidHostService: Connection state E4:BB:D3:57:C0:22: 0->1
05-26 14:47:29.618 665 665 W BluetoothHidHostService: no state change: 1
05-26 14:47:29.620 665 665 D AdapterProperties: PROFILE_CONNECTION_STATE_CHANGE: profile=4, device=E4:BB:D3:57:C0:22, 0 -> 1
05-26 14:47:29.623 665 665 D AdapterProperties: ADAPTER_CONNECTION_STATE_CHANGE: E4:BB:D3:57:C0:22: 0 -> 1
05-26 14:47:29.626 678 891 D CachedBluetoothDevice: onProfileStateChanged: profile HID, device Dangbei, newProfileState 1
05-26 14:47:29.649 665 981 I bt_stack: [INFO:gatt_api.cc(1286)] GATT_Disconnect conn_id=0x0005
05-26 14:47:29.649 665 981 I bt_srvc : system/bt/stack/srvc/srvc_dis.cc:201 dis_gatt_c_read_dis_value_cmpl: dis_gatt_c_read_dis_value_cmpl conn_id:5 attr_mask = 0x0100
05-26 14:47:29.753 665 981 I bt_stack: [INFO:hearing_aid.cc(1796)] GetDeviceCount: Not initialized yet
05-26 14:47:29.768 665 981 I bt_stack: [INFO:gatt_api.cc(708)] GATTC_Discover conn_id=0x0003, disc_type=3, s_handle=0x0001, e_handle=0x0007
05-26 14:47:29.783 665 981 I bt_stack: [INFO:gatt_api.cc(708)] GATTC_Discover conn_id=0x0003, disc_type=4, s_handle=0x0001, e_handle=0x0007
05-26 14:47:29.828 665 981 I bt_stack: [INFO:gatt_api.cc(708)] GATTC_Discover conn_id=0x0003, disc_type=3, s_handle=0x0008, e_handle=0x001a
05-26 14:47:29.842 665 981 I bt_stack: [INFO:gatt_api.cc(708)] GATTC_Discover conn_id=0x0003, disc_type=4, s_handle=0x0008, e_handle=0x001a
05-26 14:47:29.932 665 981 I bt_stack: [INFO:gatt_api.cc(708)] GATTC_Discover conn_id=0x0003, disc_type=3, s_handle=0x001b, e_handle=0x001e
05-26 14:47:29.948 665 981 I bt_stack: [INFO:gatt_api.cc(708)] GATTC_Discover conn_id=0x0003, disc_type=4, s_handle=0x001b, e_handle=0x001e
05-26 14:47:29.977 665 981 I bt_stack: [INFO:gatt_api.cc(708)] GATTC_Discover conn_id=0x0003, disc_type=5, s_handle=0x001e, e_handle=0x001e
05-26 14:47:29.993 665 981 I bt_stack: [INFO:gatt_api.cc(708)] GATTC_Discover conn_id=0x0003, disc_type=3, s_handle=0x001f, e_handle=0x004b
05-26 14:47:30.008 665 981 I bt_stack: [INFO:gatt_api.cc(708)] GATTC_Discover conn_id=0x0003, disc_type=4, s_handle=0x001f, e_handle=0x004b
05-26 14:47:30.128 665 981 I bt_stack: [INFO:gatt_api.cc(708)] GATTC_Discover conn_id=0x0003, disc_type=5, s_handle=0x002a, e_handle=0x002a
05-26 14:47:30.142 665 981 I bt_stack: [INFO:gatt_api.cc(708)] GATTC_Discover conn_id=0x0003, disc_type=5, s_handle=0x002f, e_handle=0x0030
05-26 14:47:30.158 665 981 I bt_stack: [INFO:gatt_api.cc(708)] GATTC_Discover conn_id=0x0003, disc_type=5, s_handle=0x0033, e_handle=0x0034
05-26 14:47:30.173 665 981 I bt_stack: [INFO:gatt_api.cc(708)] GATTC_Discover conn_id=0x0003, disc_type=5, s_handle=0x0037, e_handle=0x0038
05-26 14:47:30.187 665 981 I bt_stack: [INFO:gatt_api.cc(708)] GATTC_Discover conn_id=0x0003, disc_type=5, s_handle=0x003b, e_handle=0x003b
05-26 14:47:30.203 665 981 I bt_stack: [INFO:gatt_api.cc(708)] GATTC_Discover conn_id=0x0003, disc_type=5, s_handle=0x003e, e_handle=0x003f
05-26 14:47:30.218 665 981 I bt_stack: [INFO:gatt_api.cc(708)] GATTC_Discover conn_id=0x0003, disc_type=5, s_handle=0x0042, e_handle=0x0043
05-26 14:47:30.232 665 981 I bt_stack: [INFO:gatt_api.cc(708)] GATTC_Discover conn_id=0x0003, disc_type=5, s_handle=0x0046, e_handle=0x0047
05-26 14:47:30.248 665 981 I bt_stack: [INFO:gatt_api.cc(708)] GATTC_Discover conn_id=0x0003, disc_type=5, s_handle=0x004a, e_handle=0x004b
05-26 14:47:30.263 665 981 I bt_stack: [INFO:gatt_api.cc(708)] GATTC_Discover conn_id=0x0003, disc_type=3, s_handle=0x004c, e_handle=0x0053
05-26 14:47:30.268 471 520 W IorapForwardingService: No service published for: iorapd
05-26 14:47:30.277 665 981 I bt_stack: [INFO:gatt_api.cc(708)] GATTC_Discover conn_id=0x0003, disc_type=4, s_handle=0x004c, e_handle=0x0053
05-26 14:47:30.338 665 981 I bt_stack: [INFO:gatt_api.cc(708)] GATTC_Discover conn_id=0x0003, disc_type=5, s_handle=0x0051, e_handle=0x0051
05-26 14:47:30.353 665 981 I bt_stack: [INFO:gatt_api.cc(708)] GATTC_Discover conn_id=0x0003, disc_type=3, s_handle=0x0054, e_handle=0x0056
05-26 14:47:30.367 665 981 I bt_stack: [INFO:gatt_api.cc(708)] GATTC_Discover conn_id=0x0003, disc_type=4, s_handle=0x0054, e_handle=0x0056
05-26 14:47:30.398 665 981 I bt_stack: [INFO:gatt_api.cc(708)] GATTC_Discover conn_id=0x0003, disc_type=3, s_handle=0x0057, e_handle=0x0059
05-26 14:47:30.412 665 981 I bt_stack: [INFO:gatt_api.cc(708)] GATTC_Discover conn_id=0x0003, disc_type=4, s_handle=0x0057, e_handle=0x0059
05-26 14:47:30.443 665 981 I bt_stack: [INFO:gatt_api.cc(708)] GATTC_Discover conn_id=0x0003, disc_type=3, s_handle=0x005a, e_handle=0x0062
05-26 14:47:30.457 665 981 I bt_stack: [INFO:gatt_api.cc(708)] GATTC_Discover conn_id=0x0003, disc_type=4, s_handle=0x005a, e_handle=0x0062
05-26 14:47:30.518 665 981 I bt_stack: [INFO:gatt_api.cc(708)] GATTC_Discover conn_id=0x0003, disc_type=5, s_handle=0x005d, e_handle=0x005d
05-26 14:47:30.531 659 659 E WifiHAL : wifi_get_link_stats: requestResponse Error:-5
05-26 14:47:30.533 665 981 I bt_stack: [INFO:gatt_api.cc(708)] GATTC_Discover conn_id=0x0003, disc_type=5, s_handle=0x0062, e_handle=0x0062
05-26 14:47:30.535 471 607 E WifiVendorHal: getWifiLinkLayerStats_1_5_Internal(l.1191) failed {.code = ERROR_INVALID_ARGS, .description = }
05-26 14:47:30.547 665 981 I bt_stack: [INFO:bta_gattc_cache.cc(219)] bta_gattc_explore_srvc_finished: service discovery finished
05-26 14:47:30.548 665 981 I bt_bta_hh: system/bt/bta/hh/bta_hh_le.cc:1367 bta_hh_le_search_hid_chars: bta_hh_le_search_hid_chars: GATT_UUID_HID_INFORMATION 00002a4a-0000-1000-8000-00805f9b34fb
05-26 14:47:30.548 665 981 I bt_bta_hh: system/bt/bta/hh/bta_hh_le.cc:1367 bta_hh_le_search_hid_chars: bta_hh_le_search_hid_chars: GATT_UUID_HID_CONTROL_POINT 00002a4c-0000-1000-8000-00805f9b34fb
05-26 14:47:30.548 665 981 I bt_bta_hh: system/bt/bta/hh/bta_hh_le.cc:1367 bta_hh_le_search_hid_chars: bta_hh_le_search_hid_chars: GATT_UUID_HID_REPORT_MAP 00002a4b-0000-1000-8000-00805f9b34fb
05-26 14:47:30.548 665 981 I bt_bta_hh: system/bt/bta/hh/bta_hh_le.cc:1367 bta_hh_le_search_hid_chars: bta_hh_le_search_hid_chars: GATT_UUID_HID_PROTO_MODE 00002a4e-0000-1000-8000-00805f9b34fb
05-26 14:47:30.548 665 981 I bt_bta_hh: system/bt/bta/hh/bta_hh_le.cc:1367 bta_hh_le_search_hid_chars: bta_hh_le_search_hid_chars: GATT_UUID_HID_BT_KB_INPUT 00002a22-0000-1000-8000-00805f9b34fb
05-26 14:47:30.548 665 981 I bt_bta_hh: system/bt/bta/hh/bta_hh_le.cc:1367 bta_hh_le_search_hid_chars: bta_hh_le_search_hid_chars: GATT_UUID_HID_BT_KB_OUTPUT 00002a32-0000-1000-8000-00805f9b34fb
05-26 14:47:30.548 665 981 I bt_bta_hh: system/bt/bta/hh/bta_hh_le.cc:1367 bta_hh_le_search_hid_chars: bta_hh_le_search_hid_chars: GATT_UUID_HID_REPORT 00002a4d-0000-1000-8000-00805f9b34fb
05-26 14:47:30.548 665 981 I bt_bta_hh: system/bt/bta/hh/bta_hh_le.cc:1367 bta_hh_le_search_hid_chars: bta_hh_le_search_hid_chars: GATT_UUID_HID_REPORT 00002a4d-0000-1000-8000-00805f9b34fb
05-26 14:47:30.548 665 981 I bt_bta_hh: system/bt/bta/hh/bta_hh_le.cc:1367 bta_hh_le_search_hid_chars: bta_hh_le_search_hid_chars: GATT_UUID_HID_REPORT 00002a4d-0000-1000-8000-00805f9b34fb
05-26 14:47:30.549 665 981 I bt_bta_hh: system/bt/bta/hh/bta_hh_le.cc:1367 bta_hh_le_search_hid_chars: bta_hh_le_search_hid_chars: GATT_UUID_HID_REPORT 00002a4d-0000-1000-8000-00805f9b34fb
05-26 14:47:30.549 665 981 I bt_bta_hh: system/bt/bta/hh/bta_hh_le.cc:1367 bta_hh_le_search_hid_chars: bta_hh_le_search_hid_chars: GATT_UUID_HID_REPORT 00002a4d-0000-1000-8000-00805f9b34fb
05-26 14:47:30.549 665 981 I bt_bta_hh: system/bt/bta/hh/bta_hh_le.cc:1367 bta_hh_le_search_hid_chars: bta_hh_le_search_hid_chars: GATT_UUID_HID_REPORT 00002a4d-0000-1000-8000-00805f9b34fb
05-26 14:47:30.549 665 981 I bt_bta_hh: system/bt/bta/hh/bta_hh_le.cc:1367 bta_hh_le_search_hid_chars: bta_hh_le_search_hid_chars: GATT_UUID_HID_REPORT 00002a4d-0000-1000-8000-00805f9b34fb
05-26 14:47:30.549 665 981 I bt_bta_hh: system/bt/bta/hh/bta_hh_le.cc:1367 bta_hh_le_search_hid_chars: bta_hh_le_search_hid_chars: GATT_UUID_HID_REPORT 00002a4d-0000-1000-8000-00805f9b34fb
05-26 14:47:30.549 665 981 I bt_bta_gattc: system/bt/bta/gatt/bta_gattc_cache.cc:902 bta_gattc_get_gatt_db: bta_gattc_get_gatt_db
05-26 14:47:30.549 665 981 I bt_bta_dm: system/bt/bta/dm/bta_dm_act.cc:1321 bta_dm_search_cmpl: GATT services discovered using LE Transport
05-26 14:47:30.566 665 665 I BluetoothPhonePolicy: Received ACTION_UUID for device E4:BB:D3:57:C0:22
05-26 14:47:30.566 665 665 I BluetoothPhonePolicy: index=0uuid=00001812-0000-1000-8000-00805f9b34fb
05-26 14:47:30.566 665 665 I BluetoothPhonePolicy: processInitProfilePriorities() - device E4:BB:D3:57:C0:22
05-26 14:47:30.566 665 665 W HearingAidService: getHearingAidService(): service is NULL
05-26 14:47:30.567 665 665 V BluetoothDatabase: getProfileConnectionPolicy: E4:BB:D3:57:C0:22, profile=4, connectionPolicy = -1
05-26 14:47:30.568 665 665 D BluetoothDatabase: updateDatabase E4:BB:D3:57:C0:22
05-26 14:47:30.573 678 891 D LocalBluetoothProfileManager: Current Profiles[]
05-26 14:47:30.575 678 891 D BluetoothMap: getConnectionState(E4:BB:D3:57:C0:22)
05-26 14:47:30.577 665 679 D BluetoothPbapService: getConnectionState: E4:BB:D3:57:C0:22
05-26 14:47:30.578 665 981 I bt_stack: [INFO:hearing_aid.cc(1796)] GetDeviceCount: Not initialized yet
05-26 14:47:30.580 678 891 D LocalBluetoothProfileManager: New Profiles[HID]
05-26 14:47:30.583 678 891 D CachedBluetoothDevice: updating profiles for Dangbei
05-26 14:47:30.584 678 891 V CachedBluetoothDevice: Class: 1f00
05-26 14:47:30.584 678 891 V CachedBluetoothDevice: UUID:
05-26 14:47:30.585 678 891 V CachedBluetoothDevice: 00001812-0000-1000-8000-00805f9b34fb
05-26 14:47:30.586 678 891 D CachedBluetoothDevice: onUuidChanged: Time since last connect=1004
05-26 14:47:30.586 678 891 D CachedBluetoothDevice: onUuidChanged: triggering connectAllEnabledProfiles
05-26 14:47:30.588 665 679 V BluetoothDatabase: getProfileConnectionPolicy: E4:BB:D3:57:C0:22, profile=2, connectionPolicy = -1
05-26 14:47:30.588 665 679 V BluetoothDatabase: getProfileConnectionPolicy: E4:BB:D3:57:C0:22, profile=1, connectionPolicy = -1
05-26 14:47:30.588 665 679 V BluetoothDatabase: getProfileConnectionPolicy: E4:BB:D3:57:C0:22, profile=4, connectionPolicy = 100
05-26 14:47:30.588 665 679 V BluetoothDatabase: getProfileConnectionPolicy: E4:BB:D3:57:C0:22, profile=4, connectionPolicy = 100
05-26 14:47:30.588 665 679 I BluetoothAdapterService: connectEnabledProfiles: Connecting Hid Host Profile
05-26 14:47:30.588 665 679 E BluetoothHidHostService: Hid Device not disconnected: E4:BB:D3:57:C0:22
05-26 14:47:30.877 665 981 E bt_stack: [ERROR:bta_gattc_api.cc(729)] BTA_GATTC_DeregisterForNotifications registration not found bd_addr=e4:bb:d3:57:c0:22
05-26 14:47:30.878 665 853 W bt_btif : system/bt/main/bte_logmsg.cc:194 LogMsg: btif_hh_upstreams_evt: BTA_HH_OPN_EVT: handle=16, status =0
05-26 14:47:30.878 665 853 W bt_btif : system/bt/main/bte_logmsg.cc:194 LogMsg: BTA_HH_OPEN_EVT: Found device...Getting dscp info for handle ... 16
05-26 14:47:30.878 665 853 I bt_btif_dm: system/bt/btif/src/btif_dm.cc:384 get_cod: get_cod remote_cod = 0x00001f00
05-26 14:47:30.878 665 853 I bt_btif_dm: system/bt/btif/src/btif_dm.cc:384 get_cod: get_cod remote_cod = 0x00001f00
05-26 14:47:30.879 665 853 W bt_btif : system/bt/main/bte_logmsg.cc:194 LogMsg: btif_hh_upstreams_evt: name = Dangbei
05-26 14:47:30.879 665 853 W bt_btif : system/bt/main/bte_logmsg.cc:194 LogMsg: bta_hh_co_send_hid_info: fd = 95, name = [Dangbei], dscp_len = 80
05-26 14:47:30.879 665 853 W bt_btif : system/bt/main/bte_logmsg.cc:194 LogMsg: bta_hh_co_send_hid_info: vendor_id = 0x000d, product_id = 0x3838, version= 0x0000,ctry_code=0x00
05-26 14:47:30.881 317 319 D XM_HIDREAD: add@ add@/devices/virtual/misc/uhid/0005:000D:3838.0003
05-26 14:47:30.881 665 665 D BluetoothHidHostService: Connection state E4:BB:D3:57:C0:22: 1->2
05-26 14:47:30.884 317 319 D XM_HIDREAD: add@ add@/devices/virtual/misc/uhid/0005:000D:3838.0003/input/input8
05-26 14:47:30.887 665 665 D BluetoothAdapterService: enable() - Enable called with quiet mode status = false
05-26 14:47:30.890 665 853 W bt_btif : system/bt/main/bte_logmsg.cc:194 LogMsg: bta_hh_co_send_hid_info: wrote descriptor to fd = 95, dscp_len = 80, result = 0
05-26 14:47:30.890 665 853 W bt_stack: [WARNING:btif_hh.cc(403)] Added device e4:bb:d3:57:c0:22
05-26 14:47:30.891 665 853 W bt_btif : system/bt/main/bte_logmsg.cc:194 LogMsg: BTA_HH_GET_DSCP_EVT: Called add device
05-26 14:47:30.891 665 853 W bt_btif : system/bt/main/bte_logmsg.cc:194 LogMsg: BTA_HH_ADD_DEV_EVT: status = 0, handle = 16
05-26 14:47:30.891 665 665 D AdapterProperties: PROFILE_CONNECTION_STATE_CHANGE: profile=4, device=E4:BB:D3:57:C0:22, 1 -> 2
05-26 14:47:30.894 665 665 D AdapterProperties: ADAPTER_CONNECTION_STATE_CHANGE: E4:BB:D3:57:C0:22: 1 -> 2
05-26 14:47:30.900 665 818 I AdapterState: ON : Unhandled message - BLE_TURN_ON
05-26 14:47:30.875 328 328 I xiriservice_All: type=1400 audit(0.0:1182): avc: denied { read } for scontext=u:r:init:s0 tcontext=u:r:init:s0 tclass=netlink_kobject_uevent_socket permissive=1
05-26 14:47:30.902 678 891 D CachedBluetoothDevice: onProfileStateChanged: profile HID, device Dangbei, newProfileState 2
01-01 08:01:09.747 56 56 I input : Dangbei as /devices/virtual/misc/uhid/0005:000D:3838.0003/input/input8
05-26 14:47:30.913 317 319 D XM_HIDREAD: add@ add@/devices/virtual/misc/uhid/0005:000D:3838.0003/input/input8/event6
05-26 14:47:30.920 471 595 D EventHub: No input device configuration file found for device 'Dangbei'.
05-26 14:47:30.920 317 319 D XM_HIDREAD: add@ add@/devices/virtual/misc/uhid/0005:000D:3838.0003/input/input10
05-26 14:47:30.875 317 317 I xm_hidread: type=1400 audit(0.0:1183): avc: denied { read } for scontext=u:r:init:s0 tcontext=u:r:init:s0 tclass=netlink_kobject_uevent_socket permissive=1
01-01 08:01:09.783 56 56 I input : Dangbei Consumer Control as /devices/virtual/misc/uhid/0005:000D:3838.0003/input/input10
05-26 14:47:30.936 317 319 D XM_HIDREAD: add@ add@/devices/virtual/wakeup/wakeup30
05-26 14:47:30.936 471 595 I EventHub: usingClockIoctl=true
05-26 14:47:30.936 471 595 I EventHub: New device: id=7, fd=181, path='/dev/input/event6', name='Dangbei', classes=KEYBOARD | EXTERNAL, configuration='', keyLayout='/system/usr/keylayout/Vendor_000d_Product_3838.kl', keyCharacterMap='/system/usr/keychars/Generic.kcm', builtinKeyboard=false,
05-26 14:47:30.937 471 595 I InputReader: Device added: id=5, eventHubId=7, name='Dangbei', descriptor='3b5a3e9d598bafe39ea755ce316acc64fb33ff4e',sources=0x00000101
05-26 14:47:30.944 317 319 D XM_HIDREAD: add@ add@/devices/virtual/misc/uhid/0005:000D:3838.0003/input/input10/event7
05-26 14:47:30.945 317 319 D XM_HIDREAD: add@ add@/devices/virtual/misc/uhid/0005:000D:3838.0003/hidraw/hidraw2
05-26 14:47:30.945 317 319 D XM_HIDREAD: ready open:/dev/hidraw2
05-26 14:47:30.945 317 319 D XM_HIDREAD: open:/dev/hidraw2 resultFD:-1
05-26 14:47:30.945 317 319 E XM_HIDREAD: open hidraw error: No such file or directory, wait to retry...
05-26 14:47:30.950 471 595 D EventHub: No input device configuration file found for device 'Dangbei Consumer Control'.
01-01 08:01:09.807 56 56 I hid-generic 0005: 000D:3838.0003: input,hidraw2: BLUETOOTH HID v0.00 Keyboard [Dangbei] on
05-26 14:47:30.959 471 595 W EventHub: Unable to disable kernel key repeat for /dev/input/event7: Function not implemented
05-26 14:47:30.959 471 595 I EventHub: usingClockIoctl=true
05-26 14:47:30.959 471 595 I EventHub: New device: id=8, fd=352, path='/dev/input/event7', name='Dangbei Consumer Control', classes=KEYBOARD | JOYSTICK | EXTERNAL, configuration='', keyLayout='/system/usr/keylayout/Vendor_000d_Product_3838.kl', keyCharacterMap='/system/usr/keychars/Generic.kcm', builtinKeyboard=false,
05-26 14:47:30.960 471 595 I InputReader: Device added: id=5, eventHubId=8, name='Dangbei Consumer Control', descriptor='3b5a3e9d598bafe39ea755ce316acc64fb33ff4e',sources=0x01000111
05-26 14:47:30.965 328 329 D DONGLE_SERVICE: check_smartctrl_hidraw_node, vid=13, pid =14392
05-26 14:47:30.965 328 329 E DONGLE_SERVICE: not supported: /dev/hidraw2
05-26 14:47:30.959 328 328 I xiriservice_All: type=1400 audit(0.0:1184): avc: denied { read write } for name="hidraw2" dev="tmpfs" ino=32242 scontext=u:r:init:s0 tcontext=u:object_r:device:s0 tclass=chr_file permissive=1
05-26 14:47:30.959 328 328 I xiriservice_All: type=1400 audit(0.0:1185): avc: denied { open } for path="/dev/hidraw2" dev="tmpfs" ino=32242 scontext=u:r:init:s0 tcontext=u:object_r:device:s0 tclass=chr_file permissive=1
05-26 14:47:31.045 317 319 E XM_HIDREAD: trying to reopen hidraw: /dev/hidraw2
05-26 14:47:31.045 317 319 D XM_HIDREAD: ready open:/dev/hidraw2
05-26 14:47:31.045 317 319 D XM_HIDREAD: open:/dev/hidraw2 resultFD:10
05-26 14:47:31.045 317 319 D XM_HIDREAD: 1 ready ioctl hidrawFD 10
05-26 14:47:31.045 317 319 D XM_HIDREAD: 2 ready ioctl hidrawFD 10
05-26 14:47:31.045 317 319 D XM_HIDREAD: 3 ready ioctl hidrawFD 10
05-26 14:47:31.045 317 319 D XM_HIDREAD: 4 ready ioctl hidrawFD 10
05-26 14:47:31.045 317 319 D XM_HIDREAD: ioctl hidrawFD HIDIOCGRDESC ret 0
05-26 14:47:31.046 317 319 D XM_HIDREAD: dinfo.vendor:13,dinfo.product:14392
05-26 14:47:31.046 317 319 D XM_HIDREAD: m_pid:0x3838,m_vid:0x000d
05-26 14:47:31.046 317 319 D XM_HIDREAD: /dev/hidraw2 open succussfully!
05-26 14:47:31.046 317 319 D XM_HIDREAD: add@ add@/devices/virtual/wakeup/wakeup31
05-26 14:47:31.270 471 520 W IorapForwardingService: No service published for: iorapd
05-26 14:47:31.538 1086 1402 I OpenGLRenderer: Davey! duration=9223371968818ms; Flags=0, FrameTimelineVsyncId=2251, IntendedVsync=68036266644, Vsync=68036266644, InputEventId=0, HandleInputStart=68036824489, AnimationStart=68036829864, PerformTraversalsStart=68037037864, DrawStart=68037772489, FrameDeadline=68069599976, FrameInterval=68036814822, FrameStartTime=16666666, SyncQueued=68038961114, SyncStart=68039349531, IssueDrawCommandsStart=68040633239, SwapBuffers=68049731031, FrameCompleted=9223372036854775807, DequeueBufferDuration=51792, QueueBufferDuration=1756583, GpuCompleted=9223372036854775807, SwapBuffersCompleted=68052661906, DisplayPresentTime=0,
05-26 14:47:31.549 665 981 I bt_stack: [INFO:gatt_api.cc(1286)] GATT_Disconnect conn_id=0x0003
05-26 14:47:31.594 1086 1107 I OpenGLRenderer: Davey! duration=9223371968783ms; Flags=0, FrameTimelineVsyncId=2254, IntendedVsync=68070032024, Vsync=68070032024, InputEventId=0, HandleInputStart=68070834239, AnimationStart=68070840322, PerformTraversalsStart=68071492572, DrawStart=68071652281, FrameDeadline=68103365356, FrameInterval=68070819781, FrameStartTime=16666666, SyncQueued=68071744822, SyncStart=68073124072, IssueDrawCommandsStart=68073922656, SwapBuffers=68080704364, FrameCompleted=9223372036854775807, DequeueBufferDuration=26916, QueueBufferDuration=4655458, GpuCompleted=9223372036854775807, SwapBuffersCompleted=68086403656, DisplayPresentTime=0,
05-26 14:47:31.605 1086 1107 I OpenGLRenderer: Davey! duration=9223371968766ms; Flags=0, FrameTimelineVsyncId=2256, IntendedVsync=68086698690, Vsync=68086698690, InputEventId=0, HandleInputStart=68087549406, AnimationStart=68087556197, PerformTraversalsStart=68088367906, DrawStart=68088637531, FrameDeadline=68120032022, FrameInterval=68087535114, FrameStartTime=16666666, SyncQueued=68088715906, SyncStart=68090603614, IssueDrawCommandsStart=68092649489, SwapBuffers=68110011447, FrameCompleted=9223372036854775807, DequeueBufferDuration=2309500, QueueBufferDuration=6080167, GpuCompleted=9223372036854775807, SwapBuffersCompleted=68117017864, DisplayPresentTime=0,
05-26 14:47:31.619 1086 1402 I OpenGLRenderer: Davey! duration=9223371968736ms; Flags=0, FrameTimelineVsyncId=2258, IntendedVsync=68103365356, Vsync=68103365356, InputEventId=0, HandleInputStart=68104200781, AnimationStart=68104208739, PerformTraversalsStart=68104892072, DrawStart=68105586072, FrameDeadline=68136698688, FrameInterval=68104188781, FrameStartTime=16666666, SyncQueued=68106248197, SyncStart=68121545531, IssueDrawCommandsStart=68122900989, SwapBuffers=68131408156, FrameCompleted=9223372036854775807, DequeueBufferDuration=49292, QueueBufferDuration=1201083, GpuCompleted=9223372036854775807, SwapBuffersCompleted=68133254406, DisplayPresentTime=0,
05-26 14:47:31.639 1086 1402 I OpenGLRenderer: Davey! duration=9223371968725ms; Flags=0, FrameTimelineVsyncId=2260, IntendedVsync=68120032022, Vsync=68120032022, InputEventId=0, HandleInputStart=68123317906, AnimationStart=68123322697, PerformTraversalsStart=68124082781, DrawStart=68124278739, FrameDeadline=68153365354, FrameInterval=68123309531, FrameStartTime=16666666, SyncQueued=68124359947, SyncStart=68133506531, IssueDrawCommandsStart=68134484281, SwapBuffers=68139591781, FrameCompleted=9223372036854775807, DequeueBufferDuration=30791, QueueBufferDuration=8807333, GpuCompleted=9223372036854775807, SwapBuffersCompleted=68148888031, DisplayPresentTime=0,
05-26 14:47:31.655 1086 1107 I OpenGLRenderer: Davey! duration=9223371968706ms; Flags=0, FrameTimelineVsyncId=2262, IntendedVsync=68136696509, Vsync=68136696509, InputEventId=0, HandleInputStart=68137285114, AnimationStart=68137290031, PerformTraversalsStart=68137898739, DrawStart=68138054031, FrameDeadline=68170029841, FrameInterval=68137272947, FrameStartTime=16666666, SyncQueued=68138120406, SyncStart=68149480197, IssueDrawCommandsStart=68150909739, SwapBuffers=68160350947, FrameCompleted=9223372036854775807, DequeueBufferDuration=53458, QueueBufferDuration=6589584, GpuCompleted=9223372036854775807, SwapBuffersCompleted=68167638281, DisplayPresentTime=0,
05-26 14:47:31.670 1086 1402 I OpenGLRenderer: Davey! duration=9223371968692ms; Flags=0, FrameTimelineVsyncId=2264, IntendedVsync=68153021468, Vsync=68153021468, InputEventId=0, HandleInputStart=68156759031, AnimationStart=68156765656, PerformTraversalsStart=68157978031, DrawStart=68158173989, FrameDeadline=68186354800, FrameInterval=68156745614, FrameStartTime=16666666, SyncQueued=68158255031, SyncStart=68167926239, IssueDrawCommandsStart=68168941614, SwapBuffers=68171730822, FrameCompleted=9223372036854775807, DequeueBufferDuration=51833, QueueBufferDuration=12762750, GpuCompleted=9223372036854775807, SwapBuffersCompleted=68185880739, DisplayPresentTime=0,
05-26 14:47:31.905 1086 1402 I OpenGLRenderer: Davey! duration=9223371968461ms; Flags=0, FrameTimelineVsyncId=2292, IntendedVsync=68386055222, Vsync=68386055222, InputEventId=0, HandleInputStart=68386675823, AnimationStart=68386682323, PerformTraversalsStart=68387223739, DrawStart=68387365656, FrameDeadline=68419388554, FrameInterval=68386664406, FrameStartTime=16666666, SyncQueued=68387440198, SyncStart=68395050364, IssueDrawCommandsStart=68396142573, SwapBuffers=68400490656, FrameCompleted=9223372036854775807, DequeueBufferDuration=2307041, QueueBufferDuration=823542, GpuCompleted=9223372036854775807, SwapBuffersCompleted=68401983031, DisplayPresentTime=0,
05-26 14:47:31.989 1086 1107 I OpenGLRenderer: Davey! duration=9223371968377ms; Flags=0, FrameTimelineVsyncId=2302, IntendedVsync=68469539609, Vsync=68469539609, InputEventId=0, HandleInputStart=68470124114, AnimationStart=68470130698, PerformTraversalsStart=68470691656, DrawStart=68470843614, FrameDeadline=68502872941, FrameInterval=68470112406, FrameStartTime=16666666, SyncQueued=68470920739, SyncStart=68478427281, IssueDrawCommandsStart=68479339864, SwapBuffers=68483974573, FrameCompleted=9223372036854775807, DequeueBufferDuration=2912625, QueueBufferDuration=732334, GpuCompleted=9223372036854775807, SwapBuffersCompleted=68485433448, DisplayPresentTime=0,
05-26 14:47:32.042 1113 1113 D aaa : LedStatusService onStartCommand begin
05-26 14:47:32.043 1113 2930 D aaa : topPkg is -------------- :com.dangbei.leard.leradlauncher
05-26 14:47:32.044 1165 1165 D bbb : onStartCommand begin !!!!!!! data分区剩余 23852MB
05-26 14:47:32.047 1113 2930 D aaa : WiFi is connect
05-26 14:47:32.169 1086 1107 I OpenGLRenderer: Davey! duration=9223371968218ms; Flags=0, FrameTimelineVsyncId=2322, IntendedVsync=68636264930, Vsync=68636264930, InputEventId=0, HandleInputStart=68636888739, AnimationStart=68636896073, PerformTraversalsStart=68637716573, DrawStart=68638157448, FrameDeadline=68669598262, FrameInterval=68636877573, FrameStartTime=16666666, SyncQueued=68638482823, SyncStart=68638873114, IssueDrawCommandsStart=68640385614, SwapBuffers=68660953281, FrameCompleted=9223372036854775807, DequeueBufferDuration=10371583, QueueBufferDuration=1381875, GpuCompleted=9223372036854775807, SwapBuffersCompleted=68666884948, DisplayPresentTime=0,
05-26 14:47:32.272 471 520 W IorapForwardingService: No service published for: iorapd
01-01 08:01:11.306 345 345 E : Send upper Vendor Specific event.
05-26 14:47:33.275 471 520 W IorapForwardingService: No service published for: iorapd
05-26 14:47:33.271 1521 1521 I ModuleDataForwa: type=1400 audit(0.0:1186): avc: denied { write } for name="files" dev="mmcblk0p25" ino=2031 scontext=u:r:platform_app:s0:c512,c768 tcontext=u:object_r:app_data_file:s0:c512,c768 tclass=dir permissive=1 app=com.dangbei.screencast
05-26 14:47:33.271 1521 1521 I ModuleDataForwa: type=1400 audit(0.0:1187): avc: denied { add_name } for name="TD__Env_Synchronous_Lock__" scontext=u:r:platform_app:s0:c512,c768 tcontext=u:object_r:app_data_file:s0:c512,c768 tclass=dir permissive=1 app=com.dangbei.screencast
05-26 14:47:33.271 1521 1521 I ModuleDataForwa: type=1400 audit(0.0:1188): avc: denied { create } for name="TD__Env_Synchronous_Lock__" scontext=u:r:platform_app:s0:c512,c768 tcontext=u:object_r:app_data_file:s0:c512,c768 tclass=file permissive=1 app=com.dangbei.screencast
05-26 14:47:33.279 1521 1521 I ModuleDataForwa: type=1400 audit(0.0:1189): avc: denied { open } for path="/data/user/0/com.dangbei.screencast/files/TD__Env_Synchronous_Lock__" dev="mmcblk0p25" ino=3003 scontext=u:r:platform_app:s0:c512,c768 tcontext=u:object_r:app_data_file:s0:c512,c768 tclass=file permissive=1 app=com.dangbei.screencast
05-26 14:47:33.279 1521 1521 I ModuleDataForwa: type=1400 audit(0.0:1190): avc: denied { lock } for path="/data/user/0/com.dangbei.screencast/files/TD__Env_Synchronous_Lock__" dev="mmcblk0p25" ino=3003 scontext=u:r:platform_app:s0:c512,c768 tcontext=u:object_r:app_data_file:s0:c512,c768 tclass=file permissive=1 app=com.dangbei.screencast
05-26 14:47:33.548 659 659 E WifiHAL : wifi_get_link_stats: requestResponse Error:-5
05-26 14:47:33.549 471 607 E WifiVendorHal: getWifiLinkLayerStats_1_5_Internal(l.1191) failed {.code = ERROR_INVALID_ARGS, .description = }
01-01 08:01:12.450 1923 1923 W audit : audit_lost=669 audit_rate_limit=5 audit_backlog_limit=64
01-01 08:01:12.459 1923 1923 E audit : rate limit exceeded
05-26 14:47:34.277 471 520 W IorapForwardingService: No service published for: iorapd
05-26 14:47:34.556 1086 1107 I OpenGLRenderer: Davey! duration=9223371965818ms; Flags=0, FrameTimelineVsyncId=2381, IntendedVsync=71036260604, Vsync=71036260604, InputEventId=0, HandleInputStart=71038564199, AnimationStart=71038569782, PerformTraversalsStart=71038785449, DrawStart=71039501949, FrameDeadline=71069593936, FrameInterval=71038554990, FrameStartTime=16666666, SyncQueued=71040680532, SyncStart=71041151365, IssueDrawCommandsStart=71042379574, SwapBuffers=71056411865, FrameCompleted=9223372036854775807, DequeueBufferDuration=53416, QueueBufferDuration=1670125, GpuCompleted=9223372036854775807, SwapBuffersCompleted=71059451824, DisplayPresentTime=0,
05-26 14:47:34.575 1086 1107 I OpenGLRenderer: Davey! duration=9223371965796ms; Flags=0, FrameTimelineVsyncId=2382, IntendedVsync=71052927270, Vsync=71052927270, InputEventId=0, HandleInputStart=71053631740, AnimationStart=71053636657, PerformTraversalsStart=71053960532, DrawStart=71054492490, FrameDeadline=71086260602, FrameInterval=71053620699, FrameStartTime=16666666, SyncQueued=71054878407, SyncStart=71059803615, IssueDrawCommandsStart=71061422574, SwapBuffers=71078623532, FrameCompleted=9223372036854775807, DequeueBufferDuration=478333, QueueBufferDuration=950500, GpuCompleted=9223372036854775807, SwapBuffersCompleted=71080517032, DisplayPresentTime=0,
01-01 08:01:13.419 380 380 W hdr10p_Configure: 56 callbacks suppressed
01-01 08:01:13.419 380 380 I : DVI mode selected: packets not configured
01-01 08:01:13.433 380 380 W set_vsif_config: 56 callbacks suppressed
01-01 08:01:13.433 380 380 I : Error: set vsif failed
05-26 14:47:34.601 1043 2916 E dangbei111: cccccc 检查遥控器是否连接: Dangbei E4:BB:D3:57:C0:22
05-26 14:47:34.604 1086 1107 I OpenGLRenderer: Davey! duration=9223371965775ms; Flags=0, FrameTimelineVsyncId=2384, IntendedVsync=71069593936, Vsync=71069593936, InputEventId=0, HandleInputStart=71070271032, AnimationStart=71070278032, PerformTraversalsStart=71071201074, DrawStart=71071403990, FrameDeadline=71102927268, FrameInterval=71070259240, FrameStartTime=16666666, SyncQueued=71071485865, SyncStart=71080757532, IssueDrawCommandsStart=71081717282, SwapBuffers=71091102074, FrameCompleted=9223372036854775807, DequeueBufferDuration=39292, QueueBufferDuration=12919875, GpuCompleted=9223372036854775807, SwapBuffersCompleted=71104889741, DisplayPresentTime=0,
05-26 14:47:34.608 1043 2916 E dangbei111: cccccc 检查遥控器是否连接: 蓝牙的结果 Dangbei E4:BB:D3:57:C0:22 true
05-26 14:47:34.612 1043 2916 E dangbei111: cccccc Name: Virtual
05-26 14:47:34.613 1043 2916 E dangbei111: cccccc Name: sunxi-ir
01-01 08:01:13.464 380 380 I : DVI mode selected: packets not configured
01-01 08:01:13.471 380 380 I : Error: set vsif failed
05-26 14:47:34.616 1043 2916 E dangbei111: cccccc Name: sunxi-ir-uinput
