05-24 21:02:08.942 246 246 I netd : networkAddRouteParcel(100, RouteInfoParcel{destination: 0.0.0.0/0, ifName: wlan0, nextHop: 192.168.3.1, mtu: 0}) <0.47ms>
05-24 21:02:08.945 471 614 D ConnectivityService: Setting DNS servers for network 100 to [/202.96.134.133, /202.96.128.166]
05-24 21:02:08.945 471 614 D DnsManager: sendDnsConfigurationForNetwork(100, [202.96.134.133, 202.96.128.166], [], 1800, 25, 8, 64, 0, 0, , [202.96.134.133, 202.96.128.166])
05-24 21:02:08.948 246 246 I netd : DnsResolverService::setResolverConfiguration(100, [202.96.134.133, 202.96.128.166], [], 1800, 25, 8, 64, 0, 0, "", [202.96.134.133, 202.96.128.166]) -> (0) (0.6ms)
05-24 21:02:08.949 246 246 I netd : setResolverConfiguration(ResolverParamsParcel{netId: 100, sampleValiditySeconds: 1800, successThreshold: 25, minSamples: 8, maxSamples: 64, baseTimeoutMsec: 0, retryCount: 0, servers: [202.96.134.133, 202.96.128.166], domains: [], tlsName: , tlsServers: [202.96.134.133, 202.96.128.166], tlsFingerprints: [], caCertificate: , tlsConnectTimeoutMs: 0, resolverOptions: (null), transportTypes: [1]}) <0.82ms>
05-24 21:02:08.952 246 2065 W resolv : Validating DnsTlsServer 202.96.128.166 with mark 0xf0064
05-24 21:02:08.955 246 2066 W resolv : Validating DnsTlsServer 202.96.134.133 with mark 0xf0064
05-24 21:02:08.962 471 614 W BestClock: java.time.DateTimeException: Missing NTP fix
05-24 21:02:08.964 471 1182 D WifiMemoryStoreImpl: Set cluster Gdd37abc070ec3058 for Wa3a43240d6281fa1: SUCCESS
05-24 21:02:08.982 246 246 I netd : trafficSwapActiveStatsMap() <19.10ms>
05-24 21:02:08.990 471 1663 D WifiMemoryStoreImpl: Set cluster Gdd37abc070ec3058 for Wee65efb0622f8627: SUCCESS
05-24 21:02:08.998 2036 2036 V GraphicsEnvironment: ANGLE Developer option for 'com.android.shell' set to: 'default'
05-24 21:02:08.998 2036 2036 V GraphicsEnvironment: Neither updatable production driver nor prerelease driver is supported.
05-24 21:02:09.003 246 246 I netd : tetherGetStats() -> {[]} <19.48ms>
05-24 21:02:09.008 471 1663 D WifiMemoryStoreImpl: Set cluster Gdd37abc070ec3058 for W72db79aed7dcfc37: SUCCESS
05-24 21:02:09.010 471 614 W BestClock: java.time.DateTimeException: Missing NTP fix
05-24 21:02:09.011 2036 2036 D NetworkSecurityConfig: No Network Security Config specified, using platform default
05-24 21:02:09.012 2036 2036 D NetworkSecurityConfig: No Network Security Config specified, using platform default
05-24 21:02:09.013 471 605 W BestClock: java.time.DateTimeException: Missing NTP fix
05-24 21:02:09.014 471 605 W BestClock: java.time.DateTimeException: Missing NTP fix
05-24 21:02:09.018 1033 1149 W MediaProvider: getVolumePath for unknown volume: internal
05-24 21:02:09.028 471 614 D ConnectivityService: NetReassign [23 : null → 100, 30 : null → 100, 17 : null → 100, 10 : null → 100, 19 : null → 100, 28 : null → 100, 1 : null → 100, 3 : null → 100, 21 : null → 100]
05-24 21:02:09.034 754 2073 D NetworkMonitor/100: Validation disabled.
05-24 21:02:09.035 471 614 D ConnectivityService: Switching to new default network for: uid/pid:1000/471 activeRequest: 1 callbackRequest: 1 [NetworkRequest [ REQUEST id=1, [ Capabilities: INTERNET&NOT_RESTRICTED&TRUSTED&NOT_VPN&NOT_VCN_MANAGED RequestorUid: 1000 RequestorPkg: android] ]] callback flags: 1 priority: 2147483647 using NetworkAgentInfo{network{100} handle{432902426637} ni{WIFI CONNECTED extra: } Score(60 ; KeepConnected : 0 ; Policies : TRANSPORT_PRIMARY&IS_UNMETERED) lp{{InterfaceName: wlan0 LinkAddresses: [ fe80::32f3:66b2:cf63:50ef/64,192.168.3.40/23 ] DnsAddresses: [ /202.96.134.133,/202.96.128.166 ] Domains: null MTU: 0 ServerAddress: /192.168.3.1 TcpBufferSizes: 524288,1048576,2097152,262144,524288,1048576 Routes: [ fe80::/64 -> :: wlan0 mtu 0,192.168.2.0/23 -> 0.0.0.0 wlan0 mtu 0,0.0.0.0/0 -> 192.168.3.1 wlan0 mtu 0 ]}} nc{[ Transports: WIFI Capabilities: NOT_METERED&INTERNET&NOT_RESTRICTED&TRUSTED&NOT_VPN&NOT_ROAMING&FOREGROUND&NOT_CONGESTED&NOT_SUSPENDED&NOT_VCN_MANAGED LinkUpBandwidth>=12000Kbps LinkDnBandwidth>=60000Kbps Specifier: TransportInfo: SignalStrength: -50 OwnerUid: 1000 AdminUids: [1000] SSID: "DZNB"]}}
05-24 21:02:09.037 246 246 I netd : networkSetDefault(100) <0.43ms>
05-24 21:02:09.038 471 1182 D WifiMemoryStoreImpl: Set cluster Gdd37abc070ec3058 for W609a07186bdfcf0d: SUCCESS
05-24 21:02:08.972 1471 1471 I net_disconnect.: type=1400 audit(0.0:738): avc: denied { execute } for name="rgb_led_ctl" dev="dm-1" ino=188 scontext=u:r:init:s0 tcontext=u:object_r:vendor_file:s0 tclass=file permissive=1
05-24 21:02:09.073 471 1182 D WifiMemoryStoreImpl: Set cluster Gdd37abc070ec3058 for W87cddc357e205bbc: SUCCESS
05-24 21:02:09.073 2036 2036 D HeapDumpReceiver: onReceive(): Intent { act=android.intent.action.BOOT_COMPLETED flg=0x89000010 cmp=com.android.shell/.HeapDumpReceiver (has extras) }
05-24 21:02:09.078 2036 2077 D HeapDumpReceiver: Deleting from /data/user_de/0/com.android.shell/files/heapdumps
05-24 21:02:09.081 471 1182 D CompatibilityChangeReporter: Compat change id reported: 135634846; UID 10025; state: DISABLED
05-24 21:02:09.081 471 1182 D CompatibilityChangeReporter: Compat change id reported: 177438394; UID 10025; state: DISABLED
05-24 21:02:09.082 471 1182 D CompatibilityChangeReporter: Compat change id reported: 135772972; UID 10025; state: DISABLED
05-24 21:02:09.082 471 1182 D CompatibilityChangeReporter: Compat change id reported: 135754954; UID 10025; state: DISABLED
05-24 21:02:09.082 471 540 D CompatibilityChangeReporter: Compat change id reported: 143937733; UID 10025; state: DISABLED
05-24 21:02:09.085 471 607 D WifiClientModeImpl[wlan0]: Received signal strength thresholds: []
05-24 21:02:09.090 1113 1113 D aaa : LedStatusService onStartCommand begin
05-24 21:02:09.091 246 246 I netd : idletimerAddInterface(wlan0, 15, 1) <29.37ms>
05-24 21:02:09.092 471 607 E WifiVendorHal: stopRssiMonitoring(l.2617) failed {.code = ERROR_NOT_AVAILABLE, .description = }
05-24 21:02:09.093 1113 2079 D aaa : topPkg is -------------- :com.dangbei.leard.leradlauncher
05-24 21:02:09.094 246 246 I netd : setTcpRWmemorySize(524288 1048576 2097152, 262144 524288 1048576) <0.58ms>
05-24 21:02:09.098 659 659 E WifiHAL : wifi_get_link_stats: requestResponse Error:-5
05-24 21:02:09.101 1086 1199 E hq : Etna:::sendInspectLauncherUpdate
05-24 21:02:09.104 471 607 E WifiVendorHal: getWifiLinkLayerStats_1_5_Internal(l.1191) failed {.code = ERROR_INVALID_ARGS, .description = }
05-24 21:02:09.105 247 247 D Zygote : Forked child process 2081
05-24 21:02:09.107 471 540 I ActivityManager: app.processName = com.android.statementservice
05-24 21:02:09.107 471 540 I ActivityManager: Start proc 2081:com.android.statementservice/u0a25 for broadcast {com.android.statementservice/com.android.statementservice.domain.BootCompletedReceiver}
05-24 21:02:09.107 1043 1071 E ccc : cccccc SystemUpdateHelper launcherUpdate {"launcherCodeLocal":102941,"launcherCodeNet":0,"launcherVersionLocal":"2.9.4.1","launcherVersionNet":"","otaCodeLocal":0,"otaCodeNet":0,"remoteNeedUpdate":false,"updateType":""}
05-24 21:02:09.111 471 614 W BestClock: java.time.DateTimeException: Missing NTP fix
05-24 21:02:09.111 1086 1199 D etnaManager: 不需要更新桌面
05-24 21:02:09.113 471 1182 D WifiMemoryStoreImpl: Set cluster Gdd37abc070ec3058 for Wdd37abc070ec3058: SUCCESS
05-24 21:02:09.115 2081 2081 I Zygote : seccomp disabled by setenforce 0
05-24 21:02:08.996 2069 2069 I net_disconnect.: type=1400 audit(0.0:739): avc: denied { execute_no_trans } for path="/vendor/bin/rgb_led_ctl" dev="dm-1" ino=188 scontext=u:r:init:s0 tcontext=u:object_r:vendor_file:s0 tclass=file permissive=1
05-24 21:02:09.141 1033 1149 W MediaProvider: getVolumePath for unknown volume: internal
05-24 21:02:09.142 246 246 I netd : trafficSwapActiveStatsMap() <30.60ms>
05-24 21:02:09.143 401 416 I adbd : jdwp connection from 2081
05-24 21:02:09.147 246 246 I netd : tetherGetStats() -> {[]} <3.04ms>
05-24 21:02:09.147 1033 1149 W MediaProvider: getVolumePath for unknown volume: internal
05-24 21:02:09.148 1033 1149 W MediaProvider: getVolumePath for unknown volume: internal
05-24 21:02:09.150 471 614 W BestClock: java.time.DateTimeException: Missing NTP fix
05-24 21:02:09.150 1033 1149 W MediaProvider: getVolumePath for unknown volume: internal
05-24 21:02:09.016 2069 2069 I rgb_led_ctl: type=1400 audit(0.0:740): avc: denied { write } for name="spidev1.0" dev="tmpfs" ino=2275 scontext=u:r:init:s0 tcontext=u:object_r:device:s0 tclass=chr_file permissive=1
05-24 21:02:09.153 471 605 W BestClock: java.time.DateTimeException: Missing NTP fix
05-24 21:02:09.154 471 605 W BestClock: java.time.DateTimeException: Missing NTP fix
05-24 21:02:09.164 471 1182 D CompatibilityChangeReporter: Compat change id reported: 168419799; UID 10025; state: DISABLED
05-24 21:02:09.166 471 753 D NetworkTimeUpdateService: New default network 100; checking time.
05-24 21:02:09.171 754 871 D UpstreamNetworkMonitor: New default Internet network: 100
05-24 21:02:09.016 2069 2069 I rgb_led_ctl: type=1400 audit(0.0:741): avc: denied { open } for path="/dev/spidev1.0" dev="tmpfs" ino=2275 scontext=u:r:init:s0 tcontext=u:object_r:device:s0 tclass=chr_file permissive=1
05-24 21:02:09.185 471 605 W BestClock: java.time.DateTimeException: Missing NTP fix
05-24 21:02:09.186 2081 2081 D CompatibilityChangeReporter: Compat change id reported: 171979766; UID 10025; state: DISABLED
05-24 21:02:09.188 471 614 D ConnectivityService: Sending CONNECTED broadcast for type 1 [100 WIFI] isDefaultNetwork=true
05-24 21:02:09.194 1086 1402 I OpenGLRenderer: Davey! duration=9223372005384ms; Flags=0, FrameTimelineVsyncId=881, IntendedVsync=31469607350, Vsync=31469607350, InputEventId=0, HandleInputStart=31470733555, AnimationStart=31470737805, PerformTraversalsStart=31470741180, DrawStart=31471461305, FrameDeadline=31502940682, FrameInterval=31470725138, FrameStartTime=16666666, SyncQueued=31471957097, SyncStart=31472307305, IssueDrawCommandsStart=31473195305, SwapBuffers=31483692597, FrameCompleted=9223372036854775807, DequeueBufferDuration=45833, QueueBufferDuration=6724791, GpuCompleted=9223372036854775807, SwapBuffersCompleted=31493779097, DisplayPresentTime=0,
05-24 21:02:09.195 471 614 W ContextImpl: Calling a method in the system process without a qualified user: android.app.ContextImpl.sendStickyBroadcast:1559 com.android.server.ConnectivityService.sendStickyBroadcast:2884 com.android.server.ConnectivityService.sendGeneralBroadcast:2859 com.android.server.ConnectivityService.sendConnectedBroadcast:2832 com.android.server.ConnectivityService.sendLegacyNetworkBroadcast:8784
05-24 21:02:09.201 2081 2081 D ApplicationLoaders: Returning zygote-cached class loader: /system/framework/android.test.base.jar
05-24 21:02:09.205 471 605 W BestClock: java.time.DateTimeException: Missing NTP fix
05-24 21:02:09.206 471 605 W BestClock: java.time.DateTimeException: Missing NTP fix
05-24 21:02:09.207 1086 1086 E hq : NetWorkStateReceiver:::NetWorkStateReceiver onReceive: 网络变化广播 >>>> intent.action=android.net.conn.CONNECTIVITY_CHANGE
05-24 21:02:09.208 1086 1086 E hq : NetWorkStateReceiver:::Network is available. isConnect=false 是否频次过快=false t=1748091729208
05-24 21:02:09.209 1086 1086 W eventbuscore: post Event:com.dangbei.leard.base.entity.event.NetStateEvent
05-24 21:02:09.210 1086 1441 D AppManager: requestBlackAndWhiteList
05-24 21:02:09.210 1086 1441 D AppListModel: requestAppFilterList: true , false
05-24 21:02:09.211 1086 1086 W eventbuscore: post Event:com.dangbei.leard.base.entity.event.NetChangeEvent
05-24 21:02:09.217 1319 1319 D RockyReceiver: action: android.net.conn.CONNECTIVITY_CHANGE
05-24 21:02:09.218 1113 1113 D aaa : action:android.net.conn.CONNECTIVITY_CHANGE
05-24 21:02:09.016 2069 2069 I rgb_led_ctl: type=1400 audit(0.0:742): avc: denied { ioctl } for path="/dev/spidev1.0" dev="tmpfs" ino=2275 ioctlcmd=0x6b01 scontext=u:r:init:s0 tcontext=u:object_r:device:s0 tclass=chr_file permissive=1
05-24 21:02:09.220 471 655 E ConnectivityService: Exception = android.content.pm.PackageManager$NameNotFoundException: android.net.cts
05-24 21:02:09.224 1319 1319 I Receiver: 网络连接成功
05-24 21:02:09.225 1521 1811 W efs.info.manager: network change: wifi
05-24 21:02:09.227 1086 1441 D yc_test : refreshWeather: null
05-24 21:02:09.234 1086 1443 E DangXiaoBeiManager: setMessageList: true
05-24 21:02:09.243 471 614 W ContextImpl: Calling a method in the system process without a qualified user: android.app.ContextImpl.sendStickyBroadcast:1559 com.android.server.ConnectivityService.sendStickyBroadcast:2884 com.android.server.ConnectivityService.sendGeneralBroadcast:2859 com.android.server.ConnectivityService.sendConnectedBroadcast:2832 com.android.server.ConnectivityService.sendLegacyNetworkBroadcast:8784
05-24 21:02:09.248 1086 1443 E hq : 当小贝:::message list add complete data.messageList:[]
05-24 21:02:09.248 1086 1443 E hq : data.tabList=[]
05-24 21:02:09.248 1043 1043 D LanSocketServer: connect
05-24 21:02:09.248 1086 1443 I hq : 当小贝:::showMessage from=net_change
05-24 21:02:09.249 1086 1443 I hq : 当小贝:::showMessage 没有消息需要显示
05-24 21:02:09.256 1319 1319 D RockyReceiver: action: android.net.conn.CONNECTIVITY_CHANGE
05-24 21:02:09.259 471 655 E ConnectivityService: Exception = android.content.pm.PackageManager$NameNotFoundException: android.net.cts
05-24 21:02:09.260 1113 1113 D aaa : action:android.net.conn.CONNECTIVITY_CHANGE
05-24 21:02:09.262 471 605 W BestClock: java.time.DateTimeException: Missing NTP fix
05-24 21:02:09.263 471 605 W BestClock: java.time.DateTimeException: Missing NTP fix
05-24 21:02:09.270 1521 1822 W efs.info.manager: network change: wifi
05-24 21:02:09.270 471 614 D ConnectivityService: [100 WIFI] validation passed
05-24 21:02:09.270 1319 1319 I Receiver: 网络连接成功
05-24 21:02:09.278 1086 1086 E hq : listenerNet:::重新来网了 key=image_error isConnect=true
05-24 21:02:09.278 1086 1086 E hq : listenerNet:::重新来网了 key=requestAppWhiteList isConnect=true
05-24 21:02:09.279 1086 1086 E hq : listenerNet:::重新来网了 key=ConfigureInterface:Init isConnect=true
01-01 08:00:33.927 293 293 W audit : audit_lost=308 audit_rate_limit=5 audit_backlog_limit=64
01-01 08:00:33.940 293 293 E audit : rate limit exceeded
05-24 21:02:09.292 1086 1086 E hq : listenerNet:::重新来网了 key=requestGetMessageRemind isConnect=true
05-24 21:02:09.293 1086 1452 D yc_test : refreshWeather: null
05-24 21:02:09.294 1086 1086 E hq : listenerNet:::重新来网了 key=requestMessageConfig isConnect=true
05-24 21:02:09.297 1086 1086 E hq : listenerNet:::重新来网了 key=requestMessageDialog isConnect=true
05-24 21:02:09.297 1086 1086 E hq : listenerNet:::重新来网了 key=requestNetAppAdInfo isConnect=true
05-24 21:02:09.297 1086 1086 E hq : NetWorkStateReceiver:::NetWorkStateReceiver onReceive: 网络变化广播 >>>> intent.action=android.net.conn.CONNECTIVITY_CHANGE
05-24 21:02:09.302 1086 1086 E hq : NetWorkStateReceiver:::Network is available. isConnect=true 是否频次过快=true t=1748091729302
05-24 21:02:09.302 1086 1086 W eventbuscore: post Event:com.dangbei.leard.base.entity.event.NetChangeEvent
05-24 21:02:09.342 1995 1995 I RemoteProvisioningService: Starting provisioning job
05-24 21:02:09.364 471 614 D ConnectivityService: Setting DNS servers for network 100 to [/202.96.134.133, /202.96.128.166]
05-24 21:02:09.365 471 614 D DnsManager: sendDnsConfigurationForNetwork(100, [202.96.134.133, 202.96.128.166], [], 1800, 25, 8, 64, 0, 0, , [202.96.134.133, 202.96.128.166])
05-24 21:02:09.366 246 246 I netd : DnsResolverService::setResolverConfiguration(100, [202.96.134.133, 202.96.128.166], [], 1800, 25, 8, 64, 0, 0, "", [202.96.134.133, 202.96.128.166]) -> (0) (0.3ms)
05-24 21:02:09.366 246 246 I netd : setResolverConfiguration(ResolverParamsParcel{netId: 100, sampleValiditySeconds: 1800, successThreshold: 25, minSamples: 8, maxSamples: 64, baseTimeoutMsec: 0, retryCount: 0, servers: [202.96.134.133, 202.96.128.166], domains: [], tlsName: , tlsServers: [202.96.134.133, 202.96.128.166], tlsFingerprints: [], caCertificate: , tlsConnectTimeoutMs: 0, resolverOptions: (null), transportTypes: [1]}) <0.65ms>
05-24 21:02:09.380 471 614 W ContextImpl: Calling a method in the system process without a qualified user: android.app.ContextImpl.sendStickyBroadcast:1559 com.android.server.ConnectivityService.sendStickyBroadcast:2884 com.android.server.ConnectivityService.sendGeneralBroadcast:2859 com.android.server.ConnectivityService.sendInetConditionBroadcast:2836 com.android.server.ConnectivityService.updateInetCondition:8529
05-24 21:02:09.381 2081 2081 V GraphicsEnvironment: ANGLE Developer option for 'com.android.statementservice' set to: 'default'
05-24 21:02:09.381 2081 2081 V GraphicsEnvironment: Neither updatable production driver nor prerelease driver is supported.
05-24 21:02:09.385 1086 2125 D ProfileInstaller: Skipping profile installation for com.dangbei.leard.leradlauncher
05-24 21:02:09.386 471 520 W IorapForwardingService: No service published for: iorapd
05-24 21:02:09.388 471 607 W LastMileLogger: Failed to stop event tracing: /sys/kernel/debug/tracing/instances/wifi/tracing_on: open failed: ENOENT (No such file or directory)
05-24 21:02:09.397 1043 1043 W System.err: SLF4J: Failed to load class "org.slf4j.impl.StaticLoggerBinder".
05-24 21:02:09.397 1043 1043 W System.err: SLF4J: Defaulting to no-operation (NOP) logger implementation
05-24 21:02:09.397 1043 1043 W System.err: SLF4J: See http://www.slf4j.org/codes.html#StaticLoggerBinder for further details.
05-24 21:02:09.398 2081 2081 D NetworkSecurityConfig: No Network Security Config specified, using platform default
05-24 21:02:09.399 2081 2081 D NetworkSecurityConfig: No Network Security Config specified, using platform default
05-24 21:02:09.404 1033 1267 I MediaProvider: Scanned internal due to REASON_MOUNTED, found 230 items in 5092ms, 0 inserts 7 updates 0 deletes
05-24 21:02:09.405 1043 1043 D LanSocketServer: connect /192.168.3.40:6689
05-24 21:02:09.405 1043 1043 D LanSocketServer: connect start
05-24 21:02:09.405 1043 1043 E LanCommander: onNetWorkChanged: true
05-24 21:02:09.417 1043 1043 E LanCommander: onNetWorkChanged: true
05-24 21:02:09.417 1043 2128 E LanCommander: onServerCreatedSuccess 192.168.3.40:6689
05-24 21:02:09.484 1043 2128 E RCInfo : vid:
05-24 21:02:09.484 1043 2128 E RCInfo : pid:
05-24 21:02:09.484 1043 2128 E RCInfo : RCBrand:NA
05-24 21:02:09.485 1043 2128 E RCInfo : vid:
05-24 21:02:09.485 1043 2128 E RCInfo : pid:
05-24 21:02:09.491 1043 2128 E RCInfo : vid:
05-24 21:02:09.491 1043 2128 E RCInfo : pid:
05-24 21:02:09.492 1043 2128 E RCInfo : vid:
05-24 21:02:09.492 1043 2128 E RCInfo : pid:
05-24 21:02:09.492 1043 2128 E RCInfo : RCBrand:NA
05-24 21:02:09.492 1043 2128 E RCInfo : vid:
05-24 21:02:09.492 1043 2128 E RCInfo : pid:
05-24 21:02:09.493 1086 1262 E hq : WeatherRefresh:::请求网络地址后,更新的地理位置为:null
05-24 21:02:09.493 1043 2128 E RCInfo : vid:
05-24 21:02:09.493 1043 2128 E RCInfo : pid:
05-24 21:02:09.502 1086 1287 E hq : WeatherRefresh:::请求网络地址后,更新的地理位置为:null
05-24 21:02:09.515 471 1255 D WifiMemoryStoreImpl: Set cluster Gdd37abc070ec3058 for W50da7df6c2a2f79c: SUCCESS
05-24 21:02:09.524 1043 2128 D getEthernetMacAddr: getEthernetMacAddr use eth0
05-24 21:02:09.553 1043 2128 D getEthernetMacAddr: getEthernetMacAddr use eth0
05-24 21:02:09.567 2081 2135 D CompatibilityChangeReporter: Compat change id reported: 160794467; UID 10025; state: DISABLED
05-24 21:02:09.570 471 496 D CompatibilityChangeReporter: Compat change id reported: 171306433; UID 10025; state: DISABLED
05-24 21:02:09.585 471 607 I WifiClientModeImpl: Default Gateway MAC address of 58:c7:ac:78:f0:02 from routes is : 70:3a:a6:36:a8:d7
05-24 21:02:09.594 1043 1253 D getEthernetMacAddr: getEthernetMacAddr use eth0
05-24 21:02:09.594 471 655 D ConnectivityService: requestNetwork for uid/pid:1000/471 asUid: 10025 activeRequest: null callbackRequest: 31 [NetworkRequest [ REQUEST id=32, [ Capabilities: INTERNET&NOT_RESTRICTED&TRUSTED&NOT_VCN_MANAGED Uid: 10025 RequestorUid: 1000 RequestorPkg: android] ]] callback flags: 0 priority: 2147483647
05-24 21:02:09.596 471 614 D ConnectivityService: NetReassign [32 : null → 100]
05-24 21:02:09.600 471 650 D Ethernet: got request NetworkRequest [ REQUEST id=32, [ Capabilities: INTERNET&NOT_RESTRICTED&TRUSTED&NOT_VCN_MANAGED Uid: 10025 RequestorUid: 1000 RequestorPkg: android] ]
05-24 21:02:09.601 471 650 D EthernetNetworkFactory: acceptRequest, request: NetworkRequest [ REQUEST id=32, [ Capabilities: INTERNET&NOT_RESTRICTED&TRUSTED&NOT_VCN_MANAGED Uid: 10025 RequestorUid: 1000 RequestorPkg: android] ]
05-24 21:02:09.601 471 650 I EthernetNetworkFactory: networkForRequest, request: NetworkRequest [ REQUEST id=32, [ Capabilities: INTERNET&NOT_RESTRICTED&TRUSTED&NOT_VCN_MANAGED Uid: 10025 RequestorUid: 1000 RequestorPkg: android] ], network: null
05-24 21:02:09.605 471 607 D WifiConfigStore: Writing to stores completed in 9 ms.
05-24 21:02:09.606 471 607 D WifiNetworkFactory: got request NetworkRequest [ REQUEST id=32, [ Capabilities: INTERNET&NOT_RESTRICTED&TRUSTED&NOT_VCN_MANAGED Uid: 10025 RequestorUid: 1000 RequestorPkg: android] ]
05-24 21:02:09.607 471 607 D UntrustedWifiNetworkFactory: got request NetworkRequest [ REQUEST id=32, [ Capabilities: INTERNET&NOT_RESTRICTED&TRUSTED&NOT_VCN_MANAGED Uid: 10025 RequestorUid: 1000 RequestorPkg: android] ]
05-24 21:02:09.607 471 607 D OemPaidWifiNetworkFactory: got request NetworkRequest [ REQUEST id=32, [ Capabilities: INTERNET&NOT_RESTRICTED&TRUSTED&NOT_VCN_MANAGED Uid: 10025 RequestorUid: 1000 RequestorPkg: android] ]
05-24 21:02:09.611 471 1255 D CompatibilityChangeReporter: Compat change id reported: 135634846; UID 10057; state: DISABLED
05-24 21:02:09.612 471 1255 D CompatibilityChangeReporter: Compat change id reported: 177438394; UID 10057; state: DISABLED
05-24 21:02:09.612 471 1255 D CompatibilityChangeReporter: Compat change id reported: 135772972; UID 10057; state: DISABLED
05-24 21:02:09.612 471 1255 D CompatibilityChangeReporter: Compat change id reported: 135754954; UID 10057; state: DISABLED
05-24 21:02:09.613 471 540 D CompatibilityChangeReporter: Compat change id reported: 143937733; UID 10057; state: DISABLED
05-24 21:02:09.630 247 247 D Zygote : Forked child process 2152
05-24 21:02:09.632 471 540 I ActivityManager: app.processName = com.android.tv
05-24 21:02:09.632 471 540 I ActivityManager: Start proc 2152:com.android.tv/u0a57 for broadcast {com.android.tv/com.android.tv.receiver.BootCompletedReceiver}
05-24 21:02:09.640 2152 2152 I Zygote : seccomp disabled by setenforce 0
05-24 21:02:09.680 401 416 I adbd : jdwp connection from 2152
05-24 21:02:09.715 1043 1253 D getEthernetMacAddr: getEthernetMacAddr use eth0
05-24 21:02:09.720 1086 1443 D AppListModel: requestAppFilterList: success
05-24 21:02:09.720 1086 1443 D AppListModel: updateList
05-24 21:02:09.720 1086 1443 D AppListModel: updateList: resetAppList
05-24 21:02:09.728 471 1663 D ConnectivityService: requestNetwork for uid/pid:10025/2081 activeRequest: null callbackRequest: 33 [NetworkRequest [ REQUEST id=34, [ Capabilities: INTERNET&NOT_RESTRICTED&TRUSTED&NOT_VCN_MANAGED Uid: 10025 RequestorUid: 10025 RequestorPkg: com.android.statementservice] ]] callback flags: 0 priority: 2147483647
05-24 21:02:09.730 471 496 D CompatibilityChangeReporter: Compat change id reported: 168419799; UID 10057; state: DISABLED
05-24 21:02:09.731 471 614 D ConnectivityService: NetReassign [34 : null → 100]
05-24 21:02:09.739 471 650 D Ethernet: got request NetworkRequest [ REQUEST id=34, [ Capabilities: INTERNET&NOT_RESTRICTED&TRUSTED&NOT_VCN_MANAGED Uid: 10025 RequestorUid: 10025 RequestorPkg: com.android.statementservice] ]
05-24 21:02:09.739 471 650 D EthernetNetworkFactory: acceptRequest, request: NetworkRequest [ REQUEST id=34, [ Capabilities: INTERNET&NOT_RESTRICTED&TRUSTED&NOT_VCN_MANAGED Uid: 10025 RequestorUid: 10025 RequestorPkg: com.android.statementservice] ]
05-24 21:02:09.739 471 650 I EthernetNetworkFactory: networkForRequest, request: NetworkRequest [ REQUEST id=34, [ Capabilities: INTERNET&NOT_RESTRICTED&TRUSTED&NOT_VCN_MANAGED Uid: 10025 RequestorUid: 10025 RequestorPkg: com.android.statementservice] ], network: null
05-24 21:02:09.740 471 607 D WifiNetworkFactory: got request NetworkRequest [ REQUEST id=34, [ Capabilities: INTERNET&NOT_RESTRICTED&TRUSTED&NOT_VCN_MANAGED Uid: 10025 RequestorUid: 10025 RequestorPkg: com.android.statementservice] ]
05-24 21:02:09.740 471 607 D UntrustedWifiNetworkFactory: got request NetworkRequest [ REQUEST id=34, [ Capabilities: INTERNET&NOT_RESTRICTED&TRUSTED&NOT_VCN_MANAGED Uid: 10025 RequestorUid: 10025 RequestorPkg: com.android.statementservice] ]
05-24 21:02:09.741 471 607 D OemPaidWifiNetworkFactory: got request NetworkRequest [ REQUEST id=34, [ Capabilities: INTERNET&NOT_RESTRICTED&TRUSTED&NOT_VCN_MANAGED Uid: 10025 RequestorUid: 10025 RequestorPkg: com.android.statementservice] ]
05-24 21:02:09.744 1043 1251 W lerad.etna.haq: Long monitor contention with owner DefaultDispatcher-worker-3 (1253) at java.lang.Object kotlin.SynchronizedLazyImpl.getValue()(LazyJVM.kt:69) waiters=0 in java.lang.Object kotlin.SynchronizedLazyImpl.getValue() for 198ms
05-24 21:02:09.747 1043 2139 W lerad.etna.haq: Long monitor contention with owner DefaultDispatcher-worker-3 (1253) at java.lang.Object kotlin.SynchronizedLazyImpl.getValue()(LazyJVM.kt:69) waiters=2 in java.lang.Object kotlin.SynchronizedLazyImpl.getValue() for 152ms
05-24 21:02:09.749 1043 1252 W lerad.etna.haq: Long monitor contention with owner DefaultDispatcher-worker-3 (1253) at java.lang.Object kotlin.SynchronizedLazyImpl.getValue()(LazyJVM.kt:69) waiters=4 in java.lang.Object kotlin.SynchronizedLazyImpl.getValue() for 144ms
05-24 21:02:09.765 2152 2152 D CompatibilityChangeReporter: Compat change id reported: 171979766; UID 10057; state: DISABLED
05-24 21:02:09.769 1043 2128 E HigherBroadcastServer: {"bluetoothBoot":false,"bluetoothController":false,"bluetoothMac":"B4:2F:03:15:73:7E","deviceModel":"DBBOX-A2","deviceModelNumber":"H5232","deviceName":"客厅的当贝盒子","findController":1,"hostName":"192.168.3.40","inetAddress":"192.168.3.40","mac":"20:02:FE:19:C2:27","port":6689,"romCode":5003,"romVersion":"5.0.0.3","wifiMac":"B4:2F:03:15:E9:08","deviceId":"df8315ab7ec77a301a79df47aa562654","sn":"DZOH58251942749"}
05-24 21:02:09.770 1043 2128 W NsdServiceInfo: Key lengths > 9 are discouraged: deviceModel
05-24 21:02:09.770 1043 2128 W NsdServiceInfo: Key lengths > 9 are discouraged: deviceModelNumber
05-24 21:02:09.770 1043 2128 W NsdServiceInfo: Key lengths > 9 are discouraged: deviceName
05-24 21:02:09.770 1043 2128 W NsdServiceInfo: Key lengths > 9 are discouraged: romVersion
05-24 21:02:09.770 1043 2128 W NsdServiceInfo: Key lengths > 9 are discouraged: findController
05-24 21:02:09.773 1113 1113 D aaa : WiFi is connect
05-24 21:02:09.775 1043 2140 I okhttp.OkHttpClient: --> POST http://tyapi.qun7.com/v1/core/launcherota (519-byte body)
05-24 21:02:09.783 1113 1113 D aaa : WiFi is connect
05-24 21:02:09.789 1043 2145 I okhttp.OkHttpClient: --> POST http://tyapi.qun7.com/v1/core/launcherota (519-byte body)
05-24 21:02:09.792 1043 1251 I okhttp.OkHttpClient: --> POST http://tymsgapi.qun7.com/v1/core/rom (519-byte body)
05-24 21:02:09.793 1043 2139 I okhttp.OkHttpClient: --> POST http://tymsgapi.qun7.com/v1/core/rom (519-byte body)
05-24 21:02:09.795 1043 1253 I okhttp.OkHttpClient: --> POST http://tymsgapi.qun7.com/v1/core/logip (588-byte body)
05-24 21:02:09.801 1043 2147 I okhttp.OkHttpClient: --> POST http://tymsgapi.qun7.com/v1/core/appupdate (3420-byte body)
05-24 21:02:09.811 1319 1319 I Receiver: ----------netConnectInitSDK--------------
05-24 21:02:09.812 1319 1319 D RockyNetMessageUtil: initTipsList tipEntity = TipEntity{movieType=[我想看喜剧片, 动作片, 枪战片], movie=[庆余年, 误杀, 美丽人生, 爆笑虫子, 哪吒, 小猪佩奇, 胡歌的电视剧, 张艺谋导演的电影, 切换到1080P, 收藏], appController=[打开当贝市场, 下载哈趣影视, 爱奇艺, 卸载腾讯视频], weather=[今天的天气, 未来五天的天气, 杭州天气怎么样, 明天下不下雨], music=[我要听歌, 周杰伦的歌, 上一首, 下一首, 快进一分钟, 暂停], liveAppDownload='非常抱歉,根据监管部门政策管理要求,暂不提供相应服务。', subscreen=null, wakeUpVoiceResponse=[ProbabilityEntity{word='在呢', probability=30}, ProbabilityEntity{word='我在', probability=35}, ProbabilityEntity{word='你说', probability=15}, ProbabilityEntity{word='来啦', probability=20}], unrecognizedVoiceResponse=[ProbabilityEntity{word='可以再说一遍么', probability=45}, ProbabilityEntity{word='可以说的详细一点么', probability=30}, ProbabilityEntity{word='请问有什么可以帮您', probability=25}], notUnderstandVoiceResponse=[ProbabilityEntity{word='换个说法试试吧', probability=100}]} isRequestTipSuccess = false
05-24 21:02:09.834 1319 1708 D XHttpObservable: handleRequest: start https://tyapi.qun7.com/v1/voice/getsoundshowmsg ,,, isCache = false
05-24 21:02:09.835 1319 1319 D RockyNetMessageUtil: initMediaControlPage pageEntity = PageEntity{list=[ContentEntity{packageName='com.dangbei.leard.leradlauncher', activityName='FilmDetailActivity'}, ContentEntity{packageName='com.dangbei.leard.leradlauncher', activityName='FullScreenDetailActivity'}, ContentEntity{packageName='com.dangbei.leard.leradlauncher', activityName='TencentSportActivity'}, ContentEntity{packageName='com.dangbei.leradVideoPlugins', activityName='FilmDetailActivity'}, ContentEntity{packageName='com.dangbei.leradVideoPlugins', activityName='FullScreenDetailActivity'}, ContentEntity{packageName='com.dangbei.leradVideoPlugins', activityName='TencentSportActivity'}, ContentEntity{packageName='com.dangbei.leradVideoPlugins', activityName='ShortPlayActivity'}, ContentEntity{packageName='com.dangbei.hqmedia', activityName='FilmDetailActivity'}, ContentEntity{packageName='com.dangbei.hqmedia', activityName='FullScreenDetailActivity'}, ContentEntity{packageName='com.dangbei.leradVideoPlugins', activityName='MangoMediaActivity'}, ContentEntity{packageName='com.dangbei.leradVideoPlugins', activityName='VcinemaActivity'}]} isRequestPageControlSuccess = false
01-01 08:00:34.481 1 1 I init : processing action (vendor.led_switch=*) from (/vendor/etc/init/hw/init.oranth.rc:129)
01-01 08:00:34.496 1 1 I init : starting service 'exec 21 (/vendor/bin/led_switch.sh 1)'...
05-24 21:02:09.858 1319 1710 D XHttpObservable: handleRequest: start https://tyapi.qun7.com/v1/voice/getResponseControlPage ,,, isCache = false
05-24 21:02:09.859 1113 1113 D aaa : WiFi is connect
05-24 21:02:09.865 2081 2150 I WM-WorkerWrapper: Worker result SUCCESS for Work [ id=24ea4dcf-1b56-4165-a252-a72baefea78c, tags={ com.android.statementservice.domain.worker.RetryRequestWorker } ]
05-24 21:02:09.887 1043 1252 I okhttp.OkHttpClient: --> POST http://tymsgapi.qun7.com/v1/core/appupdate (3420-byte body)
05-24 21:02:09.888 2152 2152 D ApplicationLoaders: Returning zygote-cached class loader: /system/framework/android.test.base.jar
05-24 21:02:09.893 1113 1113 D aaa : WiFi is connect
01-01 08:00:34.513 1 1 I init : SVC_EXEC service 'exec 21 (/vendor/bin/led_switch.sh 1)' pid 2204 (uid 0 gid 0+0 context default) started; waiting...
01-01 08:00:34.552 1 1 I init : Command 'exec - root root -- /vendor/bin/led_switch.sh ${vendor.led_switch}' action=vendor.led_switch=* (/vendor/etc/init/hw/init.oranth.rc:130) took 57ms and succeeded
05-24 21:02:09.951 1043 2145 I okhttp.OkHttpClient: <-- 200 OK http://tyapi.qun7.com/v1/core/launcherota (161ms, unknown-length body)
05-24 21:02:09.952 1086 1452 D AppManager: checkLocalAppsIsValid:
05-24 21:02:09.954 1043 1253 I okhttp.OkHttpClient: <-- 200 OK http://tymsgapi.qun7.com/v1/core/logip (147ms, 81-byte body)
05-24 21:02:09.962 1043 1253 I HttpUtil: success
05-24 21:02:09.971 471 617 D NsdService: Register service
05-24 21:02:09.972 1043 2140 I okhttp.OkHttpClient: <-- 200 OK http://tyapi.qun7.com/v1/core/launcherota (196ms, unknown-length body)
05-24 21:02:09.974 471 617 D NsdService: registerService: 2 name: 192.168.3.40, type: _db_controller._tcp, host: /192.168.3.40, port: 6689, txtRecord: deviceModel=DBBOX-A2romVersion=5.0.0.3findController=1sn=DZOH58251942749mac=20:02:FE:19:C2:27 deviceName=客厅的当贝盒子)deviceId=df8315ab7ec77a301a79df47aa562654deviceModelNumber=H5232 romCode=5003
05-24 21:02:09.974 471 617 D NsdService: mdnssd [register, 2, 192.168.3.40, _db_controller._tcp, 6689, FGRldmljZU1vZGVsPURCQk9YLUEyEnJvbVZlcnNpb249NS4wLjAuMxBmaW5kQ29udHJvbGxlcj0xEnNuPURaT0g1ODI1MTk0Mjc0ORVtYWM9MjA6MDI6RkU6MTk6QzI6MjcgZGV2aWNlTmFtZT3lrqLljoXnmoTlvZPotJ3nm5LlrZApZGV2aWNlSWQ9ZGY4MzE1YWI3ZWM3N2EzMDFhNzlkZjQ3YWE1NjI2NTQXZGV2aWNlTW9kZWxOdW1iZXI9SDUyMzIMcm9tQ29kZT01MDAz]
05-24 21:02:09.975 1043 1251 I okhttp.OkHttpClient: <-- 200 OK http://tymsgapi.qun7.com/v1/core/rom (182ms, unknown-length body)
05-24 21:02:09.975 246 268 D MDnsDS : serviceRegister(2, (null), 192.168.3.40, _db_controller._tcp, (null), (null), 6689, 210, )
01-01 08:00:34.609 1 1 I init : Control message: Processed ctl.stop for 'rainbow_flow' from pid: 2212 (stop rainbow_flow voice breathe flow_led net_disconnect)
01-01 08:00:34.634 1 1 I init : Control message: Processed ctl.stop for 'voice' from pid: 2212 (stop rainbow_flow voice breathe flow_led net_disconnect)
05-24 21:02:09.977 246 268 D MDnsDS : startMonitoring 2
05-24 21:02:09.977 246 268 D MDnsDS : triggering rescan
05-24 21:02:09.977 246 268 D MDnsDS : serviceRegister successful
05-24 21:02:09.977 246 267 D MDnsDS : Monitor poll got data pollCount = 1, 1
05-24 21:02:09.977 246 267 D MDnsDS : controlSocket shows revent= 1
05-24 21:02:09.977 246 267 D MDnsDS : MDnsSdListener::Monitor got 1
05-24 21:02:09.977 246 267 D MDnsDS : MDnsSdListener::Monitor poll rescanning - size=10, live=1
05-24 21:02:09.977 246 267 D MDnsDS : Going to poll with pollCount 2
05-24 21:02:09.983 2152 2152 D nativeloader: classloader namespace configured for unbundled product apk. library_path=/product/priv-app/LiveTv/lib/arm:/product/lib:/system/product/lib
05-24 21:02:09.984 1043 1043 E ccc : cccccc launcher ota response is BaseResponse{message='success', data=UpgradeInfoEntity{contentLength=0, versionName='', versionCode=0, remark='', list=[]}, code=0}
05-24 21:02:09.984 1043 1043 W System.err: java.lang.IndexOutOfBoundsException: Index: 0, Size: 0
05-24 21:02:09.987 1043 1043 W System.err: at java.util.ArrayList.get(ArrayList.java:437)
05-24 21:02:09.987 1043 1043 W System.err: at com.dangbei.etna.update.launcher.LauncherUpdateHelper$requestLauncherUpdateInfo$1$2.invoke(LauncherUpdateHelper.kt:198)
05-24 21:02:09.987 1043 1043 W System.err: at com.dangbei.etna.update.launcher.LauncherUpdateHelper$requestLauncherUpdateInfo$1$2.invoke(LauncherUpdateHelper.kt:189)
05-24 21:02:09.987 1043 1043 W System.err: at com.etna.haqu.support.ext.FlowExtKt$safeCollect$3.emit(FlowExt.kt:52)
05-24 21:02:09.987 1043 1043 W System.err: at kotlinx.coroutines.flow.FlowKt__ErrorsKt$catchImpl$2.emit(Errors.kt:158)
05-24 21:02:09.987 1043 1043 W System.err: at kotlinx.coroutines.flow.FlowKt__ChannelsKt.emitAllImpl$FlowKt__ChannelsKt(Channels.kt:62)
05-24 21:02:09.987 1043 1043 W System.err: at kotlinx.coroutines.flow.FlowKt__ChannelsKt.access$emitAllImpl$FlowKt__ChannelsKt(Channels.kt:1)
05-24 21:02:09.987 1043 1043 W System.err: at kotlinx.coroutines.flow.FlowKt__ChannelsKt$emitAllImpl$1.invokeSuspend(Unknown Source:14)
05-24 21:02:09.987 1043 1043 W System.err: at kotlin.coroutines.jvm.internal.BaseContinuationImpl.resumeWith(ContinuationImpl.kt:33)
05-24 21:02:09.987 1043 1043 W System.err: at kotlinx.coroutines.DispatchedTask.run(DispatchedTask.kt:106)
05-24 21:02:09.987 1043 1043 W System.err: at android.os.Handler.handleCallback(Handler.java:938)
05-24 21:02:09.987 1043 1043 W System.err: at android.os.Handler.dispatchMessage(Handler.java:99)
05-24 21:02:09.987 1043 1043 W System.err: at android.os.Looper.loopOnce(Looper.java:201)
05-24 21:02:09.987 1043 1043 W System.err: at android.os.Looper.loop(Looper.java:288)
05-24 21:02:09.987 1043 1043 W System.err: at android.app.ActivityThread.main(ActivityThread.java:7854)
05-24 21:02:09.987 1043 1043 W System.err: at java.lang.reflect.Method.invoke(Native Method)
05-24 21:02:09.987 1043 1043 W System.err: at com.android.internal.os.RuntimeInit$MethodAndArgsCaller.run(RuntimeInit.java:548)
05-24 21:02:09.987 1043 1043 W System.err: at com.android.internal.os.ZygoteInit.main(ZygoteInit.java:1182)
05-24 21:02:09.987 471 617 D NsdService: Register 2 2
05-24 21:02:09.994 1086 1529 I OpenGLRenderer: Davey! duration=9223372004722ms; Flags=0, FrameTimelineVsyncId=890, IntendedVsync=32119604307, Vsync=32236270969, InputEventId=0, HandleInputStart=32241838472, AnimationStart=32241840847, PerformTraversalsStart=32242071180, DrawStart=32242226264, FrameDeadline=32152937639, FrameInterval=32241828972, FrameStartTime=16666666, SyncQueued=32245194014, SyncStart=32258098305, IssueDrawCommandsStart=32261869014, SwapBuffers=32292262222, FrameCompleted=9223372036854775807, DequeueBufferDuration=45000, QueueBufferDuration=3775250, GpuCompleted=9223372036854775807, SwapBuffersCompleted=32296972055, DisplayPresentTime=0,
05-24 21:02:09.998 1043 2139 I okhttp.OkHttpClient: <-- 200 OK http://tymsgapi.qun7.com/v1/core/rom (205ms, unknown-length body)
05-24 21:02:10.001 1043 2147 I okhttp.OkHttpClient: <-- 200 OK http://tymsgapi.qun7.com/v1/core/appupdate (199ms, unknown-length body)
05-24 21:02:10.010 1043 1252 I okhttp.OkHttpClient: <-- 200 OK http://tymsgapi.qun7.com/v1/core/appupdate (123ms, unknown-length body)
05-24 21:02:10.027 1043 1043 E ccc : cccccc com.dangbei.haqusetting not connect
05-24 21:02:10.027 1043 1043 E ccc : cccccc updateHelper 通知更新
05-24 21:02:10.030 1043 1043 E ccc : cccccc requestOtaInfo result BaseResponse{message='success', data=OtaUpdateBean{downloadId='3870', updateType=1, romVersionName='5.0.0.3', romCode=99999, current=0, romMd5v='17eaba17fabf1762c4e0caff93bd4f54', romLength=701730219, romSize='669.2 MB', downUrl='http://dl.qun7.com/H5/H5/20250524-3/H5_618_20250524_ota.zip', reUrl='http://dl.v5tv.com/H5/H5/20250524-3/H5_618_20250524_ota.zip', reUrl2='http://dl.tymcdn.com/H5/H5/20250524-3/H5_618_20250524_ota.zip', tempUrl='null', remark='20250524_H5测试OTA通道
05-24 21:02:10.030 1043 1043 E ccc :
05-24 21:02:10.030 1043 1043 E ccc : 晚上9点40分配置OTA升级
05-24 21:02:10.030 1043 1043 E ccc :
05-24 21:02:10.030 1043 1043 E ccc : H5_618_20250524
05-24 21:02:10.030 1043 1043 E ccc : 链接: https://pan.baidu.com/s/1t3eXEtxW2sk-eZfi-nnLEA?pwd=jtp4 提取码: jtp4 ', status=idle, progress=0.0, filterMac=[], localPath='null', popup=1, isPaused=false, cancelled=false, extraInfo='null'}, code=0}
05-24 21:02:10.036 1086 1448 E hq : ErrorCoroutineExceptionHandler:::runTry error:com.dangbei.leard.base.proider.error.EmptyApiException: 数据为空 from=requestMessageDialog from=requestMessageDialog
05-24 21:02:10.036 1043 1043 E ccc : cccccc com.dangbei.haqusetting not connect
05-24 21:02:10.036 1043 1043 E ccc : cccccc updateHelper 通知更新
05-24 21:02:10.036 1043 1043 E ccc : cccccc OtaUpdateHelper 普通更新 1
05-24 21:02:10.039 1043 1043 E ccc : cccccc requestOtaInfo result BaseResponse{message='success', data=OtaUpdateBean{downloadId='3870', updateType=1, romVersionName='5.0.0.3', romCode=99999, current=0, romMd5v='17eaba17fabf1762c4e0caff93bd4f54', romLength=701730219, romSize='669.2 MB', downUrl='http://dl.qun7.com/H5/H5/20250524-3/H5_618_20250524_ota.zip', reUrl='http://dl.v5tv.com/H5/H5/20250524-3/H5_618_20250524_ota.zip', reUrl2='http://dl.tymcdn.com/H5/H5/20250524-3/H5_618_20250524_ota.zip', tempUrl='null', remark='20250524_H5测试OTA通道
05-24 21:02:10.039 1043 1043 E ccc :
05-24 21:02:10.039 1043 1043 E ccc : 晚上9点40分配置OTA升级
05-24 21:02:10.039 1043 1043 E ccc :
05-24 21:02:10.039 1043 1043 E ccc : H5_618_20250524
05-24 21:02:10.039 1043 1043 E ccc : 链接: https://pan.baidu.com/s/1t3eXEtxW2sk-eZfi-nnLEA?pwd=jtp4 提取码: jtp4 ', status=idle, progress=0.0, filterMac=[], localPath='null', popup=1, isPaused=false, cancelled=false, extraInfo='null'}, code=0}
01-01 08:00:34.661 1 1 I init : Control message: Processed ctl.stop for 'breathe' from pid: 2212 (stop rainbow_flow voice breathe flow_led net_disconnect)
01-01 08:00:34.687 1 1 I init : Control message: Processed ctl.stop for 'flow_led' from pid: 2212 (stop rainbow_flow voice breathe flow_led net_disconnect)
01-01 08:00:34.709 1 1 I init : Sending signal 9 to service 'net_disconnect' (pid 1471) process group...
05-24 21:02:10.069 1043 1043 E ccc : cccccc com.dangbei.haqusetting not connect
05-24 21:02:10.069 1043 1043 E ccc : cccccc updateHelper 通知更新
05-24 21:02:10.069 1043 1043 E ccc : cccccc OtaUpdateHelper 普通更新 1
05-24 21:02:10.077 1043 1043 E ccc : cccccc launcher ota response is BaseResponse{message='success', data=UpgradeInfoEntity{contentLength=0, versionName='', versionCode=0, remark='', list=[]}, code=0}
05-24 21:02:10.077 1043 1043 W System.err: java.lang.IndexOutOfBoundsException: Index: 0, Size: 0
05-24 21:02:10.078 1043 1043 W System.err: at java.util.ArrayList.get(ArrayList.java:437)
05-24 21:02:10.078 1043 1043 W System.err: at com.dangbei.etna.update.launcher.LauncherUpdateHelper$requestLauncherUpdateInfo$1$2.invoke(LauncherUpdateHelper.kt:198)
05-24 21:02:10.078 1043 1043 W System.err: at com.dangbei.etna.update.launcher.LauncherUpdateHelper$requestLauncherUpdateInfo$1$2.invoke(LauncherUpdateHelper.kt:189)
05-24 21:02:10.078 1043 1043 W System.err: at com.etna.haqu.support.ext.FlowExtKt$safeCollect$3.emit(FlowExt.kt:52)
05-24 21:02:10.078 1043 1043 W System.err: at kotlinx.coroutines.flow.FlowKt__ErrorsKt$catchImpl$2.emit(Errors.kt:158)
05-24 21:02:10.078 1043 1043 W System.err: at kotlinx.coroutines.flow.FlowKt__ChannelsKt.emitAllImpl$FlowKt__ChannelsKt(Channels.kt:62)
05-24 21:02:10.078 1043 1043 W System.err: at kotlinx.coroutines.flow.FlowKt__ChannelsKt.access$emitAllImpl$FlowKt__ChannelsKt(Channels.kt:1)
05-24 21:02:10.078 1043 1043 W System.err: at kotlinx.coroutines.flow.FlowKt__ChannelsKt$emitAllImpl$1.invokeSuspend(Unknown Source:14)
05-24 21:02:10.078 1043 1043 W System.err: at kotlin.coroutines.jvm.internal.BaseContinuationImpl.resumeWith(ContinuationImpl.kt:33)
05-24 21:02:10.078 1043 1043 W System.err: at kotlinx.coroutines.DispatchedTask.run(DispatchedTask.kt:106)
05-24 21:02:10.078 1043 1043 W System.err: at android.os.Handler.handleCallback(Handler.java:938)
05-24 21:02:10.078 1043 1043 W System.err: at android.os.Handler.dispatchMessage(Handler.java:99)
05-24 21:02:10.078 1043 1043 W System.err: at android.os.Looper.loopOnce(Looper.java:201)
05-24 21:02:10.078 1043 1043 W System.err: at android.os.Looper.loop(Looper.java:288)
05-24 21:02:10.078 1043 1043 W System.err: at android.app.ActivityThread.main(ActivityThread.java:7854)
05-24 21:02:10.078 1043 1043 W System.err: at java.lang.reflect.Method.invoke(Native Method)
05-24 21:02:10.078 1043 1043 W System.err: at com.android.internal.os.RuntimeInit$MethodAndArgsCaller.run(RuntimeInit.java:548)
05-24 21:02:10.078 1043 1043 W System.err: at com.android.internal.os.ZygoteInit.main(ZygoteInit.java:1182)
01-01 08:00:34.728 1 1 I libprocessgroup: Successfully killed process cgroup uid 0 pid 1471 in 6ms
05-24 21:02:10.086 1043 1043 E ccc : cccccc com.dangbei.haqusetting not connect
05-24 21:02:10.086 1043 1043 E ccc : cccccc updateHelper 通知更新
05-24 21:02:10.107 2152 2152 V GraphicsEnvironment: ANGLE Developer option for 'com.android.tv' set to: 'default'
05-24 21:02:10.107 2152 2152 V GraphicsEnvironment: Neither updatable production driver nor prerelease driver is supported.
05-24 21:02:10.120 2152 2152 D NetworkSecurityConfig: No Network Security Config specified, using platform default
05-24 21:02:10.121 2152 2152 D NetworkSecurityConfig: No Network Security Config specified, using platform default
05-24 21:02:10.156 1086 1086 E SecondScreen: isShowSecondScreen()=0 getCurrentPageState()=com.monster.gamma.core.LoadService@4bce947
05-24 21:02:10.173 1319 1710 D XHttpObservable: createNetWorkObservable subscribe: MediaControlEntity{code=0, data=PageEntity{list=[ContentEntity{packageName='com.dangbei.leard.leradlauncher', activityName='FilmDetailActivity'}, ContentEntity{packageName='com.dangbei.leard.leradlauncher', activityName='FullScreenDetailActivity'}, ContentEntity{packageName='com.dangbei.leard.leradlauncher', activityName='TencentSportActivity'}, ContentEntity{packageName='com.dangbei.leradVideoPlugins', activityName='FilmDetailActivity'}, ContentEntity{packageName='com.dangbei.leradVideoPlugins', activityName='FullScreenDetailActivity'}, ContentEntity{packageName='com.dangbei.leradVideoPlugins', activityName='TencentSportActivity'}, ContentEntity{packageName='com.dangbei.leradVideoPlugins', activityName='ShortPlayActivity'}, ContentEntity{packageName='com.dangbei.hqmedia', activityName='FilmDetailActivity'}, ContentEntity{packageName='com.dangbei.hqmedia', activityName='FullScreenDetailActivity'}, ContentEntity{packageName='com.dangbei.leradVideoPlugins', activityName='MangoMediaActivity'}, ContentEntity{packageName='com.dangbei.leradVideoPlugins', activityName='VcinemaActivity'}]}, message='success'} ,,, isDisposed = false
05-24 21:02:10.207 2152 2152 W UnsafeUtil: platform method missing - proto runtime falling back to safer methods: java.lang.NoSuchMethodException: sun.misc.Unsafe.copyMemory [class java.lang.Object, long, class java.lang.Object, long, long]
05-24 21:02:10.226 471 1182 D CompatibilityChangeReporter: Compat change id reported: 135634846; UID 10049; state: DISABLED
05-24 21:02:10.230 471 540 D CompatibilityChangeReporter: Compat change id reported: 143937733; UID 10049; state: DISABLED
05-24 21:02:10.257 247 247 D Zygote : Forked child process 2225
05-24 21:02:10.261 471 540 I ActivityManager: app.processName = com.sohu.inputmethod.sogou.tv
05-24 21:02:10.261 471 540 I ActivityManager: Start proc 2225:com.sohu.inputmethod.sogou.tv/u0a49 for service {com.sohu.inputmethod.sogou.tv/com.sohu.inputmethod.sogou.tv.SogouIME}
05-24 21:02:10.270 1319 1708 D XHttpObservable: createNetWorkObservable subscribe: ShowMessageEntity{code=0, data=TipEntity{movieType=[我想看喜剧片, 动作片, 枪战片], movie=[庆余年, 误杀, 美丽人生, 爆笑虫子, 哪吒, 小猪佩奇, 胡歌的电视剧, 张艺谋导演的电影, 切换到1080P, 收藏], appController=[打开当贝市场, 下载哈趣影视, 爱奇艺, 卸载腾讯视频], weather=[今天的天气, 未来五天的天气, 杭州天气怎么样, 明天下不下雨], music=[我要听歌, 周杰伦的歌, 上一首, 下一首, 快进一分钟, 暂停], liveAppDownload='非常抱歉,根据监管部门政策管理要求,暂不提供相应服务。', subscreen=null, wakeUpVoiceResponse=[ProbabilityEntity{word='在呢', probability=30}, ProbabilityEntity{word='我在', probability=35}, ProbabilityEntity{word='你说', probability=15}, ProbabilityEntity{word='来啦', probability=20}], unrecognizedVoiceResponse=[ProbabilityEntity{word='可以再说一遍么', probability=45}, ProbabilityEntity{word='可以说的详细一点么', probability=30}, ProbabilityEntity{word='请问有什么可以帮您', probability=25}], notUnderstandVoiceResponse=[ProbabilityEntity{word='换个说法试试吧', probability=100}]}, message='success'} ,,, isDisposed = false
05-24 21:02:10.270 2225 2225 I Zygote : seccomp disabled by setenforce 0
05-24 21:02:10.298 401 416 I adbd : jdwp connection from 2225
05-24 21:02:10.302 471 1182 D CompatibilityChangeReporter: Compat change id reported: 135634846; UID 10057; state: DISABLED
05-24 21:02:10.303 471 1182 D CompatibilityChangeReporter: Compat change id reported: 177438394; UID 10057; state: DISABLED
05-24 21:02:10.306 471 1182 D CompatibilityChangeReporter: Compat change id reported: 135772972; UID 10057; state: DISABLED
05-24 21:02:10.306 471 1182 D CompatibilityChangeReporter: Compat change id reported: 135754954; UID 10057; state: DISABLED
05-24 21:02:10.311 471 540 D CompatibilityChangeReporter: Compat change id reported: 143937733; UID 10057; state: DISABLED
05-24 21:02:10.327 2152 2152 I TvApplication: Starting TV app 1.24-asop
05-24 21:02:10.327 2152 2152 I TvApplication: Started TV app 1.24-asop
05-24 21:02:10.327 1086 1402 I OpenGLRenderer: Davey! duration=9223372004433ms; Flags=0, FrameTimelineVsyncId=898, IntendedVsync=32419606424, Vsync=32452939756, InputEventId=0, HandleInputStart=32453339014, AnimationStart=32453342597, PerformTraversalsStart=32453424056, DrawStart=32514080056, FrameDeadline=32452939756, FrameInterval=32453329472, FrameStartTime=16666666, SyncQueued=32525085722, SyncStart=32526684264, IssueDrawCommandsStart=32527749181, SwapBuffers=32605829681, FrameCompleted=9223372036854775807, DequeueBufferDuration=40750, QueueBufferDuration=1566000, GpuCompleted=9223372036854775807, SwapBuffersCompleted=32636407431, DisplayPresentTime=0,
05-24 21:02:10.332 471 1182 D CompatibilityChangeReporter: Compat change id reported: 168419799; UID 10049; state: DISABLED
05-24 21:02:10.346 247 247 D Zygote : Forked child process 2245
05-24 21:02:10.358 2245 2245 I Zygote : seccomp disabled by setenforce 0
05-24 21:02:10.358 471 540 W ActivityManager: Slow operation: 59ms so far, now at startProcess: done updating battery stats
05-24 21:02:10.359 471 540 W ActivityManager: Slow operation: 59ms so far, now at startProcess: building log message
05-24 21:02:10.359 471 540 I ActivityManager: app.processName = com.android.tv.common
05-24 21:02:10.359 471 540 I ActivityManager: Start proc 2245:com.android.tv.common/u0a57 for content provider {com.android.tv/com.android.tv.common.CommonPreferenceProvider}
05-24 21:02:10.359 471 540 W ActivityManager: Slow operation: 60ms so far, now at startProcess: starting to update pids map
05-24 21:02:10.359 471 540 W ActivityManager: Slow operation: 60ms so far, now at startProcess: done updating pids map
05-24 21:02:10.361 2225 2225 D CompatibilityChangeReporter: Compat change id reported: 171979766; UID 10049; state: DISABLED
05-24 21:02:10.379 401 416 I adbd : jdwp connection from 2245
05-24 21:02:10.324 1521 1521 I CrashSDKNormalH: type=1400 audit(0.0:791): avc: denied { search } for name="com.dangbei.screencast" dev="mmcblk0p25" ino=905 scontext=u:r:platform_app:s0:c512,c768 tcontext=u:object_r:app_data_file:s0:c512,c768 tclass=dir permissive=1 app=com.dangbei.screencast
