05-24 21:02:12.453 361 483 D ionAlloc: : pid: 361, release g_context = 0xf2932360
05-24 21:02:12.472 1086 1097 I d.leradlaunche: Background young concurrent copying GC freed 102475(6321KB) AllocSpace objects, 142(4632KB) LOS objects, 7% free, 24MB/26MB, paused 1.302ms total 901.825ms
01-01 08:00:37.107 483 483 D : disable_cedar_hw_clk,546
05-24 21:02:12.474 361 483 I cedarc : : not malloc locks
05-24 21:02:12.474 361 483 D cedarc : : ve release ok
05-24 21:02:12.474 361 483 D ionAlloc: : ion_alloc_close ok
05-24 21:02:12.474 361 483 D awplayer: <~AwMetadataRetriever:229>: AwMetadataRetriever destroyed.
05-24 21:02:12.474 361 483 D awplayer:
05-24 21:02:12.498 361 1544 D MediaPlayerFactory: Initialize getpersist = 0 value=
05-24 21:02:12.498 361 1544 D awplayer: : AwMetadataRetriever Create.
05-24 21:02:12.499 361 1544 D ionAlloc: <__GetIonMemOpsS:833>: *** get __GetIonMemOpsS ***
05-24 21:02:12.522 361 1544 I cedarc : : *** ic_version = 0x3301000012011,
05-24 21:02:12.523 361 1544 D cedarc : : *** nPhyOffset = 0x0
05-24 21:02:12.523 361 1544 D ionAlloc: : pid: 361, g_context = 0xf2932360
05-24 21:02:12.523 361 1544 D ionAlloc: : ion alloc open ok
05-24 21:02:12.524 361 1544 D awplayer: : set data source, fd = 6, nLength: 2344608
05-24 21:02:12.524 361 1544 D awplayer: <__FileStreamConnect:463>: (9/0/2344608) path:'file:///storage/emulated/0/tad/.spv/e4218uiu5fs.mp4'
01-01 08:00:37.153 1544 1544 D : enable_cedar_hw_clk,516
01-01 08:00:37.202 380 380 W hdr10p_Configure: 53 callbacks suppressed
01-01 08:00:37.202 380 380 I : DVI mode selected: packets not configured
01-01 08:00:37.215 380 380 W set_vsif_config: 53 callbacks suppressed
01-01 08:00:37.215 380 380 I : Error: set vsif failed
05-24 21:02:12.632 2276 2276 I ProcessingThrea: type=1400 audit(0.0:823): avc: denied { read } for name="/" dev="dm-0" ino=2 scontext=u:r:system_app:s0 tcontext=u:object_r:rootfs:s0 tclass=dir permissive=1
05-24 21:02:12.632 2276 2276 I ProcessingThrea: type=1400 audit(0.0:824): avc: denied { open } for path="/" dev="dm-0" ino=2 scontext=u:r:system_app:s0 tcontext=u:object_r:rootfs:s0 tclass=dir permissive=1
05-24 21:02:12.711 1086 1529 I OpenGLRenderer: Davey! duration=9223372001851ms; Flags=0, FrameTimelineVsyncId=1008, IntendedVsync=35002934619, Vsync=35002934619, InputEventId=0, HandleInputStart=35003519932, AnimationStart=35003523890, PerformTraversalsStart=35003775432, DrawStart=35004271015, FrameDeadline=35036267951, FrameInterval=35003511473, FrameStartTime=16666666, SyncQueued=35005737723, SyncStart=35006033098, IssueDrawCommandsStart=35006898932, SwapBuffers=35012845932, FrameCompleted=9223372036854775807, DequeueBufferDuration=47250, QueueBufferDuration=1939375, GpuCompleted=9223372036854775807, SwapBuffersCompleted=35016132223, DisplayPresentTime=0,
01-01 08:00:37.375 380 380 I : DVI mode selected: packets not configured
01-01 08:00:37.382 380 380 I : Error: set vsif failed
05-24 21:02:12.734 1086 1529 I OpenGLRenderer: Davey! duration=9223372001834ms; Flags=0, FrameTimelineVsyncId=1010, IntendedVsync=35019601294, Vsync=35019601294, InputEventId=0, HandleInputStart=35020502307, AnimationStart=35020509848, PerformTraversalsStart=35020787932, DrawStart=35021277598, FrameDeadline=35052934626, FrameInterval=35020488723, FrameStartTime=16666666, SyncQueued=35021600723, SyncStart=35021889265, IssueDrawCommandsStart=35023408432, SwapBuffers=35030599932, FrameCompleted=9223372036854775807, DequeueBufferDuration=49625, QueueBufferDuration=1704542, GpuCompleted=9223372036854775807, SwapBuffersCompleted=35033405307, DisplayPresentTime=0,
05-24 21:02:12.736 361 1544 D awplayer: : Good, it's 'mov'
05-24 21:02:12.736 361 1544 D awplayer: : *********PrintMediaInfo begin*********
05-24 21:02:12.736 361 1544 D awplayer: : fileSize = 2344608, bSeekable = 1, duration = 15146, audioNum = 1, videoNum = 1, subtitleNum = 0
05-24 21:02:12.736 361 1544 D awplayer: : ***Video[0]*** eCodecFormat = 0x115, nWidth = 1280, nHeight = 720, nFrameRate = 25000, nFrameDuration = 0, bIs3DStream = 0, bSecureFlag = 0
05-24 21:02:12.740 2276 2276 I ProcessingThrea: type=1400 audit(0.0:825): avc: denied { read } for scontext=u:r:system_app:s0 tcontext=u:r:servicemanager:s0 tclass=file permissive=1
05-24 21:02:12.752 2276 2276 I ProcessingThrea: type=1400 audit(0.0:826): avc: denied { read } for scontext=u:r:system_app:s0 tcontext=u:r:hwservicemanager:s0 tclass=file permissive=1
05-24 21:02:12.756 2276 2276 I ProcessingThrea: type=1400 audit(0.0:827): avc: denied { read } for scontext=u:r:system_app:s0 tcontext=u:r:vndservicemanager:s0 tclass=file permissive=1
01-01 08:00:37.392 361 361 D : disable_cedar_hw_clk,546
01-01 08:00:37.397 380 380 I : DVI mode selected: packets not configured
01-01 08:00:37.404 380 380 I : Error: set vsif failed
01-01 08:00:37.416 483 483 D : enable_cedar_hw_clk,516
05-24 21:02:12.737 361 1544 D awplayer: : ***Audio[0]*** eCodecFormat = 0x4, eSubCodecFormat = 0x0, nChannelNum = 2, nBitsPerSample = 16, nSampleRate = 24000
05-24 21:02:12.737 361 1544 D awplayer: : *********PrintMediaInfo end*********
05-24 21:02:12.738 361 361 D ionAlloc: : pid: 361, release g_context = 0xf2932360
05-24 21:02:12.745 361 361 I cedarc : : not malloc locks
05-24 21:02:12.745 361 361 D cedarc : : ve release ok
05-24 21:02:12.746 361 361 D ionAlloc: : ion_alloc_close ok
05-24 21:02:12.746 361 361 D awplayer: <~AwMetadataRetriever:229>: AwMetadataRetriever destroyed.
05-24 21:02:12.746 361 361 D awplayer:
05-24 21:02:12.757 361 483 D MediaPlayerFactory: Initialize getpersist = 0 value=
05-24 21:02:12.757 361 483 D awplayer: : AwMetadataRetriever Create.
05-24 21:02:12.757 361 483 D ionAlloc: <__GetIonMemOpsS:833>: *** get __GetIonMemOpsS ***
01-01 08:00:37.435 380 380 I : DVI mode selected: packets not configured
01-01 08:00:37.441 380 380 I : Error: set vsif failed
05-24 21:02:12.797 1086 1529 I OpenGLRenderer: Davey! duration=9223372001767ms; Flags=0, FrameTimelineVsyncId=1016, IntendedVsync=35086266000, Vsync=35086266000, InputEventId=0, HandleInputStart=35086880140, AnimationStart=35086885473, PerformTraversalsStart=35087143890, DrawStart=35088331598, FrameDeadline=35119599332, FrameInterval=35086869932, FrameStartTime=16666666, SyncQueued=35089336182, SyncStart=35090235432, IssueDrawCommandsStart=35091873682, SwapBuffers=35098538598, FrameCompleted=9223372036854775807, DequeueBufferDuration=48959, QueueBufferDuration=1008625, GpuCompleted=9223372036854775807, SwapBuffersCompleted=35100347098, DisplayPresentTime=0,
05-24 21:02:12.803 361 483 I cedarc : : *** ic_version = 0x3301000012011,
05-24 21:02:12.803 361 483 D cedarc : : *** nPhyOffset = 0x0
05-24 21:02:12.803 361 483 D ionAlloc: : pid: 361, g_context = 0xf2932360
05-24 21:02:12.803 361 483 D ionAlloc: : ion alloc open ok
05-24 21:02:12.803 361 483 D awplayer: : set data source, fd = 6, nLength: 859617
05-24 21:02:12.806 361 483 D awplayer: <__FileStreamConnect:463>: (9/0/859617) path:'file:///storage/emulated/0/tad/.spv/r4222x2cark.mp4'
01-01 08:00:37.466 380 380 I : DVI mode selected: packets not configured
05-24 21:02:12.825 361 483 D awplayer: : Good, it's 'mov'
05-24 21:02:12.825 361 483 D awplayer: : *********PrintMediaInfo begin*********
05-24 21:02:12.825 361 483 D awplayer: : fileSize = 859617, bSeekable = 1, duration = 15146, audioNum = 1, videoNum = 1, subtitleNum = 0
05-24 21:02:12.825 361 483 D awplayer: : ***Video[0]*** eCodecFormat = 0x115, nWidth = 1280, nHeight = 720, nFrameRate = 25000, nFrameDuration = 0, bIs3DStream = 0, bSecureFlag = 0
05-24 21:02:12.825 361 483 D awplayer: : ***Audio[0]*** eCodecFormat = 0x4, eSubCodecFormat = 0x0, nChannelNum = 2, nBitsPerSample = 16, nSampleRate = 24000
05-24 21:02:12.825 361 483 D awplayer: : *********PrintMediaInfo end*********
01-01 08:00:37.473 380 380 I : Error: set vsif failed
05-24 21:02:12.836 361 361 D ionAlloc: : pid: 361, release g_context = 0xf2932360
05-24 21:02:12.842 361 361 I cedarc : : not malloc locks
05-24 21:02:12.842 361 361 D cedarc : : ve release ok
05-24 21:02:12.842 361 361 D ionAlloc: : ion_alloc_close ok
05-24 21:02:12.842 361 361 D awplayer: <~AwMetadataRetriever:229>: AwMetadataRetriever destroyed.
05-24 21:02:12.842 361 361 D awplayer:
01-01 08:00:37.491 361 361 D : disable_cedar_hw_clk,546
05-24 21:02:12.848 361 361 D MediaPlayerFactory: Initialize getpersist = 0 value=
05-24 21:02:12.848 361 361 D awplayer: : AwMetadataRetriever Create.
05-24 21:02:12.848 361 361 D ionAlloc: <__GetIonMemOpsS:833>: *** get __GetIonMemOpsS ***
05-24 21:02:12.855 361 361 I cedarc : : *** ic_version = 0x3301000012011,
05-24 21:02:12.855 361 361 D cedarc : : *** nPhyOffset = 0x0
05-24 21:02:12.855 361 361 D ionAlloc: : pid: 361, g_context = 0xf2932360
05-24 21:02:12.855 361 361 D ionAlloc: : ion alloc open ok
05-24 21:02:12.855 361 361 D awplayer: : set data source, fd = 6, nLength: 1013012
05-24 21:02:12.855 361 361 D awplayer: <__FileStreamConnect:463>: (9/0/1013012) path:'file:///storage/emulated/0/tad/.spv/f4218b1yhe4.mp4'
01-01 08:00:37.503 361 361 D : enable_cedar_hw_clk,516
05-24 21:02:12.858 361 361 D awplayer: : Good, it's 'mov'
05-24 21:02:12.859 361 361 D awplayer: : *********PrintMediaInfo begin*********
05-24 21:02:12.859 361 361 D awplayer: : fileSize = 1013012, bSeekable = 1, duration = 15146, audioNum = 1, videoNum = 1, subtitleNum = 0
05-24 21:02:12.859 361 361 D awplayer: : ***Video[0]*** eCodecFormat = 0x115, nWidth = 1280, nHeight = 720, nFrameRate = 25000, nFrameDuration = 0, bIs3DStream = 0, bSecureFlag = 0
05-24 21:02:12.859 361 361 D awplayer: : ***Audio[0]*** eCodecFormat = 0x4, eSubCodecFormat = 0x0, nChannelNum = 2, nBitsPerSample = 16, nSampleRate = 24000
05-24 21:02:12.859 361 361 D awplayer: : *********PrintMediaInfo end*********
05-24 21:02:12.861 361 361 D ionAlloc: : pid: 361, release g_context = 0xf2932360
05-24 21:02:12.862 2387 2387 V GraphicsEnvironment: ANGLE Developer option for 'com.ktcp.video' set to: 'default'
05-24 21:02:12.862 2387 2387 V GraphicsEnvironment: Neither updatable production driver nor prerelease driver is supported.
05-24 21:02:12.866 361 361 I cedarc : : not malloc locks
05-24 21:02:12.866 361 361 D cedarc : : ve release ok
05-24 21:02:12.866 361 361 D ionAlloc: : ion_alloc_close ok
05-24 21:02:12.866 361 361 D awplayer: <~AwMetadataRetriever:229>: AwMetadataRetriever destroyed.
05-24 21:02:12.866 361 361 D awplayer:
05-24 21:02:12.868 1086 1097 I d.leradlaunche: Background young concurrent copying GC freed 59440(2622KB) AllocSpace objects, 72(4328KB) LOS objects, 6% free, 24MB/26MB, paused 386us total 289.395ms
01-01 08:00:37.515 361 361 D : disable_cedar_hw_clk,546
05-24 21:02:12.868 2387 2387 D NetworkSecurityConfig: Using Network Security Config from resource arg debugBuild: false
05-24 21:02:12.871 2387 2387 D NetworkSecurityConfig: Using Network Security Config from resource arg debugBuild: false
05-24 21:02:12.875 361 483 D MediaPlayerFactory: Initialize getpersist = 0 value=
05-24 21:02:12.875 361 483 D awplayer: : AwMetadataRetriever Create.
05-24 21:02:12.875 361 483 D ionAlloc: <__GetIonMemOpsS:833>: *** get __GetIonMemOpsS ***
05-24 21:02:12.880 361 483 I cedarc : : *** ic_version = 0x3301000012011,
05-24 21:02:12.880 361 483 D cedarc : : *** nPhyOffset = 0x0
05-24 21:02:12.880 361 483 D ionAlloc: : pid: 361, g_context = 0xf2932360
05-24 21:02:12.880 361 483 D ionAlloc: : ion alloc open ok
05-24 21:02:12.880 361 483 D awplayer: : set data source, fd = 6, nLength: 1123648
05-24 21:02:12.880 361 483 D awplayer: <__FileStreamConnect:463>: (9/0/1123648) path:'file:///storage/emulated/0/tad/.spv/w4222skawgk.mp4'
01-01 08:00:37.530 483 483 D : enable_cedar_hw_clk,516
05-24 21:02:12.887 361 483 D awplayer: : Good, it's 'mov'
05-24 21:02:12.888 361 483 D awplayer: : *********PrintMediaInfo begin*********
05-24 21:02:12.888 361 483 D awplayer: : fileSize = 1123648, bSeekable = 1, duration = 15146, audioNum = 1, videoNum = 1, subtitleNum = 0
05-24 21:02:12.888 361 483 D awplayer: : ***Video[0]*** eCodecFormat = 0x115, nWidth = 1280, nHeight = 720, nFrameRate = 25000, nFrameDuration = 0, bIs3DStream = 0, bSecureFlag = 0
05-24 21:02:12.888 361 483 D awplayer: : ***Audio[0]*** eCodecFormat = 0x4, eSubCodecFormat = 0x0, nChannelNum = 2, nBitsPerSample = 16, nSampleRate = 24000
05-24 21:02:12.888 361 483 D awplayer: : *********PrintMediaInfo end*********
05-24 21:02:12.891 361 361 D ionAlloc: : pid: 361, release g_context = 0xf2932360
05-24 21:02:12.896 361 361 I cedarc : : not malloc locks
05-24 21:02:12.896 361 361 D cedarc : : ve release ok
05-24 21:02:12.896 361 361 D ionAlloc: : ion_alloc_close ok
05-24 21:02:12.896 361 361 D awplayer: <~AwMetadataRetriever:229>: AwMetadataRetriever destroyed.
05-24 21:02:12.896 361 361 D awplayer:
01-01 08:00:37.545 361 361 D : disable_cedar_hw_clk,546
05-24 21:02:12.905 2387 2387 I MMKV : current API level = 31
05-24 21:02:12.908 2387 2387 I MMKV : version v1.2.8 page size:4096
05-24 21:02:12.909 2387 2387 I MMKV : root dir: /data/user/0/com.ktcp.video/files/mmkv
05-24 21:02:12.914 2387 2387 I MMKV : loading [common_config] with 111443 actual size, file size 262144, InterProcess 1, meta info version:3
05-24 21:02:12.914 2387 2387 I MMKV : loading [common_config] with crc 3156085064 sequence 9 version 3
05-24 21:02:12.916 2387 2387 I MMKV : loaded [common_config] with 592 key-values
05-24 21:02:12.920 2276 2291 W System : A resource failed to call close.
05-24 21:02:12.936 471 805 D CompatibilityChangeReporter: Compat change id reported: 149924527; UID 10077; state: ENABLED
05-24 21:02:12.938 471 805 D CompatibilityChangeReporter: Compat change id reported: 132649864; UID 10077; state: DISABLED
05-24 21:02:12.944 1033 1267 I MediaProvider: Observed non-standard /storage/emulated/0/tad/.nomedia
05-24 21:02:12.952 2387 2387 I MMKV : loading [mmkv.default] with 261624 actual size, file size 262144, InterProcess 1, meta info version:3
05-24 21:02:12.952 2387 2387 I MMKV : loading [mmkv.default] with crc 4104215381 sequence 3 version 3
05-24 21:02:12.953 2387 2387 I MMKV : loaded [mmkv.default] with 157 key-values
01-01 08:00:37.607 2336 2336 W audit : audit_lost=538 audit_rate_limit=5 audit_backlog_limit=64
01-01 08:00:37.615 2336 2336 E audit : rate limit exceeded
05-24 21:02:12.986 246 267 D MDnsDS : Monitor poll got data pollCount = 2, 1
05-24 21:02:12.986 246 267 D MDnsDS : Monitor found [1].revents = 1 - calling ProcessResults
05-24 21:02:12.986 246 267 D MDnsDS : register succeeded for 2 as 192.168.3.40
05-24 21:02:12.986 246 267 D MDnsDS : controlSocket shows revent= 0
05-24 21:02:12.986 246 267 D MDnsDS : Going to poll with pollCount 2
05-24 21:02:12.988 471 617 D NsdService: Native daemon message SERVICE_REGISTERED: 606 2 "192.168.3.40"
05-24 21:02:12.992 1043 1043 D LanCommander: com.dangbei.andes.bean.RegistrationData@5371a05----------------onServiceRegistered
05-24 21:02:13.002 1033 1267 I MediaProvider: Scanned external_primary due to REASON_MOUNTED, found 183 items in 3561ms, 0 inserts 40 updates 0 deletes
05-24 21:02:13.004 1033 1267 I MediaProvider: End Intent { act=com.android.providers.media.action.SCAN_VOLUME (has extras) }
05-24 21:02:13.007 2387 2387 D xlog-library: max_size=1310720,_max_files=6
05-24 21:02:13.009 2387 2387 D xlog-library: appender_open _dir=/storage/emulated/0/ktcp_video/dailylog/video_comktcpvideo/dailylognew/com.ktcp.video,_nameprefix=log
05-24 21:02:13.011 2387 2387 D xlog-library: appender_open logdir already exists.
05-24 21:02:13.017 2387 2415 W XLOGReport: OtherSize: 13, MainSize: 13
05-24 21:02:13.019 2387 2387 D xlog-library: FELIX ~~~~~ begin of mmap ~~~~~
05-24 21:02:13.021 2387 2387 D xlog-library: FELIX ~~~~~ end of mmap ~~~~~
05-24 21:02:13.026 2387 2387 I MMKV : loading [new_app_ktcp_vmultidex_sp] with 28 actual size, file size 4096, InterProcess 1, meta info version:3
05-24 21:02:13.026 2387 2387 I MMKV : loading [new_app_ktcp_vmultidex_sp] with crc 3145172764 sequence 1 version 3
05-24 21:02:13.026 2387 2387 I MMKV : loaded [new_app_ktcp_vmultidex_sp] with 1 key-values
05-24 21:02:13.043 2387 2387 D MultiDex: VM with version 2.1.0 has multidex support
05-24 21:02:13.045 2387 2387 I MMKV : loading [ktcp_vmultidex_sp] with 796 actual size, file size 4096, InterProcess 1, meta info version:3
05-24 21:02:13.045 2387 2387 I MMKV : loading [ktcp_vmultidex_sp] with crc 1653497444 sequence 1 version 3
05-24 21:02:13.045 2387 2387 I MMKV : loaded [ktcp_vmultidex_sp] with 1 key-values
05-24 21:02:13.045 2387 2387 I MultiDex: VM with version 2.1.0 has multidex support
05-24 21:02:13.046 2387 2387 I MMKV : loading [host_app_setting] with 1012 actual size, file size 4096, InterProcess 1, meta info version:3
05-24 21:02:13.047 2387 2387 I MMKV : loading [host_app_setting] with crc 3010262956 sequence 1 version 3
05-24 21:02:13.047 2387 2387 I MMKV : loaded [host_app_setting] with 3 key-values
05-24 21:02:13.052 471 1255 I WifiService: startScan uid=1000
05-24 21:02:13.059 2387 2387 W System : ClassLoader referenced unknown path:
05-24 21:02:13.059 2387 2387 W com.ktcp.video: Unsupported class loader
05-24 21:02:13.067 2387 2387 I MMKV : loading [sp_video_recovery] with 464 actual size, file size 4096, InterProcess 1, meta info version:3
05-24 21:02:13.067 2387 2387 I MMKV : loading [sp_video_recovery] with crc 2414495522 sequence 1 version 3
05-24 21:02:13.067 2387 2387 I MMKV : loaded [sp_video_recovery] with 6 key-values
05-24 21:02:13.099 2387 2387 I MMKV : root dir: /data/user/0/com.ktcp.video/files/mmkv
05-24 21:02:13.101 2387 2387 I MMKV : loading [migrated_sp] with 49 actual size, file size 4096, InterProcess 1, meta info version:3
05-24 21:02:13.101 2387 2387 I MMKV : loading [migrated_sp] with crc 2691726340 sequence 1 version 3
05-24 21:02:13.101 2387 2387 I MMKV : loaded [migrated_sp] with 2 key-values
05-24 21:02:13.104 2387 2387 I MMKV : loading [mmkvwrapper_Cocos2dxPrefsFile] with 9385 actual size, file size 16384, InterProcess 1, meta info version:3
05-24 21:02:13.104 2387 2387 I MMKV : loading [mmkvwrapper_Cocos2dxPrefsFile] with crc 2448702673 sequence 2 version 3
05-24 21:02:13.104 2387 2387 I MMKV : loaded [mmkvwrapper_Cocos2dxPrefsFile] with 43 key-values
05-24 21:02:13.117 471 1255 W TelephonyPermissions: reportAccessDeniedToReadIdentifiers:com.dangbei.screencast:getSerial:-1
05-24 21:02:13.117 2387 2387 I MMKV : loading [ClientSceneOperate] with 5934 actual size, file size 32768, InterProcess 0, meta info version:3
05-24 21:02:13.117 2387 2387 I MMKV : loading [ClientSceneOperate] with crc 2512466909 sequence 1 version 3
05-24 21:02:13.117 2387 2387 I MMKV : loaded [ClientSceneOperate] with 1 key-values
05-24 21:02:13.145 2387 2387 I ktcp_fw : JNI_OnLoad enter
05-24 21:02:13.145 2387 2387 I ktcp_fw : InitHook end222 144 12
05-24 21:02:13.145 2387 2387 I ktcp_fw : initTracer
05-24 21:02:13.145 2387 2387 I ktcp_fw : JNI_OnLoad exit
05-24 21:02:13.145 2387 2387 I ktcp_fw : disableVerifyClass
05-24 21:02:13.145 2387 2387 I ktcp_fw : [disableVerifier] version:31
05-24 21:02:13.169 2387 2387 I ktcp_fw : found counts:11, tid:2395
05-24 21:02:13.169 2387 2387 I ktcp_fw : Jit tid:2395, origin prio:9
05-24 21:02:13.170 2387 2387 I ktcp_fw : myCutStack enable:1
05-24 21:02:13.171 2387 2387 D ktcp_fw : init stackConfig configs:d
05-24 21:02:13.171 2387 2387 D ktcp_fw : init stackConfig key:#defaultJava#, size:409600
05-24 21:02:13.171 2387 2387 D ktcp_fw : init stackConfig key:#defaultNative#, size:307200
05-24 21:02:13.177 1521 1942 V NFC : this device does not have NFC support
05-24 21:02:13.179 2387 2387 W bytehook_tag: bytehook init, mode 0, debug 0, return 0
05-24 21:02:13.179 2387 2387 I ktcp_fw : Android OS not support, version:31
05-24 21:02:13.179 2387 2387 W bytehook_tag: bytehook already inited, return 0
05-24 21:02:13.202 2387 2387 I ktcp_fw : hook pthread create cost: 23 ms
05-24 21:02:13.220 2387 2387 I MMKV : loading [app_start_info_mmkv_key] with 604 actual size, file size 4096, InterProcess 0, meta info version:3
05-24 21:02:13.220 2387 2387 I MMKV : loading [app_start_info_mmkv_key] with crc 1957388437 sequence 1 version 3
05-24 21:02:13.220 2387 2387 I MMKV : loaded [app_start_info_mmkv_key] with 11 key-values
05-24 21:02:13.234 2387 2387 I MMKV : loading [capability_info] with 362 actual size, file size 4096, InterProcess 1, meta info version:3
05-24 21:02:13.234 2387 2387 I MMKV : loading [capability_info] with crc 3656818285 sequence 1 version 3
05-24 21:02:13.234 2387 2387 I MMKV : loaded [capability_info] with 6 key-values
05-24 21:02:13.249 2387 2387 I MMKV : loading [appstart_process_sp] with 30 actual size, file size 4096, InterProcess 1, meta info version:3
05-24 21:02:13.249 2387 2387 I MMKV : loading [appstart_process_sp] with crc 4160142833 sequence 1 version 3
05-24 21:02:13.249 2387 2387 I MMKV : loaded [appstart_process_sp] with 1 key-values
05-24 21:02:13.261 2387 2387 I SPProvider: onCreate
05-24 21:02:13.264 2387 2387 W System.err: org.json.JSONException: No value for account_sync
05-24 21:02:13.264 2387 2387 W System.err: at org.json.JSONObject.get(JSONObject.java:403)
05-24 21:02:13.264 2387 2387 W System.err: at org.json.JSONObject.getJSONObject(JSONObject.java:623)
05-24 21:02:13.264 2387 2387 W System.err: at nd.y.a(SourceFile:1)
05-24 21:02:13.264 2387 2387 W System.err: at com.tencent.qqlivetv.model.open.OpenAccountSyncProvider.b(SourceFile:4)
05-24 21:02:13.264 2387 2387 W System.err: at com.tencent.qqlivetv.model.open.OpenAccountSyncProvider.onCreate(SourceFile:2)
05-24 21:02:13.264 2387 2387 W System.err: at android.content.ContentProvider.attachInfo(ContentProvider.java:2404)
05-24 21:02:13.264 2387 2387 W System.err: at android.content.ContentProvider.attachInfo(ContentProvider.java:2374)
05-24 21:02:13.264 2387 2387 W System.err: at android.app.ActivityThread.installProvider(ActivityThread.java:7437)
05-24 21:02:13.264 2387 2387 W System.err: at android.app.ActivityThread.installContentProviders(ActivityThread.java:6954)
05-24 21:02:13.264 2387 2387 W System.err: at android.app.ActivityThread.handleBindApplication(ActivityThread.java:6725)
05-24 21:02:13.264 2387 2387 W System.err: at android.app.ActivityThread.access$1500(ActivityThread.java:247)
05-24 21:02:13.264 2387 2387 W System.err: at android.app.ActivityThread$H.handleMessage(ActivityThread.java:2053)
05-24 21:02:13.264 2387 2387 W System.err: at android.os.Handler.dispatchMessage(Handler.java:106)
05-24 21:02:13.264 2387 2387 W System.err: at android.os.Looper.loopOnce(Looper.java:201)
05-24 21:02:13.264 2387 2387 W System.err: at android.os.Looper.loop(Looper.java:288)
05-24 21:02:13.264 2387 2387 W System.err: at android.app.ActivityThread.main(ActivityThread.java:7854)
05-24 21:02:13.264 2387 2387 W System.err: at java.lang.reflect.Method.invoke(Native Method)
05-24 21:02:13.265 2387 2387 W System.err: at com.android.internal.os.RuntimeInit$MethodAndArgsCaller.run(RuntimeInit.java:548)
05-24 21:02:13.265 2387 2387 W System.err: at com.android.internal.os.ZygoteInit.main(ZygoteInit.java:1182)
05-24 21:02:13.308 2387 2387 I FileLockLib: lock file path=/data/user/0/com.ktcp.video/files/Rightly.tds
05-24 21:02:13.309 2387 2387 I FileLockLib: lock file FD=86
05-24 21:02:13.309 2387 2387 I FileLockLib: init fg native, result=86
05-24 21:02:13.309 2387 2387 I FileLockLib: lock file path=/data/user/0/com.ktcp.video/files/App.Observer
05-24 21:02:13.310 2387 2387 I FileLockLib: lock file FD=87
05-24 21:02:13.310 2387 2387 I FileLockLib: init fg native, result=87
05-24 21:02:13.310 2387 2387 I FileLockLib: [2387]file 87 unlocked. fl.pid=0
05-24 21:02:13.311 2387 2387 I FileLockLib: [2387]get 87 lock success
05-24 21:02:13.312 2387 2387 I MMKV : root dir: /data/user/0/com.ktcp.video/files/mmkv
05-24 21:02:13.330 2387 2387 E ActivityThread: Failed to find provider info for com.tcl.xian.StartandroidService.MyContentProvider
05-24 21:02:13.332 2387 2387 I FileLockLib: [2387]file 86 unlocked. fl.pid=0
05-24 21:02:13.339 2387 2387 I FileLockLib: [2387]get 86 lock success
05-24 21:02:13.356 2387 2387 I PluginLoader: loadDexPlugin: pluginName=ultimatefix
05-24 21:02:13.372 2387 2387 I PluginItem: checkAndUpdateDefaultInfo defaultItem = null
05-24 21:02:13.372 2387 2387 I PluginItem: checkAndUpdateDefaultInfo defaultItem = null
05-24 21:02:13.372 2387 2387 I PluginItem: checkAndUpdateDefaultInfo defaultItem = null
05-24 21:02:13.372 2387 2387 I PluginItem: checkAndUpdateDefaultInfo defaultItem = null
05-24 21:02:13.373 2387 2387 I PluginItem: checkAndUpdateDefaultInfo defaultItem = null
05-24 21:02:13.373 2387 2387 I PluginItem: checkAndUpdateDefaultInfo defaultItem = null
05-24 21:02:13.375 2387 2387 I NewPluginUpgradeHelper: helperInit succeed on /data/user/0/com.ktcp.video/files
05-24 21:02:13.375 2387 2387 I PluginLoader: recordLoadPlugin pluginName=ultimatefix isSuccess=false
05-24 21:02:13.413 471 520 W IorapForwardingService: No service published for: iorapd
05-24 21:02:13.432 471 805 I WifiService: startScan uid=10030
05-24 21:02:13.514 2387 2387 I PartnerManager: isLauncher, sPr: null
05-24 21:02:13.532 2387 2440 I FileLockLib: [2387]file 86 unlocked. fl.pid=0
05-24 21:02:13.535 2387 2387 W System.err: org.json.JSONException: No value for ch_mta
05-24 21:02:13.535 2387 2387 W System.err: at org.json.JSONObject.get(JSONObject.java:403)
05-24 21:02:13.535 2387 2387 W System.err: at org.json.JSONObject.getJSONObject(JSONObject.java:623)
05-24 21:02:13.535 2387 2387 W System.err: at nd.y.a(SourceFile:1)
05-24 21:02:13.535 2387 2387 W System.err: at mq.c0.I(SourceFile:1)
05-24 21:02:13.535 2387 2387 W System.err: at mq.c0.R(SourceFile:4)
05-24 21:02:13.536 2387 2387 W System.err: at mq.c0.l(SourceFile:2)
05-24 21:02:13.536 2387 2387 W System.err: at mq.c0.(SourceFile:27)
05-24 21:02:13.536 2387 2387 W System.err: at mq.c0.(SourceFile:1)
05-24 21:02:13.536 2387 2387 W System.err: at mq.c0$b.(SourceFile:1)
05-24 21:02:13.536 2387 2387 W System.err: at mq.c0.h(SourceFile:1)
05-24 21:02:13.536 2387 2387 W System.err: at gs.k.k0(SourceFile:10)
05-24 21:02:13.536 2387 2387 W System.err: at gs.k.(SourceFile:21)
05-24 21:02:13.536 2387 2387 W System.err: at com.tencent.qqlivetv.model.user.UserAccountInfoServer.b(SourceFile:2)
05-24 21:02:13.536 2387 2387 W System.err: at com.tencent.qqlivetv.model.user.UserAccountInfoServer.(SourceFile:3)
05-24 21:02:13.536 2387 2387 W System.err: at com.tencent.qqlivetv.model.user.UserAccountInfoServer.(SourceFile:1)
05-24 21:02:13.536 2387 2387 W System.err: at com.tencent.qqlivetv.model.user.UserAccountInfoServer$c.(SourceFile:1)
05-24 21:02:13.536 2387 2387 W System.err: at com.tencent.qqlivetv.model.user.UserAccountInfoServer.a(SourceFile:1)
05-24 21:02:13.536 2387 2387 W System.err: at com.tencent.qqlivetv.start.task.TaskVideo.execute(SourceFile:1)
05-24 21:02:13.536 2387 2387 W System.err: at ov.b0.run(SourceFile:3)
05-24 21:02:13.536 2387 2387 W System.err: at en.a.a(SourceFile:2)
05-24 21:02:13.536 2387 2387 W System.err: at rn.c.c(SourceFile:3)
05-24 21:02:13.536 2387 2387 W System.err: at rn.c.f(SourceFile:7)
05-24 21:02:13.536 2387 2387 W System.err: at com.ktcp.video.applicationagent.VideoApplicationAgent.onCreate(SourceFile:9)
05-24 21:02:13.536 2387 2387 W System.err: at com.ktcp.video.applicationagent.WrapperApplicationAgent.onCreate(SourceFile:1)
05-24 21:02:13.536 2387 2387 W System.err: at com.ktcp.video.QQLiveApplicationLike.onCreate(SourceFile:3)
05-24 21:02:13.536 2387 2387 W System.err: at com.tencent.tinker.entry.TinkerApplicationInlineFence.handleMessageImpl(SourceFile:14)
05-24 21:02:13.536 2387 2387 W System.err: at com.tencent.tinker.entry.TinkerApplicationInlineFence.handleMessage_$noinline$(SourceFile:2)
05-24 21:02:13.536 2387 2387 W System.err: at com.tencent.tinker.entry.TinkerApplicationInlineFence.handleMessage(SourceFile:1)
05-24 21:02:13.536 2387 2387 W System.err: at com.tencent.tinker.loader.app.TinkerInlineFenceAction.callOnCreate(SourceFile:2)
05-24 21:02:13.536 2387 2387 W System.err: at com.tencent.tinker.loader.app.TinkerApplication.onCreate(SourceFile:3)
05-24 21:02:13.536 2387 2387 W System.err: at android.app.Instrumentation.callApplicationOnCreate(Instrumentation.java:1211)
05-24 21:02:13.536 2387 2387 W System.err: at android.app.ActivityThread.handleBindApplication(ActivityThread.java:6740)
05-24 21:02:13.536 2387 2387 W System.err: at android.app.ActivityThread.access$1500(ActivityThread.java:247)
05-24 21:02:13.536 2387 2387 W System.err: at android.app.ActivityThread$H.handleMessage(ActivityThread.java:2053)
05-24 21:02:13.536 2387 2387 W System.err: at android.os.Handler.dispatchMessage(Handler.java:106)
05-24 21:02:13.536 2387 2387 W System.err: at android.os.Looper.loopOnce(Looper.java:201)
05-24 21:02:13.536 2387 2387 W System.err: at android.os.Looper.loop(Looper.java:288)
05-24 21:02:13.536 2387 2387 W System.err: at android.app.ActivityThread.main(ActivityThread.java:7854)
05-24 21:02:13.536 2387 2387 W System.err: at java.lang.reflect.Method.invoke(Native Method)
05-24 21:02:13.536 2387 2387 W System.err: at com.android.internal.os.RuntimeInit$MethodAndArgsCaller.run(RuntimeInit.java:548)
05-24 21:02:13.536 2387 2387 W System.err: at com.android.internal.os.ZygoteInit.main(ZygoteInit.java:1182)
05-24 21:02:13.537 2387 2387 W System.err: org.json.JSONException: No value for common_query
05-24 21:02:13.538 2387 2387 W System.err: at org.json.JSONObject.get(JSONObject.java:403)
05-24 21:02:13.538 2387 2387 W System.err: at org.json.JSONObject.getJSONObject(JSONObject.java:623)
05-24 21:02:13.538 2387 2387 W System.err: at nd.y.a(SourceFile:1)
05-24 21:02:13.538 2387 2387 W System.err: at mq.c0.J(SourceFile:1)
05-24 21:02:13.538 2387 2387 W System.err: at mq.c0.R(SourceFile:8)
05-24 21:02:13.538 2387 2387 W System.err: at mq.c0.l(SourceFile:2)
05-24 21:02:13.538 2387 2387 W System.err: at mq.c0.(SourceFile:27)
05-24 21:02:13.538 2387 2387 W System.err: at mq.c0.(SourceFile:1)
05-24 21:02:13.538 2387 2387 W System.err: at mq.c0$b.(SourceFile:1)
05-24 21:02:13.538 2387 2387 W System.err: at mq.c0.h(SourceFile:1)
05-24 21:02:13.538 2387 2387 W System.err: at gs.k.k0(SourceFile:10)
05-24 21:02:13.538 2387 2387 W System.err: at gs.k.(SourceFile:21)
05-24 21:02:13.538 2387 2387 W System.err: at com.tencent.qqlivetv.model.user.UserAccountInfoServer.b(SourceFile:2)
05-24 21:02:13.538 2387 2387 W System.err: at com.tencent.qqlivetv.model.user.UserAccountInfoServer.(SourceFile:3)
05-24 21:02:13.538 2387 2387 W System.err: at com.tencent.qqlivetv.model.user.UserAccountInfoServer.(SourceFile:1)
05-24 21:02:13.538 2387 2387 W System.err: at com.tencent.qqlivetv.model.user.UserAccountInfoServer$c.(SourceFile:1)
05-24 21:02:13.538 2387 2387 W System.err: at com.tencent.qqlivetv.model.user.UserAccountInfoServer.a(SourceFile:1)
05-24 21:02:13.538 2387 2387 W System.err: at com.tencent.qqlivetv.start.task.TaskVideo.execute(SourceFile:1)
05-24 21:02:13.538 2387 2387 W System.err: at ov.b0.run(SourceFile:3)
05-24 21:02:13.538 2387 2387 W System.err: at en.a.a(SourceFile:2)
05-24 21:02:13.538 2387 2387 W System.err: at rn.c.c(SourceFile:3)
05-24 21:02:13.538 2387 2387 W System.err: at rn.c.f(SourceFile:7)
05-24 21:02:13.538 2387 2387 W System.err: at com.ktcp.video.applicationagent.VideoApplicationAgent.onCreate(SourceFile:9)
05-24 21:02:13.538 2387 2387 W System.err: at com.ktcp.video.applicationagent.WrapperApplicationAgent.onCreate(SourceFile:1)
05-24 21:02:13.538 2387 2387 W System.err: at com.ktcp.video.QQLiveApplicationLike.onCreate(SourceFile:3)
05-24 21:02:13.538 2387 2387 W System.err: at com.tencent.tinker.entry.TinkerApplicationInlineFence.handleMessageImpl(SourceFile:14)
05-24 21:02:13.538 2387 2387 W System.err: at com.tencent.tinker.entry.TinkerApplicationInlineFence.handleMessage_$noinline$(SourceFile:2)
05-24 21:02:13.538 2387 2387 W System.err: at com.tencent.tinker.entry.TinkerApplicationInlineFence.handleMessage(SourceFile:1)
05-24 21:02:13.538 2387 2387 W System.err: at com.tencent.tinker.loader.app.TinkerInlineFenceAction.callOnCreate(SourceFile:2)
05-24 21:02:13.538 2387 2387 W System.err: at com.tencent.tinker.loader.app.TinkerApplication.onCreate(SourceFile:3)
05-24 21:02:13.538 2387 2387 W System.err: at android.app.Instrumentation.callApplicationOnCreate(Instrumentation.java:1211)
05-24 21:02:13.538 2387 2387 W System.err: at android.app.ActivityThread.handleBindApplication(ActivityThread.java:6740)
05-24 21:02:13.538 2387 2387 W System.err: at android.app.ActivityThread.access$1500(ActivityThread.java:247)
05-24 21:02:13.538 2387 2387 W System.err: at android.app.ActivityThread$H.handleMessage(ActivityThread.java:2053)
05-24 21:02:13.538 2387 2387 W System.err: at android.os.Handler.dispatchMessage(Handler.java:106)
05-24 21:02:13.538 2387 2387 W System.err: at android.os.Looper.loopOnce(Looper.java:201)
05-24 21:02:13.538 2387 2387 W System.err: at android.os.Looper.loop(Looper.java:288)
05-24 21:02:13.538 2387 2387 W System.err: at android.app.ActivityThread.main(ActivityThread.java:7854)
05-24 21:02:13.539 2387 2387 W System.err: at java.lang.reflect.Method.invoke(Native Method)
05-24 21:02:13.539 2387 2387 W System.err: at com.android.internal.os.RuntimeInit$MethodAndArgsCaller.run(RuntimeInit.java:548)
05-24 21:02:13.539 2387 2387 W System.err: at com.android.internal.os.ZygoteInit.main(ZygoteInit.java:1182)
05-24 21:02:13.539 2387 2387 W System.err: org.json.JSONException: No value for play_status
05-24 21:02:13.539 2387 2387 W System.err: at org.json.JSONObject.get(JSONObject.java:403)
05-24 21:02:13.539 2387 2387 W System.err: at org.json.JSONObject.getJSONObject(JSONObject.java:623)
05-24 21:02:13.539 2387 2387 W System.err: at nd.y.a(SourceFile:1)
05-24 21:02:13.539 2387 2387 W System.err: at mq.c0.L(SourceFile:1)
05-24 21:02:13.539 2387 2387 W System.err: at mq.c0.R(SourceFile:9)
05-24 21:02:13.539 2387 2387 W System.err: at mq.c0.l(SourceFile:2)
05-24 21:02:13.539 2387 2387 W System.err: at mq.c0.(SourceFile:27)
05-24 21:02:13.539 2387 2387 W System.err: at mq.c0.(SourceFile:1)
05-24 21:02:13.539 2387 2387 W System.err: at mq.c0$b.(SourceFile:1)
05-24 21:02:13.539 2387 2387 W System.err: at mq.c0.h(SourceFile:1)
05-24 21:02:13.539 2387 2387 W System.err: at gs.k.k0(SourceFile:10)
05-24 21:02:13.539 2387 2387 W System.err: at gs.k.(SourceFile:21)
05-24 21:02:13.539 2387 2387 W System.err: at com.tencent.qqlivetv.model.user.UserAccountInfoServer.b(SourceFile:2)
05-24 21:02:13.539 2387 2387 W System.err: at com.tencent.qqlivetv.model.user.UserAccountInfoServer.(SourceFile:3)
05-24 21:02:13.539 2387 2387 W System.err: at com.tencent.qqlivetv.model.user.UserAccountInfoServer.(SourceFile:1)
05-24 21:02:13.539 2387 2387 W System.err: at com.tencent.qqlivetv.model.user.UserAccountInfoServer$c.(SourceFile:1)
05-24 21:02:13.539 2387 2387 W System.err: at com.tencent.qqlivetv.model.user.UserAccountInfoServer.a(SourceFile:1)
05-24 21:02:13.540 2387 2387 W System.err: at com.tencent.qqlivetv.start.task.TaskVideo.execute(SourceFile:1)
05-24 21:02:13.540 2387 2387 W System.err: at ov.b0.run(SourceFile:3)
05-24 21:02:13.540 2387 2387 W System.err: at en.a.a(SourceFile:2)
05-24 21:02:13.540 2387 2387 W System.err: at rn.c.c(SourceFile:3)
05-24 21:02:13.540 2387 2387 W System.err: at rn.c.f(SourceFile:7)
05-24 21:02:13.540 2387 2387 W System.err: at com.ktcp.video.applicationagent.VideoApplicationAgent.onCreate(SourceFile:9)
05-24 21:02:13.540 2387 2387 W System.err: at com.ktcp.video.applicationagent.WrapperApplicationAgent.onCreate(SourceFile:1)
05-24 21:02:13.540 2387 2387 W System.err: at com.ktcp.video.QQLiveApplicationLike.onCreate(SourceFile:3)
05-24 21:02:13.540 2387 2387 W System.err: at com.tencent.tinker.entry.TinkerApplicationInlineFence.handleMessageImpl(SourceFile:14)
05-24 21:02:13.540 2387 2387 W System.err: at com.tencent.tinker.entry.TinkerApplicationInlineFence.handleMessage_$noinline$(SourceFile:2)
05-24 21:02:13.540 2387 2387 W System.err: at com.tencent.tinker.entry.TinkerApplicationInlineFence.handleMessage(SourceFile:1)
05-24 21:02:13.540 2387 2387 W System.err: at com.tencent.tinker.loader.app.TinkerInlineFenceAction.callOnCreate(SourceFile:2)
05-24 21:02:13.540 2387 2387 W System.err: at com.tencent.tinker.loader.app.TinkerApplication.onCreate(SourceFile:3)
05-24 21:02:13.540 2387 2387 W System.err: at android.app.Instrumentation.callApplicationOnCreate(Instrumentation.java:1211)
05-24 21:02:13.540 2387 2387 W System.err: at android.app.ActivityThread.handleBindApplication(ActivityThread.java:6740)
05-24 21:02:13.540 2387 2387 W System.err: at android.app.ActivityThread.access$1500(ActivityThread.java:247)
05-24 21:02:13.540 2387 2387 W System.err: at android.app.ActivityThread$H.handleMessage(ActivityThread.java:2053)
05-24 21:02:13.540 2387 2387 W System.err: at android.os.Handler.dispatchMessage(Handler.java:106)
05-24 21:02:13.540 2387 2387 W System.err: at android.os.Looper.loopOnce(Looper.java:201)
05-24 21:02:13.540 2387 2387 W System.err: at android.os.Looper.loop(Looper.java:288)
05-24 21:02:13.540 2387 2387 W System.err: at android.app.ActivityThread.main(ActivityThread.java:7854)
05-24 21:02:13.540 2387 2387 W System.err: at java.lang.reflect.Method.invoke(Native Method)
05-24 21:02:13.540 2387 2387 W System.err: at com.android.internal.os.RuntimeInit$MethodAndArgsCaller.run(RuntimeInit.java:548)
05-24 21:02:13.540 2387 2387 W System.err: at com.android.internal.os.ZygoteInit.main(ZygoteInit.java:1182)
05-24 21:02:13.541 2387 2387 W System.err: org.json.JSONException: No value for mode_status
05-24 21:02:13.541 2387 2387 W System.err: at org.json.JSONObject.get(JSONObject.java:403)
05-24 21:02:13.541 2387 2387 W System.err: at org.json.JSONObject.getJSONObject(JSONObject.java:623)
05-24 21:02:13.541 2387 2387 W System.err: at nd.y.a(SourceFile:1)
05-24 21:02:13.541 2387 2387 W System.err: at mq.c0.M(SourceFile:1)
05-24 21:02:13.541 2387 2387 W System.err: at mq.c0.R(SourceFile:12)
05-24 21:02:13.541 2387 2387 W System.err: at mq.c0.l(SourceFile:2)
05-24 21:02:13.541 2387 2387 W System.err: at mq.c0.(SourceFile:27)
05-24 21:02:13.541 2387 2387 W System.err: at mq.c0.(SourceFile:1)
05-24 21:02:13.541 2387 2387 W System.err: at mq.c0$b.(SourceFile:1)
05-24 21:02:13.541 2387 2387 W System.err: at mq.c0.h(SourceFile:1)
05-24 21:02:13.541 2387 2387 W System.err: at gs.k.k0(SourceFile:10)
05-24 21:02:13.541 2387 2387 W System.err: at gs.k.(SourceFile:21)
05-24 21:02:13.541 2387 2387 W System.err: at com.tencent.qqlivetv.model.user.UserAccountInfoServer.b(SourceFile:2)
05-24 21:02:13.541 2387 2387 W System.err: at com.tencent.qqlivetv.model.user.UserAccountInfoServer.(SourceFile:3)
05-24 21:02:13.541 2387 2387 W System.err: at com.tencent.qqlivetv.model.user.UserAccountInfoServer.(SourceFile:1)
05-24 21:02:13.541 2387 2387 W System.err: at com.tencent.qqlivetv.model.user.UserAccountInfoServer$c.(SourceFile:1)
05-24 21:02:13.541 2387 2387 W System.err: at com.tencent.qqlivetv.model.user.UserAccountInfoServer.a(SourceFile:1)
05-24 21:02:13.541 2387 2387 W System.err: at com.tencent.qqlivetv.start.task.TaskVideo.execute(SourceFile:1)
05-24 21:02:13.541 2387 2387 W System.err: at ov.b0.run(SourceFile:3)
05-24 21:02:13.541 2387 2387 W System.err: at en.a.a(SourceFile:2)
05-24 21:02:13.541 2387 2387 W System.err: at rn.c.c(SourceFile:3)
05-24 21:02:13.541 2387 2387 W System.err: at rn.c.f(SourceFile:7)
05-24 21:02:13.541 2387 2387 W System.err: at com.ktcp.video.applicationagent.VideoApplicationAgent.onCreate(SourceFile:9)
05-24 21:02:13.541 2387 2387 W System.err: at com.ktcp.video.applicationagent.WrapperApplicationAgent.onCreate(SourceFile:1)
05-24 21:02:13.541 2387 2387 W System.err: at com.ktcp.video.QQLiveApplicationLike.onCreate(SourceFile:3)
05-24 21:02:13.542 2387 2387 W System.err: at com.tencent.tinker.entry.TinkerApplicationInlineFence.handleMessageImpl(SourceFile:14)
05-24 21:02:13.542 2387 2387 W System.err: at com.tencent.tinker.entry.TinkerApplicationInlineFence.handleMessage_$noinline$(SourceFile:2)
05-24 21:02:13.542 2387 2387 W System.err: at com.tencent.tinker.entry.TinkerApplicationInlineFence.handleMessage(SourceFile:1)
05-24 21:02:13.542 2387 2387 W System.err: at com.tencent.tinker.loader.app.TinkerInlineFenceAction.callOnCreate(SourceFile:2)
05-24 21:02:13.542 2387 2387 W System.err: at com.tencent.tinker.loader.app.TinkerApplication.onCreate(SourceFile:3)
05-24 21:02:13.542 2387 2387 W System.err: at android.app.Instrumentation.callApplicationOnCreate(Instrumentation.java:1211)
05-24 21:02:13.542 2387 2387 W System.err: at android.app.ActivityThread.handleBindApplication(ActivityThread.java:6740)
05-24 21:02:13.542 2387 2387 W System.err: at android.app.ActivityThread.access$1500(ActivityThread.java:247)
05-24 21:02:13.542 2387 2387 W System.err: at android.app.ActivityThread$H.handleMessage(ActivityThread.java:2053)
05-24 21:02:13.542 2387 2387 W System.err: at android.os.Handler.dispatchMessage(Handler.java:106)
05-24 21:02:13.542 2387 2387 W System.err: at android.os.Looper.loopOnce(Looper.java:201)
05-24 21:02:13.542 2387 2387 W System.err: at android.os.Looper.loop(Looper.java:288)
05-24 21:02:13.542 2387 2387 W System.err: at android.app.ActivityThread.main(ActivityThread.java:7854)
05-24 21:02:13.542 2387 2387 W System.err: at java.lang.reflect.Method.invoke(Native Method)
05-24 21:02:13.542 2387 2387 W System.err: at com.android.internal.os.RuntimeInit$MethodAndArgsCaller.run(RuntimeInit.java:548)
05-24 21:02:13.542 2387 2387 W System.err: at com.android.internal.os.ZygoteInit.main(ZygoteInit.java:1182)
05-24 21:02:13.542 2387 2387 W System.err: org.json.JSONException: No value for account_sync
05-24 21:02:13.542 2387 2387 W System.err: at org.json.JSONObject.get(JSONObject.java:403)
05-24 21:02:13.542 2387 2387 W System.err: at org.json.JSONObject.getJSONObject(JSONObject.java:623)
05-24 21:02:13.543 2387 2387 W System.err: at nd.y.a(SourceFile:1)
05-24 21:02:13.543 2387 2387 W System.err: at mq.c0.E(SourceFile:1)
05-24 21:02:13.543 2387 2387 W System.err: at mq.c0.R(SourceFile:13)
05-24 21:02:13.543 2387 2387 W System.err: at mq.c0.l(SourceFile:2)
05-24 21:02:13.543 2387 2387 W System.err: at mq.c0.(SourceFile:27)
05-24 21:02:13.543 2387 2387 W System.err: at mq.c0.(SourceFile:1)
05-24 21:02:13.543 2387 2387 W System.err: at mq.c0$b.(SourceFile:1)
05-24 21:02:13.543 2387 2387 W System.err: at mq.c0.h(SourceFile:1)
05-24 21:02:13.543 2387 2387 W System.err: at gs.k.k0(SourceFile:10)
05-24 21:02:13.543 2387 2387 W System.err: at gs.k.(SourceFile:21)
05-24 21:02:13.543 2387 2387 W System.err: at com.tencent.qqlivetv.model.user.UserAccountInfoServer.b(SourceFile:2)
05-24 21:02:13.543 2387 2387 W System.err: at com.tencent.qqlivetv.model.user.UserAccountInfoServer.(SourceFile:3)
05-24 21:02:13.543 2387 2387 W System.err: at com.tencent.qqlivetv.model.user.UserAccountInfoServer.(SourceFile:1)
05-24 21:02:13.543 2387 2387 W System.err: at com.tencent.qqlivetv.model.user.UserAccountInfoServer$c.(SourceFile:1)
05-24 21:02:13.543 2387 2387 W System.err: at com.tencent.qqlivetv.model.user.UserAccountInfoServer.a(SourceFile:1)
05-24 21:02:13.543 2387 2387 W System.err: at com.tencent.qqlivetv.start.task.TaskVideo.execute(SourceFile:1)
05-24 21:02:13.543 2387 2387 W System.err: at ov.b0.run(SourceFile:3)
05-24 21:02:13.543 2387 2387 W System.err: at en.a.a(SourceFile:2)
05-24 21:02:13.543 2387 2387 W System.err: at rn.c.c(SourceFile:3)
05-24 21:02:13.543 2387 2387 W System.err: at rn.c.f(SourceFile:7)
05-24 21:02:13.543 2387 2387 W System.err: at com.ktcp.video.applicationagent.VideoApplicationAgent.onCreate(SourceFile:9)
05-24 21:02:13.543 2387 2387 W System.err: at com.ktcp.video.applicationagent.WrapperApplicationAgent.onCreate(SourceFile:1)
05-24 21:02:13.543 2387 2387 W System.err: at com.ktcp.video.QQLiveApplicationLike.onCreate(SourceFile:3)
05-24 21:02:13.543 2387 2387 W System.err: at com.tencent.tinker.entry.TinkerApplicationInlineFence.handleMessageImpl(SourceFile:14)
05-24 21:02:13.543 2387 2387 W System.err: at com.tencent.tinker.entry.TinkerApplicationInlineFence.handleMessage_$noinline$(SourceFile:2)
05-24 21:02:13.543 2387 2387 W System.err: at com.tencent.tinker.entry.TinkerApplicationInlineFence.handleMessage(SourceFile:1)
05-24 21:02:13.543 2387 2387 W System.err: at com.tencent.tinker.loader.app.TinkerInlineFenceAction.callOnCreate(SourceFile:2)
05-24 21:02:13.543 2387 2387 W System.err: at com.tencent.tinker.loader.app.TinkerApplication.onCreate(SourceFile:3)
05-24 21:02:13.543 2387 2387 W System.err: at android.app.Instrumentation.callApplicationOnCreate(Instrumentation.java:1211)
05-24 21:02:13.543 2387 2387 W System.err: at android.app.ActivityThread.handleBindApplication(ActivityThread.java:6740)
05-24 21:02:13.543 2387 2387 W System.err: at android.app.ActivityThread.access$1500(ActivityThread.java:247)
05-24 21:02:13.543 2387 2387 W System.err: at android.app.ActivityThread$H.handleMessage(ActivityThread.java:2053)
05-24 21:02:13.543 2387 2387 W System.err: at android.os.Handler.dispatchMessage(Handler.java:106)
05-24 21:02:13.543 2387 2387 W System.err: at android.os.Looper.loopOnce(Looper.java:201)
05-24 21:02:13.543 2387 2387 W System.err: at android.os.Looper.loop(Looper.java:288)
05-24 21:02:13.543 2387 2387 W System.err: at android.app.ActivityThread.main(ActivityThread.java:7854)
05-24 21:02:13.543 2387 2387 W System.err: at java.lang.reflect.Method.invoke(Native Method)
05-24 21:02:13.543 2387 2387 W System.err: at com.android.internal.os.RuntimeInit$MethodAndArgsCaller.run(RuntimeInit.java:548)
05-24 21:02:13.543 2387 2387 W System.err: at com.android.internal.os.ZygoteInit.main(ZygoteInit.java:1182)
05-24 21:02:13.545 2387 2387 W System.err: org.json.JSONException: No value for req_limit
05-24 21:02:13.545 2387 2387 W System.err: at org.json.JSONObject.get(JSONObject.java:403)
05-24 21:02:13.545 2387 2387 W System.err: at org.json.JSONObject.getJSONObject(JSONObject.java:623)
05-24 21:02:13.545 2387 2387 W System.err: at nd.y.a(SourceFile:1)
05-24 21:02:13.545 2387 2387 W System.err: at mq.c0.N(SourceFile:1)
05-24 21:02:13.545 2387 2387 W System.err: at mq.c0.R(SourceFile:14)
05-24 21:02:13.545 2387 2387 W System.err: at mq.c0.l(SourceFile:2)
05-24 21:02:13.545 2387 2387 W System.err: at mq.c0.(SourceFile:27)
05-24 21:02:13.545 2387 2387 W System.err: at mq.c0.(SourceFile:1)
05-24 21:02:13.545 2387 2387 W System.err: at mq.c0$b.(SourceFile:1)
05-24 21:02:13.545 2387 2387 W System.err: at mq.c0.h(SourceFile:1)
05-24 21:02:13.545 2387 2387 W System.err: at gs.k.k0(SourceFile:10)
05-24 21:02:13.545 2387 2387 W System.err: at gs.k.(SourceFile:21)
05-24 21:02:13.545 2387 2387 W System.err: at com.tencent.qqlivetv.model.user.UserAccountInfoServer.b(SourceFile:2)
05-24 21:02:13.545 2387 2387 W System.err: at com.tencent.qqlivetv.model.user.UserAccountInfoServer.(SourceFile:3)
05-24 21:02:13.545 2387 2387 W System.err: at com.tencent.qqlivetv.model.user.UserAccountInfoServer.(SourceFile:1)
05-24 21:02:13.545 2387 2387 W System.err: at com.tencent.qqlivetv.model.user.UserAccountInfoServer$c.(SourceFile:1)
05-24 21:02:13.545 2387 2387 W System.err: at com.tencent.qqlivetv.model.user.UserAccountInfoServer.a(SourceFile:1)
05-24 21:02:13.545 2387 2387 W System.err: at com.tencent.qqlivetv.start.task.TaskVideo.execute(SourceFile:1)
05-24 21:02:13.545 2387 2387 W System.err: at ov.b0.run(SourceFile:3)
05-24 21:02:13.545 2387 2387 W System.err: at en.a.a(SourceFile:2)
05-24 21:02:13.545 2387 2387 W System.err: at rn.c.c(SourceFile:3)
05-24 21:02:13.545 2387 2387 W System.err: at rn.c.f(SourceFile:7)
05-24 21:02:13.545 2387 2387 W System.err: at com.ktcp.video.applicationagent.VideoApplicationAgent.onCreate(SourceFile:9)
05-24 21:02:13.545 2387 2387 W System.err: at com.ktcp.video.applicationagent.WrapperApplicationAgent.onCreate(SourceFile:1)
05-24 21:02:13.545 2387 2387 W System.err: at com.ktcp.video.QQLiveApplicationLike.onCreate(SourceFile:3)
05-24 21:02:13.545 2387 2387 W System.err: at com.tencent.tinker.entry.TinkerApplicationInlineFence.handleMessageImpl(SourceFile:14)
05-24 21:02:13.546 2387 2387 W System.err: at com.tencent.tinker.entry.TinkerApplicationInlineFence.handleMessage_$noinline$(SourceFile:2)
05-24 21:02:13.546 2387 2387 W System.err: at com.tencent.tinker.entry.TinkerApplicationInlineFence.handleMessage(SourceFile:1)
05-24 21:02:13.546 2387 2387 W System.err: at com.tencent.tinker.loader.app.TinkerInlineFenceAction.callOnCreate(SourceFile:2)
05-24 21:02:13.546 2387 2387 W System.err: at com.tencent.tinker.loader.app.TinkerApplication.onCreate(SourceFile:3)
05-24 21:02:13.546 2387 2387 W System.err: at android.app.Instrumentation.callApplicationOnCreate(Instrumentation.java:1211)
05-24 21:02:13.546 2387 2387 W System.err: at android.app.ActivityThread.handleBindApplication(ActivityThread.java:6740)
05-24 21:02:13.546 2387 2387 W System.err: at android.app.ActivityThread.access$1500(ActivityThread.java:247)
05-24 21:02:13.546 2387 2387 W System.err: at android.app.ActivityThread$H.handleMessage(ActivityThread.java:2053)
05-24 21:02:13.546 2387 2387 W System.err: at android.os.Handler.dispatchMessage(Handler.java:106)
05-24 21:02:13.546 2387 2387 W System.err: at android.os.Looper.loopOnce(Looper.java:201)
05-24 21:02:13.546 2387 2387 W System.err: at android.os.Looper.loop(Looper.java:288)
05-24 21:02:13.546 2387 2387 W System.err: at android.app.ActivityThread.main(ActivityThread.java:7854)
05-24 21:02:13.546 2387 2387 W System.err: at java.lang.reflect.Method.invoke(Native Method)
05-24 21:02:13.546 2387 2387 W System.err: at com.android.internal.os.RuntimeInit$MethodAndArgsCaller.run(RuntimeInit.java:548)
05-24 21:02:13.546 2387 2387 W System.err: at com.android.internal.os.ZygoteInit.main(ZygoteInit.java:1182)
05-24 21:02:13.559 2387 2441 I FileLockLib: [2387]file 86 unlocked. fl.pid=0
05-24 21:02:13.621 2387 2446 I chromium: [0524/210213.620925:INFO:tnet_request_common.cc(194)] Front request create: 0xeb1aa240, delegate: 0xbc7766e0
