01-01 08:00:12.124 311 311 I pgrep : type=1400 audit(0.0:188): avc: denied { getattr } for path="/proc/290" dev="proc" ino=8141 scontext=u:r:toolbox:s0 tcontext=u:r:surfaceflinger:s0 tclass=dir permissive=1
01-01 08:00:12.124 311 311 I pgrep : type=1400 audit(0.0:189): avc: denied { search } for name="290" dev="proc" ino=8141 scontext=u:r:toolbox:s0 tcontext=u:r:surfaceflinger:s0 tclass=dir permissive=1
01-01 08:00:12.124 311 311 I pgrep : type=1400 audit(0.0:190): avc: denied { open } for path="/proc/290/stat" dev="proc" ino=9441 scontext=u:r:toolbox:s0 tcontext=u:r:surfaceflinger:s0 tclass=file permissive=1
01-01 08:00:12.124 311 311 I pgrep : type=1400 audit(0.0:191): avc: denied { getattr } for path="/proc/292" dev="proc" ino=6931 scontext=u:r:toolbox:s0 tcontext=u:r:pqd:s0 tclass=dir permissive=1
01-01 08:00:12.124 311 311 I pgrep : type=1400 audit(0.0:192): avc: denied { search } for name="292" dev="proc" ino=6931 scontext=u:r:toolbox:s0 tcontext=u:r:pqd:s0 tclass=dir permissive=1
01-01 08:00:12.124 311 311 I pgrep : type=1400 audit(0.0:193): avc: denied { open } for path="/proc/292/stat" dev="proc" ino=9442 scontext=u:r:toolbox:s0 tcontext=u:r:pqd:s0 tclass=file permissive=1
01-01 08:00:12.128 307 307 I xiriservice_All: type=1400 audit(0.0:194): avc: denied { search } for name="com.android.internal.systemui.navbar.gestural_wide_back" dev="mmcblk0p25" ino=643 scontext=u:r:init:s0 tcontext=u:object_r:app_data_file:s0:c2,c256,c512,c768 tclass=dir permissive=1
01-01 08:00:12.128 307 307 I xiriservice_All: type=1400 audit(0.0:195): avc: denied { search } for name="com.sohu.inputmethod.sogou.tv" dev="mmcblk0p25" ino=1418 scontext=u:r:init:s0 tcontext=u:object_r:app_data_file:s0:c49,c256,c512,c768 tclass=dir permissive=1
01-01 08:00:12.132 307 307 I xiriservice_All: type=1400 audit(0.0:196): avc: denied { read } for name="lib" dev="mmcblk0p25" ino=38444 scontext=u:r:init:s0 tcontext=u:object_r:app_data_file:s0:c49,c256,c512,c768 tclass=lnk_file permissive=1
01-01 08:00:12.132 307 307 I xiriservice_All: type=1400 audit(0.0:197): avc: denied { search } for name="com.android.htmlviewer" dev="mmcblk0p25" ino=714 scontext=u:r:init:s0 tcontext=u:object_r:app_data_file:s0:c46,c256,c512,c768 tclass=dir permissive=1
01-01 08:00:12.132 307 307 I xiriservice_All: type=1400 audit(0.0:198): avc: denied { search } for name="com.android.companiondevicemanager" dev="mmcblk0p25" ino=722 scontext=u:r:init:s0 tcontext=u:object_r:app_data_file:s0:c44,c256,c512,c768 tclass=dir permissive=1
01-01 08:00:12.132 307 307 I xiriservice_All: type=1400 audit(0.0:199): avc: denied { search } for name="com.android.internal.systemui.onehanded.gestural" dev="mmcblk0p25" ino=746 scontext=u:r:init:s0 tcontext=u:object_r:app_data_file:s0:c0,c256,c512,c768 tclass=dir permissive=1
01-01 08:00:12.132 307 307 I xiriservice_All: type=1400 audit(0.0:200): avc: denied { search } for name="com.android.simappdialog" dev="mmcblk0p25" ino=786 scontext=u:r:init:s0 tcontext=u:object_r:app_data_file:s0:c41,c256,c512,c768 tclass=dir permissive=1
01-01 08:00:12.132 307 307 I xiriservice_All: type=1400 audit(0.0:201): avc: denied { read } for name="lib" dev="mmcblk0p25" ino=38448 scontext=u:r:init:s0 tcontext=u:object_r:radio_data_file:s0 tclass=lnk_file permissive=1
01-01 08:00:12.136 307 307 I xiriservice_All: type=1400 audit(0.0:202): avc: denied { search } for name="com.android.modulemetadata" dev="mmcblk0p25" ino=803 scontext=u:r:init:s0 tcontext=u:object_r:app_data_file:s0:c59,c256,c512,c768 tclass=dir permissive=1
01-01 08:00:12.136 317 317 I check_xm_hidraw: type=1400 audit(0.0:203): avc: denied { execute_no_trans } for path="/system/bin/xm_hidread" dev="dm-0" ino=1325 scontext=u:r:init:s0 tcontext=u:object_r:system_file:s0 tclass=file permissive=1
01-01 08:00:12.136 307 307 I xiriservice_All: type=1400 audit(0.0:204): avc: denied { search } for name="com.google.android.apps.searchlite.overlay" dev="mmcblk0p25" ino=829 scontext=u:r:init:s0 tcontext=u:object_r:app_data_file:s0:c6,c256,c512,c768 tclass=dir permissive=1
01-01 08:00:12.136 307 307 I xiriservice_All: type=1400 audit(0.0:205): avc: denied { search } for name="com.android.internal.systemui.navbar.threebutton" dev="mmcblk0p25" ino=838 scontext=u:r:init:s0 tcontext=u:object_r:app_data_file:s0:c7,c256,c512,c768 tclass=dir permissive=1
01-01 08:00:12.136 307 307 I xiriservice_All: type=1400 audit(0.0:206): avc: denied { search } for name="com.google.android.networkstackconfig" dev="mmcblk0p25" ino=846 scontext=u:r:init:s0 tcontext=u:object_r:app_data_file:s0:c5,c256,c512,c768 tclass=dir permissive=1
01-01 08:00:12.148 307 307 I xiriservice_All: type=1400 audit(0.0:207): avc: denied { search } for name="com.android.internal.systemui.navbar.gestural_extra_wide_back" dev="mmcblk0p25" ino=921 scontext=u:r:init:s0 tcontext=u:object_r:app_data_file:s0:c1,c256,c512,c768 tclass=dir permissive=1
01-01 08:00:12.148 307 307 I xiriservice_All: type=1400 audit(0.0:208): avc: denied { search } for name="com.android.printspooler" dev="mmcblk0p25" ino=948 scontext=u:r:init:s0 tcontext=u:object_r:app_data_file:s0:c43,c256,c512,c768 tclass=dir permissive=1
01-01 08:00:12.148 307 307 I xiriservice_All: type=1400 audit(0.0:209): avc: denied { read } for name="lib" dev="mmcblk0p25" ino=38453 scontext=u:r:init:s0 tcontext=u:object_r:app_data_file:s0:c43,c256,c512,c768 tclass=lnk_file permissive=1
01-01 08:00:12.148 307 307 I xiriservice_All: type=1400 audit(0.0:210): avc: denied { search } for name="com.android.dreams.basic" dev="mmcblk0p25" ino=956 scontext=u:r:init:s0 tcontext=u:object_r:app_data_file:s0:c53,c256,c512,c768 tclass=dir permissive=1
01-01 08:00:12.152 307 307 I xiriservice_All: type=1400 audit(0.0:211): avc: denied { search } for name="com.android.webview" dev="mmcblk0p25" ino=965 scontext=u:r:init:s0 tcontext=u:object_r:app_data_file:s0:c60,c256,c512,c768 tclass=dir permissive=1
01-01 08:00:12.152 307 307 I xiriservice_All: type=1400 audit(0.0:212): avc: denied { read } for name="lib" dev="mmcblk0p25" ino=38454 scontext=u:r:init:s0 tcontext=u:object_r:app_data_file:s0:c60,c256,c512,c768 tclass=lnk_file permissive=1
01-01 08:00:12.156 316 316 I led_switch.sh: type=1400 audit(0.0:213): avc: denied { add_name } for name="led_swith.txt" scontext=u:r:init:s0 tcontext=u:object_r:shell_data_file:s0 tclass=dir permissive=1 bug=b/77873135
01-01 08:00:12.156 316 316 I led_switch.sh: type=1400 audit(0.0:214): avc: denied { create } for name="led_swith.txt" scontext=u:r:init:s0 tcontext=u:object_r:shell_data_file:s0 tclass=file permissive=1 bug=b/77873135
01-01 08:00:12.160 307 307 I xiriservice_All: type=1400 audit(0.0:215): avc: denied { search } for name="com.android.printservice.recommendation" dev="mmcblk0p25" ino=1034 scontext=u:r:init:s0 tcontext=u:object_r:app_data_file:s0:c42,c256,c512,c768 tclass=dir permissive=1
01-01 08:00:12.160 307 307 I xiriservice_All: type=1400 audit(0.0:216): avc: denied { search } for name="com.google.android.networkstack.tetheringconfig" dev="mmcblk0p25" ino=1042 scontext=u:r:init:s0 tcontext=u:object_r:app_data_file:s0:c4,c256,c512,c768 tclass=dir permissive=1
01-01 08:00:12.160 316 316 I led_switch.sh: type=1400 audit(0.0:217): avc: denied { write } for name="led_swith.txt" dev="mmcblk0p25" ino=226 scontext=u:r:init:s0 tcontext=u:object_r:shell_data_file:s0 tclass=file permissive=1 bug=b/77873135
01-01 08:00:12.160 316 316 I led_switch.sh: type=1400 audit(0.0:218): avc: denied { open } for path="/data/local/tmp/led_swith.txt" dev="mmcblk0p25" ino=226 scontext=u:r:init:s0 tcontext=u:object_r:shell_data_file:s0 tclass=file permissive=1 bug=b/77873135
01-01 08:00:12.164 307 307 I xiriservice_All: type=1400 audit(0.0:219): avc: denied { search } for name="com.android.theme.font.notoserifsource" dev="mmcblk0p25" ino=1066 scontext=u:r:init:s0 tcontext=u:object_r:app_data_file:s0:c11,c256,c512,c768 tclass=dir permissive=1
01-01 08:00:12.164 307 307 I xiriservice_All: type=1400 audit(0.0:220): avc: denied { search } for name="com.android.smspush" dev="mmcblk0p25" ino=1122 scontext=u:r:init:s0 tcontext=u:object_r:app_data_file:s0:c69,c256,c512,c768 tclass=dir permissive=1
01-01 08:00:12.164 307 307 I xiriservice_All: type=1400 audit(0.0:221): avc: denied { search } for name="com.tv.filemanager.os" dev="mmcblk0p25" ino=1138 scontext=u:r:init:s0 tcontext=u:object_r:app_data_file:s0:c33,c256,c512,c768 tclass=dir permissive=1
01-01 08:00:12.174 317 317 D XM_HIDREAD: hidread running 0429 d06.
01-01 08:00:12.175 317 317 D XM_HIDREAD: addr_len_t:26,addr_len:26
01-01 08:00:12.175 317 317 D XM_HIDREAD: server_socket:4
01-01 08:00:12.175 317 317 D XM_HIDREAD: pthread_join listen_thread before
01-01 08:00:12.168 318 318 I led_switch.sh: type=1400 audit(0.0:222): avc: denied { execute_no_trans } for path="/vendor/bin/toolbox" dev="dm-1" ino=229 scontext=u:r:init:s0 tcontext=u:object_r:vendor_toolbox_exec:s0 tclass=file permissive=1
01-01 08:00:12.172 317 317 I xm_hidread: type=1400 audit(0.0:223): avc: denied { create } for scontext=u:r:init:s0 tcontext=u:r:init:s0 tclass=netlink_kobject_uevent_socket permissive=1
01-01 08:00:12.172 317 317 I xm_hidread: type=1400 audit(0.0:224): avc: denied { setopt } for scontext=u:r:init:s0 tcontext=u:r:init:s0 tclass=netlink_kobject_uevent_socket permissive=1
01-01 08:00:12.172 317 317 I xm_hidread: type=1400 audit(0.0:225): avc: denied { bind } for scontext=u:r:init:s0 tcontext=u:r:init:s0 tclass=netlink_kobject_uevent_socket permissive=1
01-01 08:00:12.172 317 317 I xm_hidread: type=1400 audit(0.0:226): avc: denied { read } for scontext=u:r:init:s0 tcontext=u:r:init:s0 tclass=netlink_kobject_uevent_socket permissive=1
01-01 08:00:12.176 317 319 D XM_HIDREAD: >> start monitor uevent ...
01-01 08:00:12.172 307 307 I xiriservice_All: type=1400 audit(0.0:227): avc: denied { search } for name="com.android.bookmarkprovider" dev="mmcblk0p25" ino=1162 scontext=u:r:init:s0 tcontext=u:object_r:app_data_file:s0:c50,c256,c512,c768 tclass=dir permissive=1
01-01 08:00:12.177 317 320 D XM_HIDREAD: listener_thread has start 4.
01-01 08:00:12.177 317 320 D XM_HIDREAD: accept before.
01-01 08:00:12.176 307 307 I xiriservice_All: type=1400 audit(0.0:228): avc: denied { search } for name="com.android.cts.ctsshim" dev="mmcblk0p25" ino=1178 scontext=u:r:init:s0 tcontext=u:object_r:app_data_file:s0:c48,c256,c512,c768 tclass=dir permissive=1
01-01 08:00:12.176 307 307 I xiriservice_All: type=1400 audit(0.0:229): avc: denied { search } for name="com.dangbei.lerad.screensaver" dev="mmcblk0p25" ino=1187 scontext=u:r:init:s0 tcontext=u:object_r:app_data_file:s0:c51,c256,c512,c768 tclass=dir permissive=1
01-01 08:00:12.180 307 307 I xiriservice_All: type=1400 audit(0.0:230): avc: denied { read } for name="lib" dev="mmcblk0p25" ino=38469 scontext=u:r:init:s0 tcontext=u:object_r:app_data_file:s0:c51,c256,c512,c768 tclass=lnk_file permissive=1
01-01 08:00:12.184 307 307 I xiriservice_All: type=1400 audit(0.0:231): avc: denied { search } for name="com.android.remoteprovisioner" dev="mmcblk0p25" ino=1196 scontext=u:r:init:s0 tcontext=u:object_r:app_data_file:s0:c65,c256,c512,c768 tclass=dir permissive=1
01-01 08:00:12.184 307 307 I xiriservice_All: type=1400 audit(0.0:232): avc: denied { search } for name="com.softwinner.theme.icon" dev="mmcblk0p25" ino=1208 scontext=u:r:init:s0 tcontext=u:object_r:app_data_file:s0:c9,c256,c512,c768 tclass=dir permissive=1
01-01 08:00:12.184 307 307 I xiriservice_All: type=1400 audit(0.0:233): avc: denied { search } for name="com.android.music" dev="mmcblk0p25" ino=1234 scontext=u:r:init:s0 tcontext=u:object_r:app_data_file:s0:c34,c256,c512,c768 tclass=dir permissive=1
01-01 08:00:12.192 307 307 I xiriservice_All: type=1400 audit(0.0:234): avc: denied { search } for name="com.android.providers.media.module" dev="mmcblk0p25" ino=1266 scontext=u:r:init:s0 tcontext=u:object_r:privapp_data_file:s0:c74,c256,c512,c768 tclass=dir permissive=1
01-01 08:00:12.192 307 307 I xiriservice_All: type=1400 audit(0.0:235): avc: denied { read } for name="lib" dev="mmcblk0p25" ino=38471 scontext=u:r:init:s0 tcontext=u:object_r:privapp_data_file:s0:c74,c256,c512,c768 tclass=lnk_file permissive=1
01-01 08:00:12.196 307 307 I xiriservice_All: type=1400 audit(0.0:236): avc: denied { search } for name="com.softwinner.theme.color" dev="mmcblk0p25" ino=1275 scontext=u:r:init:s0 tcontext=u:object_r:app_data_file:s0:c3,c256,c512,c768 tclass=dir permissive=1
01-01 08:00:12.196 307 307 I xiriservice_All: type=1400 audit(0.0:237): avc: denied { search } for name="com.oranth.storage" dev="mmcblk0p25" ino=1284 scontext=u:r:init:s0 tcontext=u:object_r:system_app_data_file:s0 tclass=dir permissive=1
01-01 08:00:12.196 307 307 I xiriservice_All: type=1400 audit(0.0:238): avc: denied { search } for name="com.android.hotspot2.osulogin" dev="mmcblk0p25" ino=1292 scontext=u:r:init:s0 tcontext=u:object_r:app_data_file:s0:c71,c256,c512,c768 tclass=dir permissive=1
01-01 08:00:12.196 307 307 I xiriservice_All: type=1400 audit(0.0:239): avc: denied { search } for name="com.android.internal.systemui.navbar.gestural" dev="mmcblk0p25" ino=1300 scontext=u:r:init:s0 tcontext=u:object_r:app_data_file:s0:c10,c256,c512,c768 tclass=dir permissive=1
01-01 08:00:12.196 307 307 I xiriservice_All: type=1400 audit(0.0:240): avc: denied { search } for name="com.android.bluetoothmidiservice" dev="mmcblk0p25" ino=1316 scontext=u:r:init:s0 tcontext=u:object_r:app_data_file:s0:c38,c256,c512,c768 tclass=dir permissive=1
01-01 08:00:12.196 307 307 I xiriservice_All: type=1400 audit(0.0:241): avc: denied { search } for name="com.softwinner.awmanager" dev="mmcblk0p25" ino=1324 scontext=u:r:init:s0 tcontext=u:object_r:app_data_file:s0:c512,c768 tclass=dir permissive=1
01-01 08:00:12.200 307 307 I xiriservice_All: type=1400 audit(0.0:242): avc: denied { search } for name="com.android.traceur" dev="mmcblk0p25" ino=1340 scontext=u:r:init:s0 tcontext=u:object_r:app_data_file:s0:c22,c256,c512,c768 tclass=dir permissive=1
01-01 08:00:12.200 307 307 I xiriservice_All: type=1400 audit(0.0:243): avc: denied { read } for name="lib" dev="mmcblk0p25" ino=38476 scontext=u:r:init:s0 tcontext=u:object_r:bluetooth_data_file:s0 tclass=lnk_file permissive=1
01-01 08:00:12.204 307 307 I xiriservice_All: type=1400 audit(0.0:244): avc: denied { search } for name="com.android.providers.contacts" dev="mmcblk0p25" ino=1357 scontext=u:r:init:s0 tcontext=u:object_r:privapp_data_file:s0:c512,c768 tclass=dir permissive=1
01-01 08:00:12.204 307 307 I xiriservice_All: type=1400 audit(0.0:245): avc: denied { search } for name="com.android.captiveportallogin" dev="mmcblk0p25" ino=1365 scontext=u:r:init:s0 tcontext=u:object_r:app_data_file:s0:c45,c256,c512,c768 tclass=dir permissive=1
01-01 08:00:12.204 307 307 I xiriservice_All: type=1400 audit(0.0:246): avc: denied { search } for name="com.android.internal.systemui.navbar.gestural_narrow_back" dev="mmcblk0p25" ino=1373 scontext=u:r:init:s0 tcontext=u:object_r:app_data_file:s0:c8,c256,c512,c768 tclass=dir permissive=1
01-01 08:00:12.204 307 307 I xiriservice_All: type=1400 audit(0.0:247): avc: denied { search } for name="android.auto_generated_rro_vendor__" dev="mmcblk0p25" ino=1381 scontext=u:r:init:s0 tcontext=u:object_r:app_data_file:s0:c12,c256,c512,c768 tclass=dir permissive=1
01-01 08:00:12.208 307 307 I xiriservice_All: type=1400 audit(0.0:248): avc: denied { search } for name="com.dangbei.hqmedia" dev="mmcblk0p25" ino=31883 scontext=u:r:init:s0 tcontext=u:object_r:app_data_file:s0:c76,c256,c512,c768 tclass=dir permissive=1
01-01 08:00:12.208 307 307 I xiriservice_All: type=1400 audit(0.0:249): avc: denied { read } for name="lib" dev="mmcblk0p25" ino=38459 scontext=u:r:init:s0 tcontext=u:object_r:app_data_file:s0:c76,c256,c512,c768 tclass=lnk_file permissive=1
01-01 08:00:12.216 307 307 I xiriservice_All: type=1400 audit(0.0:250): avc: denied { read } for name="lib" dev="mmcblk0p25" ino=38446 scontext=u:r:init:s0 tcontext=u:object_r:app_data_file:s0:c512,c768 tclass=lnk_file permissive=1
01-01 08:00:12.220 258 258 I ExtCamUtils@3.4: loadFromCfg: load external camera config succeed!
01-01 08:00:12.220 258 258 I ExtCamUtils@3.4: loadFromCfg: no internal ignored device specified
01-01 08:00:12.221 258 258 V CamPrvdr@2.4-external: Preferred HAL 3 minor version is 4
01-01 08:00:12.229 258 258 I HidlServiceManagement: Registered android.hardware.camera.provider@2.4::ICameraProvider/external/0
01-01 08:00:12.229 258 258 I HidlServiceManagement: Removing namespace from process name android.hardware.camera.provider@2.4-external-service to provider@2.4-external-service.
01-01 08:00:12.230 258 258 I LegacySupport: Registration complete for android.hardware.camera.provider@2.4::ICameraProvider/external/0.
01-01 08:00:12.230 258 322 I CamPrvdr@2.4-external: threadLoop start monitoring new V4L2 devices
01-01 08:00:12.232 247 247 D AndroidRuntime: >>>>>> START com.android.internal.os.ZygoteInit uid 0 <<<<<<
01-01 08:00:12.272 325 325 I rainbow_flow: type=1400 audit(0.0:251): avc: denied { write } for name="spidev1.0" dev="tmpfs" ino=2275 scontext=u:r:init:s0 tcontext=u:object_r:device:s0 tclass=chr_file permissive=1
01-01 08:00:12.276 325 325 I rainbow_flow: type=1400 audit(0.0:252): avc: denied { open } for path="/dev/spidev1.0" dev="tmpfs" ino=2275 scontext=u:r:init:s0 tcontext=u:object_r:device:s0 tclass=chr_file permissive=1
01-01 08:00:12.276 325 325 I rainbow_flow: type=1400 audit(0.0:253): avc: denied { ioctl } for path="/dev/spidev1.0" dev="tmpfs" ino=2275 ioctlcmd=0x6b01 scontext=u:r:init:s0 tcontext=u:object_r:device:s0 tclass=chr_file permissive=1
01-01 08:00:12.283 247 247 I AndroidRuntime: Using default boot image
01-01 08:00:12.283 247 247 I AndroidRuntime: Leaving lock profiling enabled
01-01 08:00:12.288 285 285 I FastMixerState: sMaxFastTracks = 8
01-01 08:00:12.289 247 247 E cutils-trace: Error opening trace file: No such file or directory (2)
01-01 08:00:12.292 247 247 I zygote : option[0]=-Xzygote
01-01 08:00:12.292 247 247 I zygote : option[1]=-Xdeny-art-apex-data-files
01-01 08:00:12.292 247 247 I zygote : option[2]=exit
01-01 08:00:12.292 247 247 I zygote : option[3]=vfprintf
01-01 08:00:12.292 247 247 I zygote : option[4]=sensitiveThread
01-01 08:00:12.292 247 247 I zygote : option[5]=-verbose:gc
01-01 08:00:12.292 247 247 I zygote : option[6]=-XX:PerfettoHprof=true
01-01 08:00:12.292 247 247 I zygote : option[7]=-XX:PerfettoJavaHeapStackProf=true
01-01 08:00:12.292 247 247 I zygote : option[8]=-Xprimaryzygote
01-01 08:00:12.293 247 247 I zygote : option[9]=-Xms5m
01-01 08:00:12.293 247 247 I zygote : option[10]=-Xmx512m
01-01 08:00:12.293 247 247 I zygote : option[11]=-XX:HeapGrowthLimit=256m
01-01 08:00:12.293 247 247 I zygote : option[12]=-XX:HeapMinFree=512k
01-01 08:00:12.293 247 247 I zygote : option[13]=-XX:HeapMaxFree=8m
01-01 08:00:12.293 247 247 I zygote : option[14]=-XX:HeapTargetUtilization=0.75
01-01 08:00:12.293 247 247 I zygote : option[15]=-Xusejit:true
01-01 08:00:12.293 247 247 I zygote : option[16]=-Xjitsaveprofilinginfo
01-01 08:00:12.293 247 247 I zygote : option[17]=-XMadviseWillNeedVdexFileSize:104857600
01-01 08:00:12.293 247 247 I zygote : option[18]=-XMadviseWillNeedOdexFileSize:104857600
01-01 08:00:12.293 247 247 I zygote : option[19]=-XMadviseWillNeedArtFileSize:4294967295
01-01 08:00:12.293 247 247 I zygote : option[20]=-XjdwpOptions:suspend=n,server=y
01-01 08:00:12.293 247 247 I zygote : option[21]=-XjdwpProvider:default
01-01 08:00:12.293 247 247 I zygote : option[22]=-Xopaque-jni-ids:swapable
01-01 08:00:12.293 247 247 I zygote : option[23]=-Xlockprofthreshold:500
01-01 08:00:12.293 247 247 I zygote : option[24]=-Xcompiler-option
01-01 08:00:12.293 247 247 I zygote : option[25]=--instruction-set-variant=cortex-a7
01-01 08:00:12.293 247 247 I zygote : option[26]=-Xcompiler-option
01-01 08:00:12.293 247 247 I zygote : option[27]=--instruction-set-features=default
01-01 08:00:12.293 247 247 I zygote : option[28]=-Xcompiler-option
01-01 08:00:12.293 247 247 I zygote : option[29]=--generate-mini-debug-info
01-01 08:00:12.293 247 247 I zygote : option[30]=-Ximage-compiler-option
01-01 08:00:12.293 247 247 I zygote : option[31]=--runtime-arg
01-01 08:00:12.293 247 247 I zygote : option[32]=-Ximage-compiler-option
01-01 08:00:12.293 247 247 I zygote : option[33]=-Xms64m
01-01 08:00:12.293 247 247 I zygote : option[34]=-Ximage-compiler-option
01-01 08:00:12.293 247 247 I zygote : option[35]=--runtime-arg
01-01 08:00:12.293 247 247 I zygote : option[36]=-Ximage-compiler-option
01-01 08:00:12.293 247 247 I zygote : option[37]=-Xmx64m
01-01 08:00:12.293 247 247 I zygote : option[38]=-Ximage-compiler-option
01-01 08:00:12.293 247 247 I zygote : option[39]=--dirty-image-objects=/system/etc/dirty-image-objects
01-01 08:00:12.293 247 247 I zygote : option[40]=-Ximage-compiler-option
01-01 08:00:12.293 247 247 I zygote : option[41]=--instruction-set-variant=cortex-a7
01-01 08:00:12.293 247 247 I zygote : option[42]=-Ximage-compiler-option
01-01 08:00:12.293 247 247 I zygote : option[43]=--instruction-set-features=default
01-01 08:00:12.293 247 247 I zygote : option[44]=-Ximage-compiler-option
01-01 08:00:12.293 247 247 I zygote : option[45]=--generate-mini-debug-info
01-01 08:00:12.293 247 247 I zygote : option[46]=-Duser.locale=zh-CN
01-01 08:00:12.293 247 247 I zygote : option[47]=--cpu-abilist=armeabi-v7a,armeabi
01-01 08:00:12.293 247 247 I zygote : option[48]=-Xcore-platform-api-policy:just-warn
01-01 08:00:12.293 247 247 I zygote : option[49]=-Xfingerprint:Dangbei/raven/raven:12/SP1A.211105.004/20250524.210156:userdebug/release-keys
01-01 08:00:12.301 307 307 D XiriService: read SYSTEM APP lib
01-01 08:00:12.302 285 285 V MediaUtils: physMem: 2055442432
01-01 08:00:12.302 285 285 V MediaUtils: requested limit: 411088480
01-01 08:00:12.302 285 285 I libc : malloc_limit: Allocation limit enabled, max size 411088480 bytes
01-01 08:00:12.314 247 247 W zygote : ART APEX data files are untrusted.
01-01 08:00:12.314 247 247 W zygote : Could not reserve sentinel fault page
01-01 08:00:12.316 247 247 I zygote : Core platform API reporting enabled, enforcing=false
01-01 08:00:12.312 307 307 I xiriservice_All: type=1400 audit(0.0:254): avc: denied { watch } for path="/data/data" dev="mmcblk0p25" ino=87 scontext=u:r:init:s0 tcontext=u:object_r:system_data_file:s0:c512,c768 tclass=dir permissive=1
01-01 08:00:12.317 328 328 D DONGLE_SERVICE: ble_rc_service version is 2.0.26601
01-01 08:00:12.317 328 328 D DONGLE_SERVICE: init command center ...
01-01 08:00:12.317 328 328 D DONGLE_SERVICE: trying to scan for smart ctrl hidraw...
01-01 08:00:12.318 328 328 D DONGLE_SERVICE: command center, start working...
01-01 08:00:12.318 285 285 I audioserver: ServiceManager: 0xf1dcb420
01-01 08:00:12.481 1 1 W FAT-fs (mmcblk0p24): Volume was not properly unmounted. Some data may be corrupt. Please run fsck.
01-01 08:00:12.319 328 329 D DONGLE_SERVICE: >> start monitor uevent ...
01-01 08:00:12.320 285 285 W BatteryNotifier: batterystats service unavailable!
01-01 08:00:12.321 285 285 E cutils-trace: Error opening trace file: No such file or directory (2)
01-01 08:00:12.325 326 326 I bootstat: Service started: /system/bin/bootstat --set_system_boot_reason
01-01 08:00:12.327 326 326 I bootstat: Canonical boot reason: reboot
01-01 08:00:12.328 326 326 I bootstat: Canonical boot reason: reboot
01-01 08:00:12.342 290 290 E cutils-trace: Error opening trace file: No such file or directory (2)
01-01 08:00:12.344 185 185 I hwservicemanager: getTransport: Cannot find entry android.hardware.configstore@1.0::ISurfaceFlingerConfigs/default in either framework or device VINTF manifest.
01-01 08:00:12.347 326 326 E bootstat: Failed to read /metadata/bootstat/persist.sys.boot.reason: No such file or directory
01-01 08:00:12.347 326 326 I bootstat: Value of persist.sys.boot.reason :
01-01 08:00:12.347 326 326 I bootstat: Normalized last reboot reason : reboot
01-01 08:00:12.352 290 290 I SurfaceFlinger: Using HWComposer service: default
01-01 08:00:12.352 290 290 I SurfaceFlinger: SurfaceFlinger is starting
01-01 08:00:12.352 185 185 I hwservicemanager: getTransport: Cannot find entry android.hardware.configstore@1.1::ISurfaceFlingerConfigs/default in either framework or device VINTF manifest.
01-01 08:00:12.353 290 290 I SurfaceFlinger: Disabling blur effects, they are not supported.
01-01 08:00:12.356 280 280 I EventThread: type=1400 audit(0.0:255): avc: denied { search } for name="extcon" dev="sysfs" ino=18109 scontext=u:r:hal_tv_cec_default:s0 tcontext=u:object_r:sysfs_extcon:s0 tclass=dir permissive=1
01-01 08:00:12.356 280 280 I EventThread: type=1400 audit(0.0:256): avc: denied { read } for name="u:object_r:default_prop:s0" dev="tmpfs" ino=5840 scontext=u:r:hal_tv_cec_default:s0 tcontext=u:object_r:default_prop:s0 tclass=file permissive=1
01-01 08:00:12.356 280 280 I EventThread: type=1400 audit(0.0:257): avc: denied { open } for path="/dev/__properties__/u:object_r:default_prop:s0" dev="tmpfs" ino=5840 scontext=u:r:hal_tv_cec_default:s0 tcontext=u:object_r:default_prop:s0 tclass=file permissive=1
01-01 08:00:12.356 280 280 I EventThread: type=1400 audit(0.0:258): avc: denied { getattr } for path="/dev/__properties__/u:object_r:default_prop:s0" dev="tmpfs" ino=5840 scontext=u:r:hal_tv_cec_default:s0 tcontext=u:object_r:default_prop:s0 tclass=file permissive=1
01-01 08:00:12.356 280 280 I EventThread: type=1400 audit(0.0:259): avc: denied { map } for path="/dev/__properties__/u:object_r:default_prop:s0" dev="tmpfs" ino=5840 scontext=u:r:hal_tv_cec_default:s0 tcontext=u:object_r:default_prop:s0 tclass=file permissive=1
01-01 08:00:12.365 326 326 E bootstat: Failed to unlink /metadata/bootstat/persist.sys.boot.reason: No such file or directory
01-01 08:00:12.369 290 290 I SurfaceFlinger: SurfaceFlinger's main thread ready to run. Initializing graphics H/W...
01-01 08:00:12.369 290 290 D RenderEngine: RenderEngine with GLES Backend
01-01 08:00:12.369 331 331 I perfetto: probes.cc:84 Starting /system/bin/traced_probes service
01-01 08:00:12.368 325 325 I rainbow_flow: type=1400 audit(0.0:260): avc: denied { ioctl } for path="/dev/spidev1.0" dev="tmpfs" ino=2275 ioctlcmd=0x6b00 scontext=u:r:init:s0 tcontext=u:object_r:device:s0 tclass=chr_file permissive=1
01-01 08:00:12.376 331 337 I perfetto: _activity_trigger.cc:71 mm_events ftrace instance not found. Triggering of traces on memory pressure will not be available on this device.
01-01 08:00:12.394 331 331 I perfetto: probes_producer.cc:129 Disconnected from tracing service
01-01 08:00:12.401 335 335 W perfetto: service.cc:207 Started traced, listening on /dev/socket/traced_producer /dev/socket/traced_consumer
01-01 08:00:12.404 338 338 I preloaddata: type=1400 audit(0.0:261): avc: denied { write search } for name="tmp" dev="mmcblk0p25" ino=85 scontext=u:r:toolbox:s0 tcontext=u:object_r:shell_data_file:s0 tclass=dir permissive=1
01-01 08:00:12.404 338 338 I preloaddata: type=1400 audit(0.0:262): avc: denied { getattr } for path="/data/local/tmp" dev="mmcblk0p25" ino=85 scontext=u:r:toolbox:s0 tcontext=u:object_r:shell_data_file:s0 tclass=dir permissive=1
01-01 08:00:12.438 317 319 D XM_HIDREAD: add@ add@/devices/platform/uwe_bsp.0
01-01 08:00:12.609 167 167 I WCN : marlin_init entry!
01-01 08:00:12.615 167 167 I WCN : unisoc wcn driver version: W25.21.6, build time: May 24 2025 11:29:07 (UTC)
01-01 08:00:12.615 167 167 I WCN : wcn config keep power on
01-01 08:00:12.630 167 167 I WCN : wcn config bt wake host
01-01 08:00:12.467 317 319 D XM_HIDREAD: add@ add@/devices/platform/uwe_bsp.0/wakeup/wakeup8
01-01 08:00:12.472 285 285 I ServiceManager: Waiting for service 'media.metrics' on '/dev/binder'...
01-01 08:00:12.636 167 167 I WCN : marlin_registsr_bt_wake bt_hostwake gpio=208 intnum=237
01-01 08:00:12.645 167 167 I sdiohal : sdiohal_parse_dt adma_tx:1, adma_rx:1, pwrseq:0, irq type:data, gpio_num:0, blksize:840
01-01 08:00:12.659 167 167 E sdiohal err: sdio, BITS =64, PageSize =4096, order=6, 3
01-01 08:00:12.668 167 167 I sdiohal : sdiohal_init ok
01-01 08:00:12.496 317 319 D XM_HIDREAD: add@ add@/class/slog_wcn
01-01 08:00:12.497 317 319 D XM_HIDREAD: add@ add@/devices/virtual/slog_wcn/slog_wcn0
01-01 08:00:12.497 317 319 D XM_HIDREAD: add@ add@/devices/virtual/slog_wcn/slog_wcn1
01-01 08:00:12.498 317 319 D XM_HIDREAD: add@ add@/devices/virtual/misc/wcn_op
01-01 08:00:12.675 167 167 I WCN : marlin_probe ok!
01-01 08:00:12.504 317 319 D XM_HIDREAD: add@ add@/bus/platform/drivers/uwe_bsp
01-01 08:00:12.504 317 319 D XM_HIDREAD: add@ add@/module/uwe5621_bsp_sdio
01-01 08:00:12.540 317 319 D XM_HIDREAD: add@ add@/devices/platform/mtty.0
01-01 08:00:12.541 317 319 D XM_HIDREAD: add@ add@/devices/virtual/tty/ttyBT0
01-01 08:00:12.712 167 167 E : uwe5621_bt_tty_init
01-01 08:00:12.718 167 167 E : mtty_probe unisoc soc, continue
01-01 08:00:12.719 167 167 I : mtty_probe init device addr: 0x000000006203b1e3
01-01 08:00:12.555 290 290 D libEGL : loaded /vendor/lib/egl/libGLES_mali.so
01-01 08:00:12.731 167 167 E : rfkill_bluetooth_init
01-01 08:00:12.559 317 319 D XM_HIDREAD: add@ add@/devices/platform/mtty.0/rfkill/rfkill1
01-01 08:00:12.736 167 167 E : rfkill_bluetooth_init end
01-01 08:00:12.741 167 167 E : marlin_sdio_init
01-01 08:00:12.569 317 319 D XM_HIDREAD: add@ add@/bus/platform/drivers/mtty
01-01 08:00:12.569 317 319 D XM_HIDREAD: add@ add@/module/sprdbt_tty
01-01 08:00:12.615 331 331 I perfetto: probes_producer.cc:112 Connected to the service
01-01 08:00:12.670 290 290 I RenderEngine: Realtime priority unsupported, degrading gracefully to high priority
01-01 08:00:12.652 1 1 I init : type=1400 audit(0.0:263): avc: denied { read } for name="ext_csd" dev="debugfs" ino=5484 scontext=u:r:init:s0 tcontext=u:object_r:debugfs_mmc:s0 tclass=file permissive=1
01-01 08:00:12.672 1 1 I init : type=1400 audit(0.0:264): avc: denied { open } for path="/sys/kernel/debug/mmc0/mmc0:0001/ext_csd" dev="debugfs" ino=5484 scontext=u:r:init:s0 tcontext=u:object_r:debugfs_mmc:s0 tclass=file permissive=1
01-01 08:00:12.704 350 350 I installd: installd firing up
01-01 08:00:12.788 185 185 I hwservicemanager: getTransport: Cannot find entry android.hardware.graphics.mapper@4.0::IMapper/default in either framework or device VINTF manifest.
01-01 08:00:12.792 290 290 I Gralloc4: mapper 4.x is not supported
01-01 08:00:12.799 185 185 I hwservicemanager: getTransport: Cannot find entry android.hardware.graphics.mapper@3.0::IMapper/default in either framework or device VINTF manifest.
01-01 08:00:12.799 290 290 W Gralloc3: mapper 3.x is not supported
01-01 08:00:12.732 365 365 I storaged: type=1400 audit(0.0:265): avc: denied { read } for path="/sys/kernel/debug/mmc0/mmc0:0001/ext_csd" dev="debugfs" ino=5484 scontext=u:r:storaged:s0 tcontext=u:object_r:debugfs_mmc:s0 tclass=file permissive=1
01-01 08:00:12.828 290 290 E gralloc : Arm Module v1.0
01-01 08:00:12.834 185 185 I hwservicemanager: getTransport: Cannot find entry android.hardware.graphics.allocator@4.0::IAllocator/default in either framework or device VINTF manifest.
01-01 08:00:12.843 290 290 W Gralloc4: allocator 4.x is not supported
01-01 08:00:12.844 185 185 I hwservicemanager: getTransport: Cannot find entry android.hardware.graphics.allocator@3.0::IAllocator/default in either framework or device VINTF manifest.
01-01 08:00:12.844 290 290 W Gralloc3: allocator 3.x is not supported
01-01 08:00:12.865 272 300 E ion : ioctl c0044901 failed with code -1: Inappropriate ioctl for device
01-01 08:00:12.866 272 300 I gralloc : alloc buffer:W:1 H:1 S:16 PL[1 1] SZ:64 fmt:1 if:0 af:1 usg:300 fg:00000004
01-01 08:00:12.867 290 290 E ion : ioctl c0044901 failed with code -1: Inappropriate ioctl for device
01-01 08:00:12.840 325 325 I rainbow_flow: type=1400 audit(0.0:266): avc: denied { ioctl } for path="/dev/spidev1.0" dev="tmpfs" ino=2275 ioctlcmd=0x6b00 scontext=u:r:init:s0 tcontext=u:object_r:device:s0 tclass=chr_file permissive=1
01-01 08:00:12.879 290 290 I RenderEngine: OpenGL ES informations:
01-01 08:00:12.879 290 290 I RenderEngine: vendor : ARM
01-01 08:00:12.879 290 290 I RenderEngine: renderer : Mali-G31
01-01 08:00:12.879 290 290 I RenderEngine: version : OpenGL ES 3.2 v1.r20p0-01rel0.9f6475d0baffb05079096179e1278b1d
01-01 08:00:12.879 290 290 I RenderEngine: extensions: GL_EXT_debug_marker GL_ARM_rgba8 GL_ARM_mali_shader_binary GL_OES_depth24 GL_OES_depth_texture GL_OES_depth_texture_cube_map GL_OES_packed_depth_stencil GL_OES_rgb8_rgba8 GL_EXT_read_format_bgra GL_OES_compressed_paletted_texture GL_OES_compressed_ETC1_RGB8_texture GL_OES_standard_derivatives GL_OES_EGL_image GL_OES_EGL_image_external GL_OES_EGL_image_external_essl3 GL_OES_EGL_sync GL_OES_texture_npot GL_OES_vertex_half_float GL_OES_required_internalformat GL_OES_vertex_array_object GL_OES_mapbuffer GL_EXT_texture_format_BGRA8888 GL_EXT_texture_rg GL_EXT_texture_type_2_10_10_10_REV GL_OES_fbo_render_mipmap GL_OES_element_index_uint GL_EXT_shadow_samplers GL_OES_texture_compression_astc GL_KHR_texture_compression_astc_ldr GL_KHR_texture_compression_astc_hdr GL_KHR_texture_compression_astc_sliced_3d GL_EXT_texture_compression_astc_decode_mode GL_EXT_texture_compression_astc_decode_mode_rgb9e5 GL_KHR_debug GL_EXT_occlusion_query_boolean GL_EXT_disjoint_timer_query GL_EXT_blend_minmax GL_EXT_discard_
01-01 08:00:12.879 290 290 I RenderEngine: GL_MAX_TEXTURE_SIZE = 8192
01-01 08:00:12.879 290 290 I RenderEngine: GL_MAX_VIEWPORT_DIMS = 8192
01-01 08:00:12.880 290 290 W libprocessgroup: Failed to open /dev/cpuset/system-background/tasks: Permission denied: Permission denied
01-01 08:00:12.880 290 290 W libprocessgroup: Failed to apply SFMainPolicy task profile: Permission denied
01-01 08:00:12.883 185 185 I hwservicemanager: getTransport: Cannot find entry android.hardware.graphics.mapper@4.0::IMapper/default in either framework or device VINTF manifest.
01-01 08:00:12.895 275 299 I ComposerResources: failed to get mapper 4.0 service, falling back to mapper 3.0
01-01 08:00:12.897 185 185 I hwservicemanager: getTransport: Cannot find entry android.hardware.graphics.mapper@3.0::IMapper/default in either framework or device VINTF manifest.
01-01 08:00:12.897 275 299 I ComposerResources: failed to get mapper 3.0 service, falling back to mapper 2.0
01-01 08:00:12.900 275 299 E gralloc : Arm Module v1.0
01-01 08:00:12.908 275 299 I sunxihwc: createDeviceFactory: IDeviceFactory from hardware/aw/display/hwc-hal/disp2/HomletDeviceFactory.cpp
01-01 08:00:12.908 275 299 I sunxihwc: Device name: raven
01-01 08:00:12.917 369 369 I wificond: wificond is starting up...
01-01 08:00:12.919 275 299 D sunxihwc: Device config file: /vendor/etc/dispconfigs/homlet-default.json
01-01 08:00:12.925 275 299 D sunxihwc: Parse 'Display0' config
01-01 08:00:12.925 275 299 D sunxihwc: Parse 'Display1' config
01-01 08:00:12.929 369 369 E cutils-trace: Error opening trace file: No such file or directory (2)
01-01 08:00:12.929 275 299 I HidlServiceManagement: Registered vendor.display.config@1.0::IDisplayConfig/default
01-01 08:00:12.929 275 299 D android.hardware.graphics.composer@2.2-service: IDisplayConfig register: ok
01-01 08:00:12.929 275 299 I sunxihwc: initialize: DisplayConfigService init: ok
01-01 08:00:12.929 275 299 D sunxihwc: setHotplugState: mbHotplug = 1
01-01 08:00:12.930 275 299 E sunxihwc: notifyDeviceChanged: DeviceChangedListener not register yet!
01-01 08:00:12.930 275 299 I sunxihwc: setVendorInterface: register IVendorInterface: 0xe8acf310
01-01 08:00:12.930 275 299 D sunxihwc: HAL device config file: /vendor/etc/dispconfigs/homlet-default.json
01-01 08:00:12.930 275 299 D sunxihwc: Displays (2 entries)
01-01 08:00:12.930 275 299 D sunxihwc: + Display{id=0, framebuffer=1920x1080(override=1), dpi=160x160}
01-01 08:00:12.930 275 299 D sunxihwc: DisplayEnginePortId=0
01-01 08:00:12.930 275 299 D sunxihwc: InterfaceType=HDMI
01-01 08:00:12.930 275 299 D sunxihwc: DefaultOutputMode=0
01-01 08:00:12.930 275 299 D sunxihwc: HotplugSupported=0
01-01 08:00:12.930 275 299 D sunxihwc: AfbcSupported=0
01-01 08:00:12.930 275 299 D sunxihwc: HardwareRotateSupported=0
01-01 08:00:12.930 275 299 D sunxihwc: BandwidthLimited=338800 Bytes per frame
01-01 08:00:12.930 275 299 D sunxihwc: + Display{id=1, framebuffer=1920x1080(override=1), dpi=160x160}
01-01 08:00:12.930 275 299 D sunxihwc: DisplayEnginePortId=1
01-01 08:00:12.930 275 299 D sunxihwc: InterfaceType=CVBS
01-01 08:00:12.930 275 299 D sunxihwc: DefaultOutputMode=0
01-01 08:00:12.930 275 299 D sunxihwc: HotplugSupported=0
01-01 08:00:12.930 275 299 D sunxihwc: AfbcSupported=0
01-01 08:00:12.930 275 299 D sunxihwc: HardwareRotateSupported=0
01-01 08:00:12.930 275 299 D sunxihwc: BandwidthLimited=338800 Bytes per frame
01-01 08:00:12.930 275 299 W sunxihwc: bringupDevices: display.1 was off, request type 2, try to bringup it!
01-01 08:00:12.930 275 299 I sunxihwc: scanConnectedDevice: wait for device connect
01-01 08:00:12.930 275 376 I sunxihwc: threadLoop: EventThread start
01-01 08:00:12.935 275 378 W displayd: xxxxxxx: threadedStartup begin
01-01 08:00:12.935 275 378 I sunxihwc: Device name: raven
01-01 08:00:12.936 275 378 D sunxihwc: Device config file: /vendor/etc/dispconfigs/homlet-default.json
01-01 08:00:12.936 275 378 D sunxihwc: Parse 'Display0' config
01-01 08:00:12.936 275 378 D sunxihwc: Parse 'Display1' config
01-01 08:00:12.937 275 378 W displayd: xxxxxxx: HAL device config file: /vendor/etc/dispconfigs/homlet-default.json
01-01 08:00:12.937 275 378 W displayd: Displays (2 entries)
01-01 08:00:12.937 275 378 W displayd: + Display{id=0, framebuffer=1920x1080(override=1), dpi=160x160}
01-01 08:00:12.937 275 378 W displayd: DisplayEnginePortId=0
01-01 08:00:12.937 275 378 W displayd: InterfaceType=HDMI
01-01 08:00:12.937 275 378 W displayd: DefaultOutputMode=0
01-01 08:00:12.937 275 378 W displayd: HotplugSupported=0
01-01 08:00:12.937 275 378 W displayd: AfbcSupported=0
01-01 08:00:12.937 275 378 W displayd: HardwareRotateSupported=0
01-01 08:00:12.937 275 378 W displayd: BandwidthLimited=338800 Bytes per frame
01-01 08:00:12.937 275 378 W displayd: + Display{id=1, framebuffer=1920x1080(override=1), dpi=160x160}
01-01 08:00:12.937 275 378 W displayd: DisplayEnginePortId=1
01-01 08:00:12.937 275 378 W displayd: InterfaceType=CVBS
01-01 08:00:12.937 275 378 W displayd: DefaultOutputMode=0
01-01 08:00:12.937 275 378 W displayd: HotplugSupported=0
01-01 08:00:12.937 275 378 W displayd: AfbcSupported=0
01-01 08:00:12.937 275 378 W displayd: HardwareRotateSupported=0
01-01 08:00:12.937 275 378 W displayd: BandwidthLimited=338800 Bytes per frame
01-01 08:00:12.937 275 378 W displayd: xxxxxxx: display output policy: dual
01-01 08:00:12.937 275 378 W displayd: xxxxxxx: Display.0 output type: 4
01-01 08:00:12.937 275 378 W displayd: xxxxxxx: Display.1 output type: 2
01-01 08:00:12.937 275 378 W displayd: xxxxxxx: createDevice: type=4 on port 0
01-01 08:00:12.938 275 378 W displayd: xxxxxxx: Device hdmi init
01-01 08:00:12.938 275 378 W displayd: xxxxxxx: createDevice: type=2 on port 1
01-01 08:00:12.938 275 378 W displayd: xxxxxxx: Device cvbs init
01-01 08:00:12.938 275 378 W displayd: xxxxxxx: Initizlize display device mapping
01-01 08:00:12.938 275 378 D displayd: xxxxxxx: updateConnectState: type=-1 connected=-1
01-01 08:00:12.938 275 378 W displayd: xxxxxxx: platformGetDeviceConnectStatePath:
01-01 08:00:12.938 275 378 W displayd: hdmi: /sys/class/extcon/extcon0/state
01-01 08:00:12.938 275 378 W displayd: cvbs: /sys/class/extcon/extcon1/state
01-01 08:00:12.938 275 378 D displayd: xxxxxxx: updated: type=2 connected=0
01-01 08:00:12.938 275 378 D displayd: xxxxxxx: updated: type=4 connected=1
01-01 08:00:12.939 275 378 W displayd: xxxxxxx: setupDefaultOutput: hdmi user strategy: 255
01-01 08:00:12.955 275 378 W edid : Parse block0:
01-01 08:00:12.955 275 378 W edid : Extension block count: 1
01-01 08:00:12.955 275 378 W edid : Parse CEA extension block (version: 3)
01-01 08:00:12.955 275 378 W edid : CEA data length: 49 bytes
01-01 08:00:12.955 275 378 E edid : parseCeaDataBlocks:unhandled EXTENDED_TAG code0
01-01 08:00:12.970 275 378 W displayd: xxxxxxx: performDefaultConfig dirty=0
01-01 08:00:12.970 275 378 W displayd: xxxxxxx: Old config: type[4] mode[10] pixelformat[1] bits[0] eotf[4] colorspace[257]
01-01 08:00:12.970 275 378 W displayd: xxxxxxx: New config: type[4] mode[10] pixelformat[1] bits[0] eotf[4] colorspace[257]
01-01 08:00:12.970 275 378 I sunxihwc: switchDevice: display[1]: type=2 mode=0 enable=0
01-01 08:00:12.970 275 378 I sunxihwc: switchDevice: display[0]: type=4 mode=10 enable=1
01-01 08:00:12.970 275 378 D sunxihwc: setHotplugState: mbHotplug = 1
01-01 08:00:12.970 275 378 I sunxihwc: createSyncTimeline: DisplayEngine Frequency: 696000000 Hz
01-01 08:00:12.970 275 378 I sunxihwc: setup: timeline0 create
01-01 08:00:12.970 275 378 E sunxihwc: readFromFile: Could not open '/sys/firmware/devicetree/base/dram/dram_clk', No such file or directory(2)
01-01 08:00:12.970 275 378 E sunxihwc: readFromFile: Could not open '/sys/firmware/devicetree/base/dram/dram_mr1', No such file or directory(2)
01-01 08:00:12.970 275 378 E sunxihwc: readFromFile: Could not open '/sys/firmware/devicetree/base/dram/dram_type', No such file or directory(2)
01-01 08:00:12.970 275 378 I sunxihwc: getDramInfoFromDeviceTree: draminfo: freq 0 MHz, bus width 32 bits, type 0
01-01 08:00:12.970 275 378 I sunxihwc: computeEffectiveBandwidth: dram effective bandwidth: 0 MBytes
01-01 08:00:12.970 275 378 E sunxihwc: calculateBandwidthLimitation: getDramFrequency return error(0), fallback to default bandwidth config
01-01 08:00:12.971 275 378 I sunxihwc: setup: Bandwidth limitation: 49152000 Bytes per frame
01-01 08:00:12.971 275 378 I sunxihwc: setDisplaydCb: get mDisplaydCb =0x0x696c4372
01-01 08:00:12.971 275 378 I sunxihwc: updateConnectedDevices: display[0] connected=1 type=4 device=0xe8a66e0c
01-01 08:00:12.971 275 378 I sunxihwc: updateConnectedDevices: display[1] connected=0 type=2 device=0x0
01-01 08:00:12.971 275 378 D sunxihwc: enqueueEvent: enqueueEvent: event 1
01-01 08:00:12.971 275 378 I sunxihwc: setMargin: display[0]: margin 100 100 100 100
01-01 08:00:12.972 275 376 W sunxihwc: deviceChangedEventProcess: Display.0 (hdmi0) connect
01-01 08:00:12.972 275 376 I sunxihwc: onHotplugReceived: display(0) connect state[1]
01-01 08:00:12.972 275 376 I sunxihwc: onHotplugReceived: display size: 0 display.0 0 display.1 0 display.0 0
01-01 08:00:12.972 275 376 W sunxihwc: onHotplugReceived: display(0) is 0xe8930010
01-01 08:00:12.972 275 376 D sunxihwc: setDisplays: display =0xe8930010
01-01 08:00:12.972 275 376 D sunxihwc: setDisplays: display size=1
01-01 08:00:12.972 275 299 D sunxihwc: enqueueEvent: enqueueEvent: event 1
01-01 08:00:12.972 275 299 I sunxihwc: waitForHotplugIssued: Wait for display connect
01-01 08:00:12.972 275 381 I sunxihwc: pollThreadLoop: polling VsyncThread start
01-01 08:00:12.973 275 376 D sunxihwc: setHotplugState: mbHotplug = 0
01-01 08:00:12.973 275 376 D sunxihwc: setHotplugState: mbHotplug = 0
01-01 08:00:12.973 290 290 I SurfaceFlinger: onComposerHalHotplug(0, connected)
01-01 08:00:12.973 290 290 I HWComposer: Switching to legacy multi-display mode
01-01 08:00:12.973 369 369 I HidlServiceManagement: Registered android.system.wifi.keystore@1.0::IKeystore/default
01-01 08:00:12.974 290 290 E HWComposer: getAttribute: getDisplayAttribute failed for display 0: BadConfig (1)
01-01 08:00:12.974 290 290 E HWComposer: getDisplayConnectionType: getDisplayConnectionType failed for display 0: Unsupported (8)
01-01 08:00:12.975 290 384 W EventThread: Ignoring VSYNC request while display is disconnected
01-01 08:00:12.976 290 384 W EventThread: Ignoring VSYNC request while display is disconnected
01-01 08:00:12.976 290 385 W EventThread: Ignoring VSYNC request while display is disconnected
01-01 08:00:12.976 290 385 W EventThread: Ignoring VSYNC request while display is disconnected
01-01 08:00:12.977 290 384 W EventThread: Ignoring VSYNC request while display is disconnected
01-01 08:00:12.977 290 384 W EventThread: Ignoring VSYNC request while display is disconnected
01-01 08:00:12.977 275 299 D sunxihwc: getHdrCapabilities: getHdrCapabilities: support hdr10 and hlg
01-01 08:00:12.978 290 290 W HwcComposer: getPerFrameMetadataKeys failed with 8
01-01 08:00:12.980 275 378 W displayd: xxxxxxx: Turen on display(0), margin(100,100,100,100)
01-01 08:00:12.984 272 300 I gralloc : alloc buffer:W:1920 H:1080 S:1920 PL[1920 1080] SZ:8294400 fmt:1 if:0 af:1 usg:1b00 fg:00000004
01-01 08:00:12.985 372 372 D dom2reg : timezone change, new: Asia/Shanghai, pre:
01-01 08:00:12.986 372 372 D dom2reg : convert timezone to alpha2 country code: CN
01-01 08:00:12.989 272 300 I gralloc : alloc buffer:W:1920 H:1080 S:1920 PL[1920 1080] SZ:8294400 fmt:1 if:0 af:1 usg:1b00 fg:00000004
01-01 08:00:12.932 275 275 I MQ-Thread: type=1400 audit(0.0:267): avc: denied { read } for name="u:object_r:system_prop:s0" dev="tmpfs" ino=5967 scontext=u:r:hal_graphics_composer_default:s0 tcontext=u:object_r:system_prop:s0 tclass=file permissive=1
01-01 08:00:12.990 290 290 I SurfaceFlinger: Dispatching display hotplug event displayId=0, connected=1
01-01 08:00:12.991 275 380 I sunxihwc: threadLoop: set CommitThread priority as HAL_PRIORITY_URGENT_DISPLAY
01-01 08:00:12.991 290 390 W SurfaceFlinger: Failed to set thread name on dispatch thread
01-01 08:00:12.995 275 378 W displayd: xxxxxxx: Current device mapping:
01-01 08:00:12.995 275 378 W displayd: + display [1]: enable=0 type=2 mode=0
01-01 08:00:12.995 275 378 W displayd: + display [0]: enable=1 type=4 mode=10
01-01 08:00:12.995 275 378 I sunxihwc: registerCallback: registerCallback mEventCallback =0x0
01-01 08:00:12.995 275 378 I sunxihwc: setDisplaydCb: get mDisplaydCb =0x0xe8b03410
01-01 08:00:12.996 275 378 W displayd: xxxxxxx: threadedStartup end
01-01 08:00:13.008 372 372 D dom2reg : regulatory set to [CN] success(0)
01-01 08:00:13.015 283 283 I display.output-service: platform is homlet
01-01 08:00:13.019 185 185 I hw-BpHwBinder: onLastStrongRef automatically unlinking death recipients
01-01 08:00:13.053 373 373 D WifiHWInfo: Start to load wireless module hardware info table...
01-01 08:00:13.054 184 184 I servicemanager: Found vendor.display.output.IDisplayOutputManager/default in device VINTF manifest.
01-01 08:00:13.057 373 373 D WifiHWInfo: Entry [01], BUS: SDIO, ID: 0x024C8179, Name: rtl8189es.
01-01 08:00:13.057 373 373 D WifiHWInfo: Entry [02], BUS: SDIO, ID: 0x024CB723, Name: rtl8723bs_vq0.
01-01 08:00:13.057 373 373 D WifiHWInfo: Entry [03], BUS: SDIO, ID: 0x024CB703, Name: rtl8723cs.
01-01 08:00:13.057 373 373 D WifiHWInfo: Entry [04], BUS: SDIO, ID: 0x024CD723, Name: rtl8723ds.
01-01 08:00:13.057 373 373 D WifiHWInfo: Entry [05], BUS: SDIO, ID: 0x024CF179, Name: rtl8189fs.
01-01 08:00:13.057 373 373 D WifiHWInfo: Entry [06], BUS: SDIO, ID: 0x024CB822, Name: rtl88x2bs.
01-01 08:00:13.057 373 373 D WifiHWInfo: Entry [07], BUS: USB, ID: 0x0BDAD723, Name: rtl8723du.
01-01 08:00:13.057 373 373 D WifiHWInfo: Entry [08], BUS: USB, ID: 0x0BDA8179, Name: rtl8188etv.
01-01 08:00:13.057 373 373 D WifiHWInfo: Entry [09], BUS: USB, ID: 0x0BDA0179, Name: rtl8188eu.
01-01 08:00:13.057 373 373 D WifiHWInfo: Entry [10], BUS: USB, ID: 0x0BDA818B, Name: rtl8192eu.
01-01 08:00:13.057 373 373 D WifiHWInfo: Entry [11], BUS: USB, ID: 0x0BDAB720, Name: rtl8723bu.
01-01 08:00:13.057 373 373 D WifiHWInfo: Entry [12], BUS: USB, ID: 0x0BDAC82C, Name: rtl8822cu.
01-01 08:00:13.057 373 373 D WifiHWInfo: Entry [13], BUS: USB, ID: 0x0BDAF179, Name: rtl8188fu.
01-01 08:00:13.057 373 373 D WifiHWInfo: Entry [14], BUS: SDIO, ID: 0x02D0A9A6, Name: ap6212.
01-01 08:00:13.057 373 373 D WifiHWInfo: Entry [15], BUS: SDIO, ID: 0x02D04330, Name: ap6330.
01-01 08:00:13.057 373 373 D WifiHWInfo: Entry [16], BUS: SDIO, ID: 0x02D04356, Name: ap6356s.
01-01 08:00:13.057 373 373 D WifiHWInfo: Entry [17], BUS: SDIO, ID: 0x02D0A9BF, Name: ap6255.
01-01 08:00:13.057 373 373 D WifiHWInfo: Entry [18], BUS: SDIO, ID: 0x02D04334, Name: bcm43342.
01-01 08:00:13.057 373 373 D WifiHWInfo: Entry [19], BUS: SDIO, ID: 0x00202281, Name: xr819.
01-01 08:00:13.057 373 373 D WifiHWInfo: Entry [20], BUS: SDIO, ID: 0x0A9E2282, Name: xr829.
01-01 08:00:13.057 373 373 D WifiHWInfo: Entry [21], BUS: SDIO, ID: 0x0271050A, Name: qca6174a.
01-01 08:00:13.057 373 373 D WifiHWInfo: Entry [22], BUS: SDIO, ID: 0x30303030, Name: ssv6x5x.
01-01 08:00:13.057 373 373 D WifiHWInfo: Entry [23], BUS: SDIO, ID: 0x00000000, Name: uwe5621.
01-01 08:00:13.057 373 373 D WifiHWInfo: Entry [24], BUS: SDIO, ID: 0x54490145, Name: aic8800.
01-01 08:00:13.057 373 373 D WifiHWInfo: Entry [25], BUS: SDIO, ID: 0xC8A1C08D, Name: aic8800.
01-01 08:00:13.057 373 373 D WifiHWInfo: Entry [26], BUS: USB, ID: 0xA69C8800, Name: aic8800.
01-01 08:00:13.057 373 373 D WifiHWInfo: Entry [27], BUS: USB, ID: 0x007A8888, Name: atbm6023is.
01-01 08:00:13.057 373 373 D WifiHWInfo: Entry [28], BUS: SDIO, ID: 0x02E79086, Name: 9012p.
01-01 08:00:13.057 373 373 D WifiHWInfo: Entry [29], BUS: SDIO, ID: 0x007A6011, Name: atbm613x_wifi_sdio.
01-01 08:00:13.057 373 373 D WifiHWInfo: Entry [30], BUS: SDIO, ID: 0x024CC822, Name: 88x2cs.
01-01 08:00:13.057 373 373 D WifiHWInfo: Entry [31], BUS: SDIO, ID: 0x000018F0, Name: dummy.
01-01 08:00:13.058 373 373 D HWINFO : ********** Wireless information **********
01-01 08:00:13.058 373 373 D HWINFO : module vendor: sprd
01-01 08:00:13.058 373 373 D HWINFO : module name : uwe5621
01-01 08:00:13.058 373 373 D HWINFO : wifi hal name: libwifi-hal-sprd.so
01-01 08:00:13.058 373 373 D HWINFO : libbt-vendor : libbt-sprd.so
01-01 08:00:13.058 373 373 D HWINFO : is bt support: 1
01-01 08:00:13.058 373 373 D HWINFO : ******************************************
