05-24 21:01:59.726 471 650 D Ethernet: got request NetworkRequest [ REQUEST id=1, [ Capabilities: INTERNET&NOT_RESTRICTED&TRUSTED&NOT_VPN&NOT_VCN_MANAGED RequestorUid: 1000 RequestorPkg: android] ]
05-24 21:01:59.726 471 650 D EthernetNetworkFactory: acceptRequest, request: NetworkRequest [ REQUEST id=1, [ Capabilities: INTERNET&NOT_RESTRICTED&TRUSTED&NOT_VPN&NOT_VCN_MANAGED RequestorUid: 1000 RequestorPkg: android] ]
05-24 21:01:59.726 471 650 I EthernetNetworkFactory: networkForRequest, request: NetworkRequest [ REQUEST id=1, [ Capabilities: INTERNET&NOT_RESTRICTED&TRUSTED&NOT_VPN&NOT_VCN_MANAGED RequestorUid: 1000 RequestorPkg: android] ], network: null
05-24 21:01:59.727 471 650 D Ethernet: got request NetworkRequest [ REQUEST id=19, [ Capabilities: INTERNET&NOT_RESTRICTED&TRUSTED&NOT_VCN_MANAGED Uid: 1073 RequestorUid: 1073 RequestorPkg: com.android.networkstack] ]
05-24 21:01:59.727 471 650 D EthernetNetworkFactory: acceptRequest, request: NetworkRequest [ REQUEST id=19, [ Capabilities: INTERNET&NOT_RESTRICTED&TRUSTED&NOT_VCN_MANAGED Uid: 1073 RequestorUid: 1073 RequestorPkg: com.android.networkstack] ]
05-24 21:01:59.727 471 650 I EthernetNetworkFactory: networkForRequest, request: NetworkRequest [ REQUEST id=19, [ Capabilities: INTERNET&NOT_RESTRICTED&TRUSTED&NOT_VCN_MANAGED Uid: 1073 RequestorUid: 1073 RequestorPkg: com.android.networkstack] ], network: null
05-24 21:01:59.820 471 1001 D CCodecBufferChannel: [c2.android.vorbis.decoder#251] MediaCodec discarded an unknown buffer
05-24 21:01:59.820 471 1001 D CCodecBufferChannel: [c2.android.vorbis.decoder#251] MediaCodec discarded an unknown buffer
05-24 21:01:59.820 471 1001 D CCodecBufferChannel: [c2.android.vorbis.decoder#251] MediaCodec discarded an unknown buffer
05-24 21:01:59.827 471 1001 I hw-BpHwBinder: onLastStrongRef automatically unlinking death recipients
05-24 21:01:59.828 388 422 I hw-BpHwBinder: onLastStrongRef automatically unlinking death recipients
05-24 21:01:59.830 388 422 V C2Store : in ~ComponentModule
05-24 21:01:59.830 388 422 V C2Store : unloading dll
05-24 21:01:59.960 167 167 I init : type=1400 audit(0.0:382): avc: denied { write } for name="dirty_expire_centisecs" dev="proc" ino=15413 scontext=u:r:vendor_init:s0 tcontext=u:object_r:proc_dirty:s0 tclass=file permissive=1
01-01 08:00:24.607 167 167 I init (167): drop_caches: 3
05-24 21:01:59.986 317 319 D XM_HIDREAD: add@ add@/kernel/slab/:0000008
05-24 21:01:59.984 328 328 I xiriservice_All: type=1400 audit(0.0:383): avc: denied { read } for scontext=u:r:init:s0 tcontext=u:r:init:s0 tclass=netlink_kobject_uevent_socket permissive=1
01-01 08:00:24.642 1 1 I zram0 : detected capacity change from 0 to 1541578752
05-24 21:02:00.044 471 490 I system_server: Background young concurrent copying GC freed 113830(5905KB) AllocSpace objects, 18(932KB) LOS objects, 28% free, 12MB/17MB, paused 3.268ms total 465.280ms
05-24 21:02:00.049 471 492 W System : A resource failed to call release.
05-24 21:02:00.050 471 492 W System : A resource failed to call release.
05-24 21:02:00.050 471 492 W System : A resource failed to call release.
05-24 21:02:00.050 471 492 W System : A resource failed to call release.
01-01 08:00:24.721 1 1 I mkswap : Swapspace size: 1505444k, UUID=57dc723e-2a76-4ef9-94ce-65cf356866d1
01-01 08:00:24.752 1 1 I : Adding 1505444k swap on /dev/block/zram0. Priority:-2 extents:1 across:1505444k SS
05-24 21:02:00.120 1011 1011 I init : type=1400 audit(0.0:384): avc: denied { entrypoint } for path="/system/bin/appsdisable" dev="dm-0" ino=892 scontext=u:r:shell:s0 tcontext=u:object_r:system_file:s0 tclass=file permissive=1
05-24 21:02:00.190 307 307 D XiriService: check file name: /data/data/com.android.cts.priv.ctsshim/lib
05-24 21:02:00.188 307 307 I xiriservice_All: type=1400 audit(0.0:385): avc: denied { search } for name="com.android.cts.priv.ctsshim" dev="mmcblk0p25" ino=586 scontext=u:r:init:s0 tcontext=u:object_r:privapp_data_file:s0:c512,c768 tclass=dir permissive=1
05-24 21:02:00.188 307 307 I xiriservice_All: type=1400 audit(0.0:386): avc: denied { read } for name="lib" dev="mmcblk0p25" ino=39658 scontext=u:r:init:s0 tcontext=u:object_r:privapp_data_file:s0:c512,c768 tclass=lnk_file permissive=1
05-24 21:02:00.196 307 307 D XiriService: check file name: /data/data/com.android.cts.priv.ctsshim/lib
05-24 21:02:00.196 307 307 D XiriService: check file name: /data/data/com.android.dynsystem/lib
05-24 21:02:00.192 307 307 I xiriservice_All: type=1400 audit(0.0:387): avc: denied { search } for name="com.android.dynsystem" dev="mmcblk0p25" ino=594 scontext=u:r:init:s0 tcontext=u:object_r:system_app_data_file:s0 tclass=dir permissive=1
05-24 21:02:00.192 307 307 I xiriservice_All: type=1400 audit(0.0:388): avc: denied { read } for name="lib" dev="mmcblk0p25" ino=39762 scontext=u:r:init:s0 tcontext=u:object_r:system_app_data_file:s0 tclass=lnk_file permissive=1
05-24 21:02:00.200 307 307 D XiriService: check file name: /data/data/com.dangbei.lerad.rocky/lib
05-24 21:02:00.204 307 307 D XiriService: check file name: /data/data/com.dangbei.lerad.rocky/lib
05-24 21:02:00.204 307 307 D XiriService: check file name: /data/data/com.android.tv.settings/lib
05-24 21:02:00.205 307 307 D XiriService: check file name: /data/data/com.oranth.factory/lib
05-24 21:02:00.209 307 307 D XiriService: check file name: /data/data/com.dangbei.zhushou.os/lib
05-24 21:02:00.209 307 307 D XiriService: check file name: /data/data/com.sohu.inputmethod.sogou.tv/lib
05-24 21:02:00.204 307 307 I xiriservice_All: type=1400 audit(0.0:389): avc: denied { search } for name="com.sohu.inputmethod.sogou.tv" dev="mmcblk0p25" ino=1418 scontext=u:r:init:s0 tcontext=u:object_r:app_data_file:s0:c49,c256,c512,c768 tclass=dir permissive=1
05-24 21:02:00.208 307 307 I xiriservice_All: type=1400 audit(0.0:390): avc: denied { read } for name="lib" dev="mmcblk0p25" ino=39684 scontext=u:r:init:s0 tcontext=u:object_r:app_data_file:s0:c49,c256,c512,c768 tclass=lnk_file permissive=1
05-24 21:02:00.216 307 307 D XiriService: check file name: /data/data/com.sohu.inputmethod.sogou.tv/lib
05-24 21:02:00.221 307 307 D XiriService: check file name: /data/data/com.oranth.ledstatus/lib
05-24 21:02:00.223 307 307 D XiriService: check file name: /data/data/com.oranth.ledstatus/lib
05-24 21:02:00.234 307 307 D XiriService: check file name: /data/data/com.ktcp.video/lib
05-24 21:02:00.232 307 307 I xiriservice_All: type=1400 audit(0.0:391): avc: denied { search } for name="com.ktcp.video" dev="mmcblk0p25" ino=32334 scontext=u:r:init:s0 tcontext=u:object_r:app_data_file:s0:c512,c768 tclass=dir permissive=1
05-24 21:02:00.232 307 307 I xiriservice_All: type=1400 audit(0.0:392): avc: denied { read } for name="lib" dev="mmcblk0p25" ino=39688 scontext=u:r:init:s0 tcontext=u:object_r:app_data_file:s0:c512,c768 tclass=lnk_file permissive=1
05-24 21:02:00.240 307 307 D XiriService: check file name: /data/data/com.ktcp.video/lib
05-24 21:02:00.240 307 307 D XiriService: check file name: /data/data/com.dangbei.lerad.videoposter/lib
05-24 21:02:00.242 307 307 D XiriService: check file name: /data/data/com.android.networkstack/lib
05-24 21:02:00.240 307 307 I xiriservice_All: type=1400 audit(0.0:393): avc: denied { read } for name="lib" dev="mmcblk0p25" ino=39771 scontext=u:r:init:s0 tcontext=u:object_r:radio_data_file:s0 tclass=lnk_file permissive=1
05-24 21:02:00.245 307 307 D XiriService: check file name: /data/data/com.android.networkstack/lib
05-24 21:02:00.247 307 307 D XiriService: check file name: /data/data/android/lib
05-24 21:02:00.249 307 307 D XiriService: check file name: /data/data/android/lib
05-24 21:02:00.250 307 307 D XiriService: check file name: /data/data/com.dangbei.screencast/lib
05-24 21:02:00.252 307 307 D XiriService: check file name: /data/data/com.dangbei.screencast/lib
05-24 21:02:00.261 307 307 D XiriService: check file name: /data/data/com.dangbei.leard.leradlauncher/lib
05-24 21:02:00.262 307 307 D XiriService: check file name: /data/data/com.dangbei.leard.leradlauncher/lib
05-24 21:02:00.268 317 319 D XM_HIDREAD: add@ add@/class/hci_reg
05-24 21:02:00.268 317 319 D XM_HIDREAD: add@ add@/module/sunxi_hci
05-24 21:02:00.269 307 307 D XiriService: check file name: /data/data/com.android.providers.settings/lib
05-24 21:02:00.264 328 328 I xiriservice_All: type=1400 audit(0.0:394): avc: denied { read } for scontext=u:r:init:s0 tcontext=u:r:init:s0 tclass=netlink_kobject_uevent_socket permissive=1
05-24 21:02:00.271 307 307 D XiriService: check file name: /data/data/com.android.providers.settings/lib
05-24 21:02:00.273 307 307 D XiriService: check file name: /data/data/com.android.printspooler/lib
05-24 21:02:00.268 307 307 I xiriservice_All: type=1400 audit(0.0:395): avc: denied { search } for name="com.android.printspooler" dev="mmcblk0p25" ino=948 scontext=u:r:init:s0 tcontext=u:object_r:app_data_file:s0:c43,c256,c512,c768 tclass=dir permissive=1
05-24 21:02:00.268 307 307 I xiriservice_All: type=1400 audit(0.0:396): avc: denied { read } for name="lib" dev="mmcblk0p25" ino=39700 scontext=u:r:init:s0 tcontext=u:object_r:app_data_file:s0:c43,c256,c512,c768 tclass=lnk_file permissive=1
05-24 21:02:00.276 1012 1012 I bootstat: Service started: /system/bin/bootstat --record_boot_complete --record_boot_reason --record_time_since_factory_reset -l
05-24 21:02:00.277 307 307 D XiriService: check file name: /data/data/com.android.printspooler/lib
05-24 21:02:00.277 307 307 D XiriService: check file name: /data/data/com.android.webview/lib
05-24 21:02:00.272 307 307 I xiriservice_All: type=1400 audit(0.0:397): avc: denied { search } for name="com.android.webview" dev="mmcblk0p25" ino=965 scontext=u:r:init:s0 tcontext=u:object_r:app_data_file:s0:c60,c256,c512,c768 tclass=dir permissive=1
05-24 21:02:00.272 307 307 I xiriservice_All: type=1400 audit(0.0:398): avc: denied { read } for name="lib" dev="mmcblk0p25" ino=39777 scontext=u:r:init:s0 tcontext=u:object_r:app_data_file:s0:c60,c256,c512,c768 tclass=lnk_file permissive=1
05-24 21:02:00.279 307 307 D XiriService: check file name: /data/data/com.android.inputdevices/lib
05-24 21:02:00.280 307 307 D XiriService: check file name: /data/data/com.android.inputdevices/lib
05-24 21:02:00.281 307 307 D XiriService: check file name: /data/data/com.android.bips/lib
05-24 21:02:00.283 307 307 D XiriService: check file name: /data/data/com.android.bips/lib
05-24 21:02:00.284 1012 1012 E bootstat: Failed to read /data/misc/bootstat/post_decrypt_time_elapsed: No such file or directory
05-24 21:02:00.284 1012 1012 E bootstat: Failed to parse boot time record: /data/misc/bootstat/post_decrypt_time_elapsed
05-24 21:02:00.285 307 307 D XiriService: check file name: /data/data/com.youjoy.strugglelandlord/lib
05-24 21:02:00.286 307 307 D XiriService: check file name: /data/data/com.youjoy.strugglelandlord/lib
05-24 21:02:00.286 307 307 D XiriService: check file name: /data/data/com.oranth.inputmacsn/lib
05-24 21:02:00.287 307 307 D XiriService: check file name: /data/data/com.oranth.inputmacsn/lib
05-24 21:02:00.288 307 307 D XiriService: check file name: /data/data/com.dangbei.hqmedia/lib
05-24 21:02:00.284 307 307 I xiriservice_All: type=1400 audit(0.0:399): avc: denied { search } for name="com.dangbei.hqmedia" dev="mmcblk0p25" ino=31883 scontext=u:r:init:s0 tcontext=u:object_r:app_data_file:s0:c76,c256,c512,c768 tclass=dir permissive=1
05-24 21:02:00.284 307 307 I xiriservice_All: type=1400 audit(0.0:400): avc: denied { read } for name="lib" dev="mmcblk0p25" ino=39708 scontext=u:r:init:s0 tcontext=u:object_r:app_data_file:s0:c76,c256,c512,c768 tclass=lnk_file permissive=1
05-24 21:02:00.284 325 325 I rainbow_flow: type=1400 audit(0.0:401): avc: denied { ioctl } for path="/dev/spidev1.0" dev="tmpfs" ino=2275 ioctlcmd=0x6b00 scontext=u:r:init:s0 tcontext=u:object_r:device:s0 tclass=chr_file permissive=1
05-24 21:02:00.291 307 307 D XiriService: check file name: /data/data/com.dangbei.hqmedia/lib
05-24 21:02:00.288 307 307 I xiriservice_All: type=1400 audit(0.0:402): avc: denied { search } for name="com.dangbei.hqmedia" dev="mmcblk0p25" ino=31883 scontext=u:r:init:s0 tcontext=u:object_r:app_data_file:s0:c76,c256,c512,c768 tclass=dir permissive=1
05-24 21:02:00.288 307 307 I xiriservice_All: type=1400 audit(0.0:403): avc: denied { read } for name="lib" dev="mmcblk0p25" ino=39782 scontext=u:r:init:s0 tcontext=u:object_r:app_data_file:s0 tclass=lnk_file permissive=1
05-24 21:02:00.291 307 307 D XiriService: check file name: /data/data/com.dangbei.hqmedia/lib
05-24 21:02:00.292 307 307 D XiriService: check file name: /data/data/com.android.keychain/lib
05-24 21:02:00.293 307 307 D XiriService: check file name: /data/data/com.android.keychain/lib
05-24 21:02:00.295 471 520 W IorapForwardingService: No service published for: iorapd
05-24 21:02:00.296 1012 1012 W bootstat: LogBootEvents, atomInfo not defined for events:last_boot_time_utc,build_date,ro.boottime.init.cold_boot_wait,boot_reason,system_boot_reason,time_since_last_boot
05-24 21:02:00.297 307 307 D XiriService: check file name: /data/data/android.ext.services/lib
05-24 21:02:00.299 307 307 D XiriService: check file name: /data/data/android.ext.services/lib
05-24 21:02:00.300 307 307 D XiriService: check file name: /data/data/com.android.localtransport/lib
05-24 21:02:00.302 307 307 D XiriService: check file name: /data/data/com.android.localtransport/lib
05-24 21:02:00.302 307 307 D XiriService: check file name: /data/data/com.android.packageinstaller/lib
05-24 21:02:00.303 307 307 D XiriService: check file name: /data/data/com.android.packageinstaller/lib
01-01 08:00:24.952 167 167 W sunxi-ehci: EHCI SUNXI driver
01-01 08:00:24.959 167 167 W : sunxi ehci0-controller don't init wakeup source
05-24 21:02:00.307 307 307 D XiriService: check file name: /data/data/com.oranth.usbopenft/lib
05-24 21:02:00.308 307 307 D XiriService: check file name: /data/data/com.oranth.usbopenft/lib
05-24 21:02:00.309 307 307 D XiriService: check file name: /data/data/com.android.networkstack.tethering/lib
05-24 21:02:00.310 307 307 D XiriService: check file name: /data/data/com.android.networkstack.tethering/lib
05-24 21:02:00.311 307 307 D XiriService: check file name: /data/data/com.dangbei.lerad.etna.haqu/lib
05-24 21:02:00.312 307 307 D XiriService: check file name: /data/data/com.dangbei.lerad.etna.haqu/lib
05-24 21:02:00.313 307 307 D XiriService: check file name: /data/data/com.oranth.powerwindow/lib
05-24 21:02:00.320 307 307 I xiriservice_All: type=1400 audit(0.0:404): avc: denied { search } for name="com.dangbei.lerad.screensaver" dev="mmcblk0p25" ino=1187 scontext=u:r:init:s0 tcontext=u:object_r:app_data_file:s0:c51,c256,c512,c768 tclass=dir permissive=1
05-24 21:02:00.320 307 307 I xiriservice_All: type=1400 audit(0.0:405): avc: denied { read } for name="lib" dev="mmcblk0p25" ino=39792 scontext=u:r:init:s0 tcontext=u:object_r:app_data_file:s0:c51,c256,c512,c768 tclass=lnk_file permissive=1
05-24 21:02:00.324 307 307 I xiriservice_All: type=1400 audit(0.0:406): avc: denied { search } for name="com.android.providers.media.module" dev="mmcblk0p25" ino=1266 scontext=u:r:init:s0 tcontext=u:object_r:privapp_data_file:s0:c74,c256,c512,c768 tclass=dir permissive=1
05-24 21:02:00.324 307 307 I xiriservice_All: type=1400 audit(0.0:407): avc: denied { read } for name="lib" dev="mmcblk0p25" ino=39794 scontext=u:r:init:s0 tcontext=u:object_r:privapp_data_file:s0:c74,c256,c512,c768 tclass=lnk_file permissive=1
01-01 08:00:24.971 167 167 W [sunxi-ehci0]: probe, pdev->name: 5101000.ehci0-controller, sunxi_ehci: 0xffffffc008f81018, 0x:ffffffc0136f5000, irq_no:32
01-01 08:00:24.985 1019 1019 W audit : audit_lost=1 audit_rate_limit=5 audit_backlog_limit=64
05-24 21:02:00.320 307 307 D XiriService: check file name: /data/data/com.oranth.powerwindow/lib
05-24 21:02:00.320 307 307 D XiriService: check file name: /data/data/com.android.networkstack.permissionconfig/lib
05-24 21:02:00.323 307 307 D XiriService: check file name: /data/data/com.dangbei.lerad.screensaver/lib
05-24 21:02:00.327 307 307 D XiriService: check file name: /data/data/com.dangbei.lerad.screensaver/lib
05-24 21:02:00.327 307 307 D XiriService: check file name: /data/data/com.android.wallpaperbackup/lib
05-24 21:02:00.328 307 307 D XiriService: check file name: /data/data/com.android.providers.media.module/lib
05-24 21:02:00.333 317 319 D XM_HIDREAD: add@ add@/devices/virtual/devlink/regulator.8--5101000.ehci0-controller
05-24 21:02:00.333 307 307 D XiriService: check file name: /data/data/com.android.providers.media.module/lib
05-24 21:02:00.333 307 307 D XiriService: check file name: /data/data/com.oranth.storage/lib
05-24 21:02:00.335 307 307 D XiriService: check file name: /data/data/com.android.location.fused/lib
05-24 21:02:00.336 307 307 D XiriService: check file name: /data/data/com.android.location.fused/lib
05-24 21:02:00.336 307 307 D XiriService: check file name: /data/data/com.android.location.fused/lib
05-24 21:02:00.337 307 307 D XiriService: check file name: /data/data/com.dangbei.haqusetting/lib
05-24 21:02:00.339 307 307 D XiriService: check file name: /data/data/com.dangbei.haqusetting/lib
05-24 21:02:00.340 307 307 D XiriService: check file name: /data/data/com.softwinner.miracastReceiver/lib
05-24 21:02:00.341 307 307 D XiriService: check file name: /data/data/com.softwinner.miracastReceiver/lib
05-24 21:02:00.341 307 307 D XiriService: check file name: /data/data/com.android.bluetooth/lib
05-24 21:02:00.344 471 521 V PackageManager: reconcileAppsData finished 116 packages
05-24 21:02:00.344 307 307 D XiriService: check file name: /data/data/com.android.bluetooth/lib
05-24 21:02:00.344 307 307 D XiriService: check file name: /data/data/com.cibn.tv/lib
05-24 21:02:00.344 471 521 I ActivityManager: User 0 state changed from RUNNING_LOCKED to RUNNING_UNLOCKING
01-01 08:00:24.992 167 167 I sunxi-ehci 5101000.ehci0-controller: EHCI Host Controller
01-01 08:00:24.994 1019 1019 E audit : rate limit exceeded
05-24 21:02:00.353 471 521 D ActivityManager: Unlocking user 0 progress 20
01-01 08:00:25.003 167 167 I sunxi-ehci 5101000.ehci0-controller: new USB bus registered, assigned bus number 1
05-24 21:02:00.368 471 521 D ActivityManagerTiming: FinishBooting took to complete: 949ms
05-24 21:02:00.369 471 521 D AW_CODE : rotation =0
05-24 21:02:00.372 471 539 W system_server: Long monitor contention with owner android.display (521) at void com.android.server.am.ActivityManagerService.finishBooting()(ActivityManagerService.java:4816) waiters=0 in void com.android.server.am.BroadcastQueue.processNextBroadcast(boolean) for 848ms
01-01 08:00:25.018 167 167 I sunxi-ehci 5101000.ehci0-controller: irq 50, io mem 0x05101000
05-24 21:02:00.377 471 521 D AW_CODE : rotation =0
05-24 21:02:00.380 471 521 D ColorDisplayService: setUp: currentUser=0
05-24 21:02:00.384 471 539 I SystemServerTimingAsync: ssm.UnlockingUser-0
05-24 21:02:00.384 471 539 I SystemServiceManager: Calling onUnlockingUser 0
05-24 21:02:00.387 471 471 W Looper : Slow dispatch took 385ms main h=com.android.server.alarm.AlarmManagerService$AlarmHandler c=com.android.server.alarm.AlarmManagerService$3$$ExternalSyntheticLambda0@9983acb m=0
05-24 21:02:00.392 471 521 D ColorDisplayService: onNightDisplayAutoModeChanged: autoMode=0
05-24 21:02:00.392 471 521 I ColorDisplayService: Turning off night display
05-24 21:02:00.392 471 521 D ColorDisplayService: Setting bright color reduction level: 50
05-24 21:02:00.399 678 678 D SystemUIService: Starting Wifi now
05-24 21:02:00.405 471 539 D BluetoothManagerService: User 0 unlocked
05-24 21:02:00.406 471 539 D StorageManagerService: onUnlockUser 0
05-24 21:02:00.406 471 539 I StorageSessionController: On user unlock 0
05-24 21:02:00.407 471 539 I StorageSessionController: Initialialising...
05-24 21:02:00.408 190 190 I vold : onUserStarted: 0
05-24 21:02:00.409 471 520 D BluetoothManagerService: MESSAGE_USER_UNLOCKED
05-24 21:02:00.410 471 471 W Looper : Slow delivery took 385ms main h=com.android.server.alarm.AlarmManagerService$AlarmHandler c=null m=4
01-01 08:00:25.044 167 167 I sunxi-ehci 5101000.ehci0-controller: USB 2.0 started, EHCI 1.00
01-01 08:00:25.059 167 167 I usb1 : New USB device found, idVendor=1d6b, idProduct=0002, bcdDevice= 5.04
01-01 08:00:25.070 167 167 I usb1 : New USB device strings: Mfr=3, Product=2, SerialNumber=1
01-01 08:00:25.079 167 167 I usb1 : Product: EHCI Host Controller
05-24 21:02:00.437 822 822 W ContextImpl: Calling a method in the system process without a qualified user: android.app.ContextImpl.startService:1816 android.content.ContextWrapper.startService:774 android.content.ContextWrapper.startService:774 com.android.tv.settings.users.UserSwitchListenerService$BootReceiver.onReceive:50 android.app.ActivityThread.handleReceiver:4308
01-01 08:00:25.085 167 167 I usb1 : Manufacturer: Linux 5.4.125+ ehci_hcd
05-24 21:02:00.440 471 538 I UsageStatsService: User[0] Rollover scheduled @ 2025-05-25 21:02:00(1748178120417)
05-24 21:02:00.440 471 538 I UsageStatsService: Time changed in by 1748091695 seconds
05-24 21:02:00.441 471 538 W AppHibernationService: Attempt to call setHibernatingForUser before states have been read from disk
05-24 21:02:00.441 471 538 W AppHibernationService: Attempt to call setHibernatingForUser before states have been read from disk
05-24 21:02:00.441 471 538 W AppHibernationService: Attempt to call setHibernatingForUser before states have been read from disk
05-24 21:02:00.441 471 538 W AppHibernationService: Attempt to call setHibernatingForUser before states have been read from disk
05-24 21:02:00.442 471 539 W TextServicesManagerService: no available spell checker services found
05-24 21:02:00.442 471 538 W AppHibernationService: Attempt to call setHibernatingForUser before states have been read from disk
05-24 21:02:00.443 471 539 D WifiService: Handle user unlock 0
05-24 21:02:00.443 678 678 D Tonal : Tonal Palette - index: 4. Main color: ff1e447a
05-24 21:02:00.443 678 678 D Tonal : Colors: ff060d1a, ff0b162e, ff102343, ff17305c, ff1e447a, ff254a99, ff2d58b7, ff6180c3, ff6f8adc, ff889ce2, ffa5b0e9, ffced4f3, ffeaedfa
05-24 21:02:00.443 471 538 W AppHibernationService: Attempt to call setHibernatingForUser before states have been read from disk
05-24 21:02:00.443 678 678 D Tonal : Gradients:
05-24 21:02:00.443 678 678 D Tonal : Normal GradientColors(ff1e447a, ff1e447a)
05-24 21:02:00.443 678 678 D Tonal : Dark GradientColors(ff17305c, ff17305c)
05-24 21:02:00.443 678 678 D Tonal : Extra dark: GradientColors(ff102343, ff102343)
05-24 21:02:00.443 471 538 W AppHibernationService: Attempt to call setHibernatingForUser before states have been read from disk
05-24 21:02:00.443 678 678 D Tonal : Tonal Palette - index: 4. Main color: ff1e447a
05-24 21:02:00.443 678 678 D Tonal : Colors: ff060d1a, ff0b162e, ff102343, ff17305c, ff1e447a, ff254a99, ff2d58b7, ff6180c3, ff6f8adc, ff889ce2, ffa5b0e9, ffced4f3, ffeaedfa
05-24 21:02:00.443 678 678 D Tonal : Gradients:
05-24 21:02:00.443 678 678 D Tonal : Normal GradientColors(ff1e447a, ff1e447a)
05-24 21:02:00.443 678 678 D Tonal : Dark GradientColors(ff17305c, ff17305c)
05-24 21:02:00.443 678 678 D Tonal : Extra dark: GradientColors(ff102343, ff102343)
05-24 21:02:00.443 471 538 W AppHibernationService: Attempt to call setHibernatingForUser before states have been read from disk
05-24 21:02:00.443 471 539 I WallpaperManagerService: on-unlock-user-0
05-24 21:02:00.443 471 538 W AppHibernationService: Attempt to call setHibernatingForUser before states have been read from disk
05-24 21:02:00.443 471 539 D WallpaperManagerService: on-unlock-user-0 took to complete: 0ms
05-24 21:02:00.444 471 538 W AppHibernationService: Attempt to call setHibernatingForUser before states have been read from disk
05-24 21:02:00.444 471 538 W AppHibernationService: Attempt to call setHibernatingForUser before states have been read from disk
05-24 21:02:00.444 471 538 W AppHibernationService: Attempt to call setHibernatingForUser before states have been read from disk
05-24 21:02:00.445 471 538 W AppHibernationService: Attempt to call setHibernatingForUser before states have been read from disk
05-24 21:02:00.445 471 538 W AppHibernationService: Attempt to call setHibernatingForUser before states have been read from disk
05-24 21:02:00.445 471 538 W AppHibernationService: Attempt to call setHibernatingForUser before states have been read from disk
05-24 21:02:00.445 471 810 V StorageManagerService: Found primary storage at VolumeInfo{emulated;0}:
05-24 21:02:00.445 471 810 V StorageManagerService: type=EMULATED diskId=null partGuid= mountFlags=0 mountUserId=0
05-24 21:02:00.445 471 810 V StorageManagerService: state=UNMOUNTED
05-24 21:02:00.445 471 810 V StorageManagerService: fsType=null fsUuid=null fsLabel=null
05-24 21:02:00.445 471 810 V StorageManagerService: path=null internalPath=null
05-24 21:02:00.445 471 538 W AppHibernationService: Attempt to call setHibernatingForUser before states have been read from disk
01-01 08:00:25.093 167 167 I usb1 : SerialNumber: sunxi-ehci
05-24 21:02:00.446 471 600 I StorageManagerService: Mounting volume VolumeInfo{emulated;0}:
05-24 21:02:00.446 471 600 I StorageManagerService: type=EMULATED diskId=null partGuid= mountFlags=PRIMARY|VISIBLE
05-24 21:02:00.446 471 600 I StorageManagerService: mountUserId=0 state=UNMOUNTED
05-24 21:02:00.446 471 600 I StorageManagerService: fsType=null fsUuid=null fsLabel=null
05-24 21:02:00.446 471 600 I StorageManagerService: path=null internalPath=null
05-24 21:02:00.447 190 190 I vold : Mounting emulated fuse volume
05-24 21:02:00.448 317 319 D XM_HIDREAD: add@ add@/devices/platform/soc@3000000/5101000.ehci0-controller/usb1
05-24 21:02:00.451 471 538 I UsageStatsService: User[0] Flushing usage stats to disk
01-01 08:00:25.103 167 167 I hub 1-0 : 1.0: USB hub found
05-24 21:02:00.454 317 319 D XM_HIDREAD: add@ add@/devices/platform/soc@3000000/5101000.ehci0-controller/usb1/1-0:1.0
01-01 08:00:25.109 167 167 I hub 1-0 : 1.0: 1 port detected
05-24 21:02:00.467 317 319 D XM_HIDREAD: add@ add@/devices/virtual/bdi/0:47
05-24 21:02:00.468 190 190 I vold : Bind mounting /data/media to /mnt/pass_through/0/emulated
05-24 21:02:00.471 471 600 I StorageSessionController: On volume mount VolumeInfo{emulated;0}:
05-24 21:02:00.471 471 600 I StorageSessionController: type=EMULATED diskId=null partGuid= mountFlags=PRIMARY|VISIBLE
05-24 21:02:00.471 471 600 I StorageSessionController: mountUserId=0 state=CHECKING
05-24 21:02:00.471 471 600 I StorageSessionController: fsType=null fsUuid=null fsLabel=null
05-24 21:02:00.471 471 600 I StorageSessionController: path=/storage/emulated internalPath=/data/media
05-24 21:02:00.474 471 600 I StorageSessionController: Creating connection for user: 0
05-24 21:02:00.477 471 600 I StorageSessionController: Creating and starting session with id: emulated;0
05-24 21:02:00.480 471 600 I StorageUserConnection: Binding to the ExternalStorageService for user 0
05-24 21:02:00.483 471 539 W VoiceInteractionManager: no available voice recognition services found for user 0
05-24 21:02:00.484 471 996 I HibernationStateDiskStore: No hibernation file on disk for file /data/system_ce/0/hibernation/states
01-01 08:00:25.119 167 167 W : sunxi ehci1-controller don't init wakeup source
01-01 08:00:25.127 167 167 W [sunxi-ehci1]: probe, pdev->name: 5200000.ehci1-controller, sunxi_ehci: 0xffffffc008f816d8, 0x:ffffffc0154dd000, irq_no:34
05-24 21:02:00.488 471 633 I BackupManagerService: Starting service for user: 0
05-24 21:02:00.488 317 319 D XM_HIDREAD: add@ add@/devices/virtual/devlink/regulator.8--5200000.ehci1-controller
05-24 21:02:00.489 471 633 V BackupManagerService: [UserID:0] Starting with transport com.android.localtransport/.LocalTransport
05-24 21:02:00.492 471 633 D BackupManagerService: [UserID:0] Started thread backup-0
05-24 21:02:00.494 471 600 D CompatibilityChangeReporter: Compat change id reported: 135634846; UID 10074; state: DISABLED
01-01 08:00:25.143 167 167 I sunxi-ehci 5200000.ehci1-controller: EHCI Host Controller
01-01 08:00:25.151 167 167 I sunxi-ehci 5200000.ehci1-controller: new USB bus registered, assigned bus number 2
05-24 21:02:00.499 471 540 D CompatibilityChangeReporter: Compat change id reported: 143937733; UID 10074; state: ENABLED
05-24 21:02:00.500 471 600 I StorageUserConnection: Bound to the ExternalStorageService for user 0
05-24 21:02:00.505 471 519 D AutofillUI: destroySaveUiUiThread(): already destroyed
05-24 21:02:00.506 471 539 D AutofillManagerServiceImpl: Reset component for user 0:
05-24 21:02:00.508 471 471 W InputMethodUtils: Found no fallback locale. imis=[InputMethodInfo{com.sohu.inputmethod.sogou.tv/.SogouIME, settings: com.sohu.inputmethod.sogou.SogouIMESettingsLauncher}]
05-24 21:02:00.510 471 539 D FieldClassificationStrategy: reset(): service is not bound. Do nothing.
05-24 21:02:00.511 471 539 W AppBindingService: [Default SMS app] u0 Target package not found
01-01 08:00:25.162 167 167 I sunxi-ehci 5200000.ehci1-controller: irq 52, io mem 0x05200000
05-24 21:02:00.514 471 471 W InputMethodUtils: No software keyboard is found. imis=[InputMethodInfo{com.sohu.inputmethod.sogou.tv/.SogouIME, settings: com.sohu.inputmethod.sogou.SogouIMESettingsLauncher}] systemLocale=zh_CN fallbackLocale=null
05-24 21:02:00.517 471 471 I NotificationHistory: Attempted to unlock gone/disabled user 0
05-24 21:02:00.518 471 539 D SystemServerTimingAsync: ssm.UnlockingUser-0 took to complete: 130ms
05-24 21:02:00.518 471 539 I ActivityTaskManager: Loading recents for user 0 into memory.
05-24 21:02:00.524 471 633 I SELinux : SELinux: Loaded file_contexts
05-24 21:02:00.527 471 471 W Looper : Drained
05-24 21:02:00.528 247 247 D Zygote : Forked child process 1033
05-24 21:02:00.531 471 540 I Watchdog: Interesting Java process com.android.providers.media.module started. Pid 1033
05-24 21:02:00.532 471 540 I ActivityManager: app.processName = com.android.providers.media.module
05-24 21:02:00.532 471 540 I ActivityManager: Start proc 1033:com.android.providers.media.module/u0a74 for service {com.android.providers.media.module/com.android.providers.media.fuse.ExternalStorageServiceImpl}
05-24 21:02:00.535 471 1032 I AppSearchUserInstanceMa: Creating new AppSearch instance at: /data/system_ce/0/appsearch/icing
05-24 21:02:00.545 471 539 V PackageConfigPersister: loadPackages: empty list files from /data/system_ce/0/package_configs
05-24 21:02:00.545 471 519 D AW_CODE : rotation =0
05-24 21:02:00.548 471 519 D AW_CODE : rotation =0
05-24 21:02:00.549 1033 1033 I Zygote : seccomp disabled by setenforce 0
05-24 21:02:00.550 471 540 W ActivityManager: Slow operation: 57ms so far, now at startProcess: done updating pids map
01-01 08:00:25.184 167 167 I sunxi-ehci 5200000.ehci1-controller: USB 2.0 started, EHCI 1.00
01-01 08:00:25.196 167 167 E debugfs : Directory 'sunxi-ehci' with parent 'ehci' already present!
05-24 21:02:00.552 471 539 W ActivityManager: UserLifecycleEvent 5 received without an active userJourneySession.
05-24 21:02:00.552 471 539 W ActivityManager: UserLifecycleEvent 6 received without an active userJourneySession.
05-24 21:02:00.552 471 539 I ActivityManager: User 0 state changed from RUNNING_UNLOCKING to RUNNING_UNLOCKED
05-24 21:02:00.554 471 539 D SystemServerTiming: SystemUserUnlock took to complete: 1026ms
05-24 21:02:00.554 471 633 E BackupPasswordManager: Unable to read backup pw version
05-24 21:02:00.555 471 633 E BackupPasswordManager: Unable to read saved backup pw hash
05-24 21:02:00.555 471 539 I ActivityManager: com.dangbei.lerad.etna.haqu is exempt from freezer
05-24 21:02:00.556 471 539 D CompatibilityChangeReporter: Compat change id reported: 135634846; UID 1000; state: DISABLED
01-01 08:00:25.209 167 167 I usb2 : New USB device found, idVendor=1d6b, idProduct=0002, bcdDevice= 5.04
01-01 08:00:25.220 167 167 I usb2 : New USB device strings: Mfr=3, Product=2, SerialNumber=1
01-01 08:00:25.229 167 167 I usb2 : Product: EHCI Host Controller
01-01 08:00:25.236 167 167 I usb2 : Manufacturer: Linux 5.4.125+ ehci_hcd
05-24 21:02:00.581 247 247 D Zygote : Forked child process 1043
05-24 21:02:00.581 401 416 I adbd : jdwp connection from 1033
05-24 21:02:00.583 471 540 I ActivityManager: app.processName = com.dangbei.lerad.etna.haqu
05-24 21:02:00.583 471 540 I ActivityManager: Start proc 1043:com.dangbei.lerad.etna.haqu/1000 for added application com.dangbei.lerad.etna.haqu
05-24 21:02:00.588 471 1030 V BackupManagerConstants: getKeyValueBackupIntervalMilliseconds(...) returns 14400000
05-24 21:02:00.588 471 1030 V BackupManagerConstants: getKeyValueBackupFuzzMilliseconds(...) returns 600000
05-24 21:02:00.588 471 1030 V BackupManagerConstants: getKeyValueBackupRequiredNetworkType(...) returns 1
05-24 21:02:00.588 471 1030 V BackupManagerConstants: getKeyValueBackupRequireCharging(...) returns true
05-24 21:02:00.588 471 1030 V KeyValueBackupJob: Scheduling k/v pass in 248 minutes
01-01 08:00:25.243 167 167 I usb2 : SerialNumber: sunxi-ehci
05-24 21:02:00.596 317 319 D XM_HIDREAD: add@ add@/devices/platform/soc@3000000/5200000.ehci1-controller/usb2
05-24 21:02:00.598 317 319 D XM_HIDREAD: add@ add@/devices/platform/soc@3000000/5200000.ehci1-controller/usb2/2-0:1.0
05-24 21:02:00.599 471 539 I ActivityManager: Posting BOOT_COMPLETED user #0
01-01 08:00:25.252 167 167 I hub 2-0 : 1.0: USB hub found
05-24 21:02:00.607 471 633 V BackupManagerService: [UserID:0] No ancestral data
05-24 21:02:00.609 1043 1043 I Zygote : seccomp disabled by setenforce 0
01-01 08:00:25.258 167 167 I hub 2-0 : 1.0: 1 port detected
01-01 08:00:25.267 167 167 W : sunxi ehci2-controller don't init wakeup source
05-24 21:02:00.622 471 1030 D ConnectivityService: requestNetwork for uid/pid:1000/471 activeRequest: null callbackRequest: 22 [NetworkRequest [ REQUEST id=23, [ Capabilities: INTERNET&NOT_RESTRICTED&TRUSTED&NOT_VCN_MANAGED Uid: 1000 RequestorUid: 1000 RequestorPkg: android] ]] callback flags: 0 priority: 2147483647
05-24 21:02:00.622 471 538 W Searchables: No global search activity found
05-24 21:02:00.626 471 518 I AppWidgetServiceImpl: Processing of handleUserUnlocked u0 took 27 ms
05-24 21:02:00.628 471 538 I system_server: Using smaps_rollup for pss collection
05-24 21:02:00.628 471 614 D ConnectivityService: NetReassign [no changes]
01-01 08:00:25.274 167 167 W [sunxi-ehci2]: probe, pdev->name: 5310000.ehci2-controller, sunxi_ehci: 0xffffffc008f81d98, 0x:ffffffc015585000, irq_no:36
05-24 21:02:00.629 471 651 D PPPOE : got request NetworkRequest [ REQUEST id=23, [ Capabilities: INTERNET&NOT_RESTRICTED&TRUSTED&NOT_VCN_MANAGED Uid: 1000 RequestorUid: 1000 RequestorPkg: android] ]
05-24 21:02:00.630 471 650 D Ethernet: got request NetworkRequest [ REQUEST id=23, [ Capabilities: INTERNET&NOT_RESTRICTED&TRUSTED&NOT_VCN_MANAGED Uid: 1000 RequestorUid: 1000 RequestorPkg: android] ]
05-24 21:02:00.630 471 650 D EthernetNetworkFactory: acceptRequest, request: NetworkRequest [ REQUEST id=23, [ Capabilities: INTERNET&NOT_RESTRICTED&TRUSTED&NOT_VCN_MANAGED Uid: 1000 RequestorUid: 1000 RequestorPkg: android] ]
05-24 21:02:00.630 471 650 I EthernetNetworkFactory: networkForRequest, request: NetworkRequest [ REQUEST id=23, [ Capabilities: INTERNET&NOT_RESTRICTED&TRUSTED&NOT_VCN_MANAGED Uid: 1000 RequestorUid: 1000 RequestorPkg: android] ], network: null
05-24 21:02:00.636 280 280 D hdmi-cec: cec physical address: 2.0.0.0
05-24 21:02:00.636 317 319 D XM_HIDREAD: add@ add@/devices/virtual/devlink/regulator.8--5310000.ehci2-controller
05-24 21:02:00.638 280 280 D hdmi-cec: cec physical address: 2.0.0.0
05-24 21:02:00.638 280 280 D hdmi-cec: cec physical address: 2.0.0.0
05-24 21:02:00.639 280 280 D hdmi-cec: addLogicalAddress (4)
05-24 21:02:00.640 665 665 D BluetoothOppFileProvider: Initialized
05-24 21:02:00.641 280 280 D hdmi-cec: cec physical address: 2.0.0.0
01-01 08:00:25.290 167 167 I sunxi-ehci 5310000.ehci2-controller: EHCI Host Controller
01-01 08:00:25.298 167 167 I sunxi-ehci 5310000.ehci2-controller: new USB bus registered, assigned bus number 3
05-24 21:02:00.657 822 822 D FallbackHome: User unlocked and real home found; let's go!
01-01 08:00:25.309 167 167 I sunxi-ehci 5310000.ehci2-controller: irq 54, io mem 0x05310000
05-24 21:02:00.667 401 416 I adbd : jdwp connection from 1043
05-24 21:02:00.670 678 948 V WallpaperService: Setting wallpaper dimming: 0.05
05-24 21:02:00.689 290 290 I BpBinder: onLastStrongRef automatically unlinking death recipients:
05-24 21:02:00.695 471 750 I ActivityStarter: ---START u0 {act=android.intent.action.MAIN cat=[android.intent.category.HOME] flg=0x10000100 cmp=com.dangbei.leard.leradlauncher/com.dangbei.launcher.home.LauncherActivity (has extras)} from uid 0
05-24 21:02:00.707 471 1032 W UnsafeUtil: platform method missing - proto runtime falling back to safer methods: java.lang.NoSuchMethodException: sun.misc.Unsafe.copyMemory [class java.lang.Object, long, class java.lang.Object, long, long]
05-24 21:02:00.716 471 750 D CompatibilityChangeReporter: Compat change id reported: 174042980; UID 1000; state: DISABLED
05-24 21:02:00.726 471 750 D ActivityTaskManager: isHomeLauncher info= ActivityInfo{c061499 com.dangbei.launcher.home.LauncherActivity}
05-24 21:02:00.745 279 279 I AW_PowerHAL: Power setMode: SUSTAINED_PERFORMANCE to: 1
05-24 21:02:00.751 471 750 D CompatibilityChangeReporter: Compat change id reported: 168419799; UID 1000; state: DISABLED
05-24 21:02:00.761 471 539 W ActivityManager: Slow operation: 89ms so far, now at startProcess: done creating new process record
05-24 21:02:00.762 471 539 W ActivityManager: Slow operation: 90ms so far, now at startProcess: stepping in to startProcess
05-24 21:02:00.765 471 539 D CompatibilityChangeReporter: Compat change id reported: 135634846; UID 10022; state: DISABLED
05-24 21:02:00.766 471 539 D CompatibilityChangeReporter: Compat change id reported: 177438394; UID 10022; state: DISABLED
05-24 21:02:00.766 471 539 D CompatibilityChangeReporter: Compat change id reported: 135772972; UID 10022; state: DISABLED
05-24 21:02:00.766 471 539 D CompatibilityChangeReporter: Compat change id reported: 135754954; UID 10022; state: ENABLED
05-24 21:02:00.766 471 539 W ActivityManager: Slow operation: 94ms so far, now at startProcess: done starting proc!
05-24 21:02:00.767 471 540 D CompatibilityChangeReporter: Compat change id reported: 143937733; UID 10022; state: ENABLED
05-24 21:02:00.769 471 539 I SystemServerTimingAsync: ssm.UnlockedUser-0
05-24 21:02:00.769 471 539 I SystemServiceManager: Calling onUnlockedUser 0
05-24 21:02:00.770 279 279 W AW_PowerHAL: Could not open nsi-bw: No such file or directory
05-24 21:02:00.770 279 279 I AW_PowerHAL: cur-mode:PERFORMANCE
05-24 21:02:00.772 280 280 D hdmi-cec: cec physical address: 2.0.0.0
05-24 21:02:00.778 185 185 I hwservicemanager: getTransport: Cannot find entry android.hardware.graphics.mapper@4.0::IMapper/default in either framework or device VINTF manifest.
05-24 21:02:00.783 471 539 I LaunchParamsPersister: Didn't find launch param folder for user 0
05-24 21:02:00.789 471 496 D CompatibilityChangeReporter: Compat change id reported: 168419799; UID 10074; state: DISABLED
05-24 21:02:00.796 247 247 D Zygote : Forked child process 1067
05-24 21:02:00.797 471 539 D SystemServerTimingAsync: ssm.UnlockedUser-0 took to complete: 27ms
05-24 21:02:00.797 471 539 W ActivityManager: UserLifecycleEvent 6 received without an active userJourneySession.
05-24 21:02:00.801 678 948 I Gralloc4: mapper 4.x is not supported
05-24 21:02:00.813 1067 1067 I Zygote : seccomp disabled by setenforce 0
05-24 21:02:00.816 471 521 I ActivityManager: com.dangbei.leard.leradlauncher is exempt from freezer
05-24 21:02:00.817 471 521 D CompatibilityChangeReporter: Compat change id reported: 135634846; UID 1000; state: DISABLED
05-24 21:02:00.817 1033 1033 D CompatibilityChangeReporter: Compat change id reported: 171979766; UID 10074; state: DISABLED
05-24 21:02:00.826 1043 1043 D CompatibilityChangeReporter: Compat change id reported: 171979766; UID 1000; state: DISABLED
05-24 21:02:00.829 185 185 I hwservicemanager: getTransport: Cannot find entry android.hardware.graphics.mapper@3.0::IMapper/default in either framework or device VINTF manifest.
05-24 21:02:00.830 678 948 W Gralloc3: mapper 3.x is not supported
05-24 21:02:00.846 471 540 W ActivityManager: Slow operation: 84ms so far, now at startProcess: done updating battery stats
05-24 21:02:00.846 471 540 W ActivityManager: Slow operation: 84ms so far, now at startProcess: building log message
05-24 21:02:00.846 471 540 I ActivityManager: app.processName = com.android.traceur
05-24 21:02:00.846 471 540 I ActivityManager: Start proc 1067:com.android.traceur/u0a22 for broadcast {com.android.traceur/com.android.traceur.Receiver}
05-24 21:02:00.846 471 540 W ActivityManager: Slow operation: 84ms so far, now at startProcess: starting to update pids map
05-24 21:02:00.848 471 540 W ActivityManager: Slow operation: 85ms so far, now at startProcess: done updating pids map
05-24 21:02:00.849 401 416 I adbd : jdwp connection from 1067
05-24 21:02:00.855 471 633 I BackupManagerService: isBackupEnabled() => false due to absent settings file
05-24 21:02:00.855 471 633 D BackupManagerService: user:0 readBackupEnableState enabled:false
05-24 21:02:00.856 471 633 I BackupManagerService: [UserID:0] Backup enabled => false
05-24 21:02:00.863 678 678 D TvPipController: onTaskStackChanged()
05-24 21:02:00.866 280 280 D hdmi-cec: cec physical address: 2.0.0.0
05-24 21:02:00.871 678 948 E gralloc : Arm Module v1.0
05-24 21:02:00.873 247 247 D Zygote : Forked child process 1086
05-24 21:02:00.875 471 540 W ActivityManager: Slow operation: 59ms so far, now at startProcess: returned from zygote!
05-24 21:02:00.878 1043 1043 D ApplicationLoaders: Returning zygote-cached class loader: /system/framework/android.test.base.jar
05-24 21:02:00.881 1043 1043 D ApplicationLoaders: Returning zygote-cached class loader: /system/framework/android.hidl.manager-V1.0-java.jar
05-24 21:02:00.881 1043 1043 D ApplicationLoaders: Returning zygote-cached class loader: /system/framework/android.hidl.base-V1.0-java.jar
05-24 21:02:00.883 185 185 I hwservicemanager: getTransport: Cannot find entry android.hardware.graphics.allocator@4.0::IAllocator/default in either framework or device VINTF manifest.
05-24 21:02:00.883 678 948 W Gralloc4: allocator 4.x is not supported
05-24 21:02:00.884 185 185 I hwservicemanager: getTransport: Cannot find entry android.hardware.graphics.allocator@3.0::IAllocator/default in either framework or device VINTF manifest.
05-24 21:02:00.884 678 948 W Gralloc3: allocator 3.x is not supported
05-24 21:02:00.886 1086 1086 I Zygote : seccomp disabled by setenforce 0
05-24 21:02:00.890 272 300 I gralloc : alloc buffer:W:1920 H:1080 S:1920 PL[1920 1080] SZ:8294400 fmt:43 if:0 af:43 usg:20000b00 fg:00000004
05-24 21:02:00.891 678 948 E ion : ioctl c0044901 failed with code -1: Inappropriate ioctl for device
05-24 21:02:00.912 272 300 I gralloc : alloc buffer:W:1920 H:1080 S:1920 PL[1920 1080] SZ:8294400 fmt:43 if:0 af:43 usg:20000b00 fg:00000004
05-24 21:02:00.930 401 416 I adbd : jdwp connection from 1086
05-24 21:02:00.930 471 538 W ActivityManager: Slow operation: 61ms so far, now at startProcess: done creating new process record
05-24 21:02:00.931 471 538 W ActivityManager: Slow operation: 61ms so far, now at startProcess: stepping in to startProcess
05-24 21:02:00.933 471 538 I ActivityManager: com.android.keychain is exempt from freezer
05-24 21:02:00.935 471 538 W ActivityManager: Slow operation: 66ms so far, now at startProcess: done starting proc!
05-24 21:02:00.938 471 1066 E TaskPersister: File error accessing recents directory (directory doesn't exist?).
05-24 21:02:00.942 471 496 D CompatibilityChangeReporter: Compat change id reported: 168419799; UID 10022; state: DISABLED
05-24 21:02:00.975 471 575 I ActivityManager: com.oranth.ledstatus is exempt from freezer
05-24 21:02:00.976 1067 1067 D CompatibilityChangeReporter: Compat change id reported: 171979766; UID 10022; state: ENABLED
05-24 21:02:00.978 471 540 W ActivityManager: Slow operation: 162ms so far, now at startProcess: done updating battery stats
05-24 21:02:00.978 471 540 W ActivityManager: Slow operation: 162ms so far, now at startProcess: building log message
05-24 21:02:00.978 471 540 I ActivityManager: app.processName = com.dangbei.leard.leradlauncher
05-24 21:02:00.978 471 540 I ActivityManager: Start proc 1086:com.dangbei.leard.leradlauncher/1000 for top-activity {com.dangbei.leard.leradlauncher/com.dangbei.launcher.home.LauncherActivity}
05-24 21:02:00.978 471 540 W ActivityManager: Slow operation: 162ms so far, now at startProcess: starting to update pids map
05-24 21:02:00.978 471 540 W ActivityManager: Slow operation: 162ms so far, now at startProcess: done updating pids map
05-24 21:02:00.990 1033 1033 V GraphicsEnvironment: ANGLE Developer option for 'com.android.providers.media.module' set to: 'default'
05-24 21:02:00.990 1033 1033 V GraphicsEnvironment: Neither updatable production driver nor prerelease driver is supported.
05-24 21:02:00.993 1033 1033 D NetworkSecurityConfig: No Network Security Config specified, using platform default
05-24 21:02:00.994 1033 1033 D NetworkSecurityConfig: No Network Security Config specified, using platform default
05-24 21:02:00.997 247 247 D Zygote : Forked child process 1106
05-24 21:02:00.998 471 540 W ActivityManager: Slow operation: 67ms so far, now at startProcess: returned from zygote!
05-24 21:02:00.999 471 540 W ActivityManager: Slow operation: 68ms so far, now at startProcess: done updating battery stats
05-24 21:02:00.999 471 540 W ActivityManager: Slow operation: 68ms so far, now at startProcess: building log message
05-24 21:02:00.999 471 540 I ActivityManager: app.processName = com.android.keychain
05-24 21:02:00.999 471 540 I ActivityManager: Start proc 1106:com.android.keychain/1000 for service {com.android.keychain/com.android.keychain.KeyChainService}
05-24 21:02:00.999 471 540 W ActivityManager: Slow operation: 68ms so far, now at startProcess: starting to update pids map
05-24 21:02:00.999 471 540 W ActivityManager: Slow operation: 68ms so far, now at startProcess: done updating pids map
05-24 21:02:01.006 1106 1106 I Zygote : seccomp disabled by setenforce 0
05-24 21:02:01.025 247 247 D Zygote : Forked child process 1113
05-24 21:02:01.028 471 540 W ActivityManager: Slow operation: 53ms so far, now at startProcess: returned from zygote!
05-24 21:02:01.029 471 540 W ActivityManager: Slow operation: 54ms so far, now at startProcess: done updating battery stats
05-24 21:02:01.029 471 540 W ActivityManager: Slow operation: 54ms so far, now at startProcess: building log message
05-24 21:02:01.029 471 540 I ActivityManager: app.processName = com.oranth.ledstatus
05-24 21:02:01.029 471 540 I ActivityManager: Start proc 1113:com.oranth.ledstatus/1000 for service {com.oranth.ledstatus/com.oranth.ledstatus.LedStatusService}
05-24 21:02:01.029 471 540 W ActivityManager: Slow operation: 54ms so far, now at startProcess: starting to update pids map
05-24 21:02:01.030 471 540 W ActivityManager: Slow operation: 54ms so far, now at startProcess: done updating pids map
05-24 21:02:01.035 980 980 D wpa_supplicant: wlan0: State: DISCONNECTED -> INACTIVE
05-24 21:02:01.035 980 980 D wpa_supplicant: Notifying state change event to hidl control: 2
05-24 21:02:01.036 1113 1113 I Zygote : seccomp disabled by setenforce 0
05-24 21:02:01.048 1113 1113 I ranth.ledstatu: Late-enabling -Xcheck:jni
05-24 21:02:01.053 401 416 I adbd : jdwp connection from 1106
05-24 21:02:01.059 471 575 D AW_CODE : rotation =0
05-24 21:02:01.064 471 575 D CompatibilityChangeReporter: Compat change id reported: 174042980; UID 1000; state: DISABLED
05-24 21:02:01.066 980 980 D wpa_supplicant: TDLS: TDLS operation not supported by driver
05-24 21:02:01.066 980 980 D wpa_supplicant: TDLS: Driver uses internal link setup
05-24 21:02:01.066 980 980 D wpa_supplicant: TDLS: Driver does not support TDLS channel switching
05-24 21:02:01.068 980 980 D wpa_supplicant: wlan0: WPS: UUID based on MAC address: 0152a487-414e-5d5a-b1ab-df1a2ff1ccea
05-24 21:02:01.073 980 980 D wpa_supplicant: EAPOL: SUPP_PAE entering state DISCONNECTED
05-24 21:02:01.073 980 980 D wpa_supplicant: EAPOL: Supplicant port status: Unauthorized
05-24 21:02:01.073 980 980 D wpa_supplicant: nl80211: Skip set_supp_port(unauthorized) while not associated
05-24 21:02:01.073 980 980 D wpa_supplicant: EAPOL: KEY_RX entering state NO_KEY_RECEIVE
05-24 21:02:01.073 980 980 D wpa_supplicant: EAPOL: SUPP_BE entering state INITIALIZE
05-24 21:02:01.073 980 980 D wpa_supplicant: EAP: EAP entering state DISABLED
05-24 21:02:01.078 280 280 D hdmi-cec: cec physical address: 2.0.0.0
05-24 21:02:01.080 980 980 D wpa_supplicant: Using existing control interface directory.
05-24 21:02:01.081 280 280 D hdmi-cec: cec physical address: 2.0.0.0
05-24 21:02:01.081 980 980 D wpa_supplicant: ctrl_iface bind(PF_UNIX) failed: Address already in use
05-24 21:02:01.081 980 980 D wpa_supplicant: ctrl_iface exists, but does not allow connections - assuming it was leftover from forced program termination
05-24 21:02:01.081 980 980 D wpa_supplicant: Successfully replaced leftover ctrl_iface socket '/data/vendor/wifi/wpa/sockets/wlan0'
05-24 21:02:01.082 980 980 D wpa_supplicant: nl80211: Setting wowlan
05-24 21:02:01.100 1086 1086 D CompatibilityChangeReporter: Compat change id reported: 171979766; UID 1000; state: DISABLED
05-24 21:02:01.104 980 980 D wpa_supplicant: MBO: Update non-preferred channels, non_pref_chan=N/A
05-24 21:02:01.105 980 980 D wpa_supplicant: Registering interface to hidl control: wlan0
05-24 21:02:01.105 1043 1043 V GraphicsEnvironment: ANGLE Developer option for 'com.dangbei.lerad.etna.haqu' set to: 'default'
05-24 21:02:01.108 980 980 D wpa_supplicant: wlan0: Added interface wlan0
