01-01 08:00:16.815 471 471 W PackageSettings: Missing permission state for package: com.android.internal.systemui.navbar.gestural
01-01 08:00:16.816 471 471 W PackageSettings: Missing permission state for package: com.android.internal.systemui.navbar.gestural_narrow_back
01-01 08:00:16.817 471 471 W PackageSettings: Missing permission state for package: android.auto_generated_rro_vendor__
01-01 08:00:16.819 471 471 W PackageSettings: Missing permission state for shared user: android.uid.log
01-01 08:00:16.820 471 471 W PackageSettings: Missing permission state for shared user: android.uid.nfc
01-01 08:00:16.820 471 471 W PackageSettings: Missing permission state for shared user: android.uid.uwb
01-01 08:00:16.829 471 471 D PackageManagerTiming: read user settings took to complete: 305ms
01-01 08:00:16.838 471 471 D PackageManager: Keeping known cache 292c88cac3815ccde898ebe11c5cb665786e10ff
01-01 08:00:16.841 471 471 D PackageManager: No files in app dir /system/system_ext/overlay
01-01 08:00:16.862 471 471 I PackageBackwardCompatibility: Loaded android.content.pm.AndroidTestBaseUpdater
01-01 08:00:16.864 471 471 D CompatibilityChangeReporter: Compat change id reported: 143539591; UID -1; state: ENABLED
01-01 08:00:16.887 471 471 D PackageManager: No files in app dir /oem/overlay
01-01 08:00:16.887 471 471 D PackageManager: No files in app dir /odm/overlay
01-01 08:00:16.905 471 471 W PackageManager: Failed to parse /system/framework/arm: Missing base APK in /system/framework/arm
01-01 08:00:16.905 471 471 W PackageManager: Failed to parse /system/framework/oat: Missing base APK in /system/framework/oat/arm
01-01 08:00:17.003 471 565 D PackageParsing: homlet: force set orientation: 0
01-01 08:00:17.007 471 565 D CompatibilityChangeReporter: Compat change id reported: 150232615; UID -1; state: ENABLED
01-01 08:00:17.045 471 490 I system_server: Background young concurrent copying GC freed 174801(9212KB) AllocSpace objects, 107(2480KB) LOS objects, 78% free, 6755KB/30MB, paused 242us total 272.528ms
01-01 08:00:17.048 471 471 W PackageManager: Provider ComponentInfo{com.dangbei.leard.leradlauncher/androidx.core.content.FileProvider} already defined; ignoring
01-01 08:00:17.058 471 471 D CompatibilityChangeReporter: Compat change id reported: 143539591; UID -1; state: DISABLED
01-01 08:00:17.058 471 471 D CompatibilityChangeReporter: Compat change id reported: 168782947; UID -1; state: DISABLED
01-01 08:00:17.061 471 471 D CompatibilityChangeReporter: Compat change id reported: 168782947; UID -1; state: ENABLED
01-01 08:00:17.114 471 471 W PackageManager: Failed to parse /system/priv-app/SettingsAssist: /system/priv-app/SettingsAssist/SettingsAssist.apk (at Binary XML file line #34): com.softwinner.settingsassist.Recovery: Targeting S+ (version 31 and above) requires that an explicit value for android:exported be defined when intent filters are present
01-01 08:00:17.216 471 471 D PackageManager: No files in app dir /vendor/priv-app
01-01 08:00:17.216 471 471 D PackageManager: No files in app dir /vendor/app
01-01 08:00:17.217 471 471 D PackageManager: No files in app dir /odm/priv-app
01-01 08:00:17.217 471 471 D PackageManager: No files in app dir /odm/app
01-01 08:00:17.217 471 471 D PackageManager: No files in app dir /oem/priv-app
01-01 08:00:17.217 471 471 D PackageManager: No files in app dir /oem/app
01-01 08:00:17.308 471 471 D PackageManager: No files in app dir /apex/com.android.vndk.v31/priv-app
01-01 08:00:17.308 471 471 D PackageManager: No files in app dir /apex/com.android.vndk.v31/app
01-01 08:00:17.308 471 471 D PackageManager: No files in app dir /apex/com.android.tzdata/priv-app
01-01 08:00:17.309 471 471 D PackageManager: No files in app dir /apex/com.android.tzdata/app
01-01 08:00:17.317 471 471 D PackageManager: No files in app dir /apex/com.android.tethering/app
01-01 08:00:17.317 471 471 D PackageManager: No files in app dir /apex/com.android.sdkext/priv-app
01-01 08:00:17.318 471 471 D PackageManager: No files in app dir /apex/com.android.sdkext/app
01-01 08:00:17.318 471 471 D PackageManager: No files in app dir /apex/com.android.scheduling/priv-app
01-01 08:00:17.318 471 471 D PackageManager: No files in app dir /apex/com.android.scheduling/app
01-01 08:00:17.318 471 471 D PackageManager: No files in app dir /apex/com.android.runtime/priv-app
01-01 08:00:17.318 471 471 D PackageManager: No files in app dir /apex/com.android.runtime/app
01-01 08:00:17.319 471 471 D PackageManager: No files in app dir /apex/com.android.resolv/priv-app
01-01 08:00:17.319 471 471 D PackageManager: No files in app dir /apex/com.android.resolv/app
01-01 08:00:17.330 471 471 D PackageManager: No files in app dir /apex/com.android.permission/app
01-01 08:00:17.330 471 471 D PackageManager: No files in app dir /apex/com.android.os.statsd/priv-app
01-01 08:00:17.330 471 471 D PackageManager: No files in app dir /apex/com.android.os.statsd/app
01-01 08:00:17.330 471 471 D PackageManager: No files in app dir /apex/com.android.neuralnetworks/priv-app
01-01 08:00:17.330 471 471 D PackageManager: No files in app dir /apex/com.android.neuralnetworks/app
01-01 08:00:17.336 471 471 D PackageManager: No files in app dir /apex/com.android.mediaprovider/app
01-01 08:00:17.336 471 471 D PackageManager: No files in app dir /apex/com.android.media.swcodec/priv-app
01-01 08:00:17.337 471 471 D PackageManager: No files in app dir /apex/com.android.media.swcodec/app
01-01 08:00:17.337 471 471 D PackageManager: No files in app dir /apex/com.android.media/priv-app
01-01 08:00:17.337 471 471 D PackageManager: No files in app dir /apex/com.android.media/app
01-01 08:00:17.337 471 471 D PackageManager: No files in app dir /apex/com.android.ipsec/priv-app
01-01 08:00:17.337 471 471 D PackageManager: No files in app dir /apex/com.android.ipsec/app
01-01 08:00:17.337 471 471 D PackageManager: No files in app dir /apex/com.android.i18n/priv-app
01-01 08:00:17.337 471 471 D PackageManager: No files in app dir /apex/com.android.i18n/app
01-01 08:00:17.344 471 471 D PackageManager: No files in app dir /apex/com.android.extservices/app
01-01 08:00:17.344 471 471 D PackageManager: No files in app dir /apex/com.android.conscrypt/priv-app
01-01 08:00:17.344 471 471 D PackageManager: No files in app dir /apex/com.android.conscrypt/app
01-01 08:00:17.344 471 471 D PackageManager: No files in app dir /apex/com.android.art/priv-app
01-01 08:00:17.344 471 471 D PackageManager: No files in app dir /apex/com.android.art/app
01-01 08:00:17.344 471 471 D PackageManager: No files in app dir /apex/com.android.appsearch/priv-app
01-01 08:00:17.345 471 471 D PackageManager: No files in app dir /apex/com.android.appsearch/app
01-01 08:00:17.345 471 471 D PackageManager: No files in app dir /apex/com.android.adbd/priv-app
01-01 08:00:17.345 471 471 D PackageManager: No files in app dir /apex/com.android.adbd/app
01-01 08:00:17.357 471 471 I PackageManager: Finished scanning system apps. Time: 523 ms, packageCount: 112 , timePerPackage: 4 , cached: 112
01-01 08:00:17.366 471 471 D CompatibilityChangeReporter: Compat change id reported: 133396946; UID -1; state: DISABLED
01-01 08:00:17.408 471 471 I PackageManager: Finished scanning non-system apps. Time: 51 ms, packageCount: 4 , timePerPackage: 12 , cached: 4
01-01 08:00:17.411 471 471 W PackageManager: There should probably be exactly one storage manager; found 2: matches=[ResolveInfo{b31dc02 com.android.storagemanager/.deletionhelper.DeletionHelperActivity m=0x108000}, ResolveInfo{cf7913 com.android.tv.settings/.device.StorageResetActivity m=0x108000}]
01-01 08:00:17.411 471 471 E PackageManager: There should probably be exactly one setup wizard; found 2: matches=[ResolveInfo{6ec8750 com.dangbei.hqguide/.main.MainActivity p=1000 m=0x108000}, ResolveInfo{bd02d49 com.softwinner.provision/.DefaultActivity p=1 m=0x108000}]
01-01 08:00:17.427 471 471 I PackageManager: Time to scan packages: 0.593 seconds
01-01 08:00:17.465 471 471 I PackageManager: Permission ownership changed. Updating all permissions.
01-01 08:00:17.520 471 471 V PackageManager: reconcileAppsData for null u0 0x3 migrateAppData=true
01-01 08:00:17.550 350 364 I SELinux : SELinux: Loaded file_contexts
01-01 08:00:17.664 307 307 D XiriService: check file name: /data/data/android/lib
01-01 08:00:17.665 307 307 D XiriService: check file name: /data/data/android/lib
01-01 08:00:17.665 307 307 D XiriService: check file name: /data/data/android/lib
01-01 08:00:17.665 307 307 D XiriService: check file name: /data/data/android/lib
01-01 08:00:17.672 307 307 D XiriService: check file name: /data/data/android/lib
01-01 08:00:17.672 307 307 D XiriService: check file name: /data/data/android/lib
01-01 08:00:17.673 307 307 D XiriService: check file name: /data/data/android/lib
01-01 08:00:17.673 307 307 D XiriService: check file name: /data/data/android/lib
01-01 08:00:17.673 307 307 D XiriService: check file name: /data/data/com.android.providers.settings/lib
01-01 08:00:17.673 307 307 D XiriService: check file name: /data/data/com.android.providers.settings/lib
01-01 08:00:17.673 307 307 D XiriService: check file name: /data/data/com.android.providers.settings/lib
01-01 08:00:17.673 307 307 D XiriService: check file name: /data/data/com.android.providers.settings/lib
01-01 08:00:17.678 307 307 D XiriService: check file name: /data/data/com.android.providers.settings/lib
01-01 08:00:17.678 307 307 D XiriService: check file name: /data/data/com.android.providers.settings/lib
01-01 08:00:17.678 307 307 D XiriService: check file name: /data/data/com.android.providers.settings/lib
01-01 08:00:17.678 307 307 D XiriService: check file name: /data/data/com.android.providers.settings/lib
01-01 08:00:17.678 307 307 D XiriService: check file name: /data/data/com.android.inputdevices/lib
01-01 08:00:17.678 307 307 D XiriService: check file name: /data/data/com.android.inputdevices/lib
01-01 08:00:17.679 307 307 D XiriService: check file name: /data/data/com.android.inputdevices/lib
01-01 08:00:17.679 307 307 D XiriService: check file name: /data/data/com.android.inputdevices/lib
01-01 08:00:17.683 307 307 D XiriService: check file name: /data/data/com.android.inputdevices/lib
01-01 08:00:17.683 307 307 D XiriService: check file name: /data/data/com.android.inputdevices/lib
01-01 08:00:17.683 307 307 D XiriService: check file name: /data/data/com.android.inputdevices/lib
01-01 08:00:17.683 307 307 D XiriService: check file name: /data/data/com.android.inputdevices/lib
01-01 08:00:17.688 395 395 I update_engine: [INFO:cleanup_previous_update_action.cc(112)] Executing task 3
01-01 08:00:17.660 307 307 I xiriservice_All: type=1400 audit(0.0:292): avc: denied { search } for name="android" dev="mmcblk0p25" ino=524 scontext=u:r:init:s0 tcontext=u:object_r:system_app_data_file:s0 tclass=dir permissive=1
01-01 08:00:17.689 307 307 D XiriService: check file name: /data/data/android.ext.services/lib
01-01 08:00:17.689 307 307 D XiriService: check file name: /data/data/android.ext.services/lib
01-01 08:00:17.689 307 307 D XiriService: check file name: /data/data/android.ext.services/lib
01-01 08:00:17.690 307 307 D XiriService: check file name: /data/data/android.ext.services/lib
01-01 08:00:17.703 307 307 D XiriService: check file name: /data/data/android.ext.services/lib
01-01 08:00:17.703 307 307 D XiriService: check file name: /data/data/android.ext.services/lib
01-01 08:00:17.704 307 307 D XiriService: check file name: /data/data/android.ext.services/lib
01-01 08:00:17.704 307 307 D XiriService: check file name: /data/data/android.ext.services/lib
01-01 08:00:17.660 307 307 I xiriservice_All: type=1400 audit(0.0:293): avc: denied { read } for name="lib" dev="mmcblk0p25" ino=39609 scontext=u:r:init:s0 tcontext=u:object_r:system_app_data_file:s0 tclass=lnk_file permissive=1
01-01 08:00:17.723 307 307 D XiriService: check file name: /data/data/com.android.location.fused/lib
01-01 08:00:17.724 307 307 D XiriService: check file name: /data/data/com.android.location.fused/lib
01-01 08:00:17.724 307 307 D XiriService: check file name: /data/data/com.android.location.fused/lib
01-01 08:00:17.724 307 307 D XiriService: check file name: /data/data/com.android.location.fused/lib
01-01 08:00:17.729 307 307 D XiriService: check file name: /data/data/com.android.location.fused/lib
01-01 08:00:17.730 307 307 D XiriService: check file name: /data/data/com.android.location.fused/lib
01-01 08:00:17.730 307 307 D XiriService: check file name: /data/data/com.android.location.fused/lib
01-01 08:00:17.730 307 307 D XiriService: check file name: /data/data/com.android.location.fused/lib
01-01 08:00:17.684 307 307 I xiriservice_All: type=1400 audit(0.0:294): avc: denied { search } for name="android.ext.services" dev="mmcblk0p25" ino=455 scontext=u:r:init:s0 tcontext=u:object_r:app_data_file:s0:c512,c768 tclass=dir permissive=1
01-01 08:00:17.738 395 395 I update_engine: [INFO:cleanup_previous_update_action.cc(124)] CleanupPreviousUpdateAction scheduled task ID 4 for WaitBootCompleted
01-01 08:00:17.742 471 471 V PackageManager: reconcileAppsData finished 14 packages
01-01 08:00:17.743 471 471 I PackageManagerTiming: write settings
01-01 08:00:17.744 471 570 I SystemServerTimingAsync: InitThreadPoolExec:prepareAppData
01-01 08:00:17.744 471 570 D SystemServerInitThreadPool: Started executing prepareAppData
01-01 08:00:17.745 350 364 E cutils-trace: Error opening trace file: No such file or directory (2)
01-01 08:00:17.748 350 364 W installd: Ignoring /data/data/android/lib with unexpected GID 0 instead of 1000
01-01 08:00:17.748 350 364 W installd: Ignoring /data/data/com.android.providers.settings/lib with unexpected GID 0 instead of 1000
01-01 08:00:17.748 350 364 W installd: Ignoring /data/data/com.android.inputdevices/lib with unexpected GID 0 instead of 1000
01-01 08:00:17.748 350 364 W installd: Ignoring /data/data/android.ext.services/lib with unexpected GID 0 instead of 10075
01-01 08:00:17.684 307 307 I xiriservice_All: type=1400 audit(0.0:295): avc: denied { read } for name="lib" dev="mmcblk0p25" ino=39638 scontext=u:r:init:s0 tcontext=u:object_r:app_data_file:s0:c512,c768 tclass=lnk_file permissive=1
01-01 08:00:17.764 350 364 W installd: Ignoring /data/data/com.android.location.fused/lib with unexpected GID 0 instead of 1000
01-01 08:00:17.771 350 364 W installd: Ignoring /data/data/com.android.cts.priv.ctsshim/lib with unexpected GID 0 instead of 10023
01-01 08:00:17.773 350 364 W installd: Ignoring /data/data/com.android.dynsystem/lib with unexpected GID 0 instead of 1000
01-01 08:00:17.775 350 364 W installd: Ignoring /data/data/com.dangbei.lerad.rocky/lib with unexpected GID 0 instead of 1000
01-01 08:00:17.778 350 364 W installd: Ignoring /data/data/com.android.tv.settings/lib with unexpected GID 0 instead of 1000
01-01 08:00:17.780 350 364 W installd: Ignoring /data/data/com.oranth.factory/lib with unexpected GID 0 instead of 1000
01-01 08:00:17.782 350 364 W installd: Ignoring /data/data/com.dangbei.zhushou.os/lib with unexpected GID 0 instead of 1000
01-01 08:00:17.784 350 364 W installd: Ignoring /data/data/com.sohu.inputmethod.sogou.tv/lib with unexpected GID 0 instead of 10049
01-01 08:00:17.789 350 364 W installd: Ignoring /data/data/com.oranth.ledstatus/lib with unexpected GID 0 instead of 1000
01-01 08:00:17.791 350 364 W installd: Ignoring /data/data/com.dangbei.lerad.videoposter/lib with unexpected GID 0 instead of 10052
01-01 08:00:17.793 350 364 W installd: Ignoring /data/data/com.android.networkstack/lib with unexpected GID 0 instead of 1073
01-01 08:00:17.795 471 471 I SELinux : SELinux: Loaded file_contexts
01-01 08:00:17.802 350 364 W installd: Ignoring /data/data/com.dangbei.screencast/lib with unexpected GID 0 instead of 10030
01-01 08:00:17.806 350 364 W installd: Ignoring /data/data/com.dangbei.leard.leradlauncher/lib with unexpected GID 0 instead of 1000
01-01 08:00:17.809 350 364 W installd: Ignoring /data/data/com.android.printspooler/lib with unexpected GID 0 instead of 10043
01-01 08:00:17.810 350 364 W installd: Ignoring /data/data/com.android.webview/lib with unexpected GID 0 instead of 10060
01-01 08:00:17.811 350 364 W installd: Ignoring /data/data/com.android.bips/lib with unexpected GID 0 instead of 10027
01-01 08:00:17.813 471 471 D PackageManagerTiming: write settings took to complete: 70ms
01-01 08:00:17.813 350 364 W installd: Ignoring /data/data/com.android.keychain/lib with unexpected GID 0 instead of 1000
01-01 08:00:17.814 471 471 W PackageManager: There should probably be a verifier, but, none were found
01-01 08:00:17.815 350 364 W installd: Ignoring /data/data/com.android.localtransport/lib with unexpected GID 0 instead of 1000
01-01 08:00:17.816 350 364 W installd: Ignoring /data/data/com.android.packageinstaller/lib with unexpected GID 0 instead of 1000
01-01 08:00:17.816 471 471 W PackageManager: Domain verification agent not found
01-01 08:00:17.817 350 364 W installd: Ignoring /data/data/com.oranth.usbopenft/lib with unexpected GID 0 instead of 1000
01-01 08:00:17.818 350 364 W installd: Ignoring /data/data/com.android.networkstack.tethering/lib with unexpected GID 0 instead of 1073
01-01 08:00:17.819 350 364 W installd: Ignoring /data/data/com.dangbei.lerad.etna.haqu/lib with unexpected GID 0 instead of 1000
01-01 08:00:17.820 471 471 D PackageManager: Ephemeral resolver NOT found; no matching intent filters
01-01 08:00:17.821 471 471 D PackageManager: Instant App installer not found with android.intent.action.INSTALL_INSTANT_APP_PACKAGE
01-01 08:00:17.821 471 471 D PackageManager: Clear ephemeral installer activity
01-01 08:00:17.823 350 364 W installd: Ignoring /data/data/com.oranth.powerwindow/lib with unexpected GID 0 instead of 1000
01-01 08:00:17.824 350 364 W installd: Ignoring /data/data/com.android.networkstack.permissionconfig/lib with unexpected GID 0 instead of 1073
01-01 08:00:17.826 350 364 W installd: Ignoring /data/data/com.dangbei.lerad.screensaver/lib with unexpected GID 0 instead of 10051
01-01 08:00:17.829 350 364 W installd: Ignoring /data/data/com.android.wallpaperbackup/lib with unexpected GID 0 instead of 1000
01-01 08:00:17.831 350 364 W installd: Ignoring /data/data/com.android.providers.media.module/lib with unexpected GID 0 instead of 10074
01-01 08:00:17.832 350 364 W installd: Ignoring /data/data/com.oranth.storage/lib with unexpected GID 0 instead of 1000
01-01 08:00:17.833 350 364 W installd: Ignoring /data/data/com.dangbei.haqusetting/lib with unexpected GID 0 instead of 1000
01-01 08:00:17.835 350 364 W installd: Ignoring /data/data/com.softwinner.miracastReceiver/lib with unexpected GID 0 instead of 1000
01-01 08:00:17.835 471 471 I PackageManagerTiming: GC
01-01 08:00:17.836 350 364 W installd: Ignoring /data/data/com.android.bluetooth/lib with unexpected GID 0 instead of 1002
01-01 08:00:17.839 350 364 W installd: Ignoring /data/data/com.oranth.inputmacsn/lib with unexpected GID 0 instead of 1000
01-01 08:00:17.839 471 471 D PackageManagerTiming: GC took to complete: 4ms
01-01 08:00:17.839 471 471 I PackageManager: Fix for b/169414761 is applied
01-01 08:00:17.839 471 471 D PackageManagerTiming: create package manager took to complete: 1398ms
01-01 08:00:17.840 350 364 W installd: Ignoring /data/data/com.dangbei.hqmedia/lib with unexpected GID 0 instead of 10076
01-01 08:00:17.843 350 364 W installd: Ignoring /data/data/com.ktcp.video/lib with unexpected GID 0 instead of 10077
01-01 08:00:17.849 350 364 W installd: Ignoring /data/data/com.cibn.tv/lib with unexpected GID 0 instead of 10078
01-01 08:00:17.851 350 364 W installd: Ignoring /data/data/com.youjoy.strugglelandlord/lib with unexpected GID 0 instead of 10079
01-01 08:00:17.858 350 364 W installd: Ignoring /data/user_de/0/android/lib with unexpected GID 0 instead of 1000
01-01 08:00:17.858 350 364 W installd: Ignoring /data/user_de/0/com.android.providers.settings/lib with unexpected GID 0 instead of 1000
01-01 08:00:17.859 350 364 W installd: Ignoring /data/user_de/0/com.android.inputdevices/lib with unexpected GID 0 instead of 1000
01-01 08:00:17.860 350 364 W installd: Ignoring /data/user_de/0/com.android.location.fused/lib with unexpected GID 0 instead of 1000
01-01 08:00:17.864 350 364 W installd: Ignoring /data/user_de/0/com.android.tv.settings/lib with unexpected GID 0 instead of 1000
01-01 08:00:17.868 350 364 W installd: Ignoring /data/user_de/0/com.sohu.inputmethod.sogou.tv/lib with unexpected GID 0 instead of 10049
01-01 08:00:17.877 350 364 W installd: Ignoring /data/user_de/0/com.android.networkstack/lib with unexpected GID 0 instead of 1073
01-01 08:00:17.890 471 471 V UserManagerService: Checking that all system packages are whitelisted.
01-01 08:00:17.896 471 471 W UserManagerService: checkWhitelistedSystemPackages(mode=ENFORCE|IMPLICIT_WHITELIST|IMPLICIT_WHITELIST_SYSTEM) has 55 warnings:
01-01 08:00:17.896 471 471 W UserManagerService: com.android.internal.display.cutout.emulation.corner is allowlisted but not present.
01-01 08:00:17.896 471 471 W UserManagerService: com.android.internal.display.cutout.emulation.double is allowlisted but not present.
01-01 08:00:17.896 471 471 W UserManagerService: com.android.theme.color.amethyst is allowlisted but not present.
01-01 08:00:17.896 471 471 W UserManagerService: com.android.theme.icon.pebble is allowlisted but not present.
01-01 08:00:17.896 471 471 W UserManagerService: com.android.theme.color.sand is allowlisted but not present.
01-01 08:00:17.896 471 471 W UserManagerService: com.android.theme.icon.vessel is allowlisted but not present.
01-01 08:00:17.896 471 471 W UserManagerService: com.android.theme.color.cinnamon is allowlisted but not present.
01-01 08:00:17.896 471 471 W UserManagerService: com.android.theme.icon_pack.victor.settings is allowlisted but not present.
01-01 08:00:17.896 471 471 W UserManagerService: com.android.theme.icon_pack.rounded.systemui is allowlisted but not present.
01-01 08:00:17.896 471 471 W UserManagerService: com.android.theme.icon.taperedrect is allowlisted but not present.
01-01 08:00:17.896 471 471 W UserManagerService: com.android.theme.icon_pack.rounded.android is allowlisted but not present.
01-01 08:00:17.896 471 471 W UserManagerService: com.android.theme.icon_pack.victor.systemui is allowlisted but not present.
01-01 08:00:17.896 471 471 W UserManagerService: com.android.theme.icon_pack.circular.themepicker is allowlisted but not present.
01-01 08:00:17.896 471 471 W UserManagerService: com.android.theme.color.tangerine is allowlisted but not present.
01-01 08:00:17.896 471 471 W UserManagerService: com.android.theme.color.aquamarine is allowlisted but not present.
01-01 08:00:17.896 471 471 W UserManagerService: com.android.internal.display.cutout.emulation.hole is allowlisted but not present.
01-01 08:00:17.896 471 471 W UserManagerService: com.android.internal.display.cutout.emulation.tall is allowlisted but not present.
01-01 08:00:17.896 471 471 W UserManagerService: com.android.theme.color.black is allowlisted but not present.
01-01 08:00:17.896 471 471 W UserManagerService: com.android.theme.color.green is allowlisted but not present.
01-01 08:00:17.896 471 471 W UserManagerService: com.android.theme.color.ocean is allowlisted but not present.
01-01 08:00:17.896 471 471 W UserManagerService: com.android.theme.color.space is allowlisted but not present.
01-01 08:00:17.896 471 471 W UserManagerService: com.android.theme.icon_pack.rounded.launcher is allowlisted but not present.
01-01 08:00:17.896 471 471 W UserManagerService: com.android.theme.icon_pack.kai.settings is allowlisted but not present.
01-01 08:00:17.896 471 471 W UserManagerService: com.android.internal.systemui.navbar.twobutton is allowlisted but not present.
01-01 08:00:17.896 471 471 W UserManagerService: com.android.theme.icon_pack.sam.settings is allowlisted but not present.
01-01 08:00:17.896 471 471 W UserManagerService: com.android.theme.icon_pack.kai.themepicker is allowlisted but not present.
01-01 08:00:17.896 471 471 W UserManagerService: com.android.theme.icon_pack.victor.launcher is allowlisted but not present.
01-01 08:00:17.896 471 471 W UserManagerService: com.android.theme.icon_pack.filled.settings is allowlisted but not present.
01-01 08:00:17.896 471 471 W UserManagerService: com.android.theme.icon_pack.kai.systemui is allowlisted but not present.
01-01 08:00:17.896 471 471 W UserManagerService: com.android.theme.icon_pack.circular.settings is allowlisted but not present.
01-01 08:00:17.896 471 471 W UserManagerService: com.android.theme.icon_pack.sam.systemui is allowlisted but not present.
01-01 08:00:17.896 471 471 W UserManagerService: com.android.theme.icon.teardrop is allowlisted but not present.
01-01 08:00:17.897 471 471 W UserManagerService: com.android.theme.icon_pack.rounded.themepicker is allowlisted but not present.
01-01 08:00:17.897 471 471 W UserManagerService: com.android.theme.icon_pack.filled.systemui is allowlisted but not present.
01-01 08:00:17.897 471 471 W UserManagerService: com.android.theme.icon_pack.sam.android is allowlisted but not present.
01-01 08:00:17.897 471 471 W UserManagerService: com.android.theme.icon_pack.filled.android is allowlisted but not present.
01-01 08:00:17.897 471 471 W UserManagerService: com.android.internal.display.cutout.emulation.waterfall is allowlisted but not present.
01-01 08:00:17.897 471 471 W UserManagerService: com.android.theme.icon_pack.circular.systemui is allowlisted but not present.
01-01 08:00:17.897 471 471 W UserManagerService: com.android.theme.icon_pack.kai.android is allowlisted but not present.
01-01 08:00:17.897 471 471 W UserManagerService: com.android.theme.icon_pack.kai.launcher is allowlisted but not present.
01-01 08:00:17.897 471 471 W UserManagerService: com.android.theme.icon_pack.sam.launcher is allowlisted but not present.
01-01 08:00:17.897 471 471 W UserManagerService: com.android.theme.icon.squircle is allowlisted but not present.
01-01 08:00:17.897 471 471 W UserManagerService: com.android.theme.icon_pack.victor.android is allowlisted but not present.
01-01 08:00:17.897 471 471 W UserManagerService: com.android.theme.color.palette is allowlisted but not present.
01-01 08:00:17.897 471 471 W UserManagerService: com.android.theme.icon_pack.filled.launcher is allowlisted but not present.
01-01 08:00:17.897 471 471 W UserManagerService: com.android.theme.color.carbon is allowlisted but not present.
01-01 08:00:17.897 471 471 W UserManagerService: com.android.theme.icon_pack.circular.launcher is allowlisted but not present.
01-01 08:00:17.897 471 471 W UserManagerService: com.android.theme.icon_pack.filled.themepicker is allowlisted but not present.
01-01 08:00:17.897 471 471 W UserManagerService: com.android.theme.icon_pack.victor.themepicker is allowlisted but not present.
01-01 08:00:17.897 471 471 W UserManagerService: com.android.theme.color.orchid is allowlisted but not present.
01-01 08:00:17.897 471 471 W UserManagerService: com.android.theme.color.purple is allowlisted but not present.
01-01 08:00:17.897 471 471 W UserManagerService: com.android.theme.icon_pack.sam.themepicker is allowlisted but not present.
01-01 08:00:17.897 471 471 W UserManagerService: com.android.theme.icon.roundedrect is allowlisted but not present.
01-01 08:00:17.897 471 471 W UserManagerService: com.android.theme.icon_pack.rounded.settings is allowlisted but not present.
01-01 08:00:17.897 471 471 W UserManagerService: com.android.theme.icon_pack.circular.android is allowlisted but not present.
01-01 08:00:17.905 471 471 I Watchdog: Resuming HandlerChecker: main thread for reason: packagemanagermain. Pause count: 0
01-01 08:00:17.876 280 280 I EventThread: type=1400 audit(0.0:296): avc: denied { search } for name="extcon" dev="sysfs" ino=18109 scontext=u:r:hal_tv_cec_default:s0 tcontext=u:object_r:sysfs_extcon:s0 tclass=dir permissive=1
01-01 08:00:17.907 471 471 I SystemServerDexLoadReporter: Configuring system server dex reporter
01-01 08:00:17.909 365 365 I ServiceManager: Waiting for service 'package_native' on '/dev/binder' successful after waiting 4380ms
01-01 08:00:17.917 350 364 W installd: Ignoring /data/user_de/0/com.android.packageinstaller/lib with unexpected GID 0 instead of 1000
01-01 08:00:17.923 350 364 W installd: Ignoring /data/user_de/0/com.android.networkstack.tethering/lib with unexpected GID 0 instead of 1073
01-01 08:00:17.931 471 471 D SystemServerTiming: StartPackageManagerService took to complete: 1502ms
01-01 08:00:17.931 471 471 I SystemServerTiming: StartOtaDexOptService
01-01 08:00:17.931 471 471 I Watchdog: Pausing HandlerChecker: main thread for reason: moveab. Pause count: 1
01-01 08:00:17.934 471 471 D OTADexopt: No upgrade, skipping A/B artifacts check.
01-01 08:00:17.934 471 471 I Watchdog: Resuming HandlerChecker: main thread for reason: moveab. Pause count: 0
01-01 08:00:17.934 471 471 D SystemServerTiming: StartOtaDexOptService took to complete: 3ms
01-01 08:00:17.934 471 471 I SystemServerTiming: StartUserManagerService
01-01 08:00:17.934 471 471 I SystemServiceManager: Starting com.android.server.pm.UserManagerService$LifeCycle
01-01 08:00:17.936 471 471 D SystemServerTiming: StartUserManagerService took to complete: 2ms
01-01 08:00:17.936 471 471 I SystemServerTiming: InitAttributerCache
01-01 08:00:17.937 471 471 D SystemServerTiming: InitAttributerCache took to complete: 0ms
01-01 08:00:17.937 471 471 I SystemServerTiming: SetSystemProcess
01-01 08:00:17.938 365 573 I storaged: storaged: Start
01-01 08:00:17.941 350 364 W installd: Ignoring /data/user_de/0/com.android.bluetooth/lib with unexpected GID 0 instead of 1002
01-01 08:00:17.961 471 541 I ActivityManager: Connection with lmkd established
01-01 08:00:17.961 183 183 I lowmemorykiller: lmkd data connection established
01-01 08:00:17.964 471 570 D SystemServerTimingAsync: AppDataFixup took to complete: 220ms
01-01 08:00:17.965 471 471 D SystemServerTiming: SetSystemProcess took to complete: 28ms
01-01 08:00:17.966 471 471 I SystemServerTiming: InitWatchdog
01-01 08:00:17.966 471 471 D SystemServerTiming: InitWatchdog took to complete: 0ms
01-01 08:00:17.966 354 423 I ServiceManager: Waiting for service 'package_native' on '/dev/binder' successful after waiting 4382ms
01-01 08:00:17.967 471 497 V HistoricalRegistry: Interaction before persistence initialized
01-01 08:00:17.968 354 423 W AudioAnalytics: (key=audio.flinger) Audioflinger constructor event detected
01-01 08:00:17.932 325 325 I rainbow_flow: type=1400 audit(0.0:297): avc: denied { ioctl } for path="/dev/spidev1.0" dev="tmpfs" ino=2275 ioctlcmd=0x6b00 scontext=u:r:init:s0 tcontext=u:object_r:device:s0 tclass=chr_file permissive=1
01-01 08:00:17.974 346 346 I cameraserver: Waiting for sensor privacy service
01-01 08:00:17.976 471 496 V HistoricalRegistry: Interaction before persistence initialized
01-01 08:00:17.978 285 285 I audioserver: Waiting for sensor privacy service
01-01 08:00:17.979 292 302 D Sunxi_PQ: has no clients connectted, close the socket.
01-01 08:00:17.979 471 471 I SystemServerTiming: StartOverlayManagerService
01-01 08:00:18.176 1 1 I init : Control message: Processed ctl.start for 'idmap2d' from pid: 471 (system_server)
01-01 08:00:18.013 348 363 E cutils-trace: Error opening trace file: No such file or directory (2)
01-01 08:00:18.049 348 363 W idmap2d : active ffro iterator was not previously released
01-01 08:00:18.071 471 471 D SystemServerTiming: StartOverlayManagerService took to complete: 92ms
01-01 08:00:18.071 471 471 I SystemServerTiming: StartSensorPrivacyService
01-01 08:00:18.079 471 471 D SystemServerTiming: StartSensorPrivacyService took to complete: 8ms
01-01 08:00:18.082 471 471 I SystemServerTiming: StartSensorService
01-01 08:00:18.090 471 471 I SystemServiceManager: Starting com.android.server.sensors.SensorService
01-01 08:00:18.092 471 471 D SystemServerTiming: StartSensorService took to complete: 10ms
01-01 08:00:18.092 471 471 D SystemServerTiming: startBootstrapServices took to complete: 2568ms
01-01 08:00:18.092 471 471 I SystemServerTiming: startCoreServices
01-01 08:00:18.092 471 471 I SystemServerTiming: StartSystemConfigService
01-01 08:00:18.092 471 471 I SystemServiceManager: Starting com.android.server.SystemConfigService
01-01 08:00:18.093 471 471 D SystemServerTiming: StartSystemConfigService took to complete: 1ms
01-01 08:00:18.093 471 471 I SystemServerTiming: StartBatteryService
01-01 08:00:18.093 471 471 I SystemServiceManager: Starting com.android.server.BatteryService
01-01 08:00:18.104 471 471 I android_os_HwBinder: HwBinder: Starting thread pool for getting: android.hardware.health@2.0::IHealth/default
01-01 08:00:18.110 471 578 I SystemServerTimingAsync: InitThreadPoolExec:StartNativeSensorService
01-01 08:00:18.111 346 346 I HidlServiceManagement: Registered android.frameworks.cameraservice.service@2.2::ICameraService/default
01-01 08:00:18.112 346 346 I CameraService: CameraService pinged cameraservice proxy
01-01 08:00:18.113 346 346 I cameraserver: ServiceManager: 0xe97ff960 done instantiate
01-01 08:00:18.114 471 578 D SystemServerInitThreadPool: Started executing StartNativeSensorService
01-01 08:00:18.285 276 276 W healthd : battery none chg=
01-01 08:00:18.115 471 578 I SystemServerTimingAsync: StartNativeSensorService
01-01 08:00:18.115 471 578 D SensorService: nuSensorService starting...
01-01 08:00:18.119 185 185 I hwservicemanager: getTransport: Cannot find entry android.hardware.sensors@2.1::ISensors/default in either framework or device VINTF manifest.
01-01 08:00:18.120 471 471 I android_os_HwBinder: HwBinder: Starting thread pool for getting: android.hidl.manager@1.0::IServiceManager/default
01-01 08:00:18.121 185 185 I hwservicemanager: getTransport: Cannot find entry android.hardware.sensors@2.0::ISensors/default in either framework or device VINTF manifest.
01-01 08:00:18.121 185 185 I hwservicemanager: getTransport: Cannot find entry android.hardware.sensors@1.0::ISensors/default in either framework or device VINTF manifest.
01-01 08:00:18.126 471 578 D SystemServerTimingAsync: StartNativeSensorService took to complete: 11ms
01-01 08:00:18.127 471 578 D SystemServerInitThreadPool: Finished executing StartNativeSensorService
01-01 08:00:18.127 471 578 D SystemServerTimingAsync: InitThreadPoolExec:StartNativeSensorService took to complete: 13ms
01-01 08:00:18.131 471 471 I HealthServiceWrapper: health: HealthServiceWrapper listening to instance default
01-01 08:00:18.131 471 471 I BatteryService: health: Waited 0ms and received the update.
01-01 08:00:18.136 471 471 D SystemServerTiming: StartBatteryService took to complete: 43ms
01-01 08:00:18.136 471 471 I SystemServerTiming: StartUsageService
01-01 08:00:18.136 471 471 I SystemServiceManager: Starting com.android.server.usage.UsageStatsService
01-01 08:00:18.137 471 580 I android_os_HwBinder: HwBinder: Starting thread pool for getting: android.hardware.health@2.0::IHealth/default
01-01 08:00:18.148 471 471 D SystemServerTiming: StartUsageService took to complete: 12ms
01-01 08:00:18.148 471 471 I SystemServerTiming: StartWebViewUpdateService
01-01 08:00:18.148 471 471 I SystemServiceManager: Starting com.android.server.webkit.WebViewUpdateService
01-01 08:00:18.159 471 471 D SystemServerTiming: StartWebViewUpdateService took to complete: 11ms
01-01 08:00:18.159 471 471 I SystemServerTiming: StartCachedDeviceStateService
01-01 08:00:18.159 471 471 I SystemServiceManager: Starting com.android.server.CachedDeviceStateService
01-01 08:00:18.159 471 471 D SystemServerTiming: StartCachedDeviceStateService took to complete: 0ms
01-01 08:00:18.159 471 471 I SystemServerTiming: StartBinderCallsStatsService
01-01 08:00:18.160 471 471 I SystemServiceManager: Starting com.android.server.BinderCallsStatsService$LifeCycle
01-01 08:00:18.162 471 471 D SystemServerTiming: StartBinderCallsStatsService took to complete: 3ms
01-01 08:00:18.163 471 471 I SystemServerTiming: StartLooperStatsService
01-01 08:00:18.163 471 471 I SystemServiceManager: Starting com.android.server.LooperStatsService$Lifecycle
01-01 08:00:18.165 471 471 D SystemServerTiming: StartLooperStatsService took to complete: 2ms
01-01 08:00:18.165 471 471 I SystemServerTiming: StartRollbackManagerService
01-01 08:00:18.165 471 471 I SystemServiceManager: Starting com.android.server.rollback.RollbackManagerService
01-01 08:00:18.168 350 350 D installd: Found quota mount /dev/block/by-name/userdata at /data
01-01 08:00:18.168 350 350 D installd: Found quota mount /dev/block/by-name/userdata at /data/user/0
01-01 08:00:18.172 471 471 I PackageWatchdog: Syncing state, reason: added new observer
01-01 08:00:18.173 471 471 I PackageWatchdog: Not pruning observers, elapsed time: 0ms
01-01 08:00:18.173 471 538 I PackageWatchdog: Saving observer state to file
01-01 08:00:18.174 471 471 I PackageWatchdog: Cancelling state sync, nothing to sync
01-01 08:00:18.180 471 471 D SystemServerTiming: StartRollbackManagerService took to complete: 15ms
01-01 08:00:18.181 471 471 I SystemServerTiming: StartNativeTombstoneManagerService
01-01 08:00:18.181 471 471 I SystemServiceManager: Starting com.android.server.os.NativeTombstoneManagerService
01-01 08:00:18.183 471 471 D SystemServerTiming: StartNativeTombstoneManagerService took to complete: 3ms
01-01 08:00:18.184 471 471 I SystemServerTiming: StartBugreportManagerService
01-01 08:00:18.184 471 471 I SystemServiceManager: Starting com.android.server.os.BugreportManagerService
01-01 08:00:18.186 471 471 D SystemServerTiming: StartBugreportManagerService took to complete: 1ms
01-01 08:00:18.186 471 471 I SystemServerTiming: GpuService
01-01 08:00:18.187 471 471 I SystemServiceManager: Starting com.android.server.gpu.GpuService
01-01 08:00:18.187 471 471 D SystemServerTiming: GpuService took to complete: 1ms
01-01 08:00:18.187 471 471 D SystemServerTiming: startCoreServices took to complete: 95ms
01-01 08:00:18.187 471 471 I SystemServerTiming: startOtherServices
01-01 08:00:18.188 471 471 I SystemServerTiming: StartKeyAttestationApplicationIdProviderService
01-01 08:00:18.188 471 525 I SystemServerTimingAsync: InitThreadPoolExec:SecondaryZygotePreload
01-01 08:00:18.189 471 525 D SystemServerInitThreadPool: Started executing SecondaryZygotePreload
01-01 08:00:18.189 471 525 I SystemServer: SecondaryZygotePreload
01-01 08:00:18.189 471 525 I SystemServerTimingAsync: SecondaryZygotePreload
01-01 08:00:18.192 471 471 D SystemServerTiming: StartKeyAttestationApplicationIdProviderService took to complete: 2ms
01-01 08:00:18.192 471 471 I SystemServerTiming: StartKeyChainSystemService
01-01 08:00:18.192 471 471 I SystemServiceManager: Starting com.android.server.security.KeyChainSystemService
01-01 08:00:18.193 471 471 D SystemServerTiming: StartKeyChainSystemService took to complete: 1ms
01-01 08:00:18.193 247 247 I Zygote : Lazily preloading resources.
01-01 08:00:18.194 247 247 D Zygote : begin preload
01-01 08:00:18.194 247 247 I Zygote : Calling ZygoteHooks.beginPreload()
01-01 08:00:18.194 471 471 I SystemServerTiming: StartSchedulingPolicyService
01-01 08:00:18.195 471 517 I SystemServerTimingAsync: InitThreadPoolExec:SchedulingPolicyService.
01-01 08:00:18.195 471 517 D SystemServerInitThreadPool: Started executing SchedulingPolicyService.
01-01 08:00:18.199 471 471 D SystemServerTiming: StartSchedulingPolicyService took to complete: 4ms
01-01 08:00:18.199 471 471 I SystemServerTiming: StartTelecomLoaderService
01-01 08:00:18.199 471 471 I SystemServiceManager: Starting com.android.server.telecom.TelecomLoaderService
01-01 08:00:18.204 471 471 D SystemServerTiming: StartTelecomLoaderService took to complete: 4ms
01-01 08:00:18.204 471 471 I SystemServerTiming: StartTelephonyRegistry
01-01 08:00:18.210 471 471 D SystemServerTiming: StartTelephonyRegistry took to complete: 4ms
01-01 08:00:18.210 471 471 I SystemServerTiming: StartEntropyMixer
01-01 08:00:18.243 471 471 I EntropyMixer: Writing entropy...
01-01 08:00:18.246 471 471 D SystemServerTiming: StartEntropyMixer took to complete: 35ms
01-01 08:00:18.246 471 471 I SystemServerTiming: StartAccountManagerService
01-01 08:00:18.246 471 471 I SystemServiceManager: Starting com.android.server.accounts.AccountManagerService$Lifecycle
01-01 08:00:18.247 471 517 I SchedulingPolicyService: Moving 388 back to group default
01-01 08:00:18.253 471 471 D CompatibilityChangeReporter: Compat change id reported: 148180766; UID 1000; state: ENABLED
01-01 08:00:18.261 471 517 D SystemServerInitThreadPool: Finished executing SchedulingPolicyService.
01-01 08:00:18.263 471 517 D SystemServerTimingAsync: InitThreadPoolExec:SchedulingPolicyService. took to complete: 68ms
01-01 08:00:18.264 471 471 D SystemServerTiming: StartAccountManagerService took to complete: 17ms
01-01 08:00:18.264 471 471 I SystemServerTiming: StartContentService
01-01 08:00:18.264 471 471 I SystemServiceManager: Starting com.android.server.content.ContentService$Lifecycle
01-01 08:00:18.268 471 471 D SystemServerTiming: StartContentService took to complete: 3ms
01-01 08:00:18.268 471 471 I SystemServerTiming: InstallSystemProviders
01-01 08:00:18.276 471 490 I system_server: Background concurrent copying GC freed 120698(5491KB) AllocSpace objects, 27(1184KB) LOS objects, 49% free, 7312KB/14MB, paused 411us total 440.302ms
01-01 08:00:18.356 471 471 W SettingsState: No settings state /data/system/users/0/settings_config.xml
01-01 08:00:18.357 247 247 D ZygoteInitTiming_lazy: BeginPreload took to complete: 163ms
01-01 08:00:18.357 247 247 I Zygote : Preloading classes...
01-01 08:00:18.362 471 471 I SettingsState: directory info for directory/file /data/system/users/0/settings_config.xml with stacktrace
01-01 08:00:18.362 471 471 I SettingsState: java.lang.Exception
01-01 08:00:18.362 471 471 I SettingsState: at com.android.providers.settings.SettingsState.logSettingsDirectoryInformation(SettingsState.java:877)
01-01 08:00:18.362 471 471 I SettingsState: at com.android.providers.settings.SettingsState.readStateSyncLocked(SettingsState.java:1008)
01-01 08:00:18.362 471 471 I SettingsState: at com.android.providers.settings.SettingsState.(SettingsState.java:283)
01-01 08:00:18.362 471 471 I SettingsState: at com.android.providers.settings.SettingsProvider$SettingsRegistry.ensureSettingsStateLocked(SettingsProvider.java:2884)
01-01 08:00:18.362 471 471 I SettingsState: at com.android.providers.settings.SettingsProvider$SettingsRegistry.ensureSettingsForUserLocked(SettingsProvider.java:2849)
01-01 08:00:18.362 471 471 I SettingsState: at com.android.providers.settings.SettingsProvider$SettingsRegistry.peekSettingsStateLocked(SettingsProvider.java:3201)
01-01 08:00:18.362 471 471 I SettingsState: at com.android.providers.settings.SettingsProvider$SettingsRegistry.getSettingsNamesLocked(SettingsProvider.java:2814)
01-01 08:00:18.362 471 471 I SettingsState: at com.android.providers.settings.SettingsProvider$SettingsRegistry.syncSsaidTableOnStartLocked(SettingsProvider.java:2797)
01-01 08:00:18.362 471 471 I SettingsState: at com.android.providers.settings.SettingsProvider$SettingsRegistry.access$100(SettingsProvider.java:2667)
01-01 08:00:18.362 471 471 I SettingsState: at com.android.providers.settings.SettingsProvider.onCreate(SettingsProvider.java:397)
01-01 08:00:18.362 471 471 I SettingsState: at android.content.ContentProvider.attachInfo(ContentProvider.java:2404)
01-01 08:00:18.362 471 471 I SettingsState: at android.content.ContentProvider.attachInfo(ContentProvider.java:2374)
01-01 08:00:18.362 471 471 I SettingsState: at android.app.ActivityThread.installProvider(ActivityThread.java:7437)
01-01 08:00:18.362 471 471 I SettingsState: at android.app.ActivityThread.installContentProviders(ActivityThread.java:6954)
01-01 08:00:18.362 471 471 I SettingsState: at android.app.ActivityThread.installSystemProviders(ActivityThread.java:7624)
01-01 08:00:18.362 471 471 I SettingsState: at com.android.server.am.ContentProviderHelper.installSystemProviders(ContentProviderHelper.java:1247)
01-01 08:00:18.362 471 471 I SettingsState: at com.android.server.SystemServer.startOtherServices(SystemServer.java:1507)
01-01 08:00:18.362 471 471 I SettingsState: at com.android.server.SystemServer.run(SystemServer.java:928)
01-01 08:00:18.362 471 471 I SettingsState: at com.android.server.SystemServer.main(SystemServer.java:628)
01-01 08:00:18.362 471 471 I SettingsState: at java.lang.reflect.Method.invoke(Native Method)
01-01 08:00:18.362 471 471 I SettingsState: at com.android.internal.os.RuntimeInit$MethodAndArgsCaller.run(RuntimeInit.java:548)
01-01 08:00:18.362 471 471 I SettingsState: at com.android.internal.os.ZygoteInit.main(ZygoteInit.java:1160)
01-01 08:00:18.362 471 471 I SettingsState: ancestor directory /data/system/users/0 exists
01-01 08:00:18.362 471 471 I SettingsState: ancestor directory /data/system/users/0 permissions: r: true w: true x: true
01-01 08:00:18.363 471 471 I SettingsState: ancestor's parent directory /data/system/users permissions: r: true w: true x: true
01-01 08:00:18.429 471 539 D ActivityManager: Freezer enabled
01-01 08:00:18.429 471 539 D ActivityManager: freezer override set to false
01-01 08:00:18.432 471 471 D SystemServerTiming: InstallSystemProviders took to complete: 163ms
01-01 08:00:18.432 471 471 I SystemServerTiming: StartDropBoxManager
01-01 08:00:18.432 471 471 I SystemServiceManager: Starting com.android.server.DropBoxManagerService
01-01 08:00:18.435 272 300 I gralloc : alloc buffer:W:1920 H:1080 S:1920 PL[1920 1080] SZ:8294400 fmt:43 if:0 af:43 usg:20000b00 fg:00000004
01-01 08:00:18.440 471 471 D SystemServerTiming: StartDropBoxManager took to complete: 8ms
01-01 08:00:18.440 471 471 I SystemServerTiming: StartRoleManagerService
01-01 08:00:18.441 471 471 I SystemServiceManager: Starting com.android.role.RoleService
01-01 08:00:18.449 247 247 I Typeface: Preloading /system/fonts/Roboto-Regular.ttf
01-01 08:00:18.450 247 247 I Typeface: Preloading /system/fonts/RobotoStatic-Regular.ttf
01-01 08:00:18.453 471 471 D SystemServerTiming: StartRoleManagerService took to complete: 13ms
01-01 08:00:18.453 471 471 I SystemServerTiming: StartVibratorManagerService
01-01 08:00:18.454 471 471 I SystemServiceManager: Starting com.android.server.vibrator.VibratorManagerService$Lifecycle
01-01 08:00:18.458 184 184 E servicemanager: Could not find android.hardware.vibrator.IVibratorManager/default in the VINTF manifest.
01-01 08:00:18.459 184 184 E servicemanager: Could not find android.hardware.vibrator.IVibrator/default in the VINTF manifest.
01-01 08:00:18.463 185 185 I hwservicemanager: getTransport: Cannot find entry android.hardware.vibrator@1.0::IVibrator/default in either framework or device VINTF manifest.
01-01 08:00:18.465 471 471 D SystemServerTiming: StartVibratorManagerService took to complete: 12ms
01-01 08:00:18.466 471 471 I SystemServerTiming: StartDynamicSystemService
01-01 08:00:18.467 471 471 D SystemServerTiming: StartDynamicSystemService took to complete: 1ms
01-01 08:00:18.467 471 471 I SystemServerTiming: StartConsumerIrService
01-01 08:00:18.468 185 185 I hwservicemanager: getTransport: Cannot find entry android.hardware.ir@1.0::IConsumerIr/default in either framework or device VINTF manifest.
01-01 08:00:18.469 471 471 D SystemServerTiming: StartConsumerIrService took to complete: 2ms
01-01 08:00:18.469 471 471 I SystemServerTiming: StartAlarmManagerService
01-01 08:00:18.470 471 471 I SystemServiceManager: Starting com.android.server.alarm.AlarmManagerService
01-01 08:00:18.475 317 319 D XM_HIDREAD: add@ add@/devices/virtual/wakeup/wakeup13
01-01 08:00:18.475 317 319 D XM_HIDREAD: add@ add@/devices/virtual/wakeup/wakeup14
01-01 08:00:18.476 317 319 D XM_HIDREAD: add@ add@/devices/virtual/wakeup/wakeup15
01-01 08:00:18.476 317 319 D XM_HIDREAD: add@ add@/devices/virtual/wakeup/wakeup16
01-01 08:00:18.476 317 319 D XM_HIDREAD: add@ add@/devices/virtual/wakeup/wakeup17
01-01 08:00:18.476 317 319 D XM_HIDREAD: add@ add@/devices/virtual/wakeup/wakeup18
01-01 08:00:18.476 317 319 D XM_HIDREAD: add@ add@/devices/virtual/wakeup/wakeup19
01-01 08:00:18.476 471 471 D AlarmManagerService: Kernel timezone updated to -480 minutes west of GMT
01-01 08:00:18.477 471 471 I AlarmManager: Current time only 18476, advancing to build time 1748091714000
01-01 08:00:18.477 471 471 D AlarmManagerService: Setting time of day to sec=1748091714
01-01 08:00:18.472 328 328 I xiriservice_All: type=1400 audit(0.0:298): avc: denied { read } for scontext=u:r:init:s0 tcontext=u:r:init:s0 tclass=netlink_kobject_uevent_socket permissive=1
05-24 21:01:54.066 471 471 D CompatibilityChangeReporter: Compat change id reported: 160794467; UID 1000; state: ENABLED
05-24 21:01:54.070 471 471 W SystemServiceManager: Service com.android.server.alarm.AlarmManagerService took 77 ms in onStart
05-24 21:01:54.071 471 471 D SystemServerTiming: StartAlarmManagerService took to complete: 78ms
05-24 21:01:54.071 471 471 I SystemServerTiming: StartInputManagerService
05-24 21:01:54.072 471 471 I InputManager: Initializing input manager, mUseDevInputEventForAudioJack=true
05-24 21:01:54.074 317 319 D XM_HIDREAD: add@ add@/devices/virtual/wakeup/wakeup20
05-24 21:01:54.074 317 319 D XM_HIDREAD: add@ add@/devices/virtual/wakeup/wakeup21
05-24 21:01:54.081 245 249 I ServiceManager: Waiting for service 'statscompanion' on '/dev/binder'...
05-24 21:01:54.081 471 471 D SystemServerTiming: StartInputManagerService took to complete: 10ms
05-24 21:01:54.081 471 471 I SystemServerTiming: DeviceStateManagerService
05-24 21:01:54.081 471 471 I SystemServiceManager: Starting com.android.server.devicestate.DeviceStateManagerService
05-24 21:01:54.083 317 319 D XM_HIDREAD: add@ add@/devices/virtual/wakeup/wakeup22
05-24 21:01:54.087 471 471 D SystemServerTiming: DeviceStateManagerService took to complete: 6ms
05-24 21:01:54.087 471 471 I SystemServerTiming: StartCameraServiceProxy
