06-10 19:31:47.443 9377 9607 I UFUnilog: api_engine.cpp : 993 PingbackSdk {fuc=APIEngine::generateFinalIPV6Config(),logtag=babelqos_pb_186,interface_msg=forceIPV6Status:-1}
06-10 19:31:47.443 9377 9607 I UFUnilog: api_engine.cpp : 1003 PingbackSdk {fuc=APIEngine::generateFinalIPV6Config(),logtag=babelqos_pb_186,interface_msg=domain support ipv6, sOriginHost:msg.ptqy.gitv.tv, strIPV6Domain:}
06-10 19:31:47.443 9377 9607 V UFUnilog: api_engine.cpp : 189 PingbackSdk {fuc=APIEngine:Call(),logtag=babelqos_pb_186,interface_msg=Start Try!,try_count=0}
06-10 19:31:47.443 9377 9607 I UFUnilog: api_strategy_impl.cpp : 438 PingbackSdk {fuc=APIStrategyImpl:CreateStrategyResult(),logtag=babelqos_pb_186,strategyname=httpdns-strategy,current_try_count=0,interface_msg=try to get ip list from dns_type = 1}
06-10 19:31:47.443 9377 9607 W UFUnilog: api_httpdns_fastdns.cpp : 110 {fuc=APIHttpdnsFastDns:GetHttpDnsResult(),interface_msg=start find,business=unifiedx,bgp_flag=1,timeout=2000,domain_list=msg.ptqy.gitv.tv,cache_only=0}
06-10 19:31:47.444 9377 9607 I UFUnilog: api_httpdns_fastdns.cpp : 184 {fuc=APIHttpdnsFastDns:GetHttpDnsResult(),interface_msg=v6 domain finded, result4a_size=1, result4aaaa_size=1, result4b_size=1, result4bbbb_size=0}
06-10 19:31:47.444 9377 9607 I UFUnilog: api_httpdns_fastdns.cpp : 200 {fuc=APIHttpdnsFastDns:GetHttpDnsResult(),interface_msg=v4 finded,domain=msg.ptqy.gitv.tv,ip_list_count=4,ip_from_cache=1,ns_result=116.211.198.144|443}
06-10 19:31:47.444 9377 9607 I UFUnilog: api_httpdns_fastdns.cpp : 221 {fuc=APIHttpdnsFastDns:GetHttpDnsResult(),interface_msg=v6 finded,domain=msg.ptqy.gitv.tv,ip_list_count_v6=3,ip_from_cache=1,ns_result=116.211.198.144|443}
06-10 19:31:47.444 9377 9607 I UFUnilog: api_httpdns_fastdns.cpp : 246 {fuc=APIHttpdnsFastDns:GetHttpDnsResult(),interface_msg=v4 backup finded,domain=msg.ptqy.gitv.tv,ip_list_count_b=4,bfirst=0,ip_from_cache=1,ns_result=116.211.198.144|443}
06-10 19:31:47.444 9377 9607 I UFUnilog: api_strategy_impl.cpp : 569 PingbackSdk {fuc=APIStrategyImpl:CreateStrategyResult(),logtag=babelqos_pb_186,strategyname=httpdns-strategy,interface_msg=complete build strategy result,suggest_url_params=,suggest_protocol=,bReplaceWithNewFullUrl=0,bReplaceWithNewHeaders=0}
06-10 19:31:47.444 9377 9607 V UFUnilog: UFNEasyCurlClientImpl.cpp : 16 PingbackSdk {fuc=UFNEasyCurlClientImpl:Perform(),logtag=babelqos_pb_186,interface_msg=in}
06-10 19:31:47.476 9377 9785 E Hcdn_DeTask572787192: HCDN_LOG: [T:9785][HINFO]:[f:PostNotifyInfo],[l:248], notify type(6),info({"BandWidth":0,"IsAd":0,"IsP2P":0,"VID":"e9338e6ec419bc3c6004fc518a1b2656"}
06-10 19:31:47.476 9377 9785 E Hcdn_DeTask572787192: )
06-10 19:31:47.476 9377 9780 E playfilesourceNew: HCDN_LOG: [T:9780][HINFO]:[f:DoAsynNotifyInfoResponse],[l:2605],[TaskID(572787192),type(6),msg({"BandWidth":0,"IsAd":0,"IsP2P":0,"VID":"e9338e6ec419bc3c6004fc518a1b2656"}
06-10 19:31:47.476 9377 9780 E playfilesourceNew: )!]
06-10 19:31:47.532 1836 2218 D XM_HIDREAD: poll ret=1, event=1
06-10 19:31:47.532 1836 2218 D XM_HIDREAD: [9 bytes]:01 00 00 4F 00 00 00 00 00
06-10 19:31:47.537 2107 2107 I SogouIME: onKeyDown: keyoCode=22
06-10 19:31:47.537 2107 2107 I DefaultIMS: onKeyDown: keyoCode=22
06-10 19:31:47.538 1543 1543 E SecondScreen: FirstScreenLayoutView dispatchKeyEvent 22
06-10 19:31:47.557 9377 9780 E playfilesourceNew: HCDN_LOG: [T:9780][HFATAL]:[f:LoopGetDownloadInfo],[l:3661],[Can not find TaskID(572787192), end LoopGetDownloadInfo()]
06-10 19:31:47.559 2107 2107 I DefaultIMS: onStartInput attribute=android.view.inputmethod.EditorInfo@c98edb2 restarting=false inputType: 0
06-10 19:31:47.577 9377 9780 E playfilesourceNew: HCDN_LOG: [T:9780][HINFO]:[f:DoAsynNotifyInfoResponse],[l:2605],[TaskID(572787192),type(6),msg({"BandWidth":0,"IsAd":0,"IsP2P":0,"VID":"e9338e6ec419bc3c6004fc518a1b2656"}
06-10 19:31:47.577 9377 9780 E playfilesourceNew: )!]
06-10 19:31:47.577 9377 9785 E Hcdn_DeTask572787192: HCDN_LOG: [T:9785][HINFO]:[f:PostNotifyInfo],[l:248], notify type(6),info({"BandWidth":0,"IsAd":0,"IsP2P":0,"VID":"e9338e6ec419bc3c6004fc518a1b2656"}
06-10 19:31:47.577 9377 9785 E Hcdn_DeTask572787192: )
06-10 19:31:47.596 1073 1331 W bt_stack: [WARNING:client_interface_aidl.cc(471)] ReadAudioData: 2048/4096 no data 10 ms
06-10 19:31:47.596 1073 1331 W bt_btif_a2dp_source: packages/modules/Bluetooth/system/btif/src/btif_a2dp_source.cc:946 btif_a2dp_source_read_callback: btif_a2dp_source_read_callback: UNDERFLOW: ONLY READ 2048 BYTES OUT OF 4096
06-10 19:31:47.611 9377 9607 V UFUnilog: UFNEasyCurlClientImpl.cpp : 66 PingbackSdk {fuc=UFNEasyCurlClientImpl:Perform(),logtag=babelqos_pb_186,interface_msg=out}
06-10 19:31:47.612 9377 9607 V UFUnilog: api_engine.cpp : 189 PingbackSdk {fuc=APIEngine:Call(),logtag=babelqos_pb_186,interface_msg=Start Try!,try_count=1}
06-10 19:31:47.613 9377 9607 D PINGBACKSDK: PlayerPbApi.cpp:38 PingbackLog: send success! http://msg.ptqy.gitv.tv/qos/3_31_312:124.237.225.22,tvdatareq:msg=[{"c1":"0","ct":"tvdatareq","deviceid":"tv_cc46bef63fc2ad8d49126ac32881e261_1749550814769_3644146642","dfp":"","diy_r":"","diy_ri":"ad_recap_comb","diy_sfrom":"idle","hcdn":"1","hcdnromsz":"200","hcdnv":"10.2.3.5212","hu":"5%2C57%2C60","hwver":"DBBOX-A3","isroot":"1","lch_ver":"1.7","livenetv":"6.24.26.354","localtime":"2025-06-10-19%3A31%3A46","lsv":"18.0.1.5212","mkey":"20200817110900551NKVuEWAfr101626","mod":"cn_s","os":"34","p1":"3_31_312","p2":"3128","pbv":"","plyert":"native_advance","procid":"9377","psp_4kh264":"1","psp_4kh265":"1","psp_dolby":"1","psp_dv":"0","psp_edr":"","psp_h264":"1","psp_h265":"1","psp_hdr10":"1","psp_ratedef":"10","psp_ratedefdv":"10","psp_ratedefhdr":"","pu
06-10 19:31:47.613 9377 9607 D PINGBACKSDK: PlayerPbApi.cpp:40 PingbackLog: send success! tvdatareq:":"1057382444771596","qyctx":"F4473C91B77028CDDBE404B5C7899B64B7B53B67DFF055D126EB02A9DE3B7B1C2E0171DCB8766A144F466DC62EC042DD4F1A2361080C9C140CFEC187AA217144B7D57FF90ED91469E7571AAED169DBEABB9F51CA8CF9C767726661CBB86DA934","qyctxv":"1","ravd_auth":"-1","re":"1920x1080","rn":"2813203338","romrsz":"53510","romsz":"55669","sdkv":"1.1403.1.06053","stat":"error","stime":"1749555106190","t":"9","term":{"brand":"Amlogic","chip":"","core":"4","cpu_arch":"8","cpu_freq":"2508000","cpu_implementer":"65","cpu_part":"3333","cpu_processor":"","diy_hwver":"DBBOX-A3","dolbycodec":"-1","firmver":"UD2A.240505.001.W1.eng.server.20250610.164709 release-keys","high_end":"-1","hpformance":"","hwprod":"","hwversu
06-10 19:31:47.613 9377 9607 D PINGBACKSDK: PlayerPbApi.cpp:35 PingbackLog: send success! tvdatareq:b":"","memory":"3677","p_hdcp":"","p_maxhdcp":"","rammode":"","vendor":""},"tm":"","u":"tv_cc46bef63fc2ad8d49126ac32881e261","v":"2.1403.1.250523","ve":"1749555105972B9102071B18D4081C29","vsp_4kh264":"1","vsp_4kh265":"1","vsp_8k":"0","vsp_daudio":"1","vsp_dv":"0","vsp_edr":"0","vsp_h265":"1","vsp_hdr10":"1","vsp_ratedef":"10","vsp_ratedefEdr":"-1","vsp_ratedefdolby":"10","vsp_ratedefdv":"-1","vsp_ratedefhdr":"-1","wifimac":"02%3A00%3A00%3A00%3A00%3A00"}]
06-10 19:31:47.614 9377 9607 D UFUnilog: api_network_status.cpp : 105 {fuc=APINetworkStatus:IsIPV6Works(),interface_msg=localResult=0, fastdnsResult=0}
06-10 19:31:47.614 9377 9607 I UFUnilog: api_engine.cpp : 993 PingbackSdk {fuc=APIEngine::generateFinalIPV6Config(),logtag=babelqos_pb_187,interface_msg=forceIPV6Status:-1}
06-10 19:31:47.614 9377 9607 I UFUnilog: api_engine.cpp : 1003 PingbackSdk {fuc=APIEngine::generateFinalIPV6Config(),logtag=babelqos_pb_187,interface_msg=domain support ipv6, sOriginHost:msg.ptqy.gitv.tv, strIPV6Domain:}
06-10 19:31:47.614 9377 9607 V UFUnilog: api_engine.cpp : 189 PingbackSdk {fuc=APIEngine:Call(),logtag=babelqos_pb_187,interface_msg=Start Try!,try_count=0}
06-10 19:31:47.614 9377 9607 I UFUnilog: api_strategy_impl.cpp : 438 PingbackSdk {fuc=APIStrategyImpl:CreateStrategyResult(),logtag=babelqos_pb_187,strategyname=httpdns-strategy,current_try_count=0,interface_msg=try to get ip list from dns_type = 1}
06-10 19:31:47.615 9377 9607 W UFUnilog: api_httpdns_fastdns.cpp : 110 {fuc=APIHttpdnsFastDns:GetHttpDnsResult(),interface_msg=start find,business=unifiedx,bgp_flag=1,timeout=2000,domain_list=msg.ptqy.gitv.tv,cache_only=0}
06-10 19:31:47.615 9377 9607 I UFUnilog: api_httpdns_fastdns.cpp : 184 {fuc=APIHttpdnsFastDns:GetHttpDnsResult(),interface_msg=v6 domain finded, result4a_size=1, result4aaaa_size=1, result4b_size=1, result4bbbb_size=0}
06-10 19:31:47.616 9377 9607 I UFUnilog: api_httpdns_fastdns.cpp : 200 {fuc=APIHttpdnsFastDns:GetHttpDnsResult(),interface_msg=v4 finded,domain=msg.ptqy.gitv.tv,ip_list_count=4,ip_from_cache=1,ns_result=116.211.198.144|443}
06-10 19:31:47.616 9377 9607 I UFUnilog: api_httpdns_fastdns.cpp : 221 {fuc=APIHttpdnsFastDns:GetHttpDnsResult(),interface_msg=v6 finded,domain=msg.ptqy.gitv.tv,ip_list_count_v6=3,ip_from_cache=1,ns_result=116.211.198.144|443}
06-10 19:31:47.616 9377 9607 I UFUnilog: api_httpdns_fastdns.cpp : 246 {fuc=APIHttpdnsFastDns:GetHttpDnsResult(),interface_msg=v4 backup finded,domain=msg.ptqy.gitv.tv,ip_list_count_b=4,bfirst=0,ip_from_cache=1,ns_result=116.211.198.144|443}
06-10 19:31:47.616 9377 9607 I UFUnilog: api_strategy_impl.cpp : 569 PingbackSdk {fuc=APIStrategyImpl:CreateStrategyResult(),logtag=babelqos_pb_187,strategyname=httpdns-strategy,interface_msg=complete build strategy result,suggest_url_params=,suggest_protocol=,bReplaceWithNewFullUrl=0,bReplaceWithNewHeaders=0}
06-10 19:31:47.616 9377 9607 V UFUnilog: UFNEasyCurlClientImpl.cpp : 16 PingbackSdk {fuc=UFNEasyCurlClientImpl:Perform(),logtag=babelqos_pb_187,interface_msg=in}
06-10 19:31:47.647 4174 5138 D TrafficStats: tagSocket(108) with statsTag=0xffffffff, statsUid=-1
06-10 19:31:47.657 9377 9780 E playfilesourceNew: HCDN_LOG: [T:9780][HFATAL]:[f:LoopGetCacheSeconds],[l:3603],[Can not find TaskID(572787192), end LoopGetCacheSeconds()]
06-10 19:31:47.660 4174 4174 I Thread-1444: type=1400 audit(0.0:3788): avc: denied { search } for name="net" dev="sysfs" ino=12344 scontext=u:r:untrusted_app_25:s0:c512,c768 tcontext=u:object_r:sysfs_net:s0 tclass=dir permissive=1 app=com.cibn.tv
06-10 19:31:47.660 4174 4174 I Thread-1444: type=1400 audit(0.0:3789): avc: denied { read } for name="address" dev="sysfs" ino=22126 scontext=u:r:untrusted_app_25:s0:c512,c768 tcontext=u:object_r:sysfs_net:s0 tclass=file permissive=1 app=com.cibn.tv
06-10 19:31:47.660 4174 4174 I Thread-1444: type=1400 audit(0.0:3790): avc: denied { open } for path="/sys/devices/virtual/net/dummy0/address" dev="sysfs" ino=22126 scontext=u:r:untrusted_app_25:s0:c512,c768 tcontext=u:object_r:sysfs_net:s0 tclass=file permissive=1 app=com.cibn.tv
06-10 19:31:47.660 4174 4174 I Thread-1444: type=1400 audit(0.0:3791): avc: denied { getattr } for path="/sys/devices/virtual/net/dummy0/address" dev="sysfs" ino=22126 scontext=u:r:untrusted_app_25:s0:c512,c768 tcontext=u:object_r:sysfs_net:s0 tclass=file permissive=1 app=com.cibn.tv
06-10 19:31:47.677 9377 9785 E Hcdn_DeTask572787192: HCDN_LOG: [T:9785][HINFO]:[f:PostNotifyInfo],[l:248], notify type(6),info({"BandWidth":0,"IsAd":0,"IsP2P":0,"VID":"e9338e6ec419bc3c6004fc518a1b2656"}
06-10 19:31:47.677 9377 9785 E Hcdn_DeTask572787192: )
06-10 19:31:47.677 9377 9780 E playfilesourceNew: HCDN_LOG: [T:9780][HINFO]:[f:DoAsynNotifyInfoResponse],[l:2605],[TaskID(572787192),type(6),msg({"BandWidth":0,"IsAd":0,"IsP2P":0,"VID":"e9338e6ec419bc3c6004fc518a1b2656"}
06-10 19:31:47.677 9377 9780 E playfilesourceNew: )!]
06-10 19:31:47.689 1836 2218 D XM_HIDREAD: poll ret=1, event=1
06-10 19:31:47.689 1836 2218 D XM_HIDREAD: [9 bytes]:01 00 00 00 00 00 00 00 00
06-10 19:31:47.691 2107 2107 I SogouIME: onKeyUp: keyoCode=22
06-10 19:31:47.691 2107 2107 I DefaultIMS: onKeyUp: keyoCode=22
06-10 19:31:47.693 1543 1543 E SecondScreen: FirstScreenLayoutView dispatchKeyEvent 22
06-10 19:31:47.750 9377 9607 V UFUnilog: UFNEasyCurlClientImpl.cpp : 66 PingbackSdk {fuc=UFNEasyCurlClientImpl:Perform(),logtag=babelqos_pb_187,interface_msg=out}
06-10 19:31:47.750 9377 9607 V UFUnilog: api_engine.cpp : 189 PingbackSdk {fuc=APIEngine:Call(),logtag=babelqos_pb_187,interface_msg=Start Try!,try_count=1}
06-10 19:31:47.751 9377 9607 D PINGBACKSDK: PlayerPbApi.cpp:38 PingbackLog: send success! http://msg.ptqy.gitv.tv/qos/3_31_312:124.237.225.22,tvdatareq:msg=[{"c1":"0","ct":"tvdatareq","deviceid":"tv_cc46bef63fc2ad8d49126ac32881e261_1749550814769_3644146642","dfp":"","diy_r":"","diy_ri":"ad_std","diy_sfrom":"idle","hcdn":"1","hcdnromsz":"200","hcdnv":"10.2.3.5212","hu":"5%2C57%2C60","hwver":"DBBOX-A3","isroot":"1","lch_ver":"1.7","livenetv":"6.24.26.354","localtime":"2025-06-10-19%3A31%3A46","lsv":"18.0.1.5212","mkey":"20200817110900551NKVuEWAfr101626","mod":"cn_s","os":"34","p1":"3_31_312","p2":"3128","pbv":"","plyert":"native_advance","procid":"9377","psp_4kh264":"1","psp_4kh265":"1","psp_dolby":"1","psp_dv":"0","psp_edr":"","psp_h264":"1","psp_h265":"1","psp_hdr10":"1","psp_ratedef":"10","psp_ratedefdv":"10","psp_ratedefhdr":"","pu":"1057
06-10 19:31:47.751 9377 9607 D PINGBACKSDK: PlayerPbApi.cpp:40 PingbackLog: send success! tvdatareq:382444771596","qyctx":"F4473C91B77028CDDBE404B5C7899B64B7B53B67DFF055D126EB02A9DE3B7B1C2E0171DCB8766A144F466DC62EC042DD4F1A2361080C9C140CFEC187AA217144B7D57FF90ED91469E7571AAED169DBEABB9F51CA8CF9C767726661CBB86DA934","qyctxv":"1","ravd_auth":"-1","re":"1920x1080","rn":"5246697591","romrsz":"53510","romsz":"55669","sdkv":"1.1403.1.06053","stat":"error","stime":"1749555106191","t":"9","term":{"brand":"Amlogic","chip":"","core":"4","cpu_arch":"8","cpu_freq":"2508000","cpu_implementer":"65","cpu_part":"3333","cpu_processor":"","diy_hwver":"DBBOX-A3","dolbycodec":"-1","firmver":"UD2A.240505.001.W1.eng.server.20250610.164709 release-keys","high_end":"-1","hpformance":"","hwprod":"","hwversub":"","
06-10 19:31:47.751 9377 9607 D PINGBACKSDK: PlayerPbApi.cpp:35 PingbackLog: send success! tvdatareq:memory":"3677","p_hdcp":"","p_maxhdcp":"","rammode":"","vendor":""},"tm":"","u":"tv_cc46bef63fc2ad8d49126ac32881e261","v":"2.1403.1.250523","ve":"1749555105972B9102071B18D4081C29","vsp_4kh264":"1","vsp_4kh265":"1","vsp_8k":"0","vsp_daudio":"1","vsp_dv":"0","vsp_edr":"0","vsp_h265":"1","vsp_hdr10":"1","vsp_ratedef":"10","vsp_ratedefEdr":"-1","vsp_ratedefdolby":"10","vsp_ratedefdv":"-1","vsp_ratedefhdr":"-1","wifimac":"02%3A00%3A00%3A00%3A00%3A00"}]
06-10 19:31:47.752 9377 9607 D UFUnilog: api_network_status.cpp : 105 {fuc=APINetworkStatus:IsIPV6Works(),interface_msg=localResult=0, fastdnsResult=0}
06-10 19:31:47.752 9377 9607 I UFUnilog: api_engine.cpp : 993 PingbackSdk {fuc=APIEngine::generateFinalIPV6Config(),logtag=babelqos_pb_188,interface_msg=forceIPV6Status:-1}
06-10 19:31:47.752 9377 9607 I UFUnilog: api_engine.cpp : 1003 PingbackSdk {fuc=APIEngine::generateFinalIPV6Config(),logtag=babelqos_pb_188,interface_msg=domain support ipv6, sOriginHost:msg.ptqy.gitv.tv, strIPV6Domain:}
06-10 19:31:47.752 9377 9607 V UFUnilog: api_engine.cpp : 189 PingbackSdk {fuc=APIEngine:Call(),logtag=babelqos_pb_188,interface_msg=Start Try!,try_count=0}
06-10 19:31:47.752 9377 9607 I UFUnilog: api_strategy_impl.cpp : 438 PingbackSdk {fuc=APIStrategyImpl:CreateStrategyResult(),logtag=babelqos_pb_188,strategyname=httpdns-strategy,current_try_count=0,interface_msg=try to get ip list from dns_type = 1}
06-10 19:31:47.752 9377 9607 W UFUnilog: api_httpdns_fastdns.cpp : 110 {fuc=APIHttpdnsFastDns:GetHttpDnsResult(),interface_msg=start find,business=unifiedx,bgp_flag=1,timeout=2000,domain_list=msg.ptqy.gitv.tv,cache_only=0}
06-10 19:31:47.753 9377 9607 I UFUnilog: api_httpdns_fastdns.cpp : 184 {fuc=APIHttpdnsFastDns:GetHttpDnsResult(),interface_msg=v6 domain finded, result4a_size=1, result4aaaa_size=1, result4b_size=1, result4bbbb_size=0}
06-10 19:31:47.753 9377 9607 I UFUnilog: api_httpdns_fastdns.cpp : 200 {fuc=APIHttpdnsFastDns:GetHttpDnsResult(),interface_msg=v4 finded,domain=msg.ptqy.gitv.tv,ip_list_count=4,ip_from_cache=1,ns_result=116.211.198.144|443}
06-10 19:31:47.753 9377 9607 I UFUnilog: api_httpdns_fastdns.cpp : 221 {fuc=APIHttpdnsFastDns:GetHttpDnsResult(),interface_msg=v6 finded,domain=msg.ptqy.gitv.tv,ip_list_count_v6=3,ip_from_cache=1,ns_result=116.211.198.144|443}
06-10 19:31:47.754 9377 9607 I UFUnilog: api_httpdns_fastdns.cpp : 246 {fuc=APIHttpdnsFastDns:GetHttpDnsResult(),interface_msg=v4 backup finded,domain=msg.ptqy.gitv.tv,ip_list_count_b=4,bfirst=0,ip_from_cache=1,ns_result=116.211.198.144|443}
06-10 19:31:47.754 9377 9607 I UFUnilog: api_strategy_impl.cpp : 569 PingbackSdk {fuc=APIStrategyImpl:CreateStrategyResult(),logtag=babelqos_pb_188,strategyname=httpdns-strategy,interface_msg=complete build strategy result,suggest_url_params=,suggest_protocol=,bReplaceWithNewFullUrl=0,bReplaceWithNewHeaders=0}
06-10 19:31:47.754 9377 9607 V UFUnilog: UFNEasyCurlClientImpl.cpp : 16 PingbackSdk {fuc=UFNEasyCurlClientImpl:Perform(),logtag=babelqos_pb_188,interface_msg=in}
06-10 19:31:47.778 9377 9785 E Hcdn_DeTask572787192: HCDN_LOG: [T:9785][HINFO]:[f:PostNotifyInfo],[l:248], notify type(6),info({"BandWidth":0,"IsAd":0,"IsP2P":0,"VID":"e9338e6ec419bc3c6004fc518a1b2656"}
06-10 19:31:47.778 9377 9785 E Hcdn_DeTask572787192: )
06-10 19:31:47.778 9377 9780 E playfilesourceNew: HCDN_LOG: [T:9780][HINFO]:[f:DoAsynNotifyInfoResponse],[l:2605],[TaskID(572787192),type(6),msg({"BandWidth":0,"IsAd":0,"IsP2P":0,"VID":"e9338e6ec419bc3c6004fc518a1b2656"}
06-10 19:31:47.778 9377 9780 E playfilesourceNew: )!]
06-10 19:31:47.801 1836 2218 D XM_HIDREAD: poll ret=1, event=1
06-10 19:31:47.801 1836 2218 D XM_HIDREAD: [9 bytes]:01 00 00 4F 00 00 00 00 00
06-10 19:31:47.803 2107 2107 I SogouIME: onKeyDown: keyoCode=22
06-10 19:31:47.804 2107 2107 I DefaultIMS: onKeyDown: keyoCode=22
06-10 19:31:47.804 1543 1543 E SecondScreen: FirstScreenLayoutView dispatchKeyEvent 22
06-10 19:31:47.850 9377 9377 W WindowOnBackDispatcher: sendCancelIfRunning: isInProgress=falsecallback=android.view.ViewRootImpl$$ExternalSyntheticLambda17@6c6b107
06-10 19:31:47.851 761 782 D CoreBackPreview: Window{b2ff286 u0 Toast}: Setting back callback null
06-10 19:31:47.857 761 782 W InputManager-JNI: Input channel object 'b2ff286 Toast (client)' was disposed without first being removed with the input manager!
06-10 19:31:47.865 761 782 W NotificationService: Toast already killed. pkg=com.dangbei.hqmedia token=android.os.BinderProxy@a369037
06-10 19:31:47.866 9377 9377 V UNIPLAYERSDK: MediaPlayerImpl.cpp:408 [MediaPlayerImpl@0xf165fd84]isPlaying ret=0
06-10 19:31:47.867 9377 9377 V UNIPLAYERSDK: MediaPlayerImpl.cpp:400 [MediaPlayerImpl@0xf165fd84]isPaused ret=0
06-10 19:31:47.878 9377 9785 E Hcdn_DeTask572787192: HCDN_LOG: [T:9785][HINFO]:[f:PostNotifyInfo],[l:248], notify type(6),info({"BandWidth":0,"IsAd":0,"IsP2P":0,"VID":"e9338e6ec419bc3c6004fc518a1b2656"}
06-10 19:31:47.878 9377 9785 E Hcdn_DeTask572787192: )
06-10 19:31:47.879 9377 9780 E playfilesourceNew: HCDN_LOG: [T:9780][HINFO]:[f:DoAsynNotifyInfoResponse],[l:2605],[TaskID(572787192),type(6),msg({"BandWidth":0,"IsAd":0,"IsP2P":0,"VID":"e9338e6ec419bc3c6004fc518a1b2656"}
06-10 19:31:47.879 9377 9780 E playfilesourceNew: )!]
06-10 19:31:47.891 9377 9607 V UFUnilog: UFNEasyCurlClientImpl.cpp : 66 PingbackSdk {fuc=UFNEasyCurlClientImpl:Perform(),logtag=babelqos_pb_188,interface_msg=out}
06-10 19:31:47.891 9377 9607 V UFUnilog: api_engine.cpp : 189 PingbackSdk {fuc=APIEngine:Call(),logtag=babelqos_pb_188,interface_msg=Start Try!,try_count=1}
06-10 19:31:47.892 9377 9607 D PINGBACKSDK: PlayerPbApi.cpp:38 PingbackLog: send success! http://msg.ptqy.gitv.tv/qos/3_31_312:124.237.225.22,breakLoad:msg=[{"abr_at":"nonabs","abs_type":"0","absopenstatus":"0","adtype":"none","alanid":"","audiotype":"0","c1":"0","ct":"tvbreakply","deviceid":"tv_cc46bef63fc2ad8d49126ac32881e261_1749550814769_3644146642","dfp":"","diy_adreqend":"3217976","diy_adreqstart":"3217516","diy_adstarttype":"-1","diy_apiname":"","diy_basiccreate":"3217520","diy_basicpre":"3217621","diy_breaktm":"3218146","diy_bstat":"diy_dashend","diy_cause":"quit","diy_dashend":"3218146","diy_dashstart":"3217621","diy_ec":"","diy_m3u8from":"","diy_moviecre":"3217489","diy_moviepre":"3217621","diy_needrls":"0","diy_needstp":"0","diy_pfec":"","diy_ppdstate":"-1","diy_sfrom":"idle","diy_spload":"1","diy_splplayer":"1","drm_v":"","drmst
06-10 19:31:47.892 9377 9607 D PINGBACKSDK: PlayerPbApi.cpp:40 PingbackLog: send success! breakLoad:at":"0","drmt":"none","duby":"","fakeabs":"","fr":"","hcdninit":"success","hcdnlsmhd":"","hcdnromsz":"200","hcdnst":"","hcdnv":"10.2.3.5212","ht":"","hu":"5%2C57%2C60","hwver":"DBBOX-A3","is264ts":"","is_cuva":"","is_iqhimero":"","ispre":"","isroot":"1","iszqyh":"0","lch_ver":"1.7","livenetst":"-1","livenetv":"6.24.26.354","lsv":"18.0.1.5212","maxpt":"0","mkey":"20200817110900551NKVuEWAfr101626","mod":"cn_s","os":"34","outline":"","p1":"3_31_312","p2":"3128","p_hdcpctrl":"","p_wtmark":"","pbv":"","play_t":"0","plyerm":"vod","plyert":"native_advance","procid":"9377","psc1":"0","psp_4kh264":"1","psp_4kh265":"1","psp_dolby":"1","psp_dv":"0","psp_edr":"","psp_h264":"1","psp_h265":"1","psp_hdr10"
06-10 19:31:47.892 9377 9607 D PINGBACKSDK: PlayerPbApi.cpp:40 PingbackLog: send success! breakLoad::"1","psp_ratedef":"10","psp_ratedefdv":"10","psp_ratedefhdr":"","pu":"1057382444771596","qyctx":"F4473C91B77028CDDBE404B5C7899B64B7B53B67DFF055D126EB02A9DE3B7B1C2E0171DCB8766A144F466DC62EC042DD4F1A2361080C9C140CFEC187AA217144B7D57FF90ED91469E7571AAED169DBEABB9F51CA8CF9C767726661CBB86DA934","qyctxv":"1","r":"1233430264130200","ra":"","rachannel":"","ravd":"","ravd_auth":"-1","re":"1920x1080","retryed":"0","rn":"4721664716","romrsz":"53510","romsz":"55669","sdkv":"1.1403.1.06053","second_cate":"","skipabssize":"","spth265":"1","stat":"preparing","stauto_support":"0","stime":"1749555106448","stype":"0","t":"9","term":{"brand":"Amlogic","chip":"","core":"4","cpu_arch":"8","cpu_freq":"2508000","
06-10 19:31:47.892 9377 9607 D PINGBACKSDK: PlayerPbApi.cpp:40 PingbackLog: send success! breakLoad:cpu_implementer":"65","cpu_part":"3333","cpu_processor":"","diy_hwver":"DBBOX-A3","dolbycodec":"-1","firmver":"UD2A.240505.001.W1.eng.server.20250610.164709 release-keys","high_end":"-1","hpformance":"","hwprod":"","hwversub":"","memory":"3677","p_hdcp":"","p_maxhdcp":"","rammode":"","vendor":""},"tm":"758","tvs2":"simple_sdk","u":"tv_cc46bef63fc2ad8d49126ac32881e261","usehcdn":"","v":"2.1403.1.250523","vcodec":"","ve":"1749555105972B9102071B18D4081C29","vsp_4kh264":"1","vsp_4kh265":"1","vsp_8k":"0","vsp_daudio":"1","vsp_dv":"0","vsp_edr":"0","vsp_h265":"1","vsp_hdr10":"1","vsp_ratedef":"10","vsp_ratedefEdr":"-1","vsp_ratedefdolby":"10","vsp_ratedefdv":"-1","vsp_ratedefhdr":"-1","wifimac":"0
06-10 19:31:47.892 9377 9607 D PINGBACKSDK: PlayerPbApi.cpp:35 PingbackLog: send success! breakLoad:2%3A00%3A00%3A00%3A00%3A00","z":"","z_from":"","z_ip":""}]
06-10 19:31:47.897 9377 9607 D UFUnilog: api_network_status.cpp : 105 {fuc=APINetworkStatus:IsIPV6Works(),interface_msg=localResult=0, fastdnsResult=0}
06-10 19:31:47.897 9377 9607 I UFUnilog: api_engine.cpp : 993 PingbackSdk {fuc=APIEngine::generateFinalIPV6Config(),logtag=babel_pb_189,interface_msg=forceIPV6Status:-1}
06-10 19:31:47.897 9377 9607 I UFUnilog: api_engine.cpp : 1003 PingbackSdk {fuc=APIEngine::generateFinalIPV6Config(),logtag=babel_pb_189,interface_msg=domain support ipv6, sOriginHost:msg.ptqy.gitv.tv, strIPV6Domain:}
06-10 19:31:47.897 9377 9607 V UFUnilog: api_engine.cpp : 189 PingbackSdk {fuc=APIEngine:Call(),logtag=babel_pb_189,interface_msg=Start Try!,try_count=0}
06-10 19:31:47.897 9377 9607 I UFUnilog: api_strategy_impl.cpp : 438 PingbackSdk {fuc=APIStrategyImpl:CreateStrategyResult(),logtag=babel_pb_189,strategyname=httpdns-strategy,current_try_count=0,interface_msg=try to get ip list from dns_type = 1}
06-10 19:31:47.897 9377 9607 W UFUnilog: api_httpdns_fastdns.cpp : 110 {fuc=APIHttpdnsFastDns:GetHttpDnsResult(),interface_msg=start find,business=unifiedx,bgp_flag=1,timeout=2000,domain_list=msg.ptqy.gitv.tv,cache_only=0}
06-10 19:31:47.899 9377 9607 I UFUnilog: api_httpdns_fastdns.cpp : 184 {fuc=APIHttpdnsFastDns:GetHttpDnsResult(),interface_msg=v6 domain finded, result4a_size=1, result4aaaa_size=1, result4b_size=1, result4bbbb_size=0}
06-10 19:31:47.899 9377 9607 I UFUnilog: api_httpdns_fastdns.cpp : 200 {fuc=APIHttpdnsFastDns:GetHttpDnsResult(),interface_msg=v4 finded,domain=msg.ptqy.gitv.tv,ip_list_count=4,ip_from_cache=1,ns_result=116.211.198.144|443}
06-10 19:31:47.899 9377 9607 I UFUnilog: api_httpdns_fastdns.cpp : 221 {fuc=APIHttpdnsFastDns:GetHttpDnsResult(),interface_msg=v6 finded,domain=msg.ptqy.gitv.tv,ip_list_count_v6=3,ip_from_cache=1,ns_result=116.211.198.144|443}
06-10 19:31:47.899 9377 9607 I UFUnilog: api_httpdns_fastdns.cpp : 246 {fuc=APIHttpdnsFastDns:GetHttpDnsResult(),interface_msg=v4 backup finded,domain=msg.ptqy.gitv.tv,ip_list_count_b=4,bfirst=0,ip_from_cache=1,ns_result=116.211.198.144|443}
06-10 19:31:47.899 9377 9607 I UFUnilog: api_strategy_impl.cpp : 569 PingbackSdk {fuc=APIStrategyImpl:CreateStrategyResult(),logtag=babel_pb_189,strategyname=httpdns-strategy,interface_msg=complete build strategy result,suggest_url_params=,suggest_protocol=,bReplaceWithNewFullUrl=0,bReplaceWithNewHeaders=0}
06-10 19:31:47.899 9377 9607 V UFUnilog: UFNEasyCurlClientImpl.cpp : 16 PingbackSdk {fuc=UFNEasyCurlClientImpl:Perform(),logtag=babel_pb_189,interface_msg=in}
06-10 19:31:47.914 1836 2218 D XM_HIDREAD: poll ret=1, event=1
06-10 19:31:47.914 1836 2218 D XM_HIDREAD: [9 bytes]:01 00 00 00 00 00 00 00 00
06-10 19:31:47.917 2107 2107 I SogouIME: onKeyUp: keyoCode=22
06-10 19:31:47.917 2107 2107 I DefaultIMS: onKeyUp: keyoCode=22
06-10 19:31:47.918 1543 1543 E SecondScreen: FirstScreenLayoutView dispatchKeyEvent 22
06-10 19:31:47.972 9377 9785 E Hcdn_DeTask572787192: HCDN_LOG: [T:9785][HINFO]:[f:PostNotifyInfo],[l:248], notify type(6),info({"BandWidth":0,"IsAd":0,"IsP2P":0,"VID":"e9338e6ec419bc3c6004fc518a1b2656"}
06-10 19:31:47.972 9377 9785 E Hcdn_DeTask572787192: )
06-10 19:31:47.972 9377 9780 E playfilesourceNew: HCDN_LOG: [T:9780][HINFO]:[f:DoAsynNotifyInfoResponse],[l:2605],[TaskID(572787192),type(6),msg({"BandWidth":0,"IsAd":0,"IsP2P":0,"VID":"e9338e6ec419bc3c6004fc518a1b2656"}
06-10 19:31:47.972 9377 9780 E playfilesourceNew: )!]
06-10 19:31:48.048 9377 9607 V UFUnilog: UFNEasyCurlClientImpl.cpp : 66 PingbackSdk {fuc=UFNEasyCurlClientImpl:Perform(),logtag=babel_pb_189,interface_msg=out}
06-10 19:31:48.048 9377 9607 V UFUnilog: api_engine.cpp : 189 PingbackSdk {fuc=APIEngine:Call(),logtag=babel_pb_189,interface_msg=Start Try!,try_count=1}
06-10 19:31:48.049 9377 9607 D PINGBACKSDK: PlayerPbApi.cpp:38 PingbackLog: send success! http://msg.ptqy.gitv.tv/b/3_31_312:124.237.225.22,playerwakeup:msg=[{"abr_at":"nonabs","abs_type":"0","absopenstatus":"0","alanid":"","audiotype":"0","c1":"0","deviceid":"tv_cc46bef63fc2ad8d49126ac32881e261_1749550814769_3644146642","dfp":"","diy_sfrom":"idle","drm_v":"","drmstat":"0","drmt":"none","duby":"","fa":"105","fakeabs":"","fr":"","hcdninit":"success","hcdnlsmhd":"","hcdnromsz":"200","hcdnst":"","hcdnv":"10.2.3.5212","ht":"","hu":"5%2C57%2C60","hwver":"DBBOX-A3","is264ts":"","is_cuva":"","is_iqhimero":"","ispre":"","isroot":"1","iszqyh":"0","lch_ver":"1.7","livenetst":"-1","livenetv":"6.24.26.354","lsv":"18.0.1.5212","maxpt":"0","mkey":"20200817110900551NKVuEWAfr101626","mod":"cn_s","os":"34","outline":"","p1":"3_31_312","p2":"3128","p_hdcpctrl
06-10 19:31:48.049 9377 9607 D PINGBACKSDK: PlayerPbApi.cpp:40 PingbackLog: send success! playerwakeup:":"","p_wtmark":"","pbv":"","play_t":"0","plyerm":"vod","plyert":"native_advance","procid":"9377","psc1":"0","psp_4kh264":"1","psp_4kh265":"1","psp_dolby":"1","psp_dv":"0","psp_edr":"","psp_h264":"1","psp_h265":"1","psp_hdr10":"1","psp_ratedef":"10","psp_ratedefdv":"10","psp_ratedefhdr":"","pt":"203056","pu":"1057382444771596","qyctx":"F4473C91B77028CDDBE404B5C7899B64B7B53B67DFF055D126EB02A9DE3B7B1C2E0171DCB8766A144F466DC62EC042DD4F1A2361080C9C140CFEC187AA217144B7D57FF90ED91469E7571AAED169DBEABB9F51CA8CF9C767726661CBB86DA934","qyctxv":"1","r":"1233430264130200","ra":"","rachannel":"","ravd":"","ravd_auth":"-1","re":"1920x1080","rn":"6124618893","romrsz":"53510","romsz":"55669","sdkv":"1.1403
06-10 19:31:48.049 9377 9607 D PINGBACKSDK: PlayerPbApi.cpp:40 PingbackLog: send success! playerwakeup:.1.06053","second_cate":"","skipabssize":"","spth265":"1","stauto_support":"0","stime":"1749555106467","stype":"0","t":"12","term":{"brand":"Amlogic","chip":"","core":"4","cpu_arch":"8","cpu_freq":"2508000","cpu_implementer":"65","cpu_part":"3333","cpu_processor":"","diy_hwver":"DBBOX-A3","dolbycodec":"-1","firmver":"UD2A.240505.001.W1.eng.server.20250610.164709 release-keys","high_end":"-1","hpformance":"","hwprod":"","hwversub":"","memory":"3677","p_hdcp":"","p_maxhdcp":"","rammode":"","vendor":""},"tm":"582","tvs2":"simple_sdk","u":"tv_cc46bef63fc2ad8d49126ac32881e261","usehcdn":"","v":"2.1403.1.250523","vcodec":"","ve":"1749555105972B9102071B18D4081C29","vsp_4kh264":"1","vsp_4kh265":"1",
06-10 19:31:48.049 9377 9607 D PINGBACKSDK: PlayerPbApi.cpp:35 PingbackLog: send success! playerwakeup:"vsp_8k":"0","vsp_daudio":"1","vsp_dv":"0","vsp_edr":"0","vsp_h265":"1","vsp_hdr10":"1","vsp_ratedef":"10","vsp_ratedefEdr":"-1","vsp_ratedefdolby":"10","vsp_ratedefdv":"-1","vsp_ratedefhdr":"-1","wifimac":"02%3A00%3A00%3A00%3A00%3A00","z":"","z_from":"","z_ip":""}]
06-10 19:31:48.073 9377 9785 E Hcdn_DeTask572787192: HCDN_LOG: [T:9785][HINFO]:[f:PostNotifyInfo],[l:248], notify type(6),info({"BandWidth":0,"IsAd":0,"IsP2P":0,"VID":"e9338e6ec419bc3c6004fc518a1b2656"}
06-10 19:31:48.073 9377 9785 E Hcdn_DeTask572787192: )
06-10 19:31:48.074 9377 9780 E playfilesourceNew: HCDN_LOG: [T:9780][HINFO]:[f:DoAsynNotifyInfoResponse],[l:2605],[TaskID(572787192),type(6),msg({"BandWidth":0,"IsAd":0,"IsP2P":0,"VID":"e9338e6ec419bc3c6004fc518a1b2656"}
06-10 19:31:48.074 9377 9780 E playfilesourceNew: )!]
06-10 19:31:48.173 9377 9785 E Hcdn_DeTask572787192: HCDN_LOG: [T:9785][HINFO]:[f:PostNotifyInfo],[l:248], notify type(6),info({"BandWidth":0,"IsAd":0,"IsP2P":0,"VID":"e9338e6ec419bc3c6004fc518a1b2656"}
06-10 19:31:48.173 9377 9785 E Hcdn_DeTask572787192: )
06-10 19:31:48.173 9377 9780 E playfilesourceNew: HCDN_LOG: [T:9780][HINFO]:[f:DoAsynNotifyInfoResponse],[l:2605],[TaskID(572787192),type(6),msg({"BandWidth":0,"IsAd":0,"IsP2P":0,"VID":"e9338e6ec419bc3c6004fc518a1b2656"}
06-10 19:31:48.173 9377 9780 E playfilesourceNew: )!]
06-10 19:31:48.176 9377 9377 I PlayThreadMonitor: in playerthread monitor handler
06-10 19:31:48.178 9377 9461 I PlayThreadMonitor: in monitor runnable
06-10 19:31:48.204 9377 9786 W ipv6detect: HCDN_LOG: [T:9786][func:Stop],[line:1302],CEduNetworkStat::Stop!!!
06-10 19:31:48.251 1836 2218 D XM_HIDREAD: poll ret=1, event=1
06-10 19:31:48.252 1836 2218 D XM_HIDREAD: [9 bytes]:01 00 00 51 00 00 00 00 00
06-10 19:31:48.259 2107 2107 I SogouIME: onKeyDown: keyoCode=20
06-10 19:31:48.259 2107 2107 I DefaultIMS: onKeyDown: keyoCode=20
06-10 19:31:48.260 1543 1543 E SecondScreen: FirstScreenLayoutView dispatchKeyEvent 20
06-10 19:31:48.274 9377 9785 E Hcdn_DeTask572787192: HCDN_LOG: [T:9785][HINFO]:[f:PostNotifyInfo],[l:248], notify type(6),info({"BandWidth":0,"IsAd":0,"IsP2P":0,"VID":"e9338e6ec419bc3c6004fc518a1b2656"}
06-10 19:31:48.274 9377 9785 E Hcdn_DeTask572787192: )
06-10 19:31:48.274 9377 9780 E playfilesourceNew: HCDN_LOG: [T:9780][HINFO]:[f:DoAsynNotifyInfoResponse],[l:2605],[TaskID(572787192),type(6),msg({"BandWidth":0,"IsAd":0,"IsP2P":0,"VID":"e9338e6ec419bc3c6004fc518a1b2656"}
06-10 19:31:48.274 9377 9780 E playfilesourceNew: )!]
06-10 19:31:48.340 1543 16281 D TrafficStats: tagSocket(147) with statsTag=0xffffffff, statsUid=-1
06-10 19:31:48.347 1543 16276 D TrafficStats: tagSocket(105) with statsTag=0xffffffff, statsUid=-1
06-10 19:31:48.378 9377 9780 E playfilesourceNew: HCDN_LOG: [T:9780][HINFO]:[f:DoAsynNotifyInfoResponse],[l:2605],[TaskID(572787192),type(6),msg({"BandWidth":0,"IsAd":0,"IsP2P":0,"VID":"e9338e6ec419bc3c6004fc518a1b2656"}
06-10 19:31:48.378 9377 9780 E playfilesourceNew: )!]
06-10 19:31:48.379 9377 9785 E Hcdn_DeTask572787192: HCDN_LOG: [T:9785][HINFO]:[f:PostNotifyInfo],[l:248], notify type(6),info({"BandWidth":0,"IsAd":0,"IsP2P":0,"VID":"e9338e6ec419bc3c6004fc518a1b2656"}
06-10 19:31:48.379 9377 9785 E Hcdn_DeTask572787192: )
06-10 19:31:48.380 9377 9377 V UNIPLAYERSDK: MediaPlayerImpl.cpp:408 [MediaPlayerImpl@0xf165fd84]isPlaying ret=0
06-10 19:31:48.380 9377 9377 V UNIPLAYERSDK: MediaPlayerImpl.cpp:400 [MediaPlayerImpl@0xf165fd84]isPaused ret=0
06-10 19:31:48.390 1543 16394 D TrafficStats: tagSocket(163) with statsTag=0xffffffff, statsUid=-1
06-10 19:31:48.391 1543 16389 D TrafficStats: tagSocket(169) with statsTag=0xffffffff, statsUid=-1
06-10 19:31:48.391 1543 16387 D TrafficStats: tagSocket(158) with statsTag=0xffffffff, statsUid=-1
06-10 19:31:48.399 1836 2218 D XM_HIDREAD: poll ret=1, event=1
06-10 19:31:48.399 1836 2218 D XM_HIDREAD: [9 bytes]:01 00 00 00 00 00 00 00 00
06-10 19:31:48.417 2107 2107 I SogouIME: onKeyUp: keyoCode=20
06-10 19:31:48.417 2107 2107 I DefaultIMS: onKeyUp: keyoCode=20
06-10 19:31:48.420 1543 1543 E SecondScreen: FirstScreenLayoutView dispatchKeyEvent 20
06-10 19:31:48.476 1836 2218 D XM_HIDREAD: poll ret=1, event=1
06-10 19:31:48.476 1836 2218 D XM_HIDREAD: [9 bytes]:01 00 00 51 00 00 00 00 00
06-10 19:31:48.479 9377 9785 E Hcdn_DeTask572787192: HCDN_LOG: [T:9785][HINFO]:[f:PostNotifyInfo],[l:248], notify type(6),info({"BandWidth":0,"IsAd":0,"IsP2P":0,"VID":"e9338e6ec419bc3c6004fc518a1b2656"}
06-10 19:31:48.479 9377 9785 E Hcdn_DeTask572787192: )
06-10 19:31:48.479 9377 9780 E playfilesourceNew: HCDN_LOG: [T:9780][HINFO]:[f:DoAsynNotifyInfoResponse],[l:2605],[TaskID(572787192),type(6),msg({"BandWidth":0,"IsAd":0,"IsP2P":0,"VID":"e9338e6ec419bc3c6004fc518a1b2656"}
06-10 19:31:48.479 9377 9780 E playfilesourceNew: )!]
06-10 19:31:48.493 2107 2107 I SogouIME: onKeyDown: keyoCode=20
06-10 19:31:48.493 2107 2107 I DefaultIMS: onKeyDown: keyoCode=20
06-10 19:31:48.494 1543 1543 E SecondScreen: FirstScreenLayoutView dispatchKeyEvent 20
06-10 19:31:48.513 4174 4597 V HTTP_KIT_LOG: [DumpInfo:79] ntk profile: job_read_ipv4_timeout3000| job_read_ipv6_timeout1500| job_max_retry_time120| job_open_timeout-1| job_read_timeout200| job_measure_ts_gap2000| job_measure_bytes_limit100000
06-10 19:31:48.513 4174 4597 E HTTP_KIT_LOG: [GetRequestCaller:685] fetch aps config cost:45
06-10 19:31:48.513 1543 16388 D TrafficStats: tagSocket(105) with statsTag=0xffffffff, statsUid=-1
06-10 19:31:48.514 4174 4597 I HTTP_KIT_LOG: [Send:235] SCENE_PCDN:[jobId_215] Send url http://pss.alicdn.com/iku/log/acc?ver=10.25.42.1210&flag=1000000&t=1&mytype=c90y-other
06-10 19:31:48.514 4174 4597 I HTTP_KIT_LOG: [UpdateConfig:108] SCENE_PCDN:[jobId_215] dump config:User-Agent :ikuacc
06-10 19:31:48.514 4174 4597 I HTTP_KIT_LOG: Content-Type :application/octet-stream
06-10 19:31:48.514 4174 4597 I HTTP_KIT_LOG: Host :pss.alicdn.com
06-10 19:31:48.514 4174 4597 I HTTP_KIT_LOG: Content-Length :236
06-10 19:31:48.514 4174 4597 I HTTP_KIT_LOG: [UpdateUrl:66] use domain pss.alicdn.com
06-10 19:31:48.514 4174 4597 I HTTP_KIT_LOG: [InstallTimer:128] SCENE_PCDN:[jobId_215] start open timeout timer=10000
06-10 19:31:48.514 4174 4597 E HTTP_KIT_LOG: [Lookup:118] SCENE_PCDN:[jobId_215] SmartDns use cache domain:pss.alicdn.com addrs:47.92.21.226[2],106.15.163.96[1],
06-10 19:31:48.514 4174 4597 I HTTP_KIT_LOG: [Send:235] SCENE_PCDN_NG:[jobId_216] Send url http://pss.alicdn.com/iku/log/acc?ver=10.25.2.4140&flag=1000000&t=1&mytype=c90y-other
06-10 19:31:48.514 4174 4597 I HTTP_KIT_LOG: [UpdateConfig:108] SCENE_PCDN_NG:[jobId_216] dump config:User-Agent :ikuacc
06-10 19:31:48.514 4174 4597 I HTTP_KIT_LOG: Content-Type :application/octet-stream
06-10 19:31:48.514 4174 4597 I HTTP_KIT_LOG: Host :pss.alicdn.com
06-10 19:31:48.514 4174 4597 I HTTP_KIT_LOG: Content-Length :241
06-10 19:31:48.514 4174 4597 I HTTP_KIT_LOG: Connection :close
06-10 19:31:48.514 4174 4597 I HTTP_KIT_LOG: [UpdateUrl:66] use domain pss.alicdn.com
06-10 19:31:48.514 4174 4597 I HTTP_KIT_LOG: [InstallTimer:128] SCENE_PCDN_NG:[jobId_216] start open timeout timer=10000
06-10 19:31:48.514 4174 4597 E HTTP_KIT_LOG: [Lookup:118] SCENE_PCDN_NG:[jobId_216] SmartDns use cache domain:pss.alicdn.com addrs:47.92.21.226[2],106.15.163.96[1],
06-10 19:31:48.514 4174 4597 I HTTP_KIT_LOG: [AddRequestHeader:498] job:SCENE_PCDN:[jobId_215] add header:[ range_from:0,cur_download:0,range:default:0- | User-Agent :ikuacc
06-10 19:31:48.514 4174 4597 I HTTP_KIT_LOG: Content-Type :application/octet-stream
06-10 19:31:48.514 4174 4597 I HTTP_KIT_LOG: Host :pss.alicdn.com
06-10 19:31:48.514 4174 4597 I HTTP_KIT_LOG: Content-Length :236
06-10 19:31:48.514 4174 4597 I HTTP_KIT_LOG: | Add Ip Resolve: 47.92.21.226 ]
06-10 19:31:48.522 4174 4597 I HTTP_KIT_LOG: [AddRequestHeader:498] job:SCENE_PCDN_NG:[jobId_216] add header:[ range_from:0,cur_download:0,range:default:0- | User-Agent :ikuacc
06-10 19:31:48.522 4174 4597 I HTTP_KIT_LOG: Content-Type :application/octet-stream
06-10 19:31:48.522 4174 4597 I HTTP_KIT_LOG: Host :pss.alicdn.com
06-10 19:31:48.522 4174 4597 I HTTP_KIT_LOG: Content-Length :241
06-10 19:31:48.522 4174 4597 I HTTP_KIT_LOG: Connection :close
06-10 19:31:48.522 4174 4597 I HTTP_KIT_LOG: | Add Ip Resolve: 47.92.21.226 ]
06-10 19:31:48.528 9144 9155 I com.ktcp.video: Background concurrent copying GC freed 161337(6313KB) AllocSpace objects, 0(0B) LOS objects, 49% free, 6360KB/12MB, paused 180us,68us total 169.606ms
06-10 19:31:48.579 9377 9785 E Hcdn_DeTask572787192: HCDN_LOG: [T:9785][HINFO]:[f:PostNotifyInfo],[l:248], notify type(6),info({"BandWidth":0,"IsAd":0,"IsP2P":0,"VID":"e9338e6ec419bc3c6004fc518a1b2656"}
06-10 19:31:48.579 9377 9785 E Hcdn_DeTask572787192: )
06-10 19:31:48.579 9377 9780 E playfilesourceNew: HCDN_LOG: [T:9780][HINFO]:[f:DoAsynNotifyInfoResponse],[l:2605],[TaskID(572787192),type(6),msg({"BandWidth":0,"IsAd":0,"IsP2P":0,"VID":"e9338e6ec419bc3c6004fc518a1b2656"}
06-10 19:31:48.579 9377 9780 E playfilesourceNew: )!]
06-10 19:31:48.588 1836 2218 D XM_HIDREAD: poll ret=1, event=1
06-10 19:31:48.589 1836 2218 D XM_HIDREAD: [9 bytes]:01 00 00 00 00 00 00 00 00
06-10 19:31:48.590 2107 2107 I SogouIME: onKeyUp: keyoCode=20
06-10 19:31:48.590 2107 2107 I DefaultIMS: onKeyUp: keyoCode=20
06-10 19:31:48.591 1543 1543 E SecondScreen: FirstScreenLayoutView dispatchKeyEvent 20
06-10 19:31:48.622 4174 4597 I HTTP_KIT_LOG: [StopTimer:165] SCENE_PCDN:[jobId_215] stop open timeout timer
06-10 19:31:48.622 4174 4597 E HTTP_KIT_LOG: [OnResponse:205] SCENE_PCDN:[jobId_215] OnResponse content-length:5 of content-type:application/json; charset=utf-8, file-size:5
06-10 19:31:48.622 4174 4597 E HTTP_KIT_LOG: headers:
06-10 19:31:48.623 4174 4598 I HTTP_KIT_LOG: [operator():492] SCENE_PCDN:[jobId_215] notify response
06-10 19:31:48.624 4174 4597 I HTTP_KIT_LOG: [StopTimer:165] SCENE_PCDN_NG:[jobId_216] stop open timeout timer
06-10 19:31:48.624 4174 4597 E HTTP_KIT_LOG: [OnResponse:205] SCENE_PCDN_NG:[jobId_216] OnResponse content-length:5 of content-type:application/json; charset=utf-8, file-size:5
06-10 19:31:48.624 4174 4597 E HTTP_KIT_LOG: headers:
06-10 19:31:48.624 4174 4598 I HTTP_KIT_LOG: [operator():463] SCENE_PCDN:[jobId_215] notify complete
06-10 19:31:48.625 4174 4598 I HTTP_KIT_LOG: [operator():492] SCENE_PCDN_NG:[jobId_216] notify response
06-10 19:31:48.625 4174 4597 I HTTP_KIT_LOG: [Close:281] SCENE_PCDN:[jobId_215] Close
06-10 19:31:48.625 4174 4597 I HTTP_KIT_LOG: [PrintStr:417] SCENE_PCDN:[jobId_215] ReportStat: {"appconnectTime":0.0,"connectTime":56382.99,"dnsTime":116.0,"downloadSize":5.0,"downloadTime":109385.0,"error_rtt":-1.0,"firstBTime":108592.0,"firstKBTime":0.0,"firstMBTime":0.0,"last32KTime":0.0,"redirectTime":0.0,"speed":0.04,"starttransferTime":106692.0}
06-10 19:31:48.626 4174 4598 I HTTP_KIT_LOG: [operator():463] SCENE_PCDN_NG:[jobId_216] notify complete
06-10 19:31:48.626 4174 4597 I HTTP_KIT_LOG: [Close:281] SCENE_PCDN_NG:[jobId_216] Close
06-10 19:31:48.626 4174 4597 I HTTP_KIT_LOG: [PrintStr:417] SCENE_PCDN_NG:[jobId_216] ReportStat: {"appconnectTime":0.0,"connectTime":54816.0,"dnsTime":67.0,"downloadSize":5.0,"downloadTime":111141.0,"error_rtt":-1.0,"firstBTime":110075.0,"firstKBTime":0.0,"firstMBTime":0.0,"last32KTime":0.0,"redirectTime":0.0,"speed":0.04,"starttransferTime":101384.0}
06-10 19:31:48.635 1543 1543 E SecondScreen: isShowSecondScreen()=1 getCurrentPageState()=com.monster.gamma.core.LoadService@fcb8c2f
06-10 19:31:48.640 1543 16388 D TrafficStats: tagSocket(131) with statsTag=0xffffffff, statsUid=-1
06-10 19:31:48.662 9377 9377 I TvUniPlayer/UniPlayer@3774886: in handleMessage event:10000
06-10 19:31:48.686 9377 9785 E Hcdn_DeTask572787192: HCDN_LOG: [T:9785][HINFO]:[f:PostNotifyInfo],[l:248], notify type(6),info({"BandWidth":0,"IsAd":0,"IsP2P":0,"VID":"e9338e6ec419bc3c6004fc518a1b2656"}
06-10 19:31:48.686 9377 9785 E Hcdn_DeTask572787192: )
06-10 19:31:48.686 9377 9780 E playfilesourceNew: HCDN_LOG: [T:9780][HINFO]:[f:DoAsynNotifyInfoResponse],[l:2605],[TaskID(572787192),type(6),msg({"BandWidth":0,"IsAd":0,"IsP2P":0,"VID":"e9338e6ec419bc3c6004fc518a1b2656"}
06-10 19:31:48.686 9377 9780 E playfilesourceNew: )!]
06-10 19:31:48.788 9377 9785 E Hcdn_DeTask572787192: HCDN_LOG: [T:9785][HINFO]:[f:PostNotifyInfo],[l:248], notify type(6),info({"BandWidth":-1,"IsAd":0,"IsP2P":0,"VID":"e9338e6ec419bc3c6004fc518a1b2656"}
06-10 19:31:48.788 9377 9785 E Hcdn_DeTask572787192: )
06-10 19:31:48.788 9377 9780 E playfilesourceNew: HCDN_LOG: [T:9780][HINFO]:[f:DoAsynNotifyInfoResponse],[l:2605],[TaskID(572787192),type(6),msg({"BandWidth":-1,"IsAd":0,"IsP2P":0,"VID":"e9338e6ec419bc3c6004fc518a1b2656"}
06-10 19:31:48.788 9377 9780 E playfilesourceNew: )!]
06-10 19:31:48.799 9377 9776 E p2pfile : HCDN_LOG: [T:9776][HINFO]:[f:GetParam],[l:4289],[Task(0), key=storage_mem_size]
06-10 19:31:48.799 9377 9776 E p2pfile : HCDN_LOG: [T:9776][HINFO]:[f:GetParam],[l:4289],[Task(0), key=p2p_mem_size]
06-10 19:31:48.799 9377 9776 E localserver: HCDN_LOG: [T:9776][func:MonitorMem],[line:73],[Memstatistics],[bRet:1],[bNextRet:1],[pParamStorageBuffer:0],[pParamP2PBuffer:0]
06-10 19:31:48.864 9377 9377 V UNIPLAYERSDK: MediaPlayerImpl.cpp:408 [MediaPlayerImpl@0xf165fd84]isPlaying ret=0
06-10 19:31:48.864 9377 9377 V UNIPLAYERSDK: MediaPlayerImpl.cpp:400 [MediaPlayerImpl@0xf165fd84]isPaused ret=0
06-10 19:31:48.889 9377 9785 E Hcdn_DeTask572787192: HCDN_LOG: [T:9785][HINFO]:[f:PostNotifyInfo],[l:248], notify type(6),info({"BandWidth":-1,"IsAd":0,"IsP2P":0,"VID":"e9338e6ec419bc3c6004fc518a1b2656"}
06-10 19:31:48.889 9377 9785 E Hcdn_DeTask572787192: )
06-10 19:31:48.889 9377 9780 E playfilesourceNew: HCDN_LOG: [T:9780][HINFO]:[f:DoAsynNotifyInfoResponse],[l:2605],[TaskID(572787192),type(6),msg({"BandWidth":-1,"IsAd":0,"IsP2P":0,"VID":"e9338e6ec419bc3c6004fc518a1b2656"}
06-10 19:31:48.889 9377 9780 E playfilesourceNew: )!]
06-10 19:31:48.983 9377 9785 E Hcdn_DeTask572787192: HCDN_LOG: [T:9785][HINFO]:[f:PostNotifyInfo],[l:248], notify type(6),info({"BandWidth":-1,"IsAd":0,"IsP2P":0,"VID":"e9338e6ec419bc3c6004fc518a1b2656"}
06-10 19:31:48.983 9377 9785 E Hcdn_DeTask572787192: )
06-10 19:31:48.983 9377 9780 E playfilesourceNew: HCDN_LOG: [T:9780][HINFO]:[f:DoAsynNotifyInfoResponse],[l:2605],[TaskID(572787192),type(6),msg({"BandWidth":-1,"IsAd":0,"IsP2P":0,"VID":"e9338e6ec419bc3c6004fc518a1b2656"}
06-10 19:31:48.983 9377 9780 E playfilesourceNew: )!]
06-10 19:31:49.057 570 596 I WifiHAL : call wifi_get_link_stats handler
06-10 19:31:49.057 570 596 I WifiHAL : Creating message to get link statistics; iface = 16
06-10 19:31:49.057 570 596 D WifiHAL : error code -95 mapped to -3
06-10 19:31:49.059 761 899 E WifiStaIfaceAidlImpl: getLinkLayerStats failed with service-specific exception: android.os.ServiceSpecificException: (code 4)
06-10 19:31:49.084 9377 9780 E playfilesourceNew: HCDN_LOG: [T:9780][HINFO]:[f:DoAsynNotifyInfoResponse],[l:2605],[TaskID(572787192),type(6),msg({"BandWidth":-1,"IsAd":0,"IsP2P":0,"VID":"e9338e6ec419bc3c6004fc518a1b2656"}
06-10 19:31:49.084 9377 9780 E playfilesourceNew: )!]
06-10 19:31:49.084 9377 9785 E Hcdn_DeTask572787192: HCDN_LOG: [T:9785][HINFO]:[f:PostNotifyInfo],[l:248], notify type(6),info({"BandWidth":-1,"IsAd":0,"IsP2P":0,"VID":"e9338e6ec419bc3c6004fc518a1b2656"}
06-10 19:31:49.084 9377 9785 E Hcdn_DeTask572787192: )
06-10 19:31:49.184 9377 9785 E Hcdn_DeTask572787192: HCDN_LOG: [T:9785][HINFO]:[f:PostNotifyInfo],[l:248], notify type(6),info({"BandWidth":-1,"IsAd":0,"IsP2P":0,"VID":"e9338e6ec419bc3c6004fc518a1b2656"}
06-10 19:31:49.184 9377 9785 E Hcdn_DeTask572787192: )
06-10 19:31:49.185 9377 9780 E playfilesourceNew: HCDN_LOG: [T:9780][HINFO]:[f:DoAsynNotifyInfoResponse],[l:2605],[TaskID(572787192),type(6),msg({"BandWidth":-1,"IsAd":0,"IsP2P":0,"VID":"e9338e6ec419bc3c6004fc518a1b2656"}
06-10 19:31:49.185 9377 9780 E playfilesourceNew: )!]
06-10 19:31:49.285 9377 9785 E Hcdn_DeTask572787192: HCDN_LOG: [T:9785][HINFO]:[f:PostNotifyInfo],[l:248], notify type(6),info({"BandWidth":-1,"IsAd":0,"IsP2P":0,"VID":"e9338e6ec419bc3c6004fc518a1b2656"}
06-10 19:31:49.285 9377 9785 E Hcdn_DeTask572787192: )
06-10 19:31:49.285 9377 9780 E playfilesourceNew: HCDN_LOG: [T:9780][HINFO]:[f:DoAsynNotifyInfoResponse],[l:2605],[TaskID(572787192),type(6),msg({"BandWidth":-1,"IsAd":0,"IsP2P":0,"VID":"e9338e6ec419bc3c6004fc518a1b2656"}
06-10 19:31:49.285 9377 9780 E playfilesourceNew: )!]
06-10 19:31:49.364 9377 9377 V UNIPLAYERSDK: MediaPlayerImpl.cpp:408 [MediaPlayerImpl@0xf165fd84]isPlaying ret=0
06-10 19:31:49.364 9377 9377 V UNIPLAYERSDK: MediaPlayerImpl.cpp:400 [MediaPlayerImpl@0xf165fd84]isPaused ret=0
06-10 19:31:49.385 9377 9785 E Hcdn_DeTask572787192: HCDN_LOG: [T:9785][HINFO]:[f:PostNotifyInfo],[l:248], notify type(6),info({"BandWidth":-1,"IsAd":0,"IsP2P":0,"VID":"e9338e6ec419bc3c6004fc518a1b2656"}
06-10 19:31:49.385 9377 9785 E Hcdn_DeTask572787192: )
06-10 19:31:49.385 9377 9780 E playfilesourceNew: HCDN_LOG: [T:9780][HINFO]:[f:DoAsynNotifyInfoResponse],[l:2605],[TaskID(572787192),type(6),msg({"BandWidth":-1,"IsAd":0,"IsP2P":0,"VID":"e9338e6ec419bc3c6004fc518a1b2656"}
06-10 19:31:49.385 9377 9780 E playfilesourceNew: )!]
06-10 19:31:49.485 9377 9785 E Hcdn_DeTask572787192: HCDN_LOG: [T:9785][HINFO]:[f:PostNotifyInfo],[l:248], notify type(6),info({"BandWidth":-1,"IsAd":0,"IsP2P":0,"VID":"e9338e6ec419bc3c6004fc518a1b2656"}
06-10 19:31:49.485 9377 9785 E Hcdn_DeTask572787192: )
06-10 19:31:49.486 9377 9780 E playfilesourceNew: HCDN_LOG: [T:9780][HINFO]:[f:DoAsynNotifyInfoResponse],[l:2605],[TaskID(572787192),type(6),msg({"BandWidth":-1,"IsAd":0,"IsP2P":0,"VID":"e9338e6ec419bc3c6004fc518a1b2656"}
06-10 19:31:49.486 9377 9780 E playfilesourceNew: )!]
06-10 19:31:49.546 9377 9790 E storage_operate: HCDN_LOG: [T:9790][HFATAL]:[f:SetExternalControlDiskIO],[l:53],[Type:0],[Switch:1]
06-10 19:31:49.546 9377 9790 E storage_operate: HCDN_LOG: [T:9790][HFATAL]:[f:SetDiskIO],[l:45],[o_type:1],[o_reason:31],[o_switch:1],[type:1],[reason:31],[switch:1]
06-10 19:31:49.546 9377 9785 E hcdn_downloadengine: HCDN_LOG: [T:9785][HINFO]:[f:OnRecvDiskIoState],[l:2971], disk_io_state : 1
06-10 19:31:49.547 9377 9780 E playfilesourceNew: HCDN_LOG: [T:9780][HFATAL]:[f:AddResopnseMessage],[l:95],[Failed! Can not find task_id(0) or msg_seq(0)]
06-10 19:31:49.587 9377 9785 E Hcdn_DeTask572787192: HCDN_LOG: [T:9785][HINFO]:[f:PostNotifyInfo],[l:248], notify type(6),info({"BandWidth":-1,"IsAd":0,"IsP2P":0,"VID":"e9338e6ec419bc3c6004fc518a1b2656"}
06-10 19:31:49.587 9377 9785 E Hcdn_DeTask572787192: )
06-10 19:31:49.587 9377 9780 E playfilesourceNew: HCDN_LOG: [T:9780][HINFO]:[f:DoAsynNotifyInfoResponse],[l:2605],[TaskID(572787192),type(6),msg({"BandWidth":-1,"IsAd":0,"IsP2P":0,"VID":"e9338e6ec419bc3c6004fc518a1b2656"}
06-10 19:31:49.587 9377 9780 E playfilesourceNew: )!]
06-10 19:31:49.688 9377 9780 E playfilesourceNew: HCDN_LOG: [T:9780][HINFO]:[f:DoAsynNotifyInfoResponse],[l:2605],[TaskID(572787192),type(6),msg({"BandWidth":-2,"IsAd":0,"IsP2P":0,"VID":"e9338e6ec419bc3c6004fc518a1b2656"}
06-10 19:31:49.688 9377 9780 E playfilesourceNew: )!]
06-10 19:31:49.688 9377 9785 E Hcdn_DeTask572787192: HCDN_LOG: [T:9785][HINFO]:[f:PostNotifyInfo],[l:248], notify type(6),info({"BandWidth":-2,"IsAd":0,"IsP2P":0,"VID":"e9338e6ec419bc3c6004fc518a1b2656"}
06-10 19:31:49.688 9377 9785 E Hcdn_DeTask572787192: )
06-10 19:31:49.790 9377 9785 E Hcdn_DeTask572787192: HCDN_LOG: [T:9785][HINFO]:[f:PostNotifyInfo],[l:248], notify type(6),info({"BandWidth":-2,"IsAd":0,"IsP2P":0,"VID":"e9338e6ec419bc3c6004fc518a1b2656"}
06-10 19:31:49.790 9377 9785 E Hcdn_DeTask572787192: )
06-10 19:31:49.790 9377 9780 E playfilesourceNew: HCDN_LOG: [T:9780][HINFO]:[f:DoAsynNotifyInfoResponse],[l:2605],[TaskID(572787192),type(6),msg({"BandWidth":-2,"IsAd":0,"IsP2P":0,"VID":"e9338e6ec419bc3c6004fc518a1b2656"}
06-10 19:31:49.790 9377 9780 E playfilesourceNew: )!]
06-10 19:31:49.864 9377 9377 V UNIPLAYERSDK: MediaPlayerImpl.cpp:408 [MediaPlayerImpl@0xf165fd84]isPlaying ret=0
06-10 19:31:49.865 9377 9377 V UNIPLAYERSDK: MediaPlayerImpl.cpp:400 [MediaPlayerImpl@0xf165fd84]isPaused ret=0
06-10 19:31:49.890 9377 9785 E Hcdn_DeTask572787192: HCDN_LOG: [T:9785][HINFO]:[f:PostNotifyInfo],[l:248], notify type(6),info({"BandWidth":-2,"IsAd":0,"IsP2P":0,"VID":"e9338e6ec419bc3c6004fc518a1b2656"}
06-10 19:31:49.890 9377 9785 E Hcdn_DeTask572787192: )
06-10 19:31:49.890 9377 9780 E playfilesourceNew: HCDN_LOG: [T:9780][HINFO]:[f:DoAsynNotifyInfoResponse],[l:2605],[TaskID(572787192),type(6),msg({"BandWidth":-2,"IsAd":0,"IsP2P":0,"VID":"e9338e6ec419bc3c6004fc518a1b2656"}
06-10 19:31:49.890 9377 9780 E playfilesourceNew: )!]
06-10 19:31:49.950 1836 2218 D XM_HIDREAD: poll ret=1, event=1
06-10 19:31:49.950 1836 2218 D XM_HIDREAD: [9 bytes]:01 00 00 51 00 00 00 00 00
06-10 19:31:49.953 2107 2107 I SogouIME: onKeyDown: keyoCode=20
