06-10 18:38:29.684 761 796 D SystemServerTimingAsync: ssm.onUnlockedUser-0_com.android.server.appwidget.AppWidgetService
06-10 18:38:29.684 761 796 D SystemServerTimingAsync: ssm.onUnlockedUser-0_com.android.server.voiceinteraction.VoiceInteractionManagerService
06-10 18:38:29.684 761 796 D SystemServerTimingAsync: ssm.onUnlockedUser-0_com.android.server.GestureLauncherService
06-10 18:38:29.684 761 796 D SystemServerTimingAsync: ssm.onUnlockedUser-0_com.android.server.SensorNotificationService
06-10 18:38:29.684 761 796 D SystemServerTimingAsync: ssm.onUnlockedUser-0_com.android.server.emergency.EmergencyAffordanceService
06-10 18:38:29.684 761 796 D SystemServerTimingAsync: ssm.onUnlockedUser-0_com.android.server.blob.BlobStoreManagerService
06-10 18:38:29.684 761 796 D SystemServerTimingAsync: ssm.onUnlockedUser-0_com.android.server.dreams.DreamManagerService
06-10 18:38:29.684 761 796 D SystemServerTimingAsync: ssm.onUnlockedUser-0_com.android.server.security.AttestationVerificationManagerService
06-10 18:38:29.684 761 796 D SystemServerTimingAsync: ssm.onUnlockedUser-0_com.android.server.restrictions.RestrictionsManagerService
06-10 18:38:29.684 761 796 D SystemServerTimingAsync: ssm.onUnlockedUser-0_com.android.server.media.MediaSessionService
06-10 18:38:29.684 761 796 D SystemServerTimingAsync: ssm.onUnlockedUser-0_com.android.server.hdmi.HdmiControlService
06-10 18:38:29.685 761 796 D SystemServerTimingAsync: ssm.onUnlockedUser-0_com.android.server.tv.interactive.TvInteractiveAppManagerService
06-10 18:38:29.685 761 796 D SystemServerTimingAsync: ssm.onUnlockedUser-0_com.android.server.tv.TvInputManagerService
06-10 18:38:29.685 761 796 D SystemServerTimingAsync: ssm.onUnlockedUser-0_com.android.server.media.MediaResourceMonitorService
06-10 18:38:29.685 761 796 D SystemServerTimingAsync: ssm.onUnlockedUser-0_com.android.server.tv.TvRemoteService
06-10 18:38:29.685 761 796 D SystemServerTimingAsync: ssm.onUnlockedUser-0_com.android.server.biometrics.BiometricService
06-10 18:38:29.685 761 796 D SystemServerTimingAsync: ssm.onUnlockedUser-0_com.android.server.biometrics.AuthService
06-10 18:38:29.685 761 796 D SystemServerTimingAsync: ssm.onUnlockedUser-0_com.android.server.pm.ShortcutService$Lifecycle
06-10 18:38:29.685 761 796 D SystemServerTimingAsync: ssm.onUnlockedUser-0_com.android.server.pm.LauncherAppsService
06-10 18:38:29.685 761 796 D SystemServerTimingAsync: ssm.onUnlockedUser-0_com.android.server.pm.CrossProfileAppsService
06-10 18:38:29.685 761 796 D SystemServerTimingAsync: ssm.onUnlockedUser-0_com.android.server.people.PeopleService
06-10 18:38:29.686 761 785 D AppWidgetServiceImpl: Unable to load widget provider info from xml for ComponentInfo{com.android.systemui/com.android.systemui.people.widget.PeopleSpaceWidgetProvider}
06-10 18:38:29.687 761 785 I AppWidgetServiceImpl: Processing of handleUserUnlocked u0 took 32 ms
06-10 18:38:29.696 761 796 D SystemServerTimingAsync: ssm.onUnlockedUser-0_com.android.server.media.metrics.MediaMetricsManagerService
06-10 18:38:29.696 761 796 D SystemServerTimingAsync: ssm.onUnlockedUser-0_com.android.server.pm.BackgroundInstallControlService
06-10 18:38:29.700 761 796 D SystemServerTimingAsync: ssm.onUnlockedUser-0_com.android.server.media.projection.MediaProjectionManagerService
06-10 18:38:29.701 761 796 D SystemServerTimingAsync: ssm.onUnlockedUser-0_com.android.server.slice.SliceManagerService$Lifecycle
06-10 18:38:29.701 761 796 D SystemServerTimingAsync: ssm.onUnlockedUser-0_com.android.server.stats.StatsCompanion$Lifecycle
06-10 18:38:29.701 761 796 D SystemServerTimingAsync: ssm.onUnlockedUser-0_com.android.server.scheduling.RebootReadinessManagerService$Lifecycle
06-10 18:38:29.701 761 796 D SystemServerTimingAsync: ssm.onUnlockedUser-0_com.android.server.stats.pull.StatsPullAtomService
06-10 18:38:29.701 761 796 D SystemServerTimingAsync: ssm.onUnlockedUser-0_com.android.server.stats.bootstrap.StatsBootstrapAtomService$Lifecycle
06-10 18:38:29.701 761 796 D SystemServerTimingAsync: ssm.onUnlockedUser-0_com.android.server.incident.IncidentCompanionService
06-10 18:38:29.701 761 796 D SystemServerTimingAsync: ssm.onUnlockedUser-0_com.android.server.sdksandbox.SdkSandboxManagerService$Lifecycle
06-10 18:38:29.701 761 796 D SystemServerTimingAsync: ssm.onUnlockedUser-0_com.android.server.adservices.AdServicesManagerService$Lifecycle
06-10 18:38:29.701 761 796 D SystemServerTimingAsync: ssm.onUnlockedUser-0_com.android.server.ondevicepersonalization.OnDevicePersonalizationSystemService$Lifecycle
06-10 18:38:29.701 761 796 D SystemServerTimingAsync: ssm.onUnlockedUser-0_com.android.server.autofill.AutofillManagerService
06-10 18:38:29.701 761 796 D SystemServerTimingAsync: ssm.onUnlockedUser-0_com.android.server.clipboard.ClipboardService
06-10 18:38:29.701 761 796 D SystemServerTimingAsync: ssm.onUnlockedUser-0_com.android.server.appbinding.AppBindingService$Lifecycle
06-10 18:38:29.701 761 796 D SystemServerTimingAsync: ssm.onUnlockedUser-0_com.android.server.tracing.TracingServiceProxy
06-10 18:38:29.701 761 796 D SystemServerTimingAsync: ssm.onUnlockedUser-0_com.android.server.policy.PermissionPolicyService
06-10 18:38:29.701 761 796 D SystemServerTimingAsync: ssm.onUnlockedUser-0_com.android.server.pm.StagingManager$Lifecycle
06-10 18:38:29.701 761 796 D SystemServerTimingAsync: ssm.onUnlockedUser-0_com.android.server.app.GameManagerService$Lifecycle
06-10 18:38:29.701 761 796 D SystemServerTimingAsync: ssm.onUnlockedUser-0_com.android.safetycenter.SafetyCenterService
06-10 18:38:29.701 761 796 D SystemServerTimingAsync: ssm.onUnlockedUser-0_com.android.server.appsearch.AppSearchModule$Lifecycle
06-10 18:38:29.701 761 796 D SystemServerTimingAsync: ssm.onUnlockedUser-0_com.android.server.media.MediaCommunicationService
06-10 18:38:29.701 761 796 D SystemServerTimingAsync: ssm.onUnlockedUser-0_com.android.server.compat.overrides.AppCompatOverridesService$Lifecycle
06-10 18:38:29.701 761 796 D SystemServerTimingAsync: ssm.onUnlockedUser-0_com.android.server.healthconnect.HealthConnectManagerService
06-10 18:38:29.701 761 796 D HealthConnectManagerService: switchToSetupForUser: UserHandle{0}
06-10 18:38:29.701 761 796 D HealthConnectBackupRestore: Performing user switch operations.
06-10 18:38:29.705 761 796 D SystemServerTimingAsync: ssm.onUnlockedUser-0_com.android.server.devicelock.DeviceLockService
06-10 18:38:29.728 761 1110 D CompatibilityChangeReporter: Compat change id reported: 168419799; UID 10067; state: DISABLED
06-10 18:38:29.729 761 1110 D CompatibilityChangeReporter: Compat change id reported: 273564678; UID 10067; state: DISABLED
06-10 18:38:29.736 761 844 D CompatibilityChangeReporter: Compat change id reported: 265195908; UID 10067; state: ENABLED
06-10 18:38:29.748 761 782 D CompatibilityChangeReporter: Compat change id reported: 170503758; UID 10067; state: ENABLED
06-10 18:38:29.754 761 1501 E TaskPersister: File error accessing recents directory (directory doesn't exist?).
06-10 18:38:29.760 761 761 V NotificationAssistants: disabling notification assistant for user 0: ComponentInfo{android.ext.services/android.ext.services.notification.Assistant}
06-10 18:38:29.760 761 761 D NotificationListeners: Removing active service ComponentInfo{android.ext.services/android.ext.services.notification.Assistant}
06-10 18:38:29.790 972 1070 V WindowManagerShell: Transition requested: android.os.BinderProxy@2e2325e TransitionRequestInfo { type = 2, triggerTask = TaskInfo{userId=0 taskId=3 displayId=0 isRunning=false baseIntent=Intent { act=android.intent.action.MAIN cat=[android.intent.category.HOME] flg=0x10800100 cmp=com.android.tv.settings/.system.FallbackHome } baseActivity=null topActivity=null origActivity=null realActivity=ComponentInfo{com.android.tv.settings/com.android.tv.settings.system.FallbackHome} numActivities=0 lastActiveTime=22892 supportsMultiWindow=true resizeMode=0 isResizeable=false minWidth=-1 minHeight=-1 defaultMinSize=220 token=WCT{android.window.IWindowContainerToken$Stub$Proxy@85c463f} topActivityType=2 pictureInPictureParams=null shouldDockBigOverlays=false launchIntoPipHostTaskId=-1 lastParentTaskIdBeforePip=-1 displayCutoutSafeInsets=null topActivityInfo=null launchCookies=[] positionInParent=Point(0, 0) parentTaskId=-1 isFocused=true isVisible=true isVisibleRequested=true isSleeping=false topActivityInSizeCompat=false topActivityEligibleForLetterboxEducation= false isLetterboxDoubleTapEnabled= false topActivityEligibleForUserAspectRatioButton= false topActivityBoundsLetterboxed= false isFromLetterboxDoubleTap= false topActivityLetterboxVerticalPosition= -1 topActivityLetterboxHorizontalPosition= -1 topActivityLetterboxWidth=-1 topActivityLetterboxHeight=-1 isUserFullscreenOverrideEnabled=false isTopActivityTransparent=false locusId=null displayAreaFeatureId=1 cameraCompatControlState=hidden}, remoteTransition = null, displayChange = null, flags = 0 }
06-10 18:38:29.803 761 1072 D CompatibilityChangeReporter: Compat change id reported: 265464455; UID 1000; state: DISABLED
06-10 18:38:29.804 761 1072 D CompatibilityChangeReporter: Compat change id reported: 265452344; UID 1000; state: DISABLED
06-10 18:38:29.805 761 1072 D CompatibilityChangeReporter: Compat change id reported: 266124927; UID 1000; state: DISABLED
06-10 18:38:29.805 761 1072 D CompatibilityChangeReporter: Compat change id reported: 265451093; UID 1000; state: DISABLED
06-10 18:38:29.806 761 1072 D CompatibilityChangeReporter: Compat change id reported: 265456536; UID 1000; state: DISABLED
06-10 18:38:29.806 761 1072 D CompatibilityChangeReporter: Compat change id reported: 255940284; UID 1000; state: DISABLED
06-10 18:38:29.810 1101 1101 W ContextImpl: Calling a method in the system process without a qualified user: android.app.ContextImpl.startService:1899 android.content.ContextWrapper.startService:825 android.content.ContextWrapper.startService:825 com.droidlogic.btpair.FastBootComplete.onReceive:20 android.app.ActivityThread.handleReceiver:4494
06-10 18:38:29.808 761 1072 D CompatibilityChangeReporter: Compat change id reported: 236283604; UID 1000; state: DISABLED
06-10 18:38:29.828 761 1072 D CompatibilityChangeReporter: Compat change id reported: 263959004; UID 1000; state: DISABLED
06-10 18:38:29.828 761 1072 D CompatibilityChangeReporter: Compat change id reported: 264304459; UID 1000; state: DISABLED
06-10 18:38:29.829 761 1072 D CompatibilityChangeReporter: Compat change id reported: 264301586; UID 1000; state: DISABLED
06-10 18:38:29.829 761 1072 D CompatibilityChangeReporter: Compat change id reported: 254631730; UID 1000; state: DISABLED
06-10 18:38:29.829 761 1072 D CompatibilityChangeReporter: Compat change id reported: 273509367; UID 1000; state: DISABLED
06-10 18:38:29.830 761 1072 D CompatibilityChangeReporter: Compat change id reported: 263259275; UID 1000; state: DISABLED
06-10 18:38:29.830 761 1072 D CompatibilityChangeReporter: Compat change id reported: 174042980; UID 1000; state: DISABLED
06-10 18:38:29.830 761 1072 D CompatibilityChangeReporter: Compat change id reported: 174042936; UID 1000; state: DISABLED
06-10 18:38:29.831 761 1072 D CompatibilityChangeReporter: Compat change id reported: 181136395; UID 1000; state: DISABLED
06-10 18:38:29.852 761 1508 I HealthConnectBackupRestore: Attempt to schedule download timeout job with state: 0
06-10 18:38:29.852 761 1508 I HealthConnectBackupRestore: Attempt to schedule staging timeout job with state: 0
06-10 18:38:29.852 761 1508 I HealthConnectBackupRestore: Attempt to schedule merging timeout job with state: 0
06-10 18:38:29.859 761 1072 D CompatibilityChangeReporter: Compat change id reported: 194480991; UID 1000; state: ENABLED
06-10 18:38:29.875 761 1072 D CompatibilityChangeReporter: Compat change id reported: 197654537; UID 1000; state: DISABLED
06-10 18:38:29.876 761 834 D SystemServerTiming: getUserSwitchability-0
06-10 18:38:29.877 761 834 D SystemServerTiming: TM.isInCall
06-10 18:38:29.877 761 834 D SystemServerTiming: hasUserRestriction-DISALLOW_USER_SWITCH
06-10 18:38:29.878 761 834 D SystemServerTiming: getInt-ALLOW_USER_SWITCHING_WHEN_SYSTEM_USER_LOCKED
06-10 18:38:29.878 761 834 D SystemServerTiming: isUserUnlocked-USER_SYSTEM
06-10 18:38:29.880 761 1072 I ActivityTaskManager: START u0 {act=android.intent.action.MAIN cat=[android.intent.category.HOME] flg=0x10000100 cmp=com.dangbei.leard.leradlauncher/com.dangbei.launcher.home.LauncherActivity (has extras)} with LAUNCH_SINGLE_TASK from uid 0 (BAL_ALLOW_ALLOWLISTED_UID) result code=0
06-10 18:38:29.889 761 782 D CompatibilityChangeReporter: Compat change id reported: 168419799; UID 1000; state: DISABLED
06-10 18:38:29.889 761 782 D CompatibilityChangeReporter: Compat change id reported: 273564678; UID 1000; state: DISABLED
06-10 18:38:29.889 761 782 W ActivityManager: Slow operation: 76ms so far, now at attachApplicationLocked: immediately before bindApplication
06-10 18:38:29.897 761 782 W ActivityManager: Slow operation: 83ms so far, now at attachApplicationLocked: immediately after bindApplication
06-10 18:38:29.897 761 782 W ActivityManager: Slow operation: 83ms so far, now at attachApplicationLocked: after updateLruProcessLocked
06-10 18:38:29.897 761 782 W ActivityManager: Slow operation: 84ms so far, now at attachApplicationLocked: after updateOomAdjLocked
06-10 18:38:29.902 761 1139 D CompatibilityChangeReporter: Compat change id reported: 161252188; UID 1000; state: DISABLED
06-10 18:38:29.902 1101 1101 W ContextImpl: Calling a method in the system process without a qualified user: android.app.ContextImpl.startService:1899 android.content.ContextWrapper.startService:825 android.content.ContextWrapper.startService:825 com.droidlogic.btpair.FastBootComplete.onReceive:23 android.app.ActivityThread.handleReceiver:4494
06-10 18:38:29.904 761 1139 I ActivityManager: com.android.keychain is exempt from freezer
06-10 18:38:29.905 761 1139 D CompatibilityChangeReporter: Compat change id reported: 135634846; UID 1000; state: DISABLED
06-10 18:38:29.907 761 788 I ActivityManager: com.dangbei.leard.leradlauncher is exempt from freezer
06-10 18:38:29.910 761 761 V NotificationAssistants: enabling notification assistant for 0: ComponentInfo{android.ext.services/android.ext.services.notification.Assistant}
06-10 18:38:29.910 761 761 V NotificationAssistants: binding: Intent { act=android.service.notification.NotificationAssistantService cmp=android.ext.services/.notification.Assistant (has extras) }
06-10 18:38:29.915 761 761 W Looper : Slow dispatch took 156ms main h=android.app.ActivityThread$H c=android.app.LoadedApk$ReceiverDispatcher$Args$$ExternalSyntheticLambda0@cda9c40 m=0
06-10 18:38:29.918 761 1110 D CompatibilityChangeReporter: Compat change id reported: 261072174; UID 1002; state: ENABLED
06-10 18:38:29.930 761 1110 D CompatibilityChangeReporter: Compat change id reported: 161252188; UID 10049; state: DISABLED
06-10 18:38:29.932 761 1072 D SystemServerTiming: getUserSwitchability-0
06-10 18:38:29.932 761 1072 D SystemServerTiming: TM.isInCall
06-10 18:38:29.933 761 1072 D SystemServerTiming: hasUserRestriction-DISALLOW_USER_SWITCH
06-10 18:38:29.933 761 1072 D SystemServerTiming: getInt-ALLOW_USER_SWITCHING_WHEN_SYSTEM_USER_LOCKED
06-10 18:38:29.933 761 1072 D SystemServerTiming: isUserUnlocked-USER_SYSTEM
06-10 18:38:29.934 761 1110 D CompatibilityChangeReporter: Compat change id reported: 135634846; UID 10049; state: DISABLED
06-10 18:38:29.934 761 1110 D CompatibilityChangeReporter: Compat change id reported: 177438394; UID 10049; state: DISABLED
06-10 18:38:29.934 761 1110 D CompatibilityChangeReporter: Compat change id reported: 135772972; UID 10049; state: DISABLED
06-10 18:38:29.935 761 1110 D CompatibilityChangeReporter: Compat change id reported: 135754954; UID 10049; state: ENABLED
06-10 18:38:29.938 761 930 I BackupManagerService: isBackupEnabled() => false due to absent settings file
06-10 18:38:29.939 761 930 D BackupManagerService: user:0 readBackupEnableState enabled:false
06-10 18:38:29.939 761 930 I BackupManagerService: [UserID:0] Backup enabled => false
06-10 18:38:29.940 761 796 I ActivityManager: com.oranth.ledstatus is exempt from freezer
06-10 18:38:29.975 761 1429 D SystemServerTiming: getUserSwitchability-0
06-10 18:38:29.975 761 1429 D SystemServerTiming: TM.isInCall
06-10 18:38:29.976 761 1429 D SystemServerTiming: hasUserRestriction-DISALLOW_USER_SWITCH
06-10 18:38:29.976 761 1429 D SystemServerTiming: getInt-ALLOW_USER_SWITCHING_WHEN_SYSTEM_USER_LOCKED
06-10 18:38:29.976 761 1429 D SystemServerTiming: isUserUnlocked-USER_SYSTEM
06-10 18:38:29.981 761 797 W ActivityManager: Slow operation: 78ms so far, now at startProcess: returned from zygote!
06-10 18:38:29.981 761 797 W ActivityManager: Slow operation: 78ms so far, now at startProcess: done updating battery stats
06-10 18:38:29.981 761 797 W ActivityManager: Slow operation: 78ms so far, now at startProcess: building log message
06-10 18:38:29.981 761 797 I ActivityManager: Start proc 1529:com.android.keychain/1000 for service {com.android.keychain/com.android.keychain.KeyChainService}
06-10 18:38:29.981 761 797 W ActivityManager: Slow operation: 78ms so far, now at startProcess: starting to update pids map
06-10 18:38:29.981 761 797 W ActivityManager: Slow operation: 79ms so far, now at startProcess: done updating pids map
06-10 18:38:29.981 761 797 W ActivityManager: Slow operation: 75ms so far, now at startProcess: asking zygote to start proc
06-10 18:38:29.984 761 1429 D SystemServerTiming: getUserSwitchability-0
06-10 18:38:29.984 761 1429 D SystemServerTiming: TM.isInCall
06-10 18:38:29.984 972 1070 D WindowManagerShell: TvPipController: onTaskStackChanged()
06-10 18:38:29.986 761 1429 D SystemServerTiming: hasUserRestriction-DISALLOW_USER_SWITCH
06-10 18:38:29.987 761 1429 D SystemServerTiming: getInt-ALLOW_USER_SWITCHING_WHEN_SYSTEM_USER_LOCKED
06-10 18:38:29.987 761 1429 D SystemServerTiming: isUserUnlocked-USER_SYSTEM
06-10 18:38:29.994 761 1429 D SystemServerTiming: getUserSwitchability-0
06-10 18:38:29.994 761 1429 D SystemServerTiming: TM.isInCall
06-10 18:38:29.997 761 1429 D SystemServerTiming: hasUserRestriction-DISALLOW_USER_SWITCH
06-10 18:38:29.997 761 1429 D SystemServerTiming: getInt-ALLOW_USER_SWITCHING_WHEN_SYSTEM_USER_LOCKED
06-10 18:38:29.997 761 1429 D SystemServerTiming: isUserUnlocked-USER_SYSTEM
06-10 18:38:30.003 761 1412 D SystemServerTiming: getUserSwitchability-0
06-10 18:38:30.003 761 1412 D SystemServerTiming: TM.isInCall
06-10 18:38:30.005 761 1412 D SystemServerTiming: hasUserRestriction-DISALLOW_USER_SWITCH
06-10 18:38:30.005 761 1412 D SystemServerTiming: getInt-ALLOW_USER_SWITCHING_WHEN_SYSTEM_USER_LOCKED
06-10 18:38:30.005 761 1412 D SystemServerTiming: isUserUnlocked-USER_SYSTEM
06-10 18:38:30.013 761 1412 D SystemServerTiming: getUserSwitchability-0
06-10 18:38:30.016 761 1412 D SystemServerTiming: TM.isInCall
06-10 18:38:30.016 761 1412 D SystemServerTiming: hasUserRestriction-DISALLOW_USER_SWITCH
06-10 18:38:30.016 761 1412 D SystemServerTiming: getInt-ALLOW_USER_SWITCHING_WHEN_SYSTEM_USER_LOCKED
06-10 18:38:30.016 761 1412 D SystemServerTiming: isUserUnlocked-USER_SYSTEM
06-10 18:38:30.022 761 1139 D CompatibilityChangeReporter: Compat change id reported: 161252188; UID 10075; state: DISABLED
06-10 18:38:30.034 761 1139 D CompatibilityChangeReporter: Compat change id reported: 135634846; UID 10075; state: DISABLED
06-10 18:38:30.037 761 1429 D SystemServerTiming: getUserSwitchability-0
06-10 18:38:30.037 761 1429 D SystemServerTiming: TM.isInCall
06-10 18:38:30.038 761 1429 D SystemServerTiming: hasUserRestriction-DISALLOW_USER_SWITCH
06-10 18:38:30.038 761 1429 D SystemServerTiming: getInt-ALLOW_USER_SWITCHING_WHEN_SYSTEM_USER_LOCKED
06-10 18:38:30.038 761 1429 D SystemServerTiming: isUserUnlocked-USER_SYSTEM
06-10 18:38:30.054 761 1412 D CompatibilityChangeReporter: Compat change id reported: 168419799; UID 1000; state: DISABLED
06-10 18:38:30.054 761 1412 D CompatibilityChangeReporter: Compat change id reported: 273564678; UID 1000; state: DISABLED
06-10 18:38:30.074 761 797 W ActivityManager: Slow operation: 168ms so far, now at startProcess: returned from zygote!
06-10 18:38:30.075 761 797 W ActivityManager: Slow operation: 168ms so far, now at startProcess: done updating battery stats
06-10 18:38:30.075 761 797 W ActivityManager: Slow operation: 168ms so far, now at startProcess: building log message
06-10 18:38:30.075 761 797 I ActivityManager: Start proc 1543:com.dangbei.leard.leradlauncher/1000 for top-activity {com.dangbei.leard.leradlauncher/com.dangbei.launcher.home.LauncherActivity}
06-10 18:38:30.075 761 797 W ActivityManager: Slow operation: 168ms so far, now at startProcess: starting to update pids map
06-10 18:38:30.075 761 797 W ActivityManager: Slow operation: 168ms so far, now at startProcess: done updating pids map
06-10 18:38:30.075 761 797 W ActivityManager: Slow operation: 142ms so far, now at startProcess: asking zygote to start proc
06-10 18:38:30.075 761 797 D CompatibilityChangeReporter: Compat change id reported: 143937733; UID 10049; state: ENABLED
06-10 18:38:30.129 761 1412 I MediaSessionStack: addSession to bottom of stack | record: com.android.bluetooth/BluetoothMediaBrowserService (userId=0)
06-10 18:38:30.130 761 761 W Looper : Slow dispatch took 212ms main h=android.app.ActivityThread$H c=android.app.LoadedApk$ReceiverDispatcher$Args$$ExternalSyntheticLambda0@5de6785 m=0
06-10 18:38:30.131 761 761 W Looper : Slow delivery took 374ms main h=android.app.ActivityThread$H c=android.app.LoadedApk$ReceiverDispatcher$Args$$ExternalSyntheticLambda0@91ac9da m=0
06-10 18:38:30.131 761 761 V NotificationAssistants: 0 notification assistant service connected: ComponentInfo{android.ext.services/android.ext.services.notification.Assistant}
06-10 18:38:30.132 761 761 W Looper : Drained
06-10 18:38:30.133 761 967 I SyncManager: Loaded persisted syncs: 0 periodic syncs, 0 oneshot syncs, 0 total system server jobs, JobStats: FirstLoad: 5/3/0 LastSave: -1/-1/-1
06-10 18:38:30.143 761 797 W ActivityManager: Slow operation: 211ms so far, now at startProcess: returned from zygote!
06-10 18:38:30.144 761 797 W ActivityManager: Slow operation: 211ms so far, now at startProcess: done updating battery stats
06-10 18:38:30.144 761 797 W ActivityManager: Slow operation: 211ms so far, now at startProcess: building log message
06-10 18:38:30.144 761 797 I ActivityManager: Start proc 1554:com.android.music/u0a49 for service {com.android.music/com.android.music.MediaPlaybackService}
06-10 18:38:30.144 761 797 W ActivityManager: Slow operation: 211ms so far, now at startProcess: starting to update pids map
06-10 18:38:30.144 761 797 W ActivityManager: Slow operation: 211ms so far, now at startProcess: done updating pids map
06-10 18:38:30.144 761 797 W ActivityManager: Slow operation: 205ms so far, now at startProcess: asking zygote to start proc
06-10 18:38:30.175 761 797 W ActivityManager: Slow operation: 236ms so far, now at startProcess: returned from zygote!
06-10 18:38:30.176 761 797 W ActivityManager: Slow operation: 236ms so far, now at startProcess: done updating battery stats
06-10 18:38:30.176 761 797 W ActivityManager: Slow operation: 236ms so far, now at startProcess: building log message
06-10 18:38:30.176 761 797 I ActivityManager: Start proc 1570:com.oranth.ledstatus/1000 for broadcast {com.oranth.ledstatus/com.oranth.ledstatus.BootCompletedReceiver}
06-10 18:38:30.176 761 797 W ActivityManager: Slow operation: 237ms so far, now at startProcess: starting to update pids map
06-10 18:38:30.176 761 797 W ActivityManager: Slow operation: 237ms so far, now at startProcess: done updating pids map
06-10 18:38:30.176 761 797 W ActivityManager: Slow operation: 144ms so far, now at startProcess: asking zygote to start proc
06-10 18:38:30.177 761 797 D CompatibilityChangeReporter: Compat change id reported: 143937733; UID 10075; state: DISABLED
06-10 18:38:30.186 761 1110 D CompatibilityChangeReporter: Compat change id reported: 168419799; UID 1000; state: DISABLED
06-10 18:38:30.186 761 1110 D CompatibilityChangeReporter: Compat change id reported: 273564678; UID 1000; state: DISABLED
06-10 18:38:30.208 761 1139 D CompatibilityChangeReporter: Compat change id reported: 168419799; UID 10049; state: DISABLED
06-10 18:38:30.208 761 1139 D CompatibilityChangeReporter: Compat change id reported: 273564678; UID 10049; state: DISABLED
06-10 18:38:30.213 761 844 D CompatibilityChangeReporter: Compat change id reported: 265195908; UID 10049; state: ENABLED
06-10 18:38:30.235 761 797 W ActivityManager: Slow operation: 203ms so far, now at startProcess: returned from zygote!
06-10 18:38:30.236 761 797 W ActivityManager: Slow operation: 203ms so far, now at startProcess: done updating battery stats
06-10 18:38:30.236 761 797 W ActivityManager: Slow operation: 203ms so far, now at startProcess: building log message
06-10 18:38:30.236 761 797 I ActivityManager: Start proc 1575:com.xiaodianshi.tv.yst/u0a75 for service {com.xiaodianshi.tv.yst/com.xiaodianshi.tv.yst.video.service.YstMediaService}
06-10 18:38:30.236 761 797 W ActivityManager: Slow operation: 203ms so far, now at startProcess: starting to update pids map
06-10 18:38:30.236 761 797 W ActivityManager: Slow operation: 203ms so far, now at startProcess: done updating pids map
06-10 18:38:30.291 761 1412 D CompatibilityChangeReporter: Compat change id reported: 170503758; UID 10049; state: DISABLED
06-10 18:38:30.334 761 795 I UsageStatsService: User[0] Rollover scheduled @ 2025-06-11 17:42:22(1749634942159)
06-10 18:38:30.347 761 1412 D CompatibilityChangeReporter: Compat change id reported: 168419799; UID 10075; state: DISABLED
06-10 18:38:30.347 761 1412 D CompatibilityChangeReporter: Compat change id reported: 273564678; UID 10075; state: DISABLED
06-10 18:38:30.352 761 1110 I MediaSessionStack: addSession to bottom of stack | record: com.android.bluetooth/BluetoothMediaBrowserService (userId=0)
06-10 18:38:30.353 761 844 D CompatibilityChangeReporter: Compat change id reported: 265195908; UID 10075; state: ENABLED
06-10 18:38:30.357 761 1139 D CompatibilityChangeReporter: Compat change id reported: 170503758; UID 10075; state: DISABLED
06-10 18:38:30.364 761 795 I UsageStatsService: User[0] Flushing usage stats to disk
06-10 18:38:30.413 761 1429 V WindowManager: app ------------- force_land :0
06-10 18:38:30.440 761 1110 I MediaSessionStack: addSession to bottom of stack | record: com.android.music/MediaPlaybackService (userId=0)
06-10 18:38:30.460 761 1110 D CompatibilityChangeReporter: Compat change id reported: 168419799; UID 1000; state: DISABLED
06-10 18:38:30.460 761 1110 D CompatibilityChangeReporter: Compat change id reported: 273564678; UID 1000; state: DISABLED
06-10 18:38:30.741 761 1072 D OomAdjuster: Not killing cached processes
06-10 18:38:30.745 761 796 I ActivityManager: com.oranth.storage is exempt from freezer
06-10 18:38:30.745 761 796 D CompatibilityChangeReporter: Compat change id reported: 135634846; UID 1000; state: DISABLED
06-10 18:38:30.768 1570 1570 W ContextImpl: Calling a method in the system process without a qualified user: android.app.ContextImpl.startService:1899 android.content.ContextWrapper.startService:825 android.content.ContextWrapper.startService:825 com.oranth.ledstatus.BootCompletedReceiver.onReceive:15 android.app.ActivityThread.handleReceiver:4494
06-10 18:38:30.790 761 1110 D CompatibilityChangeReporter: Compat change id reported: 261072174; UID 10052; state: ENABLED
06-10 18:38:30.811 761 797 W ActivityManager: Slow operation: 66ms so far, now at startProcess: returned from zygote!
06-10 18:38:30.811 761 797 W ActivityManager: Slow operation: 67ms so far, now at startProcess: done updating battery stats
06-10 18:38:30.811 761 797 W ActivityManager: Slow operation: 67ms so far, now at startProcess: building log message
06-10 18:38:30.811 761 797 I ActivityManager: Start proc 1638:com.oranth.storage/1000 for broadcast {com.oranth.storage/com.oranth.storage.BootCompletedReceiver}
06-10 18:38:30.811 761 797 W ActivityManager: Slow operation: 67ms so far, now at startProcess: starting to update pids map
06-10 18:38:30.812 761 797 W ActivityManager: Slow operation: 67ms so far, now at startProcess: done updating pids map
06-10 18:38:30.892 761 1072 E UsbDeviceManager: Usb setCurrentUsbFunctionsCb failed ,functions:4 ,status:1 ,transactionId:6
06-10 18:38:30.892 761 1072 I UsbDeviceManager: notifyCurrentFunction request:1 status:1
06-10 18:38:30.898 761 1072 D CompatibilityChangeReporter: Compat change id reported: 161145287; UID 10067; state: ENABLED
06-10 18:38:30.900 972 1158 W Looper : Slow dispatch took 1073ms SysUiBg h=android.os.Handler c=com.android.systemui.statusbar.policy.SecurityControllerImpl$$ExternalSyntheticLambda0@9b166a m=0
06-10 18:38:30.931 761 782 D CompatibilityChangeReporter: Compat change id reported: 161145287; UID 10075; state: DISABLED
06-10 18:38:30.986 761 1491 D CompatibilityChangeReporter: Compat change id reported: 135634846; UID 10015; state: DISABLED
06-10 18:38:30.986 761 1491 D CompatibilityChangeReporter: Compat change id reported: 177438394; UID 10015; state: DISABLED
06-10 18:38:30.986 761 1491 D CompatibilityChangeReporter: Compat change id reported: 135772972; UID 10015; state: DISABLED
06-10 18:38:30.987 761 1491 D CompatibilityChangeReporter: Compat change id reported: 135754954; UID 10015; state: ENABLED
06-10 18:38:30.987 761 797 D CompatibilityChangeReporter: Compat change id reported: 143937733; UID 10015; state: ENABLED
06-10 18:38:31.020 761 1072 D CompatibilityChangeReporter: Compat change id reported: 168419799; UID 1000; state: DISABLED
06-10 18:38:31.021 761 1072 D CompatibilityChangeReporter: Compat change id reported: 273564678; UID 1000; state: DISABLED
06-10 18:38:31.024 761 797 I ActivityManager: Start proc 1663:android.process.acore/u0a15 for content provider {com.android.providers.contacts/com.android.providers.contacts.ContactsProvider2}
06-10 18:38:31.071 761 782 D CompatibilityChangeReporter: Compat change id reported: 168419799; UID 10015; state: DISABLED
06-10 18:38:31.071 761 782 D CompatibilityChangeReporter: Compat change id reported: 273564678; UID 10015; state: DISABLED
06-10 18:38:31.077 761 844 D CompatibilityChangeReporter: Compat change id reported: 265195908; UID 10015; state: ENABLED
06-10 18:38:31.084 761 782 D CompatibilityChangeReporter: Compat change id reported: 170503758; UID 10015; state: ENABLED
06-10 18:38:31.132 761 1485 I StorageUserConnection: Service: [ComponentInfo{com.android.providers.media.module/com.android.providers.media.fuse.ExternalStorageServiceImpl}] connected. User [0]
06-10 18:38:31.182 761 1072 D CompatibilityChangeReporter: Compat change id reported: 149924527; UID 1000; state: ENABLED
06-10 18:38:31.184 761 782 D CompatibilityChangeReporter: Compat change id reported: 132649864; UID 1000; state: DISABLED
06-10 18:38:31.266 761 1072 D CompatibilityChangeReporter: Compat change id reported: 161145287; UID 10015; state: ENABLED
06-10 18:38:31.335 761 1072 D CountryDetector: The first listener is added
06-10 18:38:31.355 1638 1638 W ContextImpl: Calling a method in the system process without a qualified user: android.app.ContextImpl.startService:1899 android.content.ContextWrapper.startService:825 android.content.ContextWrapper.startService:825 com.oranth.storage.BootCompletedReceiver.onReceive:15 android.app.ActivityThread.handleReceiver:4494
06-10 18:38:31.355 1505 1505 W ContextImpl: Calling a method in the system process without a qualified user: android.app.ContextImpl.startService:1899 android.content.ContextWrapper.startService:825 com.dangbei.lerad.etna.core.EtnaManager.startService:64 com.dangbei.lerad.etna.core.EtnaManager.init:39 com.dangbei.lerad.etna.haqu.EtnaApplication.init:87
06-10 18:38:31.359 1505 1505 W ContextImpl: Calling a method in the system process without a qualified user: android.app.ContextImpl.startService:1899 android.content.ContextWrapper.startService:825 com.dangbei.andes.CoreService$Companion.start:29 com.dangbei.lerad.etna.haqu.EtnaApplication.init:88 com.dangbei.lerad.etna.haqu.EtnaApplication.onCreate:59
06-10 18:38:31.402 761 761 E BootReceiver: Could not open /sys/kernel/tracing/instances/bootreceiver/trace_pipe
06-10 18:38:31.402 761 761 E BootReceiver: android.system.ErrnoException: open failed: ENOENT (No such file or directory)
06-10 18:38:31.402 761 761 E BootReceiver: at libcore.io.Linux.open(Native Method)
06-10 18:38:31.402 761 761 E BootReceiver: at libcore.io.ForwardingOs.open(ForwardingOs.java:563)
06-10 18:38:31.402 761 761 E BootReceiver: at libcore.io.BlockGuardOs.open(BlockGuardOs.java:274)
06-10 18:38:31.402 761 761 E BootReceiver: at android.system.Os.open(Os.java:494)
06-10 18:38:31.402 761 761 E BootReceiver: at com.android.server.BootReceiver.onReceive(BootReceiver.java:164)
06-10 18:38:31.402 761 761 E BootReceiver: at android.app.ActivityThread.handleReceiver(ActivityThread.java:4494)
06-10 18:38:31.402 761 761 E BootReceiver: at android.app.ActivityThread.-$$Nest$mhandleReceiver(Unknown Source:0)
06-10 18:38:31.402 761 761 E BootReceiver: at android.app.ActivityThread$H.handleMessage(ActivityThread.java:2285)
06-10 18:38:31.402 761 761 E BootReceiver: at android.os.Handler.dispatchMessage(Handler.java:106)
06-10 18:38:31.402 761 761 E BootReceiver: at android.os.Looper.loopOnce(Looper.java:205)
06-10 18:38:31.402 761 761 E BootReceiver: at android.os.Looper.loop(Looper.java:294)
06-10 18:38:31.402 761 761 E BootReceiver: at com.android.server.SystemServer.run(SystemServer.java:982)
06-10 18:38:31.402 761 761 E BootReceiver: at com.android.server.SystemServer.main(SystemServer.java:668)
06-10 18:38:31.402 761 761 E BootReceiver: at java.lang.reflect.Method.invoke(Native Method)
06-10 18:38:31.402 761 761 E BootReceiver: at com.android.internal.os.RuntimeInit$MethodAndArgsCaller.run(RuntimeInit.java:552)
06-10 18:38:31.402 761 761 E BootReceiver: at com.android.internal.os.ZygoteInit.main(ZygoteInit.java:956)
06-10 18:38:31.424 1101 1101 W ContextImpl: Calling a method in the system process without a qualified user: android.app.ContextImpl.startService:1899 android.content.ContextWrapper.startService:825 android.content.ContextWrapper.startService:825 com.droidlogic.BootComplete.onReceive:116 android.app.ActivityThread.handleReceiver:4494
06-10 18:38:31.430 1101 1101 W ContextImpl: Calling a method in the system process without a qualified user: android.app.ContextImpl.startForegroundService:1905 android.content.ContextWrapper.startForegroundService:830 android.content.ContextWrapper.startForegroundService:830 com.droidlogic.BootComplete.onReceive:125 android.app.ActivityThread.handleReceiver:4494
06-10 18:38:31.431 761 1072 W ActivityManager: Unable to start service Intent { cmp=com.android.tv.mdnsoffloadcmd/.MdnsOffloadCmdService } U=0: not found
06-10 18:38:31.432 1101 1101 W ContextImpl: Calling a method in the system process without a qualified user: android.app.ContextImpl.startService:1899 android.content.ContextWrapper.startService:825 android.content.ContextWrapper.startService:825 com.droidlogic.BootComplete.onReceive:127 android.app.ActivityThread.handleReceiver:4494
06-10 18:38:31.434 761 782 D HDMI : Process pid:1505 is calling addHotplugEventListener
06-10 18:38:31.436 1101 1101 W ContextImpl: Calling a method in the system process without a qualified user: android.app.ContextImpl.startService:1899 android.content.ContextWrapper.startService:825 android.content.ContextWrapper.startService:825 com.droidlogic.BootComplete.onReceive:128 android.app.ActivityThread.handleReceiver:4494
06-10 18:38:31.457 761 1072 D CompatibilityChangeReporter: Compat change id reported: 171306433; UID 1000; state: ENABLED
06-10 18:38:31.458 761 1072 D CompatibilityChangeReporter: Compat change id reported: 218533173; UID 1000; state: ENABLED
06-10 18:38:31.464 1505 1721 W ContextImpl: Calling a method in the system process without a qualified user: android.app.ContextImpl.bindService:1988 android.content.ContextWrapper.bindService:861 com.dangbei.lerad.etna.lib.client.EtnaClient.bindServer:138 com.dangbei.lerad.etna.lib.client.EtnaClient.access$600:29 com.dangbei.lerad.etna.lib.client.EtnaClient$3.call:205
06-10 18:38:31.469 1101 1101 W ContextImpl: Calling a method in the system process without a qualified user: android.app.ContextImpl.stopService:1911 android.content.ContextWrapper.stopService:835 android.content.ContextWrapper.stopService:835 com.droidlogic.BootComplete$2.onChange:276 com.droidlogic.BootComplete.updateDeveloperOptionsWatcher:283
06-10 18:38:31.482 761 1718 I DropBoxManagerService: add tag=SYSTEM_BOOT isTagEnabled=true flags=0x2
06-10 18:38:31.494 761 1718 I BootReceiver: Copying /sys/fs/pstore/console-ramoops-0 to DropBox (SYSTEM_LAST_KMSG)
06-10 18:38:31.495 761 1718 I DropBoxManagerService: add tag=SYSTEM_LAST_KMSG isTagEnabled=true flags=0x6
06-10 18:38:31.495 1101 1101 W ContextImpl: Calling a method in the system process without a qualified user: android.app.ContextImpl.startService:1899 android.content.ContextWrapper.startService:825 android.content.ContextWrapper.startService:825 com.droidlogic.BootComplete.onReceive:173 android.app.ActivityThread.handleReceiver:4494
06-10 18:38:31.507 761 1718 I BootReceiver: Copying audit failures to DropBox
06-10 18:38:31.509 761 796 I ActivityManager: com.droidlogic.mictoggle is exempt from freezer
06-10 18:38:31.509 761 796 D CompatibilityChangeReporter: Compat change id reported: 135634846; UID 1000; state: DISABLED
06-10 18:38:31.514 761 1718 I BootReceiver: Copied 5551 worth of audits to DropBox
06-10 18:38:31.515 761 1718 I DropBoxManagerService: add tag=SYSTEM_AUDIT isTagEnabled=true flags=0x2
06-10 18:38:31.522 761 1718 I BootReceiver: Checking for fsck errors
06-10 18:38:31.523 761 1718 I BootReceiver: fs_stat, partition:param stat:0x3
06-10 18:38:31.523 761 1718 I BootReceiver: fs_stat, partition:tee stat:0x3
06-10 18:38:31.524 761 1718 I BootReceiver: fs_stat, partition:factory stat:0x0
06-10 18:38:31.526 761 1718 I BootReceiver: fs_stat, partition:userdata stat:0x0
06-10 18:38:31.543 761 1110 D HDMI : addVendorCommandListener 1877008
06-10 18:38:31.543 1505 1729 W ContextImpl: Calling a method in the system process without a qualified user: android.app.ContextImpl.bindService:1988 android.content.ContextWrapper.bindService:861 com.dangbei.lerad.etna.lib.client.EtnaClient.bindServer:138 com.dangbei.lerad.etna.lib.client.EtnaClient.access$600:29 com.dangbei.lerad.etna.lib.client.EtnaClient$3.call:205
06-10 18:38:31.553 761 1718 D CompatibilityChangeReporter: Compat change id reported: 135634846; UID 10017; state: DISABLED
06-10 18:38:31.553 761 1718 D CompatibilityChangeReporter: Compat change id reported: 177438394; UID 10017; state: DISABLED
06-10 18:38:31.553 761 1718 D CompatibilityChangeReporter: Compat change id reported: 135772972; UID 10017; state: DISABLED
06-10 18:38:31.553 761 1718 D CompatibilityChangeReporter: Compat change id reported: 135754954; UID 10017; state: ENABLED
06-10 18:38:31.558 761 797 I ActivityManager: Start proc 1730:com.droidlogic.mictoggle/1000 for broadcast {com.droidlogic.mictoggle/com.droidlogic.mictoggle.AssistantMicMuteReceiver}
06-10 18:38:31.558 761 797 D CompatibilityChangeReporter: Compat change id reported: 143937733; UID 10017; state: ENABLED
06-10 18:38:31.601 761 1110 D CompatibilityChangeReporter: Compat change id reported: 168419799; UID 1000; state: DISABLED
06-10 18:38:31.601 761 1110 D CompatibilityChangeReporter: Compat change id reported: 273564678; UID 1000; state: DISABLED
06-10 18:38:31.638 761 797 W ActivityManager: Slow operation: 87ms so far, now at startProcess: returned from zygote!
06-10 18:38:31.638 761 797 W ActivityManager: Slow operation: 87ms so far, now at startProcess: done updating battery stats
06-10 18:38:31.638 761 797 W ActivityManager: Slow operation: 87ms so far, now at startProcess: building log message
06-10 18:38:31.638 761 797 I ActivityManager: Start proc 1745:android.process.media/u0a17 for content provider {com.android.providers.downloads/com.android.providers.downloads.DownloadProvider}
06-10 18:38:31.638 761 797 W ActivityManager: Slow operation: 88ms so far, now at startProcess: starting to update pids map
06-10 18:38:31.638 761 797 W ActivityManager: Slow operation: 88ms so far, now at startProcess: done updating pids map
06-10 18:38:31.724 761 1139 D CompatibilityChangeReporter: Compat change id reported: 168419799; UID 10017; state: DISABLED
06-10 18:38:31.725 761 1139 D CompatibilityChangeReporter: Compat change id reported: 273564678; UID 10017; state: DISABLED
06-10 18:38:31.732 761 844 D CompatibilityChangeReporter: Compat change id reported: 265195908; UID 10017; state: ENABLED
06-10 18:38:31.766 674 674 W wificond: Scan is not started. Ignore abort request
06-10 18:38:31.769 761 1110 D CompatibilityChangeReporter: Compat change id reported: 170503758; UID 10017; state: ENABLED
06-10 18:38:31.933 761 899 W ContextImpl: Calling a method in the system process without a qualified user: android.app.ContextImpl.sendStickyBroadcast:1626 com.android.server.wifi.ClientModeImpl.sendNetworkChangeBroadcast:3008 com.android.server.wifi.ClientModeImpl.lambda$sendNetworkChangeBroadcastWithCurrentState$14:2985 com.android.server.wifi.ClientModeImpl.$r8$lambda$q-j88Pjw4gROgoJFr8wBlBVbuJI:0 com.android.server.wifi.ClientModeImpl$$ExternalSyntheticLambda4.send:0
06-10 18:38:31.984 1730 1730 W ContextImpl: Calling a method in the system process without a qualified user: android.app.ContextImpl.startService:1899 android.content.ContextWrapper.startService:825 android.content.ContextWrapper.startService:825 com.droidlogic.mictoggle.AssistantMicMuteReceiver.onReceive:48 android.app.ActivityThread.handleReceiver:4494
06-10 18:38:32.022 1101 1101 W ContextImpl: Calling a method in the system process without a qualified user: android.app.ContextImpl.startService:1899 android.content.ContextWrapper.startService:825 android.content.ContextWrapper.startService:825 com.droidlogic.AiPqReceiver.onReceive:31 android.app.ActivityThread.handleReceiver:4494
06-10 18:38:32.023 761 761 D HDMI : receive android.intent.action.BOOT_COMPLETED
06-10 18:38:32.023 761 761 I HDMI : Receive boot completed broadcast
06-10 18:38:32.040 1339 1339 W ContextImpl: Calling a method in the system process without a qualified user: android.app.ContextImpl.startForegroundService:1905 android.content.ContextWrapper.startForegroundService:830 android.content.ContextWrapper.startForegroundService:830 com.android.tv.settings.BootReceiver.onReceive:58 android.app.ActivityThread.handleReceiver:4494
06-10 18:38:32.046 1409 1409 I CheckInBootCompletedReceiver: Received boot completed intent
06-10 18:38:32.060 761 1412 W ActivityManager: Unable to start service Intent { act=android.intent.action.BOOT_COMPLETED flg=0x89000010 cmp=com.android.tv.settings/.BootReceiver (has extras) } U=0: not found
06-10 18:38:32.069 761 796 I ActivityManager: com.android.dynsystem is exempt from freezer
06-10 18:38:32.070 761 796 D CompatibilityChangeReporter: Compat change id reported: 135634846; UID 1000; state: DISABLED
06-10 18:38:32.086 1409 1796 I DlcClient: Binding com.android.devicelockcontroller/.storage.GlobalParametersService
06-10 18:38:32.094 761 1429 D CompatibilityChangeReporter: Compat change id reported: 261072174; UID 1000; state: DISABLED
06-10 18:38:32.102 1505 1505 W Looper : Slow dispatch took 2191ms main h=android.app.ActivityThread$H c=null m=110
06-10 18:38:32.108 1409 1796 I DeviceCheckInHelper: enqueueDeviceCheckInWork with delay: PT0S
06-10 18:38:32.117 1505 1505 W ContextImpl: Calling a method in the system process without a qualified user: android.app.ContextImpl.sendBroadcast:1220 android.content.ContextWrapper.sendBroadcast:504 com.dangbei.lerad.etna.core.EtnaManager.sendRebootBroadcast:82 com.dangbei.lerad.etna.core.EtnaService.onStartCommand:89 android.app.ActivityThread.handleServiceArgs:4866
06-10 18:38:32.125 761 1429 D CompatibilityChangeReporter: Compat change id reported: 253665015; UID 10067; state: ENABLED
06-10 18:38:32.128 761 1429 D CompatibilityChangeReporter: Compat change id reported: 194532703; UID 10067; state: ENABLED
06-10 18:38:32.131 761 797 W ActivityManager: Slow operation: 62ms so far, now at startProcess: returned from zygote!
06-10 18:38:32.131 761 797 W ActivityManager: Slow operation: 62ms so far, now at startProcess: done updating battery stats
06-10 18:38:32.131 761 797 W ActivityManager: Slow operation: 62ms so far, now at startProcess: building log message
06-10 18:38:32.131 761 797 I ActivityManager: Start proc 1805:com.android.dynsystem/1000 for broadcast {com.android.dynsystem/com.android.dynsystem.BootCompletedReceiver}
06-10 18:38:32.131 761 797 W ActivityManager: Slow operation: 63ms so far, now at startProcess: starting to update pids map
06-10 18:38:32.131 761 797 W ActivityManager: Slow operation: 63ms so far, now at startProcess: done updating pids map
06-10 18:38:32.166 1505 1721 W ContextImpl: Calling a method in the system process without a qualified user: android.app.ContextImpl.bindService:1988 android.content.ContextWrapper.bindService:861 com.dangbei.lerad.etna.lib.client.EtnaClient.bindServer:138 com.dangbei.lerad.etna.lib.client.EtnaClient.access$600:29 com.dangbei.lerad.etna.lib.client.EtnaClient$3.call:205
06-10 18:38:32.173 1505 1729 W ContextImpl: Calling a method in the system process without a qualified user: android.app.ContextImpl.bindService:1988 android.content.ContextWrapper.bindService:861 com.dangbei.lerad.etna.lib.client.EtnaClient.bindServer:138 com.dangbei.lerad.etna.lib.client.EtnaClient.access$600:29 com.dangbei.lerad.etna.lib.client.EtnaClient$3.call:205
06-10 18:38:32.209 1505 1727 W ContextImpl: Calling a method in the system process without a qualified user: android.app.ContextImpl.startService:1899 android.content.ContextWrapper.startService:825 com.dangbei.etna.setting.core.SettingHelper.startRocky:267 com.dangbei.etna.setting.core.SettingHelper.sendCycleCheckBootGuideStatusMessage:214 com.dangbei.etna.setting.core.SettingHelper.startLoop:203
06-10 18:38:32.209 1505 1728 W ContextImpl: Calling a method in the system process without a qualified user: android.app.ContextImpl.startService:1899 android.content.ContextWrapper.startService:825 com.dangbei.etna.setting.core.SettingHelper.startRocky:267 com.dangbei.etna.setting.core.SettingHelper.sendCycleCheckBootGuideStatusMessage:214 com.dangbei.etna.setting.core.SettingHelper.startLoop:203
06-10 18:38:32.212 761 1120 I ActivityManager: com.dangbei.lerad.rocky is exempt from freezer
06-10 18:38:32.233 761 797 I ActivityManager: Start proc 1823:com.dangbei.lerad.rocky/1000 for service {com.dangbei.lerad.rocky/com.dangbei.rocky.RockyService}
06-10 18:38:32.253 761 1412 D CompatibilityChangeReporter: Compat change id reported: 168419799; UID 1000; state: DISABLED
06-10 18:38:32.253 761 1412 D CompatibilityChangeReporter: Compat change id reported: 273564678; UID 1000; state: DISABLED
06-10 18:38:32.260 317 317 I vold : fuse-bpf is enabled because /sys/fs/fuse/features/fuse_bpf reads 'supported'
06-10 18:38:32.260 317 317 I vold : Setting ro.fuse.bpf.is_running to true
06-10 18:38:32.266 317 317 I vold : Configuring read_ahead of /mnt/user/0/emulated fuse filesystem to 256kb
06-10 18:38:32.266 1505 1727 W ContextImpl: Calling a method in the system process without a qualified user: android.app.ContextImpl.sendBroadcast:1220 android.content.ContextWrapper.sendBroadcast:504 com.dangbei.etna.setting.core.SettingHelper.sendCycleToProjector:257 com.dangbei.etna.setting.core.SettingHelper.sendCycleCheckBroadcast:226 com.dangbei.etna.setting.core.SettingHelper.sendCycleCheckBootGuideStatusMessage:215
06-10 18:38:32.266 317 317 I vold : Writing 256 to /sys/class/bdi/0:60/read_ahead_kb
06-10 18:38:32.266 317 317 I vold : Configuring max_ratio of /mnt/user/0/emulated fuse filesystem to 40
06-10 18:38:32.266 317 317 I vold : Writing 40 to /sys/class/bdi/0:60/max_ratio
06-10 18:38:32.267 1505 1728 W ContextImpl: Calling a method in the system process without a qualified user: android.app.ContextImpl.sendBroadcast:1220 android.content.ContextWrapper.sendBroadcast:504 com.dangbei.etna.setting.core.SettingHelper.sendCycleToProjector:257 com.dangbei.etna.setting.core.SettingHelper.sendCycleCheckBroadcast:226 com.dangbei.etna.setting.core.SettingHelper.sendCycleCheckBootGuideStatusMessage:215
06-10 18:38:32.268 761 877 I StorageManagerService: Mounted volume VolumeInfo{emulated;0}:
06-10 18:38:32.268 761 877 I StorageManagerService: type=EMULATED diskId=null partGuid= mountFlags=PRIMARY|VISIBLE_FOR_WRITE
06-10 18:38:32.268 761 877 I StorageManagerService: mountUserId=0 state=MOUNTED
06-10 18:38:32.268 761 877 I StorageManagerService: fsType=null fsUuid=null fsLabel=null
06-10 18:38:32.268 761 877 I StorageManagerService: path=/storage/emulated internalPath=/data/media
06-10 18:38:32.271 1505 1727 W ContextImpl: Calling a method in the system process without a qualified user: android.app.ContextImpl.sendBroadcast:1220 android.content.ContextWrapper.sendBroadcast:504 com.dangbei.etna.setting.core.SettingHelper.sendCycleToVoice:242 com.dangbei.etna.setting.core.SettingHelper.sendCycleCheckBroadcast:227 com.dangbei.etna.setting.core.SettingHelper.sendCycleCheckBootGuideStatusMessage:215
06-10 18:38:32.277 1505 1810 W ContextImpl: Calling a method in the system process without a qualified user: android.app.ContextImpl.bindService:1988 android.content.ContextWrapper.bindService:861 com.dangbei.lerad.etna.lib.client.EtnaClient.bindServer:138 com.dangbei.lerad.etna.lib.client.EtnaClient.access$600:29 com.dangbei.lerad.etna.lib.client.EtnaClient$3.call:205
06-10 18:38:32.284 761 877 I StorageSessionController: Notifying volume state changed for session with id: emulated;0
