06-10 19:33:15.312 6578 6579 D uninstall: enable_service waitpid
06-10 19:33:15.313 16926 16926 D uninstall: enable_service pid == 0
06-10 19:33:15.313 16926 16926 D uninstall: enable_service version >= 17 || version == 0 version == 34
06-10 19:33:15.324 1505 1505 E ccc : cccccc 30s后没有设备 系统出错 进行遥控器移除
06-10 19:33:15.329 1505 1505 E dangbei111: cccccc 取消pair Dangbei E4:BB:D3:57:C0:7D 12
06-10 19:33:15.330 1505 1505 I BluetoothDevice: removeBond() for device XX:XX:XX:XX:C0:7D called by pid: 1505 tid: 1505
06-10 19:33:15.334 1073 1320 I BluetoothBondStateMachine: Entering PendingCommandState State
06-10 19:33:15.334 1073 1217 I bt_btif_dm: packages/modules/Bluetooth/system/btif/src/btif_dm.cc:489 get_cod: get_cod remote_cod = 0x0000050c
06-10 19:33:15.334 1073 1217 E bt_btif : packages/modules/Bluetooth/system/main/bte_logmsg.cc:105 LogMsg: btif_hh_virtual_unplug: Error, device xx:xx:xx:xx:c0:7d not opened, status = 6
06-10 19:33:15.334 1073 1217 I bluetooth: packages/modules/Bluetooth/system/stack/btm/btm_dev.cc:174 BTM_SecDeleteDevice: Remove device xx:xx:xx:xx:c0:7d from filter accept list before delete record
06-10 19:33:15.334 1073 1217 I bluetooth: packages/modules/Bluetooth/system/stack/btm/btm_dev.cc:192 BTM_SecDeleteDevice: BTM_SecDeleteDevice xx:xx:xx:xx:c0:7d complete
06-10 19:33:15.334 1073 1222 W bluetooth: packages/modules/Bluetooth/system/main/shim/acl.cc:189 Remove: Unknown device being removed from acceptlist:e4:bb:d3:57:c0:7d[PUBLIC_DEVICE_ADDRESS]
06-10 19:33:15.334 1073 1217 I bt_stack: [INFO:btif_hh.cc(492)] btif_hh_remove_device: bda = xx:xx:xx:xx:c0:7d
06-10 19:33:15.334 1073 1217 I bluetooth: packages/modules/Bluetooth/system/btif/co/bta_hh_co.cc:483 bta_hh_co_close: Closing device handle=255, status=255, address=xx:xx:xx:xx:c0:7d
06-10 19:33:15.334 1073 1217 I bt_btif_storage: packages/modules/Bluetooth/system/btif/src/btif_storage.cc:863 btif_storage_remove_bonded_device: Removing bonded device addr:xx:xx:xx:xx:c0:7d
06-10 19:33:15.334 1073 1217 I bt_btif_storage: packages/modules/Bluetooth/system/btif/src/btif_storage.cc:1263 btif_storage_remove_ble_bonding_keys: Removing bonding keys for bd addr:xx:xx:xx:xx:c0:7d
06-10 19:33:15.334 1073 1217 I bt_btif_dm: packages/modules/Bluetooth/system/btif/src/btif_dm.cc:489 get_cod: get_cod remote_cod = 0x0000050c
06-10 19:33:15.334 1073 1217 I bt_btif_dm: packages/modules/Bluetooth/system/btif/src/btif_dm.cc:571 bond_state_changed: Bond state changed to state=0 [0:none, 1:bonding, 2:bonded], prev_state=0, sdp_attempts = 0
06-10 19:33:15.334 1073 1217 I bt_btif_dm: packages/modules/Bluetooth/system/btif/src/btif_dm.cc:620 bond_state_changed: clearing btif pairing_cb
06-10 19:33:15.334 1073 1222 I bluetooth: packages/modules/Bluetooth/system/gd/metrics/metrics_state.cc:177 AddStateChangedEvent: LEConnectionMetricsRemoteDevice: Transaction State 0x00000003, Connection Type 0x00000001, Origin Type 0x00000000
06-10 19:33:15.334 1073 1222 I bluetooth: packages/modules/Bluetooth/system/gd/metrics/metrics_state.cc:183 AddStateChangedEvent: LEConnectionMetricsRemoteDevice: Empty Address Cancellation 0x00000003, 0x00000001, 0x00000003
06-10 19:33:15.334 1073 1217 I bt_stack: [INFO:gatt_api.cc(1514)] GATT_CancelConnect: gatt_if:0, address: xx:xx:xx:xx:c0:7d, direct:0
06-10 19:33:15.334 1073 1222 I bluetooth: packages/modules/Bluetooth/system/gd/hci/acl_manager/le_impl.h:1039 disarm_connectability: Disarming LE connection state machine with create connection cancel
06-10 19:33:15.334 1073 1222 I bluetooth: packages/modules/Bluetooth/system/gd/hci/le_address_manager.cc:265 ack_pause: Client already in paused state
06-10 19:33:15.334 1073 1222 W bluetooth: packages/modules/Bluetooth/system/main/shim/acl.cc:189 Remove: Unknown device being removed from acceptlist:e4:bb:d3:57:c0:7d[PUBLIC_DEVICE_ADDRESS]
06-10 19:33:15.335 1073 1222 W bluetooth: packages/modules/Bluetooth/system/gd/hci/acl_manager/le_impl.h:821 remove_device_from_connect_list: Device not in acceptlist and cannot be removed:e4:bb:d3:57:c0:7d[PUBLIC_DEVICE_ADDRESS]
06-10 19:33:15.335 1073 1217 E bt_stack: [ERROR:bta_gattc_api.cc(760)] BTA_GATTC_DeregisterForNotifications registration not found bd_addr=xx:xx:xx:xx:c0:7d
06-10 19:33:15.335 1073 1217 E bt_stack: [ERROR:bta_gattc_api.cc(760)] BTA_GATTC_DeregisterForNotifications registration not found bd_addr=xx:xx:xx:xx:c0:7d
06-10 19:33:15.335 1073 1217 E bt_stack: [ERROR:bta_gattc_api.cc(760)] BTA_GATTC_DeregisterForNotifications registration not found bd_addr=xx:xx:xx:xx:c0:7d
06-10 19:33:15.335 1073 1217 I bt_bta_sys_main: packages/modules/Bluetooth/system/bta/sys/bta_sys_main.cc:101 bta_sys_event: Ignoring receipt of unregistered event id:HID Human interface device
06-10 19:33:15.335 1073 1217 I bluetooth: packages/modules/Bluetooth/system/bta/hearing_aid/hearing_aid.cc:1700 Disconnect: Device not connected to profile xx:xx:xx:xx:c0:7d
06-10 19:33:15.335 1073 1217 E bt_stack: [ERROR:bta_gattc_utils.cc(576)] bta_gattc_mark_bg_conn unable to find the bg connection mask for bd_addr=xx:xx:xx:xx:c0:7d
06-10 19:33:15.337 1073 1286 I BluetoothBondStateMachine: bondStateChangeCallback: Status: 0 Address: XX:XX:XX:XX:C0:7D newState: 0 hciReason: 0
06-10 19:33:15.338 1073 1073 W BluetoothHidHostService: no state change: 0
06-10 19:33:15.343 1073 1222 I bluetooth: packages/modules/Bluetooth/system/gd/metrics/metrics_state.cc:177 AddStateChangedEvent: LEConnectionMetricsRemoteDevice: Transaction State 0x00000002, Connection Type 0x00000001, Origin Type 0x00000001
06-10 19:33:15.343 1073 1222 I bluetooth: packages/modules/Bluetooth/system/gd/metrics/metrics_state.cc:183 AddStateChangedEvent: LEConnectionMetricsRemoteDevice: Empty Address Cancellation 0x00000002, 0x00000001, 0x00000002
06-10 19:33:15.343 1073 1222 I bluetooth: packages/modules/Bluetooth/system/gd/hci/le_address_manager.cc:265 ack_pause: Client already in paused state
06-10 19:33:15.343 1073 1222 I bluetooth: packages/modules/Bluetooth/system/gd/hci/le_address_manager.cc:265 ack_pause: Client already in paused state
06-10 19:33:15.343 1073 1320 D AdapterProperties: Removing bonded device:XX:XX:XX:XX:C0:7D
06-10 19:33:15.344 1073 1320 D BluetoothRemoteDevices: removeDualDevicesMapXX:XX:XX:XX:C0:7D
06-10 19:33:15.345 1073 1222 I bluetooth: packages/modules/Bluetooth/system/gd/hci/le_address_manager.cc:596 OnCommandComplete: Received command complete with op_code LE_REMOVE_DEVICE_FROM_FILTER_ACCEPT_LIST
06-10 19:33:15.345 1073 1222 I bluetooth: packages/modules/Bluetooth/system/gd/hci/le_address_manager.cc:294 resume_registered_clients: Resuming registered clients
06-10 19:33:15.345 1073 1222 I bluetooth: packages/modules/Bluetooth/system/gd/hci/acl_manager/le_impl.h:906 arm_connectability: Ignored request to re-arm le connection state machine when filter accept list is empty
06-10 19:33:15.345 1073 1222 I bluetooth: packages/modules/Bluetooth/system/gd/hci/le_address_manager.cc:193 unregister_client: Client unregistered
06-10 19:33:15.346 1073 1320 D BluetoothRemoteDevices: mDualDevicesMap not have E4:BB:D3:57:C0:7D
06-10 19:33:15.351 1073 1320 I BluetoothBondStateMachine: Bond State Change Intent:XX:XX:XX:XX:C0:7D BOND_BONDED => BOND_NONE
06-10 19:33:15.353 1073 1320 W HeadsetClientService: getHeadsetClientService(): service is null
06-10 19:33:15.353 1073 1320 W PbapClientService: getPbapClientService(): service is null
06-10 19:33:15.353 1073 1320 V BluetoothDatabase: setProfileConnectionPolicy: device XX:XX:XX:XX:C0:7D profile=HID_HOST, connectionPolicy=-1
06-10 19:33:15.353 1073 1320 D BluetoothDatabase: updateDatabase XX:XX:XX:XX:C0:7D
06-10 19:33:15.353 1073 1320 D A2dpService: Saved connectionPolicy XX:XX:XX:XX:C0:7D = -1
06-10 19:33:15.353 1073 1320 V BluetoothDatabase: setProfileConnectionPolicy connection policy not changed.
06-10 19:33:15.353 1073 1320 I HeadsetService: setConnectionPolicy: device=XX:XX:XX:XX:C0:7D, connectionPolicy=-1, uid/pid=1002/1073
06-10 19:33:15.353 1073 1320 V BluetoothDatabase: setProfileConnectionPolicy connection policy not changed.
06-10 19:33:15.353 1073 1320 I BluetoothBondStateMachine: StableState(): Entering Off State
06-10 19:33:15.355 4174 4615 I PCDN_TAG: [ 4614]Peer::pulse,state:3,port:8909,fr:0,fmode=C1FF,ftype=C000
06-10 19:33:15.358 761 761 D FastPairService: onReceive: ACTION_BOND_STATE_CHANGED
06-10 19:33:15.358 761 761 D FastPairService: Forget device detect
06-10 19:33:15.362 1073 1073 D A2dpService: Bond state changed for device: XX:XX:XX:XX:C0:7D state: 10
06-10 19:33:15.363 1073 1073 D HearingAidService: Bond state changed for device: XX:XX:XX:XX:C0:7D state: 10
06-10 19:33:15.366 2522 2522 E bond : name=Dangbei,state=10,action=android.bluetooth.device.action.BOND_STATE_CHANGED
06-10 19:33:15.368 1505 1505 I dangbei111: cccccc on receiver=android.bluetooth.device.action.BOND_STATE_CHANGED,mac=E4:BB:D3:57:C0:7D
06-10 19:33:15.368 1505 1505 I dangbei111: Wait for auto connection, processBondStateChange: bondState: 12 --> 10
06-10 19:33:15.370 1101 1101 I BLE_Service: BOND STATE CHANGED [Dangbei] - was 12, now is 10
06-10 19:33:15.376 1505 1505 E dangbei111: cccccc 开始扫描
06-10 19:33:15.376 1505 1505 D BluetoothAdapter: isLeEnabled(): ON
06-10 19:33:15.383 6578 6579 I uninstall: watchdaemon process_name = com.ktcp.video:daemon has gone, start it
06-10 19:33:15.384 6578 6579 D uninstall: watchdaemon waitpid
06-10 19:33:15.384 16936 16936 D uninstall: watchdaemon pid == 0
06-10 19:33:15.384 16936 16936 D uninstall: watchdaemon version >= 17 || version == 0 version == 34
06-10 19:33:15.388 1101 1101 I BLE_Service: Remove BOND STATE CHANGED [Dangbei] - addr is E4:BB:D3:57:C0:7D
06-10 19:33:15.388 1101 1101 W System.err: java.io.FileNotFoundException: /sys/class/aml_btusb/aml_btusb/aml_rclist: open failed: ENOENT (No such file or directory)
06-10 19:33:15.389 1101 1101 W System.err: at libcore.io.IoBridge.open(IoBridge.java:574)
06-10 19:33:15.389 1101 1101 W System.err: at java.io.FileInputStream.(FileInputStream.java:160)
06-10 19:33:15.389 1101 1101 W System.err: at java.io.FileInputStream.(FileInputStream.java:115)
06-10 19:33:15.389 1101 1101 W System.err: at java.io.FileReader.(FileReader.java:60)
06-10 19:33:15.389 1101 1101 W System.err: at com.droidlogic.btpair.DialogBluetoothService.readFileToString(DialogBluetoothService.java:281)
06-10 19:33:15.389 1101 1101 W System.err: at com.droidlogic.btpair.DialogBluetoothService.removeMacAddressFromFile(DialogBluetoothService.java:257)
06-10 19:33:15.389 1101 1101 W System.err: at com.droidlogic.btpair.DialogBluetoothService.-$$Nest$mremoveMacAddressFromFile(Unknown Source:0)
06-10 19:33:15.389 1101 1101 W System.err: at com.droidlogic.btpair.DialogBluetoothService$1.onReceive(DialogBluetoothService.java:240)
06-10 19:33:15.389 1101 1101 W System.err: at android.app.LoadedApk$ReceiverDispatcher$Args.lambda$getRunnable$0(LoadedApk.java:1811)
06-10 19:33:15.389 1101 1101 W System.err: at android.app.LoadedApk$ReceiverDispatcher$Args.$r8$lambda$gDuJqgxY6Zb-ifyeubKeivTLAwk(Unknown Source:0)
06-10 19:33:15.389 1101 1101 W System.err: at android.app.LoadedApk$ReceiverDispatcher$Args$$ExternalSyntheticLambda0.run(Unknown Source:2)
06-10 19:33:15.389 1101 1101 W System.err: at android.os.Handler.handleCallback(Handler.java:958)
06-10 19:33:15.389 1101 1101 W System.err: at android.os.Handler.dispatchMessage(Handler.java:99)
06-10 19:33:15.389 1101 1101 W System.err: at android.os.Looper.loopOnce(Looper.java:205)
06-10 19:33:15.389 1101 1101 W System.err: at android.os.Looper.loop(Looper.java:294)
06-10 19:33:15.389 1101 1101 W System.err: at android.app.ActivityThread.main(ActivityThread.java:8255)
06-10 19:33:15.389 1101 1101 W System.err: at java.lang.reflect.Method.invoke(Native Method)
06-10 19:33:15.389 1101 1101 W System.err: at com.android.internal.os.RuntimeInit$MethodAndArgsCaller.run(RuntimeInit.java:552)
06-10 19:33:15.389 1101 1101 W System.err: at com.android.internal.os.ZygoteInit.main(ZygoteInit.java:978)
06-10 19:33:15.389 1101 1101 W System.err: Caused by: android.system.ErrnoException: open failed: ENOENT (No such file or directory)
06-10 19:33:15.389 1101 1101 W System.err: at libcore.io.Linux.open(Native Method)
06-10 19:33:15.389 1101 1101 W System.err: at libcore.io.ForwardingOs.open(ForwardingOs.java:563)
06-10 19:33:15.389 1101 1101 W System.err: at libcore.io.BlockGuardOs.open(BlockGuardOs.java:274)
06-10 19:33:15.389 1101 1101 W System.err: at libcore.io.ForwardingOs.open(ForwardingOs.java:563)
06-10 19:33:15.389 1101 1101 W System.err: at android.app.ActivityThread$AndroidOs.open(ActivityThread.java:8138)
06-10 19:33:15.389 1101 1101 W System.err: at libcore.io.IoBridge.open(IoBridge.java:560)
06-10 19:33:15.389 1101 1101 W System.err: ... 18 more
06-10 19:33:15.389 1101 1101 I BLE_Service: Current MAC addresses in file:
06-10 19:33:15.391 1073 1090 D BluetoothDatabase: getCustomMeta: device XX:XX:XX:XX:C0:7D is not in cache
06-10 19:33:15.393 1101 1101 W BLE_Service: remote_type:IR_NONE
06-10 19:33:15.396 972 1158 W BluetoothEventManager: showUnbondMessage: Not displaying any message for reason: 9
06-10 19:33:15.397 1073 1090 D BluetoothDatabase: getCustomMeta: device XX:XX:XX:XX:C0:7D is not in cache
06-10 19:33:15.404 1101 1101 D CompatibilityChangeReporter: Compat change id reported: 247079863; UID 1000; state: ENABLED
06-10 19:33:15.404 1101 1101 I BLE_Service: device: 小爱音箱3073
06-10 19:33:15.409 1101 1101 W ContextImpl: Calling a method in the system process without a qualified user: android.app.ContextImpl.startActivity:1102 android.content.ContextWrapper.startActivity:436 com.droidlogic.btpair.DialogBluetoothService$1.onReceive:248 android.app.LoadedApk$ReceiverDispatcher$Args.lambda$getRunnable$0:1811 android.app.LoadedApk$ReceiverDispatcher$Args.$r8$lambda$gDuJqgxY6Zb-ifyeubKeivTLAwk:0
06-10 19:33:15.409 1101 1101 W ContextImpl: Calling a method in the system process without a qualified user: android.app.ContextImpl.startActivity:1114 android.app.ContextImpl.startActivity:1103 android.content.ContextWrapper.startActivity:436 com.droidlogic.btpair.DialogBluetoothService$1.onReceive:248 android.app.LoadedApk$ReceiverDispatcher$Args.lambda$getRunnable$0:1811
06-10 19:33:15.411 761 782 I ActivityTaskManager: START u0 {flg=0x10000000 cmp=com.android.tv.settings/.accessories.AddAccessoryActivity (has extras)} with LAUNCH_MULTIPLE from uid 1000 result code=-92
06-10 19:33:15.411 1101 1101 D AndroidRuntime: Shutting down VM --------- beginning of crash
06-10 19:33:15.412 1101 1101 E AndroidRuntime: FATAL EXCEPTION: main
06-10 19:33:15.412 1101 1101 E AndroidRuntime: Process: com.droidlogic, PID: 1101
06-10 19:33:15.412 1101 1101 E AndroidRuntime: java.lang.RuntimeException: Error receiving broadcast Intent { act=android.bluetooth.device.action.BOND_STATE_CHANGED flg=0x10 (has extras) } in com.droidlogic.btpair.DialogBluetoothService$1@c817263
06-10 19:33:15.412 1101 1101 E AndroidRuntime: at android.app.LoadedApk$ReceiverDispatcher$Args.lambda$getRunnable$0(LoadedApk.java:1819)
06-10 19:33:15.412 1101 1101 E AndroidRuntime: at android.app.LoadedApk$ReceiverDispatcher$Args.$r8$lambda$gDuJqgxY6Zb-ifyeubKeivTLAwk(Unknown Source:0)
06-10 19:33:15.412 1101 1101 E AndroidRuntime: at android.app.LoadedApk$ReceiverDispatcher$Args$$ExternalSyntheticLambda0.run(Unknown Source:2)
06-10 19:33:15.412 1101 1101 E AndroidRuntime: at android.os.Handler.handleCallback(Handler.java:958)
06-10 19:33:15.412 1101 1101 E AndroidRuntime: at android.os.Handler.dispatchMessage(Handler.java:99)
06-10 19:33:15.412 1101 1101 E AndroidRuntime: at android.os.Looper.loopOnce(Looper.java:205)
06-10 19:33:15.412 1101 1101 E AndroidRuntime: at android.os.Looper.loop(Looper.java:294)
06-10 19:33:15.412 1101 1101 E AndroidRuntime: at android.app.ActivityThread.main(ActivityThread.java:8255)
06-10 19:33:15.412 1101 1101 E AndroidRuntime: at java.lang.reflect.Method.invoke(Native Method)
06-10 19:33:15.412 1101 1101 E AndroidRuntime: at com.android.internal.os.RuntimeInit$MethodAndArgsCaller.run(RuntimeInit.java:552)
06-10 19:33:15.412 1101 1101 E AndroidRuntime: at com.android.internal.os.ZygoteInit.main(ZygoteInit.java:978)
06-10 19:33:15.412 1101 1101 E AndroidRuntime: Caused by: android.content.ActivityNotFoundException: Unable to find explicit activity class {com.android.tv.settings/com.android.tv.settings.accessories.AddAccessoryActivity}; have you declared this activity in your AndroidManifest.xml, or does your intent not match its declared ?
06-10 19:33:15.412 1101 1101 E AndroidRuntime: at android.app.Instrumentation.checkStartActivityResult(Instrumentation.java:2236)
06-10 19:33:15.412 1101 1101 E AndroidRuntime: at android.app.Instrumentation.execStartActivity(Instrumentation.java:1878)
06-10 19:33:15.412 1101 1101 E AndroidRuntime: at android.app.ContextImpl.startActivity(ContextImpl.java:1132)
06-10 19:33:15.412 1101 1101 E AndroidRuntime: at android.app.ContextImpl.startActivity(ContextImpl.java:1103)
06-10 19:33:15.412 1101 1101 E AndroidRuntime: at android.content.ContextWrapper.startActivity(ContextWrapper.java:436)
06-10 19:33:15.412 1101 1101 E AndroidRuntime: at com.droidlogic.btpair.DialogBluetoothService$1.onReceive(DialogBluetoothService.java:248)
06-10 19:33:15.412 1101 1101 E AndroidRuntime: at android.app.LoadedApk$ReceiverDispatcher$Args.lambda$getRunnable$0(LoadedApk.java:1811)
06-10 19:33:15.412 1101 1101 E AndroidRuntime: ... 10 more
06-10 19:33:15.421 761 16939 I DropBoxManagerService: add tag=system_app_crash isTagEnabled=true flags=0x2
06-10 19:33:15.427 1101 1101 I Process : Sending signal. PID: 1101 SIG: 9
06-10 19:33:15.447 380 412 E SystemControl: systemcontrol daemon client died cookie:4
06-10 19:33:15.447 314 314 W DroidAudio: [clientDied:99] client:0xef0414dc death...
06-10 19:33:15.447 314 314 W DroidAudio: [removeNotificationClient:59] pid:1101, uid:1000 death...
06-10 19:33:15.447 314 314 E IPCThreadState: attemptIncStrongHandle(3): Not supported
06-10 19:33:15.448 761 798 I libprocessgroup: Successfully killed process cgroup uid 1000 pid 1101 in 0ms
06-10 19:33:15.448 522 522 I Zygote : Process 1101 exited due to signal 9 (Killed)
06-10 19:33:15.449 761 782 I ActivityManager: Process com.droidlogic (pid 1101) has died: pers PER
06-10 19:33:15.449 761 782 W ActivityManager: Scheduling restart of crashed service com.droidlogic/.btpair.DialogBluetoothService in 0ms for persistent
06-10 19:33:15.449 761 782 W ActivityManager: Scheduling restart of crashed service com.droidlogic/.btpair.AudioVideoDevReconnectService in 0ms for persistent
06-10 19:33:15.449 761 782 W ActivityManager: Scheduling restart of crashed service com.droidlogic/.hdmi.HdmiCecService in 0ms for persistent
06-10 19:33:15.449 761 782 W ActivityManager: Scheduling restart of crashed service com.droidlogic/.FrameRateService in 0ms for persistent
06-10 19:33:15.449 761 782 W ActivityManager: Scheduling restart of crashed service com.droidlogic/.NtpService in 0ms for persistent
06-10 19:33:15.449 761 782 W ActivityManager: Scheduling restart of crashed service com.droidlogic/.AiPqService in 0ms for persistent
06-10 19:33:15.449 761 782 W ActivityManager: Scheduling restart of crashed service com.droidlogic/.audioservice.services.AudioEffectsService in 0ms for persistent
06-10 19:33:15.449 761 782 W ActivityManager: Scheduling restart of crashed service com.droidlogic/.ShutdownService in 0ms for persistent
06-10 19:33:15.450 761 782 W ActivityManager: Re-adding persistent process ProcessRecord{cb6600d 1101:com.droidlogic/1000}
06-10 19:33:15.450 761 782 I ActivityManager: com.droidlogic is exempt from freezer
06-10 19:33:15.451 761 782 D CompatibilityChangeReporter: Compat change id reported: 135634846; UID 1000; state: DISABLED
06-10 19:33:15.452 761 782 W ProcessStats: Tracking association SourceState{b862820 com.ktcp.video/10078 Service #1736} whose proc state 8 is better than process ProcessState{77d1a27 com.ktcp.video:daemon/10078 pkg=com.ktcp.video} proc state 14 (2 skipped)
06-10 19:33:15.453 761 796 E ActivityManager: Restarting service that is not needed: ServiceRecord{6431d2f u0 com.droidlogic/.FrameRateService}
06-10 19:33:15.456 761 796 E ActivityManager: Restarting service that is not needed: ServiceRecord{398c4af u0 com.droidlogic/.AiPqService}
06-10 19:33:15.456 8368 8368 I rainbow_flow: type=1400 audit(0.0:3880): avc: denied { ioctl } for path="/dev/spidev1.0" dev="tmpfs" ino=603 ioctlcmd=0x6b00 scontext=u:r:init:s0 tcontext=u:object_r:device:s0 tclass=chr_file permissive=1
06-10 19:33:15.468 522 522 D Zygote : Forked child process 16943
06-10 19:33:15.468 761 797 I ActivityManager: Start proc 16943:com.droidlogic/1000 for restart com.droidlogic
06-10 19:33:15.475 16943 16943 I Zygote : seccomp disabled by setenforce 0
06-10 19:33:15.482 16943 16943 I com.droidlogic: Using CollectorTypeCC GC.
06-10 19:33:15.487 16943 16943 E com.droidlogic: Not starting debugger since process cannot load the jdwp agent.
06-10 19:33:15.504 16943 16943 D CompatibilityChangeReporter: Compat change id reported: 171979766; UID 1000; state: ENABLED
06-10 19:33:15.504 16943 16943 D CompatibilityChangeReporter: Compat change id reported: 242716250; UID 1000; state: ENABLED
06-10 19:33:15.517 16943 16943 D nativeloader: Configuring clns-shared-4 for other apk /vendor/framework/droidlogic.software.core.jar. target_sdk_version=34, uses_libraries=ALL, library_path=/system_ext/priv-app/droidlogic-res/lib/arm:/system_ext/priv-app/droidlogic-res/droidlogic-res.apk!/lib/armeabi-v7a:/system/lib:/system_ext/lib, permitted_path=/data:/mnt/expand:/data/user_de/0/com.droidlogic:/system_ext/priv-app/droidlogic-res:/system/lib:/system_ext/lib
06-10 19:33:15.525 16943 16943 W com.droidlogic: ClassLoaderContext shared library size mismatch. Expected=3, found=1 (PCL[]{PCL[/vendor/framework/droidlogic.software.core.jar*243237330]#PCL[/system_ext/framework/androidx.window.extensions.jar*875812793]#PCL[/system_ext/framework/androidx.window.sidecar.jar*2298648165]} | PCL[]{PCL[/vendor/framework/droidlogic.software.core.jar*243237330]})
06-10 19:33:15.608 1421 1421 I UsbFfs-monitor: type=1400 audit(0.0:3881): avc: denied { use } for path="anon_inode:[eventfd]" dev="anon_inodefs" ino=10204 scontext=u:r:su:s0 tcontext=u:r:adbd:s0 tclass=fd permissive=1
06-10 19:33:15.608 1421 1421 I adbd : type=1400 audit(0.0:3882): avc: denied { write } for path="socket:[32757]" dev="sockfs" ino=32757 scontext=u:r:su:s0 tcontext=u:r:adbd:s0 tclass=unix_stream_socket permissive=1
06-10 19:33:15.608 1421 1421 I adbd : type=1400 audit(0.0:3883): avc: denied { read } for path="socket:[32758]" dev="sockfs" ino=32758 scontext=u:r:su:s0 tcontext=u:r:adbd:s0 tclass=unix_stream_socket permissive=1
06-10 19:33:15.625 16943 16943 D nativeloader: Configuring clns-shared-5 for other apk /system_ext/priv-app/droidlogic-res/droidlogic-res.apk. target_sdk_version=34, uses_libraries=, library_path=/system_ext/priv-app/droidlogic-res/lib/arm:/system_ext/priv-app/droidlogic-res/droidlogic-res.apk!/lib/armeabi-v7a:/system/lib:/system_ext/lib, permitted_path=/data:/mnt/expand:/data/user_de/0/com.droidlogic:/system_ext/priv-app/droidlogic-res:/system/lib:/system_ext/lib
06-10 19:33:15.644 1421 1421 I /apex/com.android.adbd/bin/adbd: type=1400 audit(0.0:3884): avc: denied { search } for comm=75736220666673206F70656E name="/" dev="functionfs" ino=19301 scontext=u:r:su:s0 tcontext=u:object_r:functionfs:s0 tclass=dir permissive=1
06-10 19:33:15.644 1421 1421 I /apex/com.android.adbd/bin/adbd: type=1400 audit(0.0:3885): avc: denied { read write } for comm=75736220666673206F70656E name="ep0" dev="functionfs" ino=19302 scontext=u:r:su:s0 tcontext=u:object_r:functionfs:s0 tclass=file permissive=1
06-10 19:33:15.644 1421 1421 I /apex/com.android.adbd/bin/adbd: type=1400 audit(0.0:3886): avc: denied { open } for comm=75736220666673206F70656E path="/dev/usb-ffs/adb/ep0" dev="functionfs" ino=19302 scontext=u:r:su:s0 tcontext=u:object_r:functionfs:s0 tclass=file permissive=1
06-10 19:33:15.644 1421 1421 I /apex/com.android.adbd/bin/adbd: type=1400 audit(0.0:3887): avc: denied { connectto } for comm=75736220666673206F70656E path="/dev/socket/property_service" scontext=u:r:su:s0 tcontext=u:r:init:s0 tclass=unix_stream_socket permissive=1
06-10 19:33:15.661 16943 16943 V GraphicsEnvironment: Currently set values for:
06-10 19:33:15.661 16943 16943 V GraphicsEnvironment: angle_gl_driver_selection_pkgs=[]
06-10 19:33:15.661 16943 16943 V GraphicsEnvironment: angle_gl_driver_selection_values=[]
06-10 19:33:15.662 16943 16943 V GraphicsEnvironment: ANGLE GameManagerService for com.droidlogic: false
06-10 19:33:15.662 16943 16943 V GraphicsEnvironment: com.droidlogic is not listed in per-application setting
06-10 19:33:15.662 16943 16943 V GraphicsEnvironment: Neither updatable production driver nor prerelease driver is supported.
06-10 19:33:15.670 16943 16943 D DroidlogicApplication: onCreate
06-10 19:33:15.673 16943 16943 I DroidAudioCore: construction DroidAudioCore
06-10 19:33:15.679 16943 16943 I android_os_HwBinder: HwBinder: Starting thread pool for getting: vendor.amlogic.hardware.systemcontrol@1.1::ISystemControl/default
06-10 19:33:15.682 357 399 V MesonDisplayServer: GetDisplayMode:2160p50hz
06-10 19:33:15.685 761 782 D HDMI : Process pid:16943 is calling addHotplugEventListener
06-10 19:33:15.686 560 560 D hdmicecd: [HdmiCecControl]:isConnected, port:0, connected:yes
06-10 19:33:15.686 560 560 D hdmiconnection: isConnected:1
06-10 19:33:15.687 16943 16943 I DroidAudioManager.J: construction DroidAudioManager
06-10 19:33:15.696 16943 16943 I DroidAudioManager.J: setSoundBarModeEnabled soundbar:false
06-10 19:33:15.699 16943 16943 I DroidAudioManager.J: getService get IDroidAudio service success. ^_^
06-10 19:33:15.700 314 314 I DroidAudio: [registerClient:120] pid:16943, uid:1000
06-10 19:33:15.700 314 314 I DroidAudio: [registerClient:130] client:0xef0414dc, uid:1000 pid:16943, client cout:1
06-10 19:33:15.708 380 386 I SystemControl: [/UEventObserver.cpp, HDMITxUenventThreadLoop, 451] HDMI TX switch_name:hdmitx_soundbar, switch_state: 1
06-10 19:33:15.708 761 868 E WiredAccessoryManager: No state change.
06-10 19:33:15.714 1505 1867 D WanClient: sendHeartMessage
06-10 19:33:15.715 1505 1867 D WanClient: -----final------sendMessage: {"type":"2bKPMh2jwmQ="}
06-10 19:33:15.732 1505 6993 D WanClient: onMessage:Thread[WebSocketConnectReadThread-118,5,main]--{"msg":"+MSejyjwlbc="}
06-10 19:33:15.734 1505 6993 D WanClient: onMessageReceived:Thread[WebSocketConnectReadThread-118,5,main] {"msg":"+MSejyjwlbc="}
06-10 19:33:15.734 1505 6993 D WanClient: type: null
06-10 19:33:15.734 1505 6993 D WanClient: send:HB7FxtN64oc=
06-10 19:33:15.734 1505 6993 D WanClient: leave:uQ3qCmhm4oA=
06-10 19:33:15.734 1505 6993 D WanClient: join:7EsoetslBbs=
06-10 19:33:15.734 1505 6993 D WanClient: Me3/LwZ5vWJxjtP9s3upnQ==
06-10 19:33:15.911 542 7965 I audio_hw_hal_primary: [audiohal_get_latency:1333] io 69: out:0xf0dc47f0 frames:1664 rate:48000 whole_latency:34 alsa_latency:34
06-10 19:33:15.913 542 1192 I audio_hw_hal_primary: [adev_set_parameters:4123] dev:0xf0e814a0, kv: hal_param_soundbar_mode=0
06-10 19:33:15.913 542 1192 D audio_hw_hal_hfp: [audio_extn_hfp_set_parameters:739] audio_extn_hfp_set_parameters
06-10 19:33:15.913 542 1192 I audio_hw_hal_primary: adev_set_parameters enable 0 adev->enable_soundbar_mode 0
06-10 19:33:16.228 521 521 I binder:521_4: type=1400 audit(0.0:3888): avc: denied { add_name } for name="globalAlert" scontext=u:r:netd:s0 tcontext=u:object_r:proc_net:s0 tclass=dir permissive=1
06-10 19:33:16.245 570 596 I WifiHAL : call wifi_get_link_stats handler
06-10 19:33:16.245 570 596 I WifiHAL : Creating message to get link statistics; iface = 16
06-10 19:33:16.245 570 596 D WifiHAL : error code -95 mapped to -3
06-10 19:33:16.245 761 899 E WifiStaIfaceAidlImpl: getLinkLayerStats failed with service-specific exception: android.os.ServiceSpecificException: (code 4)
06-10 19:33:16.698 1073 1331 W bt_stack: [WARNING:client_interface_aidl.cc(471)] ReadAudioData: 2048/4096 no data 10 ms
06-10 19:33:16.698 1073 1331 W bt_btif_a2dp_source: packages/modules/Bluetooth/system/btif/src/btif_a2dp_source.cc:946 btif_a2dp_source_read_callback: btif_a2dp_source_read_callback: UNDERFLOW: ONLY READ 2048 BYTES OUT OF 4096
06-10 19:33:16.718 542 1192 I audio_hw_hal_primary: [adev_set_parameters:4123] dev:0xf0e814a0, kv: hal_param_enable_drc_rf_mode=1
06-10 19:33:16.718 542 1192 D audio_hw_hal_hfp: [audio_extn_hfp_set_parameters:739] audio_extn_hfp_set_parameters
06-10 19:33:16.718 542 1192 I audio_hw_hal_primary: Amlogic_HAL - adev_set_parameters: set drc is rf mode
06-10 19:33:16.718 542 1192 I audio_hw_decoder_ms12v2: -drc DRCModesOfDownmixedOutput: 1
06-10 19:33:16.718 542 1192 I audio_hw_decoder_ms12v2: -bs DRCBoostStereo: 0
06-10 19:33:16.718 542 1192 I audio_hw_decoder_ms12v2: -cs DRCCutStereo: 0
06-10 19:33:16.718 542 1192 I audio_hw_decoder_ms12v2: -dap_drc DAPDRCMode: 1
06-10 19:33:16.718 542 1192 I audio_hw_decoder_ms12v2: -b DRCBoost: 0
06-10 19:33:16.718 542 1192 I audio_hw_decoder_ms12v2: -c DRCCut: 0
06-10 19:33:16.725 16943 16943 D DroidAudioManager.J: setDigitalAudioFormatOut: mode:[0]PCM, submode:
06-10 19:33:16.726 542 1192 I audio_hw_hal_primary: [adev_set_parameters:4123] dev:0xf0e814a0, kv: hdmi_format=0
06-10 19:33:16.726 542 1192 D audio_hw_hal_hfp: [audio_extn_hfp_set_parameters:739] audio_extn_hfp_set_parameters
06-10 19:33:16.726 542 1192 I audio_hw_hal_primary: [adev_set_parameters:4275] digital audio mode: PCM
06-10 19:33:16.730 761 920 D AudioService: Master mono false
06-10 19:33:16.731 761 920 D AudioService: Master balance 0.000000
06-10 19:33:16.734 761 920 D AudioService: Master mono false
06-10 19:33:16.734 761 920 D AudioService: Master balance 0.000000
06-10 19:33:16.738 542 1192 I audio_hw_hal_primary: [adev_set_parameters:4123] dev:0xf0e814a0, kv: cmd_aed_lr_ch_volume_mute=0
06-10 19:33:16.738 542 1192 D audio_hw_hal_hfp: [audio_extn_hfp_set_parameters:739] audio_extn_hfp_set_parameters
06-10 19:33:16.762 542 1192 I audio_hw_hal_primary: [adev_set_parameters:4123] dev:0xf0e814a0, kv: ad_switch_enable=0
06-10 19:33:16.762 542 1192 D audio_hw_hal_hfp: [audio_extn_hfp_set_parameters:739] audio_extn_hfp_set_parameters
06-10 19:33:16.765 16943 16943 D DroidAudioManager.J: setDialogEnhancerLevel level: 0
06-10 19:33:16.766 542 1192 I audio_hw_hal_primary: [adev_set_parameters:4123] dev:0xf0e814a0, kv: hal_param_dialogue_enhancement=0
06-10 19:33:16.766 542 1192 D audio_hw_hal_hfp: [audio_extn_hfp_set_parameters:739] audio_extn_hfp_set_parameters
06-10 19:33:16.766 542 1192 I audio_hw_hal_primary: Amlogic_HAL - adev_set_parameters: set MS12 ac4 Dialogue Enhancement gain :0.
06-10 19:33:16.767 542 1192 I audio_hw_decoder_ms12v2: -ac4_de mAC4De: 0
06-10 19:33:16.767 542 1192 E libdolbyms12: ms_get_runtime_params() line 3242
06-10 19:33:16.767 542 1192 E libdolbyms12:
06-10 19:33:16.767 542 1192 E libdolbyms12: Inapplicable or unsupported parameter - "ac4_de"
06-10 19:33:16.767 542 1192 E libdolbyms12:
06-10 19:33:16.767 542 1192 E libdolbyms12:
06-10 19:33:16.767 542 1192 D libdolbyms12:
06-10 19:33:16.767 542 1192 D libdolbyms12:
06-10 19:33:16.767 542 1192 D libdolbyms12: ERROR:
06-10 19:33:16.767 542 1192 D libdolbyms12:
06-10 19:33:16.767 542 1192 E libdolbyms12: ms_handle_parser_retval() line 162
06-10 19:33:16.767 542 1192 E libdolbyms12:
06-10 19:33:16.767 542 1192 E libdolbyms12: ERROR:
06-10 19:33:16.767 542 1192 E libdolbyms12:
06-10 19:33:16.767 542 1192 D libdolbyms12: Type -h for help text
06-10 19:33:16.767 542 1192 D libdolbyms12: Type -h [ddplus / he-aac / pcm] for codec-specific help text
06-10 19:33:16.769 16943 16943 D DroidAudioManager.J: setSoundDmxMode: 0
06-10 19:33:16.771 542 1192 I audio_hw_hal_primary: [adev_set_parameters:4123] dev:0xf0e814a0, kv: hal_param_dmx_mode=0
06-10 19:33:16.771 542 1192 D audio_hw_hal_hfp: [audio_extn_hfp_set_parameters:739] audio_extn_hfp_set_parameters
06-10 19:33:16.771 542 1192 I audio_hw_hal_primary: Amlogic_HAL - adev_set_parameters: set MS12 Downmix modes :0.
06-10 19:33:16.771 542 1192 I audio_hw_decoder_ms12v2: -dmx Downmix Mode: 0
06-10 19:33:16.773 16943 16943 D DroidAudioManager.J: setForceDDPEnable: false
06-10 19:33:16.774 542 1192 I audio_hw_hal_primary: [adev_set_parameters:4123] dev:0xf0e814a0, kv: hal_param_force_ddp=0
06-10 19:33:16.774 542 1192 D audio_hw_hal_hfp: [audio_extn_hfp_set_parameters:739] audio_extn_hfp_set_parameters
06-10 19:33:16.774 542 1192 I audio_hw_hal_primary: adev_set_parameters hal_param_force_ddp set to 0
06-10 19:33:16.777 542 1192 D xm_audio: adev_get_parameters
06-10 19:33:16.778 16943 16943 I DroidAudioManager.J: getDtsXDrcMode: Mode:0
06-10 19:33:16.779 542 1192 I audio_hw_hal_primary: dtsx_enable :0
06-10 19:33:16.780 542 1192 D xm_audio: adev_get_parameters
06-10 19:33:16.781 16943 16943 D DroidAudioManager.J: setDtsXDrcMode: Not support DTS-X
06-10 19:33:16.782 16943 16943 I DroidAudioManager.J: refreshAudioCfgBySrc src:[4]SRC_MEDIA, delayEnable:false
06-10 19:33:16.786 542 542 I audio_hw_hal_primary: [adev_set_parameters:4123] dev:0xf0e814a0, kv: hal_param_out_dev_delay_time_ms=0
06-10 19:33:16.786 542 542 D audio_hw_hal_hfp: [audio_extn_hfp_set_parameters:739] audio_extn_hfp_set_parameters
06-10 19:33:16.786 542 542 I audio_hw_hal_primary: adev_set_parameters set audio delay =0
06-10 19:33:16.786 542 542 I audio_hw_hal_delay: set audio output type:0, delay time: 0ms, has init buffer: 0
06-10 19:33:16.790 542 542 I audio_hw_hal_primary: [adev_set_parameters:4123] dev:0xf0e814a0, kv: hal_param_out_dev_delay_time_ms=65536
06-10 19:33:16.790 542 542 D audio_hw_hal_hfp: [audio_extn_hfp_set_parameters:739] audio_extn_hfp_set_parameters
06-10 19:33:16.790 542 542 I audio_hw_hal_primary: adev_set_parameters set audio delay =0
06-10 19:33:16.791 542 542 I audio_hw_hal_delay: set audio output type:1, delay time: 0ms, has init buffer: 0
06-10 19:33:16.793 542 542 I audio_hw_hal_primary: [adev_set_parameters:4123] dev:0xf0e814a0, kv: hal_param_out_dev_delay_time_ms=131072
06-10 19:33:16.793 542 542 D audio_hw_hal_hfp: [audio_extn_hfp_set_parameters:739] audio_extn_hfp_set_parameters
06-10 19:33:16.793 542 542 I audio_hw_hal_primary: adev_set_parameters set audio delay =0
06-10 19:33:16.793 542 542 I audio_hw_hal_delay: set audio output type:2, delay time: 0ms, has init buffer: 0
06-10 19:33:16.796 16943 16943 I DroidAudioManager.J: setAudioOutputSpeakerDelay cur source:[4]SRC_MEDIA is not the same as the set source:[0]SRC_ATV, only save to DB
06-10 19:33:16.798 16943 16943 I DroidAudioManager.J: setAudioOutputSpdifDelay cur source:[4]SRC_MEDIA is not the same as the set source:[0]SRC_ATV, only save to DB
06-10 19:33:16.799 16943 16943 I DroidAudioManager.J: setAudioOutputHeadphoneDelay cur source:[4]SRC_MEDIA is not the same as the set source:[0]SRC_ATV, only save to DB
06-10 19:33:16.802 16943 16943 I DroidAudioManager.J: setAudioOutputSpeakerDelay cur source:[4]SRC_MEDIA is not the same as the set source:[1]SRC_DTV, only save to DB
06-10 19:33:16.803 16943 16943 I DroidAudioManager.J: setAudioOutputSpdifDelay cur source:[4]SRC_MEDIA is not the same as the set source:[1]SRC_DTV, only save to DB
06-10 19:33:16.806 16943 16943 I DroidAudioManager.J: setAudioOutputHeadphoneDelay cur source:[4]SRC_MEDIA is not the same as the set source:[1]SRC_DTV, only save to DB
06-10 19:33:16.808 16943 16943 I DroidAudioManager.J: setAudioOutputSpeakerDelay cur source:[4]SRC_MEDIA is not the same as the set source:[2]SRC_AV, only save to DB
06-10 19:33:16.810 16943 16943 I DroidAudioManager.J: setAudioOutputSpdifDelay cur source:[4]SRC_MEDIA is not the same as the set source:[2]SRC_AV, only save to DB
06-10 19:33:16.812 16943 16943 I DroidAudioManager.J: setAudioOutputHeadphoneDelay cur source:[4]SRC_MEDIA is not the same as the set source:[2]SRC_AV, only save to DB
06-10 19:33:16.813 16943 16943 I DroidAudioManager.J: setAudioOutputSpeakerDelay cur source:[4]SRC_MEDIA is not the same as the set source:[3]SRC_HDMI, only save to DB
06-10 19:33:16.814 16943 16943 I DroidAudioManager.J: setAudioOutputSpdifDelay cur source:[4]SRC_MEDIA is not the same as the set source:[3]SRC_HDMI, only save to DB
06-10 19:33:16.816 16943 16943 I DroidAudioManager.J: setAudioOutputHeadphoneDelay cur source:[4]SRC_MEDIA is not the same as the set source:[3]SRC_HDMI, only save to DB
06-10 19:33:16.817 542 542 I audio_hw_hal_primary: [adev_set_parameters:4123] dev:0xf0e814a0, kv: hal_param_out_dev_delay_time_ms=0
06-10 19:33:16.817 542 542 D audio_hw_hal_hfp: [audio_extn_hfp_set_parameters:739] audio_extn_hfp_set_parameters
06-10 19:33:16.817 542 542 I audio_hw_hal_primary: adev_set_parameters set audio delay =0
06-10 19:33:16.817 542 542 I audio_hw_hal_delay: set audio output type:0, delay time: 0ms, has init buffer: 0
06-10 19:33:16.819 542 542 I audio_hw_hal_primary: [adev_set_parameters:4123] dev:0xf0e814a0, kv: hal_param_out_dev_delay_time_ms=65536
06-10 19:33:16.819 542 542 D audio_hw_hal_hfp: [audio_extn_hfp_set_parameters:739] audio_extn_hfp_set_parameters
06-10 19:33:16.819 542 542 I audio_hw_hal_primary: adev_set_parameters set audio delay =0
06-10 19:33:16.819 542 542 I audio_hw_hal_delay: set audio output type:1, delay time: 0ms, has init buffer: 0
06-10 19:33:16.823 542 542 I audio_hw_hal_primary: [adev_set_parameters:4123] dev:0xf0e814a0, kv: hal_param_out_dev_delay_time_ms=131072
06-10 19:33:16.823 542 542 D audio_hw_hal_hfp: [audio_extn_hfp_set_parameters:739] audio_extn_hfp_set_parameters
06-10 19:33:16.823 542 542 I audio_hw_hal_primary: adev_set_parameters set audio delay =0
06-10 19:33:16.823 542 542 I audio_hw_hal_delay: set audio output type:2, delay time: 0ms, has init buffer: 0
06-10 19:33:16.820 4174 4174 I CPUMonitor: type=1400 audit(0.0:3889): avc: denied { open } for path="/proc/stat" dev="proc" ino=4026532003 scontext=u:r:untrusted_app_25:s0:c512,c768 tcontext=u:object_r:proc_stat:s0 tclass=file permissive=1 app=com.cibn.tv
06-10 19:33:16.820 4174 4174 I CPUMonitor: type=1400 audit(0.0:3890): avc: denied { getattr } for path="/proc/stat" dev="proc" ino=4026532003 scontext=u:r:untrusted_app_25:s0:c512,c768 tcontext=u:object_r:proc_stat:s0 tclass=file permissive=1 app=com.cibn.tv
06-10 19:33:16.827 542 1192 I audio_hw_hal_primary: [adev_set_parameters:4123] dev:0xf0e814a0, kv: hal_param_out_dev_delay_time_ms=196608
06-10 19:33:16.827 542 1192 D audio_hw_hal_hfp: [audio_extn_hfp_set_parameters:739] audio_extn_hfp_set_parameters
06-10 19:33:16.827 542 1192 I audio_hw_hal_primary: adev_set_parameters set audio delay =0
06-10 19:33:16.827 542 1192 I audio_hw_hal_delay: set audio output type:3, delay time: 0ms, has init buffer: 0
06-10 19:33:16.831 542 1192 D xm_audio: adev_get_parameters
06-10 19:33:16.841 542 1192 I audio_hw_hal_primary: [adev_set_parameters:4123] dev:0xf0e814a0, kv: SOURCE_GAIN=0.0 0.0 0.0 0.0 0.0
06-10 19:33:16.841 542 1192 D audio_hw_hal_hfp: [audio_extn_hfp_set_parameters:739] audio_extn_hfp_set_parameters
06-10 19:33:16.841 542 1192 I audio_hw_aq_eqdrc: set_AQ_parameters() audio source gain: atv:0.000000, dtv:0.000000, hdmiin:0.000000, av:0.000000, media:0.000000
06-10 19:33:16.841 542 1192 D audio_hw_hal_primary: get AQ param(kv: SOURCE_GAIN=0.0 0.0 0.0 0.0 0.0 )
06-10 19:33:16.843 16943 16943 I OutputModeManager: getPropertyString key:persist.vendor.sys.dtsdrcscale def:0
06-10 19:33:16.844 16943 16943 I OutputModeManager: writeSysfs path:/sys/class/audiodsp/dts_dec_control value:0x00
06-10 19:33:16.845 380 412 I SystemControl: [/Ubootenv.cpp, get, 345] [ubootenv] search end and not find env:ffv_wake
06-10 19:33:16.846 16943 16943 I DroidAudioCore: initVadStatus uboot status:off, prop:off
06-10 19:33:16.847 16943 16943 I SysControlManager: setListener
06-10 19:33:16.854 761 796 E ActivityManager: Restarting service that is not needed: ServiceRecord{6431d2f u0 com.droidlogic/.FrameRateService}
06-10 19:33:16.855 761 796 E ActivityManager: Restarting service that is not needed: ServiceRecord{398c4af u0 com.droidlogic/.AiPqService}
06-10 19:33:16.855 16943 16943 D CompatibilityChangeReporter: Compat change id reported: 150939131; UID 1000; state: ENABLED
06-10 19:33:16.857 16943 16943 I DroidAudioCore: needSyncDroidSetting internal audio format:0, android format:1
06-10 19:33:16.857 16943 16943 I DroidAudioCore: needSyncDroidSetting internal audio format:0, android format:1
06-10 19:33:16.857 16943 16943 D DroidlogicApplication: bootvideo stopped, start initializing AudioEffect
06-10 19:33:16.858 16943 16943 W ContextImpl: Calling a method in the system process without a qualified user: android.app.ContextImpl.startService:1899 android.content.ContextWrapper.startService:825 com.droidlogic.DroidlogicApplication$1.handleMessage:93 android.os.Handler.dispatchMessage:106 android.os.Looper.loopOnce:205
06-10 19:33:16.863 16943 16943 D CompatibilityChangeReporter: Compat change id reported: 263076149; UID 1000; state: ENABLED
06-10 19:33:16.864 16943 16943 D BLE_Service: Service onCreate
06-10 19:33:16.873 16943 16943 W AudioVideoDevReconnectService: oncreate
06-10 19:33:16.880 16943 16943 D LocalBluetoothProfileManager: LocalBluetoothProfileManager construction complete
06-10 19:33:16.882 16943 16943 D LocalBluetoothProfileManager: Adding local A2DP profile
06-10 19:33:16.884 16943 16943 D BluetoothA2dp: Binding service...
06-10 19:33:16.885 16943 16943 D LocalBluetoothProfileManager: Adding local HEADSET profile
06-10 19:33:16.887 16943 16943 D BluetoothHeadset: Binding service...
06-10 19:33:16.888 16943 16943 D LocalBluetoothProfileManager: Adding local OPP profile
06-10 19:33:16.888 16943 16943 D LocalBluetoothProfileManager: Adding local Hearing Aid profile
06-10 19:33:16.889 16943 16943 D BluetoothHearingAid: Binding service...
06-10 19:33:16.890 16943 16943 D LocalBluetoothProfileManager: Adding local HID_HOST profile
06-10 19:33:16.891 16943 16943 D BluetoothHidHost: Binding service...
06-10 19:33:16.892 16943 16943 D LocalBluetoothProfileManager: Adding local PAN profile
06-10 19:33:16.893 16943 16943 D BluetoothPan: Binding service...
06-10 19:33:16.909 16943 16943 D LocalBluetoothProfileManager: Current Profiles[]
06-10 19:33:16.909 16943 16943 D LocalBluetoothProfileManager: New Profiles[A2DP]
06-10 19:33:16.909 16943 16943 D CachedBluetoothDevice: updating profiles for XX:XX:XX:XX:F5:7A
06-10 19:33:16.911 16943 16943 V CachedBluetoothDevice: Class: 40428
06-10 19:33:16.911 16943 16943 V CachedBluetoothDevice: UUID:
06-10 19:33:16.911 16943 16943 V CachedBluetoothDevice: 0000110b-0000-1000-8000-00805f9b34fb
06-10 19:33:16.911 16943 16943 V CachedBluetoothDevice: 0000110e-0000-1000-8000-00805f9b34fb
06-10 19:33:16.912 16943 16943 D BluetoothAdapter: getActiveDevices(profile= A2DP)
06-10 19:33:16.914 1073 1950 I BluetoothAdapterService: getActiveDevices: A2dp device: XX:XX:XX:XX:F5:7A
06-10 19:33:16.914 16943 16943 D BluetoothAdapter: getActiveDevices(profile= HEADSET)
06-10 19:33:16.916 1073 1950 I BluetoothAdapterService: getActiveDevices: Headset device: null
06-10 19:33:16.916 16943 16943 D BluetoothAdapter: getActiveDevices(profile= HEARING_AID)
06-10 19:33:16.918 1073 1950 I BluetoothAdapterService: getActiveDevices: Hearing Aid devices: Left[null] - Right[null]
06-10 19:33:16.916 3463 3463 I cling--ap-65: type=1400 audit(0.0:3891): avc: denied { search } for name="net" dev="sysfs" ino=12344 scontext=u:r:untrusted_app_27:s0:c43,c256,c512,c768 tcontext=u:object_r:sysfs_net:s0 tclass=dir permissive=1 app=com.dangbei.screencast
06-10 19:33:16.916 3463 3463 I cling--ap-65: type=1400 audit(0.0:3892): avc: denied { read } for name="address" dev="sysfs" ino=22126 scontext=u:r:untrusted_app_27:s0:c43,c256,c512,c768 tcontext=u:object_r:sysfs_net:s0 tclass=file permissive=1 app=com.dangbei.screencast
06-10 19:33:16.916 3463 3463 I cling--ap-65: type=1400 audit(0.0:3893): avc: denied { open } for path="/sys/devices/virtual/net/dummy0/address" dev="sysfs" ino=22126 scontext=u:r:untrusted_app_27:s0:c43,c256,c512,c768 tcontext=u:object_r:sysfs_net:s0 tclass=file permissive=1 app=com.dangbei.screencast
06-10 19:33:16.931 16943 16943 D HdmiCecService: onCreate
06-10 19:33:16.932 16943 16943 D HdmiCecService: VendorCommandHandler initialized
06-10 19:33:16.935 16943 16943 D HdmiCecService: registerVendorCommandListener
06-10 19:33:16.937 761 1120 D HDMI : addVendorCommandListener 1877008
06-10 19:33:16.938 16943 16943 I HdmiCecService: Netflix feature is not supported
06-10 19:33:16.943 16943 16943 D AudioEffectsService: AudioEffectsService onCreate
06-10 19:33:16.946 16943 16943 E ShutdownService: Larson: bt module = true
06-10 19:33:16.946 542 1192 D xm_audio: adev_get_parameters
06-10 19:33:16.948 16943 16981 I AudioEffectsService: handleActionStartUp: is tv:false
06-10 19:33:16.948 16943 16981 D SoundEffectManager: init
06-10 19:33:16.949 16943 16980 W System.err: java.lang.NoSuchMethodException: android.net.SntpClient.requestTime [class java.lang.String, int, class android.net.Network]
06-10 19:33:16.949 16943 16980 W System.err: at java.lang.Class.getMethod(Class.java:2937)
06-10 19:33:16.949 16943 16980 W System.err: at java.lang.Class.getMethod(Class.java:2449)
06-10 19:33:16.949 16943 16980 W System.err: at com.droidlogic.NtpService.SyncTimeLock(NtpService.java:113)
06-10 19:33:16.949 16943 16980 W System.err: at com.droidlogic.NtpService.-$$Nest$mSyncTimeLock(Unknown Source:0)
06-10 19:33:16.949 16943 16980 W System.err: at com.droidlogic.NtpService$2.run(NtpService.java:104)
06-10 19:33:16.949 16943 16980 W System.err: at android.os.Handler.handleCallback(Handler.java:958)
06-10 19:33:16.949 16943 16980 W System.err: at android.os.Handler.dispatchMessage(Handler.java:99)
06-10 19:33:16.949 16943 16980 W System.err: at android.os.Looper.loopOnce(Looper.java:205)
06-10 19:33:16.949 16943 16980 W System.err: at android.os.Looper.loop(Looper.java:294)
06-10 19:33:16.949 16943 16980 W System.err: at android.os.HandlerThread.run(HandlerThread.java:67)
06-10 19:33:16.950 542 1192 D xm_audio: adev_get_parameters
06-10 19:33:16.951 16943 16981 D SoundEffectManager: getEffectFunctionConfig: UI:0 value:0
06-10 19:33:16.952 542 1192 D xm_audio: adev_get_parameters
06-10 19:33:16.952 16943 16981 D SoundEffectManager: getEffectFunctionConfig: UI:1 value:0
06-10 19:33:16.954 542 1192 D xm_audio: adev_get_parameters
06-10 19:33:16.954 16943 16981 D SoundEffectManager: getEffectFunctionConfig: UI:2 value:0
06-10 19:33:16.955 542 1192 D xm_audio: adev_get_parameters
06-10 19:33:16.955 16943 16981 D SoundEffectManager: getEffectFunctionConfig: UI:3 value:0
06-10 19:33:16.956 542 1192 D xm_audio: adev_get_parameters
06-10 19:33:16.956 16943 16981 D SoundEffectManager: getEffectFunctionConfig: UI:4 value:0
06-10 19:33:16.957 542 542 D xm_audio: adev_get_parameters
06-10 19:33:16.957 16943 16981 D SoundEffectManager: getEffectFunctionConfig: UI:5 value:0
06-10 19:33:16.958 542 542 D xm_audio: adev_get_parameters
06-10 19:33:16.959 16943 16981 D SoundEffectManager: getEffectFunctionConfig: UI:6 value:0
06-10 19:33:16.959 16943 16981 D SoundEffectManager: getEffectFunctionConfig: unknown UI_ID:7
06-10 19:33:16.959 542 542 D xm_audio: adev_get_parameters
06-10 19:33:16.960 16943 16981 D SoundEffectManager: getEffectFunctionConfig: UI:8 value:0
06-10 19:33:16.960 542 542 D xm_audio: adev_get_parameters
06-10 19:33:16.960 16943 16981 D SoundEffectManager: getEffectFunctionConfig: UI:9 value:0
06-10 19:33:16.961 542 542 D xm_audio: adev_get_parameters
06-10 19:33:16.962 16943 16981 D SoundEffectManager: getEffectFunctionConfig: UI:10 value:0
06-10 19:33:16.962 542 542 D xm_audio: adev_get_parameters
06-10 19:33:16.963 16943 16981 D SoundEffectManager: getEffectFunctionConfig: UI:11 value:0
06-10 19:33:16.963 542 542 D xm_audio: adev_get_parameters
06-10 19:33:16.963 16943 16981 D SoundEffectManager: getEffectFunctionConfig: UI:12 value:0
06-10 19:33:16.964 542 542 D xm_audio: adev_get_parameters
06-10 19:33:16.965 16943 16981 D SoundEffectManager: getEffectFunctionConfig: UI:13 value:0
06-10 19:33:16.965 16943 16981 D SoundEffectManager: getEffectFunctionConfig: unknown UI_ID:14
06-10 19:33:16.969 16943 16943 I BLE_Service: mConnRunnable, looking on bonded devices in order to find connection target...
06-10 19:33:16.969 16943 16943 I BLE_Service: connectToBondedDevices><
06-10 19:33:16.971 16943 16943 I BLE_Service: bondedDevices size:1
06-10 19:33:16.972 587 3195 D AudioFlinger: Client defaulted notificationFrames to 2050 for frameCount 4100
06-10 19:33:16.973 16943 16943 I BLE_Service: GetToBondedDevicesMacAddress><
06-10 19:33:16.974 16943 16943 I BLE_Service: bondedDevices size: 1
06-10 19:33:16.974 16943 16943 W System.err: java.io.FileNotFoundException: /sys/class/aml_btusb/aml_btusb/aml_rclist: open failed: ENOENT (No such file or directory)
06-10 19:33:16.975 16943 16943 W System.err: at libcore.io.IoBridge.open(IoBridge.java:574)
06-10 19:33:16.975 16943 16943 W System.err: at java.io.FileOutputStream.(FileOutputStream.java:236)
06-10 19:33:16.975 16943 16943 W System.err: at java.io.FileOutputStream.(FileOutputStream.java:125)
06-10 19:33:16.975 16943 16943 W System.err: at java.io.FileWriter.(FileWriter.java:66)
06-10 19:33:16.975 16943 16943 W System.err: at com.droidlogic.btpair.DialogBluetoothService.writeFileFromString(DialogBluetoothService.java:294)
06-10 19:33:16.975 16943 16943 W System.err: at com.droidlogic.btpair.DialogBluetoothService.GetToBondedDevicesMacAddress(DialogBluetoothService.java:452)
06-10 19:33:16.975 16943 16943 W System.err: at com.droidlogic.btpair.DialogBluetoothService$2.run(DialogBluetoothService.java:349)
06-10 19:33:16.975 16943 16943 W System.err: at android.os.Handler.handleCallback(Handler.java:958)
06-10 19:33:16.975 16943 16943 W System.err: at android.os.Handler.dispatchMessage(Handler.java:99)
06-10 19:33:16.975 16943 16943 W System.err: at android.os.Looper.loopOnce(Looper.java:205)
