06-10 18:50:56.620 761 785 V WindowManager: Sent Transition #28 createdAt=06-10 18:50:56.492 via request=TransitionRequestInfo { type = 1, triggerTask = TaskInfo{userId=0 taskId=63 displayId=0 isRunning=true baseIntent=Intent { act=android.intent.action.MAIN cat=[android.intent.category.LAUNCHER] flg=0x10000000 pkg=com.ktcp.video cmp=com.ktcp.video/.activity.MainActivity } baseActivity=ComponentInfo{com.ktcp.video/com.ktcp.video.activity.onepage.HomeSingleTaskActivity} topActivity=ComponentInfo{com.ktcp.video/com.ktcp.video.hippy.TvHippyActivity} origActivity=null realActivity=ComponentInfo{com.ktcp.video/com.ktcp.video.activity.MainActivity} numActivities=5 lastActiveTime=768157 supportsMultiWindow=true resizeMode=0 isResizeable=false minWidth=-1 minHeight=-1 defaultMinSize=220 token=WCT{RemoteToken{a668476 Task{aa0f7fb #63 type=standard A=10078:com.ktcp.video}}} topActivityType=1 pictureInPictureParams=null shouldDockBigOverlays=true launchIntoPipHostTaskId=-1 lastParentTaskIdBeforePip=-1 displayCutoutSafeInsets=null topActivityInfo=ActivityInfo{53618b0 com.ktcp.video.hippy.TvHippyActivity} launchCookies=[] positionInParent=Point(0, 0) parentTaskId=-1 isFocused=true isVisible=true isVisibleRequested=true isSleeping=false topActivityInSizeCompat=false topActivityEligibleForLetterboxEducation= false isLetterboxDoubleTapEnabled= false topActivityEligibleForUserAspectRatioButton= false topActivityBoundsLetterboxed= false isFromLetterboxDoubleTap= false topActivityLetterboxVerticalPosition= -1 topActivityLetterboxHorizontalPosition= -1 topActivityLetterboxWidth=-1 topActivityLetterboxHeight=-1 isUserFullscreenOverrideEnabled=false isTopActivityTransparent=false locusId=null displayAreaFeatureId=1 cameraCompatControlState=hidden}, remoteTransition = null, displayChange = null, flags = 0 }
06-10 18:50:56.620 761 785 V WindowManager: startWCT=WindowContainerTransaction { changes = {} hops = [] errorCallbackToken=null taskFragmentOrganizer=null }
06-10 18:50:56.620 761 785 V WindowManager: info={id=28 t=OPEN f=0x0 trk=0 r=[0@Point(0, 0)] c=[{null m=OPEN f=FILLS_TASK leash=Surface(name=ActivityRecord{4c86614 u0 com.ktcp.video/.hippy.TvHippyActivity)/@0xdaaf662 sb=Rect(0, 0 - 0, 0) eb=Rect(0, 0 - 1920, 1080) d=-1->0 r=-1->0:-1},{null m=TO_BACK f=FILLS_TASK leash=Surface(name=ActivityRecord{a751e89 u0 com.ktcp.video/com.tencent.qqlivetv.dynamicload.core.DLProxyFragmentActivity)/@0x13bf99f sb=Rect(0, 0 - 1920, 1080) eb=Rect(0, 0 - 1920, 1080) d=0}]}
06-10 18:50:56.622 972 1070 V WindowManagerShell: Transition animation finished (aborted=false), notifying core (#28)android.os.BinderProxy@148759f@0
06-10 18:50:56.624 761 785 V WindowManager: Finish Transition #28: created at
06-10 18:50:56.492 collect-started=0.071ms request-sent=8.735ms started=12.172ms ready=27.612ms sent=121.629ms finished=132.464ms
06-10 18:50:56.628 972 1070 V WindowManagerShell: Track 0 became idle
06-10 18:50:56.628 972 1070 V WindowManagerShell: All active transition animations finished
06-10 18:50:56.628 972 1070 V WindowManagerShell: animated by com.android.wm.shell.transition.DefaultTransitionHandler@5788da0
06-10 18:50:56.628 972 1070 V WindowManagerShell: Track 0 became idle
06-10 18:50:56.628 972 1070 V WindowManagerShell: All active transition animations finished
06-10 18:50:56.632 972 1070 D WindowManagerShell: TvPipController: onTaskStackChanged()
06-10 18:50:56.687 761 786 W ContextImpl: Calling a method in the system process without a qualified user: android.app.ContextImpl.startService:1899 com.android.server.wm.DisplayPolicy.lambda$focusChangedLw$5:2126 com.android.server.wm.DisplayPolicy.$r8$lambda$Znxk63oh-WzVnzo_WQefN7uxV48:0 com.android.server.wm.DisplayPolicy$$ExternalSyntheticLambda13.run:0 android.os.Handler.handleCallback:958
06-10 18:50:59.502 761 1501 E TaskPersister: File error accessing recents directory (directory doesn't exist?).
06-10 18:51:02.768 761 1411 W WindowManager: [addWindow] title:com.ktcp.video/com.ktcp.video.hippy.TvHippyActivity
06-10 18:51:02.785 761 1411 D CoreBackPreview: Window{4b26ca4 u0 com.ktcp.video/com.ktcp.video.hippy.TvHippyActivity}: Setting back callback OnBackInvokedCallbackInfo{mCallback=android.window.IOnBackInvokedCallback$Stub$Proxy@e2d4dc2, mPriority=0, mIsAnimationCallback=false}
06-10 18:51:02.871 761 786 W ContextImpl: Calling a method in the system process without a qualified user: android.app.ContextImpl.startService:1899 com.android.server.wm.DisplayPolicy.lambda$focusChangedLw$5:2126 com.android.server.wm.DisplayPolicy.$r8$lambda$Znxk63oh-WzVnzo_WQefN7uxV48:0 com.android.server.wm.DisplayPolicy$$ExternalSyntheticLambda13.run:0 android.os.Handler.handleCallback:958
06-10 18:51:04.769 761 1411 D CoreBackPreview: Window{4b26ca4 u0 com.ktcp.video/com.ktcp.video.hippy.TvHippyActivity}: Setting back callback null
06-10 18:51:04.798 761 788 V WindowManager: Unknown focus tokens, dropping reportFocusChanged
06-10 18:51:04.821 972 1070 V WindowManagerShell: Transition requested: android.os.BinderProxy@2253c16 TransitionRequestInfo { type = 2, triggerTask = null, remoteTransition = null, displayChange = null, flags = 0 }
06-10 18:51:04.842 761 2504 V WindowManager: app ------------- force_land :0
06-10 18:51:04.884 761 1411 W WindowManager: [addWindow] title:com.ktcp.video/com.tencent.qqlivetv.dynamicload.core.DLProxyFragmentActivity
06-10 18:51:04.885 972 1070 V WindowManagerShell: onTransitionReady android.os.BinderProxy@2253c16: {id=29 t=CLOSE f=0x0 trk=0 r=[0@Point(0, 0)] c=[{null m=CLOSE f=FILLS_TASK leash=Surface(name=ActivityRecord{4c86614 u0 com.ktcp.video/.hippy.TvHippyActivity)/@0x12d7997 sb=Rect(0, 0 - 1920, 1080) eb=Rect(0, 0 - 1920, 1080) d=0},{null m=TO_FRONT f=FILLS_TASK leash=Surface(name=ActivityRecord{a751e89 u0 com.ktcp.video/com.tencent.qqlivetv.dynamicload.core.DLProxyFragmentActivity)/@0xd32f784 sb=Rect(0, 0 - 1920, 1080) eb=Rect(0, 0 - 1920, 1080) d=0}]}
06-10 18:51:04.885 972 1070 V WindowManagerShell: Playing animation for (#29)android.os.BinderProxy@2253c16@0
06-10 18:51:04.885 761 785 V WindowManager: Sent Transition #29 createdAt=06-10 18:51:04.815 via request=TransitionRequestInfo { type = 2, triggerTask = null, remoteTransition = null, displayChange = null, flags = 0 }
06-10 18:51:04.885 761 785 V WindowManager: startWCT=WindowContainerTransaction { changes = {} hops = [] errorCallbackToken=null taskFragmentOrganizer=null }
06-10 18:51:04.885 972 1070 V WindowManagerShell: try handler com.android.wm.shell.keyguard.KeyguardTransitionHandler@b8b8234
06-10 18:51:04.885 972 1070 V WindowManagerShell: try handler com.android.wm.shell.pip.tv.TvPipTransition@44a785d
06-10 18:51:04.885 761 785 V WindowManager: info={id=29 t=CLOSE f=0x0 trk=0 r=[0@Point(0, 0)] c=[{null m=CLOSE f=FILLS_TASK leash=Surface(name=ActivityRecord{4c86614 u0 com.ktcp.video/.hippy.TvHippyActivity)/@0xdaaf662 sb=Rect(0, 0 - 1920, 1080) eb=Rect(0, 0 - 1920, 1080) d=0},{null m=TO_FRONT f=FILLS_TASK leash=Surface(name=ActivityRecord{a751e89 u0 com.ktcp.video/com.tencent.qqlivetv.dynamicload.core.DLProxyFragmentActivity)/@0x13bf99f sb=Rect(0, 0 - 1920, 1080) eb=Rect(0, 0 - 1920, 1080) d=0}]}
06-10 18:51:04.886 972 1070 V WindowManagerShell: try handler com.android.wm.shell.activityembedding.ActivityEmbeddingController@94fc5d2
06-10 18:51:04.886 972 1070 V WindowManagerShell: try handler com.android.wm.shell.transition.RemoteTransitionHandler@7a966a3
06-10 18:51:04.886 972 1070 V WindowManagerShell: Transition doesn't have explicit remote, search filters for match for {id=29 t=CLOSE f=0x0 trk=0 r=[0@Point(0, 0)] c=[{null m=CLOSE f=FILLS_TASK leash=Surface(name=ActivityRecord{4c86614 u0 com.ktcp.video/.hippy.TvHippyActivity)/@0x12d7997 sb=Rect(0, 0 - 1920, 1080) eb=Rect(0, 0 - 1920, 1080) d=0},{null m=TO_FRONT f=FILLS_TASK leash=Surface(name=ActivityRecord{a751e89 u0 com.ktcp.video/com.tencent.qqlivetv.dynamicload.core.DLProxyFragmentActivity)/@0xd32f784 sb=Rect(0, 0 - 1920, 1080) eb=Rect(0, 0 - 1920, 1080) d=0}]}
06-10 18:51:04.886 972 1070 V WindowManagerShell: Delegate animation for #29 to null
06-10 18:51:04.886 972 1070 V WindowManagerShell: try handler com.android.wm.shell.transition.DefaultTransitionHandler@5788da0
06-10 18:51:04.886 972 1070 V WindowManagerShell: start default transition animation, info = {id=29 t=CLOSE f=0x0 trk=0 r=[0@Point(0, 0)] c=[{null m=CLOSE f=FILLS_TASK leash=Surface(name=ActivityRecord{4c86614 u0 com.ktcp.video/.hippy.TvHippyActivity)/@0x12d7997 sb=Rect(0, 0 - 1920, 1080) eb=Rect(0, 0 - 1920, 1080) d=0},{null m=TO_FRONT f=FILLS_TASK leash=Surface(name=ActivityRecord{a751e89 u0 com.ktcp.video/com.tencent.qqlivetv.dynamicload.core.DLProxyFragmentActivity)/@0xd32f784 sb=Rect(0, 0 - 1920, 1080) eb=Rect(0, 0 - 1920, 1080) d=0}]}
06-10 18:51:04.887 972 1070 V WindowManagerShell: Transition animation finished (aborted=false), notifying core (#29)android.os.BinderProxy@2253c16@0
06-10 18:51:04.889 761 786 W ContextImpl: Calling a method in the system process without a qualified user: android.app.ContextImpl.startService:1899 com.android.server.wm.DisplayPolicy.lambda$focusChangedLw$5:2126 com.android.server.wm.DisplayPolicy.$r8$lambda$Znxk63oh-WzVnzo_WQefN7uxV48:0 com.android.server.wm.DisplayPolicy$$ExternalSyntheticLambda13.run:0 android.os.Handler.handleCallback:958
06-10 18:51:04.894 761 785 V WindowManager: Finish Transition #29: created at
06-10 18:51:04.815 collect-started=0.091ms request-sent=0.159ms started=7.217ms ready=29.052ms sent=68.341ms finished=78.141ms
06-10 18:51:04.896 972 1070 V WindowManagerShell: Track 0 became idle
06-10 18:51:04.896 972 1070 V WindowManagerShell: All active transition animations finished
06-10 18:51:04.896 972 1070 V WindowManagerShell: animated by com.android.wm.shell.transition.DefaultTransitionHandler@5788da0
06-10 18:51:04.896 972 1070 V WindowManagerShell: Track 0 became idle
06-10 18:51:04.896 972 1070 V WindowManagerShell: All active transition animations finished
06-10 18:51:04.906 761 833 D CoreBackPreview: Window{2ee36ca u0 com.ktcp.video/com.tencent.qqlivetv.dynamicload.core.DLProxyFragmentActivity}: Setting back callback OnBackInvokedCallbackInfo{mCallback=android.window.IOnBackInvokedCallback$Stub$Proxy@45a1358, mPriority=0, mIsAnimationCallback=false}
06-10 18:51:04.935 761 2504 D CoreBackPreview: Window{f461957 u0 com.ktcp.video/com.ktcp.video.hippy.TvHippyActivity}: Setting back callback null
06-10 18:51:04.945 972 1070 D WindowManagerShell: TvPipController: onTaskStackChanged()
06-10 18:51:04.962 761 786 W ContextImpl: Calling a method in the system process without a qualified user: android.app.ContextImpl.startService:1899 com.android.server.wm.DisplayPolicy.lambda$focusChangedLw$5:2126 com.android.server.wm.DisplayPolicy.$r8$lambda$Znxk63oh-WzVnzo_WQefN7uxV48:0 com.android.server.wm.DisplayPolicy$$ExternalSyntheticLambda13.run:0 android.os.Handler.handleCallback:958
06-10 18:51:04.990 761 786 W ContextImpl: Calling a method in the system process without a qualified user: android.app.ContextImpl.startService:1899 com.android.server.wm.DisplayPolicy.lambda$focusChangedLw$5:2126 com.android.server.wm.DisplayPolicy.$r8$lambda$Znxk63oh-WzVnzo_WQefN7uxV48:0 com.android.server.wm.DisplayPolicy$$ExternalSyntheticLambda13.run:0 android.os.Handler.handleCallback:958
06-10 18:51:07.462 761 2504 D CoreBackPreview: Window{2ee36ca u0 com.ktcp.video/com.tencent.qqlivetv.dynamicload.core.DLProxyFragmentActivity}: Setting back callback null
06-10 18:51:07.479 761 788 V WindowManager: Unknown focus tokens, dropping reportFocusChanged
06-10 18:51:07.494 761 2063 W WindowManager: [addWindow] title:com.ktcp.video/com.tencent.qqlivetv.dynamicload.core.DLProxyFragmentActivity
06-10 18:51:07.505 6007 6007 W VRI[DLProxyFragmentActivity]: Dropping event due to root view being removed: KeyEvent { action=ACTION_UP, keyCode=KEYCODE_BACK, scanCode=1, metaState=0, flags=0x8, repeatCount=0, eventTime=779116763000, downTime=778993086000, deviceId=10, source=0x301, displayId=-1 }
06-10 18:51:07.508 761 2063 D CoreBackPreview: Window{d12f89c u0 com.ktcp.video/com.tencent.qqlivetv.dynamicload.core.DLProxyFragmentActivity}: Setting back callback OnBackInvokedCallbackInfo{mCallback=android.window.IOnBackInvokedCallback$Stub$Proxy@4e9e67a, mPriority=0, mIsAnimationCallback=false}
06-10 18:51:07.576 761 786 W ContextImpl: Calling a method in the system process without a qualified user: android.app.ContextImpl.startService:1899 com.android.server.wm.DisplayPolicy.lambda$focusChangedLw$5:2126 com.android.server.wm.DisplayPolicy.$r8$lambda$Znxk63oh-WzVnzo_WQefN7uxV48:0 com.android.server.wm.DisplayPolicy$$ExternalSyntheticLambda13.run:0 android.os.Handler.handleCallback:958
06-10 18:51:07.598 761 786 W ContextImpl: Calling a method in the system process without a qualified user: android.app.ContextImpl.startService:1899 com.android.server.wm.DisplayPolicy.lambda$focusChangedLw$5:2126 com.android.server.wm.DisplayPolicy.$r8$lambda$Znxk63oh-WzVnzo_WQefN7uxV48:0 com.android.server.wm.DisplayPolicy$$ExternalSyntheticLambda13.run:0 android.os.Handler.handleCallback:958
06-10 18:51:07.951 761 1501 E TaskPersister: File error accessing recents directory (directory doesn't exist?).
06-10 18:51:08.016 972 1070 V WindowManagerShell: Transition requested: android.os.BinderProxy@5461833 TransitionRequestInfo { type = 2, triggerTask = null, remoteTransition = null, displayChange = null, flags = 0 }
06-10 18:51:08.022 761 2062 D CoreBackPreview: Window{d12f89c u0 com.ktcp.video/com.tencent.qqlivetv.dynamicload.core.DLProxyFragmentActivity}: Setting back callback null
06-10 18:51:08.036 761 833 V WindowManager: app ------------- force_land :0
06-10 18:51:08.041 761 788 V WindowManager: Unknown focus tokens, dropping reportFocusChanged
06-10 18:51:08.045 761 833 D CoreBackPreview: Window{4265ecb u0 com.ktcp.video/com.tencent.qqlivetv.dynamicload.core.DLProxyFragmentActivity}: Setting back callback null
06-10 18:51:08.052 761 795 W UsageStatsService: Unexpected activity event reported! (com.ktcp.video/com.tencent.qqlivetv.dynamicload.core.DLProxyFragmentActivity event : 23 instanceId : 10987149)
06-10 18:51:08.064 761 2062 V WindowManager: app ------------- force_land :0
06-10 18:51:08.161 761 785 V WindowManager: Sent Transition #30 createdAt=06-10 18:51:08.012 via request=TransitionRequestInfo { type = 2, triggerTask = null, remoteTransition = null, displayChange = null, flags = 0 }
06-10 18:51:08.161 761 785 V WindowManager: startWCT=WindowContainerTransaction { changes = {} hops = [] errorCallbackToken=null taskFragmentOrganizer=null }
06-10 18:51:08.161 761 785 V WindowManager: info={id=30 t=CLOSE f=0x0 trk=0 r=[0@Point(0, 0)] c=[{null m=CLOSE f=FILLS_TASK leash=Surface(name=ActivityRecord{a751e89 u0 com.ktcp.video/com.tencent.qqlivetv.dynamicload.core.DLProxyFragmentActivity)/@0x13bf99f sb=Rect(0, 0 - 1920, 1080) eb=Rect(0, 0 - 1920, 1080) d=0},{null m=TO_FRONT f=FILLS_TASK leash=Surface(name=ActivityRecord{e28e0 u0 com.ktcp.video/.activity.onepage.HomeSingleTaskActivity)/@0x72feb27 sb=Rect(0, 0 - 1920, 1080) eb=Rect(0, 0 - 1920, 1080) d=0}]}
06-10 18:51:08.162 972 1070 V WindowManagerShell: onTransitionReady android.os.BinderProxy@5461833: {id=30 t=CLOSE f=0x0 trk=0 r=[0@Point(0, 0)] c=[{null m=CLOSE f=FILLS_TASK leash=Surface(name=ActivityRecord{a751e89 u0 com.ktcp.video/com.tencent.qqlivetv.dynamicload.core.DLProxyFragmentActivity)/@0x4aa07f0 sb=Rect(0, 0 - 1920, 1080) eb=Rect(0, 0 - 1920, 1080) d=0},{null m=TO_FRONT f=FILLS_TASK leash=Surface(name=ActivityRecord{e28e0 u0 com.ktcp.video/.activity.onepage.HomeSingleTaskActivity)/@0xe70b169 sb=Rect(0, 0 - 1920, 1080) eb=Rect(0, 0 - 1920, 1080) d=0}]}
06-10 18:51:08.162 972 1070 V WindowManagerShell: Playing animation for (#30)android.os.BinderProxy@5461833@0
06-10 18:51:08.162 972 1070 V WindowManagerShell: try handler com.android.wm.shell.keyguard.KeyguardTransitionHandler@b8b8234
06-10 18:51:08.162 972 1070 V WindowManagerShell: try handler com.android.wm.shell.pip.tv.TvPipTransition@44a785d
06-10 18:51:08.162 972 1070 V WindowManagerShell: try handler com.android.wm.shell.activityembedding.ActivityEmbeddingController@94fc5d2
06-10 18:51:08.162 972 1070 V WindowManagerShell: try handler com.android.wm.shell.transition.RemoteTransitionHandler@7a966a3
06-10 18:51:08.163 972 1070 V WindowManagerShell: Transition doesn't have explicit remote, search filters for match for {id=30 t=CLOSE f=0x0 trk=0 r=[0@Point(0, 0)] c=[{null m=CLOSE f=FILLS_TASK leash=Surface(name=ActivityRecord{a751e89 u0 com.ktcp.video/com.tencent.qqlivetv.dynamicload.core.DLProxyFragmentActivity)/@0x4aa07f0 sb=Rect(0, 0 - 1920, 1080) eb=Rect(0, 0 - 1920, 1080) d=0},{null m=TO_FRONT f=FILLS_TASK leash=Surface(name=ActivityRecord{e28e0 u0 com.ktcp.video/.activity.onepage.HomeSingleTaskActivity)/@0xe70b169 sb=Rect(0, 0 - 1920, 1080) eb=Rect(0, 0 - 1920, 1080) d=0}]}
06-10 18:51:08.163 972 1070 V WindowManagerShell: Delegate animation for #30 to null
06-10 18:51:08.163 972 1070 V WindowManagerShell: try handler com.android.wm.shell.transition.DefaultTransitionHandler@5788da0
06-10 18:51:08.163 972 1070 V WindowManagerShell: start default transition animation, info = {id=30 t=CLOSE f=0x0 trk=0 r=[0@Point(0, 0)] c=[{null m=CLOSE f=FILLS_TASK leash=Surface(name=ActivityRecord{a751e89 u0 com.ktcp.video/com.tencent.qqlivetv.dynamicload.core.DLProxyFragmentActivity)/@0x4aa07f0 sb=Rect(0, 0 - 1920, 1080) eb=Rect(0, 0 - 1920, 1080) d=0},{null m=TO_FRONT f=FILLS_TASK leash=Surface(name=ActivityRecord{e28e0 u0 com.ktcp.video/.activity.onepage.HomeSingleTaskActivity)/@0xe70b169 sb=Rect(0, 0 - 1920, 1080) eb=Rect(0, 0 - 1920, 1080) d=0}]}
06-10 18:51:08.164 972 1070 V WindowManagerShell: Transition animation finished (aborted=false), notifying core (#30)android.os.BinderProxy@5461833@0
06-10 18:51:08.169 761 785 V WindowManager: Finish Transition #30: created at
06-10 18:51:08.012 collect-started=0.118ms request-sent=0.207ms started=4.124ms ready=54.169ms sent=143.949ms finished=153.46ms
06-10 18:51:08.174 972 1070 V WindowManagerShell: Track 0 became idle
06-10 18:51:08.174 972 1070 V WindowManagerShell: All active transition animations finished
06-10 18:51:08.174 972 1070 V WindowManagerShell: animated by com.android.wm.shell.transition.DefaultTransitionHandler@5788da0
06-10 18:51:08.174 972 1070 V WindowManagerShell: Track 0 became idle
06-10 18:51:08.174 972 1070 V WindowManagerShell: All active transition animations finished
06-10 18:51:08.175 972 1070 D WindowManagerShell: TvPipController: onTaskStackChanged()
06-10 18:51:08.232 761 786 W ContextImpl: Calling a method in the system process without a qualified user: android.app.ContextImpl.startService:1899 com.android.server.wm.DisplayPolicy.lambda$focusChangedLw$5:2126 com.android.server.wm.DisplayPolicy.$r8$lambda$Znxk63oh-WzVnzo_WQefN7uxV48:0 com.android.server.wm.DisplayPolicy$$ExternalSyntheticLambda13.run:0 android.os.Handler.handleCallback:958
06-10 18:51:08.275 761 833 D CoreBackPreview: Window{c1962c0 u0 com.ktcp.video/com.tencent.qqlivetv.dynamicload.core.DLProxyFragmentActivity}: Setting back callback null
06-10 18:51:08.288 761 833 D CoreBackPreview: Window{475de92 u0 com.ktcp.video/com.tencent.qqlivetv.dynamicload.core.DLProxyFragmentActivity}: Setting back callback null
06-10 18:51:08.368 761 788 W ProcessStats: Tracking association SourceState{b862820 com.ktcp.video/10078 BTop #1055} whose proc state 2 is better than process ProcessState{77d1a27 com.ktcp.video:daemon/10078 pkg=com.ktcp.video} proc state 14 (7 skipped)
06-10 18:51:11.109 761 761 D HDMI : [R]: 04:8F
06-10 18:51:11.110 761 938 D HDMI : [S]: 40:90:00
06-10 18:51:11.569 761 1501 E TaskPersister: File error accessing recents directory (directory doesn't exist?).
06-10 18:51:31.882 761 761 V HotPlugDetectionAction: Poll all devices.
06-10 18:51:32.281 761 761 D HdmiCecController: [P]:AllocatedAddress=[0]
06-10 18:52:08.744 761 796 W ProcessStats: Tracking association SourceState{b862820 com.ktcp.video/10078 BTop #1058} whose proc state 2 is better than process ProcessState{77d1a27 com.ktcp.video:daemon/10078 pkg=com.ktcp.video} proc state 14 (0 skipped)
06-10 18:52:11.118 761 761 D HDMI : [R]: 04:8F
06-10 18:52:11.119 761 938 D HDMI : [S]: 40:90:00
06-10 18:52:18.757 761 844 W ProcessStats: Tracking association SourceState{b862820 com.ktcp.video/10078 BTop #1059} whose proc state 2 is better than process ProcessState{77d1a27 com.ktcp.video:daemon/10078 pkg=com.ktcp.video} proc state 14 (0 skipped)
06-10 18:52:31.883 761 761 V HotPlugDetectionAction: Poll all devices.
06-10 18:52:32.286 761 761 D HdmiCecController: [P]:AllocatedAddress=[0]
06-10 18:53:11.119 761 761 D HDMI : [R]: 04:8F
06-10 18:53:11.120 761 938 D HDMI : [S]: 40:90:00
06-10 18:53:31.883 761 761 V HotPlugDetectionAction: Poll all devices.
06-10 18:53:32.286 761 761 D HdmiCecController: [P]:AllocatedAddress=[0]
06-10 18:53:36.037 1505 1813 W ContextImpl: Calling a method in the system process without a qualified user: android.app.ContextImpl.sendBroadcast:1220 android.content.ContextWrapper.sendBroadcast:504 com.dangbei.etna.setting.core.SettingHelper.sendCycleToProjector:257 com.dangbei.etna.setting.core.SettingHelper.sendCycleCheckBroadcast:226 com.dangbei.etna.setting.core.SettingHelper.startLoop$lambda-0:185
06-10 18:53:36.039 1505 1813 W ContextImpl: Calling a method in the system process without a qualified user: android.app.ContextImpl.sendBroadcast:1220 android.content.ContextWrapper.sendBroadcast:504 com.dangbei.etna.setting.core.SettingHelper.sendCycleToVoice:242 com.dangbei.etna.setting.core.SettingHelper.sendCycleCheckBroadcast:227 com.dangbei.etna.setting.core.SettingHelper.startLoop$lambda-0:185
06-10 18:53:50.831 761 796 W ProcessStats: Tracking association SourceState{b862820 com.ktcp.video/10078 BTop #1070} whose proc state 2 is better than process ProcessState{77d1a27 com.ktcp.video:daemon/10078 pkg=com.ktcp.video} proc state 14 (0 skipped)
06-10 18:54:00.843 761 844 W ProcessStats: Tracking association SourceState{b862820 com.ktcp.video/10078 BTop #1071} whose proc state 2 is better than process ProcessState{77d1a27 com.ktcp.video:daemon/10078 pkg=com.ktcp.video} proc state 14 (0 skipped)
06-10 18:54:11.120 761 761 D HDMI : [R]: 04:8F
06-10 18:54:11.121 761 938 D HDMI : [S]: 40:90:00
06-10 18:54:31.884 761 761 V HotPlugDetectionAction: Poll all devices.
06-10 18:54:32.283 761 761 D HdmiCecController: [P]:AllocatedAddress=[0]
06-10 18:54:47.504 761 786 D HdmiControlService: Process pid: 761 is calling oneTouchPlay.
06-10 18:54:47.504 761 761 D HDMI : oneTouchPlay com.android.server.hdmi.OneTouchPlayAction@9c74203
06-10 18:54:47.505 761 761 D HDMI : setActiveSource logical:0x04 physical:0x2000 OneTouchPlayAction#broadcastActiveSource()
06-10 18:54:47.505 761 938 D HDMI : [S]: 40:0D
06-10 18:54:47.506 761 761 D HDMI : ActiveSourceHistoryRecord active source=(0x04, 0x2000) isActiveSource=true from=OneTouchPlayAction#broadcastActiveSource()
06-10 18:54:47.507 761 761 D HDMI : No wakelock is used to keep the display on.
06-10 18:54:47.507 761 761 D HDMI : setActiveSource logical:0x04 physical:0x2000 ActiveSourceAction
06-10 18:54:47.508 972 1070 D WindowManagerShell: TvPipMenuController: closeMenu()
06-10 18:54:47.508 972 1070 I WindowManagerShell: TvPipMenuController: switchToMenuMode: setting mCurrentMenuMode=MODE_NO_MENU, mPrevMenuMode=MODE_NO_MENU
06-10 18:54:47.515 761 761 D HDMI : ActiveSourceHistoryRecord active source=(0x04, 0x2000) isActiveSource=true from=ActiveSourceAction
06-10 18:54:47.516 761 761 D HdmiControlService: Switching to full volume behavior
06-10 18:54:47.518 761 761 D HdmiControlService: Switching to full volume behavior
06-10 18:54:47.530 761 786 I ActivityTaskManager: START u0 {act=android.intent.action.MAIN cat=[android.intent.category.HOME] flg=0x10000100 cmp=com.dangbei.leard.leradlauncher/com.dangbei.launcher.home.LauncherActivity (has extras)} with LAUNCH_SINGLE_TASK from uid 0 (BAL_ALLOW_ALLOWLISTED_UID) result code=2
06-10 18:54:47.531 972 1070 V WindowManagerShell: Transition requested: android.os.BinderProxy@a59fb25 TransitionRequestInfo { type = 1, triggerTask = TaskInfo{userId=0 taskId=56 displayId=0 isRunning=true baseIntent=Intent { act=android.intent.action.MAIN cat=[android.intent.category.HOME] flg=0x10800100 cmp=com.dangbei.leard.leradlauncher/com.dangbei.launcher.home.LauncherActivity } baseActivity=ComponentInfo{com.dangbei.leard.leradlauncher/com.dangbei.launcher.home.LauncherActivity} topActivity=ComponentInfo{com.dangbei.leard.leradlauncher/com.dangbei.launcher.home.LauncherActivity} origActivity=null realActivity=ComponentInfo{com.dangbei.leard.leradlauncher/com.dangbei.launcher.home.LauncherActivity} numActivities=1 lastActiveTime=147492 supportsMultiWindow=true resizeMode=0 isResizeable=false minWidth=-1 minHeight=-1 defaultMinSize=220 token=WCT{android.window.IWindowContainerToken$Stub$Proxy@67364fa} topActivityType=2 pictureInPictureParams=null shouldDockBigOverlays=true launchIntoPipHostTaskId=-1 lastParentTaskIdBeforePip=-1 displayCutoutSafeInsets=null topActivityInfo=ActivityInfo{b425aab com.dangbei.launcher.home.LauncherActivity} launchCookies=[] positionInParent=Point(0, 0) parentTaskId=-1 isFocused=true isVisible=false isVisibleRequested=false isSleeping=false topActivityInSizeCompat=false topActivityEligibleForLetterboxEducation= false isLetterboxDoubleTapEnabled= false topActivityEligibleForUserAspectRatioButton= false topActivityBoundsLetterboxed= false isFromLetterboxDoubleTap= false topActivityLetterboxVerticalPosition= -1 topActivityLetterboxHorizontalPosition= -1 topActivityLetterboxWidth=-1 topActivityLetterboxHeight=-1 isUserFullscreenOverrideEnabled=false isTopActivityTransparent=false locusId=null displayAreaFeatureId=1 cameraCompatControlState=hidden}, remoteTransition = null, displayChange = null, flags = 0 }
06-10 18:54:47.532 761 2504 E Transition: Trying to add a ready-group twice: Display{#0 state=ON size=1920x1080 ROTATION_0}
06-10 18:54:47.552 761 1411 D CoreBackPreview: Window{b68dfd6 u0 com.dangbei.leard.leradlauncher/com.dangbei.leard.leradlauncher.module.app.AppDetailActivity}: Setting back callback null
06-10 18:54:47.570 761 795 W UsageStatsService: Unexpected activity event reported! (com.dangbei.leard.leradlauncher/com.dangbei.leard.leradlauncher.module.app.AppDetailActivity event : 23 instanceId : 54045045)
06-10 18:54:47.591 761 938 D HDMI : [S]: 4F:82:20:00
06-10 18:54:47.605 761 1411 D CompatibilityChangeReporter: Compat change id reported: 261072174; UID 10078; state: DISABLED
06-10 18:54:47.606 761 1411 W ProcessStats: Tracking association SourceState{b862820 com.ktcp.video/10078 BTop #1074} whose proc state 2 is better than process ProcessState{77d1a27 com.ktcp.video:daemon/10078 pkg=com.ktcp.video} proc state 14 (0 skipped)
06-10 18:54:47.719 761 938 D HDMI : [S]: 40:8E:00
06-10 18:54:47.827 761 938 D HDMI : [S]: 45:70:20:00
06-10 18:54:47.931 761 2013 I ActivityManager: Process com.ktcp.video (pid 6007) has died: fg TOP
06-10 18:54:47.934 761 2013 W ActivityManager: Scheduling restart of crashed service com.ktcp.video/.service.KeepLiveService in 1000ms for start-requested
06-10 18:54:47.934 761 1110 I WindowManager: WIN DEATH: Window{4d08b28 u0 com.ktcp.video/com.ktcp.video.activity.onepage.HomeSingleTaskActivity}
06-10 18:54:47.938 761 938 E HDMI : [1]:Failed to send 45:70:20:00 with errorCode=1
06-10 18:54:47.938 761 938 D HDMI : [S]: 40:8F
06-10 18:54:47.940 761 2013 V WindowManager: app ------------- force_land :0
06-10 18:54:47.951 761 9119 D CompatibilityChangeReporter: Compat change id reported: 135634846; UID 10078; state: DISABLED
06-10 18:54:47.952 761 797 D CompatibilityChangeReporter: Compat change id reported: 143937733; UID 10078; state: DISABLED
06-10 18:54:47.984 761 1072 W JobScheduler: Job didn't exist in JobStore: cfaa21 #u0a78/1 com.ktcp.video/com.tencent.qqlivetv.keeplive.schedulerjob.DaemonJobService
06-10 18:54:48.021 761 788 W ActivityTaskManager: Activity top resumed state loss timeout for ActivityRecord{e28e0 u0 com.ktcp.video/.activity.onepage.HomeSingleTaskActivity t63 f} isExiting}
06-10 18:54:48.047 761 797 W ActivityManager: Slow operation: 97ms so far, now at startProcess: returned from zygote!
06-10 18:54:48.047 761 797 W ActivityManager: Slow operation: 97ms so far, now at startProcess: done updating battery stats
06-10 18:54:48.048 761 797 W ActivityManager: Slow operation: 97ms so far, now at startProcess: building log message
06-10 18:54:48.048 761 797 I ActivityManager: Start proc 9144:com.ktcp.video/u0a78 for service {com.ktcp.video/com.ktcp.video.service.KeepLiveService}
06-10 18:54:48.048 761 797 W ActivityManager: Slow operation: 97ms so far, now at startProcess: starting to update pids map
06-10 18:54:48.048 761 797 W ActivityManager: Slow operation: 97ms so far, now at startProcess: done updating pids map
06-10 18:54:48.096 761 786 W ContextImpl: Calling a method in the system process without a qualified user: android.app.ContextImpl.startService:1899 com.android.server.wm.DisplayPolicy.lambda$focusChangedLw$5:2126 com.android.server.wm.DisplayPolicy.$r8$lambda$Znxk63oh-WzVnzo_WQefN7uxV48:0 com.android.server.wm.DisplayPolicy$$ExternalSyntheticLambda13.run:0 android.os.Handler.handleCallback:958
06-10 18:54:48.140 761 761 D HDMI : [R]: 04:90:00
06-10 18:54:48.141 761 761 D HDMI : One touch play is done for TV's power is ready
06-10 18:54:48.141 761 761 D HDMI : setActiveSource logical:0x04 physical:0x2000 ActiveSourceAction
06-10 18:54:48.142 761 938 D HDMI : [S]: 4F:82:20:00
06-10 18:54:48.143 761 761 D HDMI : ActiveSourceHistoryRecord active source=(0x04, 0x2000) isActiveSource=true from=ActiveSourceAction
06-10 18:54:48.144 761 761 D HdmiControlService: Switching to full volume behavior
06-10 18:54:48.199 972 1070 V WindowManagerShell: onTransitionReady android.os.BinderProxy@a59fb25: {id=31 t=OPEN f=0x0 trk=0 r=[0@Point(0, 0)] c=[{WCT{android.window.IWindowContainerToken$Stub$Proxy@ac9f687} m=TO_FRONT f=MOVE_TO_TOP leash=Surface(name=Task=1)/@0xe22e508 sb=Rect(0, 0 - 1920, 1080) eb=Rect(0, 0 - 1920, 1080) d=0},{WCT{android.window.IWindowContainerToken$Stub$Proxy@48549b4} m=CLOSE f=NONE leash=Surface(name=Task=63)/@0x2d424a1 sb=Rect(0, 0 - 1920, 1080) eb=Rect(0, 0 - 1920, 1080) d=0}]}
06-10 18:54:48.200 972 1070 V WindowManagerShell: Playing animation for (#31)android.os.BinderProxy@a59fb25@0
06-10 18:54:48.200 972 1070 V WindowManagerShell: try handler com.android.wm.shell.keyguard.KeyguardTransitionHandler@b8b8234
06-10 18:54:48.200 972 1070 V WindowManagerShell: try handler com.android.wm.shell.pip.tv.TvPipTransition@44a785d
06-10 18:54:48.200 972 1070 V WindowManagerShell: try handler com.android.wm.shell.activityembedding.ActivityEmbeddingController@94fc5d2
06-10 18:54:48.201 972 1070 V WindowManagerShell: try handler com.android.wm.shell.transition.RemoteTransitionHandler@7a966a3
06-10 18:54:48.201 972 1070 V WindowManagerShell: Transition doesn't have explicit remote, search filters for match for {id=31 t=OPEN f=0x0 trk=0 r=[0@Point(0, 0)] c=[{WCT{android.window.IWindowContainerToken$Stub$Proxy@ac9f687} m=TO_FRONT f=MOVE_TO_TOP leash=Surface(name=Task=1)/@0xe22e508 sb=Rect(0, 0 - 1920, 1080) eb=Rect(0, 0 - 1920, 1080) d=0},{WCT{android.window.IWindowContainerToken$Stub$Proxy@48549b4} m=CLOSE f=NONE leash=Surface(name=Task=63)/@0x2d424a1 sb=Rect(0, 0 - 1920, 1080) eb=Rect(0, 0 - 1920, 1080) d=0}]}
06-10 18:54:48.201 972 1070 V WindowManagerShell: Delegate animation for #31 to null
06-10 18:54:48.201 972 1070 V WindowManagerShell: try handler com.android.wm.shell.transition.DefaultTransitionHandler@5788da0
06-10 18:54:48.202 972 1070 V WindowManagerShell: start default transition animation, info = {id=31 t=OPEN f=0x0 trk=0 r=[0@Point(0, 0)] c=[{WCT{android.window.IWindowContainerToken$Stub$Proxy@ac9f687} m=TO_FRONT f=MOVE_TO_TOP leash=Surface(name=Task=1)/@0xe22e508 sb=Rect(0, 0 - 1920, 1080) eb=Rect(0, 0 - 1920, 1080) d=0},{WCT{android.window.IWindowContainerToken$Stub$Proxy@48549b4} m=CLOSE f=NONE leash=Surface(name=Task=63)/@0x2d424a1 sb=Rect(0, 0 - 1920, 1080) eb=Rect(0, 0 - 1920, 1080) d=0}]}
06-10 18:54:48.203 972 1070 V WindowManagerShell: loadAnimation: anim=android.view.animation.AlphaAnimation@8457423 animAttr=0x9 type=OPEN isEntrance=false
06-10 18:54:48.204 972 1070 V WindowManagerShell: loadAnimation: anim=android.view.animation.AlphaAnimation@45bc6d9 animAttr=0x8 type=OPEN isEntrance=true
06-10 18:54:48.208 972 1070 V WindowManagerShell: animated by com.android.wm.shell.transition.DefaultTransitionHandler@5788da0
06-10 18:54:48.225 761 785 V WindowManager: Sent Transition #31 createdAt=06-10 18:54:47.514 via request=TransitionRequestInfo { type = 1, triggerTask = TaskInfo{userId=0 taskId=56 displayId=0 isRunning=true baseIntent=Intent { act=android.intent.action.MAIN cat=[android.intent.category.HOME] flg=0x10800100 cmp=com.dangbei.leard.leradlauncher/com.dangbei.launcher.home.LauncherActivity } baseActivity=ComponentInfo{com.dangbei.leard.leradlauncher/com.dangbei.launcher.home.LauncherActivity} topActivity=ComponentInfo{com.dangbei.leard.leradlauncher/com.dangbei.launcher.home.LauncherActivity} origActivity=null realActivity=ComponentInfo{com.dangbei.leard.leradlauncher/com.dangbei.launcher.home.LauncherActivity} numActivities=1 lastActiveTime=147492 supportsMultiWindow=true resizeMode=0 isResizeable=false minWidth=-1 minHeight=-1 defaultMinSize=220 token=WCT{RemoteToken{f56bfa6 Task{cc58f8 #56 type=home A=1000:com.dangbei.leard.leradlauncher}}} topActivityType=2 pictureInPictureParams=null shouldDockBigOverlays=true launchIntoPipHostTaskId=-1 lastParentTaskIdBeforePip=-1 displayCutoutSafeInsets=null topActivityInfo=ActivityInfo{78f3355 com.dangbei.launcher.home.LauncherActivity} launchCookies=[] positionInParent=Point(0, 0) parentTaskId=-1 isFocused=true isVisible=false isVisibleRequested=false isSleeping=false topActivityInSizeCompat=false topActivityEligibleForLetterboxEducation= false isLetterboxDoubleTapEnabled= false topActivityEligibleForUserAspectRatioButton= false topActivityBoundsLetterboxed= false isFromLetterboxDoubleTap= false topActivityLetterboxVerticalPosition= -1 topActivityLetterboxHorizontalPosition= -1 topActivityLetterboxWidth=-1 topActivityLetterboxHeight=-1 isUserFullscreenOverrideEnabled=false isTopActivityTransparent=false locusId=null displayAreaFeatureId=1 cameraCompatControlState=hidden}, remoteTransition = null, displayChange = null, flags = 0 }
06-10 18:54:48.225 761 785 V WindowManager: startWCT=WindowContainerTransaction { changes = {} hops = [] errorCallbackToken=null taskFragmentOrganizer=null }
06-10 18:54:48.225 761 785 V WindowManager: info={id=31 t=OPEN f=0x0 trk=0 r=[0@Point(0, 0)] c=[{WCT{RemoteToken{5147877 Task{34067b8 #1 type=home}}} m=TO_FRONT f=MOVE_TO_TOP leash=Surface(name=Task=1)/@0x18727ec sb=Rect(0, 0 - 1920, 1080) eb=Rect(0, 0 - 1920, 1080) d=0},{WCT{RemoteToken{a668476 Task{aa0f7fb #63 type=standard A=10078:com.ktcp.video}}} m=CLOSE f=NONE leash=Surface(name=Task=63)/@0xe788f9b sb=Rect(0, 0 - 1920, 1080) eb=Rect(0, 0 - 1920, 1080) d=0}]}
06-10 18:54:48.288 761 789 W ActivityManager: pid 761 system sent binder code 3 with flags 1 to frozen apps and got error -32
06-10 18:54:48.288 761 789 W WindowManager: Failed to deliver inset control state change to w=Window{4d08b28 u0 com.ktcp.video/com.ktcp.video.activity.onepage.HomeSingleTaskActivity EXITING}
06-10 18:54:48.288 761 789 W WindowManager: android.os.DeadObjectException
06-10 18:54:48.288 761 789 W WindowManager: at android.os.BinderProxy.transactNative(Native Method)
06-10 18:54:48.288 761 789 W WindowManager: at android.os.BinderProxy.transact(BinderProxy.java:584)
06-10 18:54:48.288 761 789 W WindowManager: at android.view.IWindow$Stub$Proxy.insetsControlChanged(IWindow.java:479)
06-10 18:54:48.288 761 789 W WindowManager: at com.android.server.wm.WindowState.notifyInsetsControlChanged(WindowState.java:3818)
06-10 18:54:48.288 761 789 W WindowManager: at com.android.server.wm.InsetsStateController.lambda$notifyPendingInsetsControlChanged$3(InsetsStateController.java:369)
06-10 18:54:48.288 761 789 W WindowManager: at com.android.server.wm.InsetsStateController.$r8$lambda$8yykPRG1GyNq_J17QvL9d5xANMc(InsetsStateController.java:0)
06-10 18:54:48.288 761 789 W WindowManager: at com.android.server.wm.InsetsStateController$$ExternalSyntheticLambda2.run(R8$$SyntheticClass:0)
06-10 18:54:48.288 761 789 W WindowManager: at com.android.server.wm.WindowAnimator.executeAfterPrepareSurfacesRunnables(WindowAnimator.java:294)
06-10 18:54:48.288 761 789 W WindowManager: at com.android.server.wm.RootWindowContainer.performSurfacePlacementNoTrace(RootWindowContainer.java:811)
06-10 18:54:48.288 761 789 W WindowManager: at com.android.server.wm.RootWindowContainer.performSurfacePlacement(RootWindowContainer.java:756)
06-10 18:54:48.288 761 789 W WindowManager: at com.android.server.wm.WindowSurfacePlacer.performSurfacePlacementLoop(WindowSurfacePlacer.java:177)
06-10 18:54:48.288 761 789 W WindowManager: at com.android.server.wm.WindowSurfacePlacer.performSurfacePlacement(WindowSurfacePlacer.java:126)
06-10 18:54:48.288 761 789 W WindowManager: at com.android.server.wm.WindowSurfacePlacer.performSurfacePlacement(WindowSurfacePlacer.java:115)
06-10 18:54:48.288 761 789 W WindowManager: at com.android.server.wm.WindowSurfacePlacer$Traverser.run(WindowSurfacePlacer.java:57)
06-10 18:54:48.288 761 789 W WindowManager: at android.os.Handler.handleCallback(Handler.java:958)
06-10 18:54:48.288 761 789 W WindowManager: at android.os.Handler.dispatchMessage(Handler.java:99)
06-10 18:54:48.288 761 789 W WindowManager: at android.os.Looper.loopOnce(Looper.java:205)
06-10 18:54:48.288 761 789 W WindowManager: at android.os.Looper.loop(Looper.java:294)
06-10 18:54:48.288 761 789 W WindowManager: at android.os.HandlerThread.run(HandlerThread.java:67)
06-10 18:54:48.288 761 789 W WindowManager: at com.android.server.ServiceThread.run(ServiceThread.java:46)
06-10 18:54:48.413 761 938 D HDMI : [S]: 40:8E:00
06-10 18:54:48.609 9144 9144 E ActivityThread: Failed to find provider info for com.tcl.xian.StartandroidService.MyContentProvider
06-10 18:54:48.617 972 1070 V WindowManagerShell: Transition animation finished (aborted=false), notifying core (#31)android.os.BinderProxy@a59fb25@0
06-10 18:54:48.619 761 785 V WindowManager: Finish Transition #31: created at
06-10 18:54:47.514 collect-started=0.066ms request-sent=15.811ms started=26.027ms ready=427.312ms sent=612.541ms finished=1105.104ms
06-10 18:54:48.620 761 9119 W ActivityManager: pid 761 system sent binder code 7 with flags 1 to frozen apps and got error -32
06-10 18:54:48.620 761 9119 D ActivityManager: Too many transaction errors, throttling freezer binder callback.
06-10 18:54:48.621 761 9119 W WindowManager: Exception thrown during dispatchAppVisibility Window{4d08b28 u0 com.ktcp.video/com.ktcp.video.activity.onepage.HomeSingleTaskActivity EXITING}
06-10 18:54:48.621 761 9119 W WindowManager: android.os.DeadObjectException
06-10 18:54:48.621 761 9119 W WindowManager: at android.os.BinderProxy.transactNative(Native Method)
06-10 18:54:48.621 761 9119 W WindowManager: at android.os.BinderProxy.transact(BinderProxy.java:584)
06-10 18:54:48.621 761 9119 W WindowManager: at android.view.IWindow$Stub$Proxy.dispatchAppVisibility(IWindow.java:546)
06-10 18:54:48.621 761 9119 W WindowManager: at com.android.server.wm.WindowState.sendAppVisibilityToClients(WindowState.java:3287)
06-10 18:54:48.621 761 9119 W WindowManager: at com.android.server.wm.WindowContainer.sendAppVisibilityToClients(WindowContainer.java:1299)
06-10 18:54:48.621 761 9119 W WindowManager: at com.android.server.wm.WindowToken.setClientVisible(WindowToken.java:409)
06-10 18:54:48.621 761 9119 W WindowManager: at com.android.server.wm.ActivityRecord.setClientVisible(ActivityRecord.java:6982)
06-10 18:54:48.621 761 9119 W WindowManager: at com.android.server.wm.ActivityRecord.postApplyAnimation(ActivityRecord.java:5653)
06-10 18:54:48.621 761 9119 W WindowManager: at com.android.server.wm.ActivityRecord.commitVisibility(ActivityRecord.java:5595)
06-10 18:54:48.621 761 9119 W WindowManager: at com.android.server.wm.Transition.finishTransition(Transition.java:1198)
06-10 18:54:48.621 761 9119 W WindowManager: at com.android.server.wm.TransitionController.finishTransition(TransitionController.java:886)
06-10 18:54:48.621 761 9119 W WindowManager: at com.android.server.wm.WindowOrganizerController.finishTransition(WindowOrganizerController.java:419)
06-10 18:54:48.621 761 9119 W WindowManager: at android.window.IWindowOrganizerController$Stub.onTransact(IWindowOrganizerController.java:280)
06-10 18:54:48.621 761 9119 W WindowManager: at com.android.server.wm.WindowOrganizerController.onTransact(WindowOrganizerController.java:183)
06-10 18:54:48.621 761 9119 W WindowManager: at android.os.Binder.execTransactInternal(Binder.java:1358)
06-10 18:54:48.621 761 9119 W WindowManager: at android.os.Binder.execTransact(Binder.java:1304)
06-10 18:54:48.625 761 788 W ActivityManager: setHasOverlayUi called on unknown pid: 6007
06-10 18:54:48.630 972 1070 V WindowManagerShell: Track 0 became idle
06-10 18:54:48.630 972 1070 V WindowManagerShell: All active transition animations finished
06-10 18:54:51.636 761 1501 E TaskPersister: File error accessing recents directory (directory doesn't exist?).
06-10 18:54:59.016 1543 1543 W ContextImpl: Calling a method in the system process without a qualified user: android.app.ContextImpl.startActivity:1102 android.content.ContextWrapper.startActivity:436 je.b.f:119 je.a.b:75 he.a.c:71
06-10 18:54:59.017 1543 1543 W ContextImpl: Calling a method in the system process without a qualified user: android.app.ContextImpl.startActivity:1114 android.app.ContextImpl.startActivity:1103 android.content.ContextWrapper.startActivity:436 je.b.f:119 je.a.b:75
06-10 18:54:59.021 761 2019 D CompatibilityChangeReporter: Compat change id reported: 265464455; UID 10076; state: DISABLED
06-10 18:54:59.021 761 2019 D CompatibilityChangeReporter: Compat change id reported: 265452344; UID 10076; state: DISABLED
06-10 18:54:59.021 761 2019 D CompatibilityChangeReporter: Compat change id reported: 266124927; UID 10076; state: DISABLED
06-10 18:54:59.022 761 2019 D CompatibilityChangeReporter: Compat change id reported: 265451093; UID 10076; state: DISABLED
06-10 18:54:59.022 761 2019 D CompatibilityChangeReporter: Compat change id reported: 265456536; UID 10076; state: DISABLED
06-10 18:54:59.022 761 2019 D CompatibilityChangeReporter: Compat change id reported: 255940284; UID 10076; state: DISABLED
06-10 18:54:59.023 761 2019 D CompatibilityChangeReporter: Compat change id reported: 236283604; UID 10076; state: DISABLED
06-10 18:54:59.023 761 2019 D CompatibilityChangeReporter: Compat change id reported: 263959004; UID 10076; state: DISABLED
06-10 18:54:59.024 761 2019 D CompatibilityChangeReporter: Compat change id reported: 264304459; UID 10076; state: DISABLED
06-10 18:54:59.024 761 2019 D CompatibilityChangeReporter: Compat change id reported: 264301586; UID 10076; state: DISABLED
06-10 18:54:59.025 761 2019 D CompatibilityChangeReporter: Compat change id reported: 254631730; UID 10076; state: DISABLED
06-10 18:54:59.025 761 2019 D CompatibilityChangeReporter: Compat change id reported: 273509367; UID 10076; state: DISABLED
06-10 18:54:59.025 761 2019 D CompatibilityChangeReporter: Compat change id reported: 263259275; UID 10076; state: DISABLED
06-10 18:54:59.025 761 2019 D CompatibilityChangeReporter: Compat change id reported: 174042980; UID 10076; state: DISABLED
06-10 18:54:59.025 761 2019 D CompatibilityChangeReporter: Compat change id reported: 174042936; UID 10076; state: DISABLED
06-10 18:54:59.025 761 2019 D CompatibilityChangeReporter: Compat change id reported: 181136395; UID 10076; state: DISABLED
06-10 18:54:59.029 761 2019 D CompatibilityChangeReporter: Compat change id reported: 194480991; UID 10076; state: ENABLED
06-10 18:54:59.038 761 2019 D CompatibilityChangeReporter: Compat change id reported: 184838306; UID 10076; state: DISABLED
06-10 18:54:59.039 761 2019 D CompatibilityChangeReporter: Compat change id reported: 185004937; UID 10076; state: DISABLED
06-10 18:54:59.041 761 2019 D CompatibilityChangeReporter: Compat change id reported: 197654537; UID 10076; state: DISABLED
06-10 18:54:59.043 761 2019 D CompatibilityChangeReporter: Compat change id reported: 205907456; UID 10076; state: DISABLED
06-10 18:54:59.047 761 2019 I ActivityTaskManager: START u0 {act=android.intent.action.VIEW dat=hq://fullscreenmediadetail/... flg=0x10000000 pkg=com.dangbei.hqmedia cmp=com.dangbei.hqmedia/com.dangbei.launcher.media.ui.fullscreen.FullScreenDetailActivity (has extras)} with LAUNCH_SINGLE_TASK from uid 1000 (BAL_ALLOW_ALLOWLISTED_UID) result code=0
06-10 18:54:59.047 972 1070 V WindowManagerShell: Transition requested: android.os.BinderProxy@8ef00aa TransitionRequestInfo { type = 1, triggerTask = TaskInfo{userId=0 taskId=68 displayId=0 isRunning=true baseIntent=Intent { act=android.intent.action.VIEW dat=hq://fullscreenmediadetail/... flg=0x10800000 pkg=com.dangbei.hqmedia cmp=com.dangbei.hqmedia/com.dangbei.launcher.media.ui.fullscreen.FullScreenDetailActivity } baseActivity=ComponentInfo{com.dangbei.hqmedia/com.dangbei.launcher.media.ui.fullscreen.FullScreenDetailActivity} topActivity=ComponentInfo{com.dangbei.hqmedia/com.dangbei.launcher.media.ui.fullscreen.FullScreenDetailActivity} origActivity=null realActivity=ComponentInfo{com.dangbei.hqmedia/com.dangbei.launcher.media.ui.fullscreen.FullScreenDetailActivity} numActivities=1 lastActiveTime=1010705 supportsMultiWindow=true resizeMode=1 isResizeable=true minWidth=-1 minHeight=-1 defaultMinSize=220 token=WCT{android.window.IWindowContainerToken$Stub$Proxy@d73449b} topActivityType=1 pictureInPictureParams=null shouldDockBigOverlays=true launchIntoPipHostTaskId=-1 lastParentTaskIdBeforePip=-1 displayCutoutSafeInsets=null topActivityInfo=ActivityInfo{3dda038 com.dangbei.launcher.media.ui.fullscreen.FullScreenDetailActivity} launchCookies=[] positionInParent=Point(0, 0) parentTaskId=-1 isFocused=false isVisible=false isVisibleRequested=false isSleeping=false topActivityInSizeCompat=false topActivityEligibleForLetterboxEducation= false isLetterboxDoubleTapEnabled= false topActivityEligibleForUserAspectRatioButton= false topActivityBoundsLetterboxed= false isFromLetterboxDoubleTap= false topActivityLetterboxVerticalPosition= -1 topActivityLetterboxHorizontalPosition= -1 topActivityLetterboxWidth=-1 topActivityLetterboxHeight=-1 isUserFullscreenOverrideEnabled=false isTopActivityTransparent=false locusId=null displayAreaFeatureId=1 cameraCompatControlState=hidden}, remoteTransition = null, displayChange = null, flags = 0 }
06-10 18:54:59.052 761 788 D CompatibilityChangeReporter: Compat change id reported: 135634846; UID 10076; state: DISABLED
06-10 18:54:59.054 761 797 D CompatibilityChangeReporter: Compat change id reported: 143937733; UID 10076; state: DISABLED
06-10 18:54:59.062 761 788 W ProcessStats: Tracking association SourceState{b862820 com.ktcp.video/10078 Fgs #1103} whose proc state 3 is better than process ProcessState{77d1a27 com.ktcp.video:daemon/10078 pkg=com.ktcp.video} proc state 14 (3 skipped)
06-10 18:54:59.065 761 844 D CompatibilityChangeReporter: Compat change id reported: 265195908; UID 10076; state: ENABLED
06-10 18:54:59.092 761 797 I ActivityManager: Start proc 9377:com.dangbei.hqmedia/u0a76 for next-top-activity {com.dangbei.hqmedia/com.dangbei.launcher.media.ui.fullscreen.FullScreenDetailActivity}
06-10 18:54:59.132 761 9119 D CompatibilityChangeReporter: Compat change id reported: 168419799; UID 10076; state: DISABLED
06-10 18:54:59.132 761 9119 D CompatibilityChangeReporter: Compat change id reported: 273564678; UID 10076; state: DISABLED
06-10 18:54:59.148 761 9119 D CompatibilityChangeReporter: Compat change id reported: 170503758; UID 10076; state: DISABLED
06-10 18:54:59.158 972 1070 D WindowManagerShell: TvPipController: onTaskStackChanged()
06-10 18:54:59.263 761 9119 D CompatibilityChangeReporter: Compat change id reported: 161145287; UID 10076; state: DISABLED
06-10 18:54:59.286 761 1072 D CompatibilityChangeReporter: Compat change id reported: 149924527; UID 10076; state: ENABLED
06-10 18:54:59.287 761 1072 D CompatibilityChangeReporter: Compat change id reported: 132649864; UID 10076; state: DISABLED
06-10 18:54:59.304 761 9119 V WindowManager: app ------------- force_land :0
06-10 18:54:59.460 761 9119 W WindowManager: [addWindow] title:com.dangbei.hqmedia/com.dangbei.launcher.media.ui.fullscreen.FullScreenDetailActivity
06-10 18:54:59.489 761 9119 W WindowManager: [addWindow] title:com.dangbei.hqmedia/com.dangbei.launcher.media.ui.fullscreen.FullScreenDetailActivity
06-10 18:54:59.495 761 2019 D CoreBackPreview: Window{34b1fb6 u0 com.dangbei.hqmedia/com.dangbei.launcher.media.ui.fullscreen.FullScreenDetailActivity}: Setting back callback OnBackInvokedCallbackInfo{mCallback=android.window.IOnBackInvokedCallback$Stub$Proxy@997a9a7, mPriority=0, mIsAnimationCallback=false}
06-10 18:54:59.564 761 786 W ContextImpl: Calling a method in the system process without a qualified user: android.app.ContextImpl.startService:1899 com.android.server.wm.DisplayPolicy.lambda$focusChangedLw$5:2126 com.android.server.wm.DisplayPolicy.$r8$lambda$Znxk63oh-WzVnzo_WQefN7uxV48:0 com.android.server.wm.DisplayPolicy$$ExternalSyntheticLambda13.run:0 android.os.Handler.handleCallback:958
06-10 18:54:59.706 761 2019 D CoreBackPreview: Window{9f29ac1 u0 com.dangbei.hqmedia/com.dangbei.launcher.media.ui.fullscreen.FullScreenDetailActivity}: Setting back callback OnBackInvokedCallbackInfo{mCallback=android.window.IOnBackInvokedCallback$Stub$Proxy@96e4e54, mPriority=0, mIsAnimationCallback=false}
