06-10 19:31:45.636 761 788 V WindowManager: Unknown focus tokens, dropping reportFocusChanged
06-10 19:31:45.721 761 786 W ContextImpl: Calling a method in the system process without a qualified user: android.app.ContextImpl.startService:1899 com.android.server.wm.DisplayPolicy.lambda$focusChangedLw$5:2126 com.android.server.wm.DisplayPolicy.$r8$lambda$Znxk63oh-WzVnzo_WQefN7uxV48:0 com.android.server.wm.DisplayPolicy$$ExternalSyntheticLambda13.run:0 android.os.Handler.handleCallback:958
06-10 19:31:45.744 761 786 D HdmiControlService: Process pid: 761 is calling oneTouchPlay.
06-10 19:31:45.744 761 761 D HDMI : oneTouchPlay com.android.server.hdmi.OneTouchPlayAction@7dfbe5f
06-10 19:31:45.744 761 761 D HDMI : setActiveSource logical:0x04 physical:0x2000 OneTouchPlayAction#broadcastActiveSource()
06-10 19:31:45.745 761 938 D HDMI : [S]: 40:0D
06-10 19:31:45.745 761 761 D HDMI : ActiveSourceHistoryRecord active source=(0x04, 0x2000) isActiveSource=true from=OneTouchPlayAction#broadcastActiveSource()
06-10 19:31:45.746 761 761 D HDMI : setActiveSource logical:0x04 physical:0x2000 ActiveSourceAction
06-10 19:31:45.748 761 761 D HDMI : ActiveSourceHistoryRecord active source=(0x04, 0x2000) isActiveSource=true from=ActiveSourceAction
06-10 19:31:45.749 761 761 D HdmiControlService: Switching to full volume behavior
06-10 19:31:45.751 972 1070 D WindowManagerShell: TvPipMenuController: closeMenu()
06-10 19:31:45.751 972 1070 I WindowManagerShell: TvPipMenuController: switchToMenuMode: setting mCurrentMenuMode=MODE_NO_MENU, mPrevMenuMode=MODE_NO_MENU
06-10 19:31:45.753 761 761 D HdmiControlService: Switching to full volume behavior
06-10 19:31:45.757 761 786 I ActivityTaskManager: START u0 {act=android.intent.action.MAIN cat=[android.intent.category.HOME] flg=0x10000100 cmp=com.dangbei.leard.leradlauncher/com.dangbei.launcher.home.LauncherActivity (has extras)} with LAUNCH_SINGLE_TASK from uid 0 (BAL_ALLOW_ALLOWLISTED_UID) result code=2
06-10 19:31:45.760 972 1070 V WindowManagerShell: Transition requested: android.os.BinderProxy@c692450 TransitionRequestInfo { type = 1, triggerTask = TaskInfo{userId=0 taskId=56 displayId=0 isRunning=true baseIntent=Intent { act=android.intent.action.MAIN cat=[android.intent.category.HOME] flg=0x10800100 cmp=com.dangbei.leard.leradlauncher/com.dangbei.launcher.home.LauncherActivity } baseActivity=ComponentInfo{com.dangbei.leard.leradlauncher/com.dangbei.launcher.home.LauncherActivity} topActivity=ComponentInfo{com.dangbei.leard.leradlauncher/com.dangbei.launcher.home.LauncherActivity} origActivity=null realActivity=ComponentInfo{com.dangbei.leard.leradlauncher/com.dangbei.launcher.home.LauncherActivity} numActivities=1 lastActiveTime=3216109 supportsMultiWindow=true resizeMode=0 isResizeable=false minWidth=-1 minHeight=-1 defaultMinSize=220 token=WCT{android.window.IWindowContainerToken$Stub$Proxy@7b50649} topActivityType=2 pictureInPictureParams=null shouldDockBigOverlays=true launchIntoPipHostTaskId=-1 lastParentTaskIdBeforePip=-1 displayCutoutSafeInsets=null topActivityInfo=ActivityInfo{5741b4e com.dangbei.launcher.home.LauncherActivity} launchCookies=[] positionInParent=Point(0, 0) parentTaskId=-1 isFocused=true isVisible=false isVisibleRequested=false isSleeping=false topActivityInSizeCompat=false topActivityEligibleForLetterboxEducation= false isLetterboxDoubleTapEnabled= false topActivityEligibleForUserAspectRatioButton= false topActivityBoundsLetterboxed= false isFromLetterboxDoubleTap= false topActivityLetterboxVerticalPosition= -1 topActivityLetterboxHorizontalPosition= -1 topActivityLetterboxWidth=-1 topActivityLetterboxHeight=-1 isUserFullscreenOverrideEnabled=false isTopActivityTransparent=false locusId=null displayAreaFeatureId=1 cameraCompatControlState=hidden}, remoteTransition = null, displayChange = null, flags = 0 }
06-10 19:31:45.761 761 2062 W ActivityTaskManager: Duplicate finish request for r=ActivityRecord{a273608 u0 com.dangbei.leard.leradlauncher/.module.vipcenter.VipCenterActivity t56 f}}
06-10 19:31:45.765 761 1865 D CoreBackPreview: Window{2533b87 u0 com.dangbei.leard.leradlauncher/com.dangbei.leard.leradlauncher.module.vipcenter.VipCenterActivity}: Setting back callback null
06-10 19:31:45.773 761 795 W UsageStatsService: Unexpected activity event reported! (com.dangbei.leard.leradlauncher/com.dangbei.leard.leradlauncher.module.vipcenter.VipCenterActivity event : 23 instanceId : 123249057)
06-10 19:31:45.826 761 938 D HDMI : [S]: 4F:82:20:00
06-10 19:31:45.847 761 1865 D CompatibilityChangeReporter: Compat change id reported: 128611929; UID 10076; state: DISABLED
06-10 19:31:45.874 761 786 W ContextImpl: Calling a method in the system process without a qualified user: android.app.ContextImpl.startService:1899 com.android.server.wm.DisplayPolicy.lambda$focusChangedLw$5:2126 com.android.server.wm.DisplayPolicy.$r8$lambda$Znxk63oh-WzVnzo_WQefN7uxV48:0 com.android.server.wm.DisplayPolicy$$ExternalSyntheticLambda13.run:0 android.os.Handler.handleCallback:958
06-10 19:31:45.890 761 2504 V WindowManager: app ------------- force_land :0
06-10 19:31:45.955 761 938 D HDMI : [S]: 40:8E:00
06-10 19:31:45.980 972 1070 V WindowManagerShell: onTransitionReady android.os.BinderProxy@c692450: {id=61 t=OPEN f=0x0 trk=0 r=[0@Point(0, 0)] c=[{WCT{android.window.IWindowContainerToken$Stub$Proxy@47a9e5a} m=TO_FRONT f=MOVE_TO_TOP leash=Surface(name=Task=1)/@0xf15946f sb=Rect(0, 0 - 1920, 1080) eb=Rect(0, 0 - 1920, 1080) d=0},{WCT{android.window.IWindowContainerToken$Stub$Proxy@811088b} m=TO_BACK f=NONE leash=Surface(name=Task=68)/@0xc44357c sb=Rect(0, 0 - 1920, 1080) eb=Rect(0, 0 - 1920, 1080) d=0}]}
06-10 19:31:45.980 972 1070 V WindowManagerShell: Playing animation for (#61)android.os.BinderProxy@c692450@0
06-10 19:31:45.980 972 1070 V WindowManagerShell: try handler com.android.wm.shell.keyguard.KeyguardTransitionHandler@b8b8234
06-10 19:31:45.980 972 1070 V WindowManagerShell: try handler com.android.wm.shell.pip.tv.TvPipTransition@44a785d
06-10 19:31:45.980 972 1070 V WindowManagerShell: try handler com.android.wm.shell.activityembedding.ActivityEmbeddingController@94fc5d2
06-10 19:31:45.980 972 1070 V WindowManagerShell: try handler com.android.wm.shell.transition.RemoteTransitionHandler@7a966a3
06-10 19:31:45.980 972 1070 V WindowManagerShell: Transition doesn't have explicit remote, search filters for match for {id=61 t=OPEN f=0x0 trk=0 r=[0@Point(0, 0)] c=[{WCT{android.window.IWindowContainerToken$Stub$Proxy@47a9e5a} m=TO_FRONT f=MOVE_TO_TOP leash=Surface(name=Task=1)/@0xf15946f sb=Rect(0, 0 - 1920, 1080) eb=Rect(0, 0 - 1920, 1080) d=0},{WCT{android.window.IWindowContainerToken$Stub$Proxy@811088b} m=TO_BACK f=NONE leash=Surface(name=Task=68)/@0xc44357c sb=Rect(0, 0 - 1920, 1080) eb=Rect(0, 0 - 1920, 1080) d=0}]}
06-10 19:31:45.980 972 1070 V WindowManagerShell: Delegate animation for #61 to null
06-10 19:31:45.980 972 1070 V WindowManagerShell: try handler com.android.wm.shell.transition.DefaultTransitionHandler@5788da0
06-10 19:31:45.980 972 1070 V WindowManagerShell: start default transition animation, info = {id=61 t=OPEN f=0x0 trk=0 r=[0@Point(0, 0)] c=[{WCT{android.window.IWindowContainerToken$Stub$Proxy@47a9e5a} m=TO_FRONT f=MOVE_TO_TOP leash=Surface(name=Task=1)/@0xf15946f sb=Rect(0, 0 - 1920, 1080) eb=Rect(0, 0 - 1920, 1080) d=0},{WCT{android.window.IWindowContainerToken$Stub$Proxy@811088b} m=TO_BACK f=NONE leash=Surface(name=Task=68)/@0xc44357c sb=Rect(0, 0 - 1920, 1080) eb=Rect(0, 0 - 1920, 1080) d=0}]}
06-10 19:31:45.981 972 1070 V WindowManagerShell: loadAnimation: anim=android.view.animation.AlphaAnimation@65d2d68 animAttr=0x9 type=OPEN isEntrance=false
06-10 19:31:45.981 972 1070 V WindowManagerShell: loadAnimation: anim=android.view.animation.AlphaAnimation@ff23581 animAttr=0x8 type=OPEN isEntrance=true
06-10 19:31:45.984 972 1070 V WindowManagerShell: animated by com.android.wm.shell.transition.DefaultTransitionHandler@5788da0
06-10 19:31:45.993 761 785 V WindowManager: Sent Transition #61 createdAt=06-10 19:31:45.750 via request=TransitionRequestInfo { type = 1, triggerTask = TaskInfo{userId=0 taskId=56 displayId=0 isRunning=true baseIntent=Intent { act=android.intent.action.MAIN cat=[android.intent.category.HOME] flg=0x10800100 cmp=com.dangbei.leard.leradlauncher/com.dangbei.launcher.home.LauncherActivity } baseActivity=ComponentInfo{com.dangbei.leard.leradlauncher/com.dangbei.launcher.home.LauncherActivity} topActivity=ComponentInfo{com.dangbei.leard.leradlauncher/com.dangbei.launcher.home.LauncherActivity} origActivity=null realActivity=ComponentInfo{com.dangbei.leard.leradlauncher/com.dangbei.launcher.home.LauncherActivity} numActivities=1 lastActiveTime=3216109 supportsMultiWindow=true resizeMode=0 isResizeable=false minWidth=-1 minHeight=-1 defaultMinSize=220 token=WCT{RemoteToken{f56bfa6 Task{cc58f8 #56 type=home A=1000:com.dangbei.leard.leradlauncher}}} topActivityType=2 pictureInPictureParams=null shouldDockBigOverlays=true launchIntoPipHostTaskId=-1 lastParentTaskIdBeforePip=-1 displayCutoutSafeInsets=null topActivityInfo=ActivityInfo{78f3355 com.dangbei.launcher.home.LauncherActivity} launchCookies=[] positionInParent=Point(0, 0) parentTaskId=-1 isFocused=true isVisible=false isVisibleRequested=false isSleeping=false topActivityInSizeCompat=false topActivityEligibleForLetterboxEducation= false isLetterboxDoubleTapEnabled= false topActivityEligibleForUserAspectRatioButton= false topActivityBoundsLetterboxed= false isFromLetterboxDoubleTap= false topActivityLetterboxVerticalPosition= -1 topActivityLetterboxHorizontalPosition= -1 topActivityLetterboxWidth=-1 topActivityLetterboxHeight=-1 isUserFullscreenOverrideEnabled=false isTopActivityTransparent=false locusId=null displayAreaFeatureId=1 cameraCompatControlState=hidden}, remoteTransition = null, displayChange = null, flags = 0 }
06-10 19:31:45.993 761 785 V WindowManager: startWCT=WindowContainerTransaction { changes = {} hops = [] errorCallbackToken=null taskFragmentOrganizer=null }
06-10 19:31:45.993 761 785 V WindowManager: info={id=61 t=OPEN f=0x0 trk=0 r=[0@Point(0, 0)] c=[{WCT{RemoteToken{5147877 Task{34067b8 #1 type=home}}} m=TO_FRONT f=MOVE_TO_TOP leash=Surface(name=Task=1)/@0x18727ec sb=Rect(0, 0 - 1920, 1080) eb=Rect(0, 0 - 1920, 1080) d=0},{WCT{RemoteToken{ad53a4a Task{1e0e2ad #68 type=standard A=10076:media.detail.task}}} m=TO_BACK f=NONE leash=Surface(name=Task=68)/@0x49e269f sb=Rect(0, 0 - 1920, 1080) eb=Rect(0, 0 - 1920, 1080) d=0}]}
06-10 19:31:45.994 972 1070 D WindowManagerShell: TvPipController: onTaskStackChanged() --------- beginning of main
06-10 19:31:46.004 9377 9461 D UNIPLAYERSDK: BaseState.cpp:42 [PumaPlayerAdaptor@0xea486d24@0xf15951e8]{fm(KMSG_ACTION_START),ret(0),at(0,7663,7663),s(1,-2,9,-2,1),fm=Message@0xf11a3bf0{what=1048592,when=18446744073709551615,arg1=-1111111111,arg2=-1111111111,arg3=-1111111111,str=,timeout=0,obj=0x0,runnable=0x0,target=0x0,watchDogOp=0x0}
06-10 19:31:46.004 9377 9461 D UNIPLAYERSDK: BaseState.cpp:56 [PumaPlayerAdaptor@0xea486d24@0xf15951e8]{fm(KMSG_ACTION_START),o(AudioPrevi)-t(0,7663,7663),o(BitstreamS)-t(0,7663,7663),o(CarouselPr)-t(0,7663,7663),o(FastHelper)-t(0,7663,7663),o(HeaderTail)-t(0,7663,7663),o(HighLights)-t(0,7663,7663),o(InteractPr)-t(0,7663,7663),o(LivePrevie)-t(0,7663,7663),o(MediaPlaye)-t(0,7663,7663),o(MovieVVInf)-t(0,7663,7663),o(PPrecacher)-t(0,7663,7663),o(PlayerStuc)-t(0,7663,7663),o(PumaAbsCmd)-t(0,7663,7663),o(PumaAdvert)-t(0,7663,7663),o(PumaBuffer)-t(0,7663,7663),o(PumaError@)-t(0,7663,7663),o(PumaMediaD)-t(0,7663,7663),o(PumaPlayer)-t(0,7663,7663),o(PumaRate@0)-t(0,7663,7663),o(PumaSegmen)-t(0,7663,7663),o(PumaSubtit)-t(0,7663,7663),o(RefreshAcc)-t(0,7663,7663),o(RefreshSer)-t(0,7663,7663),o(SceneKeepe)-t(0,7663,7663),o(SetRate@0x)-t(0,7663,7663),o(SwitchEpis)-t(0,7663,7663),o(VideoPlayC)-t(0,7663,7663)}
06-10 19:31:46.004 9377 9461 I UNIPLAYERSDK: MediaPlayerAdaptor.cpp:297 [PumaPlayerAdaptor@0xea486d24]doHandleMessage(KMSG_INNERACTION_PB_DOWNLOADSPEED, arg1:-111, arg2:-111)
06-10 19:31:46.004 9377 9461 I UNIPLAYERSDK: PumaPlayer.cpp:966 [PumaPlayer@0xf137459c]InvokeMctoPlayerCommand(), command = 29, command_params = {}, buffer = 0xbd92dd7c
06-10 19:31:46.004 9377 9461 I UNIPLAYERSDK: PumaPlayer.cpp:396 getRealtimeSpeed(), get kMctoPlayerCmd_GetSpeed averageSpeed = 0 B/s
06-10 19:31:46.004 9377 9461 I UNIPLAYERSDK: PumaPlayer.cpp:400 getRealtimeSpeed(), get kMctoPlayerCmd_GetSpeed realTimeSpeed = 0 B/s
06-10 19:31:46.004 9377 9461 I UNIPLAYERSDK: PumaPlayerAdaptor.cpp:797 [PumaPlayerAdaptor@0xea486d24]KMSG_INNERACTION_PB_DOWNLOADSPEED speed= 0
06-10 19:31:46.004 9377 9461 D UNIPLAYERSDK: BaseState.cpp:42 [PumaPlayerAdaptor@0xea486d24@0xf15951e8]{fm(KMSG_INNERACTION_PB_DOWNLOADSPEED),ret(0),at(1,7663,7664),s(1,-2,9,-2,1),fm=Message@0xf11a10d0{what=2097226,when=3217663,arg1=-1111111111,arg2=-1111111111,arg3=-1111111111,str=,timeout=0,obj=0x0,runnable=0x0,target=0xea486c40,watchDogOp=0x0}
06-10 19:31:46.004 9377 9461 D UNIPLAYERSDK: BaseState.cpp:56 [PumaPlayerAdaptor@0xea486d24@0xf15951e8]{fm(KMSG_INNERACTION_PB_DOWNLOADSPEED),o(AudioPrevi)-t(1,7663,7664),o(BitstreamS)-t(0,7664,7664),o(CarouselPr)-t(0,7664,7664),o(FastHelper)-t(0,7664,7664),o(HeaderTail)-t(0,7664,7664),o(HighLights)-t(0,7663,7663),o(InteractPr)-t(0,7664,7664),o(LivePrevie)-t(0,7664,7664),o(MediaPlaye)-t(0,7664,7664),o(MovieVVInf)-t(0,7664,7664),o(PPrecacher)-t(0,7664,7664),o(PlayerStuc)-t(0,7664,7664),o(PumaAbsCmd)-t(0,7664,7664),o(PumaAdvert)-t(0,7664,7664),o(PumaBuffer)-t(0,7664,7664),o(PumaError@)-t(0,7664,7664),o(PumaMediaD)-t(0,7664,7664),o(PumaPlayer)-t(0,7664,7664),o(PumaRate@0)-t(0,7664,7664),o(PumaSegmen)-t(0,7664,7664),o(PumaSubtit)-t(0,7664,7664),o(RefreshAcc)-t(0,7663,7663),o(RefreshSer)-t(0,7663,7663),o(SceneKeepe)-t(0,7663,7663),o(SetRate@0x)-t(0,7664,7664),o(SwitchEpis)-t(0,7664,7664),o(VideoPlayC)-t(0,7663,7663)}
06-10 19:31:46.005 9377 9461 I TvUniPlayer/SdkMediaPlayer@f86e547: native_sleep
06-10 19:31:46.005 9377 9461 D TVUNIPLAYER: gala_player_SdkMediaPlayer.cpp:540 gala_player_SdkMediaPlayer_sleep()
06-10 19:31:46.005 9377 9461 I UNIPLAYERSDK: MediaPlayerImpl.cpp:742 [MediaPlayerImpl@0xf165fd84]sleep()
06-10 19:31:46.005 9377 9461 I UNIPLAYERSDK: WakeModeSetter.cpp:91 stayAwake() awake = 0.
06-10 19:31:46.005 9377 9461 D WakeModeSetter: stayAwake awake:false,mWakeLock.isHeld():true
06-10 19:31:46.005 9377 16466 I CLog : 2025-06-10 19:31:46.005 T:16466 INFO: RM_RE::5,RENDER_CLEAR_SUBTITLE
06-10 19:31:46.006 9377 9461 I UNIPLAYERSDK: MediaPlayerAdaptor.cpp:297 [PumaPlayerAdaptor@0xea486d24]doHandleMessage(KMSG_ACTION_SLEEP, arg1:-111, arg2:-111)
06-10 19:31:46.007 9377 9461 I UNIPLAYERSDK: MediaPlayerAdaptor.cpp:297 [PumaPlayerAdaptor@0xea486d24]doHandleMessage(KMSG_INNERACTION_EVENT_SLEEPING, arg1:-111, arg2:-111)
06-10 19:31:46.007 9377 9461 I UNIPLAYERSDK: MediaPlayerListenerContainer.cpp:193 onSleeping
06-10 19:31:46.007 9377 9461 I TVUNIPLAYER: JNIMediaPlayerOnStateChangedListener.cpp:59 onSleeping(player=0xf165fd20, media=0xa143dc30)
06-10 19:31:46.007 9377 9461 I TvUniPlayer/SdkMediaPlayer@f86e547: postEventFromNative(118, 0, 0, null)
06-10 19:31:46.008 9377 9461 I TvUniPlayer/UniPlayer@3774886: player sdk event:118,hasBarrier:false
06-10 19:31:46.008 9377 9465 V UNIPLAYERSDK: PerformaceStepInfo.cpp:312 doRecord 14 3217667 0
06-10 19:31:46.008 9377 9461 D UNIPLAYERSDK: BaseState.cpp:42 [PumaPlayerAdaptor@0xea486d24@0xa3208368]{fm(KMSG_INNERACTION_EVENT_SLEEPING),ret(0),at(1,7666,7667),s(1,-2,9,-2,1),fm=Message@0x9f289c50{what=2097213,when=18446744073709551615,arg1=-1111111111,arg2=-1111111111,arg3=-1111111111,str=,timeout=0,obj=0x0,runnable=0x0,target=0x0,watchDogOp=0x0}
06-10 19:31:46.008 9377 9461 D UNIPLAYERSDK: BaseState.cpp:56 [PumaPlayerAdaptor@0xea486d24@0xa3208368]{fm(KMSG_INNERACTION_EVENT_SLEEPING),o(AudioPrevi)-t(0,7666,7666),o(BitstreamS)-t(0,7666,7666),o(CarouselPr)-t(0,7666,7666),o(FastHelper)-t(0,7666,7666),o(HeaderTail)-t(0,7666,7666),o(HighLights)-t(0,7666,7666),o(InteractPr)-t(0,7666,7666),o(LivePrevie)-t(0,7666,7666),o(MediaPlaye)-t(1,7666,7667),o(MovieVVInf)-t(0,7666,7666),o(PPrecacher)-t(0,7666,7666),o(PlayerStuc)-t(0,7666,7666),o(PumaAbsCmd)-t(0,7666,7666),o(PumaAdvert)-t(0,7666,7666),o(PumaBuffer)-t(0,7666,7666),o(PumaError@)-t(0,7666,7666),o(PumaMediaD)-t(0,7666,7666),o(PumaPlayer)-t(0,7666,7666),o(PumaRate@0)-t(0,7666,7666),o(PumaSegmen)-t(0,7666,7666),o(PumaSubtit)-t(0,7666,7666),o(RefreshAcc)-t(0,7666,7666),o(RefreshSer)-t(0,7666,7666),o(SceneKeepe)-t(0,7666,7666),o(SetRate@0x)-t(0,7666,7666),o(SwitchEpis)-t(0,7666,7666),o(VideoPlayC)-t(0,7666,7666)}
06-10 19:31:46.008 9377 9461 I UNIPLAYERSDK: PumaPlayer.cpp:604 [PumaPlayer@0xf137459c]sleep()
06-10 19:31:46.008 9377 9461 W UNIPLAYERSDK: PumaPlayer.cpp:179 [PumaPlayer@0xf137459c]releaseWindow()
06-10 19:31:46.008 9377 9461 I CLog : 2025-06-10 19:31:46.008 T:9461 INFO: [0xa59b7440]CMctoMediaPlayer::SetWindow(0x0), type=0...
06-10 19:31:46.008 9377 9461 I CLog : 2025-06-10 19:31:46.008 T:9461 INFO: SetWindow:0,0
06-10 19:31:46.008 9377 9461 I CLog : 2025-06-10 19:31:46.008 T:9461 INFO: PlayCoreManager::SetWindow-- hard_render----begin
06-10 19:31:46.008 9377 9461 I CLog : 2025-06-10 19:31:46.008 T:9461 INFO: RM::5,SetWindow window:0x0 sleepwakeup_mode: 0, type: 0
06-10 19:31:46.008 9377 9461 I CLog : 2025-06-10 19:31:46.008 T:9461 INFO: RM_RE::5, SetWindow sendMsg Begin, sync: 1, window: 0x0
06-10 19:31:46.014 9377 9742 W q_h_c_s : HCDN_LOG: [T:9742]SetEasyOpt:1497,curl_easy_setopt CURLOPT_URL success: http://127.0.0.1:1981/md?business=QTP&cache_enable=1&cache_only=0 (reid: 75440422)
06-10 19:31:46.014 761 786 W ContextImpl: Calling a method in the system process without a qualified user: android.app.ContextImpl.startService:1899 com.android.server.wm.DisplayPolicy.lambda$focusChangedLw$5:2126 com.android.server.wm.DisplayPolicy.$r8$lambda$Znxk63oh-WzVnzo_WQefN7uxV48:0 com.android.server.wm.DisplayPolicy$$ExternalSyntheticLambda13.run:0 android.os.Handler.handleCallback:958
06-10 19:31:46.014 9377 9742 W q_h_c_s : HCDN_LOG: [T:9742]SetCurlTimeout:4095,curl_easy_setopt CURLOPT_CONNECTTIMEOUT_MS success (reid: 75440422, timeout: 150)
06-10 19:31:46.014 9377 9742 W q_h_c_s : HCDN_LOG: [T:9742]SetCurlTimeout:4161,curl_easy_setopt CURLOPT_TIMEOUT_MS success (reid: 75440422, timeout: 100)
06-10 19:31:46.014 9377 9742 W q_h_c_s : HCDN_LOG: [T:9742]AddToMultiHandle:1145,AddToMultiHandle reid: 75440422, taskid(0), moduleId(14), offset(0), length(-1), CURL(0xf13eb670), m_mapRun(2), m_mapReqId2EasyHandle(2), m_vecModuleRun(0,0,1,0,0,0,1,0,0)
06-10 19:31:46.015 9377 9742 W q_h_c_s : HCDN_LOG: [T:9742]SetEasyOpt:1497,curl_easy_setopt CURLOPT_URL success: http://127.0.0.1:1981/md?business=QTP&cache_enable=1&cache_only=0 (reid: 75440424)
06-10 19:31:46.015 9377 9742 W q_h_c_s : HCDN_LOG: [T:9742]SetCurlTimeout:4095,curl_easy_setopt CURLOPT_CONNECTTIMEOUT_MS success (reid: 75440424, timeout: 150)
06-10 19:31:46.015 9377 9742 W q_h_c_s : HCDN_LOG: [T:9742]SetCurlTimeout:4161,curl_easy_setopt CURLOPT_TIMEOUT_MS success (reid: 75440424, timeout: 100)
06-10 19:31:46.015 9377 9742 W q_h_c_s : HCDN_LOG: [T:9742]AddToMultiHandle:1145,AddToMultiHandle reid: 75440424, taskid(0), moduleId(14), offset(0), length(-1), CURL(0xf13e1250), m_mapRun(3), m_mapReqId2EasyHandle(3), m_vecModuleRun(0,0,2,0,0,0,1,0,0)
06-10 19:31:46.017 1570 1570 D aaa : LedStatusService onStartCommand begin
06-10 19:31:46.020 1570 16477 D aaa : topPkg is -------------- :com.dangbei.leard.leradlauncher
06-10 19:31:46.022 9377 16466 I CLog : 2025-06-10 19:31:46.022 T:16466 INFO: RM_RE::5,RENDER_SET_WINDOW
06-10 19:31:46.023 9377 16466 I CLog : 2025-06-10 19:31:46.023 T:16466 INFO: RM_RE::5,_setWindow begin, this:0xbe289490 window:0x0, view_type:0
06-10 19:31:46.023 9377 16466 I CLog : 2025-06-10 19:31:46.023 T:16466 INFO: RM_RE::5,_callCloseCodecCallBack done
06-10 19:31:46.023 9377 16466 I CLog : 2025-06-10 19:31:46.023 T:16466 INFO: RM_VRM::5,SetWindow, 0x0
06-10 19:31:46.023 9377 16466 I CLog : 2025-06-10 19:31:46.023 T:16466 INFO: RM_VRM::5,SetWindow, 0x0 end
06-10 19:31:46.023 9377 16466 I CLog : 2025-06-10 19:31:46.023 T:16466 INFO: RM_RE::5,_setWindow end, this:0xbe289490, window:0x0
06-10 19:31:46.023 9377 9461 I CLog : 2025-06-10 19:31:46.023 T:9461 INFO: RM_RE::5, SetWindow sendMsg End, consumed:15
06-10 19:31:46.023 9377 9461 I CLog : 2025-06-10 19:31:46.023 T:9461 INFO: PlayCoreManager::SetWindow-- hard_render----end
06-10 19:31:46.023 9377 9461 I UNIPLAYERSDK: PumaPlayerListener.cpp:521 [PumaPlayerListener@0xb844d7c0]OnWindowChanged null
06-10 19:31:46.023 9377 9461 I CLog : 2025-06-10 19:31:46.023 T:9461 INFO: [0xa59b7440]CMctoMediaPlayer::Sleep
06-10 19:31:46.023 9377 9461 I CLog : 2025-06-10 19:31:46.023 T:9461 DEBUG: [0xa59b7440]CMctoMediaPlayer::Invoke_iqyplayer_Cmd cmd:4101,params:(null)
06-10 19:31:46.023 9377 9461 I CLog : 2025-06-10 19:31:46.023 T:9461 INFO: RM::5, unknown command(4101)
06-10 19:31:46.023 9377 16464 I CLog : 2025-06-10 19:31:46.023 T:16464 INFO: SleepPlayer
06-10 19:31:46.023 9377 16464 I CLog : 2025-06-10 19:31:46.023 T:16464 DEBUG: GetVideoTime ps:2, is_playback_started_:0
06-10 19:31:46.023 9377 16464 I CLog : 2025-06-10 19:31:46.023 T:16464 INFO: SleepPlayer(NotPlay), mode:0, video:-1, ad:-1, cp:-1
06-10 19:31:46.023 1570 16477 D aaa : WiFi is connect
06-10 19:31:46.023 9377 9461 V UNIPLAYERSDK: Advertisement.cpp:389 [PumaAdvertisement@0x9fdc030c]HandleStateExitMessage() msg = KMSG_STATEEXIT_MEDIADATA_PREPARING
06-10 19:31:46.024 9377 16464 I CLog : 2025-06-10 19:31:46.023 T:16464 INFO: RM_DEM::5,Clear seek: 0
06-10 19:31:46.024 9377 16464 I CLog : 2025-06-10 19:31:46.024 T:16464 INFO: PlayCoreManager::Sleep begin
06-10 19:31:46.024 9377 16464 I CLog : 2025-06-10 19:31:46.024 T:16464 INFO: RM::5,Sleep
06-10 19:31:46.024 9377 16464 I CLog : 2025-06-10 19:31:46.024 T:16464 INFO: RM_PC::5,EndMovie, is_clear_picture: 0
06-10 19:31:46.024 9377 9461 I UNIPLAYERSDK: MediaPlayerAdaptor.cpp:297 [PumaPlayerAdaptor@0xea486d24]doHandleMessage(KMSG_STATEEXIT_MEDIADATA_PREPARING, arg1:11, arg2:-111)
06-10 19:31:46.024 9377 16464 I CLog : 2025-06-10 19:31:46.024 T:16464 INFO: PlayCoreManager::Sleep end
06-10 19:31:46.024 9377 9461 V UNIPLAYERSDK: MediaPlayerListenerContainer.cpp:322 HandleStateExitMessage() msg = KMSG_STATEEXIT_MEDIADATA_PREPARING
06-10 19:31:46.024 9377 16467 I CLog : 2025-06-10 19:31:46.024 T:16467 INFO: RM_PC::5,PLAYER_SET_ENDMOVIE(clear:0)
06-10 19:31:46.024 9377 16467 I CLog : 2025-06-10 19:31:46.024 T:16467 INFO: RM_PV::5,CloseStream, clear:0, from: 0
06-10 19:31:46.024 9377 16464 I CLog : 2025-06-10 19:31:46.024 T:16464 INFO: ADPlayerManager::Sleep
06-10 19:31:46.024 9377 9461 D UNIPLAYERSDK: BaseState.cpp:42 [PumaPlayerAdaptor@0xea486d24@0xa3208368]{fm(KMSG_STATEEXIT_MEDIADATA_PREPARING),ret(0),at(0,7683,7683),s(1,-2,9,-2,1),fm=Message@0x9f289c50{what=25165919,when=18446744073709551615,arg1=11,arg2=-1111111111,arg3=-1111111111,str=,timeout=0,obj=0x0,runnable=0x0,target=0x0,watchDogOp=0x0}
06-10 19:31:46.024 9377 16467 I CLog : 2025-06-10 19:31:46.024 T:16467 INFO: RM_SPV::5,Seek cur_switch_stream_id_:-1
06-10 19:31:46.024 9377 16464 I CLog : 2025-06-10 19:31:46.024 T:16464 INFO: PauseLoadMovieStream
06-10 19:31:46.024 9377 16467 I CLog : 2025-06-10 19:31:46.024 T:16467 INFO: RM_PA::5,CloseStream, endmovie:1
06-10 19:31:46.024 9377 9461 D UNIPLAYERSDK: BaseState.cpp:56 [PumaPlayerAdaptor@0xea486d24@0xa3208368]{fm(KMSG_STATEEXIT_MEDIADATA_PREPARING),o(AudioPrevi)-t(0,7683,7683),o(BitstreamS)-t(0,7683,7683),o(CarouselPr)-t(0,7683,7683),o(FastHelper)-t(0,7683,7683),o(HeaderTail)-t(0,7683,7683),o(HighLights)-t(0,7683,7683),o(InteractPr)-t(0,7683,7683),o(LivePrevie)-t(0,7683,7683),o(MediaPlaye)-t(0,7683,7683),o(MovieVVInf)-t(0,7683,7683),o(PPrecacher)-t(0,7683,7683),o(PlayerStuc)-t(0,7683,7683),o(PumaAbsCmd)-t(0,7683,7683),o(PumaAdvert)-t(0,7683,7683),o(PumaBuffer)-t(0,7683,7683),o(PumaError@)-t(0,7683,7683),o(PumaMediaD)-t(0,7683,7683),o(PumaPlayer)-t(0,7683,7683),o(PumaRate@0)-t(0,7683,7683),o(PumaSegmen)-t(0,7683,7683),o(PumaSubtit)-t(0,7683,7683),o(RefreshAcc)-t(0,7683,7683),o(RefreshSer)-t(0,7683,7683),o(SceneKeepe)-t(0,7683,7683),o(SetRate@0x)-t(0,7683,7683),o(SwitchEpis)-t(0,7683,7683),o(VideoPlayC)-t(0,7683,7683)}
06-10 19:31:46.024 9377 16471 I CLog : 2025-06-10 19:31:46.024 T:16471 INFO: RM_SPV::5,Proc, SUB_PLAYER_CLEAR_PACKETS coming switch_stream_id:0, cur_cocec_switch_stream_id_:-1
06-10 19:31:46.024 9377 9461 I UNIPLAYERSDK: MediaPlayerAdaptor.cpp:282 [PumaPlayerAdaptor@0xea486d24]onPlayerStateChanged(1:MEDIADATA_PREPARING, 11:SLEEPED)
06-10 19:31:46.024 9377 16470 I CLog : 2025-06-10 19:31:46.024 T:16470 INFO: RM_PV::5,GENERAL_CLOSESTREAM
06-10 19:31:46.024 9377 16470 I CLog : 2025-06-10 19:31:46.024 T:16470 INFO: RM_RQ::5,delfrepictexs
06-10 19:31:46.024 9377 16470 I CLog : 2025-06-10 19:31:46.024 T:16470 INFO: RM_RQ::5,delfrepictexs done
06-10 19:31:46.024 9377 16470 I CLog : 2025-06-10 19:31:46.024 T:16470 INFO: RM_PV::5,GENERAL_CLOSESTREAM ok
06-10 19:31:46.024 9377 9461 I UNIPLAYERSDK: MediaPlayerAdaptor.cpp:297 [PumaPlayerAdaptor@0xea486d24]doHandleMessage(KMSG_STATECHANGED_SLEEPED, arg1:1, arg2:-111)
06-10 19:31:46.024 9377 9461 D UNIPLAYERSDK: MediaPlayerListenerContainer.cpp:542 HandleStateChangedMessage() msg = KMSG_STATECHANGED_SLEEPED
06-10 19:31:46.024 9377 9461 V UNIPLAYERSDK: MediaPlayerListenerContainer.cpp:549 OnStateMachineChanged
06-10 19:31:46.024 9377 9461 D TVUNIPLAYER: JNIMediaPlayerOnStateMachineListener.cpp:18 onStateChanged(player=0xf165fd20, media=0xa143dc30, from=1, to=11)
06-10 19:31:46.024 9377 16472 I CLog : 2025-06-10 19:31:46.024 T:16472 INFO: RM_PA::5,GENERAL_CLOSESTREAM endmovie:1
06-10 19:31:46.024 9377 9461 I TvUniPlayer/SdkMediaPlayer@f86e547: postEventFromNative(1901, 1, 11, null)
06-10 19:31:46.024 9377 9461 I TvUniPlayer/UniPlayer@3774886: player sdk event:1901,hasBarrier:false
06-10 19:31:46.024 9377 9461 D UNIPLAYERSDK: BaseState.cpp:42 [PumaPlayerAdaptor@0xea486d24@0xa3208368]{fm(KMSG_STATECHANGED_SLEEPED),ret(0),at(1,7683,7684),s(1,-2,9,-2,1),fm=Message@0x9f289c50{what=4194409,when=18446744073709551615,arg1=1,arg2=-1111111111,arg3=-1111111111,str=,timeout=0,obj=0x0,runnable=0x0,target=0x0,watchDogOp=0x0}
06-10 19:31:46.025 9377 9461 D UNIPLAYERSDK: BaseState.cpp:56 [PumaPlayerAdaptor@0xea486d24@0xa3208368]{fm(KMSG_STATECHANGED_SLEEPED),o(AudioPrevi)-t(0,7683,7683),o(BitstreamS)-t(0,7684,7684),o(CarouselPr)-t(0,7683,7683),o(FastHelper)-t(0,7683,7683),o(HeaderTail)-t(0,7683,7683),o(HighLights)-t(0,7683,7683),o(InteractPr)-t(0,7683,7683),o(LivePrevie)-t(0,7683,7683),o(MediaPlaye)-t(0,7684,7684),o(MovieVVInf)-t(0,7684,7684),o(PPrecacher)-t(0,7683,7683),o(PlayerStuc)-t(0,7684,7684),o(PumaAbsCmd)-t(0,7684,7684),o(PumaAdvert)-t(0,7683,7683),o(PumaBuffer)-t(0,7683,7683),o(PumaError@)-t(0,7683,7683),o(PumaMediaD)-t(0,7683,7683),o(PumaPlayer)-t(0,7683,7683),o(PumaRate@0)-t(0,7683,7683),o(PumaSegmen)-t(0,7683,7683),o(PumaSubtit)-t(0,7683,7683),o(RefreshAcc)-t(0,7683,7683),o(RefreshSer)-t(0,7683,7683),o(SceneKeepe)-t(0,7683,7683),o(SetRate@0x)-t(0,7684,7684),o(SwitchEpis)-t(0,7684,7684),o(VideoPlayC)-t(0,7683,7683)}
06-10 19:31:46.025 9377 9461 V UNIPLAYERSDK: Advertisement.cpp:403 [PumaAdvertisement@0x9fdc030c]HandleStateEnterMessage() msg = KMSG_STATEENTER_SLEEPED
06-10 19:31:46.025 9377 9461 I UNIPLAYERSDK: PlayerStuckChecker.cpp:72 PlayerStuckChecker::update, msg = KMSG_STATEENTER_SLEEPED
06-10 19:31:46.025 9377 9461 I UNIPLAYERSDK: PlayerStuckChecker.cpp:166 PlayerStuckChecker::stop(scene=0)
06-10 19:31:46.025 9377 9461 I UNIPLAYERSDK: MediaPlayerAdaptor.cpp:297 [PumaPlayerAdaptor@0xea486d24]doHandleMessage(KMSG_STATEENTER_SLEEPED, arg1:1, arg2:-111)
06-10 19:31:46.025 9377 9461 V UNIPLAYERSDK: MediaPlayerListenerContainer.cpp:341 HandleStateEnterMessage() msg=KMSG_STATEENTER_SLEEPED, arg1=1
06-10 19:31:46.025 9377 9461 I UNIPLAYERSDK: MediaPlayerListenerContainer.cpp:475 onSleeped
06-10 19:31:46.025 9377 9461 I TVUNIPLAYER: JNIMediaPlayerOnStateChangedListener.cpp:55 OnSleeped(player=0xf165fd20, media=0xa143dc30)
06-10 19:31:46.025 9377 9461 I TvUniPlayer/SdkMediaPlayer@f86e547: postEventFromNative(109, 0, 0, null)
06-10 19:31:46.025 9377 9461 I TvUniPlayer/UniPlayer@3774886: player sdk event:109,hasBarrier:false
06-10 19:31:46.025 9377 9461 D UNIPLAYERSDK: PlayerTimeRecorder.cpp:390 onSleeped
06-10 19:31:46.025 9377 9461 D UNIPLAYERSDK: PlayerTimeRecorder.cpp:82 stopRecord() needIssueTiming=1, mIsRecording=0
06-10 19:31:46.025 9377 9461 I UNIPLAYERSDK: PumaPlayer.cpp:750 [PumaPlayer@0xf137459c]getCurrentPosition() = 203056
06-10 19:31:46.025 9377 9461 D PINGBACKSDK: PingbackSenderImpl.cpp:102 PingbackSenderImpl::sendPingback() start, type 26
06-10 19:31:46.026 9377 9461 D PINGBACKSDK: Pingback.cpp:131 babelSend() start: PbPlayerType:playersleep
06-10 19:31:46.026 9377 9461 D PINGBACKSDK: Pingback.cpp:135 babelSend() sendurl: PbPlayerType:playersleep
06-10 19:31:46.027 9377 9461 V UFUnilog: api_group_impl.cpp : 434 PingbackSdk {fuc=APIGroupImpl:call(),name=babel_pb,params=0xbd92e48c,callback=0xac145aa0}
06-10 19:31:46.027 9377 9461 W UFUnilog: api_group_impl.cpp : 890 PingbackSdk {fuc=APIGroupImpl:BuildRequest(),logtag=babel_pb_179,interface_msg=Null formdata Parameters!}
06-10 19:31:46.027 9377 9461 D UFUnilog: api_group_impl.cpp : 1051 PingbackSdk {fuc=APIGroupImpl:BuildRequest(),logtag=babel_pb_179,request_type=1,client_type=0}
06-10 19:31:46.027 9377 9461 D UNIPLAYERSDK: BaseState.cpp:42 [PumaPlayerAdaptor@0xea486d24@0xa3208368]{fm(KMSG_STATEENTER_SLEEPED),ret(0),at(3,7684,7687),s(11,-2,9,-2,11),fm=Message@0x9f289c50{what=24117353,when=18446744073709551615,arg1=1,arg2=-1111111111,arg3=-1111111111,str=,timeout=0,obj=0x0,runnable=0x0,target=0x0,watchDogOp=0x0}
06-10 19:31:46.027 9377 9461 D UNIPLAYERSDK: BaseState.cpp:56 [PumaPlayerAdaptor@0xea486d24@0xa3208368]{fm(KMSG_STATEENTER_SLEEPED),o(AudioPrevi)-t(0,7684,7684),o(BitstreamS)-t(0,7684,7684),o(CarouselPr)-t(0,7684,7684),o(FastHelper)-t(0,7684,7684),o(HeaderTail)-t(0,7684,7684),o(HighLights)-t(0,7684,7684),o(InteractPr)-t(0,7684,7684),o(LivePrevie)-t(0,7684,7684),o(MediaPlaye)-t(3,7684,7687),o(MovieVVInf)-t(0,7684,7684),o(PPrecacher)-t(0,7684,7684),o(PlayerStuc)-t(0,7684,7684),o(PumaAbsCmd)-t(0,7684,7684),o(PumaAdvert)-t(0,7684,7684),o(PumaBuffer)-t(0,7684,7684),o(PumaError@)-t(0,7684,7684),o(PumaMediaD)-t(0,7684,7684),o(PumaPlayer)-t(0,7684,7684),o(PumaRate@0)-t(0,7684,7684),o(PumaSegmen)-t(0,7684,7684),o(PumaSubtit)-t(0,7684,7684),o(RefreshAcc)-t(0,7684,7684),o(RefreshSer)-t(0,7684,7684),o(SceneKeepe)-t(0,7684,7684),o(SetRate@0x)-t(0,7684,7684),o(SwitchEpis)-t(0,7684,7684),o(VideoPlayC)-t(0,7684,7684)}
06-10 19:31:46.027 9377 9461 D UNIPLAYERSDK: BaseState.cpp:42 [PumaPlayerAdaptor@0xea486d24@0xf15951e8]{fm(KMSG_ACTION_SLEEP),ret(0),at(21,7666,7687),s(1,11,9,-2,11),fm=Message@0xf11a10d0{what=1048599,when=18446744073709551615,arg1=-1111111111,arg2=-1111111111,arg3=-1111111111,str=,timeout=0,obj=0x0,runnable=0x0,target=0x0,watchDogOp=0x0}
06-10 19:31:46.028 9377 9461 D UNIPLAYERSDK: BaseState.cpp:56 [PumaPlayerAdaptor@0xea486d24@0xf15951e8]{fm(KMSG_ACTION_SLEEP),o(AudioPrevi)-t(0,7666,7666),o(BitstreamS)-t(0,7666,7666),o(CarouselPr)-t(0,7666,7666),o(FastHelper)-t(0,7666,7666),o(HeaderTail)-t(0,7666,7666),o(HighLights)-t(0,7666,7666),o(InteractPr)-t(0,7666,7666),o(LivePrevie)-t(0,7666,7666),o(MediaPlaye)-t(0,7683,7683),o(MovieVVInf)-t(0,7666,7666),o(PPrecacher)-t(0,7666,7666),o(PlayerStuc)-t(0,7666,7666),o(PumaAbsCmd)-t(0,7666,7666),o(PumaAdvert)-t(0,7666,7666),o(PumaBuffer)-t(0,7666,7666),o(PumaError@)-t(0,7666,7666),o(PumaMediaD)-t(0,7666,7666),o(PumaPlayer)-t(0,7666,7666),o(PumaRate@0)-t(0,7666,7666),o(PumaSegmen)-t(0,7666,7666),o(PumaSubtit)-t(0,7666,7666),o(RefreshAcc)-t(0,7666,7666),o(RefreshSer)-t(0,7666,7666),o(SceneKeepe)-t(0,7666,7666),o(SetRate@0x)-t(0,7666,7666),o(SwitchEpis)-t(0,7666,7666),o(VideoPlayC)-t(0,7666,7666)}
06-10 19:31:46.028 9377 9461 I TvUniPlayer/SdkMediaPlayer@f86e547: set surfaceHolder:android.view.SurfaceView$2@3ccc66a
06-10 19:31:46.028 9377 9461 D TVUNIPLAYER: gala_player_SdkMediaPlayer.cpp:390 gala_player_SdkMediaPlayer_setSurfaceHolder(player=0xf165fd20, surfaceHolder=0xbd92eb38)
06-10 19:31:46.028 9377 9461 D TVUNIPLAYER: gala_player_SdkMediaPlayer.cpp:403 gala_player_SdkMediaPlayer_setSurfaceHolder(player=0xf165fd20, oldSurfaceHolder=0x0, sSurfaceHolderRef = 0x40c6)
06-10 19:31:46.028 9377 9461 I UNIPLAYERSDK: MediaPlayerImpl.cpp:233 [MediaPlayerImpl@0xf165fd84]setSurfaceHolder(0x40c6)
06-10 19:31:46.028 9377 9465 V UNIPLAYERSDK: PerformaceStepInfo.cpp:312 doRecord 7 3217687 0
06-10 19:31:46.028 9377 9461 I UNIPLAYERSDK: MediaPlayerAdaptor.cpp:297 [PumaPlayerAdaptor@0xea486d24]doHandleMessage(KMSG_ACTION_SETSURFACEHOLDER, arg1:16582, arg2:-111)
06-10 19:31:46.028 9377 9461 I UNIPLAYERSDK: PumaPlayer.cpp:131 [PumaPlayer@0xf137459c]setWindow()
06-10 19:31:46.028 9377 9465 V UNIPLAYERSDK: PerformaceStepInfo.cpp:312 doRecord 39 3217688 0
06-10 19:31:46.028 9377 9461 I CLog : 2025-06-10 19:31:46.028 T:9461 INFO: [0xa59b7440]CMctoMediaPlayer::SetWindow(0x40c6), type=2...
06-10 19:31:46.028 9377 9461 I CLog : 2025-06-10 19:31:46.028 T:9461 INFO: SetWindow:40c6,2
06-10 19:31:46.028 9377 9461 I CLog : 2025-06-10 19:31:46.028 T:9461 INFO: PlayCoreManager::SetWindow-- hard_render----begin
06-10 19:31:46.028 9377 9461 I CLog : 2025-06-10 19:31:46.028 T:9461 INFO: RM::5,SetWindow window:0x40c6 sleepwakeup_mode: 0, type: 2
06-10 19:31:46.028 9377 9461 I CLog : 2025-06-10 19:31:46.028 T:9461 INFO: RM_RQ::5,Clear(window = true)
06-10 19:31:46.028 9377 9461 I CLog : 2025-06-10 19:31:46.028 T:9461 INFO: RM_RQ::5,Clear,slot_num_:3 writeable_slot_num_:3
06-10 19:31:46.028 9377 9461 I CLog : 2025-06-10 19:31:46.028 T:9461 INFO: RM_RE::5, SetWindow sendMsg Begin, sync: 1, window: 0x40c6
06-10 19:31:46.030 9377 9742 W q_h_c_s : HCDN_LOG: [T:9742]SetEasyOpt:1497,curl_easy_setopt CURLOPT_URL success: https://cache.video.ptqy.gitv.tv/dash?tvid=1233430264130200&uid=1057382444771596&ut=5&ut=57&ut=60&ps=0&d=1&pm=0&vid=7d09da5a4dcf23278b57c33c40a505e1&k_tag=1&k_uid=tv_cc46bef63fc2ad8d49126ac32881e261_1749550814769_3644146642&tm=1749555105226&bid=600&fr=25&pt=203056&s=0&sr=1&slid=-1&sver=2&k_ver=2.1403.1.250523&messageId=pumaplayer_fce42164be8d90bb60b589448441e6e6&k_ft1=563500540269284&k_err_retries=0&abid=600&lid=-1&cf=-1&ct=1&atype=0&k_ft2=255&k_ft6=0&fr_600=60_25_25_25__&fr_800=120_25_25_25__&fr_860=60_____&k_ft4=1697787202777092&dcdv=5&ccsn=8c0e4e117279c388281f1e4b647444f3&cr=1&dcv=6&k_ft7=2182628999&ori=puma&agent_type=302&pst=0&psta=0&pmb=600&k_ft5=2199056810001&src=14025032401000000000&vt=0&dfp=&spt=&apdl=&hdcp=0&applang=&su=0&pver=1403.0.0.21269&sa=0&ds=0&dx=0&tvrs=ufDkqiNShh%2FcnDcBOaBgRA%3D%3D&ap=1&ve=6427f2ffdd26a894f13a6ae380270a5c&k_ft8=4&pano264=0&pano265=0&pre=0&ap=1&qd_v=1&vf=8c148ef2390a41149a5e2694d3be19a1 (r
06-10 19:31:46.030 9377 9742 W q_h_c_s : HCDN_LOG: eid: 75440421)
06-10 19:31:46.030 9377 9742 W q_h_c_s : HCDN_LOG: [T:9742]SetCurlResolve:2862,Set DNS entry (reid: 75440421, rmDnsEntry: , dnsEntry: +cache.video.ptqy.gitv.tv:443:124.237.225.52)
06-10 19:31:46.031 9377 9742 W q_h_c_s : HCDN_LOG: [T:9742]SetCurlTimeout:4095,curl_easy_setopt CURLOPT_CONNECTTIMEOUT_MS success (reid: 75440421, timeout: 5990)
06-10 19:31:46.031 9377 9742 W q_h_c_s : HCDN_LOG: [T:9742]SetCurlTimeout:4161,curl_easy_setopt CURLOPT_TIMEOUT_MS success (reid: 75440421, timeout: 10183)
06-10 19:31:46.031 9377 9742 W q_h_c_s : HCDN_LOG: [T:9742]AddToMultiHandle:1145,AddToMultiHandle reid: 75440421, taskid(0), moduleId(3003), offset(0), length(-1), CURL(0xf13e1250), m_mapRun(2), m_mapReqId2EasyHandle(2), m_vecModuleRun(0,0,0,0,0,0,2,0,0)
06-10 19:31:46.039 9377 16466 I CLog : 2025-06-10 19:31:46.039 T:16466 INFO: RM_RE::5,RENDER_SET_WINDOW
06-10 19:31:46.039 9377 16466 I CLog : 2025-06-10 19:31:46.039 T:16466 INFO: RM_RE::5,_setWindow begin, this:0xbe289490 window:0x40c6, view_type:2
06-10 19:31:46.039 9377 16466 I CLog : 2025-06-10 19:31:46.039 T:16466 INFO: RM_SUHU::5,getSurface jsurface_object:0x40a6, j_obj:0x40c6 viewtype: 2
06-10 19:31:46.039 9377 16466 I CLog : 2025-06-10 19:31:46.039 T:16466 INFO: RM_VRM::5,SetWindow, 0x40a6
06-10 19:31:46.041 9377 16466 I CLog : 2025-06-10 19:31:46.039 T:16466 INFO: RM_EGLWS::5, SetDevWindow, Done, init window: 1920x1080
06-10 19:31:46.041 9377 16466 I CLog : 2025-06-10 19:31:46.041 T:16466 INFO: RM_VRM::5,SetWindow, 0x40a6 end
06-10 19:31:46.041 9377 16466 I CLog : 2025-06-10 19:31:46.041 T:16466 INFO: RM_RE::5,_setWindow end, this:0xbe289490, window:0x40a6
06-10 19:31:46.043 9377 9461 I CLog : 2025-06-10 19:31:46.042 T:9461 INFO: RM_RE::5, SetWindow sendMsg End, consumed:14
06-10 19:31:46.043 9377 9461 I CLog : 2025-06-10 19:31:46.043 T:9461 INFO: PlayCoreManager::SetWindow-- hard_render----end
06-10 19:31:46.043 9377 9461 I UNIPLAYERSDK: PumaPlayerListener.cpp:517 [PumaPlayerListener@0xb844d7c0]OnWindowChanged
06-10 19:31:46.043 9377 9461 I UNIPLAYERSDK: PumaPlayer.cpp:223 [PumaPlayer@0xf137459c]setVideoRatio() 0
06-10 19:31:46.043 9377 9461 I CLog : 2025-06-10 19:31:46.043 T:9461 INFO: [0xa59b7440]CMctoMediaPlayer::SetVideoScale: 0
06-10 19:31:46.043 9377 16464 I CLog : 2025-06-10 19:31:46.043 T:16464 INFO: SetVideoScale:0
06-10 19:31:46.043 9377 16464 I CLog : 2025-06-10 19:31:46.043 T:16464 INFO: RM_RE::5,SetVideoScale, video_scale:0
06-10 19:31:46.043 9377 9461 D UNIPLAYERSDK: BaseState.cpp:42 [PumaPlayerAdaptor@0xea486d24@0xa3208368]{fm(KMSG_ACTION_SETSURFACEHOLDER),ret(0),at(15,7687,7702),s(11,-2,9,-2,11),fm=Message@0x9f289c50{what=1048580,when=18446744073709551615,arg1=16582,arg2=-1111111111,arg3=-1111111111,str=,timeout=0,obj=0x0,runnable=0x0,target=0x0,watchDogOp=0x0}
06-10 19:31:46.043 9377 9461 D UNIPLAYERSDK: BaseState.cpp:56 [PumaPlayerAdaptor@0xea486d24@0xa3208368]{fm(KMSG_ACTION_SETSURFACEHOLDER),o(AudioPrevi)-t(0,7687,7687),o(BitstreamS)-t(0,7688,7688),o(CarouselPr)-t(0,7688,7688),o(FastHelper)-t(0,7687,7687),o(HeaderTail)-t(0,7687,7687),o(HighLights)-t(0,7687,7687),o(InteractPr)-t(0,7687,7687),o(LivePrevie)-t(0,7687,7687),o(MediaPlaye)-t(0,7702,7702),o(MovieVVInf)-t(0,7688,7688),o(PPrecacher)-t(0,7688,7688),o(PlayerStuc)-t(0,7688,7688),o(PumaAbsCmd)-t(0,7688,7688),o(PumaAdvert)-t(0,7687,7687),o(PumaBuffer)-t(0,7687,7687),o(PumaError@)-t(0,7687,7687),o(PumaMediaD)-t(0,7687,7687),o(PumaPlayer)-t(0,7687,7687),o(PumaRate@0)-t(0,7688,7688),o(PumaSegmen)-t(0,7687,7687),o(PumaSubtit)-t(0,7687,7687),o(RefreshAcc)-t(0,7687,7687),o(RefreshSer)-t(0,7687,7687),o(SceneKeepe)-t(0,7687,7687),o(SetRate@0x)-t(0,7688,7688),o(SwitchEpis)-t(0,7688,7688),o(VideoPlayC)-t(0,7687,7687)}
06-10 19:31:46.043 9377 9377 I TvUniPlayer/UniPlayer@3774886: end setSurfaceHolder
06-10 19:31:46.043 9377 9377 I TvUniPlayer/SurfaceViewEx@109393471: SFView#SHCallback surfaceChanged(android.view.SurfaceView$2@3ccc66a, 4, 1920, 1080)
06-10 19:31:46.043 9377 9461 I UNIPLAYERSDK: MediaPlayerAdaptor.cpp:297 [PumaPlayerAdaptor@0xea486d24]doHandleMessage(KMSG_PUMAPLAYER_EVENT_DISPLAYREADY, arg1:-111, arg2:-111)
06-10 19:31:46.043 9377 9461 D UNIPLAYERSDK: BaseState.cpp:42 [PumaPlayerAdaptor@0xea486d24@0xa3208368]{fm(KMSG_PUMAPLAYER_EVENT_DISPLAYREADY),ret(0),at(0,7703,7703),s(11,-2,9,-2,11),fm=Message@0x9f28abf0{what=7340184,when=3217702,arg1=-1111111111,arg2=-1111111111,arg3=-1111111111,str=,timeout=0,obj=0x0,runnable=0x0,target=0xb844d740,watchDogOp=0x0}
06-10 19:31:46.043 9377 9377 I TvUniPlayer/AbsMediaPlayer@3774886: OnGalaSurfaceListener OnChanged(android.view.SurfaceView$2@3ccc66a, 1920, 1080)
06-10 19:31:46.043 9377 9461 D UNIPLAYERSDK: BaseState.cpp:56 [PumaPlayerAdaptor@0xea486d24@0xa3208368]{fm(KMSG_PUMAPLAYER_EVENT_DISPLAYREADY),o(AudioPrevi)-t(0,7703,7703),o(BitstreamS)-t(0,7703,7703),o(CarouselPr)-t(0,7703,7703),o(FastHelper)-t(0,7703,7703),o(HeaderTail)-t(0,7703,7703),o(HighLights)-t(0,7703,7703),o(InteractPr)-t(0,7703,7703),o(LivePrevie)-t(0,7703,7703),o(MediaPlaye)-t(0,7703,7703),o(MovieVVInf)-t(0,7703,7703),o(PPrecacher)-t(0,7703,7703),o(PlayerStuc)-t(0,7703,7703),o(PumaAbsCmd)-t(0,7703,7703),o(PumaAdvert)-t(0,7703,7703),o(PumaBuffer)-t(0,7703,7703),o(PumaError@)-t(0,7703,7703),o(PumaMediaD)-t(0,7703,7703),o(PumaPlayer)-t(0,7703,7703),o(PumaRate@0)-t(0,7703,7703),o(PumaSegmen)-t(0,7703,7703),o(PumaSubtit)-t(0,7703,7703),o(RefreshAcc)-t(0,7703,7703),o(RefreshSer)-t(0,7703,7703),o(SceneKeepe)-t(0,7703,7703),o(SetRate@0x)-t(0,7703,7703),o(SwitchEpis)-t(0,7703,7703),o(VideoPlayC)-t(0,7703,7703)}
06-10 19:31:46.043 9377 9377 I TvUniPlayer/UniPlayer@3774886: setDisplayRect mIsGotVideoSize =false,rect=Rect(0, 0 - 1920, 1080)
06-10 19:31:46.044 761 782 I ImeTracker: com.dangbei.leard.leradlauncher:294d81b3: onRequestHide at ORIGIN_SERVER_HIDE_INPUT reason HIDE_ALWAYS_HIDDEN_STATE
06-10 19:31:46.044 761 782 I ImeTracker: com.dangbei.leard.leradlauncher:294d81b3: onCancelled at PHASE_SERVER_SHOULD_HIDE
06-10 19:31:46.046 2107 2107 I DefaultIMS: onStartInput attribute=android.view.inputmethod.EditorInfo@8a1d3bd restarting=false inputType: 0
06-10 19:31:46.051 570 596 I WifiHAL : call wifi_get_link_stats handler
06-10 19:31:46.051 570 596 I WifiHAL : Creating message to get link statistics; iface = 16
06-10 19:31:46.051 570 596 D WifiHAL : error code -95 mapped to -3
06-10 19:31:46.053 761 899 E WifiStaIfaceAidlImpl: getLinkLayerStats failed with service-specific exception: android.os.ServiceSpecificException: (code 4)
06-10 19:31:46.062 558 586 D hdmicecd: [CEC]:printCecMessage, [4 -> 0] len: 2, body: 8e 00, result:success
06-10 19:31:46.062 558 586 E IPCThreadState: binder thread pool (1 threads) starved for 107 ms
06-10 19:31:46.063 761 938 D HDMI : [S]: 45:70:20:00
06-10 19:31:46.066 761 833 W WindowManager: [addWindow] title:Toast
06-10 19:31:46.073 9377 9377 V UNIPLAYERSDK: MediaPlayerImpl.cpp:408 [MediaPlayerImpl@0xf165fd84]isPlaying ret=0
06-10 19:31:46.074 9377 9377 V UNIPLAYERSDK: MediaPlayerImpl.cpp:400 [MediaPlayerImpl@0xf165fd84]isPaused ret=0
06-10 19:31:46.080 9377 9742 W q_h_c_s : HCDN_LOG: [T:9742]SetEasyOpt:1497,curl_easy_setopt CURLOPT_URL success: https://t7z.cupid.ptqy.gitv.tv/mixer?ap=cp&dvi=dGNrPTMmbnZhPTEmJmVuYz0xJmU9REZWUlhBVVNCUTlWREJkZUJ3VUZBRkpaVTFCZUFBQmNDRnNNV2xFSVZWVkRXMWxVV3dsV1Znc0JBd2tBQXdJRFcxa0FVRjVWQTBCT0QxZGFYZ01sQ1ZJQkRnZDhEbFpXQ3djRENTVWtIbDRGRjE1RUNCSVJXdz09<=6915973128964700&lh=0&vn=0&hmpm=-1&pas=0&fsu=0&ptid=14025032401000000000&cd=2293&cts=1749555105044&ai=2&idv=0&ss=2&vd=0&os=14&dpi=240&pmv=5.1.0202.15549&tp=203&vfai=ssv:0&idx=ept%3A1750414856%2Cgc%3A1156440300%2Cip%3A113X87X82X124&po=1&vii=2&m=DBBOX%2DA3&r=6.00.010&pi=1057382444771596&h5=0&vad=0&h4=0&fi=4&tvpm=1&rps=0&xas=1&e=2.1403.1.250523&ca=75&lv=14&y=1,15&l=20200817110900551NKVuEWAfr101626&rid=885f7e9e2ff99346b801706ebd4ec305&lp=0&ps=0&ims=IggQAxj_rKHCBiozCiA1NDkyOTQyYWRlMTg3MWJmMzUyNjZmOTAyN2NmNDY2OBAAIggI0AUQAhiwCSjoAjAFciQKIDU0OTI5NDJhZGUxODcxYmYzNTI2NmY5MDI3Y2Y0NjY4EACCAQQiAhACigEkCiIKIDUyYTVlNjRlYjExNWQ2YTc5YzY3YTY0N2I0MGY3Njg2&a=tv_cc46bef63fc2ad8d49126ac32881e261_1749550814769_3
06-10 19:31:46.080 9377 9742 W q_h_c_s : HCDN_LOG: 644146642&x=0&fa=2,3,10,11,13,15,16&n=819688AD8C837CA28BF99BDF857D1E25&nw=1&b=1233430264130200&v=1<s=0&ea=1&skt=6&pc=adABGPUB3xSXEOyxdBf2YRG6uti3xnCShzMm1z1MhdgU1TD3hpbnxlW7m1u3P1oX4Whv2d&o=5b2595716346b987025d27306c057cf5&tvdi=swo:1,smv:1&plt=0&i=gtv&d=qc_100001_100145&rsn=1 (reid: 75440423)
06-10 19:31:46.080 9377 9742 W q_h_c_s : HCDN_LOG: [T:9742]SetCurlResolve:2862,Set DNS entry (reid: 75440423, rmDnsEntry: , dnsEntry: +t7z.cupid.ptqy.gitv.tv:443:116.211.202.141,116.211.202.161)
06-10 19:31:46.081 9377 9742 W q_h_c_s : HCDN_LOG: [T:9742]SetCurlTimeout:4095,curl_easy_setopt CURLOPT_CONNECTTIMEOUT_MS success (reid: 75440423, timeout: 5001)
06-10 19:31:46.081 9377 9742 W q_h_c_s : HCDN_LOG: [T:9742]SetCurlTimeout:4161,curl_easy_setopt CURLOPT_TIMEOUT_MS success (reid: 75440423, timeout: 3000)
06-10 19:31:46.082 9377 9742 W q_h_c_s : HCDN_LOG: [T:9742]AddToMultiHandle:1145,AddToMultiHandle reid: 75440423, taskid(0), moduleId(5000), offset(0), length(-1), CURL(0xf13eb670), m_mapRun(3), m_mapReqId2EasyHandle(3), m_vecModuleRun(0,0,0,0,0,0,2,0,1)
06-10 19:31:46.093 761 833 D CoreBackPreview: Window{b2ff286 u0 Toast}: Setting back callback OnBackInvokedCallbackInfo{mCallback=android.window.IOnBackInvokedCallback$Stub$Proxy@173089d, mPriority=0, mIsAnimationCallback=false}
06-10 19:31:46.117 9377 9406 E OpenGLRenderer: Unable to match the desired swap behavior.
06-10 19:31:46.117 558 586 D hdmicecd: [CEC]:printCecMessage, [4 -> 5] len: 3, body: 70 20 00, result:no ack
06-10 19:31:46.123 9377 16031 D db_request: Response Body: {"requestId":"3caec4b5-f99d-437e-b470-9763b90d57c7","data":{"status":0},"code":0,"message":"success"}
06-10 19:31:46.131 9377 9377 I TvUniPlayer/UniPlayer@3774886: in handleMessage event:1901
06-10 19:31:46.131 9377 9377 I BitStreamMonitor@2357174: handlePlayerStateChangedMonitor() from=-1,to=0
06-10 19:31:46.131 9377 9377 I TvUniPlayer/UniPlayer@3774886: in handleMessage event:1901
06-10 19:31:46.131 9377 9377 I BitStreamMonitor@2357174: handlePlayerStateChangedMonitor() from=0,to=1
06-10 19:31:46.131 9377 9377 I TvUniPlayer/UniPlayer@3774886: in handleMessage event:101
06-10 19:31:46.132 9377 9377 D IQiyiPlayVideoView: onPreparing:com.gala.video.player.player.UniPlayer@3774886
06-10 19:31:46.132 9377 9377 I TvUniPlayer/UniPlayer@3774886: in handleMessage event:118
06-10 19:31:46.132 9377 9377 I TvUniPlayer/UniPlayer@3774886: in handleMessage event:1901
06-10 19:31:46.132 9377 9377 I BitStreamMonitor@2357174: handlePlayerStateChangedMonitor() from=1,to=11
06-10 19:31:46.132 9377 9377 I TvUniPlayer/UniPlayer@3774886: in handleMessage event:109
06-10 19:31:46.136 9377 9561 D staticsHelp: StaticsBuilder{topic='os_boot_play', map={play_type=3, aid_name=临江仙, source=12, devboot_id=1749551911997, play_id=1749555106134, aid=70593751, cid=1970, num=7, video_duration=, playaddtime=1749555106134, video_id=1, function=boot_detail, last_page=detail, ispause=2}}
06-10 19:31:46.145 9377 9377 D fullScreenDetail: collect:false
06-10 19:31:46.148 9377 9742 I CLog : 2025-06-10 19:31:46.148 T:9742 DEBUG: qtp-load(96) QtpHttpHeaderFinishCallback reqid:75440420 adv_header:0
06-10 19:31:46.149 9377 9742 I CLog : 2025-06-10 19:31:46.149 T:9742 DEBUG: [96]RecordNewConnectCount, count:0
06-10 19:31:46.149 9377 9742 I CLog : 2025-06-10 19:31:46.149 T:9742 INFO: qtp-load(96) QtpHttpFinishCallback reqid:75440420
06-10 19:31:46.149 9377 9742 I CLog : 2025-06-10 19:31:46.149 T:9742 INFO: qtp-load(96): local:192.168.3.107 remote:124.237.225.22, DNS:0(ms) Connect:0(ms) SSL Connect:0(ms) Recv Data:143(ms) total:183(ms), speed:0.00(KB/s)
06-10 19:31:46.149 9377 9742 I CLog : 2025-06-10 19:31:46.149 T:9742 INFO: qtp-load(96) QTPINFO_QTPFLOW_INFO: [1749555106148,id:75440420,ip:124.237.225.22,port:443,rt:0.000,ct:0.000,at:0.000,pt:0.001,st:0.143,tt:0.183,as:0.000,ts:0,rdt:0.000,ec:0,hc:200,hv:2,tp:ld]
06-10 19:31:46.149 9377 9742 I CLog : 2025-06-10 19:31:46.149 T:9742 DEBUG: qtp-load(96), data-len:0, access-control-allow-credentials:true access-control-allow-headers:Accept,Authorization,Cache-Control,Content-Type,DNT,If-Modified-Since,Keep-Alive,Origin,User-Agent,X-Requested-With access-control-allow-methods:GET, POST, PUT, DELETE, OPTIONS content-length:0 content-type:text/html date:Tue, 10 Jun 2025 11:31:46 GMT server:nginx server_ip:124.237.225.22
06-10 19:31:46.149 9377 9742 I CLog : 2025-06-10 19:31:46.149 T:9742 INFO: qtp-load(96), err(0, 0), syserr(0), transerr(0), multi(0), easy(0), http(200)
06-10 19:31:46.149 9377 9742 I CLog : 2025-06-10 19:31:46.149 T:9742 INFO: qtp-load(96): success! url:https://msg.ptqy.gitv.tv/core?t=5&ptid=14025032401000000000&pf=3&c1=&c2=&lvbck=&r=&aid=&u=tv_cc46bef63fc2ad8d49126ac32881e261_1749550814769_3644146642&pu=1057382444771596&os=android_034-01-01&v=2.1403.1.250523&krv=5.1.0202&krvb=15549&hcdnv=10.2.3.5212&lnv=&mdlm=&ra1=&ra2=&ra3=&ra4=&ra5=&ra6=&va=0&as=3b884faed3af2a1f3fcf96c92bd4acf0&ve=&islocal=&ht=0&tpcd=&tpad=-1&drm_t=0&abr_t=0&abr_m=-1&abr_at=&abr_p=0_0&chipid=amlogic&mod=&nettype=11&ua_model=DBBOX-A3&rn=1749555105962&stime=1749555105962&vdurt=&krus=tv_android_player&vpt=5_57_60&p1=0&p2=0&pdc_src=-1&a_ra=&a_va=&prtype=&smallplyrtp=&hwnp=&netmod=1&play_src=&mpi=&a=7&pt=
06-10 19:31:46.149 9377 9742 I CLog : 2025-06-10 19:31:46.149 T:9742 DEBUG: qtp-load(96): CheckLoadComplete exit
06-10 19:31:46.149 9377 9742 I CLog : 2025-06-10 19:31:46.149 T:9742 DEBUG: qtp-load(96) QtpHttpFinishCallback reqid:75440420 exit
06-10 19:31:46.149 9377 9762 I CLog : 2025-06-10 19:31:46.149 T:9762 INFO: qtp-load(96), reqid:75440420, timeout:3000, once_callback:1
06-10 19:31:46.170 9377 9561 D Statistics: response:
06-10 19:31:46.173 558 586 D hdmicecd: [CEC]:printCecMessage, [4 -> 5] len: 3, body: 70 20 00, result:no ack
06-10 19:31:46.174 761 938 D HDMI : [S]: 40:8F
06-10 19:31:46.179 9377 16485 D TrafficStats: tagSocket(96) with statsTag=0xffffffff, statsUid=-1
06-10 19:31:46.187 9377 9561 D Statistics: response:
06-10 19:31:46.188 9377 16272 D Statistics: response:
06-10 19:31:46.188 9377 16115 D TrafficStats: tagSocket(113) with statsTag=0xffffffff, statsUid=-1
06-10 19:31:46.189 9377 16444 D TrafficStats: tagSocket(110) with statsTag=0xffffffff, statsUid=-1
06-10 19:31:46.225 761 1120 D AudioService: Volume controller visible: false
06-10 19:31:46.236 9377 9607 V UFUnilog: UFNEasyCurlClientImpl.cpp : 66 PingbackSdk {fuc=UFNEasyCurlClientImpl:Perform(),logtag=babel_pb_178,interface_msg=out}
06-10 19:31:46.236 9377 9607 V UFUnilog: api_engine.cpp : 189 PingbackSdk {fuc=APIEngine:Call(),logtag=babel_pb_178,interface_msg=Start Try!,try_count=1}
