06-10 19:34:16.224 17147 17147 D uninstall: enable_service pid == 0
06-10 19:34:16.224 17147 17147 D uninstall: enable_service version >= 17 || version == 0 version == 34
06-10 19:34:16.270 6578 6579 I uninstall: watchdaemon process_name = com.ktcp.video:daemon has gone, start it
06-10 19:34:16.271 6578 6579 D uninstall: watchdaemon waitpid
06-10 19:34:16.271 17151 17151 D uninstall: watchdaemon pid == 0
06-10 19:34:16.271 17151 17151 D uninstall: watchdaemon version >= 17 || version == 0 version == 34
06-10 19:34:16.365 570 596 I WifiHAL : call wifi_get_link_stats handler
06-10 19:34:16.365 570 596 I WifiHAL : Creating message to get link statistics; iface = 16
06-10 19:34:16.365 570 596 D WifiHAL : error code -95 mapped to -3
06-10 19:34:16.365 761 899 E WifiStaIfaceAidlImpl: getLinkLayerStats failed with service-specific exception: android.os.ServiceSpecificException: (code 4)
06-10 19:34:16.983 761 796 W ProcessStats: Tracking association SourceState{b862820 com.ktcp.video/10078 Service #1757} whose proc state 8 is better than process ProcessState{77d1a27 com.ktcp.video:daemon/10078 pkg=com.ktcp.video} proc state 14 (1 skipped)
06-10 19:34:17.004 1073 1331 W bt_stack: [WARNING:client_interface_aidl.cc(471)] ReadAudioData: 2048/4096 no data 10 ms
06-10 19:34:17.004 1073 1331 W bt_btif_a2dp_source: packages/modules/Bluetooth/system/btif/src/btif_a2dp_source.cc:946 btif_a2dp_source_read_callback: btif_a2dp_source_read_callback: UNDERFLOW: ONLY READ 2048 BYTES OUT OF 4096
06-10 19:34:19.369 570 596 I WifiHAL : call wifi_get_link_stats handler
06-10 19:34:19.369 570 596 I WifiHAL : Creating message to get link statistics; iface = 16
06-10 19:34:19.369 570 596 D WifiHAL : error code -95 mapped to -3
06-10 19:34:19.369 761 899 E WifiStaIfaceAidlImpl: getLinkLayerStats failed with service-specific exception: android.os.ServiceSpecificException: (code 4)
06-10 19:34:19.511 1073 1331 W bt_stack: [WARNING:client_interface_aidl.cc(471)] ReadAudioData: 2048/4096 no data 10 ms
06-10 19:34:19.511 1073 1331 W bt_btif_a2dp_source: packages/modules/Bluetooth/system/btif/src/btif_a2dp_source.cc:946 btif_a2dp_source_read_callback: btif_a2dp_source_read_callback: UNDERFLOW: ONLY READ 2048 BYTES OUT OF 4096
06-10 19:34:20.045 4174 6769 D TrafficStats: tagSocket(108) with statsTag=0xffffffff, statsUid=-1
06-10 19:34:20.569 1073 1331 W bt_stack: [WARNING:client_interface_aidl.cc(471)] ReadAudioData: 2048/4096 no data 10 ms
06-10 19:34:20.569 1073 1331 W bt_btif_a2dp_source: packages/modules/Bluetooth/system/btif/src/btif_a2dp_source.cc:946 btif_a2dp_source_read_callback: btif_a2dp_source_read_callback: UNDERFLOW: ONLY READ 2048 BYTES OUT OF 4096
06-10 19:34:20.720 542 719 I audio_hw_hal_alsamgr: aml_alsa_output_write alsa_running_status[0xf0dc1cd0] change from 1 to 0
06-10 19:34:20.720 542 719 W audio_hw_hal_alsamgr: [aml_alsa_output_write:616] alsa underrun
06-10 19:34:20.740 542 719 I audio_hw_hal_ms12v2: dolby_ms12_threadloop alsa is not running
06-10 19:34:20.743 542 719 I audio_hw_hal_alsamgr: aml_alsa_output_write alsa_running_status[0xf0dc1cd0] change from 0 to 1
06-10 19:34:22.376 570 596 I WifiHAL : call wifi_get_link_stats handler
06-10 19:34:22.376 570 596 I WifiHAL : Creating message to get link statistics; iface = 16
06-10 19:34:22.377 570 596 D WifiHAL : error code -95 mapped to -3
06-10 19:34:22.377 761 899 E WifiStaIfaceAidlImpl: getLinkLayerStats failed with service-specific exception: android.os.ServiceSpecificException: (code 4)
06-10 19:34:22.409 1073 1331 W bt_stack: [WARNING:client_interface_aidl.cc(471)] ReadAudioData: 2048/4096 no data 10 ms
06-10 19:34:22.409 1073 1331 W bt_btif_a2dp_source: packages/modules/Bluetooth/system/btif/src/btif_a2dp_source.cc:946 btif_a2dp_source_read_callback: btif_a2dp_source_read_callback: UNDERFLOW: ONLY READ 2048 BYTES OUT OF 4096
06-10 19:34:22.498 3463 12142 D TrafficStats: tagSocket(166) with statsTag=0xffffffff, statsUid=-1
06-10 19:34:23.591 4174 4650 I XcdnEngine-N: 2025-06-10 19:34:23.591 [connection_manager.cpp:426] send error:Network is unreachable
06-10 19:34:24.663 1073 1331 W bt_stack: [WARNING:client_interface_aidl.cc(471)] ReadAudioData: 2048/4096 no data 10 ms
06-10 19:34:24.663 1073 1331 W bt_btif_a2dp_source: packages/modules/Bluetooth/system/btif/src/btif_a2dp_source.cc:946 btif_a2dp_source_read_callback: btif_a2dp_source_read_callback: UNDERFLOW: ONLY READ 2048 BYTES OUT OF 4096
06-10 19:34:24.954 4174 4594 I [NIP] : [ng handler] update remote cfg last:1749555254943, cur:1749555264953
06-10 19:34:24.954 4174 4594 E OTTPlayer: [NIP] [NIP][ng handler] update remote cfg last:1749555254943, cur:1749555264953
06-10 19:34:25.382 570 596 I WifiHAL : call wifi_get_link_stats handler
06-10 19:34:25.383 570 596 I WifiHAL : Creating message to get link statistics; iface = 16
06-10 19:34:25.383 570 596 D WifiHAL : error code -95 mapped to -3
06-10 19:34:25.384 761 899 E WifiStaIfaceAidlImpl: getLinkLayerStats failed with service-specific exception: android.os.ServiceSpecificException: (code 4)
06-10 19:34:25.410 4174 4615 I PCDN_TAG: [ 4614]Peer::pulse,state:3,port:8909,fr:0,fmode=C1FF,ftype=C000
06-10 19:34:25.912 4174 4174 I CPUMonitor: type=1400 audit(0.0:3914): avc: denied { open } for path="/proc/stat" dev="proc" ino=4026532003 scontext=u:r:untrusted_app_25:s0:c512,c768 tcontext=u:object_r:proc_stat:s0 tclass=file permissive=1 app=com.cibn.tv
06-10 19:34:25.912 4174 4174 I CPUMonitor: type=1400 audit(0.0:3915): avc: denied { getattr } for path="/proc/stat" dev="proc" ino=4026532003 scontext=u:r:untrusted_app_25:s0:c512,c768 tcontext=u:object_r:proc_stat:s0 tclass=file permissive=1 app=com.cibn.tv
06-10 19:34:26.250 1073 1331 W bt_stack: [WARNING:client_interface_aidl.cc(471)] ReadAudioData: 2048/4096 no data 10 ms
06-10 19:34:26.250 1073 1331 W bt_btif_a2dp_source: packages/modules/Bluetooth/system/btif/src/btif_a2dp_source.cc:946 btif_a2dp_source_read_callback: btif_a2dp_source_read_callback: UNDERFLOW: ONLY READ 2048 BYTES OUT OF 4096
06-10 19:34:26.363 6578 6579 D uninstall: isAllowStart last_delay 0, current_time 1749555266
06-10 19:34:26.363 6578 6579 I uninstall: enable_service com.ktcp.video/com.tencent.qqlivetv.keeplive.proc.DaemonService com.ktcp.video/(null)
06-10 19:34:26.364 6578 6579 D uninstall: enable_service waitpid
06-10 19:34:26.364 17174 17174 D uninstall: enable_service pid == 0
06-10 19:34:26.364 17174 17174 D uninstall: enable_service version >= 17 || version == 0 version == 34
06-10 19:34:26.410 6578 6579 I uninstall: watchdaemon process_name = com.ktcp.video:daemon has gone, start it
06-10 19:34:26.411 6578 6579 D uninstall: watchdaemon waitpid
06-10 19:34:26.411 17178 17178 D uninstall: watchdaemon pid == 0
06-10 19:34:26.411 17178 17178 D uninstall: watchdaemon version >= 17 || version == 0 version == 34
06-10 19:34:26.624 1073 1286 I bt_btif_dm: packages/modules/Bluetooth/system/btif/src/btif_dm.cc:691 btif_update_remote_properties: cod from storage is also unclassified
06-10 19:34:27.561 1073 1331 W bt_stack: [WARNING:client_interface_aidl.cc(471)] ReadAudioData: 2048/4096 no data 10 ms
06-10 19:34:27.561 1073 1331 W bt_btif_a2dp_source: packages/modules/Bluetooth/system/btif/src/btif_a2dp_source.cc:946 btif_a2dp_source_read_callback: btif_a2dp_source_read_callback: UNDERFLOW: ONLY READ 2048 BYTES OUT OF 4096
06-10 19:34:27.943 542 719 I audio_hw_hal_alsamgr: aml_alsa_output_write alsa_running_status[0xf0dc1cd0] change from 1 to 0
06-10 19:34:27.943 542 719 W audio_hw_hal_alsamgr: [aml_alsa_output_write:616] alsa underrun
06-10 19:34:27.963 542 719 I audio_hw_hal_ms12v2: dolby_ms12_threadloop alsa is not running
06-10 19:34:27.965 542 719 I audio_hw_hal_alsamgr: aml_alsa_output_write alsa_running_status[0xf0dc1cd0] change from 0 to 1
06-10 19:34:28.390 570 596 I WifiHAL : call wifi_get_link_stats handler
06-10 19:34:28.390 570 596 I WifiHAL : Creating message to get link statistics; iface = 16
06-10 19:34:28.390 570 596 D WifiHAL : error code -95 mapped to -3
06-10 19:34:28.390 761 899 E WifiStaIfaceAidlImpl: getLinkLayerStats failed with service-specific exception: android.os.ServiceSpecificException: (code 4)
06-10 19:34:28.895 1073 1331 W bt_stack: [WARNING:client_interface_aidl.cc(471)] ReadAudioData: 2048/4096 no data 10 ms
06-10 19:34:28.895 1073 1331 W bt_btif_a2dp_source: packages/modules/Bluetooth/system/btif/src/btif_a2dp_source.cc:946 btif_a2dp_source_read_callback: btif_a2dp_source_read_callback: UNDERFLOW: ONLY READ 2048 BYTES OUT OF 4096
06-10 19:34:29.953 1073 1331 W bt_stack: [WARNING:client_interface_aidl.cc(471)] ReadAudioData: 2048/4096 no data 10 ms
06-10 19:34:29.953 1073 1331 W bt_btif_a2dp_source: packages/modules/Bluetooth/system/btif/src/btif_a2dp_source.cc:946 btif_a2dp_source_read_callback: btif_a2dp_source_read_callback: UNDERFLOW: ONLY READ 2048 BYTES OUT OF 4096
06-10 19:34:31.397 570 596 I WifiHAL : call wifi_get_link_stats handler
06-10 19:34:31.397 570 596 I WifiHAL : Creating message to get link statistics; iface = 16
06-10 19:34:31.397 570 596 D WifiHAL : error code -95 mapped to -3
06-10 19:34:31.397 761 899 E WifiStaIfaceAidlImpl: getLinkLayerStats failed with service-specific exception: android.os.ServiceSpecificException: (code 4)
06-10 19:34:31.811 1638 1638 D bbb : onStartCommand begin !!!!!!! data分区剩余 53023MB
06-10 19:34:31.916 761 761 V HotPlugDetectionAction: Poll all devices.
06-10 19:34:31.973 558 586 D hdmicecd: [CEC]:printCecMessage, [4 -> 0] len: 0, body:, result:success
06-10 19:34:32.029 558 586 D hdmicecd: [CEC]:printCecMessage, [4 -> 1] len: 0, body:, result:no ack
06-10 19:34:32.089 558 586 D hdmicecd: [CEC]:printCecMessage, [4 -> 3] len: 0, body:, result:no ack
06-10 19:34:32.145 558 586 D hdmicecd: [CEC]:printCecMessage, [4 -> 5] len: 0, body:, result:no ack
06-10 19:34:32.205 558 586 D hdmicecd: [CEC]:printCecMessage, [4 -> 8] len: 0, body:, result:no ack
06-10 19:34:32.207 1073 1331 W bt_stack: [WARNING:client_interface_aidl.cc(471)] ReadAudioData: 2048/4096 no data 10 ms
06-10 19:34:32.207 1073 1331 W bt_btif_a2dp_source: packages/modules/Bluetooth/system/btif/src/btif_a2dp_source.cc:946 btif_a2dp_source_read_callback: btif_a2dp_source_read_callback: UNDERFLOW: ONLY READ 2048 BYTES OUT OF 4096
06-10 19:34:32.261 558 586 D hdmicecd: [CEC]:printCecMessage, [4 -> b] len: 0, body:, result:no ack
06-10 19:34:32.317 558 586 D hdmicecd: [CEC]:printCecMessage, [4 -> e] len: 0, body:, result:no ack
06-10 19:34:32.318 761 761 D HdmiCecController: [P]:AllocatedAddress=[0]
06-10 19:34:32.988 3463 3463 I cling--ap-70: type=1400 audit(0.0:3916): avc: denied { search } for name="net" dev="sysfs" ino=12344 scontext=u:r:untrusted_app_27:s0:c43,c256,c512,c768 tcontext=u:object_r:sysfs_net:s0 tclass=dir permissive=1 app=com.dangbei.screencast
06-10 19:34:34.047 1073 1331 W bt_stack: [WARNING:client_interface_aidl.cc(471)] ReadAudioData: 2048/4096 no data 10 ms
06-10 19:34:34.047 1073 1331 W bt_btif_a2dp_source: packages/modules/Bluetooth/system/btif/src/btif_a2dp_source.cc:946 btif_a2dp_source_read_callback: btif_a2dp_source_read_callback: UNDERFLOW: ONLY READ 2048 BYTES OUT OF 4096
06-10 19:34:34.401 570 596 I WifiHAL : call wifi_get_link_stats handler
06-10 19:34:34.401 570 596 I WifiHAL : Creating message to get link statistics; iface = 16
06-10 19:34:34.401 570 596 D WifiHAL : error code -95 mapped to -3
06-10 19:34:34.402 761 899 E WifiStaIfaceAidlImpl: getLinkLayerStats failed with service-specific exception: android.os.ServiceSpecificException: (code 4)
06-10 19:34:34.965 4174 4594 I [NIP] : [ng handler] update remote cfg last:1749555264953, cur:1749555274964
06-10 19:34:34.965 4174 4594 E OTTPlayer: [NIP] [NIP][ng handler] update remote cfg last:1749555264953, cur:1749555274964
06-10 19:34:35.415 4174 4615 I PCDN_TAG: [ 4614]Peer::pulse,state:3,port:8909,fr:0,fmode=C1FF,ftype=C000
06-10 19:34:35.714 1505 1867 D WanClient: sendHeartMessage
06-10 19:34:35.715 1505 1867 D WanClient: -----final------sendMessage: {"type":"2bKPMh2jwmQ="}
06-10 19:34:35.730 1505 6993 D WanClient: onMessage:Thread[WebSocketConnectReadThread-118,5,main]--{"msg":"+MSejyjwlbc="}
06-10 19:34:35.732 1505 6993 D WanClient: onMessageReceived:Thread[WebSocketConnectReadThread-118,5,main] {"msg":"+MSejyjwlbc="}
06-10 19:34:35.732 1505 6993 D WanClient: type: null
06-10 19:34:35.732 1505 6993 D WanClient: send:HB7FxtN64oc=
06-10 19:34:35.732 1505 6993 D WanClient: leave:uQ3qCmhm4oA=
06-10 19:34:35.732 1505 6993 D WanClient: join:7EsoetslBbs=
06-10 19:34:35.732 1505 6993 D WanClient: Me3/LwZ5vWJxjtP9s3upnQ==
06-10 19:34:36.182 1073 1286 I bt_btif_dm: packages/modules/Bluetooth/system/btif/src/btif_dm.cc:695 btif_update_remote_properties: class of device (cod) is 0x00050c
06-10 19:34:36.301 1073 1331 W bt_stack: [WARNING:client_interface_aidl.cc(471)] ReadAudioData: 2048/4096 no data 10 ms
06-10 19:34:36.301 1073 1331 W bt_btif_a2dp_source: packages/modules/Bluetooth/system/btif/src/btif_a2dp_source.cc:946 btif_a2dp_source_read_callback: btif_a2dp_source_read_callback: UNDERFLOW: ONLY READ 2048 BYTES OUT OF 4096
06-10 19:34:36.341 1073 1286 I bt_btif_dm: packages/modules/Bluetooth/system/btif/src/btif_dm.cc:695 btif_update_remote_properties: class of device (cod) is 0x00050c
06-10 19:34:36.502 6578 6579 D uninstall: isAllowStart last_delay 0, current_time 1749555276
06-10 19:34:36.502 6578 6579 I uninstall: enable_service com.ktcp.video/com.tencent.qqlivetv.keeplive.proc.DaemonService com.ktcp.video/(null)
06-10 19:34:36.504 6578 6579 D uninstall: enable_service waitpid
06-10 19:34:36.505 17204 17204 D uninstall: enable_service pid == 0
06-10 19:34:36.505 17204 17204 D uninstall: enable_service version >= 17 || version == 0 version == 34
06-10 19:34:36.555 6578 6579 I uninstall: watchdaemon process_name = com.ktcp.video:daemon has gone, start it
06-10 19:34:36.556 6578 6579 D uninstall: watchdaemon waitpid
06-10 19:34:36.556 17208 17208 D uninstall: watchdaemon pid == 0
06-10 19:34:36.556 17208 17208 D uninstall: watchdaemon version >= 17 || version == 0 version == 34
06-10 19:34:37.359 1073 1331 W bt_stack: [WARNING:client_interface_aidl.cc(471)] ReadAudioData: 2048/4096 no data 10 ms
06-10 19:34:37.359 1073 1331 W bt_btif_a2dp_source: packages/modules/Bluetooth/system/btif/src/btif_a2dp_source.cc:946 btif_a2dp_source_read_callback: btif_a2dp_source_read_callback: UNDERFLOW: ONLY READ 2048 BYTES OUT OF 4096
06-10 19:34:37.409 570 596 I WifiHAL : call wifi_get_link_stats handler
06-10 19:34:37.409 570 596 I WifiHAL : Creating message to get link statistics; iface = 16
06-10 19:34:37.409 570 596 D WifiHAL : error code -95 mapped to -3
06-10 19:34:37.409 761 899 E WifiStaIfaceAidlImpl: getLinkLayerStats failed with service-specific exception: android.os.ServiceSpecificException: (code 4)
06-10 19:34:38.187 1073 1286 I bt_btif_dm: packages/modules/Bluetooth/system/btif/src/btif_dm.cc:695 btif_update_remote_properties: class of device (cod) is 0x00050c
06-10 19:34:38.194 1073 1286 I bt_btif_dm: packages/modules/Bluetooth/system/btif/src/btif_dm.cc:695 btif_update_remote_properties: class of device (cod) is 0x00050c
06-10 19:34:38.335 1073 1286 I bt_btif_dm: packages/modules/Bluetooth/system/btif/src/btif_dm.cc:695 btif_update_remote_properties: class of device (cod) is 0x00050c
06-10 19:34:38.340 1073 1286 I bt_btif_dm: packages/modules/Bluetooth/system/btif/src/btif_dm.cc:695 btif_update_remote_properties: class of device (cod) is 0x00050c
06-10 19:34:38.487 1073 1286 I bt_btif_dm: packages/modules/Bluetooth/system/btif/src/btif_dm.cc:695 btif_update_remote_properties: class of device (cod) is 0x00050c
06-10 19:34:39.613 1073 1331 W bt_stack: [WARNING:client_interface_aidl.cc(471)] ReadAudioData: 2048/4096 no data 10 ms
06-10 19:34:39.613 1073 1331 W bt_btif_a2dp_source: packages/modules/Bluetooth/system/btif/src/btif_a2dp_source.cc:946 btif_a2dp_source_read_callback: btif_a2dp_source_read_callback: UNDERFLOW: ONLY READ 2048 BYTES OUT OF 4096
06-10 19:34:40.415 570 596 I WifiHAL : call wifi_get_link_stats handler
06-10 19:34:40.415 570 596 I WifiHAL : Creating message to get link statistics; iface = 16
06-10 19:34:40.415 570 596 D WifiHAL : error code -95 mapped to -3
06-10 19:34:40.415 761 899 E WifiStaIfaceAidlImpl: getLinkLayerStats failed with service-specific exception: android.os.ServiceSpecificException: (code 4)
06-10 19:34:41.452 542 719 I audio_hw_hal_alsamgr: alsa format =0x1 delay frames =768 total frames=162060800
06-10 19:34:41.706 1073 1331 W bt_stack: [WARNING:client_interface_aidl.cc(471)] ReadAudioData: 2048/4096 no data 10 ms
06-10 19:34:41.706 1073 1331 W bt_btif_a2dp_source: packages/modules/Bluetooth/system/btif/src/btif_a2dp_source.cc:946 btif_a2dp_source_read_callback: btif_a2dp_source_read_callback: UNDERFLOW: ONLY READ 2048 BYTES OUT OF 4096
06-10 19:34:43.421 570 596 I WifiHAL : call wifi_get_link_stats handler
06-10 19:34:43.422 570 596 I WifiHAL : Creating message to get link statistics; iface = 16
06-10 19:34:43.422 570 596 D WifiHAL : error code -95 mapped to -3
06-10 19:34:43.423 761 899 E WifiStaIfaceAidlImpl: getLinkLayerStats failed with service-specific exception: android.os.ServiceSpecificException: (code 4)
06-10 19:34:43.609 4174 4650 I XcdnEngine-N: 2025-06-10 19:34:43.609 [connection_manager.cpp:426] send error:Network is unreachable
06-10 19:34:43.960 1073 1331 W bt_stack: [WARNING:client_interface_aidl.cc(471)] ReadAudioData: 2048/4096 no data 10 ms
06-10 19:34:43.960 1073 1331 W bt_btif_a2dp_source: packages/modules/Bluetooth/system/btif/src/btif_a2dp_source.cc:946 btif_a2dp_source_read_callback: btif_a2dp_source_read_callback: UNDERFLOW: ONLY READ 2048 BYTES OUT OF 4096
06-10 19:34:44.970 4174 4594 I [NIP] : [ng handler] update remote cfg last:1749555274964, cur:1749555284969
06-10 19:34:44.970 4174 4594 E OTTPlayer: [NIP] [NIP][ng handler] update remote cfg last:1749555274964, cur:1749555284969
06-10 19:34:45.420 4174 4615 I PCDN_TAG: [ 4614]Peer::pulse,state:3,port:8909,fr:0,fmode=C1FF,ftype=C000
06-10 19:34:45.961 1073 1331 W bt_stack: [WARNING:client_interface_aidl.cc(471)] ReadAudioData: 2048/4096 no data 10 ms
06-10 19:34:45.961 1073 1331 W bt_btif_a2dp_source: packages/modules/Bluetooth/system/btif/src/btif_a2dp_source.cc:946 btif_a2dp_source_read_callback: btif_a2dp_source_read_callback: UNDERFLOW: ONLY READ 2048 BYTES OUT OF 4096
06-10 19:34:46.427 570 596 I WifiHAL : call wifi_get_link_stats handler
06-10 19:34:46.427 570 596 I WifiHAL : Creating message to get link statistics; iface = 16
06-10 19:34:46.427 570 596 D WifiHAL : error code -95 mapped to -3
06-10 19:34:46.428 761 899 E WifiStaIfaceAidlImpl: getLinkLayerStats failed with service-specific exception: android.os.ServiceSpecificException: (code 4)
06-10 19:34:46.646 761 844 W ProcessStats: Tracking association SourceState{b862820 com.ktcp.video/10078 Service #1761} whose proc state 8 is better than process ProcessState{77d1a27 com.ktcp.video:daemon/10078 pkg=com.ktcp.video} proc state 14 (1 skipped)
06-10 19:34:46.646 6578 6579 D uninstall: isAllowStart last_delay 0, current_time 1749555286
06-10 19:34:46.646 6578 6579 I uninstall: enable_service com.ktcp.video/com.tencent.qqlivetv.keeplive.proc.DaemonService com.ktcp.video/(null)
06-10 19:34:46.647 6578 6579 D uninstall: enable_service waitpid
06-10 19:34:46.648 17228 17228 D uninstall: enable_service pid == 0
06-10 19:34:46.649 17228 17228 D uninstall: enable_service version >= 17 || version == 0 version == 34
06-10 19:34:46.693 6578 6579 I uninstall: watchdaemon process_name = com.ktcp.video:daemon has gone, start it
06-10 19:34:46.694 6578 6579 D uninstall: watchdaemon waitpid
06-10 19:34:46.694 17232 17232 D uninstall: watchdaemon pid == 0
06-10 19:34:46.694 17232 17232 D uninstall: watchdaemon version >= 17 || version == 0 version == 34
06-10 19:34:47.768 4174 5138 D TrafficStats: tagSocket(108) with statsTag=0xffffffff, statsUid=-1
06-10 19:34:48.054 1073 1331 W bt_stack: [WARNING:client_interface_aidl.cc(471)] ReadAudioData: 2048/4096 no data 10 ms
06-10 19:34:48.054 1073 1331 W bt_btif_a2dp_source: packages/modules/Bluetooth/system/btif/src/btif_a2dp_source.cc:946 btif_a2dp_source_read_callback: btif_a2dp_source_read_callback: UNDERFLOW: ONLY READ 2048 BYTES OUT OF 4096
06-10 19:34:49.365 1073 1331 W bt_stack: [WARNING:client_interface_aidl.cc(471)] ReadAudioData: 2048/4096 no data 10 ms
06-10 19:34:49.365 1073 1331 W bt_btif_a2dp_source: packages/modules/Bluetooth/system/btif/src/btif_a2dp_source.cc:946 btif_a2dp_source_read_callback: btif_a2dp_source_read_callback: UNDERFLOW: ONLY READ 2048 BYTES OUT OF 4096
06-10 19:34:49.434 570 596 I WifiHAL : call wifi_get_link_stats handler
06-10 19:34:49.434 570 596 I WifiHAL : Creating message to get link statistics; iface = 16
06-10 19:34:49.434 570 596 D WifiHAL : error code -95 mapped to -3
06-10 19:34:49.434 761 899 E WifiStaIfaceAidlImpl: getLinkLayerStats failed with service-specific exception: android.os.ServiceSpecificException: (code 4)
06-10 19:34:49.677 542 719 I audio_hw_hal_alsamgr: aml_alsa_output_write alsa_running_status[0xf0dc1cd0] change from 1 to 0
06-10 19:34:49.677 542 719 W audio_hw_hal_alsamgr: [aml_alsa_output_write:616] alsa underrun
06-10 19:34:49.697 542 719 I audio_hw_hal_ms12v2: dolby_ms12_threadloop alsa is not running
06-10 19:34:49.701 542 719 I audio_hw_hal_alsamgr: aml_alsa_output_write alsa_running_status[0xf0dc1cd0] change from 0 to 1
06-10 19:34:51.366 1073 1331 W bt_stack: [WARNING:client_interface_aidl.cc(471)] ReadAudioData: 2048/4096 no data 10 ms
06-10 19:34:51.367 1073 1331 W bt_btif_a2dp_source: packages/modules/Bluetooth/system/btif/src/btif_a2dp_source.cc:946 btif_a2dp_source_read_callback: btif_a2dp_source_read_callback: UNDERFLOW: ONLY READ 2048 BYTES OUT OF 4096
06-10 19:34:52.441 570 596 I WifiHAL : call wifi_get_link_stats handler
06-10 19:34:52.441 570 596 I WifiHAL : Creating message to get link statistics; iface = 16
06-10 19:34:52.441 570 596 D WifiHAL : error code -95 mapped to -3
06-10 19:34:52.441 761 899 E WifiStaIfaceAidlImpl: getLinkLayerStats failed with service-specific exception: android.os.ServiceSpecificException: (code 4)
06-10 19:34:53.206 1073 1331 W bt_stack: [WARNING:client_interface_aidl.cc(471)] ReadAudioData: 2048/4096 no data 10 ms
06-10 19:34:53.206 1073 1331 W bt_btif_a2dp_source: packages/modules/Bluetooth/system/btif/src/btif_a2dp_source.cc:946 btif_a2dp_source_read_callback: btif_a2dp_source_read_callback: UNDERFLOW: ONLY READ 2048 BYTES OUT OF 4096
06-10 19:34:54.982 4174 4594 I [NIP] : [ng handler] update remote cfg last:1749555284969, cur:1749555294980
06-10 19:34:54.982 4174 4594 E OTTPlayer: [NIP] [NIP][ng handler] update remote cfg last:1749555284969, cur:1749555294980
06-10 19:34:55.425 4174 4615 I PCDN_TAG: [ 4614]Peer::pulse,state:3,port:8909,fr:0,fmode=C1FF,ftype=C000
06-10 19:34:55.446 570 596 I WifiHAL : call wifi_get_link_stats handler
06-10 19:34:55.446 570 596 I WifiHAL : Creating message to get link statistics; iface = 16
06-10 19:34:55.446 570 596 D WifiHAL : error code -95 mapped to -3
06-10 19:34:55.447 761 899 E WifiStaIfaceAidlImpl: getLinkLayerStats failed with service-specific exception: android.os.ServiceSpecificException: (code 4)
06-10 19:34:55.713 1073 1331 W bt_stack: [WARNING:client_interface_aidl.cc(471)] ReadAudioData: 2048/4096 no data 10 ms
06-10 19:34:55.713 1073 1331 W bt_btif_a2dp_source: packages/modules/Bluetooth/system/btif/src/btif_a2dp_source.cc:946 btif_a2dp_source_read_callback: btif_a2dp_source_read_callback: UNDERFLOW: ONLY READ 2048 BYTES OUT OF 4096
06-10 19:34:55.714 1505 1867 D WanClient: sendHeartMessage
06-10 19:34:55.715 1505 1867 D WanClient: -----final------sendMessage: {"type":"2bKPMh2jwmQ="}
06-10 19:34:55.735 1505 6993 D WanClient: onMessage:Thread[WebSocketConnectReadThread-118,5,main]--{"msg":"+MSejyjwlbc="}
06-10 19:34:55.737 1505 6993 D WanClient: onMessageReceived:Thread[WebSocketConnectReadThread-118,5,main] {"msg":"+MSejyjwlbc="}
06-10 19:34:55.737 1505 6993 D WanClient: type: null
06-10 19:34:55.737 1505 6993 D WanClient: send:HB7FxtN64oc=
06-10 19:34:55.737 1505 6993 D WanClient: leave:uQ3qCmhm4oA=
06-10 19:34:55.737 1505 6993 D WanClient: join:7EsoetslBbs=
06-10 19:34:55.737 1505 6993 D WanClient: Me3/LwZ5vWJxjtP9s3upnQ==
06-10 19:34:56.786 6578 6579 D uninstall: isAllowStart last_delay 0, current_time 1749555296
06-10 19:34:56.786 6578 6579 I uninstall: enable_service com.ktcp.video/com.tencent.qqlivetv.keeplive.proc.DaemonService com.ktcp.video/(null)
06-10 19:34:56.787 6578 6579 D uninstall: enable_service waitpid
06-10 19:34:56.787 17254 17254 D uninstall: enable_service pid == 0
06-10 19:34:56.787 17254 17254 D uninstall: enable_service version >= 17 || version == 0 version == 34
06-10 19:34:56.830 6578 6579 I uninstall: watchdaemon process_name = com.ktcp.video:daemon has gone, start it
06-10 19:34:56.831 6578 6579 D uninstall: watchdaemon waitpid
06-10 19:34:56.831 17258 17258 D uninstall: watchdaemon pid == 0
06-10 19:34:56.831 17258 17258 D uninstall: watchdaemon version >= 17 || version == 0 version == 34
06-10 19:34:58.453 570 596 I WifiHAL : call wifi_get_link_stats handler
06-10 19:34:58.453 570 596 I WifiHAL : Creating message to get link statistics; iface = 16
06-10 19:34:58.453 570 596 D WifiHAL : error code -95 mapped to -3
06-10 19:34:58.453 761 899 E WifiStaIfaceAidlImpl: getLinkLayerStats failed with service-specific exception: android.os.ServiceSpecificException: (code 4)
06-10 19:34:58.473 1073 1331 W bt_stack: [WARNING:client_interface_aidl.cc(471)] ReadAudioData: 2048/4096 no data 10 ms
06-10 19:34:58.473 1073 1331 W bt_btif_a2dp_source: packages/modules/Bluetooth/system/btif/src/btif_a2dp_source.cc:946 btif_a2dp_source_read_callback: btif_a2dp_source_read_callback: UNDERFLOW: ONLY READ 2048 BYTES OUT OF 4096
06-10 19:35:00.635 1073 1331 W bt_stack: [WARNING:client_interface_aidl.cc(471)] ReadAudioData: 2048/4096 no data 10 ms
06-10 19:35:00.635 1073 1331 W bt_btif_a2dp_source: packages/modules/Bluetooth/system/btif/src/btif_a2dp_source.cc:946 btif_a2dp_source_read_callback: btif_a2dp_source_read_callback: UNDERFLOW: ONLY READ 2048 BYTES OUT OF 4096
06-10 19:35:01.458 570 596 I WifiHAL : call wifi_get_link_stats handler
06-10 19:35:01.458 570 596 I WifiHAL : Creating message to get link statistics; iface = 16
06-10 19:35:01.458 570 596 D WifiHAL : error code -95 mapped to -3
06-10 19:35:01.458 761 899 E WifiStaIfaceAidlImpl: getLinkLayerStats failed with service-specific exception: android.os.ServiceSpecificException: (code 4)
06-10 19:35:02.623 4174 4650 I XcdnEngine-N: 2025-06-10 19:35:02.623 [connection_manager.cpp:426] send error:Network is unreachable
06-10 19:35:03.234 1073 1331 W bt_stack: [WARNING:client_interface_aidl.cc(471)] ReadAudioData: 2048/4096 no data 10 ms
06-10 19:35:03.234 1073 1331 W bt_btif_a2dp_source: packages/modules/Bluetooth/system/btif/src/btif_a2dp_source.cc:946 btif_a2dp_source_read_callback: btif_a2dp_source_read_callback: UNDERFLOW: ONLY READ 2048 BYTES OUT OF 4096
06-10 19:35:03.625 4174 4650 I XcdnEngine-N: 2025-06-10 19:35:03.624 [connection_manager.cpp:426] send error:Network is unreachable
06-10 19:35:04.464 570 596 I WifiHAL : call wifi_get_link_stats handler
06-10 19:35:04.464 570 596 I WifiHAL : Creating message to get link statistics; iface = 16
06-10 19:35:04.464 570 596 D WifiHAL : error code -95 mapped to -3
06-10 19:35:04.465 761 899 E WifiStaIfaceAidlImpl: getLinkLayerStats failed with service-specific exception: android.os.ServiceSpecificException: (code 4)
06-10 19:35:04.993 4174 4594 I [NIP] : [ng handler] update remote cfg last:1749555294980, cur:1749555304992
06-10 19:35:04.993 4174 4594 E OTTPlayer: [NIP] [NIP][ng handler] update remote cfg last:1749555294980, cur:1749555304992
06-10 19:35:05.431 4174 4615 I PCDN_TAG: [ 4614]Peer::pulse,state:3,port:8909,fr:0,fmode=C1FF,ftype=C000
06-10 19:35:05.741 1073 1331 W bt_stack: [WARNING:client_interface_aidl.cc(471)] ReadAudioData: 2048/4096 no data 10 ms
06-10 19:35:05.741 1073 1331 W bt_btif_a2dp_source: packages/modules/Bluetooth/system/btif/src/btif_a2dp_source.cc:946 btif_a2dp_source_read_callback: btif_a2dp_source_read_callback: UNDERFLOW: ONLY READ 2048 BYTES OUT OF 4096
06-10 19:35:06.924 6578 6579 D uninstall: isAllowStart last_delay 0, current_time 1749555306
06-10 19:35:06.924 6578 6579 I uninstall: enable_service com.ktcp.video/com.tencent.qqlivetv.keeplive.proc.DaemonService com.ktcp.video/(null)
06-10 19:35:06.925 6578 6579 D uninstall: enable_service waitpid
06-10 19:35:06.925 17280 17280 D uninstall: enable_service pid == 0
06-10 19:35:06.925 17280 17280 D uninstall: enable_service version >= 17 || version == 0 version == 34
06-10 19:35:06.972 6578 6579 I uninstall: watchdaemon process_name = com.ktcp.video:daemon has gone, start it
06-10 19:35:06.972 6578 6579 D uninstall: watchdaemon waitpid
06-10 19:35:06.973 17284 17284 D uninstall: watchdaemon pid == 0
06-10 19:35:06.973 17284 17284 D uninstall: watchdaemon version >= 17 || version == 0 version == 34
06-10 19:35:07.470 570 596 I WifiHAL : call wifi_get_link_stats handler
06-10 19:35:07.470 570 596 I WifiHAL : Creating message to get link statistics; iface = 16
06-10 19:35:07.470 570 596 D WifiHAL : error code -95 mapped to -3
06-10 19:35:07.470 761 899 E WifiStaIfaceAidlImpl: getLinkLayerStats failed with service-specific exception: android.os.ServiceSpecificException: (code 4)
06-10 19:35:07.742 1073 1331 W bt_stack: [WARNING:client_interface_aidl.cc(471)] ReadAudioData: 2048/4096 no data 10 ms
06-10 19:35:07.742 1073 1331 W bt_btif_a2dp_source: packages/modules/Bluetooth/system/btif/src/btif_a2dp_source.cc:946 btif_a2dp_source_read_callback: btif_a2dp_source_read_callback: UNDERFLOW: ONLY READ 2048 BYTES OUT OF 4096
06-10 19:35:10.088 1073 1331 W bt_stack: [WARNING:client_interface_aidl.cc(471)] ReadAudioData: 2048/4096 no data 10 ms
06-10 19:35:10.089 1073 1331 W bt_btif_a2dp_source: packages/modules/Bluetooth/system/btif/src/btif_a2dp_source.cc:946 btif_a2dp_source_read_callback: btif_a2dp_source_read_callback: UNDERFLOW: ONLY READ 2048 BYTES OUT OF 4096
06-10 19:35:10.477 570 596 I WifiHAL : call wifi_get_link_stats handler
06-10 19:35:10.477 570 596 I WifiHAL : Creating message to get link statistics; iface = 16
06-10 19:35:10.477 570 596 D WifiHAL : error code -95 mapped to -3
06-10 19:35:10.477 761 899 E WifiStaIfaceAidlImpl: getLinkLayerStats failed with service-specific exception: android.os.ServiceSpecificException: (code 4)
06-10 19:35:11.146 1073 1331 W bt_stack: [WARNING:client_interface_aidl.cc(471)] ReadAudioData: 2048/4096 no data 10 ms
06-10 19:35:11.146 1073 1331 W bt_btif_a2dp_source: packages/modules/Bluetooth/system/btif/src/btif_a2dp_source.cc:946 btif_a2dp_source_read_callback: btif_a2dp_source_read_callback: UNDERFLOW: ONLY READ 2048 BYTES OUT OF 4096
06-10 19:35:11.254 558 589 D hdmicecd: [CEC]:printCecMsgBuf, msg: 04 8f
06-10 19:35:11.255 761 761 D HDMI : [R]: 04:8F
06-10 19:35:11.256 761 938 D HDMI : [S]: 40:90:00
06-10 19:35:11.362 558 586 D hdmicecd: [CEC]:printCecMessage, [4 -> 0] len: 2, body: 90 00, result:success
06-10 19:35:11.362 558 586 E IPCThreadState: binder thread pool (1 threads) starved for 106 ms
06-10 19:35:11.458 542 719 I audio_hw_hal_alsamgr: aml_alsa_output_write alsa_running_status[0xf0dc1cd0] change from 1 to 0
06-10 19:35:11.459 542 719 W audio_hw_hal_alsamgr: [aml_alsa_output_write:616] alsa underrun
06-10 19:35:11.478 542 719 I audio_hw_hal_ms12v2: dolby_ms12_threadloop alsa is not running
06-10 19:35:11.481 542 719 I audio_hw_hal_alsamgr: aml_alsa_output_write alsa_running_status[0xf0dc1cd0] change from 0 to 1
06-10 19:35:12.894 1073 1331 W bt_stack: [WARNING:client_interface_aidl.cc(471)] ReadAudioData: 2048/4096 no data 10 ms
06-10 19:35:12.894 1073 1331 W bt_btif_a2dp_source: packages/modules/Bluetooth/system/btif/src/btif_a2dp_source.cc:946 btif_a2dp_source_read_callback: btif_a2dp_source_read_callback: UNDERFLOW: ONLY READ 2048 BYTES OUT OF 4096
06-10 19:35:13.484 570 596 I WifiHAL : call wifi_get_link_stats handler
06-10 19:35:13.484 570 596 I WifiHAL : Creating message to get link statistics; iface = 16
06-10 19:35:13.485 570 596 D WifiHAL : error code -95 mapped to -3
06-10 19:35:13.485 761 899 E WifiStaIfaceAidlImpl: getLinkLayerStats failed with service-specific exception: android.os.ServiceSpecificException: (code 4)
06-10 19:35:13.631 542 719 I audio_hw_hal_alsamgr: alsa format =0x1 delay frames =640 total frames=163596800
06-10 19:35:14.987 1073 1331 W bt_stack: [WARNING:client_interface_aidl.cc(471)] ReadAudioData: 2048/4096 no data 10 ms
06-10 19:35:14.987 1073 1331 W bt_btif_a2dp_source: packages/modules/Bluetooth/system/btif/src/btif_a2dp_source.cc:946 btif_a2dp_source_read_callback: btif_a2dp_source_read_callback: UNDERFLOW: ONLY READ 2048 BYTES OUT OF 4096
06-10 19:35:15.000 4174 4594 I [NIP] : [ng handler] update remote cfg last:1749555304992, cur:1749555314999
06-10 19:35:15.000 4174 4594 E OTTPlayer: [NIP] [NIP][ng handler] update remote cfg last:1749555304992, cur:1749555314999
06-10 19:35:15.436 4174 4615 I PCDN_TAG: [ 4614]Peer::pulse,state:3,port:8909,fr:0,fmode=C1FF,ftype=C000
06-10 19:35:15.715 1505 1867 D WanClient: sendHeartMessage
06-10 19:35:15.718 1505 1867 D WanClient: -----final------sendMessage: {"type":"2bKPMh2jwmQ="}
06-10 19:35:15.743 1505 6993 D WanClient: onMessage:Thread[WebSocketConnectReadThread-118,5,main]--{"msg":"+MSejyjwlbc="}
06-10 19:35:15.746 1505 6993 D WanClient: onMessageReceived:Thread[WebSocketConnectReadThread-118,5,main] {"msg":"+MSejyjwlbc="}
06-10 19:35:15.746 1505 6993 D WanClient: type: null
06-10 19:35:15.746 1505 6993 D WanClient: send:HB7FxtN64oc=
06-10 19:35:15.746 1505 6993 D WanClient: leave:uQ3qCmhm4oA=
06-10 19:35:15.746 1505 6993 D WanClient: join:7EsoetslBbs=
06-10 19:35:15.746 1505 6993 D WanClient: Me3/LwZ5vWJxjtP9s3upnQ==
06-10 19:35:16.045 1073 1331 W bt_stack: [WARNING:client_interface_aidl.cc(471)] ReadAudioData: 2048/4096 no data 10 ms
06-10 19:35:16.045 1073 1331 W bt_btif_a2dp_source: packages/modules/Bluetooth/system/btif/src/btif_a2dp_source.cc:946 btif_a2dp_source_read_callback: btif_a2dp_source_read_callback: UNDERFLOW: ONLY READ 2048 BYTES OUT OF 4096
06-10 19:35:16.265 542 719 I audio_hw_hal_alsamgr: aml_alsa_output_write alsa_running_status[0xf0dc1cd0] change from 1 to 0
06-10 19:35:16.265 542 719 W audio_hw_hal_alsamgr: [aml_alsa_output_write:616] alsa underrun
06-10 19:35:16.285 542 719 I audio_hw_hal_ms12v2: dolby_ms12_threadloop alsa is not running
06-10 19:35:16.289 542 719 I audio_hw_hal_alsamgr: aml_alsa_output_write alsa_running_status[0xf0dc1cd0] change from 0 to 1
06-10 19:35:16.489 570 596 I WifiHAL : call wifi_get_link_stats handler
06-10 19:35:16.489 570 596 I WifiHAL : Creating message to get link statistics; iface = 16
06-10 19:35:16.489 570 596 D WifiHAL : error code -95 mapped to -3
06-10 19:35:16.490 761 899 E WifiStaIfaceAidlImpl: getLinkLayerStats failed with service-specific exception: android.os.ServiceSpecificException: (code 4)
06-10 19:35:17.070 6578 6579 D uninstall: isAllowStart last_delay 0, current_time 1749555317
06-10 19:35:17.070 6578 6579 I uninstall: enable_service com.ktcp.video/com.tencent.qqlivetv.keeplive.proc.DaemonService com.ktcp.video/(null)
06-10 19:35:17.072 17306 17306 D uninstall: enable_service pid == 0
06-10 19:35:17.072 6578 6579 D uninstall: enable_service waitpid
06-10 19:35:17.072 17306 17306 D uninstall: enable_service version >= 17 || version == 0 version == 34
06-10 19:35:17.118 6578 6579 I uninstall: watchdaemon process_name = com.ktcp.video:daemon has gone, start it
06-10 19:35:17.119 6578 6579 D uninstall: watchdaemon waitpid
06-10 19:35:17.119 17310 17310 D uninstall: watchdaemon pid == 0
06-10 19:35:17.119 17310 17310 D uninstall: watchdaemon version >= 17 || version == 0 version == 34
06-10 19:35:17.632 1073 1331 W bt_stack: [WARNING:client_interface_aidl.cc(471)] ReadAudioData: 2048/4096 no data 10 ms
06-10 19:35:17.632 1073 1331 W bt_btif_a2dp_source: packages/modules/Bluetooth/system/btif/src/btif_a2dp_source.cc:946 btif_a2dp_source_read_callback: btif_a2dp_source_read_callback: UNDERFLOW: ONLY READ 2048 BYTES OUT OF 4096
06-10 19:35:17.869 4174 5138 D TrafficStats: tagSocket(81) with statsTag=0xffffffff, statsUid=-1
06-10 19:35:17.872 4174 6769 D TrafficStats: tagSocket(110) with statsTag=0xffffffff, statsUid=-1
06-10 19:35:17.981 4174 4185 I com.cibn.tv: Background young concurrent copying GC freed 498046(19MB) AllocSpace objects, 10(200KB) LOS objects, 34% free, 37MB/57MB, paused 249us,528us total 101.712ms
06-10 19:35:19.493 570 596 I WifiHAL : call wifi_get_link_stats handler
06-10 19:35:19.493 570 596 I WifiHAL : Creating message to get link statistics; iface = 16
06-10 19:35:19.493 570 596 D WifiHAL : error code -95 mapped to -3
06-10 19:35:19.493 761 899 E WifiStaIfaceAidlImpl: getLinkLayerStats failed with service-specific exception: android.os.ServiceSpecificException: (code 4)
06-10 19:35:19.886 1073 1331 W bt_stack: [WARNING:client_interface_aidl.cc(471)] ReadAudioData: 2048/4096 no data 10 ms
06-10 19:35:19.886 1073 1331 W bt_btif_a2dp_source: packages/modules/Bluetooth/system/btif/src/btif_a2dp_source.cc:946 btif_a2dp_source_read_callback: btif_a2dp_source_read_callback: UNDERFLOW: ONLY READ 2048 BYTES OUT OF 4096
06-10 19:35:22.393 1073 1331 W bt_stack: [WARNING:client_interface_aidl.cc(471)] ReadAudioData: 2048/4096 no data 10 ms
06-10 19:35:22.393 1073 1331 W bt_btif_a2dp_source: packages/modules/Bluetooth/system/btif/src/btif_a2dp_source.cc:946 btif_a2dp_source_read_callback: btif_a2dp_source_read_callback: UNDERFLOW: ONLY READ 2048 BYTES OUT OF 4096
06-10 19:35:22.499 570 596 I WifiHAL : call wifi_get_link_stats handler
06-10 19:35:22.499 570 596 I WifiHAL : Creating message to get link statistics; iface = 16
06-10 19:35:22.500 570 596 D WifiHAL : error code -95 mapped to -3
06-10 19:35:22.500 761 899 E WifiStaIfaceAidlImpl: getLinkLayerStats failed with service-specific exception: android.os.ServiceSpecificException: (code 4)
06-10 19:35:23.641 4174 4650 I XcdnEngine-N: 2025-06-10 19:35:23.640 [connection_manager.cpp:426] send error:Network is unreachable
06-10 19:35:24.647 1073 1331 W bt_stack: [WARNING:client_interface_aidl.cc(471)] ReadAudioData: 2048/4096 no data 10 ms
06-10 19:35:24.647 1073 1331 W bt_btif_a2dp_source: packages/modules/Bluetooth/system/btif/src/btif_a2dp_source.cc:946 btif_a2dp_source_read_callback: btif_a2dp_source_read_callback: UNDERFLOW: ONLY READ 2048 BYTES OUT OF 4096
06-10 19:35:25.009 4174 4594 I [NIP] : [ng handler] update remote cfg last:1749555314999, cur:1749555325006
06-10 19:35:25.010 4174 4594 E OTTPlayer: [NIP] [NIP][ng handler] update remote cfg last:1749555314999, cur:1749555325006
06-10 19:35:25.441 4174 4615 I PCDN_TAG: [ 4614]Peer::pulse,state:3,port:8909,fr:0,fmode=C1FF,ftype=C000
06-10 19:35:25.506 570 596 I WifiHAL : call wifi_get_link_stats handler
06-10 19:35:25.506 570 596 I WifiHAL : Creating message to get link statistics; iface = 16
06-10 19:35:25.506 570 596 D WifiHAL : error code -95 mapped to -3
06-10 19:35:25.507 761 899 E WifiStaIfaceAidlImpl: getLinkLayerStats failed with service-specific exception: android.os.ServiceSpecificException: (code 4)
06-10 19:35:27.154 1073 1331 W bt_stack: [WARNING:client_interface_aidl.cc(471)] ReadAudioData: 2048/4096 no data 10 ms
06-10 19:35:27.154 1073 1331 W bt_btif_a2dp_source: packages/modules/Bluetooth/system/btif/src/btif_a2dp_source.cc:946 btif_a2dp_source_read_callback: btif_a2dp_source_read_callback: UNDERFLOW: ONLY READ 2048 BYTES OUT OF 4096
06-10 19:35:27.209 6578 6579 D uninstall: isAllowStart last_delay 0, current_time 1749555327
06-10 19:35:27.209 6578 6579 I uninstall: enable_service com.ktcp.video/com.tencent.qqlivetv.keeplive.proc.DaemonService com.ktcp.video/(null)
06-10 19:35:27.211 6578 6579 D uninstall: enable_service waitpid
06-10 19:35:27.211 17333 17333 D uninstall: enable_service pid == 0
06-10 19:35:27.211 17333 17333 D uninstall: enable_service version >= 17 || version == 0 version == 34
06-10 19:35:27.261 6578 6579 I uninstall: watchdaemon process_name = com.ktcp.video:daemon has gone, start it
06-10 19:35:27.262 6578 6579 D uninstall: watchdaemon waitpid
06-10 19:35:27.262 17337 17337 D uninstall: watchdaemon pid == 0
06-10 19:35:27.262 17337 17337 D uninstall: watchdaemon version >= 17 || version == 0 version == 34
06-10 19:35:28.513 570 596 I WifiHAL : call wifi_get_link_stats handler
06-10 19:35:28.513 570 596 I WifiHAL : Creating message to get link statistics; iface = 16
06-10 19:35:28.513 570 596 D WifiHAL : error code -95 mapped to -3
06-10 19:35:28.513 761 899 E WifiStaIfaceAidlImpl: getLinkLayerStats failed with service-specific exception: android.os.ServiceSpecificException: (code 4)
06-10 19:35:29.914 1073 1331 W bt_stack: [WARNING:client_interface_aidl.cc(471)] ReadAudioData: 2048/4096 no data 10 ms
06-10 19:35:29.914 1073 1331 W bt_btif_a2dp_source: packages/modules/Bluetooth/system/btif/src/btif_a2dp_source.cc:946 btif_a2dp_source_read_callback: btif_a2dp_source_read_callback: UNDERFLOW: ONLY READ 2048 BYTES OUT OF 4096
06-10 19:35:31.521 570 596 I WifiHAL : call wifi_get_link_stats handler
06-10 19:35:31.521 570 596 I WifiHAL : Creating message to get link statistics; iface = 16
06-10 19:35:31.521 570 596 D WifiHAL : error code -95 mapped to -3
06-10 19:35:31.521 761 899 E WifiStaIfaceAidlImpl: getLinkLayerStats failed with service-specific exception: android.os.ServiceSpecificException: (code 4)
06-10 19:35:31.754 1073 1331 W bt_stack: [WARNING:client_interface_aidl.cc(471)] ReadAudioData: 2048/4096 no data 10 ms
06-10 19:35:31.754 1073 1331 W bt_btif_a2dp_source: packages/modules/Bluetooth/system/btif/src/btif_a2dp_source.cc:946 btif_a2dp_source_read_callback: btif_a2dp_source_read_callback: UNDERFLOW: ONLY READ 2048 BYTES OUT OF 4096
06-10 19:35:31.816 1638 1638 D bbb : onStartCommand begin !!!!!!! data分区剩余 53018MB
06-10 19:35:31.917 761 761 V HotPlugDetectionAction: Poll all devices.
06-10 19:35:31.973 558 586 D hdmicecd: [CEC]:printCecMessage, [4 -> 0] len: 0, body:, result:success
06-10 19:35:32.029 558 586 D hdmicecd: [CEC]:printCecMessage, [4 -> 1] len: 0, body:, result:no ack
06-10 19:35:32.085 558 586 D hdmicecd: [CEC]:printCecMessage, [4 -> 3] len: 0, body:, result:no ack
06-10 19:35:32.141 558 586 D hdmicecd: [CEC]:printCecMessage, [4 -> 5] len: 0, body:, result:no ack
06-10 19:35:32.197 558 586 D hdmicecd: [CEC]:printCecMessage, [4 -> 8] len: 0, body:, result:no ack
06-10 19:35:32.253 558 586 D hdmicecd: [CEC]:printCecMessage, [4 -> b] len: 0, body:, result:no ack
06-10 19:35:32.309 558 586 D hdmicecd: [CEC]:printCecMessage, [4 -> e] len: 0, body:, result:no ack
06-10 19:35:32.310 761 761 D HdmiCecController: [P]:AllocatedAddress=[0]
06-10 19:35:32.687 4174 4597 I HTTP_KIT_LOG: [Send:235] SCENE_PCDN_NG:[jobId_218] Send url http://pgw-tel-cld-sl.alicdn.com:80/groupkeep
06-10 19:35:32.687 4174 4597 I HTTP_KIT_LOG: [UpdateConfig:108] SCENE_PCDN_NG:[jobId_218] dump config:content-type :application/octet-stream
06-10 19:35:32.687 4174 4597 I HTTP_KIT_LOG: [UpdateUrl:66] use domain pgw-tel-cld-sl.alicdn.com:80
06-10 19:35:32.687 4174 4597 I HTTP_KIT_LOG: [InstallTimer:128] SCENE_PCDN_NG:[jobId_218] start open timeout timer=20000
06-10 19:35:32.687 4174 4597 E HTTP_KIT_LOG: [Lookup:95] SCENE_PCDN_NG:[jobId_218] SmartDns use ip_url for domain:pgw-tel-cld-sl.alicdn.com:80
06-10 19:35:32.688 4174 4597 I HTTP_KIT_LOG: [AddRequestHeader:498] job:SCENE_PCDN_NG:[jobId_218] add header:[ range_from:0,cur_download:0,range:default:0- | content-type :application/octet-stream
06-10 19:35:32.688 4174 4597 I HTTP_KIT_LOG: User-Agent :Youku-ntk;Android;13.0.1.3;Scene4
06-10 19:35:32.688 4174 4597 I HTTP_KIT_LOG: | Add Ip Resolve: pgw-tel-cld-sl.alicdn.com:80 ]
06-10 19:35:33.065 1073 1331 W bt_stack: [WARNING:client_interface_aidl.cc(471)] ReadAudioData: 2048/4096 no data 10 ms
06-10 19:35:33.065 1073 1331 W bt_btif_a2dp_source: packages/modules/Bluetooth/system/btif/src/btif_a2dp_source.cc:946 btif_a2dp_source_read_callback: btif_a2dp_source_read_callback: UNDERFLOW: ONLY READ 2048 BYTES OUT OF 4096
06-10 19:35:34.525 570 596 I WifiHAL : call wifi_get_link_stats handler
06-10 19:35:34.525 570 596 I WifiHAL : Creating message to get link statistics; iface = 16
06-10 19:35:34.525 570 596 D WifiHAL : error code -95 mapped to -3
06-10 19:35:34.526 761 899 E WifiStaIfaceAidlImpl: getLinkLayerStats failed with service-specific exception: android.os.ServiceSpecificException: (code 4)
06-10 19:35:35.018 4174 4594 I [NIP] : [ng handler] update remote cfg last:1749555325006, cur:1749555335016
06-10 19:35:35.018 4174 4594 E OTTPlayer: [NIP] [NIP][ng handler] update remote cfg last:1749555325006, cur:1749555335016
06-10 19:35:35.319 1073 1331 W bt_stack: [WARNING:client_interface_aidl.cc(471)] ReadAudioData: 2048/4096 no data 10 ms
06-10 19:35:35.319 1073 1331 W bt_btif_a2dp_source: packages/modules/Bluetooth/system/btif/src/btif_a2dp_source.cc:946 btif_a2dp_source_read_callback: btif_a2dp_source_read_callback: UNDERFLOW: ONLY READ 2048 BYTES OUT OF 4096
06-10 19:35:35.445 4174 4615 I PCDN_TAG: [ 4614]Peer::pulse,state:3,port:8909,fr:0,fmode=C1FF,ftype=C000
06-10 19:35:35.689 4174 4597 E HTTP_KIT_LOG: [OnErrorImp:167] OnErrorImp SCENE_PCDN_NG:[jobId_218] state:transfer error:Error{code=4, sub_code=28, desc=ConnectTimeout, position=, message=Timeout was reached, using ip , connect_timeout:3000}
06-10 19:35:35.689 4174 4597 I HTTP_KIT_LOG: [UpdateBadAddr:497] SmartDns UpdateBadAddr domain:pgw-tel-cld-sl.alicdn.com:80 addrs:pgw-tel-cld-sl.alicdn.com:80
06-10 19:35:35.689 4174 4597 I HTTP_KIT_LOG: [DoAction:238] StrategyIpSwitch ip failed
06-10 19:35:35.689 4174 4597 E HTTP_KIT_LOG: [CheckIfCanRequest:142] CloudControl failed due to ups
06-10 19:35:35.689 4174 4597 E HTTP_KIT_LOG: [DoAction:128] SCENE_PCDN_NG:[jobId_218] FetchCloudService CheckIfCanRequest failed
06-10 19:35:35.689 4174 4597 I HTTP_KIT_LOG: [ApplyFitStrategy:631] SCENE_PCDN_NG:[jobId_218] Apply strategy StrategyTypeDnsRefresh
06-10 19:35:35.689 4174 4597 E HTTP_KIT_LOG: [Lookup:95] SCENE_PCDN_NG:[jobId_218] SmartDns use ip_url for domain:pgw-tel-cld-sl.alicdn.com:80
06-10 19:35:35.690 4174 4597 I HTTP_KIT_LOG: [AddRequestHeader:498] job:SCENE_PCDN_NG:[jobId_218] add header:[ range_from:0,cur_download:0,range:default:0- | content-type :application/octet-stream
06-10 19:35:35.690 4174 4597 I HTTP_KIT_LOG: User-Agent :Youku-ntk;Android;13.0.1.3;Scene4
06-10 19:35:35.690 4174 4597 I HTTP_KIT_LOG: | Add Ip Resolve: pgw-tel-cld-sl.alicdn.com:80 ]
06-10 19:35:35.715 1505 1867 D WanClient: sendHeartMessage
06-10 19:35:35.716 1505 1867 D WanClient: -----final------sendMessage: {"type":"2bKPMh2jwmQ="}
06-10 19:35:35.732 1505 6993 D WanClient: onMessage:Thread[WebSocketConnectReadThread-118,5,main]--{"msg":"+MSejyjwlbc="}
06-10 19:35:35.735 1505 6993 D WanClient: onMessageReceived:Thread[WebSocketConnectReadThread-118,5,main] {"msg":"+MSejyjwlbc="}
06-10 19:35:35.735 1505 6993 D WanClient: type: null
06-10 19:35:35.735 1505 6993 D WanClient: send:HB7FxtN64oc=
06-10 19:35:35.735 1505 6993 D WanClient: leave:uQ3qCmhm4oA=
06-10 19:35:35.735 1505 6993 D WanClient: join:7EsoetslBbs=
06-10 19:35:35.735 1505 6993 D WanClient: Me3/LwZ5vWJxjtP9s3upnQ==
06-10 19:35:37.320 1073 1331 W bt_stack: [WARNING:client_interface_aidl.cc(471)] ReadAudioData: 2048/4096 no data 10 ms
06-10 19:35:37.320 1073 1331 W bt_btif_a2dp_source: packages/modules/Bluetooth/system/btif/src/btif_a2dp_source.cc:946 btif_a2dp_source_read_callback: btif_a2dp_source_read_callback: UNDERFLOW: ONLY READ 2048 BYTES OUT OF 4096
06-10 19:35:37.355 6578 6579 D uninstall: isAllowStart last_delay 0, current_time 1749555337
06-10 19:35:37.355 6578 6579 I uninstall: enable_service com.ktcp.video/com.tencent.qqlivetv.keeplive.proc.DaemonService com.ktcp.video/(null)
06-10 19:35:37.356 17370 17370 D uninstall: enable_service pid == 0
06-10 19:35:37.356 6578 6579 D uninstall: enable_service waitpid
06-10 19:35:37.356 17370 17370 D uninstall: enable_service version >= 17 || version == 0 version == 34
06-10 19:35:37.400 6578 6579 I uninstall: watchdaemon process_name = com.ktcp.video:daemon has gone, start it
06-10 19:35:37.400 6578 6579 D uninstall: watchdaemon waitpid
06-10 19:35:37.400 17374 17374 D uninstall: watchdaemon pid == 0
06-10 19:35:37.400 17374 17374 D uninstall: watchdaemon version >= 17 || version == 0 version == 34
06-10 19:35:37.448 1505 1813 E ccc : cccccc sendCycleCheckBroadcast
06-10 19:35:37.448 1505 1813 W ContextImpl: Calling a method in the system process without a qualified user: android.app.ContextImpl.sendBroadcast:1220 android.content.ContextWrapper.sendBroadcast:504 com.dangbei.etna.setting.core.SettingHelper.sendCycleToProjector:257 com.dangbei.etna.setting.core.SettingHelper.sendCycleCheckBroadcast:226 com.dangbei.etna.setting.core.SettingHelper.startLoop$lambda-0:185
06-10 19:35:37.452 1505 1813 W ContextImpl: Calling a method in the system process without a qualified user: android.app.ContextImpl.sendBroadcast:1220 android.content.ContextWrapper.sendBroadcast:504 com.dangbei.etna.setting.core.SettingHelper.sendCycleToVoice:242 com.dangbei.etna.setting.core.SettingHelper.sendCycleCheckBroadcast:227 com.dangbei.etna.setting.core.SettingHelper.startLoop$lambda-0:185
06-10 19:35:37.458 1823 1823 D RockyVoice: RestartReceiver onReceive
06-10 19:35:37.535 570 596 I WifiHAL : call wifi_get_link_stats handler
06-10 19:35:37.535 570 596 I WifiHAL : Creating message to get link statistics; iface = 16
06-10 19:35:37.535 570 596 D WifiHAL : error code -95 mapped to -3
06-10 19:35:37.535 761 899 E WifiStaIfaceAidlImpl: getLinkLayerStats failed with service-specific exception: android.os.ServiceSpecificException: (code 4)
06-10 19:35:38.462 4174 4597 I HTTP_KIT_LOG: [StopTimer:165] SCENE_PCDN_NG:[jobId_218] stop open timeout timer
06-10 19:35:38.462 4174 4598 I HTTP_KIT_LOG: [operator():492] SCENE_PCDN_NG:[jobId_218] notify response
