06-10 19:36:32.089 558 586 D hdmicecd: [CEC]:printCecMessage, [4 -> 3] len: 0, body:, result:no ack
06-10 19:36:32.145 558 586 D hdmicecd: [CEC]:printCecMessage, [4 -> 5] len: 0, body:, result:no ack
06-10 19:36:32.205 558 586 D hdmicecd: [CEC]:printCecMessage, [4 -> 8] len: 0, body:, result:no ack
06-10 19:36:32.261 558 586 D hdmicecd: [CEC]:printCecMessage, [4 -> b] len: 0, body:, result:no ack
06-10 19:36:32.317 558 586 D hdmicecd: [CEC]:printCecMessage, [4 -> e] len: 0, body:, result:no ack
06-10 19:36:32.318 761 761 D HdmiCecController: [P]:AllocatedAddress=[0]
06-10 19:36:32.382 1073 1331 W bt_stack: [WARNING:client_interface_aidl.cc(471)] ReadAudioData: 2048/4096 no data 10 ms
06-10 19:36:32.382 1073 1331 W bt_btif_a2dp_source: packages/modules/Bluetooth/system/btif/src/btif_a2dp_source.cc:946 btif_a2dp_source_read_callback: btif_a2dp_source_read_callback: UNDERFLOW: ONLY READ 2048 BYTES OUT OF 4096
06-10 19:36:32.689 4174 4650 I XcdnEngine-N: 2025-06-10 19:36:32.689 [connection_manager.cpp:426] send error:Network is unreachable
06-10 19:36:33.440 1073 1331 W bt_stack: [WARNING:client_interface_aidl.cc(471)] ReadAudioData: 2048/4096 no data 10 ms
06-10 19:36:33.440 1073 1331 W bt_btif_a2dp_source: packages/modules/Bluetooth/system/btif/src/btif_a2dp_source.cc:946 btif_a2dp_source_read_callback: btif_a2dp_source_read_callback: UNDERFLOW: ONLY READ 2048 BYTES OUT OF 4096
06-10 19:36:33.591 542 719 I audio_hw_hal_alsamgr: aml_alsa_output_write alsa_running_status[0xf0dc1cd0] change from 1 to 0
06-10 19:36:33.591 542 719 W audio_hw_hal_alsamgr: [aml_alsa_output_write:616] alsa underrun
06-10 19:36:33.611 542 719 I audio_hw_hal_ms12v2: dolby_ms12_threadloop alsa is not running
06-10 19:36:33.615 542 719 I audio_hw_hal_alsamgr: aml_alsa_output_write alsa_running_status[0xf0dc1cd0] change from 0 to 1
06-10 19:36:34.657 570 596 I WifiHAL : call wifi_get_link_stats handler
06-10 19:36:34.657 570 596 I WifiHAL : Creating message to get link statistics; iface = 16
06-10 19:36:34.657 570 596 D WifiHAL : error code -95 mapped to -3
06-10 19:36:34.657 761 899 E WifiStaIfaceAidlImpl: getLinkLayerStats failed with service-specific exception: android.os.ServiceSpecificException: (code 4)
06-10 19:36:35.078 4174 4594 I [NIP] : [ng handler] update remote cfg last:1749555385066, cur:1749555395076
06-10 19:36:35.078 4174 4594 E OTTPlayer: [NIP] [NIP][ng handler] update remote cfg last:1749555385066, cur:1749555395076
06-10 19:36:35.441 1073 1331 W bt_stack: [WARNING:client_interface_aidl.cc(471)] ReadAudioData: 2048/4096 no data 10 ms
06-10 19:36:35.441 1073 1331 W bt_btif_a2dp_source: packages/modules/Bluetooth/system/btif/src/btif_a2dp_source.cc:946 btif_a2dp_source_read_callback: btif_a2dp_source_read_callback: UNDERFLOW: ONLY READ 2048 BYTES OUT OF 4096
06-10 19:36:35.482 4174 4615 I PCDN_TAG: [ 4614]Peer::pulse,state:3,port:8909,fr:0,fmode=C1FF,ftype=C000
06-10 19:36:35.715 1505 1867 D WanClient: sendHeartMessage
06-10 19:36:35.715 1505 1867 D WanClient: -----final------sendMessage: {"type":"2bKPMh2jwmQ="}
06-10 19:36:35.737 1505 6993 D WanClient: onMessage:Thread[WebSocketConnectReadThread-118,5,main]--{"msg":"+MSejyjwlbc="}
06-10 19:36:35.739 1505 6993 D WanClient: onMessageReceived:Thread[WebSocketConnectReadThread-118,5,main] {"msg":"+MSejyjwlbc="}
06-10 19:36:35.739 1505 6993 D WanClient: type: null
06-10 19:36:35.739 1505 6993 D WanClient: send:HB7FxtN64oc=
06-10 19:36:35.739 1505 6993 D WanClient: leave:uQ3qCmhm4oA=
06-10 19:36:35.739 1505 6993 D WanClient: join:7EsoetslBbs=
06-10 19:36:35.739 1505 6993 D WanClient: Me3/LwZ5vWJxjtP9s3upnQ==
06-10 19:36:37.281 1073 1331 W bt_stack: [WARNING:client_interface_aidl.cc(471)] ReadAudioData: 2048/4096 no data 10 ms
06-10 19:36:37.281 1073 1331 W bt_btif_a2dp_source: packages/modules/Bluetooth/system/btif/src/btif_a2dp_source.cc:946 btif_a2dp_source_read_callback: btif_a2dp_source_read_callback: UNDERFLOW: ONLY READ 2048 BYTES OUT OF 4096
06-10 19:36:37.661 570 596 I WifiHAL : call wifi_get_link_stats handler
06-10 19:36:37.661 570 596 I WifiHAL : Creating message to get link statistics; iface = 16
06-10 19:36:37.661 570 596 D WifiHAL : error code -95 mapped to -3
06-10 19:36:37.662 761 899 E WifiStaIfaceAidlImpl: getLinkLayerStats failed with service-specific exception: android.os.ServiceSpecificException: (code 4)
06-10 19:36:38.137 6578 6579 D uninstall: isAllowStart last_delay 0, current_time 1749555398
06-10 19:36:38.137 6578 6579 I uninstall: enable_service com.ktcp.video/com.tencent.qqlivetv.keeplive.proc.DaemonService com.ktcp.video/(null)
06-10 19:36:38.139 17532 17532 D uninstall: enable_service pid == 0
06-10 19:36:38.139 6578 6579 D uninstall: enable_service waitpid
06-10 19:36:38.139 17532 17532 D uninstall: enable_service version >= 17 || version == 0 version == 34
06-10 19:36:38.187 6578 6579 I uninstall: watchdaemon process_name = com.ktcp.video:daemon has gone, start it
06-10 19:36:38.188 17536 17536 D uninstall: watchdaemon pid == 0
06-10 19:36:38.188 6578 6579 D uninstall: watchdaemon waitpid
06-10 19:36:38.188 17536 17536 D uninstall: watchdaemon version >= 17 || version == 0 version == 34
06-10 19:36:39.535 1073 1331 W bt_stack: [WARNING:client_interface_aidl.cc(471)] ReadAudioData: 2048/4096 no data 10 ms
06-10 19:36:39.535 1073 1331 W bt_btif_a2dp_source: packages/modules/Bluetooth/system/btif/src/btif_a2dp_source.cc:946 btif_a2dp_source_read_callback: btif_a2dp_source_read_callback: UNDERFLOW: ONLY READ 2048 BYTES OUT OF 4096
06-10 19:36:40.668 570 596 I WifiHAL : call wifi_get_link_stats handler
06-10 19:36:40.668 570 596 I WifiHAL : Creating message to get link statistics; iface = 16
06-10 19:36:40.668 570 596 D WifiHAL : error code -95 mapped to -3
06-10 19:36:40.669 761 899 E WifiStaIfaceAidlImpl: getLinkLayerStats failed with service-specific exception: android.os.ServiceSpecificException: (code 4)
06-10 19:36:42.295 1073 1331 W bt_stack: [WARNING:client_interface_aidl.cc(471)] ReadAudioData: 2048/4096 no data 10 ms
06-10 19:36:42.295 1073 1331 W bt_btif_a2dp_source: packages/modules/Bluetooth/system/btif/src/btif_a2dp_source.cc:946 btif_a2dp_source_read_callback: btif_a2dp_source_read_callback: UNDERFLOW: ONLY READ 2048 BYTES OUT OF 4096
06-10 19:36:43.676 570 596 I WifiHAL : call wifi_get_link_stats handler
06-10 19:36:43.676 570 596 I WifiHAL : Creating message to get link statistics; iface = 16
06-10 19:36:43.676 570 596 D WifiHAL : error code -95 mapped to -3
06-10 19:36:43.677 761 899 E WifiStaIfaceAidlImpl: getLinkLayerStats failed with service-specific exception: android.os.ServiceSpecificException: (code 4)
06-10 19:36:43.700 4174 4650 I XcdnEngine-N: 2025-06-10 19:36:43.700 [connection_manager.cpp:426] send error:Network is unreachable
06-10 19:36:44.549 1073 1331 W bt_stack: [WARNING:client_interface_aidl.cc(471)] ReadAudioData: 2048/4096 no data 10 ms
06-10 19:36:44.549 1073 1331 W bt_btif_a2dp_source: packages/modules/Bluetooth/system/btif/src/btif_a2dp_source.cc:946 btif_a2dp_source_read_callback: btif_a2dp_source_read_callback: UNDERFLOW: ONLY READ 2048 BYTES OUT OF 4096
06-10 19:36:45.087 4174 4594 I [NIP] : [ng handler] update remote cfg last:1749555395076, cur:1749555405085
06-10 19:36:45.087 4174 4594 E OTTPlayer: [NIP] [NIP][ng handler] update remote cfg last:1749555395076, cur:1749555405085
06-10 19:36:45.484 4174 4615 I PCDN_TAG: [ 4614]Peer::pulse,state:3,port:8909,fr:0,fmode=C1FF,ftype=C000
06-10 19:36:46.642 1073 1331 W bt_stack: [WARNING:client_interface_aidl.cc(471)] ReadAudioData: 2048/4096 no data 10 ms
06-10 19:36:46.642 1073 1331 W bt_btif_a2dp_source: packages/modules/Bluetooth/system/btif/src/btif_a2dp_source.cc:946 btif_a2dp_source_read_callback: btif_a2dp_source_read_callback: UNDERFLOW: ONLY READ 2048 BYTES OUT OF 4096
06-10 19:36:46.684 570 596 I WifiHAL : call wifi_get_link_stats handler
06-10 19:36:46.685 570 596 I WifiHAL : Creating message to get link statistics; iface = 16
06-10 19:36:46.685 570 596 D WifiHAL : error code -95 mapped to -3
06-10 19:36:46.685 761 899 E WifiStaIfaceAidlImpl: getLinkLayerStats failed with service-specific exception: android.os.ServiceSpecificException: (code 4)
06-10 19:36:47.700 1073 1331 W bt_stack: [WARNING:client_interface_aidl.cc(471)] ReadAudioData: 2048/4096 no data 10 ms
06-10 19:36:47.700 1073 1331 W bt_btif_a2dp_source: packages/modules/Bluetooth/system/btif/src/btif_a2dp_source.cc:946 btif_a2dp_source_read_callback: btif_a2dp_source_read_callback: UNDERFLOW: ONLY READ 2048 BYTES OUT OF 4096
06-10 19:36:47.982 4174 5138 D TrafficStats: tagSocket(81) with statsTag=0xffffffff, statsUid=-1
06-10 19:36:47.985 4174 6769 D TrafficStats: tagSocket(110) with statsTag=0xffffffff, statsUid=-1
06-10 19:36:48.081 542 719 I audio_hw_hal_alsamgr: aml_alsa_output_write alsa_running_status[0xf0dc1cd0] change from 1 to 0
06-10 19:36:48.081 542 719 W audio_hw_hal_alsamgr: [aml_alsa_output_write:616] alsa underrun
06-10 19:36:48.101 542 719 I audio_hw_hal_ms12v2: dolby_ms12_threadloop alsa is not running
06-10 19:36:48.105 542 719 I audio_hw_hal_alsamgr: aml_alsa_output_write alsa_running_status[0xf0dc1cd0] change from 0 to 1
06-10 19:36:48.280 6578 6579 D uninstall: isAllowStart last_delay 0, current_time 1749555408
06-10 19:36:48.280 6578 6579 I uninstall: enable_service com.ktcp.video/com.tencent.qqlivetv.keeplive.proc.DaemonService com.ktcp.video/(null)
06-10 19:36:48.281 6578 6579 D uninstall: enable_service waitpid
06-10 19:36:48.281 17558 17558 D uninstall: enable_service pid == 0
06-10 19:36:48.281 17558 17558 D uninstall: enable_service version >= 17 || version == 0 version == 34
06-10 19:36:48.328 6578 6579 I uninstall: watchdaemon process_name = com.ktcp.video:daemon has gone, start it
06-10 19:36:48.329 6578 6579 D uninstall: watchdaemon waitpid
06-10 19:36:48.329 17562 17562 D uninstall: watchdaemon pid == 0
06-10 19:36:48.329 17562 17562 D uninstall: watchdaemon version >= 17 || version == 0 version == 34
06-10 19:36:49.034 1073 1331 W bt_stack: [WARNING:client_interface_aidl.cc(471)] ReadAudioData: 2048/4096 no data 10 ms
06-10 19:36:49.034 1073 1331 W bt_btif_a2dp_source: packages/modules/Bluetooth/system/btif/src/btif_a2dp_source.cc:946 btif_a2dp_source_read_callback: btif_a2dp_source_read_callback: UNDERFLOW: ONLY