06-10 18:38:34.758 761 2162 D SystemServerTimingAsync: ssm.onCompletedEventUser-0_{|Unlocked|}_com.android.server.compat.overrides.AppCompatOverridesService$Lifecycle
06-10 18:38:34.758 761 2162 D SystemServerTimingAsync: ssm.onCompletedEventUser-0_{|Unlocked|}_com.android.server.healthconnect.HealthConnectManagerService
06-10 18:38:34.758 761 2162 D SystemServerTimingAsync: ssm.onCompletedEventUser-0_{|Unlocked|}_com.android.server.devicelock.DeviceLockService
06-10 18:38:34.767 761 2161 D SystemServerTimingAsync: ssm.onCompletedEventUser-0_{|Unlocked|}_com.android.server.pm.Installer
06-10 18:38:34.768 761 782 D CoreBackPreview: Window{b96aa39 u0 InputMethod}: Setting back callback OnBackInvokedCallbackInfo{mCallback=android.window.IOnBackInvokedCallback$Stub$Proxy@29c3118, mPriority=0, mIsAnimationCallback=false}
06-10 18:38:34.778 761 2020 D CompatibilityChangeReporter: Compat change id reported: 161145287; UID 10040; state: DISABLED
06-10 18:38:34.899 761 907 W ContextImpl: Calling a method in the system process without a qualified user: android.app.ContextImpl.sendStickyBroadcast:1626 android.net.connectivity.com.android.server.ConnectivityService.sendStickyBroadcast:3280 android.net.connectivity.com.android.server.ConnectivityService.sendGeneralBroadcast:3250 android.net.connectivity.com.android.server.ConnectivityService.sendInetConditionBroadcast:3227 android.net.connectivity.com.android.server.ConnectivityService.updateInetCondition:9819
06-10 18:38:34.927 761 2011 D CompatibilityChangeReporter: Compat change id reported: 149924527; UID 10040; state: ENABLED
06-10 18:38:34.928 761 1411 D CompatibilityChangeReporter: Compat change id reported: 132649864; UID 10040; state: DISABLED
06-10 18:38:34.954 1409 1833 E TaskWorkerFactory: Cannot create worker: com.android.devicelockcontroller.provision.worker.DeviceCheckInWorker
06-10 18:38:34.954 1409 1833 E TaskWorkerFactory: java.lang.NoSuchMethodException: com.android.devicelockcontroller.provision.worker.DeviceCheckInWorker. [class android.content.Context, class androidx.work.WorkerParameters, interface com.google.common.util.concurrent.ListeningExecutorService]
06-10 18:38:34.954 1409 1833 E TaskWorkerFactory: at java.lang.Class.getConstructor0(Class.java:3325)
06-10 18:38:34.954 1409 1833 E TaskWorkerFactory: at java.lang.Class.getDeclaredConstructor(Class.java:3063)
06-10 18:38:34.954 1409 1833 E TaskWorkerFactory: at com.android.devicelockcontroller.policy.TaskWorkerFactory.createWorker(TaskWorkerFactory.java:53)
06-10 18:38:34.954 1409 1833 E TaskWorkerFactory: at androidx.work.DelegatingWorkerFactory.createWorker(DelegatingWorkerFactory.java:71)
06-10 18:38:34.954 1409 1833 E TaskWorkerFactory: at androidx.work.WorkerFactory.createWorkerWithDefaultFallback(WorkerFactory.java:82)
06-10 18:38:34.954 1409 1833 E TaskWorkerFactory: at androidx.work.impl.WorkerWrapper.runWorker(WorkerWrapper.java:240)
06-10 18:38:34.954 1409 1833 E TaskWorkerFactory: at androidx.work.impl.WorkerWrapper.run(WorkerWrapper.java:142)
06-10 18:38:34.954 1409 1833 E TaskWorkerFactory: at androidx.work.impl.utils.SerialExecutorImpl$Task.run(SerialExecutorImpl.java:96)
06-10 18:38:34.954 1409 1833 E TaskWorkerFactory: at java.util.concurrent.ThreadPoolExecutor.runWorker(ThreadPoolExecutor.java:1145)
06-10 18:38:34.954 1409 1833 E TaskWorkerFactory: at java.util.concurrent.ThreadPoolExecutor$Worker.run(ThreadPoolExecutor.java:644)
06-10 18:38:34.954 1409 1833 E TaskWorkerFactory: at java.lang.Thread.run(Thread.java:1012)
06-10 18:38:35.469 761 796 D CompatibilityChangeReporter: Compat change id reported: 135634846; UID 10018; state: DISABLED
06-10 18:38:35.469 761 796 D CompatibilityChangeReporter: Compat change id reported: 177438394; UID 10018; state: DISABLED
06-10 18:38:35.469 761 796 D CompatibilityChangeReporter: Compat change id reported: 135772972; UID 10018; state: DISABLED
06-10 18:38:35.469 761 796 D CompatibilityChangeReporter: Compat change id reported: 135754954; UID 10018; state: ENABLED
06-10 18:38:35.470 761 797 D CompatibilityChangeReporter: Compat change id reported: 143937733; UID 10018; state: ENABLED
06-10 18:38:35.548 761 797 W ActivityManager: Slow operation: 80ms so far, now at startProcess: returned from zygote!
06-10 18:38:35.548 761 797 W ActivityManager: Slow operation: 81ms so far, now at startProcess: done updating battery stats
06-10 18:38:35.548 761 797 W ActivityManager: Slow operation: 81ms so far, now at startProcess: building log message
06-10 18:38:35.549 761 797 I ActivityManager: Start proc 2234:com.android.providers.calendar/u0a18 for broadcast {com.android.providers.calendar/com.android.providers.calendar.CalendarReceiver}
06-10 18:38:35.549 761 797 W ActivityManager: Slow operation: 81ms so far, now at startProcess: starting to update pids map
06-10 18:38:35.549 761 797 W ActivityManager: Slow operation: 81ms so far, now at startProcess: done updating pids map
06-10 18:38:35.593 761 2063 D CompatibilityChangeReporter: Compat change id reported: 253665015; UID 10074; state: ENABLED
06-10 18:38:35.595 761 2063 D CompatibilityChangeReporter: Compat change id reported: 194532703; UID 10074; state: ENABLED
06-10 18:38:35.604 761 2063 D CompatibilityChangeReporter: Compat change id reported: 168419799; UID 10018; state: DISABLED
06-10 18:38:35.604 761 2063 D CompatibilityChangeReporter: Compat change id reported: 273564678; UID 10018; state: DISABLED
06-10 18:38:35.614 761 844 D CompatibilityChangeReporter: Compat change id reported: 265195908; UID 10018; state: ENABLED
06-10 18:38:35.650 1575 2199 E ActivityThread: Failed to find provider info for com.bili.xds.sdk.bilidev.provider
06-10 18:38:35.716 761 1865 D CompatibilityChangeReporter: Compat change id reported: 170503758; UID 10018; state: ENABLED
06-10 18:38:35.834 1409 2283 I CheckInWorker: perform check-in request
06-10 18:38:35.868 1575 1575 E ActivityThread: Failed to find provider info for com.tcl.xian.StartandroidService.MyContentProvider
06-10 18:38:35.893 1409 2283 W CheckInWorker: CheckIn failed. No device identifier available!
06-10 18:38:35.957 761 1429 D OomAdjuster: Not killing cached processes
06-10 18:38:36.305 761 2020 D CompatibilityChangeReporter: Compat change id reported: 161145287; UID 10018; state: ENABLED
06-10 18:38:36.325 761 796 D CompatibilityChangeReporter: Compat change id reported: 135634846; UID 10026; state: DISABLED
06-10 18:38:36.325 761 796 D CompatibilityChangeReporter: Compat change id reported: 177438394; UID 10026; state: DISABLED
06-10 18:38:36.325 761 796 D CompatibilityChangeReporter: Compat change id reported: 135772972; UID 10026; state: DISABLED
06-10 18:38:36.325 761 796 D CompatibilityChangeReporter: Compat change id reported: 135754954; UID 10026; state: ENABLED
06-10 18:38:36.326 761 797 D CompatibilityChangeReporter: Compat change id reported: 143937733; UID 10026; state: ENABLED
06-10 18:38:36.358 761 797 I ActivityManager: Start proc 2349:com.android.providers.tv/u0a26 for broadcast {com.android.providers.tv/com.android.providers.tv.BootCompletedReceiver}
06-10 18:38:36.445 761 2020 D CompatibilityChangeReporter: Compat change id reported: 168419799; UID 10026; state: DISABLED
06-10 18:38:36.445 761 2020 D CompatibilityChangeReporter: Compat change id reported: 273564678; UID 10026; state: DISABLED
06-10 18:38:36.452 761 844 D CompatibilityChangeReporter: Compat change id reported: 265195908; UID 10026; state: ENABLED
06-10 18:38:36.522 761 1429 D CompatibilityChangeReporter: Compat change id reported: 170503758; UID 10026; state: ENABLED
06-10 18:38:36.572 761 869 W ContextImpl: Calling a method in the system process without a qualified user: android.app.ContextImpl.sendBroadcast:1220 com.android.server.policy.PhoneWindowManager.interceptSystemKeysAndShortcuts:3687 com.android.server.policy.PhoneWindowManager.interceptKeyBeforeDispatching:3212 com.android.server.wm.InputManagerCallback.interceptKeyBeforeDispatching:183 com.android.server.input.InputManagerService.interceptKeyBeforeDispatching:2507
06-10 18:38:36.657 761 2063 D CompatibilityChangeReporter: Compat change id reported: 171306433; UID 10018; state: ENABLED
06-10 18:38:36.657 761 2063 D CompatibilityChangeReporter: Compat change id reported: 218533173; UID 10018; state: ENABLED
06-10 18:38:36.763 761 2020 W WindowManager: [addWindow] title:
06-10 18:38:36.767 761 2020 D CompatibilityChangeReporter: Compat change id reported: 168419799; UID 1000; state: DISABLED
06-10 18:38:36.768 761 2020 D CompatibilityChangeReporter: Compat change id reported: 273564678; UID 1000; state: DISABLED
06-10 18:38:36.785 761 796 D CompatibilityChangeReporter: Compat change id reported: 135634846; UID 10068; state: DISABLED
06-10 18:38:36.785 761 796 D CompatibilityChangeReporter: Compat change id reported: 177438394; UID 10068; state: DISABLED
06-10 18:38:36.785 761 796 D CompatibilityChangeReporter: Compat change id reported: 135772972; UID 10068; state: DISABLED
06-10 18:38:36.785 761 796 D CompatibilityChangeReporter: Compat change id reported: 135754954; UID 10068; state: ENABLED
06-10 18:38:36.786 761 797 D CompatibilityChangeReporter: Compat change id reported: 143937733; UID 10068; state: ENABLED
06-10 18:38:36.821 761 2020 D CoreBackPreview: Window{e7f6ca0 u0 com.dangbei.lerad.etna.haqu}: Setting back callback OnBackInvokedCallbackInfo{mCallback=android.window.IOnBackInvokedCallback$Stub$Proxy@482621b, mPriority=0, mIsAnimationCallback=false}
06-10 18:38:36.872 761 786 W ContextImpl: Calling a method in the system process without a qualified user: android.app.ContextImpl.startService:1899 com.android.server.wm.DisplayPolicy.lambda$focusChangedLw$5:2126 com.android.server.wm.DisplayPolicy.$r8$lambda$Znxk63oh-WzVnzo_WQefN7uxV48:0 com.android.server.wm.DisplayPolicy$$ExternalSyntheticLambda13.run:0 android.os.Handler.handleCallback:958
06-10 18:38:36.931 761 797 W ActivityManager: Slow operation: 146ms so far, now at startProcess: returned from zygote!
06-10 18:38:36.932 761 797 W ActivityManager: Slow operation: 147ms so far, now at startProcess: done updating battery stats
06-10 18:38:36.932 761 797 W ActivityManager: Slow operation: 147ms so far, now at startProcess: building log message
06-10 18:38:36.932 761 797 I ActivityManager: Start proc 2415:com.android.rkpdapp/u0a68 for broadcast {com.android.rkpdapp/com.android.rkpdapp.BootReceiver}
06-10 18:38:36.932 761 797 W ActivityManager: Slow operation: 147ms so far, now at startProcess: starting to update pids map
06-10 18:38:36.932 761 797 W ActivityManager: Slow operation: 147ms so far, now at startProcess: done updating pids map
06-10 18:38:36.969 972 1158 W Looper : Slow dispatch took 1334ms SysUiBg h=android.os.Handler c=android.app.LoadedApk$ReceiverDispatcher$Args$$ExternalSyntheticLambda0@72de064 m=0
06-10 18:38:37.005 761 2062 D CompatibilityChangeReporter: Compat change id reported: 168419799; UID 10068; state: DISABLED
06-10 18:38:37.005 761 2062 D CompatibilityChangeReporter: Compat change id reported: 273564678; UID 10068; state: DISABLED
06-10 18:38:37.023 761 844 D CompatibilityChangeReporter: Compat change id reported: 265195908; UID 10068; state: ENABLED
06-10 18:38:37.048 761 782 D CompatibilityChangeReporter: Compat change id reported: 143231523; UID 10018; state: DISABLED
06-10 18:38:37.082 1575 1575 W Looper : Slow dispatch took 6729ms main h=android.app.ActivityThread$H c=null m=110
06-10 18:38:37.083 1575 1575 W Looper : Slow delivery took 2964ms main h=android.app.ActivityThread$H c=null m=164
06-10 18:38:37.097 761 2062 D CompatibilityChangeReporter: Compat change id reported: 135634846; UID 10075; state: DISABLED
06-10 18:38:37.098 761 797 D CompatibilityChangeReporter: Compat change id reported: 143937733; UID 10075; state: DISABLED
06-10 18:38:37.148 761 1411 D CompatibilityChangeReporter: Compat change id reported: 170503758; UID 10068; state: ENABLED
06-10 18:38:37.192 761 797 W ActivityManager: Slow operation: 96ms so far, now at startProcess: returned from zygote!
06-10 18:38:37.193 761 797 W ActivityManager: Slow operation: 96ms so far, now at startProcess: done updating battery stats
06-10 18:38:37.193 761 797 W ActivityManager: Slow operation: 96ms so far, now at startProcess: building log message
06-10 18:38:37.193 761 797 I ActivityManager: Start proc 2443:com.xiaodianshi.tv.yst:stats/u0a75 for service {com.xiaodianshi.tv.yst/com.bilibili.lib.neuron.internal.NeuronRemoteService}
06-10 18:38:37.193 761 797 W ActivityManager: Slow operation: 96ms so far, now at startProcess: starting to update pids map
06-10 18:38:37.193 761 797 W ActivityManager: Slow operation: 96ms so far, now at startProcess: done updating pids map
06-10 18:38:37.208 761 1411 I MediaSessionStack: addSession to bottom of stack | record: com.xiaodianshi.tv.yst/YstMediaService (userId=0)
06-10 18:38:37.245 761 2063 D CompatibilityChangeReporter: Compat change id reported: 168419799; UID 10075; state: DISABLED
06-10 18:38:37.245 761 2063 D CompatibilityChangeReporter: Compat change id reported: 273564678; UID 10075; state: DISABLED
06-10 18:38:37.400 761 2020 D CompatibilityChangeReporter: Compat change id reported: 170503758; UID 10075; state: DISABLED
06-10 18:38:37.436 1575 1575 W Looper : Drained
06-10 18:38:37.440 761 835 D CompatibilityChangeReporter: Compat change id reported: 161252188; UID 10075; state: DISABLED
06-10 18:38:37.473 761 1120 I MediaSessionStack: removeSession | record: com.xiaodianshi.tv.yst/YstMediaService (userId=0)
06-10 18:38:37.499 761 796 I ActivityManager: com.android.shell is exempt from freezer
06-10 18:38:37.499 761 796 D CompatibilityChangeReporter: Compat change id reported: 135634846; UID 2000; state: DISABLED
06-10 18:38:37.500 761 796 D CompatibilityChangeReporter: Compat change id reported: 177438394; UID 2000; state: DISABLED
06-10 18:38:37.500 761 796 D CompatibilityChangeReporter: Compat change id reported: 135772972; UID 2000; state: DISABLED
06-10 18:38:37.500 761 796 D CompatibilityChangeReporter: Compat change id reported: 135754954; UID 2000; state: ENABLED
06-10 18:38:37.514 761 1120 I MediaSessionStack: addSession to bottom of stack | record: com.xiaodianshi.tv.yst/YstMediaService (userId=0)
06-10 18:38:37.541 761 2063 I MediaSessionStack: removeSession | record: com.xiaodianshi.tv.yst/YstMediaService (userId=0)
06-10 18:38:37.583 761 797 W ActivityManager: Slow operation: 84ms so far, now at startProcess: returned from zygote!
06-10 18:38:37.583 761 797 W ActivityManager: Slow operation: 84ms so far, now at startProcess: done updating battery stats
06-10 18:38:37.583 761 797 W ActivityManager: Slow operation: 84ms so far, now at startProcess: building log message
06-10 18:38:37.583 761 797 I ActivityManager: Start proc 2484:com.android.shell/2000 for broadcast {com.android.shell/com.android.shell.HeapDumpReceiver}
06-10 18:38:37.583 761 797 W ActivityManager: Slow operation: 84ms so far, now at startProcess: starting to update pids map
06-10 18:38:37.583 761 797 W ActivityManager: Slow operation: 85ms so far, now at startProcess: done updating pids map
06-10 18:38:37.619 761 822 W BroadcastLoopers: Found previously unknown looper Thread[PackageManager,5,main]
06-10 18:38:37.727 761 2020 D CompatibilityChangeReporter: Compat change id reported: 168419799; UID 2000; state: DISABLED
06-10 18:38:37.728 761 2020 D CompatibilityChangeReporter: Compat change id reported: 273564678; UID 2000; state: DISABLED
06-10 18:38:37.732 761 795 W BroadcastLoopers: Found previously unknown looper Thread[android.bg,5,main]
06-10 18:38:37.749 761 844 D CompatibilityChangeReporter: Compat change id reported: 265195908; UID 2000; state: ENABLED
06-10 18:38:37.777 1505 1726 W ContextImpl: Calling a method in the system process without a qualified user: android.app.ContextImpl.startActivity:1102 android.content.ContextWrapper.startActivity:436 com.dangbei.etna.setting.function.side.SideHelper.doSetting:165 com.dangbei.etna.setting.function.side.SideHelper.onMessage:45 com.dangbei.etna.setting.ui.side.view.SideItemView$onClick$1$1.invokeSuspend:82
06-10 18:38:37.777 1505 1726 W ContextImpl: Calling a method in the system process without a qualified user: android.app.ContextImpl.startActivity:1114 android.app.ContextImpl.startActivity:1103 android.content.ContextWrapper.startActivity:436 com.dangbei.etna.setting.function.side.SideHelper.doSetting:165 com.dangbei.etna.setting.function.side.SideHelper.onMessage:45
06-10 18:38:37.798 761 783 D CompatibilityChangeReporter: Compat change id reported: 271850009; UID 10068; state: ENABLED
06-10 18:38:37.799 761 783 D CompatibilityChangeReporter: Compat change id reported: 253665015; UID 10068; state: ENABLED
06-10 18:38:37.802 761 783 D CompatibilityChangeReporter: Compat change id reported: 194532703; UID 10068; state: ENABLED
06-10 18:38:37.821 761 795 W VoiceInteractionManager: no available voice recognition services found for user 0
06-10 18:38:37.831 761 835 D CompatibilityChangeReporter: Compat change id reported: 265464455; UID 1000; state: DISABLED
06-10 18:38:37.831 761 835 D CompatibilityChangeReporter: Compat change id reported: 265452344; UID 1000; state: DISABLED
06-10 18:38:37.832 761 835 D CompatibilityChangeReporter: Compat change id reported: 266124927; UID 1000; state: DISABLED
06-10 18:38:37.832 761 835 D CompatibilityChangeReporter: Compat change id reported: 265451093; UID 1000; state: DISABLED
06-10 18:38:37.832 761 835 D CompatibilityChangeReporter: Compat change id reported: 265456536; UID 1000; state: DISABLED
06-10 18:38:37.834 761 795 W VoiceInteractionManager: no available voice recognition services found for user 0
06-10 18:38:37.836 761 835 D CompatibilityChangeReporter: Compat change id reported: 255940284; UID 1000; state: DISABLED
06-10 18:38:37.837 761 835 D CompatibilityChangeReporter: Compat change id reported: 236283604; UID 1000; state: DISABLED
06-10 18:38:37.837 761 835 D CompatibilityChangeReporter: Compat change id reported: 263959004; UID 1000; state: DISABLED
06-10 18:38:37.838 761 835 D CompatibilityChangeReporter: Compat change id reported: 264304459; UID 1000; state: DISABLED
06-10 18:38:37.838 761 835 D CompatibilityChangeReporter: Compat change id reported: 264301586; UID 1000; state: DISABLED
06-10 18:38:37.839 761 835 D CompatibilityChangeReporter: Compat change id reported: 254631730; UID 1000; state: DISABLED
06-10 18:38:37.867 761 835 D CompatibilityChangeReporter: Compat change id reported: 273509367; UID 1000; state: DISABLED
06-10 18:38:37.867 761 835 D CompatibilityChangeReporter: Compat change id reported: 263259275; UID 1000; state: DISABLED
06-10 18:38:37.867 761 835 D CompatibilityChangeReporter: Compat change id reported: 174042980; UID 1000; state: DISABLED
06-10 18:38:37.868 761 835 D CompatibilityChangeReporter: Compat change id reported: 174042936; UID 1000; state: DISABLED
06-10 18:38:37.868 761 835 D CompatibilityChangeReporter: Compat change id reported: 181136395; UID 1000; state: DISABLED
06-10 18:38:37.888 761 835 D CompatibilityChangeReporter: Compat change id reported: 194480991; UID 1000; state: ENABLED
06-10 18:38:37.907 761 835 D CompatibilityChangeReporter: Compat change id reported: 197654537; UID 1000; state: ENABLED
06-10 18:38:37.910 761 835 D CompatibilityChangeReporter: Compat change id reported: 205907456; UID 1000; state: DISABLED
06-10 18:38:37.919 972 1070 V WindowManagerShell: Transition requested: android.os.BinderProxy@22ee01 TransitionRequestInfo { type = 1, triggerTask = TaskInfo{userId=0 taskId=57 displayId=0 isRunning=true baseIntent=Intent { dat=haqu://setting:8080/... flg=0x10000000 pkg=com.dangbei.haqusetting cmp=com.dangbei.haqusetting/.ui.HomeActivity } baseActivity=ComponentInfo{com.dangbei.haqusetting/com.dangbei.haqusetting.ui.HomeActivity} topActivity=ComponentInfo{com.dangbei.haqusetting/com.dangbei.haqusetting.ui.HomeActivity} origActivity=null realActivity=ComponentInfo{com.dangbei.haqusetting/com.dangbei.haqusetting.ui.HomeActivity} numActivities=1 lastActiveTime=32801 supportsMultiWindow=true resizeMode=1 isResizeable=true minWidth=-1 minHeight=-1 defaultMinSize=220 token=WCT{android.window.IWindowContainerToken$Stub$Proxy@929d4a6} topActivityType=1 pictureInPictureParams=null shouldDockBigOverlays=true launchIntoPipHostTaskId=-1 lastParentTaskIdBeforePip=-1 displayCutoutSafeInsets=null topActivityInfo=ActivityInfo{3fe4ee7 com.dangbei.haqusetting.ui.HomeActivity} launchCookies=[] positionInParent=Point(0, 0) parentTaskId=-1 isFocused=false isVisible=false isVisibleRequested=false isSleeping=false topActivityInSizeCompat=false topActivityEligibleForLetterboxEducation= false isLetterboxDoubleTapEnabled= false topActivityEligibleForUserAspectRatioButton= false topActivityBoundsLetterboxed= false isFromLetterboxDoubleTap= false topActivityLetterboxVerticalPosition= -1 topActivityLetterboxHorizontalPosition= -1 topActivityLetterboxWidth=-1 topActivityLetterboxHeight=-1 isUserFullscreenOverrideEnabled=false isTopActivityTransparent=true locusId=null displayAreaFeatureId=1 cameraCompatControlState=hidden}, remoteTransition = null, displayChange = null, flags = 0 }
06-10 18:38:37.928 761 835 I ActivityTaskManager: START u0 {dat=haqu://setting:8080/... flg=0x10000000 pkg=com.dangbei.haqusetting cmp=com.dangbei.haqusetting/.ui.HomeActivity} with LAUNCH_MULTIPLE from uid 1000 (BAL_ALLOW_ALLOWLISTED_UID) result code=0
06-10 18:38:37.930 761 788 I ActivityManager: com.dangbei.haqusetting is exempt from freezer
06-10 18:38:37.930 761 788 D CompatibilityChangeReporter: Compat change id reported: 135634846; UID 1000; state: DISABLED
06-10 18:38:37.999 761 2020 D CoreBackPreview: Window{e7f6ca0 u0 com.dangbei.lerad.etna.haqu}: Setting back callback null
06-10 18:38:38.024 761 788 V WindowManager: Unknown focus tokens, dropping reportFocusChanged
06-10 18:38:38.043 972 1070 D WindowManagerShell: TvPipController: onTaskStackChanged()
06-10 18:38:38.045 761 797 W ActivityManager: Slow operation: 117ms so far, now at startProcess: returned from zygote!
06-10 18:38:38.046 761 797 W ActivityManager: Slow operation: 117ms so far, now at startProcess: done updating battery stats
06-10 18:38:38.046 761 797 W ActivityManager: Slow operation: 117ms so far, now at startProcess: building log message
06-10 18:38:38.046 761 797 I ActivityManager: Start proc 2522:com.dangbei.haqusetting/1000 for next-top-activity {com.dangbei.haqusetting/com.dangbei.haqusetting.ui.HomeActivity}
06-10 18:38:38.046 761 797 W ActivityManager: Slow operation: 117ms so far, now at startProcess: starting to update pids map
06-10 18:38:38.046 761 797 W ActivityManager: Slow operation: 117ms so far, now at startProcess: done updating pids map
06-10 18:38:38.098 761 796 D CompatibilityChangeReporter: Compat change id reported: 135634846; UID 10027; state: DISABLED
06-10 18:38:38.098 761 796 D CompatibilityChangeReporter: Compat change id reported: 177438394; UID 10027; state: DISABLED
06-10 18:38:38.098 761 796 D CompatibilityChangeReporter: Compat change id reported: 135772972; UID 10027; state: DISABLED
06-10 18:38:38.098 761 796 D CompatibilityChangeReporter: Compat change id reported: 135754954; UID 10027; state: DISABLED
06-10 18:38:38.099 761 797 D CompatibilityChangeReporter: Compat change id reported: 143937733; UID 10027; state: DISABLED
06-10 18:38:38.113 761 786 W ContextImpl: Calling a method in the system process without a qualified user: android.app.ContextImpl.startService:1899 com.android.server.wm.DisplayPolicy.lambda$focusChangedLw$5:2126 com.android.server.wm.DisplayPolicy.$r8$lambda$Znxk63oh-WzVnzo_WQefN7uxV48:0 com.android.server.wm.DisplayPolicy$$ExternalSyntheticLambda13.run:0 android.os.Handler.handleCallback:958
06-10 18:38:38.158 761 797 W ActivityManager: Slow operation: 62ms so far, now at startProcess: returned from zygote!
06-10 18:38:38.159 761 797 W ActivityManager: Slow operation: 62ms so far, now at startProcess: done updating battery stats
06-10 18:38:38.159 761 797 W ActivityManager: Slow operation: 62ms so far, now at startProcess: building log message
06-10 18:38:38.159 761 797 I ActivityManager: Start proc 2542:com.android.statementservice/u0a27 for broadcast {com.android.statementservice/com.android.statementservice.domain.BootCompletedReceiver}
06-10 18:38:38.159 761 797 W ActivityManager: Slow operation: 62ms so far, now at startProcess: starting to update pids map
06-10 18:38:38.159 761 797 W ActivityManager: Slow operation: 62ms so far, now at startProcess: done updating pids map
06-10 18:38:38.238 761 835 D CompatibilityChangeReporter: Compat change id reported: 161145287; UID 10074; state: ENABLED
06-10 18:38:38.249 761 2014 D CompatibilityChangeReporter: Compat change id reported: 168419799; UID 10027; state: DISABLED
06-10 18:38:38.249 761 2014 D CompatibilityChangeReporter: Compat change id reported: 273564678; UID 10027; state: DISABLED
06-10 18:38:38.269 761 844 D CompatibilityChangeReporter: Compat change id reported: 265195908; UID 10027; state: ENABLED
06-10 18:38:38.290 761 2014 D CompatibilityChangeReporter: Compat change id reported: 170503758; UID 10027; state: DISABLED
06-10 18:38:38.327 761 835 V WindowManager: app ------------- force_land :0
06-10 18:38:38.344 761 789 D CompatibilityChangeReporter: Compat change id reported: 197654537; UID 1000; state: DISABLED
06-10 18:38:38.348 2522 2575 W ContextImpl: Calling a method in the system process without a qualified user: android.app.ContextImpl.bindService:1988 android.content.ContextWrapper.bindService:861 com.dangbei.lerad.etna.lib.client.EtnaClient.bindServer:138 com.dangbei.lerad.etna.lib.client.EtnaClient.access$600:29 com.dangbei.lerad.etna.lib.client.EtnaClient$3.call:205
06-10 18:38:38.360 761 2014 D CompatibilityChangeReporter: Compat change id reported: 261072174; UID 1000; state: DISABLED
06-10 18:38:38.485 761 796 D CompatibilityChangeReporter: Compat change id reported: 135634846; UID 10043; state: DISABLED
06-10 18:38:38.486 761 797 D CompatibilityChangeReporter: Compat change id reported: 143937733; UID 10043; state: DISABLED
06-10 18:38:38.495 761 2014 W WindowManager: [addWindow] title:com.dangbei.haqusetting/com.dangbei.haqusetting.ui.HomeActivity
06-10 18:38:38.526 761 2013 D CoreBackPreview: Window{c7d29fe u0 com.dangbei.haqusetting/com.dangbei.haqusetting.ui.HomeActivity}: Setting back callback OnBackInvokedCallbackInfo{mCallback=android.window.IOnBackInvokedCallback$Stub$Proxy@e0b087b, mPriority=0, mIsAnimationCallback=false}
06-10 18:38:38.545 761 797 W ActivityManager: Slow operation: 60ms so far, now at startProcess: returned from zygote!
06-10 18:38:38.545 761 797 W ActivityManager: Slow operation: 60ms so far, now at startProcess: done updating battery stats
06-10 18:38:38.545 761 797 W ActivityManager: Slow operation: 60ms so far, now at startProcess: building log message
06-10 18:38:38.545 761 797 I ActivityManager: Start proc 2592:com.dangbei.screencast/u0a43 for broadcast {com.dangbei.screencast/com.dangbei.screencast.startup.BootReceiver}
06-10 18:38:38.545 761 797 W ActivityManager: Slow operation: 60ms so far, now at startProcess: starting to update pids map
06-10 18:38:38.545 761 797 W ActivityManager: Slow operation: 61ms so far, now at startProcess: done updating pids map
06-10 18:38:38.592 761 2013 D CompatibilityChangeReporter: Compat change id reported: 168419799; UID 10043; state: DISABLED
06-10 18:38:38.593 761 2013 D CompatibilityChangeReporter: Compat change id reported: 273564678; UID 10043; state: DISABLED
06-10 18:38:38.607 761 844 D CompatibilityChangeReporter: Compat change id reported: 265195908; UID 10043; state: ENABLED
06-10 18:38:38.619 761 2014 D CompatibilityChangeReporter: Compat change id reported: 170503758; UID 10043; state: DISABLED
06-10 18:38:38.634 761 786 W ContextImpl: Calling a method in the system process without a qualified user: android.app.ContextImpl.startService:1899 com.android.server.wm.DisplayPolicy.lambda$focusChangedLw$5:2126 com.android.server.wm.DisplayPolicy.$r8$lambda$Znxk63oh-WzVnzo_WQefN7uxV48:0 com.android.server.wm.DisplayPolicy$$ExternalSyntheticLambda13.run:0 android.os.Handler.handleCallback:958
06-10 18:38:38.645 972 1070 V WindowManagerShell: onTransitionReady android.os.BinderProxy@22ee01: {id=2 t=OPEN f=0x0 trk=0 r=[0@Point(0, 0)] c=[{WCT{android.window.IWindowContainerToken$Stub$Proxy@ed6f283} m=OPEN f=TRANSLUCENT leash=Surface(name=Task=57)/@0xecf693d sb=Rect(0, 0 - 1920, 1080) eb=Rect(0, 0 - 1920, 1080) d=0}]}
06-10 18:38:38.646 972 1070 V WindowManagerShell: Playing animation for (#2)android.os.BinderProxy@22ee01@0
06-10 18:38:38.646 972 1070 V WindowManagerShell: try handler com.android.wm.shell.keyguard.KeyguardTransitionHandler@b8b8234
06-10 18:38:38.646 972 1070 V WindowManagerShell: try handler com.android.wm.shell.pip.tv.TvPipTransition@44a785d
06-10 18:38:38.646 972 1070 V WindowManagerShell: try handler com.android.wm.shell.activityembedding.ActivityEmbeddingController@94fc5d2
06-10 18:38:38.646 972 1070 V WindowManagerShell: try handler com.android.wm.shell.transition.RemoteTransitionHandler@7a966a3
06-10 18:38:38.646 972 1070 V WindowManagerShell: Transition doesn't have explicit remote, search filters for match for {id=2 t=OPEN f=0x0 trk=0 r=[0@Point(0, 0)] c=[{WCT{android.window.IWindowContainerToken$Stub$Proxy@ed6f283} m=OPEN f=TRANSLUCENT leash=Surface(name=Task=57)/@0xecf693d sb=Rect(0, 0 - 1920, 1080) eb=Rect(0, 0 - 1920, 1080) d=0}]}
06-10 18:38:38.646 972 1070 V WindowManagerShell: Delegate animation for #2 to null
06-10 18:38:38.646 972 1070 V WindowManagerShell: try handler com.android.wm.shell.transition.DefaultTransitionHandler@5788da0
06-10 18:38:38.646 972 1070 V WindowManagerShell: start default transition animation, info = {id=2 t=OPEN f=0x0 trk=0 r=[0@Point(0, 0)] c=[{WCT{android.window.IWindowContainerToken$Stub$Proxy@ed6f283} m=OPEN f=TRANSLUCENT leash=Surface(name=Task=57)/@0xecf693d sb=Rect(0, 0 - 1920, 1080) eb=Rect(0, 0 - 1920, 1080) d=0}]}
06-10 18:38:38.647 972 1070 V WindowManagerShell: loadAnimation: anim=android.view.animation.AlphaAnimation@3bb5c00 animAttr=0x4 type=OPEN isEntrance=true
06-10 18:38:38.653 761 785 V WindowManager: Sent Transition #2 createdAt=06-10 18:38:37.889 via request=TransitionRequestInfo { type = 1, triggerTask = TaskInfo{userId=0 taskId=57 displayId=0 isRunning=true baseIntent=Intent { dat=haqu://setting:8080/... flg=0x10000000 pkg=com.dangbei.haqusetting cmp=com.dangbei.haqusetting/.ui.HomeActivity } baseActivity=ComponentInfo{com.dangbei.haqusetting/com.dangbei.haqusetting.ui.HomeActivity} topActivity=ComponentInfo{com.dangbei.haqusetting/com.dangbei.haqusetting.ui.HomeActivity} origActivity=null realActivity=ComponentInfo{com.dangbei.haqusetting/com.dangbei.haqusetting.ui.HomeActivity} numActivities=1 lastActiveTime=32801 supportsMultiWindow=true resizeMode=1 isResizeable=true minWidth=-1 minHeight=-1 defaultMinSize=220 token=WCT{RemoteToken{4532b29 Task{9fe9eaf #57 type=standard A=1000:com.dangbei.haqusetting}}} topActivityType=1 pictureInPictureParams=null shouldDockBigOverlays=true launchIntoPipHostTaskId=-1 lastParentTaskIdBeforePip=-1 displayCutoutSafeInsets=null topActivityInfo=ActivityInfo{9460eae com.dangbei.haqusetting.ui.HomeActivity} launchCookies=[] positionInParent=Point(0, 0) parentTaskId=-1 isFocused=false isVisible=false isVisibleRequested=false isSleeping=false topActivityInSizeCompat=false topActivityEligibleForLetterboxEducation= false isLetterboxDoubleTapEnabled= false topActivityEligibleForUserAspectRatioButton= false topActivityBoundsLetterboxed= false isFromLetterboxDoubleTap= false topActivityLetterboxVerticalPosition= -1 topActivityLetterboxHorizontalPosition= -1 topActivityLetterboxWidth=-1 topActivityLetterboxHeight=-1 isUserFullscreenOverrideEnabled=false isTopActivityTransparent=true locusId=null displayAreaFeatureId=1 cameraCompatControlState=hidden}, remoteTransition = null, displayChange = null, flags = 0 }
06-10 18:38:38.653 761 785 V WindowManager: startWCT=WindowContainerTransaction { changes = {} hops = [] errorCallbackToken=null taskFragmentOrganizer=null }
06-10 18:38:38.653 761 785 V WindowManager: info={id=2 t=OPEN f=0x0 trk=0 r=[0@Point(0, 0)] c=[{WCT{RemoteToken{4532b29 Task{9fe9eaf #57 type=standard A=1000:com.dangbei.haqusetting}}} m=OPEN f=TRANSLUCENT leash=Surface(name=Task=57)/@0x31b6e62 sb=Rect(0, 0 - 1920, 1080) eb=Rect(0, 0 - 1920, 1080) d=0}]}
06-10 18:38:38.690 972 1070 V WindowManagerShell: animated by com.android.wm.shell.transition.DefaultTransitionHandler@5788da0
06-10 18:38:38.744 761 2013 D CompatibilityChangeReporter: Compat change id reported: 271850009; UID 10027; state: DISABLED
06-10 18:38:38.745 761 2013 D CompatibilityChangeReporter: Compat change id reported: 253665015; UID 10027; state: DISABLED
06-10 18:38:38.745 761 2013 D CompatibilityChangeReporter: Compat change id reported: 194532703; UID 10027; state: DISABLED
06-10 18:38:38.757 761 2013 D CompatibilityChangeReporter: Compat change id reported: 214016041; UID 1000; state: DISABLED
06-10 18:38:38.758 761 2013 D CompatibilityChangeReporter: Compat change id reported: 214016041; UID 1000; state: ENABLED
06-10 18:38:38.776 761 2014 I BroadcastQueue: BOOT_COMPLETED_BROADCAST_COMPLETION_LATENCY_REPORTED action:android.intent.action.BOOT_COMPLETED dispatchLatency:-24575 completeLatency:9086 dispatchRealLatency:-24575 completeRealLatency:9086 receiversSize:39 userId:0 userType:android.os.usertype.full.SYSTEM
06-10 18:38:38.777 761 785 I ActivityManager: Finished processing BOOT_COMPLETED for u0
06-10 18:38:38.881 761 2013 W ActivityManager: Background start not allowed: service Intent { act=com.dangbei.screencast.STARTUP pkg=com.dangbei.screencast } to com.dangbei.screencast/.startup.StartupService from pid=2592 uid=10043 pkg=com.dangbei.screencast startFg?=false
06-10 18:38:38.881 972 1158 W Looper : Drained
06-10 18:38:38.899 761 1120 W ActivityManager: Background start not allowed: service Intent { act=com.dangbei.screencast.STARTUP pkg=com.dangbei.screencast } to com.dangbei.screencast/.startup.StartupService from pid=2592 uid=10043 pkg=com.dangbei.screencast startFg?=false
06-10 18:38:38.998 761 835 D CompatibilityChangeReporter: Compat change id reported: 149924527; UID 10043; state: ENABLED
06-10 18:38:39.001 761 835 D CompatibilityChangeReporter: Compat change id reported: 132649864; UID 10043; state: DISABLED
06-10 18:38:39.043 761 2013 D CompatibilityChangeReporter: Compat change id reported: 161145287; UID 10043; state: DISABLED
06-10 18:38:39.114 972 1070 V WindowManagerShell: Transition animation finished (aborted=false), notifying core (#2)android.os.BinderProxy@22ee01@0
06-10 18:38:39.119 761 785 V WindowManager: Finish Transition #2: created at
06-10 18:38:37.889 collect-started=0.106ms request-sent=28.467ms started=39.994ms ready=451.949ms sent=752.046ms finished=1227.459ms
06-10 18:38:39.120 972 1070 V WindowManagerShell: Track 0 became idle
06-10 18:38:39.120 972 1070 V WindowManagerShell: All active transition animations finished
06-10 18:38:39.222 2443 2667 E ActivityThread: Failed to find provider info for com.bili.xds.sdk.bilidev.provider
06-10 18:38:39.224 761 796 D CompatibilityChangeReporter: Compat change id reported: 135634846; UID 10019; state: DISABLED
06-10 18:38:39.224 761 796 D CompatibilityChangeReporter: Compat change id reported: 177438394; UID 10019; state: DISABLED
06-10 18:38:39.224 761 796 D CompatibilityChangeReporter: Compat change id reported: 135772972; UID 10019; state: DISABLED
06-10 18:38:39.224 761 796 D CompatibilityChangeReporter: Compat change id reported: 135754954; UID 10019; state: ENABLED
06-10 18:38:39.225 761 797 D CompatibilityChangeReporter: Compat change id reported: 143937733; UID 10019; state: ENABLED
06-10 18:38:39.298 761 797 W ActivityManager: Slow operation: 76ms so far, now at startProcess: returned from zygote!
06-10 18:38:39.298 761 797 W ActivityManager: Slow operation: 77ms so far, now at startProcess: done updating battery stats
06-10 18:38:39.299 761 797 W ActivityManager: Slow operation: 77ms so far, now at startProcess: building log message
06-10 18:38:39.299 761 797 I ActivityManager: Start proc 2688:com.android.externalstorage/u0a19 for broadcast {com.android.externalstorage/com.android.externalstorage.MountReceiver}
06-10 18:38:39.299 761 797 W ActivityManager: Slow operation: 77ms so far, now at startProcess: starting to update pids map
06-10 18:38:39.299 761 797 W ActivityManager: Slow operation: 77ms so far, now at startProcess: done updating pids map
06-10 18:38:39.326 761 835 D CompatibilityChangeReporter: Compat change id reported: 168419799; UID 10019; state: DISABLED
06-10 18:38:39.327 761 835 D CompatibilityChangeReporter: Compat change id reported: 273564678; UID 10019; state: DISABLED
06-10 18:38:39.332 761 844 D CompatibilityChangeReporter: Compat change id reported: 265195908; UID 10019; state: ENABLED
06-10 18:38:39.348 761 1120 D CompatibilityChangeReporter: Compat change id reported: 170503758; UID 10019; state: ENABLED
06-10 18:38:39.408 761 835 I ActivityManager: Background started FGS: Allowed [callingPackage: com.dangbei.screencast; callingUid: 10043; uidState: CEM ; uidBFSL: n/a; intent: Intent { act=com.dangbei.screencast.STARTUP pkg=com.dangbei.screencast }; code:SYSTEM_ALERT_WINDOW_PERMISSION; tempAllowListReason:; targetSdkVersion:28; callerTargetSdkVersion:28; startForegroundCount:0; bindFromPackage:null: isBindService:false]
06-10 18:38:39.431 761 835 D CompatibilityChangeReporter: Compat change id reported: 170668199; UID 10043; state: DISABLED
06-10 18:38:39.432 761 835 W ActivityManager: Foreground service started from background can not have location/camera/microphone access: service com.dangbei.screencast/.startup.StartupService
06-10 18:38:39.434 761 835 D CompatibilityChangeReporter: Compat change id reported: 255038118; UID 10043; state: DISABLED
06-10 18:38:39.434 761 835 D CompatibilityChangeReporter: Compat change id reported: 255042465; UID 10043; state: DISABLED
06-10 18:38:39.437 761 835 W ForegroundServiceTypeLoggerModule: Foreground service start for UID: 10043 does not have any types
06-10 18:38:39.439 761 796 I ActivityManager: Deferring FGS notification in legacy app com.dangbei.screencast/u0a43 : Notification(channel=channel_record shortcut=null contentView=null vibrate=null sound=null defaults=0x0 flags=0x60 color=0x00000000 category=transport vis=PUBLIC)
06-10 18:38:39.578 761 796 I ActivityManager: com.tv.filemanager.os is exempt from freezer
06-10 18:38:39.579 761 796 D CompatibilityChangeReporter: Compat change id reported: 135634846; UID 10042; state: DISABLED
06-10 18:38:39.579 761 796 D CompatibilityChangeReporter: Compat change id reported: 177438394; UID 10042; state: DISABLED
06-10 18:38:39.579 761 796 D CompatibilityChangeReporter: Compat change id reported: 135772972; UID 10042; state: DISABLED
06-10 18:38:39.580 761 796 D CompatibilityChangeReporter: Compat change id reported: 135754954; UID 10042; state: DISABLED
06-10 18:38:39.581 761 797 D CompatibilityChangeReporter: Compat change id reported: 143937733; UID 10042; state: DISABLED
06-10 18:38:39.625 761 1120 I ActivityManager: Background started FGS: Allowed [callingPackage: com.dangbei.screencast; callingUid: 10043; uidState: FGS ; uidBFSL: [BFSL]; intent: Intent { cmp=com.dangbei.screencast/.huaweicast.service.HuaweiCastService }; code:PROC_STATE_FGS; tempAllowListReason:; targetSdkVersion:28; callerTargetSdkVersion:28; startForegroundCount:0; bindFromPackage:null: isBindService:false]
06-10 18:38:39.635 761 1120 W ProcessStats: Tracking association SourceState{6b315c4 com.xiaodianshi.tv.yst:stats/10075 Service #371} whose proc state 8 is better than process ProcessState{98ae659 com.xiaodianshi.tv.yst/10075 pkg=com.xiaodianshi.tv.yst} proc state 14 (0 skipped)
06-10 18:38:39.639 761 797 W ActivityManager: Slow operation: 61ms so far, now at startProcess: returned from zygote!
06-10 18:38:39.639 761 797 W ActivityManager: Slow operation: 61ms so far, now at startProcess: done updating battery stats
06-10 18:38:39.639 761 797 W ActivityManager: Slow operation: 61ms so far, now at startProcess: building log message
06-10 18:38:39.639 761 797 I ActivityManager: Start proc 2762:com.tv.filemanager.os/u0a42 for broadcast {com.tv.filemanager.os/com.dangbei.lerad.filemanager.receives.USBReceiver}
06-10 18:38:39.639 761 797 W ActivityManager: Slow operation: 62ms so far, now at startProcess: starting to update pids map
06-10 18:38:39.639 761 797 W ActivityManager: Slow operation: 62ms so far, now at startProcess: done updating pids map
06-10 18:38:39.640 2443 2443 W Looper : Slow dispatch took 2390ms main h=android.app.ActivityThread$H c=null m=110
06-10 18:38:39.728 761 2020 D CompatibilityChangeReporter: Compat change id reported: 168419799; UID 10042; state: DISABLED
06-10 18:38:39.728 761 2020 D CompatibilityChangeReporter: Compat change id reported: 273564678; UID 10042; state: DISABLED
06-10 18:38:39.737 761 844 D CompatibilityChangeReporter: Compat change id reported: 265195908; UID 10042; state: ENABLED
06-10 18:38:39.743 761 2020 D CompatibilityChangeReporter: Compat change id reported: 170503758; UID 10042; state: DISABLED
06-10 18:38:39.785 761 1120 D CompatibilityChangeReporter: Compat change id reported: 261072174; UID 10043; state: DISABLED
06-10 18:38:39.806 761 2014 W ActivityManager: Foreground service started from background can not have location/camera/microphone access: service com.dangbei.screencast/.huaweicast.service.HuaweiCastService
06-10 18:38:39.807 761 2014 W ForegroundServiceTypeLoggerModule: Foreground service start for UID: 10043 does not have any types
06-10 18:38:40.033 761 2014 D CompatibilityChangeReporter: Compat change id reported: 161145287; UID 10042; state: DISABLED
06-10 18:38:40.081 2762 2762 E ActivityThread: Failed to find provider info for lerad.provider.etna
06-10 18:38:40.121 761 796 I ActivityManager: com.oranth.usbopenft is exempt from freezer
06-10 18:38:40.122 761 796 D CompatibilityChangeReporter: Compat change id reported: 135634846; UID 1000; state: DISABLED
06-10 18:38:40.142 761 797 I ActivityManager: Start proc 2830:com.oranth.usbopenft/1000 for broadcast {com.oranth.usbopenft/com.oranth.usbopenft.UsbReceiver}
06-10 18:38:40.174 761 2014 D CompatibilityChangeReporter: Compat change id reported: 168419799; UID 1000; state: DISABLED
06-10 18:38:40.175 761 2014 D CompatibilityChangeReporter: Compat change id reported: 273564678; UID 1000; state: DISABLED
06-10 18:38:40.257 348 369 I keystore2: system/security/keystore2/src/watchdog.rs:319 - Watchdog thread idle -> terminating. Have a great day.
06-10 18:38:40.520 761 857 D ActivityManager: freezing 1554 com.android.music
06-10 18:38:41.424 761 1501 E TaskPersister: File error accessing recents directory (directory doesn't exist?).
06-10 18:38:41.660 761 796 D OomAdjuster: Not killing cached processes
06-10 18:38:41.666 761 1120 D CompatibilityChangeReporter: Compat change id reported: 253665015; UID 10018; state: ENABLED
06-10 18:38:41.667 761 1120 D CompatibilityChangeReporter: Compat change id reported: 194532703; UID 10018; state: ENABLED
06-10 18:38:42.845 2443 2764 E ActivityThread: Failed to find provider info for com.tcl.xian.StartandroidService.MyContentProvider
06-10 18:38:42.959 761 796 I ActivityManager: Skip zero pid ANR, process=WebViewLoader-armeabi-v7a
06-10 18:38:44.570 761 783 D CompatibilityChangeReporter: Compat change id reported: 135634846; UID 10043; state: DISABLED
06-10 18:38:44.571 761 797 D CompatibilityChangeReporter: Compat change id reported: 143937733; UID 10043; state: DISABLED
06-10 18:38:44.587 761 797 I ActivityManager: Start proc 2894:com.huawei.connection/u0a43 for service {com.dangbei.screencast/com.huawei.connection.service.NearFieldManagerService}
06-10 18:38:44.615 761 2014 D CompatibilityChangeReporter: Compat change id reported: 168419799; UID 10043; state: DISABLED
06-10 18:38:44.615 761 2014 D CompatibilityChangeReporter: Compat change id reported: 273564678; UID 10043; state: DISABLED
06-10 18:38:44.624 761 2014 D CompatibilityChangeReporter: Compat change id reported: 170503758; UID 10043; state: DISABLED
06-10 18:38:44.686 761 783 D CompatibilityChangeReporter: Compat change id reported: 161145287; UID 10043; state: DISABLED
06-10 18:38:44.743 761 1120 D CompatibilityChangeReporter: Compat change id reported: 261072174; UID 10043; state: DISABLED
06-10 18:38:46.369 761 796 I ActivityManager: Waited long enough for: ServiceRecord{8bbd2dc u0 com.oranth.storage/.MainService}
06-10 18:38:46.989 761 796 I ActivityManager: Waited long enough for: ServiceRecord{d214b19 u0 com.droidlogic.mictoggle/.AssistantMicMuteService}
06-10 18:38:47.689 1543 2489 W ActivityThread: ClassLoader.loadClass: The class loader returned by Thread.getContextClassLoader() may fail for processes that host multiple applications. You should explicitly specify a context class loader. For example: Thread.setContextClassLoader(getClass().getClassLoader());
06-10 18:38:48.376 761 954 D CompatibilityChangeReporter: Compat change id reported: 261072174; UID 1000; state: ENABLED
06-10 18:38:48.377 761 954 D OomAdjuster: Not killing cached processes
06-10 18:38:49.329 761 796 I ActivityManager: Waited long enough for: ServiceRecord{2452787 u0 com.dangbei.lerad.rocky/com.dangbei.phrike.core.PhrikeDownloadService}
06-10 18:38:49.643 761 857 D ActivityManager: freezing 2688 com.android.externalstorage
06-10 18:38:49.655 761 761 W NotificationHistory: Attempted to add notif for locked/gone/disabled user 0
06-10 18:38:49.779 761 844 W BroadcastLoopers: Found previously unknown looper Thread[appscheduling.default,5,main]
06-10 18:38:54.013 761 844 D OomAdjuster: Not killing cached processes
06-10 18:38:55.339 348 2954 I keystore2: system/security/keystore2/src/watchdog.rs:319 - Watchdog thread idle -> terminating. Have a great day.
06-10 18:38:58.593 761 861 E LazyAlarmStore: Removed TIME_TICK alarm
06-10 18:38:58.599 761 761 W SyncManager: Clock is valid now.
06-10 18:38:58.599 761 761 D ConditionProviders.SCP: onReceive android.intent.action.TIME_SET
06-10 18:38:58.621 761 761 D ConditionProviders.SCP: evaluateSubscriptionLocked cal=ScheduleCalendar[mDays={1, 2, 3, 4, 5, 6, 7}, mSchedule=ScheduleInfo{days=[1, 2, 3, 4, 5, 6, 7], startHour=22, startMinute=0, endHour=7, endMinute=0, exitAtAlarm=true, nextAlarm=Thu Jan 01 08:00:00 GMT+08:00 1970 (0)}], now=Tue Jun 10 18:38:58 GMT+08:00 2025 (1749551938599), nextUserAlarmTime=Thu Jan 01 08:00:00 GMT+08:00 1970 (0)
06-10 18:38:58.621 761 761 D ConditionProviders.SCP: notifyCondition condition://android/schedule?days=1.2.3.4.5.6.7&start=22.0&end=7.0&exitAtAlarm=true STATE_FALSE reason=!meetsSchedule
06-10 18:38:58.622 761 761 D ConditionProviders.SCP: Scheduling evaluate for Tue Jun 10 22:00:00 GMT+08:00 2025 (1749564000000), in +3h21m1s401ms, now=Tue Jun 10 18:38:58 GMT+08:00 2025 (1749551938599)
06-10 18:38:58.623 761 761 D CompatibilityChangeReporter: Compat change id reported: 171306433; UID 1000; state: ENABLED
06-10 18:38:58.623 761 761 D CompatibilityChangeReporter: Compat change id reported: 218533173; UID 1000; state: ENABLED
06-10 18:38:58.626 761 795 I UsageStatsService: User[0] Time changed in by 3 seconds
06-10 18:38:58.626 761 795 I UsageStatsService: User[0] Flushing usage stats to disk
06-10 18:38:58.634 761 915 D CompatibilityChangeReporter: Compat change id reported: 143231523; UID 1000; state: DISABLED
06-10 18:38:58.647 761 795 I UsageStatsDatabase: Time changed by +3s225ms. files deleted: 0 files moved: 4
06-10 18:38:58.660 761 795 I UsageStatsService: User[0] Rollover scheduled @ 2025-06-11 17:42:25(1749634945384)
06-10 18:38:58.663 761 844 D CompatibilityChangeReporter: Compat change id reported: 218533173; UID 10075; state: DISABLED
06-10 18:38:58.664 761 844 D CompatibilityChangeReporter: Compat change id reported: 262645982; UID 10075; state: DISABLED
06-10 18:38:58.664 761 844 D CompatibilityChangeReporter: Compat change id reported: 218533173; UID 10017; state: ENABLED
06-10 18:38:58.664 761 844 D CompatibilityChangeReporter: Compat change id reported: 262645982; UID 10017; state: ENABLED
06-10 18:38:58.665 761 844 D CompatibilityChangeReporter: Compat change id reported: 218533173; UID 10040; state: DISABLED
06-10 18:38:58.665 761 844 D CompatibilityChangeReporter: Compat change id reported: 262645982; UID 10040; state: DISABLED
06-10 18:38:58.666 761 844 D CompatibilityChangeReporter: Compat change id reported: 218533173; UID 10019; state: ENABLED
06-10 18:38:58.666 761 844 D CompatibilityChangeReporter: Compat change id reported: 262645982; UID 10019; state: ENABLED
06-10 18:38:58.666 761 844 D CompatibilityChangeReporter: Compat change id reported: 218533173; UID 10026; state: ENABLED
06-10 18:38:58.667 761 844 D CompatibilityChangeReporter: Compat change id reported: 262645982; UID 10026; state: ENABLED
06-10 18:38:58.669 761 844 D CompatibilityChangeReporter: Compat change id reported: 218533173; UID 10027; state: DISABLED
06-10 18:38:58.670 761 844 D CompatibilityChangeReporter: Compat change id reported: 262645982; UID 10027; state: DISABLED
06-10 18:38:58.670 761 844 D CompatibilityChangeReporter: Compat change id reported: 218533173; UID 10043; state: DISABLED
06-10 18:38:58.670 761 844 D CompatibilityChangeReporter: Compat change id reported: 262645982; UID 10043; state: DISABLED
06-10 18:38:58.672 761 844 D CompatibilityChangeReporter: Compat change id reported: 218533173; UID 10068; state: ENABLED
06-10 18:38:58.672 761 844 D CompatibilityChangeReporter: Compat change id reported: 262645982; UID 10068; state: ENABLED
06-10 18:38:58.675 761 844 D CompatibilityChangeReporter: Compat change id reported: 218533173; UID 10024; state: ENABLED
06-10 18:38:58.676 761 844 D CompatibilityChangeReporter: Compat change id reported: 262645982; UID 10024; state: ENABLED
06-10 18:38:58.677 761 844 D CompatibilityChangeReporter: Compat change id reported: 218533173; UID 10020; state: ENABLED
