06-10 19:31:46.702 9377 9742 I CLog : 2025-06-10 19:31:46.702 T:9742 DEBUG: qtp-load(99), data-len:0, access-control-allow-credentials:true access-control-allow-headers:Accept,Authorization,Cache-Control,Content-Type,DNT,If-Modified-Since,Keep-Alive,Origin,User-Agent,X-Requested-With access-control-allow-methods:GET, POST, PUT, DELETE, OPTIONS content-length:0 content-type:text/html date:Tue, 10 Jun 2025 11:31:46 GMT server:nginx server_ip:124.237.225.22
06-10 19:31:46.702 9377 9742 I CLog : 2025-06-10 19:31:46.702 T:9742 INFO: qtp-load(99), err(0, 0), syserr(0), transerr(0), multi(0), easy(0), http(200)
06-10 19:31:46.702 9377 9742 I CLog : 2025-06-10 19:31:46.702 T:9742 INFO: qtp-load(99): success! url:https://msg.ptqy.gitv.tv/core?t=vrsd&ptid=14025032401000000000&pf=3&c1=&c2=&lvbck=&r=1233430264130200&aid=1233430264130200&u=tv_cc46bef63fc2ad8d49126ac32881e261_1749550814769_3644146642&pu=1057382444771596&os=android_034-01-01&v=2.1403.1.250523&krv=5.1.0202&krvb=15549&hcdnv=10.2.3.5212&lnv=&mdlm=&ra1=1&ra2=-1&ra3=600&ra4=25&ra5=100&ra6=0&va=-1&as=40ac7f1642a161c04065593fb7966e87&ve=6427f2ffdd26a894f13a6ae380270a5c&islocal=0&ht=0&tpcd=&tpad=-1&drm_t=4&abr_t=0&abr_m=0&abr_at=&abr_p=0_0&drm_v=3.1.0&chipid=amlogic&mod=&nettype=11&ua_model=DBBOX-A3&rn=1749555106483&stime=1749555106483&vdurt=2746000&krus=tv_android_player&vpt=5_57_60&p1=0&p2=0&pdc_src=-1&a_ra=&a_va=&prtype=0&smallplyrtp=&hwnp=&netmod=1&play_src=&mpi=&hch=0&ndc=0
06-10 19:31:46.702 9377 9742 I CLog : 2025-06-10 19:31:46.702 T:9742 DEBUG: qtp-load(99): CheckLoadComplete exit
06-10 19:31:46.702 9377 9742 I CLog : 2025-06-10 19:31:46.702 T:9742 DEBUG: qtp-load(99) QtpHttpFinishCallback reqid:75440434 exit
06-10 19:31:46.702 9377 9762 I CLog : 2025-06-10 19:31:46.702 T:9762 INFO: qtp-load(99), reqid:75440434, timeout:3000, once_callback:1
06-10 19:31:46.702 9377 9607 D UFUnilog: api_network_status.cpp : 105 {fuc=APINetworkStatus:IsIPV6Works(),interface_msg=localResult=0, fastdnsResult=0}
06-10 19:31:46.702 9377 9607 I UFUnilog: api_engine.cpp : 993 PingbackSdk {fuc=APIEngine::generateFinalIPV6Config(),logtag=babelqos_pb_181,interface_msg=forceIPV6Status:-1}
06-10 19:31:46.702 9377 9762 I CLog : 2025-06-10 19:31:46.702 T:9762 INFO: qtp-load(100) - Load, http://msg.ptqy.gitv.tv/v5/core/pstat?ptid=14025032401000000000&pf=3&c1=2&c2=&lvbck=&r=1233430264130200&aid=1978642334195801&u=tv_cc46bef63fc2ad8d49126ac32881e261_1749550814769_3644146642&pu=1057382444771596&os=android_034-01-01&v=2.1403.1.250523&krv=5.1.0202&krvb=15549&hcdnv=10.2.3.5212&lnv=&mdlm=2&ra1=1&ra2=-1&ra3=600&ra4=25&ra5=100&ra6=0&va=0&as=9117c58ebd9b3d37b63bb5735a2c5c4e&ve=6427f2ffdd26a894f13a6ae380270a5c&islocal=0&ht=0&tpcd=4&tpad=0&drm_t=4&abr_t=0&abr_m=-1&abr_at=&abr_p=0_0&drm_v=3.1.0&drmlicsv=5&chipid=amlogic&mod=&nettype=11&ua_model=DBBOX-A3&rn=1749555106603&stime=1749555106603&vdurt=2746000&krus=tv_android_player&vpt=5_57_60&p1=0&p2=0&pdc_src=-1&a_ra=&a_va=&prtype=0&smallplyrtp=&hwnp=&netmod=1&play_src=&mpi=&q_a=0&q_z=0&q_b=1&q_c=1_1&q_d=0_0&q_e=0_0&q_f=0_0_0&q_g=1_1&q_h=0_0&q_i=1_3_1&q_j=0_0&q_k=0_0_0&q_y=0
06-10 19:31:46.702 9377 9762 I CLog : 2025-06-10 19:31:46.702 T:9762 DEBUG: enter
06-10 19:31:46.702 9377 9762 W q_h_c_s : HCDN_LOG: [T:9762]MethodLog:1333,QTP SyncGet (reid: 75440435, url: http://msg.ptqy.gitv.tv/v5/core/pstat?ptid=14025032401000000000&pf=3&c1=2&c2=&lvbck=&r=1233430264130200&aid=1978642334195801&u=tv_cc46bef63fc2ad8d49126ac32881e261_1749550814769_3644146642&pu=1057382444771596&os=android_034-01-01&v=2.1403.1.250523&krv=5.1.0202&krvb=15549&hcdnv=10.2.3.5212&lnv=&mdlm=2&ra1=1&ra2=-1&ra3=600&ra4=25&ra5=100&ra6=0&va=0&as=9117c58ebd9b3d37b63bb5735a2c5c4e&ve=6427f2ffdd26a894f13a6ae380270a5c&islocal=0&ht=0&tpcd=4&tpad=0&drm_t=4&abr_t=0&abr_m=-1&abr_at=&abr_p=0_0&drm_v=3.1.0&drmlicsv=5&chipid=amlogic&mod=&nettype=11&ua_model=DBBOX-A3&rn=1749555106603&stime=1749555106603&vdurt=2746000&krus=tv_android_player&vpt=5_57_60&p1=0&p2=0&pdc_src=-1&a_ra=&a_va=&prtype=0&smallplyrtp=&hwnp=&netmod=1&play_src=&mpi=&q_a=0&q_z=0&q_b=1&q_c=1_1&q_d=0_0&q_e=0_0&q_f=0_0_0&q_g=1_1&q_h=0_0&q_i=1_3_1&q_j=0_0&q_k=0_0_0&q_y=0, connect: 5001, read: 3000, strict: 0, qtp: 1, module: 3001)
06-10 19:31:46.702 9377 16502 I CLog : 2025-06-10 19:31:46.702 T:16502 INFO: RM_P_TS::105, Flush, dts[a:212227844, v:212200000], offset[a:554, v:80832], ret:0, err_code:0
06-10 19:31:46.703 9377 9607 I UFUnilog: api_engine.cpp : 1003 PingbackSdk {fuc=APIEngine::generateFinalIPV6Config(),logtag=babelqos_pb_181,interface_msg=domain support ipv6, sOriginHost:msg.ptqy.gitv.tv, strIPV6Domain:}
06-10 19:31:46.703 9377 9607 V UFUnilog: api_engine.cpp : 189 PingbackSdk {fuc=APIEngine:Call(),logtag=babelqos_pb_181,interface_msg=Start Try!,try_count=0}
06-10 19:31:46.703 9377 9607 I UFUnilog: api_strategy_impl.cpp : 438 PingbackSdk {fuc=APIStrategyImpl:CreateStrategyResult(),logtag=babelqos_pb_181,strategyname=httpdns-strategy,current_try_count=0,interface_msg=try to get ip list from dns_type = 1}
06-10 19:31:46.703 9377 9607 W UFUnilog: api_httpdns_fastdns.cpp : 110 {fuc=APIHttpdnsFastDns:GetHttpDnsResult(),interface_msg=start find,business=unifiedx,bgp_flag=1,timeout=2000,domain_list=msg.ptqy.gitv.tv,cache_only=0}
06-10 19:31:46.704 9377 9607 I UFUnilog: api_httpdns_fastdns.cpp : 184 {fuc=APIHttpdnsFastDns:GetHttpDnsResult(),interface_msg=v6 domain finded, result4a_size=1, result4aaaa_size=1, result4b_size=1, result4bbbb_size=0}
06-10 19:31:46.704 9377 9607 I UFUnilog: api_httpdns_fastdns.cpp : 200 {fuc=APIHttpdnsFastDns:GetHttpDnsResult(),interface_msg=v4 finded,domain=msg.ptqy.gitv.tv,ip_list_count=4,ip_from_cache=1,ns_result=116.211.198.144|443}
06-10 19:31:46.704 9377 9607 I UFUnilog: api_httpdns_fastdns.cpp : 221 {fuc=APIHttpdnsFastDns:GetHttpDnsResult(),interface_msg=v6 finded,domain=msg.ptqy.gitv.tv,ip_list_count_v6=3,ip_from_cache=1,ns_result=116.211.198.144|443}
06-10 19:31:46.704 9377 9607 I UFUnilog: api_httpdns_fastdns.cpp : 246 {fuc=APIHttpdnsFastDns:GetHttpDnsResult(),interface_msg=v4 backup finded,domain=msg.ptqy.gitv.tv,ip_list_count_b=4,bfirst=0,ip_from_cache=1,ns_result=116.211.198.144|443}
06-10 19:31:46.704 9377 16502 I CLog : 2025-06-10 19:31:46.704 T:16502 INFO: [10005][109]M3u8HCDNDataProvider::StartLoadFromHCDN-load_from=44054704,need_read=1048576,real_read=1048576,load_to=45103280,real_parsed=1048664,From DP type HCDN
06-10 19:31:46.704 9377 9607 I UFUnilog: api_strategy_impl.cpp : 569 PingbackSdk {fuc=APIStrategyImpl:CreateStrategyResult(),logtag=babelqos_pb_181,strategyname=httpdns-strategy,interface_msg=complete build strategy result,suggest_url_params=,suggest_protocol=,bReplaceWithNewFullUrl=0,bReplaceWithNewHeaders=0}
06-10 19:31:46.704 9377 16502 I CLog : 2025-06-10 19:31:46.704 T:16502 DEBUG: BandWithMeter:32, 0
06-10 19:31:46.704 9377 16502 I CLog : 2025-06-10 19:31:46.704 T:16502 DEBUG: [109]BaseDataProvider::OnPreload,video_buffer_time=14160
06-10 19:31:46.704 9377 16502 I CLog : 2025-06-10 19:31:46.704 T:16502 INFO: [109]BaseDataProvider::OnPreload, buff_time=14160(ms) > max_preload_buffer_time=10000(ms), return directly
06-10 19:31:46.704 9377 9607 V UFUnilog: UFNEasyCurlClientImpl.cpp : 16 PingbackSdk {fuc=UFNEasyCurlClientImpl:Perform(),logtag=babelqos_pb_181,interface_msg=in}
06-10 19:31:46.711 9377 9786 W kcp : HCDN_LOG: [T:9786][func:SetUsingKcp],[line:288],kcp[(116.1.141.179:7468[53650]/PT_PUBLIC)]
06-10 19:31:46.714 9377 9742 W q_h_c_s : HCDN_LOG: [T:9742]SetEasyOpt:1497,curl_easy_setopt CURLOPT_URL success: http://msg.ptqy.gitv.tv/v5/core/pstat?ptid=14025032401000000000&pf=3&c1=2&c2=&lvbck=&r=1233430264130200&aid=1978642334195801&u=tv_cc46bef63fc2ad8d49126ac32881e261_1749550814769_3644146642&pu=1057382444771596&os=android_034-01-01&v=2.1403.1.250523&krv=5.1.0202&krvb=15549&hcdnv=10.2.3.5212&lnv=&mdlm=2&ra1=1&ra2=-1&ra3=600&ra4=25&ra5=100&ra6=0&va=0&as=9117c58ebd9b3d37b63bb5735a2c5c4e&ve=6427f2ffdd26a894f13a6ae380270a5c&islocal=0&ht=0&tpcd=4&tpad=0&drm_t=4&abr_t=0&abr_m=-1&abr_at=&abr_p=0_0&drm_v=3.1.0&drmlicsv=5&chipid=amlogic&mod=&nettype=11&ua_model=DBBOX-A3&rn=1749555106603&stime=1749555106603&vdurt=2746000&krus=tv_android_player&vpt=5_57_60&p1=0&p2=0&pdc_src=-1&a_ra=&a_va=&prtype=0&smallplyrtp=&hwnp=&netmod=1&play_src=&mpi=&q_a=0&q_z=0&q_b=1&q_c=1_1&q_d=0_0&q_e=0_0&q_f=0_0_0&q_g=1_1&q_h=0_0&q_i=1_3_1&q_j=0_0&q_k=0_0_0&q_y=0 (reid: 75440435)
06-10 19:31:46.714 9377 9742 W q_h_c_s : HCDN_LOG: [T:9742]SetCurlTimeout:4095,curl_easy_setopt CURLOPT_CONNECTTIMEOUT_MS success (reid: 75440435, timeout: 5001)
06-10 19:31:46.714 9377 9742 W q_h_c_s : HCDN_LOG: [T:9742]SetCurlTimeout:4161,curl_easy_setopt CURLOPT_TIMEOUT_MS success (reid: 75440435, timeout: 3000)
06-10 19:31:46.714 9377 9742 W q_h_c_s : HCDN_LOG: [T:9742]AddToMultiHandle:1145,AddToMultiHandle reid: 75440435, taskid(0), moduleId(3001), offset(0), length(-1), CURL(0xf13c6510), m_mapRun(3), m_mapReqId2EasyHandle(3), m_vecModuleRun(0,0,0,2,0,0,1,0,0)
06-10 19:31:46.721 9377 9742 W q_h_c_s : HCDN_LOG: [T:9742]PrintHttpStatInfo:3879,Connection info for reid: 75440430, req_domain: scs-x.ptqy.gitv.tv, http_code: 200[1], classified_err: 0, own_err: 0, try_path: fc, ipv6_check: 2-101, net_type: 0, connection info: (m_primaryIp: 59.39.2.12, m_primaryPort: 80, m_connectIp: 59.39.2.12, m_connectPort: 80, m_localIp: 192.168.3.107, m_localPort: 56926, m_resolveTime: 0.110000s, m_connectTime: 0.011022s, m_appConnectTime: 0.000000s, m_preTransTime: 0.011316s, m_startTransTime: 0.052641s, m_totalTime: 0.173000s, m_stageTime: 0.052983s, m_avgDownloadSpeed: 3.685547kB/s, m_totalDownloadSize: 200B, m_avgUploadSpeed: 0.000000kB/s, m_totalUploadSize: 0B, m_isHappyEyeballsHappened: 0, m_connectionReuse: 0, m_numConnects: 1, m_ipVersion: 4, m_redirectTime: 0.000000s)
06-10 19:31:46.721 9377 9742 W q_h_c_s : HCDN_LOG: [T:9742]PrintHttpStatInfo:3918,Qtp state record for reid: 75440430, QS_UNINIT -> QSD1R0_START -> QSD1R0_WAITFOR_FASTDNS_CACHE_RESP -> QSD1R0_WAITFOR_HTTP_RESP0 -> QS_SUCCESS
06-10 19:31:46.721 9377 9794 W cdntask_new: HCDN_LOG: [T:9794][HERROR]:[f:HcbOnRequestFile2MCrCEx],[l:844], success(1) http_code(200)
06-10 19:31:46.722 9377 9785 E Hcdn_DeTask572787192: HCDN_LOG: [T:9785][HINFO]:[f:OnRecvHcdnBaseinfoNotify],[l:1457], recv baseinfo,bitrate:0,maxbitrate:0,timelen:0,filelength:74371672 ori_bitrate:1270040 policy:0
06-10 19:31:46.722 9377 9785 E Hcdn_DeTask572787192: HCDN_LOG: [T:9785][HINFO]:[f:AllocateForHcdnTaskNew],[l:3000], is seeking[45103280]
06-10 19:31:46.722 9377 9785 W Hcdn_DeTask572787192: HCDN_LOG: [T:9785][HERROR]:[f:AllocateForHcdnTaskNew],[l:3020],AllocateForHcdnTaskNew,3020 read_timeout 0 0 0 0
06-10 19:31:46.722 9377 9785 E Hcdn_DeTask572787192: HCDN_LOG: [T:9785][HINFO]:[f:AllocateForHcdnTaskNew],[l:3439], dynamic_buffer_type(3),ptd_cdn_sp(10240 KB/s),ptd_dache_sp(1152 KB/s),ptd_local_bandw(750 KB/s),bitrate(158 KB),high_bitrate(0 0),active_bit(238 KB),concurcurt_need_dcsp_mul_actb(1.00),can_cdn_dc_concurd(1),have_buffer_min_max_backoff(1),cdn_sp_mul_actbit(43),dcahce_sp_mul_actbit(4),lbandw_mul_actbit(3),have_chunk_info(0)
06-10 19:31:46.722 9377 9785 E Hcdn_DeTask572787192: HCDN_LOG: [T:9785][HINFO]:[f:AllocateForHcdnTaskNew],[l:3444], start_calc_offset(45103280),cur_cache_byte(9422672),cur_cache_seconds(59 59.00),pre_cache_seconds(0 0.00),video_cache_seconds(0.00),ad_cache_seconds(0),last_read_acc_seconds(13 13.00),min_seconds(12),max_seconds(25),dcache_seconds(25),mix_seconds(0),total_cache_seconds(72),cellular_net(0),other_t_ses(4294967295)
06-10 19:31:46.722 9377 9790 E storage_operate: HCDN_LOG: [T:9790][HINFO]:[f:SaveCrcInfoFromCDN],[l:307],[index:0],[fid:a0ac70e3dc1096ca2aa4058e4c48dcb400000000],[begin:0],[end:36]
06-10 19:31:46.722 9377 9790 E storage_operate: HCDN_LOG: [T:9790][HINFO]:[f:PostFileMediaInfoNotify],[l:141],[taskid:572787192],[fid:a0ac70e3dc1096ca2aa4058e4c48dcb400000000],[FileBitmap: 00000000 00000000 00011111 11000000 0000]
06-10 19:31:46.723 9377 9785 E Hcdn_DeTask572787192: HCDN_LOG: [T:9785][HINFO]:[f:OnRecvFileMediaInfoNotify],[l:922], have block crc
06-10 19:31:46.723 9377 9785 E Hcdn_DeTask572787192: HCDN_LOG: [T:9785][HINFO]:[f:PostDownloadRange],[l:155], real_policy_cdn,offset=0,len=0,emergency=0,alloc_reason:0
06-10 19:31:46.723 9377 9785 E Hcdn_DeTask572787192: HCDN_LOG: [T:9785][HINFO]:[f:AllocateForHcdnTaskNew],[l:3000], is seeking[45103280]
06-10 19:31:46.723 9377 9785 W Hcdn_DeTask572787192: HCDN_LOG: [T:9785][HERROR]:[f:AllocateForHcdnTaskNew],[l:3020],AllocateForHcdnTaskNew,3020 read_timeout 0 0 0 0
06-10 19:31:46.723 9377 9785 E Hcdn_DeTask572787192: HCDN_LOG: [T:9785][HINFO]:[f:AllocateForHcdnTaskNew],[l:3439], dynamic_buffer_type(3),ptd_cdn_sp(10240 KB/s),ptd_dache_sp(1152 KB/s),ptd_local_bandw(750 KB/s),bitrate(158 KB),high_bitrate(0 0),active_bit(238 KB),concurcurt_need_dcsp_mul_actb(1.00),can_cdn_dc_concurd(1),have_buffer_min_max_backoff(1),cdn_sp_mul_actbit(43),dcahce_sp_mul_actbit(4),lbandw_mul_actbit(3),have_chunk_info(0)
06-10 19:31:46.723 9377 9785 E Hcdn_DeTask572787192: HCDN_LOG: [T:9785][HINFO]:[f:AllocateForHcdnTaskNew],[l:3444], start_calc_offset(45103280),cur_cache_byte(9422672),cur_cache_seconds(59 59.00),pre_cache_seconds(0 0.00),video_cache_seconds(0.00),ad_cache_seconds(0),last_read_acc_seconds(13 13.00),min_seconds(12),max_seconds(25),dcache_seconds(25),mix_seconds(0),total_cache_seconds(72),cellular_net(0),other_t_ses(4294967295)
06-10 19:31:46.734 9377 16502 I CLog : 2025-06-10 19:31:46.734 T:16502 DEBUG: [109]BaseDataProvider::OnPreload,video_buffer_time=14160
06-10 19:31:46.734 9377 9786 W kcp : HCDN_LOG: [T:9786][func:SetUsingKcp],[line:288],kcp[(36.101.236.121:2767[21630]/PT_PUBLIC)]
06-10 19:31:46.740 9377 9786 W kcp : HCDN_LOG: [T:9786][func:SetUsingKcp],[line:288],kcp[(113.82.152.107:27880[23615]/PT_PUBLIC)]
06-10 19:31:46.763 9377 9785 E Hcdn_DeTask572787192: HCDN_LOG: [T:9785][HINFO]:[f:AllocateForHcdnTaskNew],[l:3000], is seeking[45103280]
06-10 19:31:46.763 9377 9785 W Hcdn_DeTask572787192: HCDN_LOG: [T:9785][HERROR]:[f:AllocateForHcdnTaskNew],[l:3020],AllocateForHcdnTaskNew,3020 read_timeout 0 0 0 0
06-10 19:31:46.763 9377 9785 E Hcdn_DeTask572787192: HCDN_LOG: [T:9785][HINFO]:[f:AllocateForHcdnTaskNew],[l:3439], dynamic_buffer_type(3),ptd_cdn_sp(10240 KB/s),ptd_dache_sp(1152 KB/s),ptd_local_bandw(750 KB/s),bitrate(158 KB),high_bitrate(0 0),active_bit(238 KB),concurcurt_need_dcsp_mul_actb(1.00),can_cdn_dc_concurd(1),have_buffer_min_max_backoff(1),cdn_sp_mul_actbit(43),dcahce_sp_mul_actbit(4),lbandw_mul_actbit(3),have_chunk_info(0)
06-10 19:31:46.763 9377 9785 E Hcdn_DeTask572787192: HCDN_LOG: [T:9785][HINFO]:[f:AllocateForHcdnTaskNew],[l:3444], start_calc_offset(45103280),cur_cache_byte(9422672),cur_cache_seconds(59 59.00),pre_cache_seconds(0 0.00),video_cache_seconds(0.00),ad_cache_seconds(0),last_read_acc_seconds(13 13.00),min_seconds(12),max_seconds(25),dcache_seconds(25),mix_seconds(0),total_cache_seconds(72),cellular_net(0),other_t_ses(4294967295)
06-10 19:31:46.764 9377 9785 E HCDN_CMFM: HCDN_LOG: 17k memery total_cnt(128),use_cnt(0)
06-10 19:31:46.764 9377 9785 W hcdn_downloadengine: HCDN_LOG: [T:9785][HERROR]:[f:Updata],[l:254],system cpu usage : 86.153846
06-10 19:31:46.764 9377 16502 I CLog : 2025-06-10 19:31:46.764 T:16502 DEBUG: [109]BaseDataProvider::OnPreload,video_buffer_time=14160
06-10 19:31:46.774 9377 9785 W abs_update_info: HCDN_LOG: [T:9785][HERROR]:[f:CalcVidCacheBytesFromReadOffset],[l:2489],UPDATA CALC:vid:e9338e6ec419bc3c6004fc518a1b2656,task_seg=0, task_offset=45103280, cur_cache_bytes=9422672, total_cache_bytes=9422672, fileToEnd=0
06-10 19:31:46.774 9377 9785 W abs_update_info: HCDN_LOG: [T:9785][HERROR]:[f:UpdateForABS],[l:2545],UPDATA:vid:e9338e6ec419bc3c6004fc518a1b2656,i64ReadOffset=0, cache=9422672, CachedBytes=9422672
06-10 19:31:46.774 9377 9785 E Hcdn_DeTask572787192: HCDN_LOG: [T:9785][HINFO]:[f:PostNotifyInfo],[l:248], notify type(6),info({"BandWidth":0,"IsAd":0,"IsP2P":0,"VID":"e9338e6ec419bc3c6004fc518a1b2656"}
06-10 19:31:46.774 9377 9785 E Hcdn_DeTask572787192: )
06-10 19:31:46.774 9377 9780 E playfilesourceNew: HCDN_LOG: [T:9780][HINFO]:[f:DoAsynNotifyInfoResponse],[l:2605],[TaskID(572787192),type(6),msg({"BandWidth":0,"IsAd":0,"IsP2P":0,"VID":"e9338e6ec419bc3c6004fc518a1b2656"}
06-10 19:31:46.774 9377 9780 E playfilesourceNew: )!]
06-10 19:31:46.775 9377 9780 W abs : HCDN_LOG: [T:9780][func:SetParam],[line:744],e9a49150 szParamName = DownloadStatusByHcdn, szParamValue = {"BandWidth":0,"BandWidth_1":12255232,"IsAd":0,"IsP2P":0,"VID":"e9338e6ec419bc3c6004fc518a1b2656"}
06-10 19:31:46.775 9377 9780 W abs : HCDN_LOG: [T:9780][func:update_global_bandwidth_mean],[line:3230],insert_bandwidth_val 3218430:12255232, avg_bandwidth=12255232!
06-10 19:31:46.775 9377 9780 W abs : HCDN_LOG: [T:9780][func:SetParam],[line:915],vid=e9338e6ec419bc3c6004fc518a1b2656 not in not mapVid2Bitrate or map_audio_vid_to_bitrate_!
06-10 19:31:46.775 9377 9780 E abs_info: HCDN_LOG: [T:9780][HINFO]:[f:PostABSInfo],[l:7214],Task(5), SetABSInterface ret(1) SetParam("DownloadStatusByHcdn", {"BandWidth":0,"BandWidth_1":12255232,"IsAd":0,"IsP2P":0,"VID":"e9338e6ec419bc3c6004fc518a1b2656"}
06-10 19:31:46.775 9377 9780 E abs_info: )
06-10 19:31:46.792 9377 9786 W kcp : HCDN_LOG: [T:9786][func:SetUsingKcp],[line:288],kcp[(222.217.141.226:20067[15545]/PT_PUBLIC)]
06-10 19:31:46.794 9377 16502 I CLog : 2025-06-10 19:31:46.794 T:16502 DEBUG: [109]BaseDataProvider::OnPreload,video_buffer_time=14160
06-10 19:31:46.796 9377 16273 D Statistics: response:
06-10 19:31:46.825 9377 16502 I CLog : 2025-06-10 19:31:46.825 T:16502 DEBUG: [109]BaseDataProvider::OnPreload,video_buffer_time=14160
06-10 19:31:46.838 9377 9607 V UFUnilog: UFNEasyCurlClientImpl.cpp : 66 PingbackSdk {fuc=UFNEasyCurlClientImpl:Perform(),logtag=babelqos_pb_181,interface_msg=out}
06-10 19:31:46.838 9377 9607 V UFUnilog: api_engine.cpp : 189 PingbackSdk {fuc=APIEngine:Call(),logtag=babelqos_pb_181,interface_msg=Start Try!,try_count=1}
06-10 19:31:46.839 9377 9607 D PINGBACKSDK: PlayerPbApi.cpp:38 PingbackLog: send success! http://msg.ptqy.gitv.tv/qos/3_31_312:124.237.225.22,tvdatareq:msg=[{"ct":"tvdatareq","deviceid":"tv_cc46bef63fc2ad8d49126ac32881e261_1749550814769_3644146642","dfp":"","diy_r":"","diy_ri":"ad_pause","diy_sfrom":"idle","hcdn":"1","hcdnromsz":"200","hcdnv":"10.2.3.5212","hu":"5%2C57%2C60","hwver":"DBBOX-A3","isroot":"1","lch_ver":"1.7","livenetv":"6.24.26.354","localtime":"2025-06-10-19%3A31%3A46","lsv":"18.0.1.5212","mkey":"20200817110900551NKVuEWAfr101626","mod":"cn_s","os":"34","p1":"3_31_312","p2":"3128","pbv":"","procid":"9377","psp_4kh264":"1","psp_4kh265":"1","psp_dolby":"1","psp_dv":"0","psp_edr":"","psp_h264":"1","psp_h265":"1","psp_hdr10":"1","psp_ratedef":"10","psp_ratedefdv":"10","psp_ratedefhdr":"","pu":"1057382444771596","qyctx":"F4473C91B7
06-10 19:31:46.839 9377 9607 D PINGBACKSDK: PlayerPbApi.cpp:40 PingbackLog: send success! tvdatareq:7028CDDBE404B5C7899B64B7B53B67DFF055D126EB02A9DE3B7B1C2E0171DCB8766A144F466DC62EC042DD4F1A2361080C9C140CFEC187AA217144B7D57FF90ED91469E7571AAED169DBEABB9F51CA8CF9C767726661CBB86DA934","qyctxv":"1","ravd_auth":"-1","re":"1920x1080","rn":"2555396853","romrsz":"53510","romsz":"55669","sdkv":"1.1403.1.06053","stat":"0","stime":"1749555106164","t":"9","term":{"brand":"Amlogic","chip":"","core":"4","cpu_arch":"8","cpu_freq":"2508000","cpu_implementer":"65","cpu_part":"3333","cpu_processor":"","diy_hwver":"DBBOX-A3","dolbycodec":"-1","firmver":"UD2A.240505.001.W1.eng.server.20250610.164709 release-keys","high_end":"-1","hpformance":"","hwprod":"","hwversub":"","memory":"3677","p_hdcp":"","p_maxhdcp
06-10 19:31:46.839 9377 9607 D PINGBACKSDK: PlayerPbApi.cpp:35 PingbackLog: send success! tvdatareq:":"","rammode":"","vendor":""},"tm":"0","u":"tv_cc46bef63fc2ad8d49126ac32881e261","v":"2.1403.1.250523","ve":"1749555105972B9102071B18D4081C29","vsp_4kh264":"1","vsp_4kh265":"1","vsp_8k":"0","vsp_daudio":"1","vsp_dv":"0","vsp_edr":"0","vsp_h265":"1","vsp_hdr10":"1","vsp_ratedef":"10","vsp_ratedefEdr":"-1","vsp_ratedefdolby":"10","vsp_ratedefdv":"-1","vsp_ratedefhdr":"-1","wifimac":"02%3A00%3A00%3A00%3A00%3A00"}]
06-10 19:31:46.839 9377 9607 D UFUnilog: api_network_status.cpp : 105 {fuc=APINetworkStatus:IsIPV6Works(),interface_msg=localResult=0, fastdnsResult=0}
06-10 19:31:46.839 9377 9607 I UFUnilog: api_engine.cpp : 993 PingbackSdk {fuc=APIEngine::generateFinalIPV6Config(),logtag=babelqos_pb_182,interface_msg=forceIPV6Status:-1}
06-10 19:31:46.839 9377 9607 I UFUnilog: api_engine.cpp : 1003 PingbackSdk {fuc=APIEngine::generateFinalIPV6Config(),logtag=babelqos_pb_182,interface_msg=domain support ipv6, sOriginHost:msg.ptqy.gitv.tv, strIPV6Domain:}
06-10 19:31:46.839 9377 9607 V UFUnilog: api_engine.cpp : 189 PingbackSdk {fuc=APIEngine:Call(),logtag=babelqos_pb_182,interface_msg=Start Try!,try_count=0}
06-10 19:31:46.839 9377 9607 I UFUnilog: api_strategy_impl.cpp : 438 PingbackSdk {fuc=APIStrategyImpl:CreateStrategyResult(),logtag=babelqos_pb_182,strategyname=httpdns-strategy,current_try_count=0,interface_msg=try to get ip list from dns_type = 1}
06-10 19:31:46.839 9377 9607 W UFUnilog: api_httpdns_fastdns.cpp : 110 {fuc=APIHttpdnsFastDns:GetHttpDnsResult(),interface_msg=start find,business=unifiedx,bgp_flag=1,timeout=2000,domain_list=msg.ptqy.gitv.tv,cache_only=0}
06-10 19:31:46.840 9377 9607 I UFUnilog: api_httpdns_fastdns.cpp : 184 {fuc=APIHttpdnsFastDns:GetHttpDnsResult(),interface_msg=v6 domain finded, result4a_size=1, result4aaaa_size=1, result4b_size=1, result4bbbb_size=0}
06-10 19:31:46.840 9377 9607 I UFUnilog: api_httpdns_fastdns.cpp : 200 {fuc=APIHttpdnsFastDns:GetHttpDnsResult(),interface_msg=v4 finded,domain=msg.ptqy.gitv.tv,ip_list_count=4,ip_from_cache=1,ns_result=116.211.198.144|443}
06-10 19:31:46.840 9377 9607 I UFUnilog: api_httpdns_fastdns.cpp : 221 {fuc=APIHttpdnsFastDns:GetHttpDnsResult(),interface_msg=v6 finded,domain=msg.ptqy.gitv.tv,ip_list_count_v6=3,ip_from_cache=1,ns_result=116.211.198.144|443}
06-10 19:31:46.840 9377 9607 I UFUnilog: api_httpdns_fastdns.cpp : 246 {fuc=APIHttpdnsFastDns:GetHttpDnsResult(),interface_msg=v4 backup finded,domain=msg.ptqy.gitv.tv,ip_list_count_b=4,bfirst=0,ip_from_cache=1,ns_result=116.211.198.144|443}
06-10 19:31:46.840 9377 9607 I UFUnilog: api_strategy_impl.cpp : 569 PingbackSdk {fuc=APIStrategyImpl:CreateStrategyResult(),logtag=babelqos_pb_182,strategyname=httpdns-strategy,interface_msg=complete build strategy result,suggest_url_params=,suggest_protocol=,bReplaceWithNewFullUrl=0,bReplaceWithNewHeaders=0}
06-10 19:31:46.840 9377 9607 V UFUnilog: UFNEasyCurlClientImpl.cpp : 16 PingbackSdk {fuc=UFNEasyCurlClientImpl:Perform(),logtag=babelqos_pb_182,interface_msg=in}
06-10 19:31:46.855 9377 16502 I CLog : 2025-06-10 19:31:46.855 T:16502 DEBUG: [109]BaseDataProvider::OnPreload,video_buffer_time=14160
06-10 19:31:46.863 9377 9377 V UNIPLAYERSDK: MediaPlayerImpl.cpp:408 [MediaPlayerImpl@0xf165fd84]isPlaying ret=0
06-10 19:31:46.864 9377 9377 V UNIPLAYERSDK: MediaPlayerImpl.cpp:400 [MediaPlayerImpl@0xf165fd84]isPaused ret=0
06-10 19:31:46.867 9377 16273 D Statistics: response:
06-10 19:31:46.875 9377 9780 E playfilesourceNew: HCDN_LOG: [T:9780][HINFO]:[f:DoAsynNotifyInfoResponse],[l:2605],[TaskID(572787192),type(6),msg({"BandWidth":0,"IsAd":0,"IsP2P":0,"VID":"e9338e6ec419bc3c6004fc518a1b2656"}
06-10 19:31:46.875 9377 9780 E playfilesourceNew: )!]
06-10 19:31:46.875 9377 9785 E Hcdn_DeTask572787192: HCDN_LOG: [T:9785][HINFO]:[f:PostNotifyInfo],[l:248], notify type(6),info({"BandWidth":0,"IsAd":0,"IsP2P":0,"VID":"e9338e6ec419bc3c6004fc518a1b2656"}
06-10 19:31:46.875 9377 9785 E Hcdn_DeTask572787192: )
06-10 19:31:46.875 9377 9780 W abs : HCDN_LOG: [T:9780][func:SetParam],[line:744],e9a49150 szParamName = DownloadStatusByHcdn, szParamValue = {"BandWidth":0,"BandWidth_1":12255232,"IsAd":0,"IsP2P":0,"VID":"e9338e6ec419bc3c6004fc518a1b2656"}
06-10 19:31:46.875 9377 9780 W abs : HCDN_LOG: [T:9780][func:update_global_bandwidth_mean],[line:3230],insert_bandwidth_val 3218530:12255232, avg_bandwidth=12255232!
06-10 19:31:46.875 9377 9780 W abs : HCDN_LOG: [T:9780][func:SetParam],[line:915],vid=e9338e6ec419bc3c6004fc518a1b2656 not in not mapVid2Bitrate or map_audio_vid_to_bitrate_!
06-10 19:31:46.875 9377 9780 E abs_info: HCDN_LOG: [T:9780][HINFO]:[f:PostABSInfo],[l:7214],Task(5), SetABSInterface ret(1) SetParam("DownloadStatusByHcdn", {"BandWidth":0,"BandWidth_1":12255232,"IsAd":0,"IsP2P":0,"VID":"e9338e6ec419bc3c6004fc518a1b2656"}
06-10 19:31:46.875 9377 9780 E abs_info: )
06-10 19:31:46.885 9377 16502 I CLog : 2025-06-10 19:31:46.885 T:16502 DEBUG: [109]BaseDataProvider::OnPreload,video_buffer_time=14160
06-10 19:31:46.885 9377 16502 E playfilesourceNew: HCDN_LOG: [T:16502][HINFO]:[f:GetCacheSeconds],[l:846],[TaskID(572787192), offset(45103280), CacheBytes(9422672)]
06-10 19:31:46.885 9377 16502 E p2pfile : HCDN_LOG: [T:16502][HINFO]:[f:GetBufferLength],[l:1726],[Task(5), offset(45103280), CacheBytes(9422672)]
06-10 19:31:46.885 9377 16502 I CLog : 2025-06-10 19:31:46.885 T:16502 DEBUG: [109]ProcessDownloadStatus:index=0,parsed_pos=45103268,m_spd=-1,r_spd=-1
06-10 19:31:46.906 9377 9763 I CLog : 2025-06-10 19:31:46.906 T:9763 DEBUG: MessageCenter::RemoveMsgBySenderID(sender_id:154)
06-10 19:31:46.906 9377 9763 I CLog : 2025-06-10 19:31:46.906 T:9763 INFO: ~StreamProvider begin
06-10 19:31:46.906 9377 9763 I CLog : 2025-06-10 19:31:46.906 T:9763 INFO: MultiDataProvider::StopLoad this=0xa0e32c40,impl=0xe19a2610,begin
06-10 19:31:46.906 9377 9763 I CLog : 2025-06-10 19:31:46.906 T:9763 INFO: MultiDataProvider::StopLoad,stop load!
06-10 19:31:46.906 9377 9763 I CLog : 2025-06-10 19:31:46.906 T:9763 DEBUG: [109]M3u8HCDNDataProvider::StopLoad
06-10 19:31:46.907 9377 9763 I CLog : 2025-06-10 19:31:46.906 T:9763 INFO: [109]BaseDataProvider::StopLoad Enter!
06-10 19:31:46.907 9377 9763 I CLog : 2025-06-10 19:31:46.907 T:9763 DEBUG: [109]BaseDataProvider::StopLoad status_ = DPS_Idle
06-10 19:31:46.907 9377 9763 I CLog : 2025-06-10 19:31:46.907 T:9763 DEBUG: has closed
06-10 19:31:46.907 9377 9763 I CLog : 2025-06-10 19:31:46.907 T:9763 DEBUG: has closed
06-10 19:31:46.907 9377 9763 I CLog : 2025-06-10 19:31:46.907 T:9763 DEBUG: has closed
06-10 19:31:46.907 9377 9763 I CLog : 2025-06-10 19:31:46.907 T:9763 DEBUG: Meta::Stop
06-10 19:31:46.907 9377 9763 I CLog : 2025-06-10 19:31:46.907 T:9763 DEBUG: has closed
06-10 19:31:46.907 9377 9763 I CLog : 2025-06-10 19:31:46.907 T:9763 INFO: [109]BaseDataProvider::StopLoad Complete!
06-10 19:31:46.907 9377 9763 I CLog : 2025-06-10 19:31:46.907 T:9763 DEBUG: [110]CHCDNControl::Pause ReturnImmediately begin
06-10 19:31:46.907 9377 9763 I CLog : 2025-06-10 19:31:46.907 T:9763 DEBUG: [110]CHCDNControl::Pause ReturnImmediately end
06-10 19:31:46.907 9377 9763 I CLog : 2025-06-10 19:31:46.907 T:9763 INFO: [110]CHCDNControl::Pause
06-10 19:31:46.907 9377 9763 I CLog : 2025-06-10 19:31:46.907 T:9763 INFO: [109]BaseDataProvider::PauseLoad from_user=0
06-10 19:31:46.907 9377 9763 I CLog : 2025-06-10 19:31:46.907 T:9763 DEBUG: [109]M3u8HCDNDataProvider::StopLoad Complete!
06-10 19:31:46.907 9377 9763 I CLog : 2025-06-10 19:31:46.907 T:9763 INFO: MultiDataProvider::StopLoad this=0xa0e32c40,impl=0xe19a2610,end
06-10 19:31:46.907 9377 9763 I CLog : 2025-06-10 19:31:46.907 T:9763 DEBUG: [109]M3u8HCDNDataProvider::StopLoad
06-10 19:31:46.907 9377 9763 I CLog : 2025-06-10 19:31:46.907 T:9763 INFO: [109]BaseDataProvider::StopLoad Enter!
06-10 19:31:46.907 9377 9763 I CLog : 2025-06-10 19:31:46.907 T:9763 DEBUG: has closed
06-10 19:31:46.907 9377 9763 I CLog : 2025-06-10 19:31:46.907 T:9763 DEBUG: has closed
06-10 19:31:46.907 9377 9763 I CLog : 2025-06-10 19:31:46.907 T:9763 DEBUG: has closed
06-10 19:31:46.907 9377 9763 I CLog : 2025-06-10 19:31:46.907 T:9763 DEBUG: Meta::Stop
06-10 19:31:46.907 9377 9763 I CLog : 2025-06-10 19:31:46.907 T:9763 DEBUG: has closed
06-10 19:31:46.907 9377 9763 I CLog : 2025-06-10 19:31:46.907 T:9763 INFO: [109]BaseDataProvider::StopLoad Complete!
06-10 19:31:46.907 9377 9763 I CLog : 2025-06-10 19:31:46.907 T:9763 DEBUG: [110]CHCDNControl::Pause ReturnImmediately begin
06-10 19:31:46.907 9377 9763 I CLog : 2025-06-10 19:31:46.907 T:9763 DEBUG: [110]CHCDNControl::Pause ReturnImmediately end
06-10 19:31:46.907 9377 9763 I CLog : 2025-06-10 19:31:46.907 T:9763 INFO: [110]CHCDNControl::Pause
06-10 19:31:46.908 9377 9763 I CLog : 2025-06-10 19:31:46.907 T:9763 INFO: [109]BaseDataProvider::PauseLoad from_user=0
06-10 19:31:46.908 9377 9763 I CLog : 2025-06-10 19:31:46.908 T:9763 DEBUG: [109]M3u8HCDNDataProvider::StopLoad Complete!
06-10 19:31:46.908 9377 9763 I CLog : 2025-06-10 19:31:46.908 T:9763 INFO: [109]BaseDataProvider::Uninitialize StopThread begin
06-10 19:31:46.908 9377 16502 I CLog : 2025-06-10 19:31:46.908 T:16502 DEBUG: Thread PumaM3U8DP 18446744072418501056 terminating
06-10 19:31:46.909 9377 9763 I CLog : 2025-06-10 19:31:46.908 T:9763 INFO: [109]BaseDataProvider::Uninitialize StopThread end
06-10 19:31:46.910 9377 9763 I CLog : 2025-06-10 19:31:46.910 T:9763 INFO: [109]BaseDataProvider::Uninitialize parser
06-10 19:31:46.910 9377 9763 I CLog : 2025-06-10 19:31:46.910 T:9763 DEBUG: RM_P_TS::105, Reset, file_header:1
06-10 19:31:46.910 9377 9763 I CLog : 2025-06-10 19:31:46.910 T:9763 INFO: ChinaDrmV5Decrypter::UnInitDecrypter
06-10 19:31:46.910 9377 9763 I CLog : 2025-06-10 19:31:46.910 T:9763 INFO: [109]BaseDataProvider::Uninitialize Complete!
06-10 19:31:46.910 9377 9763 I CLog : 2025-06-10 19:31:46.910 T:9763 DEBUG: [110]CHCDNControl::StopLoad begin.
06-10 19:31:46.910 9377 9763 I CLog : 2025-06-10 19:31:46.910 T:9763 INFO: [110]CHCDNControl::StopLoad1
06-10 19:31:46.910 9377 9763 E p2pfile : HCDN_LOG: [T:9763][HINFO]:[f:Close],[l:2389],[Task(5),tvid(1233430264130200),vid(e9338e6ec419bc3c6004fc518a1b2656),priority(10)]
06-10 19:31:46.910 9377 9763 E p2pfile : HCDN_LOG: [T:9763][HINFO]:[f:Close],[l:2600],[Task(5), taskid(572787192), idx(0)]
06-10 19:31:46.910 9377 9763 E playfilesourceNew: HCDN_LOG: [T:9763][HINFO]:[f:StopTask],[l:425],[TaskID(572787192)]
06-10 19:31:46.910 9377 9785 E Hcdn_DeTask572787192: HCDN_LOG: [T:9785][HINFO]:[f:OnRecvStopDownloadTaskRequest],[l:1547], recv msg:MMSG_PLAYER2DE_stop_download_task_request
06-10 19:31:46.910 9377 9790 E storage_operate: HCDN_LOG: [T:9790][HINFO]:[f:DealCloseFileRequest],[l:742],[taskid:572787192],[fid:a0ac70e3dc1096ca2aa4058e4c48dcb400000000]
06-10 19:31:46.911 9377 9763 E playfilesourceNew: HCDN_LOG: [T:9763][HINFO]:[f:StopTask],[l:467],[TaskID(572787192), Delete Statistics Task!]
06-10 19:31:46.911 9377 9763 E pfs_stuck_info_detail: HCDN_LOG: [T:9763][HWARN]:[f:RemoveStatTask],[l:391],[TaskID(572787192) End]
06-10 19:31:46.911 9377 9763 I CLog : 2025-06-10 19:31:46.911 T:9763 INFO: [110]CHCDNControl::StopLoad2
06-10 19:31:46.911 9377 9763 I CLog : 2025-06-10 19:31:46.911 T:9763 DEBUG: [110]CHCDNControl::StopLoad end.
06-10 19:31:46.911 9377 9763 I CLog : 2025-06-10 19:31:46.911 T:9763 DEBUG: [110]CHCDNControl::Uninitialize
06-10 19:31:46.911 9377 9763 I CLog : 2025-06-10 19:31:46.911 T:9763 DEBUG: [110]CHCDNControl::Uninitialize DeleteP2PFile!
06-10 19:31:46.911 9377 9763 I CLog : 2025-06-10 19:31:46.911 T:9763 INFO: [10005][109]BaseDataProvider::~BaseDataProvider Enter
06-10 19:31:46.911 9377 9763 I CLog : 2025-06-10 19:31:46.911 T:9763 DEBUG: RM_P_TS::105, V3 Destructor
06-10 19:31:46.911 9377 9763 I CLog : 2025-06-10 19:31:46.911 T:9763 DEBUG: RM_P_TS::105, destructor, dp_id -109
06-10 19:31:46.911 9377 9794 W cdn_unlimity_retry_stategy: HCDN_LOG: [T:9794][HERROR]:[f:Stop],[l:412], taskid:572787192, enable_unlimited_try[false], Stop, task_status_[3], rid[a0ac70e3dc1096ca2aa4058e4c48dcb4]
06-10 19:31:46.915 9377 9794 W cdntask_new: HCDN_LOG: [T:9794][HERROR]:[f:Stop],[l:442],taskid:572787192 rid=a0ac70e3dc1096ca2aa4058e4c48dcb4!
06-10 19:31:46.915 9377 9794 W cdn_unlimity_retry_stategy: HCDN_LOG: [T:9794][HERROR]:[f:Stop],[l:412], taskid:572787192, enable_unlimited_try[false], Stop, task_status_[7], rid[a0ac70e3dc1096ca2aa4058e4c48dcb4]
06-10 19:31:46.915 9377 9794 W cdntask_new: HCDN_LOG: [T:9794][HERROR]:[f:Stop],[l:442],taskid:572787192 rid=a0ac70e3dc1096ca2aa4058e4c48dcb4!
06-10 19:31:46.915 9377 9763 I CLog : 2025-06-10 19:31:46.915 T:9763 DEBUG: has closed
06-10 19:31:46.915 9377 9763 I CLog : 2025-06-10 19:31:46.915 T:9763 DEBUG: ~PumaQTPClient 0xbc002280
06-10 19:31:46.915 9377 9763 I CLog : 2025-06-10 19:31:46.915 T:9763 DEBUG: has closed
06-10 19:31:46.915 9377 9763 I CLog : 2025-06-10 19:31:46.915 T:9763 DEBUG: ~PumaQTPClient 0xbc000cc0
06-10 19:31:46.915 9377 9763 I CLog : 2025-06-10 19:31:46.915 T:9763 DEBUG: ~Meta, asy(0)
06-10 19:31:46.915 9377 9763 I CLog : 2025-06-10 19:31:46.915 T:9763 DEBUG: Meta::Stop
06-10 19:31:46.915 9377 9763 I CLog : 2025-06-10 19:31:46.915 T:9763 DEBUG: has closed
06-10 19:31:46.915 9377 9763 I CLog : 2025-06-10 19:31:46.915 T:9763 DEBUG: has closed
06-10 19:31:46.915 9377 9763 I CLog : 2025-06-10 19:31:46.915 T:9763 DEBUG: has closed
06-10 19:31:46.915 9377 9763 I CLog : 2025-06-10 19:31:46.915 T:9763 DEBUG: ~PumaQTPClient 0xbc007240
06-10 19:31:46.915 9377 9763 I CLog : 2025-06-10 19:31:46.915 T:9763 DEBUG: has closed
06-10 19:31:46.915 9377 9763 I CLog : 2025-06-10 19:31:46.915 T:9763 DEBUG: ~PumaQTPClient 0xbc001230
06-10 19:31:46.915 9377 9785 E Hcdn_DeTask572787192: HCDN_LOG: [T:9785][HINFO]:[f:OnRecvCloseFileResponse],[l:396], msg content:write_disk_size=14680064 byte ,error_code=0
06-10 19:31:46.916 9377 9785 E Hcdn_DeTask572787192: HCDN_LOG: [T:9785][HINFO]:[f:OnRecvStopDownloadTaskResponse],[l:271], cost time,dispatch:0 download_baseinfo:0 download_18K_data:0 download_baseinfo_from_taskbegin:0 download_18K_data_from_taskbegin:0 avg_speed:0 KB/s
06-10 19:31:46.916 9377 9790 E storage_trim_block: HCDN_LOG: [T:9790][TRIM_BLOCK_LOG]:[f:GetVideoTaskCount],[l:1877],video task count: 0 high_bitrate: 0 audio_count: 0 short_video: 0 big: 0 small: 0
06-10 19:31:46.916 9377 9790 E storage_operate: HCDN_LOG: [T:9790][HINFO]:[f:RemoveTaskState],[l:577],[task_ID:572787192]
06-10 19:31:46.916 9377 9763 I CLog : 2025-06-10 19:31:46.916 T:9763 INFO: BaseDataProvider::UninitCacheModel bin_data=0x0, cache_size=0
06-10 19:31:46.916 9377 9763 I CLog : 2025-06-10 19:31:46.916 T:9763 DEBUG: CacheDataInfo::Release begin.
06-10 19:31:46.916 9377 9763 I CLog : 2025-06-10 19:31:46.916 T:9763 DEBUG: CacheDataInfo::Release end.
06-10 19:31:46.916 9377 9763 I CLog : 2025-06-10 19:31:46.916 T:9763 INFO: [-1][109]BaseDataProvider::~BaseDataProvider Leave
06-10 19:31:46.916 9377 9763 I CLog : 2025-06-10 19:31:46.916 T:9763 INFO: DataProvider::~DataProvider this=0xa0e32c40,impl=0x0,begin
06-10 19:31:46.916 9377 9763 I CLog : 2025-06-10 19:31:46.916 T:9763 INFO: DataProvider::~DataProvider this=0xa0e32c40,impl=0x0,end
06-10 19:31:46.916 9377 9763 I CLog : 2025-06-10 19:31:46.916 T:9763 INFO: ~StreamProvider end
06-10 19:31:46.916 9377 9763 I CLog : 2025-06-10 19:31:46.916 T:9763 INFO: ~PlayModel(0xb8790310) begin
06-10 19:31:46.917 9377 9763 I CLog : 2025-06-10 19:31:46.917 T:9763 DEBUG: [10005]PlayModel::Stop:0xb8790310 begin
06-10 19:31:46.917 9377 9763 I CLog : 2025-06-10 19:31:46.917 T:9763 INFO: [10005]PlayModel::DeActive
06-10 19:31:46.917 9377 9763 I CLog : 2025-06-10 19:31:46.917 T:9763 INFO: [393216]DeregisterADObjectDelegate, pre, 0xd6957d4c
06-10 19:31:46.917 9377 9763 I CLog : 2025-06-10 19:31:46.917 T:9763 INFO: [393216]DeregisterADObjectDelegate, recap, 0xd6957ebc
06-10 19:31:46.917 9377 9763 I CLog : 2025-06-10 19:31:46.917 T:9763 INFO: [393216]DeregisterADObjectDelegate, mid, 0xd6957dfc
06-10 19:31:46.917 9377 9763 I CLog : 2025-06-10 19:31:46.917 T:9763 INFO: [393216]DeregisterADObjectDelegate, post, 0xd6957f7c
06-10 19:31:46.917 9377 9763 I CLog : 2025-06-10 19:31:46.917 T:9763 INFO: [393216]DeregisterInteractiveADObjectDelegate, pre, 0xd6957d50
06-10 19:31:46.917 9377 9763 I CLog : 2025-06-10 19:31:46.917 T:9763 INFO: [393216]DeregisterInteractiveADObjectDelegate, recap, 0xd6957ec0
06-10 19:31:46.917 9377 9763 I CLog : 2025-06-10 19:31:46.917 T:9763 INFO: [393216]DeregisterInteractiveADObjectDelegate, mid, 0xd6957e00
06-10 19:31:46.917 9377 9763 I CLog : 2025-06-10 19:31:46.917 T:9763 INFO: [393216]DeregisterInteractiveADObjectDelegate, post, 0xd6957f80
06-10 19:31:46.917 9377 9763 I CLog : 2025-06-10 19:31:46.917 T:9763 INFO: [393216]DeregisterJsonDelegate, , 0xd69580f8
06-10 19:31:46.917 9377 9763 I CLog : 2025-06-10 19:31:46.917 T:9763 DEBUG: Stop, pre end
06-10 19:31:46.917 9377 9763 I CLog : 2025-06-10 19:31:46.917 T:9763 DEBUG: Stop, recap end
06-10 19:31:46.917 9377 9763 I CLog : 2025-06-10 19:31:46.917 T:9763 DEBUG: Stop, mid end
06-10 19:31:46.917 9377 9763 I CLog : 2025-06-10 19:31:46.917 T:9763 DEBUG: Stop, post end
06-10 19:31:46.917 9377 9763 I CLog : 2025-06-10 19:31:46.917 T:9763 DEBUG: Stop, pre end
06-10 19:31:46.917 9377 9763 I CLog : 2025-06-10 19:31:46.917 T:9763 DEBUG: ADPlayerManager::Stop return
06-10 19:31:46.917 9377 9763 I CLog : 2025-06-10 19:31:46.917 T:9763 INFO: CopyrightPlayerManager::StopLoad, 0xf16fbd10
06-10 19:31:46.917 9377 9763 I CLog : 2025-06-10 19:31:46.917 T:9763 INFO: CopyrightPlayerManager::StopLoad, 0xf16fbd10
06-10 19:31:46.917 9377 9763 I CLog : 2025-06-10 19:31:46.917 T:9763 DEBUG: [10005]PlayModel::Stop:0xb8790310 middle
06-10 19:31:46.917 9377 9763 I CLog : 2025-06-10 19:31:46.917 T:9763 INFO: SubtitleModel::UnInit 0xbdecc250
06-10 19:31:46.917 9377 9763 I CLog : 2025-06-10 19:31:46.917 T:9763 DEBUG: has closed
06-10 19:31:46.917 9377 9763 I CLog : 2025-06-10 19:31:46.917 T:9763 DEBUG: SubtitleModel::ResetSubtitleData
06-10 19:31:46.917 9377 9763 I CLog : 2025-06-10 19:31:46.917 T:9763 DEBUG: DeleteProgramModel(147)
06-10 19:31:46.917 9377 9763 I CLog : 2025-06-10 19:31:46.917 T:9763 DEBUG: PlayModel::Stop:0xb8790310 end
06-10 19:31:46.917 9377 9763 I CLog : 2025-06-10 19:31:46.917 T:9763 INFO: [393216]ADPlayerManager::~ADPlayerManager, 0xd6957c50
06-10 19:31:46.917 9377 9763 I CLog : 2025-06-10 19:31:46.917 T:9763 INFO: [393216]DeregisterADObjectDelegate, pre, 0xd6957d4c
06-10 19:31:46.917 9377 9766 I CLog : 2025-06-10 19:31:46.917 T:9766 INFO: del program_by_id(147)
06-10 19:31:46.918 9377 9766 I CLog : 2025-06-10 19:31:46.918 T:9766 INFO: del program.tvid=1233430264130200, delay_del=0
06-10 19:31:46.918 9377 9763 I CLog : 2025-06-10 19:31:46.917 T:9763 INFO: [393216]DeregisterADObjectDelegate, recap, 0xd6957ebc
06-10 19:31:46.918 9377 9763 I CLog : 2025-06-10 19:31:46.918 T:9763 INFO: [393216]DeregisterADObjectDelegate, mid, 0xd6957dfc
06-10 19:31:46.918 9377 9763 I CLog : 2025-06-10 19:31:46.918 T:9763 INFO: [393216]DeregisterADObjectDelegate, post, 0xd6957f7c
06-10 19:31:46.918 9377 9763 I CLog : 2025-06-10 19:31:46.918 T:9763 INFO: [393216]DeregisterInteractiveADObjectDelegate, pre, 0xd6957d50
06-10 19:31:46.918 9377 9763 I CLog : 2025-06-10 19:31:46.918 T:9763 INFO: [393216]DeregisterInteractiveADObjectDelegate, recap, 0xd6957ec0
06-10 19:31:46.918 9377 9763 I CLog : 2025-06-10 19:31:46.918 T:9763 INFO: [393216]DeregisterInteractiveADObjectDelegate, mid, 0xd6957e00
06-10 19:31:46.918 9377 9763 I CLog : 2025-06-10 19:31:46.918 T:9763 INFO: [393216]DeregisterInteractiveADObjectDelegate, post, 0xd6957f80
06-10 19:31:46.918 9377 9763 I CLog : 2025-06-10 19:31:46.918 T:9763 INFO: [393216]DeregisterJsonDelegate, , 0xd69580f8
06-10 19:31:46.918 9377 9763 I CLog : 2025-06-10 19:31:46.918 T:9763 DEBUG: Stop, pre end
06-10 19:31:46.918 9377 9763 I CLog : 2025-06-10 19:31:46.918 T:9763 DEBUG: Stop, recap end
06-10 19:31:46.918 9377 9763 I CLog : 2025-06-10 19:31:46.918 T:9763 DEBUG: Stop, mid end
06-10 19:31:46.918 9377 9763 I CLog : 2025-06-10 19:31:46.918 T:9763 DEBUG: Stop, post end
06-10 19:31:46.918 9377 9763 I CLog : 2025-06-10 19:31:46.918 T:9763 DEBUG: Stop, pre end
06-10 19:31:46.918 9377 9763 I CLog : 2025-06-10 19:31:46.918 T:9763 DEBUG: ADPlayerManager::Stop return
06-10 19:31:46.918 9377 9763 I CLog : 2025-06-10 19:31:46.918 T:9763 DEBUG: Stop, pre end
06-10 19:31:46.918 9377 9763 I CLog : 2025-06-10 19:31:46.918 T:9763 DEBUG: Stop, post end
06-10 19:31:46.918 9377 9763 I CLog : 2025-06-10 19:31:46.918 T:9763 DEBUG: Stop, recap end
06-10 19:31:46.918 9377 9763 I CLog : 2025-06-10 19:31:46.918 T:9763 DEBUG: Stop, mid end
06-10 19:31:46.918 9377 9763 I CLog : 2025-06-10 19:31:46.918 T:9763 DEBUG: Stop, pre end
06-10 19:31:46.918 9377 9763 I CLog : 2025-06-10 19:31:46.918 T:9763 INFO: CopyrightPlayerManager::UnInitialize, 0xf16fbd10
06-10 19:31:46.918 9377 9763 I CLog : 2025-06-10 19:31:46.918 T:9763 INFO: ~PlayModel (0xb8790310) end
06-10 19:31:46.918 9377 9763 I CLog : 2025-06-10 19:31:46.918 T:9763 DEBUG: [109]PacketList::Clear, dpid_param:-1
06-10 19:31:46.919 9377 9785 E Hcdn_DeTask572787192: HCDN_LOG: [T:9785][HINFO]:[f:OnRecvHaveSameNetDecacheNotify],[l:2467], have same net dcache:0
06-10 19:31:46.919 9377 9766 D UNIPLAYERSDK: PumaVideoPrecacheAdaptor.cpp:921 [PumaVideoPrecacheHandler@0xace943dc]OnProgramDeleted() {"type":1,"tvid":"1233430264130200","filename":"","start_time":203056,"bitstream":600,"hdr_type":-1,"frame_rate":25,"bitrate_level":100,"audio_lang":-1,"audio_type":-1,"audio_channel_type":1,"subtitle_lang":-1,"result":1,"delete_reason":0,"buffer_filesize":0,"audio_bufsize":0}
06-10 19:31:46.919 9377 9766 I CLog : 2025-06-10 19:31:46.919 T:9766 INFO: GetStatus:2,[]
06-10 19:31:46.919 9377 9742 W q_h_c_s : HCDN_LOG: [T:9742]PrintHttpStatInfo:3879,Connection info for reid: 75440428, req_domain: scs-x.ptqy.gitv.tv, http_code: 0[0], classified_err: 500, own_err: 1000000000000000, try_path: fc, ipv6_check: 2-101, net_type: 0, connection info: (m_primaryIp: , m_primaryPort: 0, m_connectIp: , m_connectPort: 0, m_localIp: , m_localPort: 0, m_resolveTime: 0.000000s, m_connectTime: 0.000000s, m_appConnectTime: 0.000000s, m_preTransTime: 0.000000s, m_startTransTime: 0.000000s, m_totalTime: 0.372000s, m_stageTime: 0.253676s, m_avgDownloadSpeed: 0.000000kB/s, m_totalDownloadSize: 0B, m_avgUploadSpeed: 0.000000kB/s, m_totalUploadSize: 0B, m_isHappyEyeballsHappened: 1, m_connectionReuse: 0, m_numConnects: -1, m_ipVersion: 0, m_redirectTime: 0.000000s)
06-10 19:31:46.920 9377 9766 I UNIPLAYERSDK: PumaVideoPrecacheAdaptor.cpp:446 [PumaVideoPrecacheAdaptor@0xea5030a4]size=0, strSize=2, status=[]
06-10 19:31:46.920 9377 9766 I UNIPLAYERSDK: PumaVideoPrecacheAdaptor.cpp:738 [PumaVideoPrecacheAdaptor@0xea5030a4]pumaPrecache removePumaPrecacheInfo real datas=0, fake datas=0
06-10 19:31:46.920 9377 9766 D UNIPLAYERSDK: PumaVideoPrecacheAdaptor.cpp:743 [PumaVideoPrecacheAdaptor@0xea5030a4]real datas pumaPrecache removePumaPrecacheInfo, tvids:
06-10 19:31:46.920 9377 9766 D UNIPLAYERSDK: PumaVideoPrecacheAdaptor.cpp:751 [PumaVideoPrecacheAdaptor@0xea5030a4]fake datas pumaPrecache removePumaPrecacheInfo, tvids:
06-10 19:31:46.920 9377 9766 I CLog : 2025-06-10 19:31:46.920 T:9766 INFO: GetStatus:2,[]
06-10 19:31:46.920 9377 9766 I UNIPLAYERSDK: PumaVideoPrecacheAdaptor.cpp:446 [PumaVideoPrecacheAdaptor@0xea5030a4]size=0, strSize=2, status=[]
06-10 19:31:46.920 9377 9766 I UNIPLAYERSDK: PumaVideoPrecacheAdaptor.cpp:738 [PumaVideoPrecacheAdaptor@0xea5030a4]pumaPrecache onProgramDeleted real datas=0, fake datas=0
06-10 19:31:46.920 9377 9766 D UNIPLAYERSDK: PumaVideoPrecacheAdaptor.cpp:743 [PumaVideoPrecacheAdaptor@0xea5030a4]real datas pumaPrecache onProgramDeleted, tvids:
06-10 19:31:46.920 9377 9766 D UNIPLAYERSDK: PumaVideoPrecacheAdaptor.cpp:751 [PumaVideoPrecacheAdaptor@0xea5030a4]fake datas pumaPrecache onProgramDeleted, tvids:
06-10 19:31:46.920 9377 9766 D UNIPLAYERSDK: PumaVideoPrecacheAdaptor.cpp:393 [PumaVideoPrecacheAdaptor@0xea5030a4]onProgramDeleted tvid: 1233430264130200
06-10 19:31:46.920 9377 9766 I UNIPLAYERSDK: PumaVideoPrecacheAdaptor.cpp:395 [PumaVideoPrecacheAdaptor@0xea5030a4]onProgramDeleted data={"type":1,"tvid":"1233430264130200","filename":"","start_time":203056,"bitstream":600,"hdr_type":-1,"frame_rate":25,"bitrate_level":100,"audio_lang":-1,"audio_type":-1,"audio_channel_type":1,"subtitle_lang":-1,"result":1,"delete_reason":0,"buffer_filesize":0,"audio_bufsize":0}
06-10 19:31:46.920 9377 9766 I CLog : 2025-06-10 19:31:46.920 T:9766 INFO: ProcessMsgOnDeleted:{"type":1,"tvid":"1233430264130200","filename":"","start_time":203056,"bitstream":600,"hdr_type":-1,"frame_rate":25,"bitrate_level":100,"audio_lang":-1,"audio_type":-1,"audio_channel_type":1,"subtitle_lang":-1,"result":1,"delete_reason":0,"buffer_filesize":0,"audio_bufsize":0}
06-10 19:31:46.920 9377 9766 I CLog : 2025-06-10 19:31:46.920 T:9766 DEBUG: MessageCenter::RemoveMsgBySenderID(sender_id:148)
06-10 19:31:46.920 9377 9766 I CLog : 2025-06-10 19:31:46.920 T:9766 INFO: [10005]~Program:tvid=1233430264130200 this(0xb92859c0)
06-10 19:31:46.920 9377 9766 I CLog : 2025-06-10 19:31:46.920 T:9766 INFO: SubtitleModel::~SubtitleModel 0xbdecc250
06-10 19:31:46.920 9377 9766 I CLog : 2025-06-10 19:31:46.920 T:9766 DEBUG: has closed
06-10 19:31:46.920 9377 9766 I CLog : 2025-06-10 19:31:46.920 T:9766 DEBUG: has closed
06-10 19:31:46.920 9377 9766 I CLog : 2025-06-10 19:31:46.920 T:9766 DEBUG: ~PumaQTPClient 0xbc003db0
06-10 19:31:46.920 9377 9766 I CLog : 2025-06-10 19:31:46.920 T:9766 INFO: MovieModel::~MovieModel(0xa5991ff0)
06-10 19:31:46.920 9377 9766 I CLog : 2025-06-10 19:31:46.920 T:9766 DEBUG: MessageCenter::RemoveMsgBySenderID(sender_id:150)
06-10 19:31:46.920 9377 9766 I CLog : 2025-06-10 19:31:46.920 T:9766 DEBUG: MovieModel::Stop start
06-10 19:31:46.920 9377 9766 I CLog : 2025-06-10 19:31:46.920 T:9766 DEBUG: has closed
06-10 19:31:46.920 9377 9766 I CLog : 2025-06-10 19:31:46.920 T:9766 INFO: VD::Stop(0xd6943a90)
06-10 19:31:46.920 9377 9766 I CLog : 2025-06-10 19:31:46.920 T:9766 DEBUG: MessageCenter::RemoveMsgBySenderID(sender_id:152)
06-10 19:31:46.920 9377 9766 I CLog : 2025-06-10 19:31:46.920 T:9766 DEBUG: DestroyStrategy
06-10 19:31:46.920 9377 9763 I CLog : 2025-06-10 19:31:46.920 T:9763 DEBUG: [109]PacketList::Clear, dpid_param:-1
06-10 19:31:46.920 9377 9766 I CLog : 2025-06-10 19:31:46.920 T:9766 INFO: qtp-load(97) - close
06-10 19:31:46.920 9377 9742 W q_h_c_s : HCDN_LOG: [T:9742]PrintHttpStatInfo:3918,Qtp state record for reid: 75440428, QS_UNINIT -> QSD1R0_START -> QSD1R0_WAITFOR_FASTDNS_CACHE_RESP -> QSD1R0_WAITFOR_HTTP_RESP0 -> QS_CANCELED -> QS_FAILED
06-10 19:31:46.921 9377 9766 I CLog : 2025-06-10 19:31:46.920 T:9766 INFO: qtp-load(97), reqid:75440421
06-10 19:31:46.921 9377 9766 W q_h_c_s : HCDN_LOG: [T:9766]StopHttpRequest:1503,reid: 75440421 not found when StopHttpRequest
06-10 19:31:46.921 9377 9766 I CLog : 2025-06-10 19:31:46.921 T:9766 DEBUG: wait begin
06-10 19:31:46.921 9377 9766 I CLog : 2025-06-10 19:31:46.921 T:9766 DEBUG: BandWithMeter:939, 15350
06-10 19:31:46.921 9377 9766 I CLog : 2025-06-10 19:31:46.921 T:9766 INFO: qtp-load(97) - close
06-10 19:31:46.921 9377 9766 I CLog : 2025-06-10 19:31:46.921 T:9766 DEBUG: has closed
06-10 19:31:46.921 9377 9766 I CLog : 2025-06-10 19:31:46.921 T:9766 DEBUG: ~PumaQTPClient 0xf1557740
06-10 19:31:46.921 9377 9766 I CLog : 2025-06-10 19:31:46.921 T:9766 DEBUG: has closed
06-10 19:31:46.921 9377 9766 I CLog : 2025-06-10 19:31:46.921 T:9766 DEBUG: BandWithMeter:0, 0
06-10 19:31:46.921 9377 9766 I CLog : 2025-06-10 19:31:46.921 T:9766 DEBUG: has closed
06-10 19:31:46.921 9377 9766 I CLog : 2025-06-10 19:31:46.921 T:9766 DEBUG: ~PumaQTPClient 0xf154a8a0
06-10 19:31:46.921 9377 9766 I CLog : 2025-06-10 19:31:46.921 T:9766 DEBUG: has closed
06-10 19:31:46.921 9377 9766 I CLog : 2025-06-10 19:31:46.921 T:9766 DEBUG: BandWithMeter:0, 0
06-10 19:31:46.921 9377 9766 I CLog : 2025-06-10 19:31:46.921 T:9766 DEBUG: has closed
06-10 19:31:46.921 9377 9766 I CLog : 2025-06-10 19:31:46.921 T:9766 DEBUG: ~PumaQTPClient 0xf1556a90
06-10 19:31:46.921 9377 9766 I CLog : 2025-06-10 19:31:46.921 T:9766 DEBUG: has closed
06-10 19:31:46.921 9377 9766 I CLog : 2025-06-10 19:31:46.921 T:9766 DEBUG: BandWithMeter:0, 0
06-10 19:31:46.921 9377 9766 I CLog : 2025-06-10 19:31:46.921 T:9766 DEBUG: has closed
06-10 19:31:46.921 9377 9766 I CLog : 2025-06-10 19:31:46.921 T:9766 DEBUG: ~PumaQTPClient 0xf155fb90
06-10 19:31:46.921 9377 9766 I CLog : 2025-06-10 19:31:46.921 T:9766 DEBUG: has closed
06-10 19:31:46.921 9377 9766 I CLog : 2025-06-10 19:31:46.921 T:9766 DEBUG: BandWithMeter:0, 0
06-10 19:31:46.921 9377 9766 I CLog : 2025-06-10 19:31:46.921 T:9766 DEBUG: has closed
06-10 19:31:46.921 9377 9766 I CLog : 2025-06-10 19:31:46.921 T:9766 DEBUG: ~PumaQTPClient 0xf15602d0
06-10 19:31:46.921 9377 9766 I CLog : 2025-06-10 19:31:46.921 T:9766 DEBUG: MessageCenter::RemoveMsgBySenderID(sender_id:153)
06-10 19:31:46.921 9377 9766 I CLog : 2025-06-10 19:31:46.921 T:9766 DEBUG: MessageCenter::RemoveMsgBySenderID(sender_id:154)
06-10 19:31:46.921 9377 9766 I CLog : 2025-06-10 19:31:46.921 T:9766 DEBUG: Meta::Stop
06-10 19:31:46.921 9377 9766 I CLog : 2025-06-10 19:31:46.921 T:9766 DEBUG: MovieModel::Stop exit
06-10 19:31:46.921 9377 9766 I CLog : 2025-06-10 19:31:46.921 T:9766 INFO: ~VD enter this(0xd6943a90)
06-10 19:31:46.921 9377 9766 I CLog : 2025-06-10 19:31:46.921 T:9766 INFO: ~VD end this(0xd6943a90)
06-10 19:31:46.921 9377 9766 I CLog : 2025-06-10 19:31:46.921 T:9766 INFO: ~VDFetcher(0xe982fb60)
06-10 19:31:46.921 9377 9766 I CLog : 2025-06-10 19:31:46.921 T:9766 DEBUG: MessageCenter::RemoveMsgBySenderID(sender_id:153)
06-10 19:31:46.921 9377 9766 I CLog : 2025-06-10 19:31:46.921 T:9766 DEBUG: DestroyStrategy
06-10 19:31:46.921 9377 9766 I CLog : 2025-06-10 19:31:46.921 T:9766 DEBUG: DestroyStrategy
06-10 19:31:46.921 9377 9766 I CLog : 2025-06-10 19:31:46.921 T:9766 INFO: ~MovieModel start release m3u8_model_
06-10 19:31:46.921 9377 9766 I CLog : 2025-06-10 19:31:46.921 T:9766 INFO: ~M3U8Model this=0xa6145920,begin
06-10 19:31:46.922 9377 9766 I CLog : 2025-06-10 19:31:46.922 T:9766 INFO: ~M3U8Model this=0xa6145920,middle
06-10 19:31:46.922 9377 9766 I CLog : 2025-06-10 19:31:46.922 T:9766 DEBUG: MessageCenter::RemoveMsgBySenderID(sender_id:154)
