06-10 19:32:07.351 357 399 D MesonDisplay: meson_write /sys/class/amhdmitx/amhdmitx0/valid_mode, outputmode:2160p50hz444,10bit
06-10 19:32:07.351 357 399 D MesonDisplay: valid mode is false!
06-10 19:32:07.351 357 399 D MesonDisplay: meson_write /sys/class/amhdmitx/amhdmitx0/valid_mode, outputmode:2160p50hz444,8bit
06-10 19:32:07.351 357 399 D MesonDisplay: valid mode is true!
06-10 19:32:07.352 357 399 D MesonDisplay: meson_write /sys/class/amhdmitx/amhdmitx0/valid_mode, outputmode:2160p50hz422,12bit
06-10 19:32:07.352 357 399 D MesonDisplay: valid mode is true!
06-10 19:32:07.352 357 399 D MesonDisplay: meson_write /sys/class/amhdmitx/amhdmitx0/valid_mode, outputmode:2160p50hzrgb,12bit
06-10 19:32:07.352 357 399 D MesonDisplay: valid mode is false!
06-10 19:32:07.352 357 399 D MesonDisplay: meson_write /sys/class/amhdmitx/amhdmitx0/valid_mode, outputmode:2160p50hzrgb,10bit
06-10 19:32:07.352 357 399 D MesonDisplay: valid mode is false!
06-10 19:32:07.353 357 399 D MesonDisplay: meson_write /sys/class/amhdmitx/amhdmitx0/valid_mode, outputmode:2160p50hzrgb,8bit
06-10 19:32:07.353 357 399 D MesonDisplay: valid mode is true!
06-10 19:32:07.353 357 399 I MesonHwc: [/ModePolicy.cpp, getCurrentSupportDeepColor, 736] getCurrentSupportDeepColor current mode: 2160p50hz supported color: 420,12bit
06-10 19:32:07.353 357 399 I MesonHwc: 420,10bit
06-10 19:32:07.353 357 399 I MesonHwc: 420,8bit
06-10 19:32:07.353 357 399 I MesonHwc: 444,8bit
06-10 19:32:07.353 357 399 I MesonHwc: 422,12bit
06-10 19:32:07.353 357 399 I MesonHwc: rgb,8bit
06-10 19:32:07.354 357 399 V MesonDisplayServer: GetDisplayMode:2160p50hz
06-10 19:32:07.355 357 399 D MesonDisplayServer: use connector getDisplayAttribute "HDMI Color ATTR": "420,10bit"
06-10 19:32:07.355 380 7433 I SystemControl: [/DisplayMode.cpp, getDeepColorAttr, 2290] getDeepColorAttr colorspace:420,10bit
06-10 19:32:07.355 380 7433 I SystemControl: get deep color attr mode 2160p50hz, value 420,10bit
06-10 19:32:07.356 1505 1800 E ccc : cccccc ColorHelper current get YCbCr 4:2:0 10-bit
06-10 19:32:07.359 1505 1800 E ccc : cccccc current is 4k (50 Hz)
06-10 19:32:07.363 9377 9377 V UNIPLAYERSDK: MediaPlayerImpl.cpp:408 [MediaPlayerImpl@0xf165fd84]isPlaying ret=0
06-10 19:32:07.363 9377 9377 V UNIPLAYERSDK: MediaPlayerImpl.cpp:400 [MediaPlayerImpl@0xf165fd84]isPaused ret=0
06-10 19:32:07.368 1505 1800 E ccc : cccccc ColorFormatManager reset
06-10 19:32:07.368 357 399 D MesonDisplayServer: use connector getDisplayAttribute "HDR Priority": "268435472"
06-10 19:32:07.369 380 7433 I SystemControl: [/DisplayMode.cpp, getCurrentHdrPriority, 2840] getCurrentHdrPriority is [0x10000010]
06-10 19:32:07.370 357 399 V MesonDisplayServer: GetDisplayMode:2160p50hz
06-10 19:32:07.371 357 399 D MesonDisplayServer: use connector getDisplayAttribute "HDR Priority": "268435472"
06-10 19:32:07.371 380 7433 I SystemControl: [/DisplayMode.cpp, getCurrentHdrPriority, 2840] getCurrentHdrPriority is [0x10000010]
06-10 19:32:07.372 357 399 V MesonDisplayServer: GetDisplayMode:2160p50hz
06-10 19:32:07.372 357 399 D MesonDisplay: meson_write /sys/class/amhdmitx/amhdmitx0/valid_mode, outputmode:2160p50hz420,12bit
06-10 19:32:07.372 357 399 D MesonDisplay: valid mode is true!
06-10 19:32:07.372 357 399 D MesonDisplay: meson_write /sys/class/amhdmitx/amhdmitx0/valid_mode, outputmode:2160p50hz420,10bit
06-10 19:32:07.372 357 399 D MesonDisplay: valid mode is true!
06-10 19:32:07.372 357 399 D MesonDisplay: meson_write /sys/class/amhdmitx/amhdmitx0/valid_mode, outputmode:2160p50hz420,8bit
06-10 19:32:07.372 357 399 D MesonDisplay: valid mode is true!
06-10 19:32:07.372 357 399 D MesonDisplay: meson_write /sys/class/amhdmitx/amhdmitx0/valid_mode, outputmode:2160p50hz444,12bit
06-10 19:32:07.372 357 399 D MesonDisplay: valid mode is false!
06-10 19:32:07.372 357 399 D MesonDisplay: meson_write /sys/class/amhdmitx/amhdmitx0/valid_mode, outputmode:2160p50hz444,10bit
06-10 19:32:07.372 357 399 D MesonDisplay: valid mode is false!
06-10 19:32:07.372 357 399 D MesonDisplay: meson_write /sys/class/amhdmitx/amhdmitx0/valid_mode, outputmode:2160p50hz444,8bit
06-10 19:32:07.372 357 399 D MesonDisplay: valid mode is true!
06-10 19:32:07.372 357 399 D MesonDisplay: meson_write /sys/class/amhdmitx/amhdmitx0/valid_mode, outputmode:2160p50hz422,12bit
06-10 19:32:07.373 357 399 D MesonDisplay: valid mode is true!
06-10 19:32:07.373 357 399 D MesonDisplay: meson_write /sys/class/amhdmitx/amhdmitx0/valid_mode, outputmode:2160p50hzrgb,12bit
06-10 19:32:07.373 357 399 D MesonDisplay: valid mode is false!
06-10 19:32:07.373 357 399 D MesonDisplay: meson_write /sys/class/amhdmitx/amhdmitx0/valid_mode, outputmode:2160p50hzrgb,10bit
06-10 19:32:07.373 357 399 D MesonDisplay: valid mode is false!
06-10 19:32:07.373 357 399 D MesonDisplay: meson_write /sys/class/amhdmitx/amhdmitx0/valid_mode, outputmode:2160p50hzrgb,8bit
06-10 19:32:07.373 357 399 D MesonDisplay: valid mode is true!
06-10 19:32:07.373 357 399 I MesonHwc: [/ModePolicy.cpp, getCurrentSupportDeepColor, 736] getCurrentSupportDeepColor current mode: 2160p50hz supported color: 420,12bit
06-10 19:32:07.373 357 399 I MesonHwc: 420,10bit
06-10 19:32:07.373 357 399 I MesonHwc: 420,8bit
06-10 19:32:07.373 357 399 I MesonHwc: 444,8bit
06-10 19:32:07.373 357 399 I MesonHwc: 422,12bit
06-10 19:32:07.373 357 399 I MesonHwc: rgb,8bit
06-10 19:32:07.374 357 399 V MesonDisplayServer: GetDisplayMode:2160p50hz
06-10 19:32:07.374 357 399 D MesonDisplayServer: use connector getDisplayAttribute "HDMI Color ATTR": "420,10bit"
06-10 19:32:07.374 380 7433 I SystemControl: [/DisplayMode.cpp, getDeepColorAttr, 2290] getDeepColorAttr colorspace:420,10bit
06-10 19:32:07.374 380 7433 I SystemControl: get deep color attr mode 2160p50hz, value 420,10bit
06-10 19:32:07.375 1505 1800 E ccc : cccccc ColorHelper current get YCbCr 4:2:0 10-bit
06-10 19:32:07.863 9377 9377 V UNIPLAYERSDK: MediaPlayerImpl.cpp:408 [MediaPlayerImpl@0xf165fd84]isPlaying ret=0
06-10 19:32:07.863 9377 9377 V UNIPLAYERSDK: MediaPlayerImpl.cpp:400 [MediaPlayerImpl@0xf165fd84]isPaused ret=0
06-10 19:32:07.928 1836 2218 D XM_HIDREAD: poll ret=1, event=1
06-10 19:32:07.928 1836 2218 D XM_HIDREAD: [9 bytes]:01 00 00 51 00 00 00 00 00
06-10 19:32:07.931 2107 2107 I SogouIME: onKeyDown: keyoCode=20
06-10 19:32:07.931 2107 2107 I DefaultIMS: onKeyDown: keyoCode=20
06-10 19:32:07.945 2107 2107 I DefaultIMS: onStartInput attribute=android.view.inputmethod.EditorInfo@dd987a5 restarting=false inputType: 0
06-10 19:32:08.040 1836 2218 D XM_HIDREAD: poll ret=1, event=1
06-10 19:32:08.040 1836 2218 D XM_HIDREAD: [9 bytes]:01 00 00 00 00 00 00 00 00
06-10 19:32:08.042 2107 2107 I SogouIME: onKeyUp: keyoCode=20
06-10 19:32:08.042 2107 2107 I DefaultIMS: onKeyUp: keyoCode=20
06-10 19:32:08.119 1836 2218 D XM_HIDREAD: poll ret=1, event=1
06-10 19:32:08.119 1836 2218 D XM_HIDREAD: [9 bytes]:01 00 00 51 00 00 00 00 00
06-10 19:32:08.121 2107 2107 I SogouIME: onKeyDown: keyoCode=20
06-10 19:32:08.121 2107 2107 I DefaultIMS: onKeyDown: keyoCode=20
06-10 19:32:08.198 1836 2218 D XM_HIDREAD: poll ret=1, event=1
06-10 19:32:08.198 1836 2218 D XM_HIDREAD: [9 bytes]:01 00 00 00 00 00 00 00 00
06-10 19:32:08.200 2107 2107 I SogouIME: onKeyUp: keyoCode=20
06-10 19:32:08.200 2107 2107 I DefaultIMS: onKeyUp: keyoCode=20
06-10 19:32:08.363 9377 9377 V UNIPLAYERSDK: MediaPlayerImpl.cpp:408 [MediaPlayerImpl@0xf165fd84]isPlaying ret=0
06-10 19:32:08.364 9377 9377 V UNIPLAYERSDK: MediaPlayerImpl.cpp:400 [MediaPlayerImpl@0xf165fd84]isPaused ret=0
06-10 19:32:08.669 9377 9377 I TvUniPlayer/UniPlayer@3774886: in handleMessage event:10000
06-10 19:32:08.780 9377 9377 I HCDN_DownloadEn: type=1400 audit(0.0:3830): avc: denied { open } for path="/proc/stat" dev="proc" ino=4026532003 scontext=u:r:untrusted_app_29:s0:c76,c256,c512,c768 tcontext=u:object_r:proc_stat:s0 tclass=file permissive=1 app=com.dangbei.hqmedia
06-10 19:32:08.780 9377 9377 I HCDN_DownloadEn: type=1400 audit(0.0:3831): avc: denied { getattr } for path="/proc/stat" dev="proc" ino=4026532003 scontext=u:r:untrusted_app_29:s0:c76,c256,c512,c768 tcontext=u:object_r:proc_stat:s0 tclass=file permissive=1 app=com.dangbei.hqmedia
06-10 19:32:08.798 9377 9776 E p2pfile : HCDN_LOG: [T:9776][HINFO]:[f:GetParam],[l:4289],[Task(0), key=storage_mem_size]
06-10 19:32:08.798 9377 9776 E p2pfile : HCDN_LOG: [T:9776][HINFO]:[f:GetParam],[l:4289],[Task(0), key=p2p_mem_size]
06-10 19:32:08.798 9377 9776 E localserver: HCDN_LOG: [T:9776][func:MonitorMem],[line:73],[Memstatistics],[bRet:1],[bNextRet:1],[pParamStorageBuffer:0],[pParamP2PBuffer:0]
06-10 19:32:08.801 9377 9790 E storage_operate: HCDN_LOG: [T:9790][HINFO]:[f:GetPgfCapacityChange],[l:77],[total_space:55668],[available_space:53032]
06-10 19:32:08.801 9377 9790 E storage_operate: HCDN_LOG: [T:9790][HINFO]:[f:UpdatePgfCapacity],[l:1001],[state:1]
06-10 19:32:08.801 9377 9790 E storage_operate: HCDN_LOG: [T:9790][HINFO]:[f:MonitorDiskFreeSpace],[l:2776],[state:1]
06-10 19:32:08.864 9377 9377 V UNIPLAYERSDK: MediaPlayerImpl.cpp:408 [MediaPlayerImpl@0xf165fd84]isPlaying ret=0
06-10 19:32:08.864 9377 9377 V UNIPLAYERSDK: MediaPlayerImpl.cpp:400 [MediaPlayerImpl@0xf165fd84]isPaused ret=0
06-10 19:32:09.101 1073 1331 W bt_stack: [WARNING:client_interface_aidl.cc(471)] ReadAudioData: 2048/4096 no data 10 ms
06-10 19:32:09.101 1073 1331 W bt_btif_a2dp_source: packages/modules/Bluetooth/system/btif/src/btif_a2dp_source.cc:946 btif_a2dp_source_read_callback: btif_a2dp_source_read_callback: UNDERFLOW: ONLY READ 2048 BYTES OUT OF 4096
06-10 19:32:09.183 9377 9377 I PlayThreadMonitor: in playerthread monitor handler
06-10 19:32:09.183 9377 9461 I PlayThreadMonitor: in monitor runnable
06-10 19:32:09.363 9377 9377 V UNIPLAYERSDK: MediaPlayerImpl.cpp:408 [MediaPlayerImpl@0xf165fd84]isPlaying ret=0
06-10 19:32:09.363 9377 9377 V UNIPLAYERSDK: MediaPlayerImpl.cpp:400 [MediaPlayerImpl@0xf165fd84]isPaused ret=0
06-10 19:32:09.863 9377 9377 V UNIPLAYERSDK: MediaPlayerImpl.cpp:408 [MediaPlayerImpl@0xf165fd84]isPlaying ret=0
06-10 19:32:09.863 9377 9377 V UNIPLAYERSDK: MediaPlayerImpl.cpp:400 [MediaPlayerImpl@0xf165fd84]isPaused ret=0
06-10 19:32:10.100 9377 16466 I CLog : 2025-06-10 19:32:10.100 T:16466 INFO: RM_TMST::5, RE::R1, [0]:16-20-17-58[1]:16-20-16-60[2]:16-20-16-61[3]:16-18-16-62[4]:16-29-16-60[5]:16-23-16-62[6]:16-19-16-62[7]:16-32-16-61
06-10 19:32:10.103 570 596 I WifiHAL : call wifi_get_link_stats handler
06-10 19:32:10.103 570 596 I WifiHAL : Creating message to get link statistics; iface = 16
06-10 19:32:10.104 570 596 D WifiHAL : error code -95 mapped to -3
06-10 19:32:10.105 761 899 E WifiStaIfaceAidlImpl: getLinkLayerStats failed with service-specific exception: android.os.ServiceSpecificException: (code 4)
06-10 19:32:10.363 9377 9377 V UNIPLAYERSDK: MediaPlayerImpl.cpp:408 [MediaPlayerImpl@0xf165fd84]isPlaying ret=0
06-10 19:32:10.363 9377 9377 V UNIPLAYERSDK: MediaPlayerImpl.cpp:400 [MediaPlayerImpl@0xf165fd84]isPaused ret=0
06-10 19:32:10.487 9377 16466 I CLog : 2025-06-10 19:32:10.487 T:16466 INFO: RM_TMST::5, RE::R2, [0]:0-2-0-58[1]:0-0-0-62[2]:0-1-0-63[3]:0-0-0-62[4]:0-1-0-62[5]:0-0-0-63[6]:0-1-0-62[7]:0-0-0-63
06-10 19:32:10.526 761 857 D ActivityManager: freezing 9377 com.dangbei.hqmedia
06-10 19:32:10.720 4174 4174 I CPUMonitor: type=1400 audit(0.0:3832): avc: denied { read } for name="loadavg" dev="proc" ino=4026532001 scontext=u:r:untrusted_app_25:s0:c512,c768 tcontext=u:object_r:proc_loadavg:s0 tclass=file permissive=1 app=com.cibn.tv
06-10 19:32:10.720 4174 4174 I CPUMonitor: type=1400 audit(0.0:3833): avc: denied { open } for path="/proc/loadavg" dev="proc" ino=4026532001 scontext=u:r:untrusted_app_25:s0:c512,c768 tcontext=u:object_r:proc_loadavg:s0 tclass=file permissive=1 app=com.cibn.tv
06-10 19:32:10.720 4174 4174 I CPUMonitor: type=1400 audit(0.0:3834): avc: denied { getattr } for path="/proc/loadavg" dev="proc" ino=4026532001 scontext=u:r:untrusted_app_25:s0:c512,c768 tcontext=u:object_r:proc_loadavg:s0 tclass=file permissive=1 app=com.cibn.tv
06-10 19:32:10.757 761 1501 E TaskPersister: File error accessing recents directory (directory doesn't exist?).
06-10 19:32:11.242 558 589 D hdmicecd: [CEC]:printCecMsgBuf, msg: 04 8f
06-10 19:32:11.244 761 761 D HDMI : [R]: 04:8F
06-10 19:32:11.245 761 938 D HDMI : [S]: 40:90:00
06-10 19:32:11.354 558 586 D hdmicecd: [CEC]:printCecMessage, [4 -> 0] len: 2, body: 90 00, result:success
06-10 19:32:11.354 558 586 E IPCThreadState: binder thread pool (1 threads) starved for 109 ms
06-10 19:32:11.608 1073 1331 W bt_stack: [WARNING:client_interface_aidl.cc(471)] ReadAudioData: 2048/4096 no data 10 ms
06-10 19:32:11.608 1073 1331 W bt_btif_a2dp_source: packages/modules/Bluetooth/system/btif/src/btif_a2dp_source.cc:946 btif_a2dp_source_read_callback: btif_a2dp_source_read_callback: UNDERFLOW: ONLY READ 2048 BYTES OUT OF 4096
06-10 19:32:13.111 570 596 I WifiHAL : call wifi_get_link_stats handler
06-10 19:32:13.111 570 596 I WifiHAL : Creating message to get link statistics; iface = 16
06-10 19:32:13.111 570 596 D WifiHAL : error code -95 mapped to -3
06-10 19:32:13.112 761 899 E WifiStaIfaceAidlImpl: getLinkLayerStats failed with service-specific exception: android.os.ServiceSpecificException: (code 4)
06-10 19:32:13.900 3463 3463 I cling--ap-65: type=1400 audit(0.0:3835): avc: denied { search } for name="net" dev="sysfs" ino=12344 scontext=u:r:untrusted_app_27:s0:c43,c256,c512,c768 tcontext=u:object_r:sysfs_net:s0 tclass=dir permissive=1 app=com.dangbei.screencast
06-10 19:32:13.900 3463 3463 I cling--ap-65: type=1400 audit(0.0:3836): avc: denied { read } for name="address" dev="sysfs" ino=22126 scontext=u:r:untrusted_app_27:s0:c43,c256,c512,c768 tcontext=u:object_r:sysfs_net:s0 tclass=file permissive=1 app=com.dangbei.screencast
06-10 19:32:13.900 3463 3463 I cling--ap-65: type=1400 audit(0.0:3837): avc: denied { open } for path="/sys/devices/virtual/net/dummy0/address" dev="sysfs" ino=22126 scontext=u:r:untrusted_app_27:s0:c43,c256,c512,c768 tcontext=u:object_r:sysfs_net:s0 tclass=file permissive=1 app=com.dangbei.screencast
06-10 19:32:13.900 3463 3463 I cling--ap-65: type=1400 audit(0.0:3838): avc: denied { getattr } for path="/sys/devices/virtual/net/dummy0/address" dev="sysfs" ino=22126 scontext=u:r:untrusted_app_27:s0:c43,c256,c512,c768 tcontext=u:object_r:sysfs_net:s0 tclass=file permissive=1 app=com.dangbei.screencast
06-10 19:32:13.992 1836 2218 D XM_HIDREAD: poll ret=1, event=1
06-10 19:32:13.992 1836 2218 D XM_HIDREAD: [3 bytes]:03 23 02
06-10 19:32:14.059 1836 2218 D XM_HIDREAD: poll ret=1, event=1
06-10 19:32:14.059 1836 2218 D XM_HIDREAD: [9 bytes]:01 00 00 00 00 00 00 00 00
06-10 19:32:14.060 1836 2218 D XM_HIDREAD: poll ret=1, event=1
06-10 19:32:14.060 1836 2218 D XM_HIDREAD: [3 bytes]:03 00 00
06-10 19:32:14.061 761 786 D HdmiControlService: Process pid: 761 is calling oneTouchPlay.
06-10 19:32:14.061 761 761 D HDMI : oneTouchPlay com.android.server.hdmi.OneTouchPlayAction@8a12bf9
06-10 19:32:14.062 761 761 D HDMI : setActiveSource logical:0x04 physical:0x2000 OneTouchPlayAction#broadcastActiveSource()
06-10 19:32:14.062 761 938 D HDMI : [S]: 40:0D
06-10 19:32:14.062 558 586 D hdmicecd: [HdmiCecControl]:getPhysicalAddress, physical addr: 2000, last pa: 2000, ret = 0
06-10 19:32:14.063 558 591 D hdmicecd: [HdmiCecControl]:getPhysicalAddress, physical addr: 2000, last pa: 2000, ret = 0
06-10 19:32:14.063 761 761 D HDMI : ActiveSourceHistoryRecord active source=(0x04, 0x2000) isActiveSource=true from=OneTouchPlayAction#broadcastActiveSource()
06-10 19:32:14.063 761 761 D HDMI : setActiveSource logical:0x04 physical:0x2000 ActiveSourceAction
06-10 19:32:14.064 558 586 D hdmicecd: [HdmiCecControl]:getPhysicalAddress, physical addr: 2000, last pa: 2000, ret = 0
06-10 19:32:14.064 558 591 D hdmicecd: [HdmiCecControl]:getPhysicalAddress, physical addr: 2000, last pa: 2000, ret = 0
06-10 19:32:14.065 761 761 D HDMI : ActiveSourceHistoryRecord active source=(0x04, 0x2000) isActiveSource=true from=ActiveSourceAction
06-10 19:32:14.066 761 761 D HdmiControlService: Switching to full volume behavior
06-10 19:32:14.067 761 761 D HdmiControlService: Switching to full volume behavior
06-10 19:32:14.069 1543 1543 E hq : HomeKeyReceiver:::onReceive android.intent.action.CLOSE_SYSTEM_DIALOGS
06-10 19:32:14.069 1543 1543 D HomeKeyReceiver: reason:-----------homekey
06-10 19:32:14.069 1543 1543 W eventbuscore: post Event:com.dangbei.leard.base.entity.event.HomeEvent
06-10 19:32:14.069 761 786 E CellBroadcastUtils: getDefaultCellBroadcastReceiverPackageName: no package found
06-10 19:32:14.070 972 1070 D WindowManagerShell: TvPipMenuController: closeMenu()
06-10 19:32:14.070 972 1070 I WindowManagerShell: TvPipMenuController: switchToMenuMode: setting mCurrentMenuMode=MODE_NO_MENU, mPrevMenuMode=MODE_NO_MENU
06-10 19:32:14.070 1543 1543 W eventbuscore: post Event:com.dangbei.leard.base.entity.event.SwitchLauncherPageEvent
06-10 19:32:14.071 972 972 I vol.VolumeDialogImpl: mDialog.dismiss() reason: volume_controller from: com.android.systemui.volume.VolumeDialogImpl$7.onDismissRequested:2350
06-10 19:32:14.080 761 786 I ActivityTaskManager: START u0 {act=android.intent.action.MAIN cat=[android.intent.category.HOME] flg=0x10000100 cmp=com.dangbei.leard.leradlauncher/com.dangbei.launcher.home.LauncherActivity (has extras)} with LAUNCH_SINGLE_TASK from uid 0 (BAL_ALLOW_ALLOWLISTED_UID) result code=2
06-10 19:32:14.080 972 1070 V WindowManagerShell: Transition requested: android.os.BinderProxy@8436fc2 TransitionRequestInfo { type = 1, triggerTask = TaskInfo{userId=0 taskId=56 displayId=0 isRunning=true baseIntent=Intent { act=android.intent.action.MAIN cat=[android.intent.category.HOME] flg=0x10800100 cmp=com.dangbei.leard.leradlauncher/com.dangbei.launcher.home.LauncherActivity } baseActivity=ComponentInfo{com.dangbei.leard.leradlauncher/com.dangbei.launcher.home.LauncherActivity} topActivity=ComponentInfo{com.dangbei.leard.leradlauncher/com.dangbei.launcher.home.LauncherActivity} origActivity=null realActivity=ComponentInfo{com.dangbei.leard.leradlauncher/com.dangbei.launcher.home.LauncherActivity} numActivities=1 lastActiveTime=3238407 supportsMultiWindow=true resizeMode=0 isResizeable=false minWidth=-1 minHeight=-1 defaultMinSize=220 token=WCT{android.window.IWindowContainerToken$Stub$Proxy@2cfe1d3} topActivityType=2 pictureInPictureParams=null shouldDockBigOverlays=true launchIntoPipHostTaskId=-1 lastParentTaskIdBeforePip=-1 displayCutoutSafeInsets=null topActivityInfo=ActivityInfo{583a110 com.dangbei.launcher.home.LauncherActivity} launchCookies=[] positionInParent=Point(0, 0) parentTaskId=-1 isFocused=true isVisible=true isVisibleRequested=true isSleeping=false topActivityInSizeCompat=false topActivityEligibleForLetterboxEducation= false isLetterboxDoubleTapEnabled= false topActivityEligibleForUserAspectRatioButton= false topActivityBoundsLetterboxed= false isFromLetterboxDoubleTap= false topActivityLetterboxVerticalPosition= -1 topActivityLetterboxHorizontalPosition= -1 topActivityLetterboxWidth=-1 topActivityLetterboxHeight=-1 isUserFullscreenOverrideEnabled=false isTopActivityTransparent=false locusId=null displayAreaFeatureId=1 cameraCompatControlState=hidden}, remoteTransition = null, displayChange = null, flags = 0 }
06-10 19:32:14.081 761 782 E Transition: Trying to add a ready-group twice: Display{#0 state=ON size=1920x1080 ROTATION_0}
06-10 19:32:14.090 761 1120 V WindowManager: app ------------- force_land :0
06-10 19:32:14.091 1543 1543 I hq : 当小贝:::showMessage from=mActivityLifecycleCallbacks
06-10 19:32:14.091 1543 13903 I hq : 当小贝:::showMessage 没有消息需要显示
06-10 19:32:14.097 330 330 I BpBinder: onLastStrongRef automatically unlinking death recipients:
06-10 19:32:14.104 761 2504 I ImeTracker: com.dangbei.leard.leradlauncher:3a146c27: onRequestHide at ORIGIN_SERVER_HIDE_INPUT reason HIDE_ALWAYS_HIDDEN_STATE
06-10 19:32:14.104 761 2504 I ImeTracker: com.dangbei.leard.leradlauncher:3a146c27: onCancelled at PHASE_SERVER_SHOULD_HIDE
06-10 19:32:14.107 1543 1835 D MobclickAgent: 延续上一个会话: 1F465A028A12D95487C287065D85C181
06-10 19:32:14.108 1543 16387 D TrafficStats: tagSocket(112) with statsTag=0xffffffff, statsUid=-1
06-10 19:32:14.109 1543 1835 W SQLiteLog: (28) double-quoted string literal: "1F465A028A12D95487C287065D85C181"
06-10 19:32:14.109 1543 1835 W SQLiteLog: (28) double-quoted string literal: ""
06-10 19:32:14.110 1543 1835 W SQLiteLog: (28) double-quoted string literal: "1F465A028A12D95487C287065D85C181"
06-10 19:32:14.110 1543 1835 W SQLiteLog: (28) double-quoted string literal: "-1"
06-10 19:32:14.113 761 785 V WindowManager: Sent Transition #66 createdAt=06-10 19:32:14.068 via request=TransitionRequestInfo { type = 1, triggerTask = TaskInfo{userId=0 taskId=56 displayId=0 isRunning=true baseIntent=Intent { act=android.intent.action.MAIN cat=[android.intent.category.HOME] flg=0x10800100 cmp=com.dangbei.leard.leradlauncher/com.dangbei.launcher.home.LauncherActivity } baseActivity=ComponentInfo{com.dangbei.leard.leradlauncher/com.dangbei.launcher.home.LauncherActivity} topActivity=ComponentInfo{com.dangbei.leard.leradlauncher/com.dangbei.launcher.home.LauncherActivity} origActivity=null realActivity=ComponentInfo{com.dangbei.leard.leradlauncher/com.dangbei.launcher.home.LauncherActivity} numActivities=1 lastActiveTime=3238407 supportsMultiWindow=true resizeMode=0 isResizeable=false minWidth=-1 minHeight=-1 defaultMinSize=220 token=WCT{RemoteToken{f56bfa6 Task{cc58f8 #56 type=home A=1000:com.dangbei.leard.leradlauncher}}} topActivityType=2 pictureInPictureParams=null shouldDockBigOverlays=true launchIntoPipHostTaskId=-1 lastParentTaskIdBeforePip=-1 displayCutoutSafeInsets=null topActivityInfo=ActivityInfo{78f3355 com.dangbei.launcher.home.LauncherActivity} launchCookies=[] positionInParent=Point(0, 0) parentTaskId=-1 isFocused=true isVisible=true isVisibleRequested=true isSleeping=false topActivityInSizeCompat=false topActivityEligibleForLetterboxEducation= false isLetterboxDoubleTapEnabled= false topActivityEligibleForUserAspectRatioButton= false topActivityBoundsLetterboxed= false isFromLetterboxDoubleTap= false topActivityLetterboxVerticalPosition= -1 topActivityLetterboxHorizontalPosition= -1 topActivityLetterboxWidth=-1 topActivityLetterboxHeight=-1 isUserFullscreenOverrideEnabled=false isTopActivityTransparent=false locusId=null displayAreaFeatureId=1 cameraCompatControlState=hidden}, remoteTransition = null, displayChange = null, flags = 0 }
06-10 19:32:14.113 761 785 V WindowManager: startWCT=WindowContainerTransaction { changes = {} hops = [] errorCallbackToken=null taskFragmentOrganizer=null }
06-10 19:32:14.113 761 785 V WindowManager: info={id=66 t=OPEN f=0x0 trk=0 r=[0@Point(0, 0)] c=[{WCT{RemoteToken{5147877 Task{34067b8 #1 type=home}}} m=CHANGE f=MOVE_TO_TOP leash=Surface(name=Task=1)/@0x18727ec sb=Rect(0, 0 - 1920, 1080) eb=Rect(0, 0 - 1920, 1080) d=0},{WCT{RemoteToken{2cca590 Task{46601de #77 type=standard A=1000:com.dangbei.haqusetting}}} m=CLOSE f=TRANSLUCENT leash=Surface(name=Task=77)/@0x910168d sb=Rect(0, 0 - 1920, 1080) eb=Rect(0, 0 - 1920, 1080) d=0}]}
06-10 19:32:14.113 972 1070 V WindowManagerShell: onTransitionReady android.os.BinderProxy@8436fc2: {id=66 t=OPEN f=0x0 trk=0 r=[0@Point(0, 0)] c=[{WCT{android.window.IWindowContainerToken$Stub$Proxy@769be3c} m=CHANGE f=MOVE_TO_TOP leash=Surface(name=Task=1)/@0x67ea409 sb=Rect(0, 0 - 1920, 1080) eb=Rect(0, 0 - 1920, 1080) d=0},{WCT{android.window.IWindowContainerToken$Stub$Proxy@e6477c5} m=CLOSE f=TRANSLUCENT leash=Surface(name=Task=77)/@0x1dcc60e sb=Rect(0, 0 - 1920, 1080) eb=Rect(0, 0 - 1920, 1080) d=0}]}
06-10 19:32:14.114 972 1070 V WindowManagerShell: Playing animation for (#66)android.os.BinderProxy@8436fc2@0
06-10 19:32:14.114 972 1070 V WindowManagerShell: try handler com.android.wm.shell.keyguard.KeyguardTransitionHandler@b8b8234
06-10 19:32:14.114 972 1070 V WindowManagerShell: try handler com.android.wm.shell.pip.tv.TvPipTransition@44a785d
06-10 19:32:14.114 972 1070 V WindowManagerShell: try handler com.android.wm.shell.activityembedding.ActivityEmbeddingController@94fc5d2
06-10 19:32:14.114 972 1070 V WindowManagerShell: try handler com.android.wm.shell.transition.RemoteTransitionHandler@7a966a3
06-10 19:32:14.114 972 1070 V WindowManagerShell: Transition doesn't have explicit remote, search filters for match for {id=66 t=OPEN f=0x0 trk=0 r=[0@Point(0, 0)] c=[{WCT{android.window.IWindowContainerToken$Stub$Proxy@769be3c} m=CHANGE f=MOVE_TO_TOP leash=Surface(name=Task=1)/@0x67ea409 sb=Rect(0, 0 - 1920, 1080) eb=Rect(0, 0 - 1920, 1080) d=0},{WCT{android.window.IWindowContainerToken$Stub$Proxy@e6477c5} m=CLOSE f=TRANSLUCENT leash=Surface(name=Task=77)/@0x1dcc60e sb=Rect(0, 0 - 1920, 1080) eb=Rect(0, 0 - 1920, 1080) d=0}]}
06-10 19:32:14.114 972 1070 V WindowManagerShell: Delegate animation for #66 to null
06-10 19:32:14.114 972 1070 V WindowManagerShell: try handler com.android.wm.shell.transition.DefaultTransitionHandler@5788da0
06-10 19:32:14.114 972 1070 V WindowManagerShell: start default transition animation, info = {id=66 t=OPEN f=0x0 trk=0 r=[0@Point(0, 0)] c=[{WCT{android.window.IWindowContainerToken$Stub$Proxy@769be3c} m=CHANGE f=MOVE_TO_TOP leash=Surface(name=Task=1)/@0x67ea409 sb=Rect(0, 0 - 1920, 1080) eb=Rect(0, 0 - 1920, 1080) d=0},{WCT{android.window.IWindowContainerToken$Stub$Proxy@e6477c5} m=CLOSE f=TRANSLUCENT leash=Surface(name=Task=77)/@0x1dcc60e sb=Rect(0, 0 - 1920, 1080) eb=Rect(0, 0 - 1920, 1080) d=0}]}
06-10 19:32:14.117 972 1070 V WindowManagerShell: loadAnimation: anim=android.view.animation.AlphaAnimation@fc7b84b animAttr=0x7 type=OPEN isEntrance=false
06-10 19:32:14.119 972 1070 V WindowManagerShell: animated by com.android.wm.shell.transition.DefaultTransitionHandler@5788da0
06-10 19:32:14.121 2107 2107 I DefaultIMS: onStartInput attribute=android.view.inputmethod.EditorInfo@82d431e restarting=false inputType: 0
06-10 19:32:14.126 1543 16389 D TrafficStats: tagSocket(173) with statsTag=0xffffffff, statsUid=-1
06-10 19:32:14.142 558 558 D hdmicecd: [CEC]:printCecMessage, [4 -> 0] len: 1, body: 0d, result:success
06-10 19:32:14.142 761 938 D HDMI : [S]: 4F:82:20:00
06-10 19:32:14.142 558 558 D hdmicecd: [HdmiCecControl]:updateActiveState sending messag:82 active state:1
06-10 19:32:14.158 1073 1950 D BluetoothAdapterService: cancelDiscovery
06-10 19:32:14.158 1073 1217 I bt_btif_dm: packages/modules/Bluetooth/system/btif/src/btif_dm.cc:2470 btif_dm_cancel_discovery: Cancel search
06-10 19:32:14.158 1073 1217 I bluetooth: packages/modules/Bluetooth/system/bta/dm/bta_dm_main.cc:96 bta_dm_search_sm_execute: state:BTA_DM_SEARCH_IDLE, event:BTA_DM_API_SEARCH_CANCEL_EVT[0x201]
06-10 19:32:14.161 2522 2522 W WindowOnBackDispatcher: sendCancelIfRunning: isInProgress=falsecallback=android.view.ViewRootImpl$$ExternalSyntheticLambda17@bb2246a
06-10 19:32:14.162 761 2020 D CoreBackPreview: Window{88a6eb6 u0 com.dangbei.haqusetting/com.dangbei.haqusetting.ui.HomeActivity}: Setting back callback null
06-10 19:32:14.167 761 2020 W InputManager-JNI: Input channel object '88a6eb6 com.dangbei.haqusetting/com.dangbei.haqusetting.ui.HomeActivity (client)' was disposed without first being removed with the input manager!
06-10 19:32:14.175 761 786 W ContextImpl: Calling a method in the system process without a qualified user: android.app.ContextImpl.startService:1899 com.android.server.wm.DisplayPolicy.lambda$focusChangedLw$5:2126 com.android.server.wm.DisplayPolicy.$r8$lambda$Znxk63oh-WzVnzo_WQefN7uxV48:0 com.android.server.wm.DisplayPolicy$$ExternalSyntheticLambda13.run:0 android.os.Handler.handleCallback:958
06-10 19:32:14.183 1570 1570 D aaa : LedStatusService onStartCommand begin
06-10 19:32:14.184 1570 16733 D aaa : topPkg is -------------- :com.dangbei.leard.leradlauncher
06-10 19:32:14.188 1570 16733 D aaa : WiFi is connect
06-10 19:32:14.192 972 1070 D WindowManagerShell: TvPipController: onTaskStackChanged()
06-10 19:32:14.274 558 558 D hdmicecd: [CEC]:printCecMessage, [4 -> f] len: 3, body: 82 20 00, result:success
06-10 19:32:14.274 558 558 E IPCThreadState: binder thread pool (1 threads) starved for 132 ms
06-10 19:32:14.275 761 938 D HDMI : [S]: 40:8E:00
06-10 19:32:14.368 1073 1331 W bt_stack: [WARNING:client_interface_aidl.cc(471)] ReadAudioData: 2048/4096 no data 10 ms
06-10 19:32:14.368 1073 1331 W bt_btif_a2dp_source: packages/modules/Bluetooth/system/btif/src/btif_a2dp_source.cc:946 btif_a2dp_source_read_callback: btif_a2dp_source_read_callback: UNDERFLOW: ONLY READ 2048 BYTES OUT OF 4096
06-10 19:32:14.382 558 558 D hdmicecd: [CEC]:printCecMessage, [4 -> 0] len: 2, body: 8e 00, result:success
06-10 19:32:14.383 558 558 E IPCThreadState: binder thread pool (1 threads) starved for 107 ms
06-10 19:32:14.383 761 938 D HDMI : [S]: 45:70:20:00
06-10 19:32:14.437 558 558 D hdmicecd: [CEC]:printCecMessage, [4 -> 5] len: 3, body: 70 20 00, result:no ack
06-10 19:32:14.452 6578 6579 D uninstall: isAllowStart last_delay 0, current_time 1749555134
06-10 19:32:14.452 6578 6579 I uninstall: enable_service com.ktcp.video/com.tencent.qqlivetv.keeplive.proc.DaemonService com.ktcp.video/(null)
06-10 19:32:14.453 6578 6579 D uninstall: enable_service waitpid
06-10 19:32:14.454 16734 16734 D uninstall: enable_service pid == 0
06-10 19:32:14.454 16734 16734 D uninstall: enable_service version >= 17 || version == 0 version == 34
06-10 19:32:14.493 558 558 D hdmicecd: [CEC]:printCecMessage, [4 -> 5] len: 3, body: 70 20 00, result:no ack
06-10 19:32:14.494 761 938 D HDMI : [S]: 40:8F
06-10 19:32:14.506 6578 6579 I uninstall: watchdaemon process_name = com.ktcp.video:daemon has gone, start it
06-10 19:32:14.507 6578 6579 D uninstall: watchdaemon waitpid
06-10 19:32:14.507 16738 16738 D uninstall: watchdaemon pid == 0
06-10 19:32:14.507 16738 16738 D uninstall: watchdaemon version >= 17 || version == 0 version == 34
06-10 19:32:14.525 761 2062 D AudioService: Volume controller visible: false
06-10 19:32:14.536 972 1070 V WindowManagerShell: Transition animation finished (aborted=false), notifying core (#66)android.os.BinderProxy@8436fc2@0
06-10 19:32:14.538 761 785 V WindowManager: Finish Transition #66: created at
06-10 19:32:14.068 collect-started=0.462ms request-sent=11.03ms started=14.493ms ready=22.96ms sent=28.958ms finished=469.402ms
06-10 19:32:14.547 972 1070 V WindowManagerShell: Track 0 became idle
06-10 19:32:14.547 972 1070 V WindowManagerShell: All active transition animations finished
06-10 19:32:14.578 558 558 D hdmicecd: [CEC]:printCecMessage, [4 -> 0] len: 1, body: 8f, result:success
06-10 19:32:14.687 558 589 D hdmicecd: [CEC]:printCecMsgBuf, msg: 04 90 00
06-10 19:32:14.687 558 589 D hdmicecd: [HdmiCecControl]:updateActiveState received tv power status 0
06-10 19:32:14.684 1836 1836 I xm_hidread: type=1400 audit(0.0:3839): avc: denied { read } for scontext=u:r:init:s0 tcontext=u:r:init:s0 tclass=netlink_kobject_uevent_socket permissive=1
06-10 19:32:14.688 761 761 D HDMI : [R]: 04:90:00
06-10 19:32:14.688 761 761 D HDMI : One touch play is done for TV's power is ready
06-10 19:32:14.688 761 761 D HDMI : setActiveSource logical:0x04 physical:0x2000 ActiveSourceAction
06-10 19:32:14.688 558 558 D hdmicecd: [HdmiCecControl]:getPhysicalAddress, physical addr: 2000, last pa: 2000, ret = 0
06-10 19:32:14.689 558 586 D hdmicecd: [HdmiCecControl]:getPhysicalAddress, physical addr: 2000, last pa: 2000, ret = 0
06-10 19:32:14.689 761 761 D HDMI : ActiveSourceHistoryRecord active source=(0x04, 0x2000) isActiveSource=true from=ActiveSourceAction
06-10 19:32:14.690 761 761 D HdmiControlService: Switching to full volume behavior
06-10 19:32:14.690 761 938 D HDMI : [S]: 4F:82:20:00
06-10 19:32:14.690 558 586 D hdmicecd: [HdmiCecControl]:updateActiveState sending messag:82 active state:1
06-10 19:32:14.822 558 586 D hdmicecd: [CEC]:printCecMessage, [4 -> f] len: 3, body: 82 20 00, result:success
06-10 19:32:14.823 558 586 E IPCThreadState: binder thread pool (1 threads) starved for 134 ms
06-10 19:32:14.823 761 938 D HDMI : [S]: 40:8E:00
06-10 19:32:14.825 4174 4594 I [NIP] : [ng handler] update remote cfg last:1749555124815, cur:1749555134824
06-10 19:32:14.825 4174 4594 E OTTPlayer: [NIP] [NIP][ng handler] update remote cfg last:1749555124815, cur:1749555134824
06-10 19:32:14.926 558 586 D hdmicecd: [CEC]:printCecMessage, [4 -> 0] len: 2, body: 8e 00, result:success
06-10 19:32:14.926 558 586 E IPCThreadState: binder thread pool (1 threads) starved for 103 ms
06-10 19:32:15.084 1421 1421 I /apex/com.android.adbd/bin/adbd: type=1400 audit(0.0:3840): avc: denied { dac_read_search } for comm=75736220666673206F70656E capability=2 scontext=u:r:su:s0 tcontext=u:r:su:s0 tclass=capability permissive=1
06-10 19:32:15.084 1421 1421 I /apex/com.android.adbd/bin/adbd: type=1400 audit(0.0:3841): avc: denied { dac_override } for comm=75736220666673206F70656E capability=1 scontext=u:r:su:s0 tcontext=u:r:su:s0 tclass=capability permissive=1
06-10 19:32:15.084 1421 1421 I /apex/com.android.adbd/bin/adbd: type=1400 audit(0.0:3842): avc: denied { write } for comm=75736220666673206F70656E name="property_service" dev="tmpfs" ino=471 scontext=u:r:su:s0 tcontext=u:object_r:property_socket:s0 tclass=sock_file permissive=1
06-10 19:32:15.292 4174 4615 I PCDN_TAG: [ 4614]Peer::pulse,state:3,port:8909,fr:0,fmode=C1FF,ftype=C000
06-10 19:32:15.714 1505 1867 D WanClient: sendHeartMessage
06-10 19:32:15.715 1505 1867 D WanClient: -----final------sendMessage: {"type":"2bKPMh2jwmQ="}
06-10 19:32:15.753 1505 6993 D WanClient: onMessage:Thread[WebSocketConnectReadThread-118,5,main]--{"msg":"+MSejyjwlbc="}
06-10 19:32:15.756 1505 6993 D WanClient: onMessageReceived:Thread[WebSocketConnectReadThread-118,5,main] {"msg":"+MSejyjwlbc="}
06-10 19:32:15.756 1505 6993 D WanClient: type: null
06-10 19:32:15.756 1505 6993 D WanClient: send:HB7FxtN64oc=
06-10 19:32:15.756 1505 6993 D WanClient: leave:uQ3qCmhm4oA=
06-10 19:32:15.756 1505 6993 D WanClient: join:7EsoetslBbs=
06-10 19:32:15.756 1505 6993 D WanClient: Me3/LwZ5vWJxjtP9s3upnQ==
06-10 19:32:16.116 570 596 I WifiHAL : call wifi_get_link_stats handler
06-10 19:32:16.116 570 596 I WifiHAL : Creating message to get link statistics; iface = 16
06-10 19:32:16.117 570 596 D WifiHAL : error code -95 mapped to -3
06-10 19:32:16.117 761 899 E WifiStaIfaceAidlImpl: getLinkLayerStats failed with service-specific exception: android.os.ServiceSpecificException: (code 4)
06-10 19:32:16.208 1073 1331 W bt_stack: [WARNING:client_interface_aidl.cc(471)] ReadAudioData: 2048/4096 no data 10 ms
06-10 19:32:16.208 1073 1331 W bt_btif_a2dp_source: packages/modules/Bluetooth/system/btif/src/btif_a2dp_source.cc:946 btif_a2dp_source_read_callback: btif_a2dp_source_read_callback: UNDERFLOW: ONLY READ 2048 BYTES OUT OF 4096
06-10 19:32:17.086 1073 1217 E btm_sco : packages/modules/Bluetooth/system/stack/btm/btm_sco.cc:1137 btm_sco_on_disconnected: Unable to find sco connection
06-10 19:32:17.086 1073 1222 I bluetooth: packages/modules/Bluetooth/system/gd/hci/acl_manager/le_impl.h:673 on_le_disconnect: re-add device to connect list
06-10 19:32:17.086 1073 1217 I btm_acl : packages/modules/Bluetooth/system/stack/acl/btm_acl.cc:2740 btm_acl_iso_disconnected: ISO disconnection from GD, handle: 0x10, reason: 0x13
06-10 19:32:17.087 1073 1222 I bluetooth: packages/modules/Bluetooth/system/gd/hci/le_address_manager.cc:265 ack_pause: Client already in paused state
06-10 19:32:17.087 1073 1217 I bluetooth: packages/modules/Bluetooth/system/stack/arbiter/acl_arbiter.cc:90 OnLeDisconnect: Notifying Rust of LE disconnection
06-10 19:32:17.087 1073 1217 I bt : bluetooth_core::gatt::arbiter: processing disconnection on transport TransportIndex(0)
06-10 19:32:17.087 1073 1217 I bluetooth: packages/modules/Bluetooth/system/stack/eatt/eatt_impl.h:914 disconnect: Device: xx:xx:xx:xx:c0:7d, cid: 0xffff
06-10 19:32:17.087 1073 1217 W bt_stack: [WARNING:eatt_impl.h(918)] disconnect no eatt device found
06-10 19:32:17.087 1073 1217 I bluetooth: packages/modules/Bluetooth/system/stack/gap/gap_ble.cc:304 client_connect_cback: No active GAP service found for peer:xx:xx:xx:xx:c0:7d callback:Disconnected
06-10 19:32:17.087 1073 1217 I bt_bta_gattc: packages/modules/Bluetooth/system/bta/gatt/bta_gattc_act.cc:1310 bta_gattc_conn_cback: Disconnected att_id:3 addr:xx:xx:xx:xx:c0:7d, transport:BT_TRANSPORT_LE reason:GATT_CONN_TERMINATE_PEER_USER
06-10 19:32:17.087 1073 1217 I bt_bta_gattc: packages/modules/Bluetooth/system/bta/gatt/bta_gattc_act.cc:1310 bta_gattc_conn_cback: Disconnected att_id:4 addr:xx:xx:xx:xx:c0:7d, transport:BT_TRANSPORT_LE reason:GATT_CONN_TERMINATE_PEER_USER
06-10 19:32:17.087 1073 1217 I bt_bta_gattc: packages/modules/Bluetooth/system/bta/gatt/bta_gattc_act.cc:1310 bta_gattc_conn_cback: Disconnected att_id:5 addr:xx:xx:xx:xx:c0:7d, transport:BT_TRANSPORT_LE reason:GATT_CONN_TERMINATE_PEER_USER
06-10 19:32:17.087 1073 1217 I bt_bta_gattc: packages/modules/Bluetooth/system/bta/gatt/bta_gattc_act.cc:1310 bta_gattc_conn_cback: Disconnected att_id:6 addr:xx:xx:xx:xx:c0:7d, transport:BT_TRANSPORT_LE reason:GATT_CONN_TERMINATE_PEER_USER
06-10 19:32:17.087 1073 1217 I bt_bta_gattc: packages/modules/Bluetooth/system/bta/gatt/bta_gattc_act.cc:1310 bta_gattc_conn_cback: Disconnected att_id:7 addr:xx:xx:xx:xx:c0:7d, transport:BT_TRANSPORT_LE reason:GATT_CONN_TERMINATE_PEER_USER
06-10 19:32:17.088 1073 1217 E bta_gattc_main: packages/modules/Bluetooth/system/bta/gatt/bta_gattc_main.cc:395 bta_gattc_hdl_event: Ignore unknown conn ID: 3
06-10 19:32:17.088 1073 1217 E bta_gattc_main: packages/modules/Bluetooth/system/bta/gatt/bta_gattc_main.cc:395 bta_gattc_hdl_event: Ignore unknown conn ID: 4
06-10 19:32:17.088 1073 1217 I btif_av : packages/modules/Bluetooth/system/btif/src/btif_av.cc:3565 btif_av_acl_disconnected: btif_av_acl_disconnected: Peer xx:xx:xx:xx:c0:7d : ACL Disconnected
06-10 19:32:17.088 1073 1217 I btif_av : packages/modules/Bluetooth/system/btif/src/btif_av.cc:1120 FindOrCreatePeer: BtifAvPeer *BtifAvSource::FindOrCreatePeer(const RawAddress &, tBTA_AV_HNDL): Create peer: peer_address=xx:xx:xx:xx:c0:7d bta_handle=0x42 peer_id=1
06-10 19:32:17.088 1073 1217 I bt_bta_gattc: packages/modules/Bluetooth/system/bta/gatt/bta_gattc_act.cc:429 bta_gattc_init_bk_conn: Not a connected remote device yet
06-10 19:32:17.088 1073 1217 I btif_av : packages/modules/Bluetooth/system/btif/src/btif_av.cc:1165 DeleteIdlePeers: DeleteIdlePeers: Deleting idle peer: xx:xx:xx:xx:c0:7d bta_handle=0x42
06-10 19:32:17.089 1505 1800 D BluetoothGatt: onClientConnectionState() - status=19 clientIf=6 device=E4:BB:D3:57:C0:7D
06-10 19:32:17.089 1505 1800 D BluetoothGatt: cancelOpen() - device: E4:BB:D3:57:C0:7D
06-10 19:32:17.089 1073 1286 D BtGatt.GattService: onDisconnected() - removing permit for address=E4:BB:D3:57:C0:7D
06-10 19:32:17.090 1073 1222 I bluetooth: packages/modules/Bluetooth/system/gd/hci/le_address_manager.cc:596 OnCommandComplete: Received command complete with op_code LE_ADD_DEVICE_TO_FILTER_ACCEPT_LIST
06-10 19:32:17.090 1073 1222 I bluetooth: packages/modules/Bluetooth/system/gd/hci/le_address_manager.cc:294 resume_registered_clients: Resuming registered clients
06-10 19:32:17.090 1505 1528 D BluetoothGatt: onClientConnectionState() - status=19 clientIf=7 device=E4:BB:D3:57:C0:7D
06-10 19:32:17.091 1505 1528 D BluetoothGatt: cancelOpen() - device: E4:BB:D3:57:C0:7D
06-10 19:32:17.092 1073 1286 W BatteryService: getBatteryService(): service is NULL
06-10 19:32:17.092 1073 1286 V BluetoothDatabase: getProfileConnectionPolicy: device XX:XX:XX:XX:C0:7D profile=A2DP, connectionPolicy=-1
06-10 19:32:17.092 1073 1222 I bluetooth: packages/modules/Bluetooth/system/gd/hci/acl_manager/le_impl.h:878 update_connectability_state_after_armed: Le connection state machine armed state:ConnectabilityState::ARMED status:SUCCESS
06-10 19:32:17.092 1073 1286 V BluetoothDatabase: getProfileConnectionPolicy: device XX:XX:XX:XX:C0:7D profile=HEADSET, connectionPolicy=-1
06-10 19:32:17.093 1073 1286 V BluetoothDatabase: getProfileConnectionPolicy: device XX:XX:XX:XX:C0:7D profile=HID_HOST, connectionPolicy=100
06-10 19:32:17.093 1505 1800 D BluetoothGatt: close()
06-10 19:32:17.093 1505 1800 D BluetoothGatt: unregisterApp() - mClientIf=6
06-10 19:32:17.095 1505 1528 D BluetoothGatt: close()
06-10 19:32:17.095 1505 1528 D BluetoothGatt: unregisterApp() - mClientIf=7
06-10 19:32:17.099 1073 1073 D BluetoothHidHostService: Connection state XX:XX:XX:XX:C0:7D: 2->3
06-10 19:32:17.100 1073 1286 I bluetooth: packages/modules/Bluetooth/system/btif/co/bta_hh_co.cc:483 bta_hh_co_close: Closing device handle=16, status=2, address=xx:xx:xx:xx:c0:7d
06-10 19:32:17.100 761 796 W ProcessStats: Tracking association SourceState{b862820 com.ktcp.video/10078 Service #1707} whose proc state 8 is better than process ProcessState{77d1a27 com.ktcp.video:daemon/10078 pkg=com.ktcp.video} proc state 14 (1 skipped)
06-10 19:32:17.107 1101 1101 I BLE_Service: >ACL LINK DISCONNECTED [Dangbei]
06-10 19:32:17.112 1505 1505 I dangbei111: cccccc on receiver=android.bluetooth.device.action.ACL_DISCONNECTED,mac=E4:BB:D3:57:C0:7D
06-10 19:32:17.113 1073 1073 D AdapterProperties: PROFILE_CONNECTION_STATE_CHANGE: profile=4, device=XX:XX:XX:XX:C0:7D, 2 -> 3
06-10 19:32:17.116 1505 1505 E ccc : cccccc 这里接到ACTION_ACL_DISCONNECTED 开启scan 12
06-10 19:32:17.116 1101 1101 D CachedBluetoothDevice: onProfileStateChanged: profile HID, device XX:XX:XX:XX:C0:7D, newProfileState 3
06-10 19:32:17.116 1101 1101 D BluetoothAdapter: getActiveDevices(profile= A2DP)
06-10 19:32:17.116 972 1158 D CachedBluetoothDevice: onProfileStateChanged: profile HID, device XX:XX:XX:XX:C0:7D, newProfileState 3
06-10 19:32:17.116 972 1158 D BluetoothAdapter: getActiveDevices(profile= A2DP)
06-10 19:32:17.118 1073 1476 I BluetoothAdapterService: getActiveDevices: A2dp device: XX:XX:XX:XX:F5:7A
06-10 19:32:17.119 1101 1101 D BluetoothAdapter: getActiveDevices(profile= HEADSET)
06-10 19:32:17.121 1505 1505 E dangbei111: cccccc 开始扫描
06-10 19:32:17.121 1505 1505 D BluetoothAdapter: isLeEnabled(): ON
06-10 19:32:17.123 1073 1354 I BluetoothAdapterService: getActiveDevices: A2dp device: XX:XX:XX:XX:F5:7A
06-10 19:32:17.123 972 1158 D BluetoothAdapter: getActiveDevices(profile= HEADSET)
06-10 19:32:17.125 1073 1354 I BluetoothAdapterService: getActiveDevices: Headset device: null
06-10 19:32:17.125 1101 1101 D BluetoothAdapter: getActiveDevices(profile= HEARING_AID)
06-10 19:32:17.127 1073 1354 I BluetoothAdapterService: getActiveDevices: Headset device: null
06-10 19:32:17.127 972 1158 D BluetoothAdapter: getActiveDevices(profile= HEARING_AID)
06-10 19:32:17.128 1073 1090 I bt_stack: [INFO:le_scanning_manager.cc(155)] RegisterScanner in shim layer
06-10 19:32:17.130 1073 1354 I BluetoothAdapterService: getActiveDevices: Hearing Aid devices: Left[null] - Right[null]
06-10 19:32:17.133 1073 1354 I BluetoothAdapterService: getActiveDevices: Hearing Aid devices: Left[null] - Right[null]
06-10 19:32:17.146 1073 2202 I bluetooth: packages/modules/Bluetooth/system/btif/co/bta_hh_co.cc:367 btif_hh_poll_event_thread: Polling thread stopped for device xx:xx:xx:xx:c0:7d
06-10 19:32:17.146 1836 1880 D XM_HIDREAD: remove@ remove@/devices/virtual/misc/uhid/0005:000D:3838.0001/input/input9/event9
06-10 19:32:17.146 761 870 I EventHub: Removing device Dangbei due to epoll hang-up event.
06-10 19:32:17.146 761 870 I EventHub: Removed device: path=/dev/input/event9 name=Dangbei id=10 fd=482 classes=KEYBOARD | DPAD | EXTERNAL
06-10 19:32:17.160 1836 1880 D XM_HIDREAD: remove@ remove@/devices/virtual/wakeup/wakeup32
06-10 19:32:17.164 1836 1880 D XM_HIDREAD: remove@ remove@/devices/virtual/misc/uhid/0005:000D:3838.0001/input/input9
06-10 19:32:17.165 1836 1880 D XM_HIDREAD: remove@ remove@/devices/virtual/misc/uhid/0005:000D:3838.0001/input/input11/event10
06-10 19:32:17.173 761 870 I InputReader: Device removed: id=10, eventHubId=10, name='Dangbei', descriptor='5bf61da49c3f961ffea2e2e86eddd822e5631010', sources=KEYBOARD | DPAD | JOYSTICK
06-10 19:32:17.177 761 870 I EventHub: Removing device Dangbei Consumer Control due to epoll hang-up event.
06-10 19:32:17.177 761 870 I EventHub: Removed device: path=/dev/input/event10 name=Dangbei Consumer Control id=11 fd=484 classes=KEYBOARD | DPAD | JOYSTICK | EXTERNAL
06-10 19:32:17.177 761 788 W IPCThreadState: Sending oneway calls to frozen process.
06-10 19:32:17.178 1836 1880 D XM_HIDREAD: remove@ remove@/devices/virtual/wakeup/wakeup33
06-10 19:32:17.196 761 870 I EventHub: Removing device '/dev/input/event9' due to inotify event
06-10 19:32:17.196 1836 1880 D XM_HIDREAD: remove@ remove@/devices/virtual/misc/uhid/0005:000D:3838.0001/input/input11
06-10 19:32:17.196 761 870 I EventHub: Removing device '/dev/input/event10' due to inotify event
06-10 19:32:17.197 1836 2218 D XM_HIDREAD: poll ret=1, event=18
06-10 19:32:17.197 1836 2218 E XM_HIDREAD: (8) thread_io_ready, poll error, event=18
06-10 19:32:17.197 1836 1880 D XM_HIDREAD: remove@ remove@/devices/virtual/misc/uhid/0005:000D:3838.0001/hidraw/hidraw0
06-10 19:32:17.197 1836 2218 D XM_HIDREAD: (8) thread_io_thread, finish
06-10 19:32:17.198 761 869 E EventHub: Invalid device id=11 provided to isDeviceEnabled
06-10 19:32:17.198 761 869 W InputReader: Ignoring disabled device Dangbei
06-10 19:32:17.198 1836 1880 D XM_HIDREAD: remove@ remove@/devices/virtual/misc/uhid/0005:000D:3838.0001
06-10 19:32:17.199 1073 1286 I bt_btif_gattc: packages/modules/Bluetooth/system/btif/src/btif_gatt_client.cc:360 btif_gattc_close_impl: client_if=6, conn_id=0, address=xx:xx:xx:xx:c0:7d
06-10 19:32:17.199 1073 1286 I bt_btif_gattc: packages/modules/Bluetooth/system/btif/src/btif_gatt_client.cc:360 btif_gattc_close_impl: client_if=7, conn_id=0, address=xx:xx:xx:xx:c0:7d
06-10 19:32:17.199 1073 1217 E bt_stack: [ERROR:bta_gattc_act.cc(312)] No such connection need to be cancelled
06-10 19:32:17.199 1073 1217 I bt_stack: [INFO:gatt_api.cc(1514)] GATT_CancelConnect: gatt_if:6, address: xx:xx:xx:xx:c0:7d, direct:0
06-10 19:32:17.199 1073 1217 E bt_stack: [ERROR:bta_gattc_act.cc(312)] No such connection need to be cancelled
06-10 19:32:17.199 1073 1217 I bt_stack: [INFO:gatt_api.cc(1514)] GATT_CancelConnect: gatt_if:7, address: xx:xx:xx:xx:c0:7d, direct:0
06-10 19:32:17.199 1073 1217 I bt_stack: [INFO:gatt_api.cc(1279)] GATT_Deregister gatt_if=6
06-10 19:32:17.200 1073 1217 I bt_stack: [INFO:gatt_api.cc(1279)] GATT_Deregister gatt_if=7
06-10 19:32:17.200 761 870 I InputReader: Device removed: id=10, eventHubId=11, name='Dangbei', descriptor='5bf61da49c3f961ffea2e2e86eddd822e5631010', sources=KEYBOARD | DPAD | JOYSTICK
06-10 19:32:17.200 1073 1073 D BluetoothHidHostService: Connection state XX:XX:XX:XX:C0:7D: 3->0
06-10 19:32:17.201 1505 1528 D BluetoothLeScanner: onScannerRegistered() - status=0 scannerId=1 mScannerId=0
06-10 19:32:17.203 761 788 W IPCThreadState: Sending oneway calls to frozen process.
06-10 19:32:17.204 1101 1101 D CachedBluetoothDevice: onProfileStateChanged: profile HID, device XX:XX:XX:XX:C0:7D, newProfileState 0
06-10 19:32:17.204 1101 1101 D BluetoothAdapter: getActiveDevices(profile= A2DP)
06-10 19:32:17.206 972 1158 D CachedBluetoothDevice: onProfileStateChanged: profile HID, device XX:XX:XX:XX:C0:7D, newProfileState 0
06-10 19:32:17.206 972 1158 D BluetoothAdapter: getActiveDevices(profile= A2DP)
06-10 19:32:17.207 1073 1354 I BluetoothAdapterService: getActiveDevices: A2dp device: XX:XX:XX:XX:F5:7A
06-10 19:32:17.207 1073 1073 D AdapterProperties: PROFILE_CONNECTION_STATE_CHANGE: profile=4, device=XX:XX:XX:XX:C0:7D, 3 -> 0
06-10 19:32:17.207 1101 1101 D BluetoothAdapter: getActiveDevices(profile= HEADSET)
06-10 19:32:17.209 1073 1354 I BluetoothAdapterService: getActiveDevices: Headset device: null
06-10 19:32:17.210 1101 1101 D BluetoothAdapter: getActiveDevices(profile= HEARING_AID)
06-10 19:32:17.211 1073 1354 I BluetoothAdapterService: getActiveDevices: A2dp device: XX:XX:XX:XX:F5:7A
06-10 19:32:17.211 972 1158 D BluetoothAdapter: getActiveDevices(profile= HEADSET)
06-10 19:32:17.212 1073 1354 I BluetoothAdapterService: getActiveDevices: Hearing Aid devices: Left[null] - Right[null]
06-10 19:32:17.214 1073 1354 I BluetoothAdapterService: getActiveDevices: Headset device: null
06-10 19:32:17.214 972 1158 D BluetoothAdapter: getActiveDevices(profile= HEARING_AID)
06-10 19:32:17.216 1073 1354 I BluetoothAdapterService: getActiveDevices: Hearing Aid devices: Left[null] - Right[null]
06-10 19:32:17.231 1073 1476 D ActivityAttributionService: notifyActivityAttributionInfo UID=1002 packageName=com.android.bluetooth deviceAddress=no_active_device_address
06-10 19:32:17.231 1073 1476 I bt_btif : packages/modules/Bluetooth/system/btif/src/bluetooth.cc:829 get_profile_interface: get_profile_interface: id = activity_attribution
06-10 19:32:17.232 1073 1324 I bt_stack: [INFO:le_scanning_manager.cc(168)] Scan in shim layer started
06-10 19:32:17.233 1073 1222 I bluetooth: packages/modules/Bluetooth/system/gd/hci/le_scanning_manager.cc:588 stop_scan: Scanning already stopped, return!
06-10 19:32:17.233 1073 1222 I bluetooth: packages/modules/Bluetooth/system/gd/hci/le_address_manager.cc:178 register_client: Client registered
06-10 19:32:17.239 1073 1324 I bt_stack: [INFO:le_scanning_manager.cc(168)] Scan in shim layer stopped
06-10 19:32:17.239 1073 1222 I bluetooth: packages/modules/Bluetooth/system/gd/hci/le_address_manager.cc:193 unregister_client: Client unregistered
06-10 19:32:17.239 1073 1324 I bt_stack: [INFO:le_scanning_manager.cc(346)] SetScanParameters in shim layer
06-10 19:32:17.239 1073 1324 I bt_stack: [INFO:le_scanning_manager.cc(168)] Scan in shim layer started
06-10 19:32:17.239 1073 1222 I bluetooth: packages/modules/Bluetooth/system/gd/hci/le_scanning_manager.cc:588 stop_scan: Scanning already stopped, return!
06-10 19:32:17.239 1073 1222 I bluetooth: packages/modules/Bluetooth/system/gd/hci/le_address_manager.cc:178 register_client: Client registered
