06-10 18:38:28.518 761 788 I LockSettingsService: Unlocked CE storage for unsecured user 0
06-10 18:38:28.518 761 788 D SystemServerTiming: finishUserUnlocking-0
06-10 18:38:28.518 761 788 D ActivityManager: Started unlocking user 0
06-10 18:38:28.518 761 788 D ActivityManager: Unlocking user 0 progress 0
06-10 18:38:28.518 761 788 D ActivityManager: Unlocking user 0 progress 5
06-10 18:38:28.519 761 785 D SystemServerTiming: UM.onBeforeUnlockUser-0
06-10 18:38:28.520 761 785 D SystemServerTiming: prepareUserData-0
06-10 18:38:28.523 317 317 D vold : fscrypt_prepare_user_storage for volume null, user 0, serial 0, flags 2
06-10 18:38:28.523 317 317 D vold : Preparing: /data/system_ce/0
06-10 18:38:28.525 317 317 I vold : Verified that /data/system_ce/0 has the encryption policy 2d97e8720f184365872218359270d78b v2 modes 1/4 flags 0xa
06-10 18:38:28.525 317 317 D vold : Preparing: /data/vendor_ce/0
06-10 18:38:28.528 761 788 V WindowManager: app ------------- force_land :0
06-10 18:38:28.529 761 788 V WindowManager: app ------------- force_land :0
06-10 18:38:28.531 317 317 I vold : Verified that /data/vendor_ce/0 has the encryption policy 2d97e8720f184365872218359270d78b v2 modes 1/4 flags 0xa
06-10 18:38:28.531 317 317 D vold : Preparing: /data/media/0
06-10 18:38:28.532 761 788 D ColorDisplayService: setUp: currentUser=0
06-10 18:38:28.545 317 317 I vold : Verified that /data/media/0 has the encryption policy 2d97e8720f184365872218359270d78b v2 modes 1/4 flags 0xa
06-10 18:38:28.545 317 317 D vold : Preparing: /data/misc_ce/0
06-10 18:38:28.546 317 317 I vold : Verified that /data/misc_ce/0 has the encryption policy 2d97e8720f184365872218359270d78b v2 modes 1/4 flags 0xa
06-10 18:38:28.546 317 317 D vold : Preparing: /data/user/0
06-10 18:38:28.547 317 317 I vold : Verified that /data/user/0 has the encryption policy 2d97e8720f184365872218359270d78b v2 modes 1/4 flags 0xa
06-10 18:38:28.547 317 317 D vold : Starting restorecon of /data/system_ce/0
06-10 18:38:28.551 761 796 I ActivityManager: com.android.devicelockcontroller is exempt from freezer
06-10 18:38:28.552 761 796 D CompatibilityChangeReporter: Compat change id reported: 135634846; UID 10060; state: DISABLED
06-10 18:38:28.552 761 796 D CompatibilityChangeReporter: Compat change id reported: 177438394; UID 10060; state: DISABLED
06-10 18:38:28.552 761 796 D CompatibilityChangeReporter: Compat change id reported: 135772972; UID 10060; state: DISABLED
06-10 18:38:28.552 761 796 D CompatibilityChangeReporter: Compat change id reported: 135754954; UID 10060; state: ENABLED
06-10 18:38:28.553 761 797 D CompatibilityChangeReporter: Compat change id reported: 143937733; UID 10060; state: ENABLED
06-10 18:38:28.559 317 317 D vold : Finished restorecon of /data/system_ce/0
06-10 18:38:28.559 317 317 D vold : Starting restorecon of /data/vendor_ce/0
06-10 18:38:28.565 317 317 D vold : Finished restorecon of /data/vendor_ce/0
06-10 18:38:28.566 317 317 D vold : Starting restorecon of /data/misc_ce/0
06-10 18:38:28.572 317 317 D vold : Finished restorecon of /data/misc_ce/0
06-10 18:38:28.573 317 317 D vold : /system/bin/vold_prepare_subdirs
06-10 18:38:28.573 317 317 D vold : prepare
06-10 18:38:28.573 317 317 D vold :
06-10 18:38:28.573 317 317 D vold : 0
06-10 18:38:28.573 317 317 D vold : 2
06-10 18:38:28.591 761 797 I ActivityManager: Start proc 1409:com.android.devicelockcontroller/u0a60 for broadcast {com.android.devicelockcontroller/com.android.devicelockcontroller.receivers.LockedBootCompletedReceiver}
06-10 18:38:28.637 761 761 D HDMI : [R]: 04:90:00
06-10 18:38:28.639 761 761 D HDMI : addCecDevice new:CEC: logical_address: 0x00 device_type: 0 cec_version: 5 vendor_id: 60426 display_name: MiTV-ANSP0 power_status: 0 physical_address: 0x0000 port_id: -1 old:CEC: logical_address: 0x00 device_type: 0 cec_version: 5 vendor_id: 60426 display_name: MiTV-ANSP0 power_status: 0 physical_address: 0x0000 port_id: -1
06-10 18:38:28.640 761 761 D HdmiControlService: Switching to full volume behavior
06-10 18:38:28.642 761 761 D HDMI : addCecDevice new:CEC: logical_address: 0x04 device_type: 4 cec_version: 5 vendor_id: 1877008 display_name: DBBOX-A3 power_status: 0 physical_address: 0x2000 port_id: 0 old:null
06-10 18:38:28.642 761 761 D HDMI : Hot-plug detection started.
06-10 18:38:28.670 761 783 D CompatibilityChangeReporter: Compat change id reported: 168419799; UID 10060; state: DISABLED
06-10 18:38:28.671 761 783 D CompatibilityChangeReporter: Compat change id reported: 273564678; UID 10060; state: DISABLED
06-10 18:38:28.682 761 844 D CompatibilityChangeReporter: Compat change id reported: 265195908; UID 10060; state: ENABLED
06-10 18:38:28.701 761 1110 D CompatibilityChangeReporter: Compat change id reported: 170503758; UID 10060; state: ENABLED
06-10 18:38:28.730 761 1429 D CompatibilityChangeReporter: Compat change id reported: 261072174; UID 1000; state: ENABLED
06-10 18:38:28.739 761 761 W NotificationHistory: Attempted to add notif for locked/gone/disabled user 0
06-10 18:38:28.908 761 917 I AudioService.UuidUtils: uuidFromAudioDeviceAttributes lsb: 4254a439b364f57a
06-10 18:38:28.928 1409 1409 I DeviceLockControllerApplication: onCreate
06-10 18:38:28.942 1409 1409 I DeviceStateControllerImpl: Starting state is 0
06-10 18:38:28.945 1409 1409 I UserRestrictionsPolicyHandler: Build type DEBUG = false
06-10 18:38:28.982 761 1110 D CompatibilityChangeReporter: Compat change id reported: 261072174; UID 10060; state: ENABLED
06-10 18:38:29.027 761 785 V UserDataPreparer: Found /data/user/0 with serial number 0
06-10 18:38:29.027 761 785 V UserDataPreparer: Found /data/system_ce/0 with serial number 0
06-10 18:38:29.028 761 785 D UserDataPreparer: Setting property: sys.user.0.ce_available=true
06-10 18:38:29.030 761 785 D SystemServerTiming: reconcileAppsData-0
06-10 18:38:29.032 761 785 V PackageManager: reconcileAppsData for null u0 0x2 migrateAppData=false
06-10 18:38:29.034 761 785 W PackageManager: Skipping preparing app data for com.android.configinfrastructure
06-10 18:38:29.034 761 785 W PackageManager: Skipping preparing app data for com.android.appsearch
06-10 18:38:29.034 761 785 W PackageManager: Skipping preparing app data for com.android.adservices
06-10 18:38:29.034 761 785 W PackageManager: Skipping preparing app data for com.android.scheduling
06-10 18:38:29.034 761 785 W PackageManager: Skipping preparing app data for com.google.android.widevine.nonupdatable
06-10 18:38:29.034 761 785 W PackageManager: Skipping preparing app data for com.android.permission
06-10 18:38:29.035 761 785 W PackageManager: Skipping preparing app data for com.android.art
06-10 18:38:29.035 761 785 W PackageManager: Skipping preparing app data for com.android.uwb
06-10 18:38:29.035 761 785 W PackageManager: Skipping preparing app data for com.android.tethering
06-10 18:38:29.035 761 785 W PackageManager: Skipping preparing app data for com.android.btservices
06-10 18:38:29.035 761 785 W PackageManager: Skipping preparing app data for com.android.media.swcodec
06-10 18:38:29.035 761 785 W PackageManager: Skipping preparing app data for com.android.conscrypt
06-10 18:38:29.035 761 785 W PackageManager: Skipping preparing app data for com.android.adbd
06-10 18:38:29.035 761 785 W PackageManager: Skipping preparing app data for com.android.i18n
06-10 18:38:29.035 761 785 W PackageManager: Skipping preparing app data for com.android.rkpd
06-10 18:38:29.035 761 785 W PackageManager: Skipping preparing app data for com.android.virt
06-10 18:38:29.035 761 785 W PackageManager: Skipping preparing app data for com.android.wifi
06-10 18:38:29.035 761 785 W PackageManager: Skipping preparing app data for com.android.runtime
06-10 18:38:29.035 761 785 W PackageManager: Skipping preparing app data for com.android.devicelock
06-10 18:38:29.035 761 785 W PackageManager: Skipping preparing app data for com.android.apex.cts.shim
06-10 18:38:29.035 761 785 W PackageManager: Skipping preparing app data for com.android.neuralnetworks
06-10 18:38:29.035 761 785 W PackageManager: Skipping preparing app data for com.android.healthfitness
06-10 18:38:29.035 761 785 W PackageManager: Skipping preparing app data for com.android.resolv
06-10 18:38:29.035 761 785 W PackageManager: Skipping preparing app data for com.android.sdkext
06-10 18:38:29.035 761 785 W PackageManager: Skipping preparing app data for com.android.tzdata
06-10 18:38:29.036 761 785 W PackageManager: Skipping preparing app data for com.android.vndk.v34
06-10 18:38:29.036 761 785 W PackageManager: Skipping preparing app data for com.android.os.statsd
06-10 18:38:29.036 761 785 W PackageManager: Skipping preparing app data for com.android.extservices
06-10 18:38:29.036 761 785 W PackageManager: Skipping preparing app data for com.amlogic.mediaextractor
06-10 18:38:29.036 761 785 W PackageManager: Skipping preparing app data for com.android.ipsec
06-10 18:38:29.036 761 785 W PackageManager: Skipping preparing app data for com.android.media
06-10 18:38:29.036 761 785 W PackageManager: Skipping preparing app data for com.android.sdksandbox
06-10 18:38:29.036 761 785 W PackageManager: Skipping preparing app data for com.android.mediaprovider
06-10 18:38:29.036 761 785 W PackageManager: Skipping preparing app data for com.android.ondevicepersonalization
06-10 18:38:29.084 1409 1450 I DlcClient: Binding com.android.devicelockcontroller/.storage.SetupParametersService
06-10 18:38:29.172 1409 1409 I DeviceLockControllerApplication: Policies enforced
06-10 18:38:29.366 972 1158 W Looper : Drained
06-10 18:38:29.482 761 785 V PackageManager: reconcileAppsData finished 144 packages
06-10 18:38:29.483 761 785 I ActivityManager: User 0 state changed from RUNNING_LOCKED to RUNNING_UNLOCKING
06-10 18:38:29.485 761 785 D ActivityManager: Unlocking user 0 progress 20
06-10 18:38:29.485 761 785 W Looper : Slow dispatch took 967ms android.fg h=android.os.Handler c=com.android.server.am.UserController$$ExternalSyntheticLambda2@39bd22c m=0
06-10 18:38:29.485 761 785 W Looper : Slow delivery took 966ms android.fg h=android.os.Handler c=com.android.server.am.UserController$$ExternalSyntheticLambda9@d6a14f5 m=0
06-10 18:38:29.485 761 796 D SystemServerTimingAsync: ssm.UnlockingUser-0
06-10 18:38:29.485 761 796 I SystemServiceManager: Calling onUnlockingUser 0
06-10 18:38:29.485 761 796 D SystemServerTimingAsync: ssm.onUnlockingUser-0_com.android.server.security.FileIntegrityService
06-10 18:38:29.485 761 796 D SystemServerTimingAsync: ssm.onUnlockingUser-0_com.android.server.pm.Installer
06-10 18:38:29.485 761 796 D SystemServerTimingAsync: ssm.onUnlockingUser-0_com.android.server.os.DeviceIdentifiersPolicyService
06-10 18:38:29.485 761 796 D SystemServerTimingAsync: ssm.onUnlockingUser-0_com.android.server.flags.FeatureFlagsService
06-10 18:38:29.485 761 796 D SystemServerTimingAsync: ssm.onUnlockingUser-0_com.android.server.uri.UriGrantsManagerService$Lifecycle
06-10 18:38:29.485 761 796 D SystemServerTimingAsync: ssm.onUnlockingUser-0_com.android.server.powerstats.PowerStatsService
06-10 18:38:29.485 761 796 D SystemServerTimingAsync: ssm.onUnlockingUser-0_com.android.server.permission.access.AccessCheckingService
06-10 18:38:29.485 761 796 D SystemServerTimingAsync: ssm.onUnlockingUser-0_com.android.server.wm.ActivityTaskManagerService$Lifecycle
06-10 18:38:29.485 761 796 D SystemServerTimingAsync: ssm.onUnlockingUser-0_com.android.server.am.ActivityManagerService$Lifecycle
06-10 18:38:29.486 761 796 D SystemServerTimingAsync: ssm.onUnlockingUser-0_com.android.server.pm.DataLoaderManagerService
06-10 18:38:29.486 761 796 D SystemServerTimingAsync: ssm.onUnlockingUser-0_com.android.server.power.PowerManagerService
06-10 18:38:29.486 761 796 D SystemServerTimingAsync: ssm.onUnlockingUser-0_com.android.server.power.ThermalManagerService
06-10 18:38:29.486 761 796 D SystemServerTimingAsync: ssm.onUnlockingUser-0_com.android.server.power.hint.HintManagerService
06-10 18:38:29.486 761 796 D SystemServerTimingAsync: ssm.onUnlockingUser-0_com.android.server.recoverysystem.RecoverySystemService$Lifecycle
06-10 18:38:29.486 761 796 D SystemServerTimingAsync: ssm.onUnlockingUser-0_com.android.server.lights.LightsService
06-10 18:38:29.486 761 796 D SystemServerTimingAsync: ssm.onUnlockingUser-0_com.android.server.display.DisplayManagerService
06-10 18:38:29.486 761 796 D SystemServerTimingAsync: ssm.onUnlockingUser-0_com.android.server.pm.verify.domain.DomainVerificationService
06-10 18:38:29.486 761 796 D SystemServerTimingAsync: ssm.onUnlockingUser-0_com.android.server.pm.PackageInstallerService$Lifecycle
06-10 18:38:29.486 761 796 D SystemServerTimingAsync: ssm.onUnlockingUser-0_com.android.server.pm.UserManagerService$LifeCycle
06-10 18:38:29.487 761 796 D SystemServerTimingAsync: ssm.onUnlockingUser-0_com.android.server.om.OverlayManagerService
06-10 18:38:29.487 761 796 D SystemServerTimingAsync: ssm.onUnlockingUser-0_com.android.server.resources.ResourcesManagerService
06-10 18:38:29.487 761 796 D SystemServerTimingAsync: ssm.onUnlockingUser-0_com.android.server.sensorprivacy.SensorPrivacyService
06-10 18:38:29.488 761 807 I BroadcastQueue: BOOT_COMPLETED_BROADCAST_COMPLETION_LATENCY_REPORTED action:android.intent.action.LOCKED_BOOT_COMPLETED dispatchLatency:78 completeLatency:1033 dispatchRealLatency:78 completeRealLatency:1033 receiversSize:4 userId:0 userType:android.os.usertype.full.SYSTEM
06-10 18:38:29.488 761 796 D SystemServerTimingAsync: ssm.onUnlockingUser-0_com.android.server.sensors.SensorService
06-10 18:38:29.488 761 796 D SystemServerTimingAsync: ssm.onUnlockingUser-0_com.android.server.SystemConfigService
06-10 18:38:29.488 761 796 D SystemServerTimingAsync: ssm.onUnlockingUser-0_com.android.server.BatteryService
06-10 18:38:29.488 761 796 D SystemServerTimingAsync: ssm.onUnlockingUser-0_com.android.server.usage.UsageStatsService
06-10 18:38:29.488 761 796 D SystemServerTimingAsync: ssm.onUnlockingUser-0_com.android.server.webkit.WebViewUpdateService
06-10 18:38:29.488 761 796 D SystemServerTimingAsync: ssm.onUnlockingUser-0_com.android.server.CachedDeviceStateService
06-10 18:38:29.488 761 796 D SystemServerTimingAsync: ssm.onUnlockingUser-0_com.android.server.BinderCallsStatsService$LifeCycle
06-10 18:38:29.488 761 796 D SystemServerTimingAsync: ssm.onUnlockingUser-0_com.android.server.LooperStatsService$Lifecycle
06-10 18:38:29.488 761 796 D SystemServerTimingAsync: ssm.onUnlockingUser-0_com.android.server.rollback.RollbackManagerService
06-10 18:38:29.489 761 785 W Looper : Drained
06-10 18:38:29.491 761 796 D SystemServerTimingAsync: ssm.onUnlockingUser-0_com.android.server.os.NativeTombstoneManagerService
06-10 18:38:29.491 761 796 D SystemServerTimingAsync: ssm.onUnlockingUser-0_com.android.server.os.BugreportManagerService
06-10 18:38:29.491 761 796 D SystemServerTimingAsync: ssm.onUnlockingUser-0_com.android.server.gpu.GpuService
06-10 18:38:29.491 761 796 D SystemServerTimingAsync: ssm.onUnlockingUser-0_com.android.server.security.rkp.RemoteProvisioningService
06-10 18:38:29.491 761 796 D SystemServerTimingAsync: ssm.onUnlockingUser-0_com.android.server.security.KeyChainSystemService
06-10 18:38:29.491 761 796 D SystemServerTimingAsync: ssm.onUnlockingUser-0_com.android.server.BinaryTransparencyService
06-10 18:38:29.491 761 796 D SystemServerTimingAsync: ssm.onUnlockingUser-0_com.android.server.accounts.AccountManagerService$Lifecycle
06-10 18:38:29.491 761 796 D SystemServerTimingAsync: ssm.onUnlockingUser-0_com.android.server.content.ContentService$Lifecycle
06-10 18:38:29.493 761 796 D SystemServerTimingAsync: ssm.onUnlockingUser-0_com.android.server.deviceconfig.DeviceConfigInit$Lifecycle
06-10 18:38:29.493 761 796 D SystemServerTimingAsync: ssm.onUnlockingUser-0_com.android.server.DropBoxManagerService
06-10 18:38:29.493 761 796 D SystemServerTimingAsync: ssm.onUnlockingUser-0_com.android.role.RoleService
06-10 18:38:29.493 761 796 D SystemServerTimingAsync: ssm.onUnlockingUser-0_com.android.server.vibrator.VibratorManagerService$Lifecycle
06-10 18:38:29.493 761 796 D SystemServerTimingAsync: ssm.onUnlockingUser-0_com.android.server.tare.InternalResourceService
06-10 18:38:29.493 761 796 D SystemServerTimingAsync: ssm.onUnlockingUser-0_com.android.server.alarm.AlarmManagerService
06-10 18:38:29.493 761 796 D SystemServerTimingAsync: ssm.onUnlockingUser-0_com.android.server.devicestate.DeviceStateManagerService
06-10 18:38:29.493 761 796 D SystemServerTimingAsync: ssm.onUnlockingUser-0_com.android.server.camera.CameraServiceProxy
06-10 18:38:29.493 761 796 D SystemServerTimingAsync: ssm.onUnlockingUser-0_com.android.server.bluetooth.BluetoothService
06-10 18:38:29.493 761 796 D SystemServerTimingAsync: ssm.onUnlockingUser-0_com.android.server.connectivity.IpConnectivityMetrics
06-10 18:38:29.493 761 796 D SystemServerTimingAsync: ssm.onUnlockingUser-0_com.android.server.net.watchlist.NetworkWatchlistService$Lifecycle
06-10 18:38:29.493 761 796 D SystemServerTimingAsync: ssm.onUnlockingUser-0_com.android.server.PinnerService
06-10 18:38:29.493 761 796 D SystemServerTimingAsync: ssm.onUnlockingUser-0_com.android.server.integrity.AppIntegrityManagerService
06-10 18:38:29.493 761 796 D SystemServerTimingAsync: ssm.onUnlockingUser-0_com.android.server.logcat.LogcatManagerService
06-10 18:38:29.493 761 796 D SystemServerTimingAsync: ssm.onUnlockingUser-0_com.android.server.inputmethod.InputMethodManagerService$Lifecycle
06-10 18:38:29.493 761 796 D SystemServerTimingAsync: ssm.onUnlockingUser-0_com.android.server.accessibility.AccessibilityManagerService$Lifecycle
06-10 18:38:29.493 761 796 D SystemServerTimingAsync: ssm.onUnlockingUser-0_com.android.server.StorageManagerService$Lifecycle
06-10 18:38:29.493 761 796 D StorageManagerService: onUnlockUser 0
06-10 18:38:29.494 761 796 I StorageSessionController: On user unlock 0
06-10 18:38:29.494 761 796 I StorageSessionController: Initialialising...
06-10 18:38:29.495 317 317 I vold : onUserStarted: 0
06-10 18:38:29.497 761 796 D SystemServerTimingAsync: ssm.onUnlockingUser-0_com.android.server.usage.StorageStatsService$Lifecycle
06-10 18:38:29.497 761 796 D SystemServerTimingAsync: ssm.onUnlockingUser-0_com.android.server.UiModeManagerService
06-10 18:38:29.497 761 796 D SystemServerTimingAsync: ssm.onUnlockingUser-0_com.android.server.locales.LocaleManagerService
06-10 18:38:29.497 761 796 D SystemServerTimingAsync: ssm.onUnlockingUser-0_com.android.server.grammaticalinflection.GrammaticalInflectionService
06-10 18:38:29.497 761 796 D SystemServerTimingAsync: ssm.onUnlockingUser-0_com.android.server.apphibernation.AppHibernationService
06-10 18:38:29.497 761 796 D SystemServerTimingAsync: ssm.onUnlockingUser-0_com.android.server.locksettings.LockSettingsService$Lifecycle
06-10 18:38:29.497 761 796 D SystemServerTimingAsync: ssm.onUnlockingUser-0_com.android.server.PersistentDataBlockService
06-10 18:38:29.497 761 796 D SystemServerTimingAsync: ssm.onUnlockingUser-0_com.android.server.testharness.TestHarnessModeService
06-10 18:38:29.497 761 796 D SystemServerTimingAsync: ssm.onUnlockingUser-0_com.android.server.oemlock.OemLockService
06-10 18:38:29.497 761 796 D SystemServerTimingAsync: ssm.onUnlockingUser-0_com.android.server.DeviceIdleController
06-10 18:38:29.497 761 796 D SystemServerTimingAsync: ssm.onUnlockingUser-0_com.android.server.devicepolicy.DevicePolicyManagerService$Lifecycle
06-10 18:38:29.497 761 1386 I HibernationStateDiskStore: No hibernation file on disk for file /data/system_ce/0/hibernation/states
06-10 18:38:29.498 761 796 D SystemServerTimingAsync: ssm.onUnlockingUser-0_com.android.server.texttospeech.TextToSpeechManagerService
06-10 18:38:29.498 761 796 D SystemServerTimingAsync: ssm.onUnlockingUser-0_com.android.server.ambientcontext.AmbientContextManagerService
06-10 18:38:29.499 761 796 I AmbientContextManagerService: serviceNames sent in newServiceListLocked is null, or empty
06-10 18:38:29.499 761 796 D SystemServerTimingAsync: ssm.onUnlockingUser-0_com.android.server.wearable.WearableSensingManagerService
06-10 18:38:29.499 761 796 D WearableSensingManagerService: onServiceRemoved
06-10 18:38:29.499 761 796 D WearableSensingManagerPerUserService: Trying to cancel the remote request. Reason: Service destroyed.
06-10 18:38:29.499 761 796 D SystemServerTimingAsync: ssm.onUnlockingUser-0_com.android.server.speech.SpeechRecognitionManagerService
06-10 18:38:29.499 761 796 D SystemServerTimingAsync: ssm.onUnlockingUser-0_com.android.server.searchui.SearchUiManagerService
06-10 18:38:29.500 761 796 D SystemServerTimingAsync: ssm.onUnlockingUser-0_com.android.server.smartspace.SmartspaceManagerService
06-10 18:38:29.500 761 796 D SystemServerTimingAsync: ssm.onUnlockingUser-0_com.android.server.graphics.fonts.FontManagerService$Lifecycle
06-10 18:38:29.500 761 796 D SystemServerTimingAsync: ssm.onUnlockingUser-0_com.android.server.textservices.TextServicesManagerService$Lifecycle
06-10 18:38:29.500 761 796 W TextServicesManagerService: no available spell checker services found
06-10 18:38:29.501 761 796 D SystemServerTimingAsync: ssm.onUnlockingUser-0_com.android.server.textclassifier.TextClassificationManagerService$Lifecycle
06-10 18:38:29.502 761 796 D SystemServerTimingAsync: ssm.onUnlockingUser-0_com.android.server.NetworkScoreService$Lifecycle
06-10 18:38:29.502 761 796 D SystemServerTimingAsync: ssm.onUnlockingUser-0_com.android.server.NetworkStatsServiceInitializer
06-10 18:38:29.502 761 796 D SystemServerTimingAsync: ssm.onUnlockingUser-0_com.android.server.wifi.WifiService
06-10 18:38:29.503 761 883 D LockSettingsService: Hiding encryption notification for user 0
06-10 18:38:29.504 761 834 V StorageManagerService: Found primary storage at VolumeInfo{emulated;0}:
06-10 18:38:29.504 761 834 V StorageManagerService: type=EMULATED diskId=null partGuid= mountFlags=0 mountUserId=0
06-10 18:38:29.504 761 834 V StorageManagerService: state=UNMOUNTED
06-10 18:38:29.504 761 834 V StorageManagerService: fsType=null fsUuid=null fsLabel=null
06-10 18:38:29.504 761 834 V StorageManagerService: path=null internalPath=null
06-10 18:38:29.506 761 877 I StorageManagerService: Mounting volume VolumeInfo{emulated;0}:
06-10 18:38:29.506 761 877 I StorageManagerService: type=EMULATED diskId=null partGuid= mountFlags=PRIMARY|VISIBLE_FOR_WRITE
06-10 18:38:29.506 761 877 I StorageManagerService: mountUserId=0 state=UNMOUNTED
06-10 18:38:29.506 761 877 I StorageManagerService: fsType=null fsUuid=null fsLabel=null
06-10 18:38:29.506 761 877 I StorageManagerService: path=null internalPath=null
06-10 18:38:29.508 761 796 D SystemServerTimingAsync: ssm.onUnlockingUser-0_com.android.server.wifi.scanner.WifiScanningService
06-10 18:38:29.508 317 317 I vold : Mounting emulated fuse volume
06-10 18:38:29.509 761 796 D SystemServerTimingAsync: ssm.onUnlockingUser-0_com.android.server.wifi.p2p.WifiP2pService
06-10 18:38:29.509 761 796 D SystemServerTimingAsync: ssm.onUnlockingUser-0_com.android.server.ConnectivityServiceInitializer
06-10 18:38:29.509 761 796 D SystemServerTimingAsync: ssm.onUnlockingUser-0_com.android.server.notification.NotificationManagerService
06-10 18:38:29.509 761 796 D SystemServerTimingAsync: ssm.onUnlockingUser-0_com.android.server.storage.DeviceStorageMonitorService
06-10 18:38:29.509 761 796 D SystemServerTimingAsync: ssm.onUnlockingUser-0_com.android.server.timedetector.TimeDetectorService$Lifecycle
06-10 18:38:29.509 761 796 D SystemServerTimingAsync: ssm.onUnlockingUser-0_com.android.server.location.LocationManagerService$Lifecycle
06-10 18:38:29.509 761 796 D SystemServerTimingAsync: ssm.onUnlockingUser-0_com.android.server.timezonedetector.TimeZoneDetectorService$Lifecycle
06-10 18:38:29.509 761 796 D SystemServerTimingAsync: ssm.onUnlockingUser-0_com.android.server.location.altitude.AltitudeService$Lifecycle
06-10 18:38:29.509 761 796 D SystemServerTimingAsync: ssm.onUnlockingUser-0_com.android.server.timezonedetector.location.LocationTimeZoneManagerService$Lifecycle
06-10 18:38:29.509 761 796 D SystemServerTimingAsync: ssm.onUnlockingUser-0_com.android.server.search.SearchManagerService$Lifecycle
06-10 18:38:29.514 761 796 D SystemServerTimingAsync: ssm.onUnlockingUser-0_com.android.server.wallpaper.WallpaperManagerService$Lifecycle
06-10 18:38:29.515 761 796 D SystemServerTimingAsync: ssm.onUnlockingUser-0_com.android.server.wallpapereffectsgeneration.WallpaperEffectsGenerationManagerService
06-10 18:38:29.518 761 796 D SystemServerTimingAsync: ssm.onUnlockingUser-0_com.android.server.audio.AudioService$Lifecycle
06-10 18:38:29.518 761 796 D SystemServerTimingAsync: ssm.onUnlockingUser-0_com.android.server.soundtrigger_middleware.SoundTriggerMiddlewareService$Lifecycle
06-10 18:38:29.518 761 796 D SystemServerTimingAsync: ssm.onUnlockingUser-0_com.android.server.adb.AdbService$Lifecycle
06-10 18:38:29.518 761 796 D SystemServerTimingAsync: ssm.onUnlockingUser-0_com.android.server.usb.UsbService$Lifecycle
06-10 18:38:29.518 317 317 I vold : Bind mounting /data/media to /mnt/pass_through/0/emulated
06-10 18:38:29.523 761 796 D SystemServerTimingAsync: ssm.onUnlockingUser-0_com.android.server.twilight.TwilightService
06-10 18:38:29.523 761 796 D SystemServerTimingAsync: ssm.onUnlockingUser-0_com.android.server.display.color.ColorDisplayService
06-10 18:38:29.523 761 796 D SystemServerTimingAsync: ssm.onUnlockingUser-0_com.android.server.job.JobSchedulerService
06-10 18:38:29.523 761 796 D SystemServerTimingAsync: ssm.onUnlockingUser-0_com.android.server.soundtrigger.SoundTriggerService
06-10 18:38:29.523 761 796 D SystemServerTimingAsync: ssm.onUnlockingUser-0_com.android.server.trust.TrustManagerService
06-10 18:38:29.523 761 796 D SystemServerTimingAsync: ssm.onUnlockingUser-0_com.android.server.backup.BackupManagerService$Lifecycle
06-10 18:38:29.523 761 796 D SystemServerTimingAsync: ssm.onUnlockingUser-0_com.android.server.appwidget.AppWidgetService
06-10 18:38:29.523 761 796 D SystemServerTimingAsync: ssm.onUnlockingUser-0_com.android.server.voiceinteraction.VoiceInteractionManagerService
06-10 18:38:29.525 761 930 I BackupManagerService: Starting service for user: 0
06-10 18:38:29.526 761 930 V BackupManagerService: [UserID:0] Starting with transport com.android.localtransport/.LocalTransport
06-10 18:38:29.527 761 930 D BackupManagerService: [UserID:0] Started thread backup-0
06-10 18:38:29.527 761 877 I StorageSessionController: On volume mount VolumeInfo{emulated;0}:
06-10 18:38:29.527 761 877 I StorageSessionController: type=EMULATED diskId=null partGuid= mountFlags=PRIMARY|VISIBLE_FOR_WRITE
06-10 18:38:29.527 761 877 I StorageSessionController: mountUserId=0 state=CHECKING
06-10 18:38:29.527 761 877 I StorageSessionController: fsType=null fsUuid=null fsLabel=null
06-10 18:38:29.527 761 877 I StorageSessionController: path=/storage/emulated internalPath=/data/media
06-10 18:38:29.529 761 877 I StorageSessionController: Creating connection for user: 0
06-10 18:38:29.529 761 877 I StorageSessionController: Creating and starting session with id: emulated;0
06-10 18:38:29.530 761 877 I StorageUserConnection: Binding to the ExternalStorageService for user 0
06-10 18:38:29.537 761 877 D CompatibilityChangeReporter: Compat change id reported: 135634846; UID 10067; state: DISABLED
06-10 18:38:29.538 761 797 D CompatibilityChangeReporter: Compat change id reported: 143937733; UID 10067; state: ENABLED
06-10 18:38:29.539 761 877 I StorageUserConnection: Bound to the ExternalStorageService for user 0
06-10 18:38:29.548 761 796 W VoiceInteractionManager: no available voice recognition services found for user 0
06-10 18:38:29.549 761 796 D SystemServerTimingAsync: ssm.onUnlockingUser-0_com.android.server.GestureLauncherService
06-10 18:38:29.549 761 796 D SystemServerTimingAsync: ssm.onUnlockingUser-0_com.android.server.SensorNotificationService
06-10 18:38:29.549 761 796 D SystemServerTimingAsync: ssm.onUnlockingUser-0_com.android.server.emergency.EmergencyAffordanceService
06-10 18:38:29.549 761 796 D SystemServerTimingAsync: ssm.onUnlockingUser-0_com.android.server.blob.BlobStoreManagerService
06-10 18:38:29.549 761 796 D SystemServerTimingAsync: ssm.onUnlockingUser-0_com.android.server.dreams.DreamManagerService
06-10 18:38:29.549 761 796 D SystemServerTimingAsync: ssm.onUnlockingUser-0_com.android.server.security.AttestationVerificationManagerService
06-10 18:38:29.549 761 796 D SystemServerTimingAsync: ssm.onUnlockingUser-0_com.android.server.restrictions.RestrictionsManagerService
06-10 18:38:29.549 761 796 D SystemServerTimingAsync: ssm.onUnlockingUser-0_com.android.server.media.MediaSessionService
06-10 18:38:29.549 761 796 D SystemServerTimingAsync: ssm.onUnlockingUser-0_com.android.server.hdmi.HdmiControlService
06-10 18:38:29.549 761 796 D SystemServerTimingAsync: ssm.onUnlockingUser-0_com.android.server.tv.interactive.TvInteractiveAppManagerService
06-10 18:38:29.549 761 796 D SystemServerTimingAsync: ssm.onUnlockingUser-0_com.android.server.tv.TvInputManagerService
06-10 18:38:29.549 761 796 D SystemServerTimingAsync: ssm.onUnlockingUser-0_com.android.server.media.MediaResourceMonitorService
06-10 18:38:29.549 761 796 D SystemServerTimingAsync: ssm.onUnlockingUser-0_com.android.server.tv.TvRemoteService
06-10 18:38:29.549 761 796 D SystemServerTimingAsync: ssm.onUnlockingUser-0_com.android.server.biometrics.BiometricService
06-10 18:38:29.549 761 796 D SystemServerTimingAsync: ssm.onUnlockingUser-0_com.android.server.biometrics.AuthService
06-10 18:38:29.549 761 796 D SystemServerTimingAsync: ssm.onUnlockingUser-0_com.android.server.pm.ShortcutService$Lifecycle
06-10 18:38:29.553 761 797 I Watchdog: Interesting Java process com.android.providers.media.module started. Pid 1487
06-10 18:38:29.553 761 797 I ActivityManager: Start proc 1487:com.android.providers.media.module/u0a67 for service {com.android.providers.media.module/com.android.providers.media.fuse.ExternalStorageServiceImpl}
06-10 18:38:29.560 761 796 D SystemServerTimingAsync: ssm.onUnlockingUser-0_com.android.server.pm.LauncherAppsService
06-10 18:38:29.560 761 796 D SystemServerTimingAsync: ssm.onUnlockingUser-0_com.android.server.pm.CrossProfileAppsService
06-10 18:38:29.560 761 796 D SystemServerTimingAsync: ssm.onUnlockingUser-0_com.android.server.people.PeopleService
06-10 18:38:29.560 761 796 D SystemServerTimingAsync: ssm.onUnlockingUser-0_com.android.server.media.metrics.MediaMetricsManagerService
06-10 18:38:29.560 761 796 D SystemServerTimingAsync: ssm.onUnlockingUser-0_com.android.server.pm.BackgroundInstallControlService
06-10 18:38:29.560 761 796 D SystemServerTimingAsync: ssm.onUnlockingUser-0_com.android.server.media.projection.MediaProjectionManagerService
06-10 18:38:29.560 761 796 D SystemServerTimingAsync: ssm.onUnlockingUser-0_com.android.server.slice.SliceManagerService$Lifecycle
06-10 18:38:29.560 761 796 D SystemServerTimingAsync: ssm.onUnlockingUser-0_com.android.server.stats.StatsCompanion$Lifecycle
06-10 18:38:29.560 761 796 D SystemServerTimingAsync: ssm.onUnlockingUser-0_com.android.server.scheduling.RebootReadinessManagerService$Lifecycle
06-10 18:38:29.561 761 796 D SystemServerTimingAsync: ssm.onUnlockingUser-0_com.android.server.stats.pull.StatsPullAtomService
06-10 18:38:29.561 761 796 D SystemServerTimingAsync: ssm.onUnlockingUser-0_com.android.server.stats.bootstrap.StatsBootstrapAtomService$Lifecycle
06-10 18:38:29.561 761 796 D SystemServerTimingAsync: ssm.onUnlockingUser-0_com.android.server.incident.IncidentCompanionService
06-10 18:38:29.561 761 796 D SystemServerTimingAsync: ssm.onUnlockingUser-0_com.android.server.sdksandbox.SdkSandboxManagerService$Lifecycle
06-10 18:38:29.561 761 796 D SystemServerTimingAsync: ssm.onUnlockingUser-0_com.android.server.adservices.AdServicesManagerService$Lifecycle
06-10 18:38:29.561 761 796 D SystemServerTimingAsync: ssm.onUnlockingUser-0_com.android.server.ondevicepersonalization.OnDevicePersonalizationSystemService$Lifecycle
06-10 18:38:29.561 761 796 D SystemServerTimingAsync: ssm.onUnlockingUser-0_com.android.server.autofill.AutofillManagerService
06-10 18:38:29.562 761 796 D SystemServerTimingAsync: ssm.onUnlockingUser-0_com.android.server.clipboard.ClipboardService
06-10 18:38:29.562 761 796 D SystemServerTimingAsync: ssm.onUnlockingUser-0_com.android.server.appbinding.AppBindingService$Lifecycle
06-10 18:38:29.562 761 796 W AppBindingService: [Default SMS app] u0 Target package not found
06-10 18:38:29.562 761 796 D SystemServerTimingAsync: ssm.onUnlockingUser-0_com.android.server.tracing.TracingServiceProxy
06-10 18:38:29.562 761 796 D SystemServerTimingAsync: ssm.onUnlockingUser-0_com.android.server.policy.PermissionPolicyService
06-10 18:38:29.562 761 796 D SystemServerTimingAsync: ssm.onUnlockingUser-0_com.android.server.pm.StagingManager$Lifecycle
06-10 18:38:29.562 761 796 D SystemServerTimingAsync: ssm.onUnlockingUser-0_com.android.server.app.GameManagerService$Lifecycle
06-10 18:38:29.562 761 796 D SystemServerTimingAsync: ssm.onUnlockingUser-0_com.android.safetycenter.SafetyCenterService
06-10 18:38:29.562 761 796 D SystemServerTimingAsync: ssm.onUnlockingUser-0_com.android.server.appsearch.AppSearchModule$Lifecycle
06-10 18:38:29.571 761 804 W BatteryExternalStatsWorker: error reading modem stats:ERROR_PHONE_NOT_AVAILABLE
06-10 18:38:29.576 761 1110 W BatteryExternalStatsWorker: error reading Bluetooth stats: 11
06-10 18:38:29.593 761 930 E BackupPasswordManager: Unable to read backup pw version
06-10 18:38:29.594 761 930 E BackupPasswordManager: Unable to read saved backup pw hash
06-10 18:38:29.597 761 796 D SystemServerTimingAsync: ssm.onUnlockingUser-0_com.android.server.media.MediaCommunicationService
06-10 18:38:29.597 761 796 D SystemServerTimingAsync: ssm.onUnlockingUser-0_com.android.server.compat.overrides.AppCompatOverridesService$Lifecycle
06-10 18:38:29.597 761 796 D SystemServerTimingAsync: ssm.onUnlockingUser-0_com.android.server.healthconnect.HealthConnectManagerService
06-10 18:38:29.597 761 796 D SystemServerTimingAsync: ssm.onUnlockingUser-0_com.android.server.devicelock.DeviceLockService
06-10 18:38:29.597 761 796 D DeviceLockService: onUserUnlocking
06-10 18:38:29.597 761 796 D SystemServerTiming: finishUserUnlocked-0
06-10 18:38:29.598 761 796 I ActivityManager: User 0 state changed from RUNNING_UNLOCKING to RUNNING_UNLOCKED
06-10 18:38:29.598 761 785 I ActivityTaskManager: Loading recents for user 0 into memory.
06-10 18:38:29.598 761 796 V SystemServerTiming: SystemUserUnlock took to complete: 1080ms
06-10 18:38:29.599 761 804 W KernelCpuProcStringReader: File not found. It's normal if not implemented: /proc/uid_concurrent_policy_time
06-10 18:38:29.626 761 785 V PackageConfigPersister: loadPackages: empty list files from /data/system_ce/0/package_configs
06-10 18:38:29.633 761 930 V BackupManagerService: [UserID:0] No ancestral data
06-10 18:38:29.634 761 796 I ActivityManager: com.dangbei.lerad.etna.haqu is exempt from freezer
06-10 18:38:29.635 761 796 D CompatibilityChangeReporter: Compat change id reported: 135634846; UID 1000; state: DISABLED
06-10 18:38:29.638 761 1484 V BackupManagerConstants: getKeyValueBackupIntervalMilliseconds(...) returns 14400000
06-10 18:38:29.640 761 1484 V BackupManagerConstants: getKeyValueBackupFuzzMilliseconds(...) returns 600000
06-10 18:38:29.641 761 1484 V BackupManagerConstants: getKeyValueBackupRequiredNetworkType(...) returns 1
06-10 18:38:29.641 761 1484 V BackupManagerConstants: getKeyValueBackupRequireCharging(...) returns true
06-10 18:38:29.641 761 1484 V KeyValueBackupJob: Scheduling k/v pass in 249 minutes
06-10 18:38:29.650 761 1484 D CompatibilityChangeReporter: Compat change id reported: 271850009; UID 1000; state: DISABLED
06-10 18:38:29.653 761 796 W BroadcastLoopers: Found previously unknown looper Thread[ActivityManager,5,main]
06-10 18:38:29.654 761 1484 D CompatibilityChangeReporter: Compat change id reported: 271850009; UID 1000; state: ENABLED
06-10 18:38:29.654 761 796 I ActivityManager: Posting BOOT_COMPLETED user #0
06-10 18:38:29.664 761 785 D AppWidgetServiceImpl: Unable to load widget provider info from xml for ComponentInfo{com.android.deskclock/com.android.alarmclock.AnalogAppWidgetProvider}
06-10 18:38:29.674 761 796 D SystemServerTimingAsync: ssm.UnlockedUser-0
06-10 18:38:29.674 761 796 I SystemServiceManager: Calling onUnlockedUser 0
06-10 18:38:29.674 761 796 D SystemServerTimingAsync: ssm.onUnlockedUser-0_com.android.server.security.FileIntegrityService
06-10 18:38:29.674 761 796 D SystemServerTimingAsync: ssm.onUnlockedUser-0_com.android.server.pm.Installer
06-10 18:38:29.674 761 796 D SystemServerTimingAsync: ssm.onUnlockedUser-0_com.android.server.os.DeviceIdentifiersPolicyService
06-10 18:38:29.674 761 796 D SystemServerTimingAsync: ssm.onUnlockedUser-0_com.android.server.flags.FeatureFlagsService
06-10 18:38:29.674 761 796 D SystemServerTimingAsync: ssm.onUnlockedUser-0_com.android.server.uri.UriGrantsManagerService$Lifecycle
06-10 18:38:29.674 761 796 D SystemServerTimingAsync: ssm.onUnlockedUser-0_com.android.server.powerstats.PowerStatsService
06-10 18:38:29.674 761 796 D SystemServerTimingAsync: ssm.onUnlockedUser-0_com.android.server.permission.access.AccessCheckingService
06-10 18:38:29.674 761 796 D SystemServerTimingAsync: ssm.onUnlockedUser-0_com.android.server.wm.ActivityTaskManagerService$Lifecycle
06-10 18:38:29.675 761 796 I LaunchParamsPersister: Didn't find launch param folder for user 0
06-10 18:38:29.675 761 796 D SystemServerTimingAsync: ssm.onUnlockedUser-0_com.android.server.am.ActivityManagerService$Lifecycle
06-10 18:38:29.675 761 796 D SystemServerTimingAsync: ssm.onUnlockedUser-0_com.android.server.pm.DataLoaderManagerService
06-10 18:38:29.675 761 796 D SystemServerTimingAsync: ssm.onUnlockedUser-0_com.android.server.power.PowerManagerService
06-10 18:38:29.675 761 796 D SystemServerTimingAsync: ssm.onUnlockedUser-0_com.android.server.power.ThermalManagerService
06-10 18:38:29.675 761 796 D SystemServerTimingAsync: ssm.onUnlockedUser-0_com.android.server.power.hint.HintManagerService
06-10 18:38:29.675 761 796 D SystemServerTimingAsync: ssm.onUnlockedUser-0_com.android.server.recoverysystem.RecoverySystemService$Lifecycle
06-10 18:38:29.675 761 796 D SystemServerTimingAsync: ssm.onUnlockedUser-0_com.android.server.lights.LightsService
06-10 18:38:29.675 761 796 D SystemServerTimingAsync: ssm.onUnlockedUser-0_com.android.server.display.DisplayManagerService
06-10 18:38:29.675 761 796 D SystemServerTimingAsync: ssm.onUnlockedUser-0_com.android.server.pm.verify.domain.DomainVerificationService
06-10 18:38:29.675 761 796 D SystemServerTimingAsync: ssm.onUnlockedUser-0_com.android.server.pm.PackageInstallerService$Lifecycle
06-10 18:38:29.675 761 796 D SystemServerTimingAsync: ssm.onUnlockedUser-0_com.android.server.pm.UserManagerService$LifeCycle
06-10 18:38:29.676 761 796 D SystemServerTimingAsync: ssm.onUnlockedUser-0_com.android.server.om.OverlayManagerService
06-10 18:38:29.676 761 796 D SystemServerTimingAsync: ssm.onUnlockedUser-0_com.android.server.resources.ResourcesManagerService
06-10 18:38:29.676 761 796 D SystemServerTimingAsync: ssm.onUnlockedUser-0_com.android.server.sensorprivacy.SensorPrivacyService
06-10 18:38:29.676 761 796 D SystemServerTimingAsync: ssm.onUnlockedUser-0_com.android.server.sensors.SensorService
06-10 18:38:29.676 761 796 D SystemServerTimingAsync: ssm.onUnlockedUser-0_com.android.server.SystemConfigService
06-10 18:38:29.676 761 796 D SystemServerTimingAsync: ssm.onUnlockedUser-0_com.android.server.BatteryService
06-10 18:38:29.676 761 796 D SystemServerTimingAsync: ssm.onUnlockedUser-0_com.android.server.usage.UsageStatsService
06-10 18:38:29.676 761 796 D SystemServerTimingAsync: ssm.onUnlockedUser-0_com.android.server.webkit.WebViewUpdateService
06-10 18:38:29.676 761 796 D SystemServerTimingAsync: ssm.onUnlockedUser-0_com.android.server.CachedDeviceStateService
06-10 18:38:29.676 761 796 D SystemServerTimingAsync: ssm.onUnlockedUser-0_com.android.server.BinderCallsStatsService$LifeCycle
06-10 18:38:29.676 761 796 D SystemServerTimingAsync: ssm.onUnlockedUser-0_com.android.server.LooperStatsService$Lifecycle
06-10 18:38:29.676 761 796 D SystemServerTimingAsync: ssm.onUnlockedUser-0_com.android.server.rollback.RollbackManagerService
06-10 18:38:29.676 761 796 D SystemServerTimingAsync: ssm.onUnlockedUser-0_com.android.server.os.NativeTombstoneManagerService
06-10 18:38:29.676 761 796 D SystemServerTimingAsync: ssm.onUnlockedUser-0_com.android.server.os.BugreportManagerService
06-10 18:38:29.676 761 796 D SystemServerTimingAsync: ssm.onUnlockedUser-0_com.android.server.gpu.GpuService
06-10 18:38:29.676 761 796 D SystemServerTimingAsync: ssm.onUnlockedUser-0_com.android.server.security.rkp.RemoteProvisioningService
06-10 18:38:29.676 761 796 D SystemServerTimingAsync: ssm.onUnlockedUser-0_com.android.server.security.KeyChainSystemService
06-10 18:38:29.676 761 796 D SystemServerTimingAsync: ssm.onUnlockedUser-0_com.android.server.BinaryTransparencyService
06-10 18:38:29.676 761 796 D SystemServerTimingAsync: ssm.onUnlockedUser-0_com.android.server.accounts.AccountManagerService$Lifecycle
06-10 18:38:29.676 761 796 D SystemServerTimingAsync: ssm.onUnlockedUser-0_com.android.server.content.ContentService$Lifecycle
06-10 18:38:29.676 761 796 D SystemServerTimingAsync: ssm.onUnlockedUser-0_com.android.server.deviceconfig.DeviceConfigInit$Lifecycle
06-10 18:38:29.676 761 796 D SystemServerTimingAsync: ssm.onUnlockedUser-0_com.android.server.DropBoxManagerService
06-10 18:38:29.676 761 796 D SystemServerTimingAsync: ssm.onUnlockedUser-0_com.android.role.RoleService
06-10 18:38:29.676 761 796 D SystemServerTimingAsync: ssm.onUnlockedUser-0_com.android.server.vibrator.VibratorManagerService$Lifecycle
06-10 18:38:29.676 761 796 D SystemServerTimingAsync: ssm.onUnlockedUser-0_com.android.server.tare.InternalResourceService
06-10 18:38:29.676 761 796 D SystemServerTimingAsync: ssm.onUnlockedUser-0_com.android.server.alarm.AlarmManagerService
06-10 18:38:29.676 761 796 D SystemServerTimingAsync: ssm.onUnlockedUser-0_com.android.server.devicestate.DeviceStateManagerService
06-10 18:38:29.676 761 796 D SystemServerTimingAsync: ssm.onUnlockedUser-0_com.android.server.camera.CameraServiceProxy
06-10 18:38:29.676 761 796 D SystemServerTimingAsync: ssm.onUnlockedUser-0_com.android.server.bluetooth.BluetoothService
06-10 18:38:29.676 761 796 D SystemServerTimingAsync: ssm.onUnlockedUser-0_com.android.server.connectivity.IpConnectivityMetrics
06-10 18:38:29.676 761 796 D SystemServerTimingAsync: ssm.onUnlockedUser-0_com.android.server.net.watchlist.NetworkWatchlistService$Lifecycle
06-10 18:38:29.676 761 796 D SystemServerTimingAsync: ssm.onUnlockedUser-0_com.android.server.PinnerService
06-10 18:38:29.676 761 796 D SystemServerTimingAsync: ssm.onUnlockedUser-0_com.android.server.integrity.AppIntegrityManagerService
06-10 18:38:29.676 761 796 D SystemServerTimingAsync: ssm.onUnlockedUser-0_com.android.server.logcat.LogcatManagerService
06-10 18:38:29.676 761 796 D SystemServerTimingAsync: ssm.onUnlockedUser-0_com.android.server.inputmethod.InputMethodManagerService$Lifecycle
06-10 18:38:29.676 761 796 D SystemServerTimingAsync: ssm.onUnlockedUser-0_com.android.server.accessibility.AccessibilityManagerService$Lifecycle
06-10 18:38:29.676 761 796 D SystemServerTimingAsync: ssm.onUnlockedUser-0_com.android.server.StorageManagerService$Lifecycle
06-10 18:38:29.676 761 796 D SystemServerTimingAsync: ssm.onUnlockedUser-0_com.android.server.usage.StorageStatsService$Lifecycle
06-10 18:38:29.676 761 796 D SystemServerTimingAsync: ssm.onUnlockedUser-0_com.android.server.UiModeManagerService
06-10 18:38:29.676 761 796 D SystemServerTimingAsync: ssm.onUnlockedUser-0_com.android.server.locales.LocaleManagerService
06-10 18:38:29.676 761 796 D SystemServerTimingAsync: ssm.onUnlockedUser-0_com.android.server.grammaticalinflection.GrammaticalInflectionService
06-10 18:38:29.676 761 796 D SystemServerTimingAsync: ssm.onUnlockedUser-0_com.android.server.apphibernation.AppHibernationService
06-10 18:38:29.676 761 796 D SystemServerTimingAsync: ssm.onUnlockedUser-0_com.android.server.locksettings.LockSettingsService$Lifecycle
06-10 18:38:29.676 761 796 D SystemServerTimingAsync: ssm.onUnlockedUser-0_com.android.server.PersistentDataBlockService
06-10 18:38:29.676 761 796 D SystemServerTimingAsync: ssm.onUnlockedUser-0_com.android.server.testharness.TestHarnessModeService
06-10 18:38:29.676 761 796 D SystemServerTimingAsync: ssm.onUnlockedUser-0_com.android.server.oemlock.OemLockService
06-10 18:38:29.676 761 796 D SystemServerTimingAsync: ssm.onUnlockedUser-0_com.android.server.DeviceIdleController
06-10 18:38:29.676 761 796 D SystemServerTimingAsync: ssm.onUnlockedUser-0_com.android.server.devicepolicy.DevicePolicyManagerService$Lifecycle
06-10 18:38:29.676 761 796 D SystemServerTimingAsync: ssm.onUnlockedUser-0_com.android.server.texttospeech.TextToSpeechManagerService
06-10 18:38:29.676 761 796 D SystemServerTimingAsync: ssm.onUnlockedUser-0_com.android.server.ambientcontext.AmbientContextManagerService
06-10 18:38:29.676 761 796 D SystemServerTimingAsync: ssm.onUnlockedUser-0_com.android.server.wearable.WearableSensingManagerService
06-10 18:38:29.677 761 796 D SystemServerTimingAsync: ssm.onUnlockedUser-0_com.android.server.speech.SpeechRecognitionManagerService
06-10 18:38:29.677 761 796 D SystemServerTimingAsync: ssm.onUnlockedUser-0_com.android.server.searchui.SearchUiManagerService
06-10 18:38:29.677 761 796 D SystemServerTimingAsync: ssm.onUnlockedUser-0_com.android.server.smartspace.SmartspaceManagerService
06-10 18:38:29.677 761 796 D SystemServerTimingAsync: ssm.onUnlockedUser-0_com.android.server.graphics.fonts.FontManagerService$Lifecycle
06-10 18:38:29.677 761 796 D SystemServerTimingAsync: ssm.onUnlockedUser-0_com.android.server.textservices.TextServicesManagerService$Lifecycle
06-10 18:38:29.677 761 796 D SystemServerTimingAsync: ssm.onUnlockedUser-0_com.android.server.textclassifier.TextClassificationManagerService$Lifecycle
06-10 18:38:29.677 761 796 D SystemServerTimingAsync: ssm.onUnlockedUser-0_com.android.server.NetworkScoreService$Lifecycle
06-10 18:38:29.677 761 796 D SystemServerTimingAsync: ssm.onUnlockedUser-0_com.android.server.NetworkStatsServiceInitializer
06-10 18:38:29.677 761 796 D SystemServerTimingAsync: ssm.onUnlockedUser-0_com.android.server.wifi.WifiService
06-10 18:38:29.677 761 796 D SystemServerTimingAsync: ssm.onUnlockedUser-0_com.android.server.wifi.scanner.WifiScanningService
06-10 18:38:29.677 761 796 D SystemServerTimingAsync: ssm.onUnlockedUser-0_com.android.server.wifi.p2p.WifiP2pService
06-10 18:38:29.677 761 796 D SystemServerTimingAsync: ssm.onUnlockedUser-0_com.android.server.ConnectivityServiceInitializer
06-10 18:38:29.677 761 796 D SystemServerTimingAsync: ssm.onUnlockedUser-0_com.android.server.notification.NotificationManagerService
06-10 18:38:29.679 761 785 D AppWidgetServiceImpl: Unable to load widget provider info from xml for ComponentInfo{com.android.deskclock/com.android.alarmclock.DigitalAppWidgetProvider}
06-10 18:38:29.681 761 797 I ActivityManager: Start proc 1505:com.dangbei.lerad.etna.haqu/1000 for added application com.dangbei.lerad.etna.haqu
06-10 18:38:29.684 761 761 I NotificationHistory: Attempted to unlock gone/disabled user 0
06-10 18:38:29.684 761 796 D SystemServerTimingAsync: ssm.onUnlockedUser-0_com.android.server.storage.DeviceStorageMonitorService
06-10 18:38:29.684 761 796 D SystemServerTimingAsync: ssm.onUnlockedUser-0_com.android.server.timedetector.TimeDetectorService$Lifecycle
06-10 18:38:29.684 761 796 D SystemServerTimingAsync: ssm.onUnlockedUser-0_com.android.server.location.LocationManagerService$Lifecycle
06-10 18:38:29.684 761 796 D SystemServerTimingAsync: ssm.onUnlockedUser-0_com.android.server.timezonedetector.TimeZoneDetectorService$Lifecycle
06-10 18:38:29.684 761 796 D SystemServerTimingAsync: ssm.onUnlockedUser-0_com.android.server.location.altitude.AltitudeService$Lifecycle
06-10 18:38:29.684 761 796 D SystemServerTimingAsync: ssm.onUnlockedUser-0_com.android.server.timezonedetector.location.LocationTimeZoneManagerService$Lifecycle
06-10 18:38:29.684 761 796 D SystemServerTimingAsync: ssm.onUnlockedUser-0_com.android.server.search.SearchManagerService$Lifecycle
06-10 18:38:29.684 761 796 D SystemServerTimingAsync: ssm.onUnlockedUser-0_com.android.server.wallpaper.WallpaperManagerService$Lifecycle
06-10 18:38:29.684 761 796 D SystemServerTimingAsync: ssm.onUnlockedUser-0_com.android.server.wallpapereffectsgeneration.WallpaperEffectsGenerationManagerService
06-10 18:38:29.684 761 796 D SystemServerTimingAsync: ssm.onUnlockedUser-0_com.android.server.audio.AudioService$Lifecycle
06-10 18:38:29.684 761 796 D SystemServerTimingAsync: ssm.onUnlockedUser-0_com.android.server.soundtrigger_middleware.SoundTriggerMiddlewareService$Lifecycle
06-10 18:38:29.684 761 796 D SystemServerTimingAsync: ssm.onUnlockedUser-0_com.android.server.adb.AdbService$Lifecycle
06-10 18:38:29.684 761 796 D SystemServerTimingAsync: ssm.onUnlockedUser-0_com.android.server.usb.UsbService$Lifecycle
06-10 18:38:29.684 761 796 D SystemServerTimingAsync: ssm.onUnlockedUser-0_com.android.server.twilight.TwilightService
06-10 18:38:29.684 761 796 D SystemServerTimingAsync: ssm.onUnlockedUser-0_com.android.server.display.color.ColorDisplayService
06-10 18:38:29.684 761 796 D SystemServerTimingAsync: ssm.onUnlockedUser-0_com.android.server.job.JobSchedulerService
06-10 18:38:29.684 761 796 D SystemServerTimingAsync: ssm.onUnlockedUser-0_com.android.server.soundtrigger.SoundTriggerService
06-10 18:38:29.684 761 796 D SystemServerTimingAsync: ssm.onUnlockedUser-0_com.android.server.trust.TrustManagerService
06-10 18:38:29.684 761 796 D SystemServerTimingAsync: ssm.onUnlockedUser-0_com.android.server.backup.BackupManagerService$Lifecycle
