06-10 18:44:32.173 761 1139 W WindowManager: [addWindow] title:com.cibn.tv/com.youku.tv.home.activity.HomeActivity
06-10 18:44:32.174 761 1139 D CompatibilityChangeReporter: Compat change id reported: 168419799; UID 10077; state: DISABLED
06-10 18:44:32.174 761 1139 D CompatibilityChangeReporter: Compat change id reported: 273564678; UID 10077; state: DISABLED
06-10 18:44:32.183 761 1139 D CoreBackPreview: Window{5151430 u0 com.cibn.tv/com.youku.tv.home.activity.HomeActivity}: Setting back callback OnBackInvokedCallbackInfo{mCallback=android.window.IOnBackInvokedCallback$Stub$Proxy@e063e2e, mPriority=0, mIsAnimationCallback=false}
06-10 18:44:32.265 761 761 D HdmiCecController: [P]:AllocatedAddress=[0]
06-10 18:44:32.278 761 786 W ContextImpl: Calling a method in the system process without a qualified user: android.app.ContextImpl.startService:1899 com.android.server.wm.DisplayPolicy.lambda$focusChangedLw$5:2126 com.android.server.wm.DisplayPolicy.$r8$lambda$Znxk63oh-WzVnzo_WQefN7uxV48:0 com.android.server.wm.DisplayPolicy$$ExternalSyntheticLambda13.run:0 android.os.Handler.handleCallback:958
06-10 18:44:35.711 1505 1813 W ContextImpl: Calling a method in the system process without a qualified user: android.app.ContextImpl.sendBroadcast:1220 android.content.ContextWrapper.sendBroadcast:504 com.dangbei.etna.setting.core.SettingHelper.sendCycleToProjector:257 com.dangbei.etna.setting.core.SettingHelper.sendCycleCheckBroadcast:226 com.dangbei.etna.setting.core.SettingHelper.startLoop$lambda-0:185
06-10 18:44:35.718 1505 1813 W ContextImpl: Calling a method in the system process without a qualified user: android.app.ContextImpl.sendBroadcast:1220 android.content.ContextWrapper.sendBroadcast:504 com.dangbei.etna.setting.core.SettingHelper.sendCycleToVoice:242 com.dangbei.etna.setting.core.SettingHelper.sendCycleCheckBroadcast:227 com.dangbei.etna.setting.core.SettingHelper.startLoop$lambda-0:185
06-10 18:44:42.175 761 2011 D CoreBackPreview: Window{5151430 u0 com.cibn.tv/com.youku.tv.home.activity.HomeActivity}: Setting back callback null
06-10 18:44:42.206 761 788 V WindowManager: Unknown focus tokens, dropping reportFocusChanged
06-10 18:44:42.293 761 786 W ContextImpl: Calling a method in the system process without a qualified user: android.app.ContextImpl.startService:1899 com.android.server.wm.DisplayPolicy.lambda$focusChangedLw$5:2126 com.android.server.wm.DisplayPolicy.$r8$lambda$Znxk63oh-WzVnzo_WQefN7uxV48:0 com.android.server.wm.DisplayPolicy$$ExternalSyntheticLambda13.run:0 android.os.Handler.handleCallback:958
06-10 18:44:42.294 761 786 D OomAdjuster: Not killing cached processes
06-10 18:45:11.079 761 761 D HDMI : [R]: 04:8F
06-10 18:45:11.080 761 938 D HDMI : [S]: 40:90:00
06-10 18:45:13.093 761 2011 W WindowManager: [addWindow] title:com.cibn.tv/com.youku.tv.home.activity.HomeActivity
06-10 18:45:13.102 761 1429 D CoreBackPreview: Window{15d11db u0 com.cibn.tv/com.youku.tv.home.activity.HomeActivity}: Setting back callback OnBackInvokedCallbackInfo{mCallback=android.window.IOnBackInvokedCallback$Stub$Proxy@25c2751, mPriority=0, mIsAnimationCallback=false}
06-10 18:45:13.197 761 786 W ContextImpl: Calling a method in the system process without a qualified user: android.app.ContextImpl.startService:1899 com.android.server.wm.DisplayPolicy.lambda$focusChangedLw$5:2126 com.android.server.wm.DisplayPolicy.$r8$lambda$Znxk63oh-WzVnzo_WQefN7uxV48:0 com.android.server.wm.DisplayPolicy$$ExternalSyntheticLambda13.run:0 android.os.Handler.handleCallback:958
06-10 18:45:13.198 761 786 D OomAdjuster: Not killing cached processes
06-10 18:45:21.863 761 1139 D CoreBackPreview: Window{15d11db u0 com.cibn.tv/com.youku.tv.home.activity.HomeActivity}: Setting back callback null
06-10 18:45:21.878 761 788 V WindowManager: Unknown focus tokens, dropping reportFocusChanged
06-10 18:45:21.976 761 786 W ContextImpl: Calling a method in the system process without a qualified user: android.app.ContextImpl.startService:1899 com.android.server.wm.DisplayPolicy.lambda$focusChangedLw$5:2126 com.android.server.wm.DisplayPolicy.$r8$lambda$Znxk63oh-WzVnzo_WQefN7uxV48:0 com.android.server.wm.DisplayPolicy$$ExternalSyntheticLambda13.run:0 android.os.Handler.handleCallback:958
06-10 18:45:21.977 761 786 D OomAdjuster: Not killing cached processes
06-10 18:45:25.057 761 1139 W WindowManager: [addWindow] title:com.cibn.tv/com.youku.tv.home.activity.HomeActivity
06-10 18:45:25.069 761 1139 D CoreBackPreview: Window{44a9ed8 u0 com.cibn.tv/com.youku.tv.home.activity.HomeActivity}: Setting back callback OnBackInvokedCallbackInfo{mCallback=android.window.IOnBackInvokedCallback$Stub$Proxy@eb52d16, mPriority=0, mIsAnimationCallback=false}
06-10 18:45:25.160 761 786 W ContextImpl: Calling a method in the system process without a qualified user: android.app.ContextImpl.startService:1899 com.android.server.wm.DisplayPolicy.lambda$focusChangedLw$5:2126 com.android.server.wm.DisplayPolicy.$r8$lambda$Znxk63oh-WzVnzo_WQefN7uxV48:0 com.android.server.wm.DisplayPolicy$$ExternalSyntheticLambda13.run:0 android.os.Handler.handleCallback:958
06-10 18:45:29.014 761 2011 D CoreBackPreview: Window{44a9ed8 u0 com.cibn.tv/com.youku.tv.home.activity.HomeActivity}: Setting back callback null
06-10 18:45:29.037 761 788 V WindowManager: Unknown focus tokens, dropping reportFocusChanged
06-10 18:45:29.128 761 786 W ContextImpl: Calling a method in the system process without a qualified user: android.app.ContextImpl.startService:1899 com.android.server.wm.DisplayPolicy.lambda$focusChangedLw$5:2126 com.android.server.wm.DisplayPolicy.$r8$lambda$Znxk63oh-WzVnzo_WQefN7uxV48:0 com.android.server.wm.DisplayPolicy$$ExternalSyntheticLambda13.run:0 android.os.Handler.handleCallback:958
06-10 18:45:29.129 761 786 D OomAdjuster: Not killing cached processes
06-10 18:45:31.874 761 761 V HotPlugDetectionAction: Poll all devices.
06-10 18:45:32.278 761 761 D HdmiCecController: [P]:AllocatedAddress=[0]
06-10 18:45:35.259 761 870 W ContextImpl: Calling a method in the system process without a qualified user: android.app.ContextImpl.sendBroadcast:1220 com.android.server.policy.PhoneWindowManager.interceptKeyBeforeQueueing:4954 com.android.server.wm.InputManagerCallback.interceptKeyBeforeQueueing:165 com.android.server.input.InputManagerService.interceptKeyBeforeQueueing:2493
06-10 18:45:35.270 761 1120 I PowerManagerService: Allowing device wake-up from app com.dangbei.lerad.rocky
06-10 18:45:35.449 761 2011 W WindowManager: [addWindow] title:
06-10 18:45:35.491 761 2011 D CoreBackPreview: Window{19694d u0 com.dangbei.lerad.rocky}: Setting back callback OnBackInvokedCallbackInfo{mCallback=android.window.IOnBackInvokedCallback$Stub$Proxy@45a9913, mPriority=0, mIsAnimationCallback=false}
06-10 18:45:35.556 761 786 W ContextImpl: Calling a method in the system process without a qualified user: android.app.ContextImpl.startService:1899 com.android.server.wm.DisplayPolicy.lambda$focusChangedLw$5:2126 com.android.server.wm.DisplayPolicy.$r8$lambda$Znxk63oh-WzVnzo_WQefN7uxV48:0 com.android.server.wm.DisplayPolicy$$ExternalSyntheticLambda13.run:0 android.os.Handler.handleCallback:958
06-10 18:45:35.557 761 786 D OomAdjuster: Not killing cached processes
06-10 18:45:37.510 761 870 W ContextImpl: Calling a method in the system process without a qualified user: android.app.ContextImpl.sendBroadcast:1220 com.android.server.policy.PhoneWindowManager.interceptKeyBeforeQueueing:4960 com.android.server.wm.InputManagerCallback.interceptKeyBeforeQueueing:165 com.android.server.input.InputManagerService.interceptKeyBeforeQueueing:2493
06-10 18:45:37.513 761 786 I ActivityTaskManager: START u0 {act=android.speech.action.WEB_SEARCH} with LAUNCH_MULTIPLE from uid 1000 result code=-91
06-10 18:45:37.518 972 1070 D WindowManagerShell: TvPipMenuController: closeMenu()
06-10 18:45:37.518 972 1070 I WindowManagerShell: TvPipMenuController: switchToMenuMode: setting mCurrentMenuMode=MODE_NO_MENU, mPrevMenuMode=MODE_NO_MENU
06-10 18:45:38.337 1823 1823 W ContextImpl: Calling a method in the system process without a qualified user: android.app.ContextImpl.startActivity:1102 android.content.ContextWrapper.startActivity:436 com.dangbei.util.RockyJumpControlUtil.sendJumpFromRocky:197 com.dangbei.util.RockyJumpControlUtil.startActivityUseUri:102 com.dangbei.component_appcontrol.AppControlComponent.jumpPayApp:178
06-10 18:45:38.337 1823 1823 W ContextImpl: Calling a method in the system process without a qualified user: android.app.ContextImpl.startActivity:1114 android.app.ContextImpl.startActivity:1103 android.content.ContextWrapper.startActivity:436 com.dangbei.util.RockyJumpControlUtil.sendJumpFromRocky:197 com.dangbei.util.RockyJumpControlUtil.startActivityUseUri:102
06-10 18:45:38.365 761 1120 E Transition: Trying to add a ready-group twice: Display{#0 state=ON size=1920x1080 ROTATION_0}
06-10 18:45:38.367 761 1120 I ActivityTaskManager: START u0 {act=android.intent.action.VIEW dat=db://appdetail/... flg=0x10008000 cmp=com.dangbei.leard.leradlauncher/.module.app.AppDetailActivity} with LAUNCH_SINGLE_TASK from uid 1000 (BAL_ALLOW_ALLOWLISTED_UID) result code=0
06-10 18:45:38.367 972 1070 V WindowManagerShell: Transition requested: android.os.BinderProxy@38ebd7e TransitionRequestInfo { type = 1, triggerTask = TaskInfo{userId=0 taskId=61 displayId=0 isRunning=true baseIntent=Intent { act=android.intent.action.VIEW dat=db://appdetail/... flg=0x10808000 cmp=com.dangbei.leard.leradlauncher/.module.app.AppDetailActivity } baseActivity=ComponentInfo{com.dangbei.leard.leradlauncher/com.dangbei.leard.leradlauncher.module.app.AppDetailActivity} topActivity=ComponentInfo{com.dangbei.leard.leradlauncher/com.dangbei.leard.leradlauncher.module.app.AppDetailActivity} origActivity=null realActivity=ComponentInfo{com.dangbei.leard.leradlauncher/com.dangbei.leard.leradlauncher.module.app.AppDetailActivity} numActivities=1 lastActiveTime=159224 supportsMultiWindow=true resizeMode=1 isResizeable=true minWidth=-1 minHeight=-1 defaultMinSize=220 token=WCT{android.window.IWindowContainerToken$Stub$Proxy@ef742df} topActivityType=1 pictureInPictureParams=null shouldDockBigOverlays=true launchIntoPipHostTaskId=-1 lastParentTaskIdBeforePip=-1 displayCutoutSafeInsets=null topActivityInfo=ActivityInfo{d219b2c com.dangbei.leard.leradlauncher.module.app.AppDetailActivity} launchCookies=[] positionInParent=Point(0, 0) parentTaskId=-1 isFocused=true isVisible=false isVisibleRequested=false isSleeping=false topActivityInSizeCompat=false topActivityEligibleForLetterboxEducation= false isLetterboxDoubleTapEnabled= false topActivityEligibleForUserAspectRatioButton= false topActivityBoundsLetterboxed= false isFromLetterboxDoubleTap= false topActivityLetterboxVerticalPosition= -1 topActivityLetterboxHorizontalPosition= -1 topActivityLetterboxWidth=-1 topActivityLetterboxHeight=-1 isUserFullscreenOverrideEnabled=false isTopActivityTransparent=false locusId=null displayAreaFeatureId=1 cameraCompatControlState=hidden}, remoteTransition = null, displayChange = null, flags = 0 }
06-10 18:45:38.374 761 1139 D CoreBackPreview: Window{92463fa u0 com.dangbei.leard.leradlauncher/com.dangbei.leard.leradlauncher.module.app.AppDetailActivity}: Setting back callback null
06-10 18:45:38.382 761 795 W UsageStatsService: Unexpected activity event reported! (com.dangbei.leard.leradlauncher/com.dangbei.leard.leradlauncher.module.app.AppDetailActivity event : 23 instanceId : 263379484)
06-10 18:45:38.566 761 2011 V WindowManager: app ------------- force_land :0
06-10 18:45:38.596 761 2011 W WindowManager: [addWindow] title:com.dangbei.leard.leradlauncher/com.dangbei.leard.leradlauncher.module.app.AppDetailActivity
06-10 18:45:38.609 761 1120 D CoreBackPreview: Window{b68dfd6 u0 com.dangbei.leard.leradlauncher/com.dangbei.leard.leradlauncher.module.app.AppDetailActivity}: Setting back callback OnBackInvokedCallbackInfo{mCallback=android.window.IOnBackInvokedCallback$Stub$Proxy@9f2a144, mPriority=0, mIsAnimationCallback=false}
06-10 18:45:38.674 972 1070 V WindowManagerShell: onTransitionReady android.os.BinderProxy@38ebd7e: {id=12 t=OPEN f=0x0 trk=0 r=[0@Point(0, 0)] c=[{WCT{android.window.IWindowContainerToken$Stub$Proxy@ca33e18} m=TO_FRONT f=MOVE_TO_TOP leash=Surface(name=Task=61)/@0x49ea9f5 sb=Rect(0, 0 - 1920, 1080) eb=Rect(0, 0 - 1920, 1080) d=0},{WCT{android.window.IWindowContainerToken$Stub$Proxy@cfcf071} m=TO_BACK f=NONE leash=Surface(name=Task=62)/@0x7d5338a sb=Rect(0, 0 - 1920, 1080) eb=Rect(0, 0 - 1920, 1080) d=0}]}
06-10 18:45:38.674 761 785 V WindowManager: Sent Transition #12 createdAt=06-10 18:45:38.347 via request=TransitionRequestInfo { type = 1, triggerTask = TaskInfo{userId=0 taskId=61 displayId=0 isRunning=true baseIntent=Intent { act=android.intent.action.VIEW dat=db://appdetail/... flg=0x10808000 cmp=com.dangbei.leard.leradlauncher/.module.app.AppDetailActivity } baseActivity=ComponentInfo{com.dangbei.leard.leradlauncher/com.dangbei.leard.leradlauncher.module.app.AppDetailActivity} topActivity=ComponentInfo{com.dangbei.leard.leradlauncher/com.dangbei.leard.leradlauncher.module.app.AppDetailActivity} origActivity=null realActivity=ComponentInfo{com.dangbei.leard.leradlauncher/com.dangbei.leard.leradlauncher.module.app.AppDetailActivity} numActivities=1 lastActiveTime=159224 supportsMultiWindow=true resizeMode=1 isResizeable=true minWidth=-1 minHeight=-1 defaultMinSize=220 token=WCT{RemoteToken{5aeb987 Task{27b678f #61 type=standard A=1000:search.app.task}}} topActivityType=1 pictureInPictureParams=null shouldDockBigOverlays=true launchIntoPipHostTaskId=-1 lastParentTaskIdBeforePip=-1 displayCutoutSafeInsets=null topActivityInfo=ActivityInfo{c321cf3 com.dangbei.leard.leradlauncher.module.app.AppDetailActivity} launchCookies=[] positionInParent=Point(0, 0) parentTaskId=-1 isFocused=true isVisible=false isVisibleRequested=false isSleeping=false topActivityInSizeCompat=false topActivityEligibleForLetterboxEducation= false isLetterboxDoubleTapEnabled= false topActivityEligibleForUserAspectRatioButton= false topActivityBoundsLetterboxed= false isFromLetterboxDoubleTap= false topActivityLetterboxVerticalPosition= -1 topActivityLetterboxHorizontalPosition= -1 topActivityLetterboxWidth=-1 topActivityLetterboxHeight=-1 isUserFullscreenOverrideEnabled=false isTopActivityTransparent=false locusId=null displayAreaFeatureId=1 cameraCompatControlState=hidden}, remoteTransition = null, displayChange = null, flags = 0 }
06-10 18:45:38.674 761 785 V WindowManager: startWCT=WindowContainerTransaction { changes = {} hops = [] errorCallbackToken=null taskFragmentOrganizer=null }
06-10 18:45:38.674 972 1070 V WindowManagerShell: Playing animation for (#12)android.os.BinderProxy@38ebd7e@0
06-10 18:45:38.675 972 1070 V WindowManagerShell: try handler com.android.wm.shell.keyguard.KeyguardTransitionHandler@b8b8234
06-10 18:45:38.675 761 785 V WindowManager: info={id=12 t=OPEN f=0x0 trk=0 r=[0@Point(0, 0)] c=[{WCT{RemoteToken{5aeb987 Task{27b678f #61 type=standard A=1000:search.app.task}}} m=TO_FRONT f=MOVE_TO_TOP leash=Surface(name=Task=61)/@0x83c6fa1 sb=Rect(0, 0 - 1920, 1080) eb=Rect(0, 0 - 1920, 1080) d=0},{WCT{RemoteToken{f2c5f77 Task{e6d185e #62 type=standard A=10077:com.cibn.tv}}} m=TO_BACK f=NONE leash=Surface(name=Task=62)/@0x4513038 sb=Rect(0, 0 - 1920, 1080) eb=Rect(0, 0 - 1920, 1080) d=0}]}
06-10 18:45:38.675 972 1070 V WindowManagerShell: try handler com.android.wm.shell.pip.tv.TvPipTransition@44a785d
06-10 18:45:38.675 972 1070 V WindowManagerShell: try handler com.android.wm.shell.activityembedding.ActivityEmbeddingController@94fc5d2
06-10 18:45:38.675 972 1070 V WindowManagerShell: try handler com.android.wm.shell.transition.RemoteTransitionHandler@7a966a3
06-10 18:45:38.675 972 1070 V WindowManagerShell: Transition doesn't have explicit remote, search filters for match for {id=12 t=OPEN f=0x0 trk=0 r=[0@Point(0, 0)] c=[{WCT{android.window.IWindowContainerToken$Stub$Proxy@ca33e18} m=TO_FRONT f=MOVE_TO_TOP leash=Surface(name=Task=61)/@0x49ea9f5 sb=Rect(0, 0 - 1920, 1080) eb=Rect(0, 0 - 1920, 1080) d=0},{WCT{android.window.IWindowContainerToken$Stub$Proxy@cfcf071} m=TO_BACK f=NONE leash=Surface(name=Task=62)/@0x7d5338a sb=Rect(0, 0 - 1920, 1080) eb=Rect(0, 0 - 1920, 1080) d=0}]}
06-10 18:45:38.675 972 1070 V WindowManagerShell: Delegate animation for #12 to null
06-10 18:45:38.675 972 1070 V WindowManagerShell: try handler com.android.wm.shell.transition.DefaultTransitionHandler@5788da0
06-10 18:45:38.675 972 1070 V WindowManagerShell: start default transition animation, info = {id=12 t=OPEN f=0x0 trk=0 r=[0@Point(0, 0)] c=[{WCT{android.window.IWindowContainerToken$Stub$Proxy@ca33e18} m=TO_FRONT f=MOVE_TO_TOP leash=Surface(name=Task=61)/@0x49ea9f5 sb=Rect(0, 0 - 1920, 1080) eb=Rect(0, 0 - 1920, 1080) d=0},{WCT{android.window.IWindowContainerToken$Stub$Proxy@cfcf071} m=TO_BACK f=NONE leash=Surface(name=Task=62)/@0x7d5338a sb=Rect(0, 0 - 1920, 1080) eb=Rect(0, 0 - 1920, 1080) d=0}]}
06-10 18:45:38.676 972 1070 V WindowManagerShell: loadAnimation: anim=android.view.animation.AlphaAnimation@15afe56 animAttr=0x9 type=OPEN isEntrance=false
06-10 18:45:38.677 972 1070 V WindowManagerShell: loadAnimation: anim=android.view.animation.AlphaAnimation@9c0aed7 animAttr=0x8 type=OPEN isEntrance=true
06-10 18:45:38.680 972 1070 V WindowManagerShell: animated by com.android.wm.shell.transition.DefaultTransitionHandler@5788da0
06-10 18:45:38.681 972 1070 D WindowManagerShell: TvPipController: onTaskStackChanged()
06-10 18:45:39.095 972 1070 V WindowManagerShell: Transition animation finished (aborted=false), notifying core (#12)android.os.BinderProxy@38ebd7e@0
06-10 18:45:39.099 761 785 V WindowManager: Finish Transition #12: created at
06-10 18:45:38.347 collect-started=0.092ms request-sent=18.966ms started=30.895ms ready=221.989ms sent=303.542ms finished=751.253ms
06-10 18:45:39.103 972 1070 V WindowManagerShell: Track 0 became idle
06-10 18:45:39.103 972 1070 V WindowManagerShell: All active transition animations finished
06-10 18:45:39.438 761 2011 D CoreBackPreview: Window{19694d u0 com.dangbei.lerad.rocky}: Setting back callback null
06-10 18:45:39.534 761 786 W ContextImpl: Calling a method in the system process without a qualified user: android.app.ContextImpl.startService:1899 com.android.server.wm.DisplayPolicy.lambda$focusChangedLw$5:2126 com.android.server.wm.DisplayPolicy.$r8$lambda$Znxk63oh-WzVnzo_WQefN7uxV48:0 com.android.server.wm.DisplayPolicy$$ExternalSyntheticLambda13.run:0 android.os.Handler.handleCallback:958
06-10 18:45:45.389 761 2011 W WindowManager: Failed looking up window session=Session{4acc9ac 1543:1000} callers=com.android.server.wm.WindowManagerService.windowForClientLocked:6077 com.android.server.wm.Session.updateRequestedVisibleTypes:695 android.view.IWindowSession$Stub.onTransact:1034
06-10 18:45:45.389 761 1139 W WindowManager: [addWindow] title:com.dangbei.leard.leradlauncher/com.dangbei.leard.leradlauncher.module.app.AppDetailActivity
06-10 18:45:45.398 761 1139 D CoreBackPreview: Window{14ac45e u0 com.dangbei.leard.leradlauncher/com.dangbei.leard.leradlauncher.module.app.AppDetailActivity}: Setting back callback OnBackInvokedCallbackInfo{mCallback=android.window.IOnBackInvokedCallback$Stub$Proxy@5232d0c, mPriority=0, mIsAnimationCallback=false}
06-10 18:45:45.493 761 786 W ContextImpl: Calling a method in the system process without a qualified user: android.app.ContextImpl.startService:1899 com.android.server.wm.DisplayPolicy.lambda$focusChangedLw$5:2126 com.android.server.wm.DisplayPolicy.$r8$lambda$Znxk63oh-WzVnzo_WQefN7uxV48:0 com.android.server.wm.DisplayPolicy$$ExternalSyntheticLambda13.run:0 android.os.Handler.handleCallback:958
06-10 18:45:45.494 761 786 D OomAdjuster: Not killing cached processes
06-10 18:45:47.233 761 1139 D CoreBackPreview: Window{14ac45e u0 com.dangbei.leard.leradlauncher/com.dangbei.leard.leradlauncher.module.app.AppDetailActivity}: Setting back callback null
06-10 18:45:47.253 761 788 V WindowManager: Unknown focus tokens, dropping reportFocusChanged
06-10 18:45:47.347 761 786 W ContextImpl: Calling a method in the system process without a qualified user: android.app.ContextImpl.startService:1899 com.android.server.wm.DisplayPolicy.lambda$focusChangedLw$5:2126 com.android.server.wm.DisplayPolicy.$r8$lambda$Znxk63oh-WzVnzo_WQefN7uxV48:0 com.android.server.wm.DisplayPolicy$$ExternalSyntheticLambda13.run:0 android.os.Handler.handleCallback:958
06-10 18:45:49.153 1543 4138 W PackageParser: Unknown element under : queries at /storage/emulated/0/Android/data/com.dangbei.leard.leradlauncher/files/launcher/yst16104dbos_17.0.0.1012_dangbei.apk Binary XML file line #98
06-10 18:45:49.209 1543 4138 W PackageParser: Unknown element under : queries at /storage/emulated/0/Android/data/com.dangbei.leard.leradlauncher/files/launcher/yst16104dbos_17.0.0.1012_dangbei.apk Binary XML file line #98
06-10 18:45:50.607 761 873 W RuleEvaluation: Integrity rule files are not available.
06-10 18:45:50.608 761 822 I PackageManager: Integrity check passed for file:///data/app/vmdl365194846.tmp
06-10 18:45:50.699 761 822 I PermissionManager: Permission ownership changed. Updating all permissions.
06-10 18:45:50.701 761 822 W PermissionManager: Package com.android.adservices.api is an APK in APEX, but has permission allowlist on the system image. Please bundle the allowlist in the com.android.adservices APEX instead.
06-10 18:45:50.746 761 822 W PermissionManager: Package com.android.providers.media.module is an APK in APEX, but has permission allowlist on the system image. Please bundle the allowlist in the com.android.mediaprovider APEX instead.
06-10 18:45:50.746 761 822 W PermissionManager: Package com.android.providers.media.module is an APK in APEX, but has permission allowlist on the system image. Please bundle the allowlist in the com.android.mediaprovider APEX instead.
06-10 18:45:50.746 761 822 W PermissionManager: Package com.android.providers.media.module is an APK in APEX, but has permission allowlist on the system image. Please bundle the allowlist in the com.android.mediaprovider APEX instead.
06-10 18:45:50.746 761 822 W PermissionManager: Package com.android.providers.media.module is an APK in APEX, but has permission allowlist on the system image. Please bundle the allowlist in the com.android.mediaprovider APEX instead.
06-10 18:45:50.746 761 822 W PermissionManager: Package com.android.providers.media.module is an APK in APEX, but has permission allowlist on the system image. Please bundle the allowlist in the com.android.mediaprovider APEX instead.
06-10 18:45:50.746 761 822 W PermissionManager: Package com.android.providers.media.module is an APK in APEX, but has permission allowlist on the system image. Please bundle the allowlist in the com.android.mediaprovider APEX instead.
06-10 18:45:50.746 761 822 W PermissionManager: Package com.android.providers.media.module is an APK in APEX, but has permission allowlist on the system image. Please bundle the allowlist in the com.android.mediaprovider APEX instead.
06-10 18:45:50.746 761 822 W PermissionManager: Package com.android.providers.media.module is an APK in APEX, but has permission allowlist on the system image. Please bundle the allowlist in the com.android.mediaprovider APEX instead.
06-10 18:45:50.747 761 822 W PermissionManager: Package com.android.providers.media.module is an APK in APEX, but has permission allowlist on the system image. Please bundle the allowlist in the com.android.mediaprovider APEX instead.
06-10 18:45:50.747 761 822 W PermissionManager: Package com.android.providers.media.module is an APK in APEX, but has permission allowlist on the system image. Please bundle the allowlist in the com.android.mediaprovider APEX instead.
06-10 18:45:50.747 761 822 W PermissionManager: Package com.android.providers.media.module is an APK in APEX, but has permission allowlist on the system image. Please bundle the allowlist in the com.android.mediaprovider APEX instead.
06-10 18:45:50.747 761 822 W PermissionManager: Package com.android.providers.media.module is an APK in APEX, but has permission allowlist on the system image. Please bundle the allowlist in the com.android.mediaprovider APEX instead.
06-10 18:45:50.747 761 822 W PermissionManager: Package com.android.providers.media.module is an APK in APEX, but has permission allowlist on the system image. Please bundle the allowlist in the com.android.mediaprovider APEX instead.
06-10 18:45:50.832 761 785 V StorageManagerService: Package null has legacy storage
06-10 18:45:56.080 761 822 V BackupManagerService: [UserID:0] restoreAtInstall pkg=com.ktcp.video token=2 restoreSet=0
06-10 18:45:56.081 761 822 V BackupManagerService: [UserID:0] Finishing install immediately
06-10 18:45:56.082 761 822 I AppsFilter: interaction: PackageSetting{4ed928c com.dangbei.hqguide/10029} -> PackageSetting{5d13931 com.ktcp.video/10078} BLOCKED
06-10 18:45:56.087 761 822 D PackageInstallerSession: Marking session 365194846 as applied
06-10 18:45:56.092 761 822 D CompatibilityChangeReporter: Compat change id reported: 168419799; UID 10078; state: DISABLED
06-10 18:45:56.093 761 822 D CompatibilityChangeReporter: Compat change id reported: 273564678; UID 10078; state: DISABLED
06-10 18:45:56.122 761 858 D ActivityManager: sync unfroze 2136 com.android.permissioncontroller for 6
06-10 18:45:56.130 761 795 W TextServicesManagerService: no available spell checker services found
06-10 18:45:56.133 761 761 D TransparencyService: Not an update. Skipping...
06-10 18:45:56.140 761 858 D OomAdjuster: Not killing cached processes
06-10 18:45:56.145 1543 1543 W ContextImpl: Calling a method in the system process without a qualified user: android.app.ContextImpl.startActivity:1102 android.content.ContextWrapper.startActivity:436 je.b.f:119 je.a.b:75 he.a.c:71
06-10 18:45:56.146 1543 1543 W ContextImpl: Calling a method in the system process without a qualified user: android.app.ContextImpl.startActivity:1114 android.app.ContextImpl.startActivity:1103 android.content.ContextWrapper.startActivity:436 je.b.f:119 je.a.b:75
06-10 18:45:56.145 761 761 I AppsFilter: interaction: PackageSetting{c5ecf94 com.dangbei.hqguide/10029} -> PackageSetting{815aa3d com.ktcp.video/10078} BLOCKED
06-10 18:45:56.149 761 954 W ProcessStats: Tracking association SourceState{1b86bab system/1000 ImpFg #777} whose proc state 5 is better than process ProcessState{9c24b0b com.android.permissioncontroller/10074 pkg=com.android.permissioncontroller} proc state 15 (0 skipped)
06-10 18:45:56.149 761 1139 D CompatibilityChangeReporter: Compat change id reported: 265464455; UID 10078; state: DISABLED
06-10 18:45:56.149 761 1139 D CompatibilityChangeReporter: Compat change id reported: 265452344; UID 10078; state: DISABLED
06-10 18:45:56.149 761 1139 D CompatibilityChangeReporter: Compat change id reported: 266124927; UID 10078; state: DISABLED
06-10 18:45:56.149 761 1139 D CompatibilityChangeReporter: Compat change id reported: 265451093; UID 10078; state: DISABLED
06-10 18:45:56.150 761 1139 D CompatibilityChangeReporter: Compat change id reported: 265456536; UID 10078; state: DISABLED
06-10 18:45:56.150 761 1139 D CompatibilityChangeReporter: Compat change id reported: 255940284; UID 10078; state: DISABLED
06-10 18:45:56.150 761 1139 D CompatibilityChangeReporter: Compat change id reported: 236283604; UID 10078; state: DISABLED
06-10 18:45:56.150 761 1139 D CompatibilityChangeReporter: Compat change id reported: 263959004; UID 10078; state: DISABLED
06-10 18:45:56.150 761 1139 D CompatibilityChangeReporter: Compat change id reported: 264304459; UID 10078; state: DISABLED
06-10 18:45:56.151 761 1139 D CompatibilityChangeReporter: Compat change id reported: 264301586; UID 10078; state: DISABLED
06-10 18:45:56.151 761 1139 D CompatibilityChangeReporter: Compat change id reported: 254631730; UID 10078; state: DISABLED
06-10 18:45:56.151 761 1139 D CompatibilityChangeReporter: Compat change id reported: 273509367; UID 10078; state: DISABLED
06-10 18:45:56.151 761 1139 D CompatibilityChangeReporter: Compat change id reported: 263259275; UID 10078; state: DISABLED
06-10 18:45:56.151 761 1139 D CompatibilityChangeReporter: Compat change id reported: 174042980; UID 10078; state: DISABLED
06-10 18:45:56.151 761 1139 D CompatibilityChangeReporter: Compat change id reported: 174042936; UID 10078; state: DISABLED
06-10 18:45:56.152 761 1139 D CompatibilityChangeReporter: Compat change id reported: 181136395; UID 10078; state: DISABLED
06-10 18:45:56.156 761 1139 D CompatibilityChangeReporter: Compat change id reported: 194480991; UID 10078; state: ENABLED
06-10 18:45:56.157 761 844 D CompatibilityChangeReporter: Compat change id reported: 218533173; UID 10078; state: DISABLED
06-10 18:45:56.157 761 844 D CompatibilityChangeReporter: Compat change id reported: 262645982; UID 10078; state: DISABLED
06-10 18:45:56.158 761 844 D CompatibilityChangeReporter: Compat change id reported: 171306433; UID 10078; state: DISABLED
06-10 18:45:56.162 761 1139 D CompatibilityChangeReporter: Compat change id reported: 184838306; UID 10078; state: DISABLED
06-10 18:45:56.162 761 1139 D CompatibilityChangeReporter: Compat change id reported: 185004937; UID 10078; state: DISABLED
06-10 18:45:56.165 761 1139 D CompatibilityChangeReporter: Compat change id reported: 197654537; UID 10078; state: DISABLED
06-10 18:45:56.167 761 1139 D CompatibilityChangeReporter: Compat change id reported: 205907456; UID 10078; state: DISABLED
06-10 18:45:56.171 972 1070 V WindowManagerShell: Transition requested: android.os.BinderProxy@3f7b830 TransitionRequestInfo { type = 1, triggerTask = TaskInfo{userId=0 taskId=63 displayId=0 isRunning=true baseIntent=Intent { act=android.intent.action.MAIN cat=[android.intent.category.LAUNCHER] flg=0x10000000 pkg=com.ktcp.video cmp=com.ktcp.video/.activity.MainActivity } baseActivity=ComponentInfo{com.ktcp.video/com.ktcp.video.activity.MainActivity} topActivity=ComponentInfo{com.ktcp.video/com.ktcp.video.activity.MainActivity} origActivity=null realActivity=ComponentInfo{com.ktcp.video/com.ktcp.video.activity.MainActivity} numActivities=1 lastActiveTime=467829 supportsMultiWindow=true resizeMode=0 isResizeable=false minWidth=-1 minHeight=-1 defaultMinSize=220 token=WCT{android.window.IWindowContainerToken$Stub$Proxy@fb83ca9} topActivityType=1 pictureInPictureParams=null shouldDockBigOverlays=true launchIntoPipHostTaskId=-1 lastParentTaskIdBeforePip=-1 displayCutoutSafeInsets=null topActivityInfo=ActivityInfo{7a3822e com.ktcp.video.activity.MainActivity} launchCookies=[] positionInParent=Point(0, 0) parentTaskId=-1 isFocused=false isVisible=false isVisibleRequested=false isSleeping=false topActivityInSizeCompat=false topActivityEligibleForLetterboxEducation= false isLetterboxDoubleTapEnabled= false topActivityEligibleForUserAspectRatioButton= false topActivityBoundsLetterboxed= false isFromLetterboxDoubleTap= false topActivityLetterboxVerticalPosition= -1 topActivityLetterboxHorizontalPosition= -1 topActivityLetterboxWidth=-1 topActivityLetterboxHeight=-1 isUserFullscreenOverrideEnabled=false isTopActivityTransparent=false locusId=null displayAreaFeatureId=1 cameraCompatControlState=hidden}, remoteTransition = null, displayChange = null, flags = 0 }
06-10 18:45:56.171 761 1139 D CompatibilityChangeReporter: Compat change id reported: 194833441; UID 10078; state: DISABLED
06-10 18:45:56.172 761 1139 I ActivityTaskManager: START u0 {act=android.intent.action.MAIN cat=[android.intent.category.LAUNCHER] flg=0x10000000 pkg=com.ktcp.video cmp=com.ktcp.video/.activity.MainActivity} with LAUNCH_MULTIPLE from uid 1000 (BAL_ALLOW_ALLOWLISTED_UID) result code=0
06-10 18:45:56.244 761 796 D ActivityManager: sync unfroze 2349 com.android.providers.tv for 3
06-10 18:45:56.249 761 788 D CompatibilityChangeReporter: Compat change id reported: 135634846; UID 10078; state: DISABLED
06-10 18:45:56.252 761 797 D CompatibilityChangeReporter: Compat change id reported: 143937733; UID 10078; state: DISABLED
06-10 18:45:56.262 761 844 D CompatibilityChangeReporter: Compat change id reported: 265195908; UID 10078; state: ENABLED
06-10 18:45:56.274 761 795 W VoiceInteractionManager: no available voice recognition services found for user 0
06-10 18:45:56.282 972 1070 D WindowManagerShell: TvPipController: onTaskStackChanged()
06-10 18:45:56.288 761 795 W TextServicesManagerService: no available spell checker services found
06-10 18:45:56.308 761 795 W VoiceInteractionManager: no available voice recognition services found for user 0
06-10 18:45:56.321 761 797 W ActivityManager: Slow operation: 72ms so far, now at startProcess: returned from zygote!
06-10 18:45:56.321 761 797 W ActivityManager: Slow operation: 72ms so far, now at startProcess: done updating battery stats
06-10 18:45:56.321 761 797 W ActivityManager: Slow operation: 73ms so far, now at startProcess: building log message
06-10 18:45:56.321 761 797 I ActivityManager: Start proc 6007:com.ktcp.video/u0a78 for next-top-activity {com.ktcp.video/com.ktcp.video.activity.MainActivity}
06-10 18:45:56.321 761 797 W ActivityManager: Slow operation: 73ms so far, now at startProcess: starting to update pids map
06-10 18:45:56.321 761 797 W ActivityManager: Slow operation: 73ms so far, now at startProcess: done updating pids map
06-10 18:45:56.326 761 804 W BatteryExternalStatsWorker: error reading modem stats:ERROR_PHONE_NOT_AVAILABLE
06-10 18:45:56.327 761 1139 W BatteryExternalStatsWorker: error reading Bluetooth stats: 11
06-10 18:45:56.341 761 804 W KernelCpuProcStringReader: File not found. It's normal if not implemented: /proc/uid_concurrent_policy_time
06-10 18:45:56.377 761 783 D CompatibilityChangeReporter: Compat change id reported: 170503758; UID 10078; state: DISABLED
06-10 18:45:56.461 761 783 D CompatibilityChangeReporter: Compat change id reported: 149924527; UID 10078; state: ENABLED
06-10 18:45:56.462 761 783 D CompatibilityChangeReporter: Compat change id reported: 132649864; UID 10078; state: DISABLED
06-10 18:45:56.526 761 783 D CompatibilityChangeReporter: Compat change id reported: 161145287; UID 10078; state: DISABLED
06-10 18:45:56.771 6007 6007 E ActivityThread: Failed to find provider info for com.tcl.xian.StartandroidService.MyContentProvider
06-10 18:45:56.824 761 1139 V WindowManager: app ------------- force_land :0
06-10 18:45:56.829 761 1139 D CompatibilityChangeReporter: Compat change id reported: 261072174; UID 10078; state: DISABLED
06-10 18:45:56.864 761 1139 I ActivityTaskManager: START u0 {cmp=com.ktcp.video/.activity.PrivacyAgreementActivity} with LAUNCH_MULTIPLE from uid 10078 (BAL_ALLOW_VISIBLE_WINDOW) result code=0
06-10 18:45:56.905 761 1120 W WindowManager: [addWindow] title:com.ktcp.video/com.ktcp.video.activity.MainActivity
06-10 18:45:56.905 761 1139 W WindowManager: Failed looking up window session=Session{7351dc6 6007:u0a10078} callers=com.android.server.wm.WindowManagerService.windowForClientLocked:6077 com.android.server.wm.Session.updateRequestedVisibleTypes:695 android.view.IWindowSession$Stub.onTransact:1034
06-10 18:45:56.921 761 1120 V WindowManager: app ------------- force_land :0
06-10 18:45:56.927 761 1120 D CoreBackPreview: Window{b1d9cdd u0 com.ktcp.video/com.ktcp.video.activity.MainActivity}: Setting back callback OnBackInvokedCallbackInfo{mCallback=android.window.IOnBackInvokedCallback$Stub$Proxy@1385f23, mPriority=0, mIsAnimationCallback=false}
06-10 18:45:57.025 972 1070 D WindowManagerShell: TvPipController: onTaskStackChanged()
06-10 18:45:57.185 761 1120 W WindowManager: [addWindow] title:com.ktcp.video/com.ktcp.video.activity.PrivacyAgreementActivity
06-10 18:45:57.185 761 1139 W WindowManager: Failed looking up window session=Session{7351dc6 6007:u0a10078} callers=com.android.server.wm.WindowManagerService.windowForClientLocked:6077 com.android.server.wm.Session.updateRequestedVisibleTypes:695 android.view.IWindowSession$Stub.onTransact:1034
06-10 18:45:57.202 761 1120 D CoreBackPreview: Window{8de1a4c u0 com.ktcp.video/com.ktcp.video.activity.PrivacyAgreementActivity}: Setting back callback OnBackInvokedCallbackInfo{mCallback=android.window.IOnBackInvokedCallback$Stub$Proxy@ede97aa, mPriority=0, mIsAnimationCallback=false}
06-10 18:45:57.336 761 786 W ContextImpl: Calling a method in the system process without a qualified user: android.app.ContextImpl.startService:1899 com.android.server.wm.DisplayPolicy.lambda$focusChangedLw$5:2126 com.android.server.wm.DisplayPolicy.$r8$lambda$Znxk63oh-WzVnzo_WQefN7uxV48:0 com.android.server.wm.DisplayPolicy$$ExternalSyntheticLambda13.run:0 android.os.Handler.handleCallback:958
06-10 18:45:57.499 761 785 V WindowManager: Sent Transition #13 createdAt=06-10 18:45:56.157 via request=TransitionRequestInfo { type = 1, triggerTask = TaskInfo{userId=0 taskId=63 displayId=0 isRunning=true baseIntent=Intent { act=android.intent.action.MAIN cat=[android.intent.category.LAUNCHER] flg=0x10000000 pkg=com.ktcp.video cmp=com.ktcp.video/.activity.MainActivity } baseActivity=ComponentInfo{com.ktcp.video/com.ktcp.video.activity.MainActivity} topActivity=ComponentInfo{com.ktcp.video/com.ktcp.video.activity.MainActivity} origActivity=null realActivity=ComponentInfo{com.ktcp.video/com.ktcp.video.activity.MainActivity} numActivities=1 lastActiveTime=467829 supportsMultiWindow=true resizeMode=0 isResizeable=false minWidth=-1 minHeight=-1 defaultMinSize=220 token=WCT{RemoteToken{a668476 Task{aa0f7fb #63 type=standard A=10078:com.ktcp.video}}} topActivityType=1 pictureInPictureParams=null shouldDockBigOverlays=true launchIntoPipHostTaskId=-1 lastParentTaskIdBeforePip=-1 displayCutoutSafeInsets=null topActivityInfo=ActivityInfo{3468a77 com.ktcp.video.activity.MainActivity} launchCookies=[] positionInParent=Point(0, 0) parentTaskId=-1 isFocused=false isVisible=false isVisibleRequested=false isSleeping=false topActivityInSizeCompat=false topActivityEligibleForLetterboxEducation= false isLetterboxDoubleTapEnabled= false topActivityEligibleForUserAspectRatioButton= false topActivityBoundsLetterboxed= false isFromLetterboxDoubleTap= false topActivityLetterboxVerticalPosition= -1 topActivityLetterboxHorizontalPosition= -1 topActivityLetterboxWidth=-1 topActivityLetterboxHeight=-1 isUserFullscreenOverrideEnabled=false isTopActivityTransparent=false locusId=null displayAreaFeatureId=1 cameraCompatControlState=hidden}, remoteTransition = null, displayChange = null, flags = 0 }
06-10 18:45:57.499 761 785 V WindowManager: startWCT=WindowContainerTransaction { changes = {} hops = [] errorCallbackToken=null taskFragmentOrganizer=null }
06-10 18:45:57.502 972 1070 V WindowManagerShell: onTransitionReady android.os.BinderProxy@3f7b830: {id=13 t=OPEN f=0x0 trk=0 r=[0@Point(0, 0)] c=[{WCT{android.window.IWindowContainerToken$Stub$Proxy@52b8beb} m=OPEN f=NONE leash=Surface(name=Task=63)/@0xfdca1cf sb=Rect(0, 0 - 1920, 1080) eb=Rect(0, 0 - 1920, 1080) d=0},{WCT{android.window.IWindowContainerToken$Stub$Proxy@aee5d48} m=TO_BACK f=NONE leash=Surface(name=Task=61)/@0xf58275c sb=Rect(0, 0 - 1920, 1080) eb=Rect(0, 0 - 1920, 1080) d=0}]}
06-10 18:45:57.502 972 1070 V WindowManagerShell: Playing animation for (#13)android.os.BinderProxy@3f7b830@0
06-10 18:45:57.502 972 1070 V WindowManagerShell: try handler com.android.wm.shell.keyguard.KeyguardTransitionHandler@b8b8234
06-10 18:45:57.502 972 1070 V WindowManagerShell: try handler com.android.wm.shell.pip.tv.TvPipTransition@44a785d
06-10 18:45:57.502 972 1070 V WindowManagerShell: try handler com.android.wm.shell.activityembedding.ActivityEmbeddingController@94fc5d2
06-10 18:45:57.502 972 1070 V WindowManagerShell: try handler com.android.wm.shell.transition.RemoteTransitionHandler@7a966a3
06-10 18:45:57.503 761 785 V WindowManager: info={id=13 t=OPEN f=0x0 trk=0 r=[0@Point(0, 0)] c=[{WCT{RemoteToken{a668476 Task{aa0f7fb #63 type=standard A=10078:com.ktcp.video}}} m=OPEN f=NONE leash=Surface(name=Task=63)/@0xe788f9b sb=Rect(0, 0 - 1920, 1080) eb=Rect(0, 0 - 1920, 1080) d=0},{WCT{RemoteToken{5aeb987 Task{27b678f #61 type=standard A=1000:search.app.task}}} m=TO_BACK f=NONE leash=Surface(name=Task=61)/@0x83c6fa1 sb=Rect(0, 0 - 1920, 1080) eb=Rect(0, 0 - 1920, 1080) d=0}]}
06-10 18:45:57.503 972 1070 V WindowManagerShell: Transition doesn't have explicit remote, search filters for match for {id=13 t=OPEN f=0x0 trk=0 r=[0@Point(0, 0)] c=[{WCT{android.window.IWindowContainerToken$Stub$Proxy@52b8beb} m=OPEN f=NONE leash=Surface(name=Task=63)/@0xfdca1cf sb=Rect(0, 0 - 1920, 1080) eb=Rect(0, 0 - 1920, 1080) d=0},{WCT{android.window.IWindowContainerToken$Stub$Proxy@aee5d48} m=TO_BACK f=NONE leash=Surface(name=Task=61)/@0xf58275c sb=Rect(0, 0 - 1920, 1080) eb=Rect(0, 0 - 1920, 1080) d=0}]}
06-10 18:45:57.503 972 1070 V WindowManagerShell: Delegate animation for #13 to null
06-10 18:45:57.503 972 1070 V WindowManagerShell: try handler com.android.wm.shell.transition.DefaultTransitionHandler@5788da0
06-10 18:45:57.503 972 1070 V WindowManagerShell: start default transition animation, info = {id=13 t=OPEN f=0x0 trk=0 r=[0@Point(0, 0)] c=[{WCT{android.window.IWindowContainerToken$Stub$Proxy@52b8beb} m=OPEN f=NONE leash=Surface(name=Task=63)/@0xfdca1cf sb=Rect(0, 0 - 1920, 1080) eb=Rect(0, 0 - 1920, 1080) d=0},{WCT{android.window.IWindowContainerToken$Stub$Proxy@aee5d48} m=TO_BACK f=NONE leash=Surface(name=Task=61)/@0xf58275c sb=Rect(0, 0 - 1920, 1080) eb=Rect(0, 0 - 1920, 1080) d=0}]}
06-10 18:45:57.503 972 1070 V WindowManagerShell: loadAnimation: anim=android.view.animation.AlphaAnimation@599d7e1 animAttr=0x9 type=OPEN isEntrance=false
06-10 18:45:57.504 972 1070 V WindowManagerShell: loadAnimation: anim=android.view.animation.AlphaAnimation@b4da906 animAttr=0x8 type=OPEN isEntrance=true
06-10 18:45:57.507 972 1070 V WindowManagerShell: animated by com.android.wm.shell.transition.DefaultTransitionHandler@5788da0
06-10 18:45:57.570 761 783 D CompatibilityChangeReporter: Compat change id reported: 214016041; UID 10078; state: DISABLED
06-10 18:45:57.914 972 1070 V WindowManagerShell: Transition animation finished (aborted=false), notifying core (#13)android.os.BinderProxy@3f7b830@0
06-10 18:45:57.916 761 785 V WindowManager: Finish Transition #13: created at
06-10 18:45:56.157 collect-started=0.079ms request-sent=12.805ms started=16.002ms ready=767.063ms sent=1333.152ms finished=1759.03ms
06-10 18:45:57.918 972 1070 V WindowManagerShell: Track 0 became idle
06-10 18:45:57.918 972 1070 V WindowManagerShell: All active transition animations finished
06-10 18:45:59.484 972 1070 V WindowManagerShell: Transition requested: android.os.BinderProxy@57b8d63 TransitionRequestInfo { type = 2, triggerTask = null, remoteTransition = null, displayChange = null, flags = 0 }
06-10 18:45:59.494 761 1139 V WindowManager: app ------------- force_land :0
06-10 18:45:59.544 761 785 V WindowManager: Sent Transition #14 createdAt=06-10 18:45:59.482 via request=TransitionRequestInfo { type = 2, triggerTask = null, remoteTransition = null, displayChange = null, flags = 0 }
06-10 18:45:59.544 761 785 V WindowManager: startWCT=WindowContainerTransaction { changes = {} hops = [] errorCallbackToken=null taskFragmentOrganizer=null }
06-10 18:45:59.544 761 785 V WindowManager: info={id=14 t=CLOSE f=0x0 trk=0 r=[0@Point(0, 0)] c=[{null m=CLOSE f=FILLS_TASK leash=Surface(name=ActivityRecord{f2bf21c u0 com.ktcp.video/.activity.PrivacyAgreementActivity)/@0x1d8958b sb=Rect(0, 0 - 1920, 1080) eb=Rect(0, 0 - 1920, 1080) d=0},{null m=TO_FRONT f=FILLS_TASK leash=Surface(name=ActivityRecord{fffe58a u0 com.ktcp.video/.activity.MainActivity)/@0x3a43f5a sb=Rect(0, 0 - 1920, 1080) eb=Rect(0, 0 - 1920, 1080) d=0}]}
06-10 18:45:59.544 972 1070 V WindowManagerShell: onTransitionReady android.os.BinderProxy@57b8d63: {id=14 t=CLOSE f=0x0 trk=0 r=[0@Point(0, 0)] c=[{null m=CLOSE f=FILLS_TASK leash=Surface(name=ActivityRecord{f2bf21c u0 com.ktcp.video/.activity.PrivacyAgreementActivity)/@0x8418d60 sb=Rect(0, 0 - 1920, 1080) eb=Rect(0, 0 - 1920, 1080) d=0},{null m=TO_FRONT f=FILLS_TASK leash=Surface(name=ActivityRecord{fffe58a u0 com.ktcp.video/.activity.MainActivity)/@0x53ca219 sb=Rect(0, 0 - 1920, 1080) eb=Rect(0, 0 - 1920, 1080) d=0}]}
06-10 18:45:59.545 972 1070 V WindowManagerShell: Playing animation for (#14)android.os.BinderProxy@57b8d63@0
06-10 18:45:59.545 972 1070 V WindowManagerShell: try handler com.android.wm.shell.keyguard.KeyguardTransitionHandler@b8b8234
06-10 18:45:59.545 972 1070 V WindowManagerShell: try handler com.android.wm.shell.pip.tv.TvPipTransition@44a785d
06-10 18:45:59.545 972 1070 V WindowManagerShell: try handler com.android.wm.shell.activityembedding.ActivityEmbeddingController@94fc5d2
06-10 18:45:59.545 972 1070 V WindowManagerShell: try handler com.android.wm.shell.transition.RemoteTransitionHandler@7a966a3
06-10 18:45:59.545 972 1070 V WindowManagerShell: Transition doesn't have explicit remote, search filters for match for {id=14 t=CLOSE f=0x0 trk=0 r=[0@Point(0, 0)] c=[{null m=CLOSE f=FILLS_TASK leash=Surface(name=ActivityRecord{f2bf21c u0 com.ktcp.video/.activity.PrivacyAgreementActivity)/@0x8418d60 sb=Rect(0, 0 - 1920, 1080) eb=Rect(0, 0 - 1920, 1080) d=0},{null m=TO_FRONT f=FILLS_TASK leash=Surface(name=ActivityRecord{fffe58a u0 com.ktcp.video/.activity.MainActivity)/@0x53ca219 sb=Rect(0, 0 - 1920, 1080) eb=Rect(0, 0 - 1920, 1080) d=0}]}
06-10 18:45:59.545 972 1070 V WindowManagerShell: Delegate animation for #14 to null
06-10 18:45:59.545 972 1070 V WindowManagerShell: try handler com.android.wm.shell.transition.DefaultTransitionHandler@5788da0
06-10 18:45:59.545 972 1070 V WindowManagerShell: start default transition animation, info = {id=14 t=CLOSE f=0x0 trk=0 r=[0@Point(0, 0)] c=[{null m=CLOSE f=FILLS_TASK leash=Surface(name=ActivityRecord{f2bf21c u0 com.ktcp.video/.activity.PrivacyAgreementActivity)/@0x8418d60 sb=Rect(0, 0 - 1920, 1080) eb=Rect(0, 0 - 1920, 1080) d=0},{null m=TO_FRONT f=FILLS_TASK leash=Surface(name=ActivityRecord{fffe58a u0 com.ktcp.video/.activity.MainActivity)/@0x53ca219 sb=Rect(0, 0 - 1920, 1080) eb=Rect(0, 0 - 1920, 1080) d=0}]}
06-10 18:45:59.547 972 1070 V WindowManagerShell: Transition animation finished (aborted=false), notifying core (#14)android.os.BinderProxy@57b8d63@0
06-10 18:45:59.554 761 785 V WindowManager: Finish Transition #14: created at
06-10 18:45:59.482 collect-started=0.298ms request-sent=0.547ms started=4.248ms ready=14.716ms sent=60.476ms finished=70.852ms
06-10 18:45:59.555 972 1070 V WindowManagerShell: Track 0 became idle
06-10 18:45:59.555 972 1070 V WindowManagerShell: All active transition animations finished
06-10 18:45:59.555 972 1070 V WindowManagerShell: animated by com.android.wm.shell.transition.DefaultTransitionHandler@5788da0
06-10 18:45:59.555 972 1070 V WindowManagerShell: Track 0 became idle
06-10 18:45:59.555 972 1070 V WindowManagerShell: All active transition animations finished
06-10 18:45:59.574 761 783 D CoreBackPreview: Window{8de1a4c u0 com.ktcp.video/com.ktcp.video.activity.PrivacyAgreementActivity}: Setting back callback null
06-10 18:45:59.598 972 1070 D WindowManagerShell: TvPipController: onTaskStackChanged()
06-10 18:45:59.618 761 786 W ContextImpl: Calling a method in the system process without a qualified user: android.app.ContextImpl.startService:1899 com.android.server.wm.DisplayPolicy.lambda$focusChangedLw$5:2126 com.android.server.wm.DisplayPolicy.$r8$lambda$Znxk63oh-WzVnzo_WQefN7uxV48:0 com.android.server.wm.DisplayPolicy$$ExternalSyntheticLambda13.run:0 android.os.Handler.handleCallback:958
06-10 18:46:00.189 761 1501 E TaskPersister: File error accessing recents directory (directory doesn't exist?).
06-10 18:46:00.360 761 2011 E Transition: Trying to add a ready-group twice: Display{#0 state=ON size=1920x1080 ROTATION_0}
06-10 18:46:00.362 761 2011 I ActivityTaskManager: START u0 {flg=0x10000000 cmp=com.ktcp.video/.activity.onepage.HomeSingleTaskActivity (has extras)} with LAUNCH_SINGLE_TASK from uid 10078 (BAL_ALLOW_VISIBLE_WINDOW) result code=0
06-10 18:46:00.362 972 1070 V WindowManagerShell: Transition requested: android.os.BinderProxy@8221f8c TransitionRequestInfo { type = 1, triggerTask = TaskInfo{userId=0 taskId=63 displayId=0 isRunning=true baseIntent=Intent { act=android.intent.action.MAIN cat=[android.intent.category.LAUNCHER] flg=0x10000000 pkg=com.ktcp.video cmp=com.ktcp.video/.activity.MainActivity } baseActivity=ComponentInfo{com.ktcp.video/com.ktcp.video.activity.MainActivity} topActivity=ComponentInfo{com.ktcp.video/com.ktcp.video.activity.onepage.HomeSingleTaskActivity} origActivity=null realActivity=ComponentInfo{com.ktcp.video/com.ktcp.video.activity.MainActivity} numActivities=2 lastActiveTime=472019 supportsMultiWindow=true resizeMode=0 isResizeable=false minWidth=-1 minHeight=-1 defaultMinSize=220 token=WCT{android.window.IWindowContainerToken$Stub$Proxy@e6c46d5} topActivityType=1 pictureInPictureParams=null shouldDockBigOverlays=true launchIntoPipHostTaskId=-1 lastParentTaskIdBeforePip=-1 displayCutoutSafeInsets=null topActivityInfo=ActivityInfo{f6d3eea com.ktcp.video.activity.onepage.HomeSingleTaskActivity} launchCookies=[] positionInParent=Point(0, 0) parentTaskId=-1 isFocused=true isVisible=true isVisibleRequested=true isSleeping=false topActivityInSizeCompat=false topActivityEligibleForLetterboxEducation= false isLetterboxDoubleTapEnabled= false topActivityEligibleForUserAspectRatioButton= false topActivityBoundsLetterboxed= false isFromLetterboxDoubleTap= false topActivityLetterboxVerticalPosition= -1 topActivityLetterboxHorizontalPosition= -1 topActivityLetterboxWidth=-1 topActivityLetterboxHeight=-1 isUserFullscreenOverrideEnabled=false isTopActivityTransparent=false locusId=null displayAreaFeatureId=1 cameraCompatControlState=hidden}, remoteTransition = null, displayChange = null, flags = 0 }
06-10 18:46:00.408 761 783 V WindowManager: app ------------- force_land :0
06-10 18:46:00.516 972 1070 D WindowManagerShell: TvPipController: onTaskStackChanged()
