06-10 19:31:46.922 9377 9766 I CLog : 2025-06-10 19:31:46.922 T:9766 INFO: ~M3U8Model this=0xa6145920,end
06-10 19:31:46.922 9377 9766 I CLog : 2025-06-10 19:31:46.922 T:9766 INFO: ~Movie free,this=0xadcd9410
06-10 19:31:46.922 9377 9766 I CLog : 2025-06-10 19:31:46.922 T:9766 DEBUG: CacheDataInfo::Release begin.
06-10 19:31:46.922 9377 9766 I CLog : 2025-06-10 19:31:46.922 T:9766 DEBUG: CacheDataInfo::Release end.
06-10 19:31:46.922 9377 9766 I CLog : 2025-06-10 19:31:46.922 T:9766 DEBUG: CacheDataInfo::Release begin.
06-10 19:31:46.922 9377 9766 I CLog : 2025-06-10 19:31:46.922 T:9766 DEBUG: CacheDataInfo::Release end.
06-10 19:31:46.922 9377 9766 I CLog : 2025-06-10 19:31:46.922 T:9766 DEBUG: CacheDataInfo::Release begin.
06-10 19:31:46.922 9377 9766 I CLog : 2025-06-10 19:31:46.922 T:9766 DEBUG: CacheDataInfo::Release end.
06-10 19:31:46.922 9377 9766 I CLog : 2025-06-10 19:31:46.922 T:9766 DEBUG: CacheDataInfo::Release begin.
06-10 19:31:46.922 9377 9766 I CLog : 2025-06-10 19:31:46.922 T:9766 DEBUG: CacheDataInfo::Release end.
06-10 19:31:46.922 9377 9766 I CLog : 2025-06-10 19:31:46.922 T:9766 DEBUG: CacheDataInfo::Release begin.
06-10 19:31:46.922 9377 9766 I CLog : 2025-06-10 19:31:46.922 T:9766 DEBUG: CacheDataInfo::Release end.
06-10 19:31:46.922 9377 9766 I CLog : 2025-06-10 19:31:46.922 T:9766 DEBUG: CacheDataInfo::Release begin.
06-10 19:31:46.922 9377 9766 I CLog : 2025-06-10 19:31:46.922 T:9766 DEBUG: CacheDataInfo::Release end.
06-10 19:31:46.922 9377 9766 I CLog : 2025-06-10 19:31:46.922 T:9766 DEBUG: CacheDataInfo::Release begin.
06-10 19:31:46.922 9377 9766 I CLog : 2025-06-10 19:31:46.922 T:9766 DEBUG: CacheDataInfo::Release end.
06-10 19:31:46.922 9377 9766 I CLog : 2025-06-10 19:31:46.922 T:9766 DEBUG: CacheDataInfo::Release begin.
06-10 19:31:46.922 9377 9766 I CLog : 2025-06-10 19:31:46.922 T:9766 DEBUG: CacheDataInfo::Release end.
06-10 19:31:46.922 9377 9766 I CLog : 2025-06-10 19:31:46.922 T:9766 DEBUG: CacheDataInfo::Release begin.
06-10 19:31:46.922 9377 9766 I CLog : 2025-06-10 19:31:46.922 T:9766 DEBUG: CacheDataInfo::Release end.
06-10 19:31:46.922 9377 9766 I CLog : 2025-06-10 19:31:46.922 T:9766 DEBUG: CacheDataInfo::Release begin.
06-10 19:31:46.922 9377 9766 I CLog : 2025-06-10 19:31:46.922 T:9766 DEBUG: CacheDataInfo::Release end.
06-10 19:31:46.922 9377 9766 I CLog : 2025-06-10 19:31:46.922 T:9766 DEBUG: ~SubtitleData55834574865
06-10 19:31:46.922 9377 9766 I CLog : 2025-06-10 19:31:46.922 T:9766 DEBUG: ~DetachableCallHelper,0x9fac9af0
06-10 19:31:46.922 9377 9766 I CLog : 2025-06-10 19:31:46.922 T:9766 DEBUG: ~Meta, asy(1)
06-10 19:31:46.922 9377 9766 I CLog : 2025-06-10 19:31:46.922 T:9766 DEBUG: MessageCenter::RemoveMsgBySenderID(sender_id:151)
06-10 19:31:46.922 9377 9766 I CLog : 2025-06-10 19:31:46.922 T:9766 DEBUG: Meta::Stop
06-10 19:31:46.922 9377 9766 I CLog : 2025-06-10 19:31:46.922 T:9766 DEBUG: has closed
06-10 19:31:46.923 9377 9766 I CLog : 2025-06-10 19:31:46.923 T:9766 DEBUG: ~PumaQTPClient 0xf1558960
06-10 19:31:46.923 9377 9766 I CLog : 2025-06-10 19:31:46.923 T:9766 DEBUG: UnRegisterEventID, 6427f2ffdd26a894f13a6ae380270a5c res:1
06-10 19:31:46.924 9377 9763 I CLog : 2025-06-10 19:31:46.924 T:9763 DEBUG: ~DetachableCallHelper,0x9faf3700
06-10 19:31:46.924 9377 9763 I CLog : 2025-06-10 19:31:46.924 T:9763 DEBUG: ~MessageCenterWrapper,0xa37a0e9c
06-10 19:31:46.972 9377 9785 E Hcdn_DeTask572787192: HCDN_LOG: [T:9785][HINFO]:[f:PostNotifyInfo],[l:248], notify type(6),info({"BandWidth":0,"IsAd":0,"IsP2P":0,"VID":"e9338e6ec419bc3c6004fc518a1b2656"}
06-10 19:31:46.972 9377 9785 E Hcdn_DeTask572787192: )
06-10 19:31:46.972 9377 9780 E playfilesourceNew: HCDN_LOG: [T:9780][HINFO]:[f:DoAsynNotifyInfoResponse],[l:2605],[TaskID(572787192),type(6),msg({"BandWidth":0,"IsAd":0,"IsP2P":0,"VID":"e9338e6ec419bc3c6004fc518a1b2656"}
06-10 19:31:46.972 9377 9780 E playfilesourceNew: )!]
06-10 19:31:46.996 9377 9607 V UFUnilog: UFNEasyCurlClientImpl.cpp : 66 PingbackSdk {fuc=UFNEasyCurlClientImpl:Perform(),logtag=babelqos_pb_182,interface_msg=out}
06-10 19:31:46.996 9377 9607 V UFUnilog: api_engine.cpp : 189 PingbackSdk {fuc=APIEngine:Call(),logtag=babelqos_pb_182,interface_msg=Start Try!,try_count=1}
06-10 19:31:46.996 9377 9607 D PINGBACKSDK: PlayerPbApi.cpp:38 PingbackLog: send success! http://msg.ptqy.gitv.tv/qos/3_31_312:124.237.225.22,tvdatareq:msg=[{"c1":"0","ct":"tvdatareq","deviceid":"tv_cc46bef63fc2ad8d49126ac32881e261_1749550814769_3644146642","dfp":"","diy_r":"","diy_ri":"ad_before","diy_sfrom":"idle","hcdn":"1","hcdnromsz":"200","hcdnv":"10.2.3.5212","hu":"5%2C57%2C60","hwver":"DBBOX-A3","isroot":"1","lch_ver":"1.7","livenetv":"6.24.26.354","localtime":"2025-06-10-19%3A31%3A46","lsv":"18.0.1.5212","mkey":"20200817110900551NKVuEWAfr101626","mod":"cn_s","os":"34","p1":"3_31_312","p2":"3128","pbv":"","plyert":"native_advance","procid":"9377","psp_4kh264":"1","psp_4kh265":"1","psp_dolby":"1","psp_dv":"0","psp_edr":"","psp_h264":"1","psp_h265":"1","psp_hdr10":"1","psp_ratedef":"10","psp_ratedefdv":"10","psp_ratedefhdr":"","pu":"1
06-10 19:31:46.996 9377 9607 D PINGBACKSDK: PlayerPbApi.cpp:40 PingbackLog: send success! tvdatareq:057382444771596","qyctx":"F4473C91B77028CDDBE404B5C7899B64B7B53B67DFF055D126EB02A9DE3B7B1C2E0171DCB8766A144F466DC62EC042DD4F1A2361080C9C140CFEC187AA217144B7D57FF90ED91469E7571AAED169DBEABB9F51CA8CF9C767726661CBB86DA934","qyctxv":"1","ravd_auth":"-1","re":"1920x1080","rn":"1409973995","romrsz":"53510","romsz":"55669","sdkv":"1.1403.1.06053","stat":"error","stime":"1749555106172","t":"9","term":{"brand":"Amlogic","chip":"","core":"4","cpu_arch":"8","cpu_freq":"2508000","cpu_implementer":"65","cpu_part":"3333","cpu_processor":"","diy_hwver":"DBBOX-A3","dolbycodec":"-1","firmver":"UD2A.240505.001.W1.eng.server.20250610.164709 release-keys","high_end":"-1","hpformance":"","hwprod":"","hwversub":"
06-10 19:31:46.996 9377 9607 D PINGBACKSDK: PlayerPbApi.cpp:35 PingbackLog: send success! tvdatareq:","memory":"3677","p_hdcp":"","p_maxhdcp":"","rammode":"","vendor":""},"tm":"","u":"tv_cc46bef63fc2ad8d49126ac32881e261","v":"2.1403.1.250523","ve":"1749555105972B9102071B18D4081C29","vsp_4kh264":"1","vsp_4kh265":"1","vsp_8k":"0","vsp_daudio":"1","vsp_dv":"0","vsp_edr":"0","vsp_h265":"1","vsp_hdr10":"1","vsp_ratedef":"10","vsp_ratedefEdr":"-1","vsp_ratedefdolby":"10","vsp_ratedefdv":"-1","vsp_ratedefhdr":"-1","wifimac":"02%3A00%3A00%3A00%3A00%3A00"}]
06-10 19:31:46.997 9377 9607 D UFUnilog: api_network_status.cpp : 105 {fuc=APINetworkStatus:IsIPV6Works(),interface_msg=localResult=0, fastdnsResult=0}
06-10 19:31:46.997 9377 9607 I UFUnilog: api_engine.cpp : 993 PingbackSdk {fuc=APIEngine::generateFinalIPV6Config(),logtag=babelqos_pb_183,interface_msg=forceIPV6Status:-1}
06-10 19:31:46.997 9377 9607 I UFUnilog: api_engine.cpp : 1003 PingbackSdk {fuc=APIEngine::generateFinalIPV6Config(),logtag=babelqos_pb_183,interface_msg=domain support ipv6, sOriginHost:msg.ptqy.gitv.tv, strIPV6Domain:}
06-10 19:31:46.997 9377 9607 V UFUnilog: api_engine.cpp : 189 PingbackSdk {fuc=APIEngine:Call(),logtag=babelqos_pb_183,interface_msg=Start Try!,try_count=0}
06-10 19:31:46.997 9377 9607 I UFUnilog: api_strategy_impl.cpp : 438 PingbackSdk {fuc=APIStrategyImpl:CreateStrategyResult(),logtag=babelqos_pb_183,strategyname=httpdns-strategy,current_try_count=0,interface_msg=try to get ip list from dns_type = 1}
06-10 19:31:46.997 9377 9607 W UFUnilog: api_httpdns_fastdns.cpp : 110 {fuc=APIHttpdnsFastDns:GetHttpDnsResult(),interface_msg=start find,business=unifiedx,bgp_flag=1,timeout=2000,domain_list=msg.ptqy.gitv.tv,cache_only=0}
06-10 19:31:46.999 9377 9607 I UFUnilog: api_httpdns_fastdns.cpp : 184 {fuc=APIHttpdnsFastDns:GetHttpDnsResult(),interface_msg=v6 domain finded, result4a_size=1, result4aaaa_size=1, result4b_size=1, result4bbbb_size=0}
06-10 19:31:46.999 9377 9607 I UFUnilog: api_httpdns_fastdns.cpp : 200 {fuc=APIHttpdnsFastDns:GetHttpDnsResult(),interface_msg=v4 finded,domain=msg.ptqy.gitv.tv,ip_list_count=4,ip_from_cache=1,ns_result=116.211.198.144|443}
06-10 19:31:46.999 9377 9607 I UFUnilog: api_httpdns_fastdns.cpp : 221 {fuc=APIHttpdnsFastDns:GetHttpDnsResult(),interface_msg=v6 finded,domain=msg.ptqy.gitv.tv,ip_list_count_v6=3,ip_from_cache=1,ns_result=116.211.198.144|443}
06-10 19:31:46.999 9377 9607 I UFUnilog: api_httpdns_fastdns.cpp : 246 {fuc=APIHttpdnsFastDns:GetHttpDnsResult(),interface_msg=v4 backup finded,domain=msg.ptqy.gitv.tv,ip_list_count_b=4,bfirst=0,ip_from_cache=1,ns_result=116.211.198.144|443}
06-10 19:31:46.999 9377 9607 I UFUnilog: api_strategy_impl.cpp : 569 PingbackSdk {fuc=APIStrategyImpl:CreateStrategyResult(),logtag=babelqos_pb_183,strategyname=httpdns-strategy,interface_msg=complete build strategy result,suggest_url_params=,suggest_protocol=,bReplaceWithNewFullUrl=0,bReplaceWithNewHeaders=0}
06-10 19:31:46.999 9377 9607 V UFUnilog: UFNEasyCurlClientImpl.cpp : 16 PingbackSdk {fuc=UFNEasyCurlClientImpl:Perform(),logtag=babelqos_pb_183,interface_msg=in}
06-10 19:31:47.046 9377 9742 I CLog : 2025-06-10 19:31:47.046 T:9742 DEBUG: qtp-load(100) QtpHttpHeaderFinishCallback reqid:75440435 adv_header:0
06-10 19:31:47.047 9377 9742 I CLog : 2025-06-10 19:31:47.047 T:9742 DEBUG: [100]RecordNewConnectCount, count:0
06-10 19:31:47.047 9377 9742 I CLog : 2025-06-10 19:31:47.047 T:9742 INFO: qtp-load(100) QtpHttpFinishCallback reqid:75440435
06-10 19:31:47.047 9377 9742 I CLog : 2025-06-10 19:31:47.047 T:9742 INFO: qtp-load(100): local:192.168.3.107 remote:106.38.178.44, DNS:0(ms) Connect:0(ms) SSL Connect:0(ms) Recv Data:329(ms) total:332(ms), speed:0.00(KB/s)
06-10 19:31:47.047 9377 9742 I CLog : 2025-06-10 19:31:47.047 T:9742 INFO: qtp-load(100) QTPINFO_QTPFLOW_INFO: [1749555107046,id:75440435,ip:106.38.178.44,port:80,rt:0.000,ct:0.000,at:0.000,pt:0.001,st:0.330,tt:0.332,as:0.000,ts:0,rdt:0.000,ec:0,hc:200,hv:1,tp:ld]
06-10 19:31:47.047 9377 9742 I CLog : 2025-06-10 19:31:47.047 T:9742 DEBUG: qtp-load(100), data-len:0, access-control-allow-credentials:true access-control-allow-headers:Accept,Authorization,Cache-Control,Content-Type,DNT,If-Modified-Since,Keep-Alive,Origin,User-Agent,X-Requested-With access-control-allow-methods:GET, POST, PUT, DELETE, OPTIONS connection:keep-alive content-length:0 content-type:text/html date:Tue, 10 Jun 2025 11:31:47 GMT server:nginx server_ip:106.38.178.44
06-10 19:31:47.047 9377 9742 I CLog : 2025-06-10 19:31:47.047 T:9742 INFO: qtp-load(100), err(0, 0), syserr(0), transerr(0), multi(0), easy(0), http(200)
06-10 19:31:47.047 9377 9742 I CLog : 2025-06-10 19:31:47.047 T:9742 INFO: qtp-load(100): success! url:http://msg.ptqy.gitv.tv/v5/core/pstat?ptid=14025032401000000000&pf=3&c1=2&c2=&lvbck=&r=1233430264130200&aid=1978642334195801&u=tv_cc46bef63fc2ad8d49126ac32881e261_1749550814769_3644146642&pu=1057382444771596&os=android_034-01-01&v=2.1403.1.250523&krv=5.1.0202&krvb=15549&hcdnv=10.2.3.5212&lnv=&mdlm=2&ra1=1&ra2=-1&ra3=600&ra4=25&ra5=100&ra6=0&va=0&as=9117c58ebd9b3d37b63bb5735a2c5c4e&ve=6427f2ffdd26a894f13a6ae380270a5c&islocal=0&ht=0&tpcd=4&tpad=0&drm_t=4&abr_t=0&abr_m=-1&abr_at=&abr_p=0_0&drm_v=3.1.0&drmlicsv=5&chipid=amlogic&mod=&nettype=11&ua_model=DBBOX-A3&rn=1749555106603&stime=1749555106603&vdurt=2746000&krus=tv_android_player&vpt=5_57_60&p1=0&p2=0&pdc_src=-1&a_ra=&a_va=&prtype=0&smallplyrtp=&hwnp=&netmod=1&play_src=&mpi=&q_a=0&q_z=0&q_b=1&q_c=1_1&q_d=0_0&q_e=0_0&q_f=0_0_0&q_g=1_1&q_h=0_0&q_i=1_3_1&q_j=0_0&q_k=0_0_0&q_y=0
06-10 19:31:47.047 9377 9742 I CLog : 2025-06-10 19:31:47.047 T:9742 DEBUG: qtp-load(100): CheckLoadComplete exit
06-10 19:31:47.047 9377 9742 I CLog : 2025-06-10 19:31:47.047 T:9742 DEBUG: qtp-load(100) QtpHttpFinishCallback reqid:75440435 exit
06-10 19:31:47.047 9377 9762 I CLog : 2025-06-10 19:31:47.047 T:9762 INFO: qtp-load(100), reqid:75440435, timeout:3000, once_callback:1
06-10 19:31:47.048 9377 9762 I CLog : 2025-06-10 19:31:47.048 T:9762 DEBUG: CheckAndRegisterEventID, 6427f2ffdd26a894f13a6ae380270a5c
06-10 19:31:47.048 9377 9762 I CLog : 2025-06-10 19:31:47.048 T:9762 INFO: qtp-load(101) - Load, http://msg.ptqy.gitv.tv/v5/core/qb?ptid=14025032401000000000&pf=3&c1=2&c2=&lvbck=&r=1233430264130200&aid=1978642334195801&u=tv_cc46bef63fc2ad8d49126ac32881e261_1749550814769_3644146642&pu=1057382444771596&os=android_034-01-01&v=2.1403.1.250523&krv=5.1.0202&krvb=15549&hcdnv=10.2.3.5212&lnv=&mdlm=2&ra1=1&ra2=-1&ra3=600&ra4=25&ra5=100&ra6=0&va=0&as=9117c58ebd9b3d37b63bb5735a2c5c4e&ve=6427f2ffdd26a894f13a6ae380270a5c&islocal=0&ht=0&tpcd=4&tpad=0&drm_t=4&abr_t=0&abr_m=-1&abr_at=&abr_p=0_0&drm_v=3.1.0&drmlicsv=5&chipid=amlogic&mod=&nettype=11&ua_model=DBBOX-A3&rn=1749555106604&stime=1749555106604&vdurt=2746000&krus=tv_android_player&vpt=5_57_60&p1=0&p2=0&pdc_src=-1&a_ra=&a_va=&prtype=0&smallplyrtp=&hwnp=&netmod=1&play_src=&mpi=&starttm=0&sycb=0&firpictm=0&sptype=20&prlst=-1&spyht=2&bpbytes=0&stuck5s=&mtype=4&bptm=0&z=&vfrmtp=1&reas=-5&a1=632&b8=&b30=&b40=&b41=&b42=&b43=&b44=&b1=485&c11=40&c12=115&c13=179&c14=434&b2=310&c16=&c17=&c18=&c19=&b3=&c21=&c22=&
06-10 19:31:47.048 9377 9762 I CLog : 2025-06-10 19:31:47.048 T:9762 DEBUG: enter
06-10 19:31:47.049 9377 9762 W q_h_c_s : HCDN_LOG: [T:9762]MethodLog:1333,QTP SyncGet (reid: 75440436, url: http://msg.ptqy.gitv.tv/v5/core/qb?ptid=14025032401000000000&pf=3&c1=2&c2=&lvbck=&r=1233430264130200&aid=1978642334195801&u=tv_cc46bef63fc2ad8d49126ac32881e261_1749550814769_3644146642&pu=1057382444771596&os=android_034-01-01&v=2.1403.1.250523&krv=5.1.0202&krvb=15549&hcdnv=10.2.3.5212&lnv=&mdlm=2&ra1=1&ra2=-1&ra3=600&ra4=25&ra5=100&ra6=0&va=0&as=9117c58ebd9b3d37b63bb5735a2c5c4e&ve=6427f2ffdd26a894f13a6ae380270a5c&islocal=0&ht=0&tpcd=4&tpad=0&drm_t=4&abr_t=0&abr_m=-1&abr_at=&abr_p=0_0&drm_v=3.1.0&drmlicsv=5&chipid=amlogic&mod=&nettype=11&ua_model=DBBOX-A3&rn=1749555106604&stime=1749555106604&vdurt=2746000&krus=tv_android_player&vpt=5_57_60&p1=0&p2=0&pdc_src=-1&a_ra=&a_va=&prtype=0&smallplyrtp=&hwnp=&netmod=1&play_src=&mpi=&starttm=0&sycb=0&firpictm=0&sptype=20&prlst=-1&spyht=2&bpbytes=0&stuck5s=&mtype=4&bptm=0&z=&vfrmtp=1&reas=-5&a1=632&b8=&b30=&b40=&b41=&b42=&b43=&b44=&b1=485&c11=40&c12=115&c13=179&c14=434&b2=310&c16=&c17=&c18=&c
06-10 19:31:47.049 9377 9762 W q_h_c_s : HCDN_LOG: 19=&b3=&c21=&c22=&c23=&c24=&b4=&c26=&c27=&c28=&c29=&b5=&c31=&c32=&c33=&c34=&b6=&c36=&c37=&c38=&c39=&b9=&c41=&c42=&c43=&c44=&b7=&c46=&c47=&c48=&c49=&b11=&c51=&c52=&c53=&c54=&b12=&c56=&c57=&c58=&c59=&b34=&c66=&c67=&c68=&c69=&b35=&c71=&c72=&c73=&c74=&b36=&c76=&c77=&c78=&c79=&b37=&c81=&c82=&c83=&c84=&b38=&c86=&c87=&c88=&c89=&b13=&c91=&c92=&c93=&c94=&b14=&c96=&c97=&c98=&c99=, connect: 5001, read: 3000, strict: 0, qtp: 1, module: 3001)
06-10 19:31:47.051 9377 9742 W q_h_c_s : HCDN_LOG: [T:9742]SetEasyOpt:1497,curl_easy_setopt CURLOPT_URL success: http://msg.ptqy.gitv.tv/v5/core/qb?ptid=14025032401000000000&pf=3&c1=2&c2=&lvbck=&r=1233430264130200&aid=1978642334195801&u=tv_cc46bef63fc2ad8d49126ac32881e261_1749550814769_3644146642&pu=1057382444771596&os=android_034-01-01&v=2.1403.1.250523&krv=5.1.0202&krvb=15549&hcdnv=10.2.3.5212&lnv=&mdlm=2&ra1=1&ra2=-1&ra3=600&ra4=25&ra5=100&ra6=0&va=0&as=9117c58ebd9b3d37b63bb5735a2c5c4e&ve=6427f2ffdd26a894f13a6ae380270a5c&islocal=0&ht=0&tpcd=4&tpad=0&drm_t=4&abr_t=0&abr_m=-1&abr_at=&abr_p=0_0&drm_v=3.1.0&drmlicsv=5&chipid=amlogic&mod=&nettype=11&ua_model=DBBOX-A3&rn=1749555106604&stime=1749555106604&vdurt=2746000&krus=tv_android_player&vpt=5_57_60&p1=0&p2=0&pdc_src=-1&a_ra=&a_va=&prtype=0&smallplyrtp=&hwnp=&netmod=1&play_src=&mpi=&starttm=0&sycb=0&firpictm=0&sptype=20&prlst=-1&spyht=2&bpbytes=0&stuck5s=&mtype=4&bptm=0&z=&vfrmtp=1&reas=-5&a1=632&b8=&b30=&b40=&b41=&b42=&b43=&b44=&b1=485&c11=40&c12=115&c13=179&c14=434&b2=310&c16=&c17=&c
06-10 19:31:47.051 9377 9742 W q_h_c_s : HCDN_LOG: 18=&c19=&b3=&c21=&c22=&c23=&c24=&b4=&c26=&c27=&c28=&c29=&b5=&c31=&c32=&c33=&c34=&b6=&c36=&c37=&c38=&c39=&b9=&c41=&c42=&c43=&c44=&b7=&c46=&c47=&c48=&c49=&b11=&c51=&c52=&c53=&c54=&b12=&c56=&c57=&c58=&c59=&b34=&c66=&c67=&c68=&c69=&b35=&c71=&c72=&c73=&c74=&b36=&c76=&c77=&c78=&c79=&b37=&c81=&c82=&c83=&c84=&b38=&c86=&c87=&c88=&c89=&b13=&c91=&c92=&c93=&c94=&b14=&c96=&c97=&c98=&c99= (reid: 75440436)
06-10 19:31:47.051 9377 9742 W q_h_c_s : HCDN_LOG: [T:9742]SetCurlTimeout:4095,curl_easy_setopt CURLOPT_CONNECTTIMEOUT_MS success (reid: 75440436, timeout: 5001)
06-10 19:31:47.051 9377 9742 W q_h_c_s : HCDN_LOG: [T:9742]SetCurlTimeout:4161,curl_easy_setopt CURLOPT_TIMEOUT_MS success (reid: 75440436, timeout: 3000)
06-10 19:31:47.051 9377 9742 W q_h_c_s : HCDN_LOG: [T:9742]AddToMultiHandle:1145,AddToMultiHandle reid: 75440436, taskid(0), moduleId(3001), offset(0), length(-1), CURL(0xf13c6510), m_mapRun(1), m_mapReqId2EasyHandle(1), m_vecModuleRun(0,0,0,0,0,0,1,0,0)
06-10 19:31:47.072 9377 9785 E Hcdn_DeTask572787192: HCDN_LOG: [T:9785][HINFO]:[f:PostNotifyInfo],[l:248], notify type(6),info({"BandWidth":0,"IsAd":0,"IsP2P":0,"VID":"e9338e6ec419bc3c6004fc518a1b2656"}
06-10 19:31:47.072 9377 9785 E Hcdn_DeTask572787192: )
06-10 19:31:47.072 9377 9780 E playfilesourceNew: HCDN_LOG: [T:9780][HINFO]:[f:DoAsynNotifyInfoResponse],[l:2605],[TaskID(572787192),type(6),msg({"BandWidth":0,"IsAd":0,"IsP2P":0,"VID":"e9338e6ec419bc3c6004fc518a1b2656"}
06-10 19:31:47.072 9377 9780 E playfilesourceNew: )!]
06-10 19:31:47.107 9377 9742 I CLog : 2025-06-10 19:31:47.107 T:9742 DEBUG: qtp-load(101) QtpHttpHeaderFinishCallback reqid:75440436 adv_header:0
06-10 19:31:47.107 9377 9742 I CLog : 2025-06-10 19:31:47.107 T:9742 DEBUG: [101]RecordNewConnectCount, count:0
06-10 19:31:47.107 9377 9742 I CLog : 2025-06-10 19:31:47.107 T:9742 INFO: qtp-load(101) QtpHttpFinishCallback reqid:75440436
06-10 19:31:47.107 9377 9742 I CLog : 2025-06-10 19:31:47.107 T:9742 INFO: qtp-load(101): local:192.168.3.107 remote:106.38.178.44, DNS:0(ms) Connect:0(ms) SSL Connect:0(ms) Recv Data:53(ms) total:55(ms), speed:0.00(KB/s)
06-10 19:31:47.107 9377 9742 I CLog : 2025-06-10 19:31:47.107 T:9742 INFO: qtp-load(101) QTPINFO_QTPFLOW_INFO: [1749555107107,id:75440436,ip:106.38.178.44,port:80,rt:0.001,ct:0.001,at:0.000,pt:0.002,st:0.054,tt:0.055,as:0.000,ts:0,rdt:0.000,ec:0,hc:200,hv:1,tp:ld]
06-10 19:31:47.107 9377 9742 I CLog : 2025-06-10 19:31:47.107 T:9742 DEBUG: qtp-load(101), data-len:0, access-control-allow-credentials:true access-control-allow-headers:Accept,Authorization,Cache-Control,Content-Type,DNT,If-Modified-Since,Keep-Alive,Origin,User-Agent,X-Requested-With access-control-allow-methods:GET, POST, PUT, DELETE, OPTIONS connection:keep-alive content-length:0 content-type:text/html date:Tue, 10 Jun 2025 11:31:47 GMT server:nginx server_ip:106.38.178.44
06-10 19:31:47.107 9377 9742 I CLog : 2025-06-10 19:31:47.107 T:9742 INFO: qtp-load(101), err(0, 0), syserr(0), transerr(0), multi(0), easy(0), http(200)
06-10 19:31:47.107 9377 9742 I CLog : 2025-06-10 19:31:47.107 T:9742 INFO: qtp-load(101): success! url:http://msg.ptqy.gitv.tv/v5/core/qb?ptid=14025032401000000000&pf=3&c1=2&c2=&lvbck=&r=1233430264130200&aid=1978642334195801&u=tv_cc46bef63fc2ad8d49126ac32881e261_1749550814769_3644146642&pu=1057382444771596&os=android_034-01-01&v=2.1403.1.250523&krv=5.1.0202&krvb=15549&hcdnv=10.2.3.5212&lnv=&mdlm=2&ra1=1&ra2=-1&ra3=600&ra4=25&ra5=100&ra6=0&va=0&as=9117c58ebd9b3d37b63bb5735a2c5c4e&ve=6427f2ffdd26a894f13a6ae380270a5c&islocal=0&ht=0&tpcd=4&tpad=0&drm_t=4&abr_t=0&abr_m=-1&abr_at=&abr_p=0_0&drm_v=3.1.0&drmlicsv=5&chipid=amlogic&mod=&nettype=11&ua_model=DBBOX-A3&rn=1749555106604&stime=1749555106604&vdurt=2746000&krus=tv_android_player&vpt=5_57_60&p1=0&p2=0&pdc_src=-1&a_ra=&a_va=&prtype=0&smallplyrtp=&hwnp=&netmod=1&play_src=&mpi=&starttm=0&sycb=0&firpictm=0&sptype=20&prlst=-1&spyht=2&bpbytes=0&stuck5s=&mtype=4&bptm=0&z=&vfrmtp=1&reas=-5&a1=632&b8=&b30=&b40=&b41=&b42=&b43=&b44=&b1=485&c11=40&c12=115&c13=179&c14=434&b2=310&c16=&c17=&c18=&c19=&b3=&c21=
06-10 19:31:47.107 9377 9742 I CLog : 2025-06-10 19:31:47.107 T:9742 DEBUG: qtp-load(101): CheckLoadComplete exit
06-10 19:31:47.107 9377 9742 I CLog : 2025-06-10 19:31:47.107 T:9742 DEBUG: qtp-load(101) QtpHttpFinishCallback reqid:75440436 exit
06-10 19:31:47.108 9377 9762 I CLog : 2025-06-10 19:31:47.108 T:9762 INFO: qtp-load(101), reqid:75440436, timeout:3000, once_callback:1
06-10 19:31:47.108 9377 9762 I CLog : 2025-06-10 19:31:47.108 T:9762 INFO: qtp-load(102) - Load, https://msg.ptqy.gitv.tv/core?t=15&ptid=14025032401000000000&pf=3&c1=2&c2=&lvbck=&r=1233430264130200&aid=1978642334195801&u=tv_cc46bef63fc2ad8d49126ac32881e261_1749550814769_3644146642&pu=1057382444771596&os=android_034-01-01&v=2.1403.1.250523&krv=5.1.0202&krvb=15549&hcdnv=10.2.3.5212&lnv=&mdlm=2&ra1=1&ra2=-1&ra3=600&ra4=25&ra5=100&ra6=0&va=0&as=9117c58ebd9b3d37b63bb5735a2c5c4e&ve=6427f2ffdd26a894f13a6ae380270a5c&islocal=0&ht=0&tpcd=4&tpad=0&drm_t=4&abr_t=0&abr_m=-1&abr_at=&abr_p=0_0&drm_v=3.1.0&drmlicsv=5&chipid=amlogic&mod=&nettype=11&ua_model=DBBOX-A3&rn=1749555106604&stime=1749555106604&vdurt=2746000&krus=tv_android_player&vpt=5_57_60&p1=0&p2=0&pdc_src=-1&a_ra=&a_va=&prtype=0&smallplyrtp=&hwnp=&netmod=1&play_src=&mpi=&vfrmtp=1&z=baiducdn_ct&plyrn=1&clpn=0&psn1=0&psn2=0&psn3=0&psn4=1&psn5=0&psn6=0&tmmry=3677&ummry=-1
06-10 19:31:47.108 9377 9762 I CLog : 2025-06-10 19:31:47.108 T:9762 DEBUG: enter
06-10 19:31:47.108 9377 9762 W q_h_c_s : HCDN_LOG: [T:9762]MethodLog:1333,QTP SyncGet (reid: 75440437, url: https://msg.ptqy.gitv.tv/core?t=15&ptid=14025032401000000000&pf=3&c1=2&c2=&lvbck=&r=1233430264130200&aid=1978642334195801&u=tv_cc46bef63fc2ad8d49126ac32881e261_1749550814769_3644146642&pu=1057382444771596&os=android_034-01-01&v=2.1403.1.250523&krv=5.1.0202&krvb=15549&hcdnv=10.2.3.5212&lnv=&mdlm=2&ra1=1&ra2=-1&ra3=600&ra4=25&ra5=100&ra6=0&va=0&as=9117c58ebd9b3d37b63bb5735a2c5c4e&ve=6427f2ffdd26a894f13a6ae380270a5c&islocal=0&ht=0&tpcd=4&tpad=0&drm_t=4&abr_t=0&abr_m=-1&abr_at=&abr_p=0_0&drm_v=3.1.0&drmlicsv=5&chipid=amlogic&mod=&nettype=11&ua_model=DBBOX-A3&rn=1749555106604&stime=1749555106604&vdurt=2746000&krus=tv_android_player&vpt=5_57_60&p1=0&p2=0&pdc_src=-1&a_ra=&a_va=&prtype=0&smallplyrtp=&hwnp=&netmod=1&play_src=&mpi=&vfrmtp=1&z=baiducdn_ct&plyrn=1&clpn=0&psn1=0&psn2=0&psn3=0&psn4=1&psn5=0&psn6=0&tmmry=3677&ummry=-1, connect: 5001, read: 3000, strict: 0, qtp: 1, module: 3001)
06-10 19:31:47.109 9377 9742 W q_h_c_s : HCDN_LOG: [T:9742]SetEasyOpt:1497,curl_easy_setopt CURLOPT_URL success: https://msg.ptqy.gitv.tv/core?t=15&ptid=14025032401000000000&pf=3&c1=2&c2=&lvbck=&r=1233430264130200&aid=1978642334195801&u=tv_cc46bef63fc2ad8d49126ac32881e261_1749550814769_3644146642&pu=1057382444771596&os=android_034-01-01&v=2.1403.1.250523&krv=5.1.0202&krvb=15549&hcdnv=10.2.3.5212&lnv=&mdlm=2&ra1=1&ra2=-1&ra3=600&ra4=25&ra5=100&ra6=0&va=0&as=9117c58ebd9b3d37b63bb5735a2c5c4e&ve=6427f2ffdd26a894f13a6ae380270a5c&islocal=0&ht=0&tpcd=4&tpad=0&drm_t=4&abr_t=0&abr_m=-1&abr_at=&abr_p=0_0&drm_v=3.1.0&drmlicsv=5&chipid=amlogic&mod=&nettype=11&ua_model=DBBOX-A3&rn=1749555106604&stime=1749555106604&vdurt=2746000&krus=tv_android_player&vpt=5_57_60&p1=0&p2=0&pdc_src=-1&a_ra=&a_va=&prtype=0&smallplyrtp=&hwnp=&netmod=1&play_src=&mpi=&vfrmtp=1&z=baiducdn_ct&plyrn=1&clpn=0&psn1=0&psn2=0&psn3=0&psn4=1&psn5=0&psn6=0&tmmry=3677&ummry=-1 (reid: 75440437)
06-10 19:31:47.109 9377 9742 W q_h_c_s : HCDN_LOG: [T:9742]SetCurlTimeout:4095,curl_easy_setopt CURLOPT_CONNECTTIMEOUT_MS success (reid: 75440437, timeout: 5001)
06-10 19:31:47.109 9377 9742 W q_h_c_s : HCDN_LOG: [T:9742]SetCurlTimeout:4161,curl_easy_setopt CURLOPT_TIMEOUT_MS success (reid: 75440437, timeout: 3000)
06-10 19:31:47.109 9377 9742 W q_h_c_s : HCDN_LOG: [T:9742]AddToMultiHandle:1145,AddToMultiHandle reid: 75440437, taskid(0), moduleId(3001), offset(0), length(-1), CURL(0xf13c6510), m_mapRun(1), m_mapReqId2EasyHandle(1), m_vecModuleRun(0,0,0,0,0,0,1,0,0)
06-10 19:31:47.134 4174 6769 D TrafficStats: tagSocket(108) with statsTag=0xffffffff, statsUid=-1
06-10 19:31:47.146 9377 16441 D db_request: Response Body: {"requestId":"e728a7a7-f2ec-4a74-b8df-a40e123bfd45","code":0,"message":"success","data":[{"cid":1969,"title":"电影","img":"","desc":"每周一、三、五更新排行榜","list":[{"id":73315064,"title":"苍茫的天涯是我的爱","cid":1969,"img":"https://zmimg.dangbei.net/operatecenter/20250610/ua02w5hdx1qss.jpg","imgV":"http://ottdbui-zmimg.yysh.mgtv.com/asset/2025-06-06/09f62621-2b4d-46f6-add6-78581b842c9b.jpg","pic":"http://ottdbui-zmimg.yysh.mgtv.com/asset/2025-06-06/9d78e597-bb08-41db-94a3-2eb16dd28368.jpg","score":8.6,"desc":"古板遇上鬼马,铁树遇上火花。阴差阳错,让司机老赵和青年于虹踏上乌龙之旅。两人一路火花带闪电,欢声笑语掀翻半个中国。","act":"曾毅/周奇/孙艺洲/柳岩/王玉雯/王迅/张智超/许吴彬/赵海燕/范明/吴军/蒋诗萌/张磊/李栋/雷淞然/庞博/符龙飞/张一鸣/肖央/王太利/孟鹤堂/曹鹤阳/印小天/张晓谦/黄曦彦/孙嘉灵/关鹏/于瀚钧/闫猛","director":"陈孝良","cat":"公路/剧情/喜剧","year":2025,"area":"中国内地","eptotal":1,"epup":0,"infoCat":"中国内地/2025/公路/剧情/喜剧","extra":{"score":8.6,"tag":"VIP·影视","tagColor":"#F6B999","tagEndColor":"#FFE2C7","tagTextColor":"#6F4848","drm":"","tagPic":"","source":12},"infoPerson":"导演:陈孝良","drm":"","hot":5602,"duration":"109分钟","recTitle":"曾毅跨界喜剧首秀","jumpConfig":{"type":0,"link":"db://mediadetail?id=73315064&type=12&jumpFrom=电影排行榜_1","source":12},"subTitle":"评分8.6","infoStr":"公路/剧情/喜剧 · 109分钟 · 中国内地","videoUrl":"","o_img":"http://ottdbui-zmimg.yysh.mgtv.com/asset/2025-06-06/9d78e597-bb08-41db-94a3-2eb16dd28368.jpg"},{"id":73270838,"title":"制暴:无限杀机","cid":1969,"img":"https://zmimg.dangbei.net/operatecenter/20250604/pzhw3whlq3ex8.jpg","imgV":"http://ottdbui-zmimg.yysh.mgtv.com/asset/2025-05-31/899ff42e-9c9e-43f6-b15d-df8cab44b440.jpg","pic":"http://ottdbui-zmimg.yysh.mgtv.com/asset/2025-05-31/01031c72-5589-49ae-8109-f2e9be1ec0d7.jpg","score":8.6,"desc":"莱文是一名英国士兵退伍后转行做起了建筑工人。老板女儿珍妮也与莱文关系甚佳。珍妮在外出游玩时不幸被人贩绑架。莱文听闻消息后,他从珍妮失踪的酒吧一路追查到一个叫迪米的人。莱文靠假意合作打入该组织,最终找到了迪米藏匿人贩的地点,成功救出了珍妮。","act":"杰森·斯坦森/杰森·弗莱明/大卫·哈伯","director":"大卫·阿耶","cat":"动作/剧情/惊悚","year":2025,"area":"英国,美国","eptotal":1,"epup":0,"infoCat":"英国,美国/2025/动作/剧情/惊悚","extra":{"score":8.6,"tag":"VIP·影视","tagColor":"#F6B999","tagEndColor":"#FFE2C7","tagTextColor":"#6F4848","drm":"","tagPic":"","source":12},"infoPerson":"导演:大卫·阿耶","drm":"","hot":4634,"duration":"116分钟","recTitle":"杰森斯坦森极速救援","jumpConfig":{"type":0,"link":"db://mediadetail?id=73270838&type=12&jumpFrom=电影排行榜_2","source":12},"subTitle":"评分8.6","infoStr":"动作/剧情/惊悚 · 116分钟 · 英国,美国","videoUrl":"","o_img":"http://ottdbui-zmimg.yysh.mgtv.com/asset/2025-05-31/01031c72-5589-49ae-8109-f2e9be1ec0d7.jpg"},{"id":73716133,"title":"黄沙漫天","cid":1969,"img":"https://zmimg.dangbei.net/operatecenter/20250531/98eh3syprhjxg.jpg","imgV":"http://ottdbui-zmimg.yysh.mgtv.com/asset/2025-05-31/79ccf05c-ff80-490e-b98c-9fc99a2a39aa.jpg","pic":"http://ottdbui-zmimg.yysh.mgtv.com/asset/2025-05-31/fd9a928e-d47e-47a6-a6e1-6ce6fc7c51b5.jpg","score":8.1,"desc":"一座孤城,两个骗子,三方势力。骗子贾毅征伪装成特派员骗得了县城协防军司令胡锭邦的一笔巨款,在逃亡到县城的过程中,阴差阳错被与日本人秘密合作并图谋叛国的县长谢千里当成了真特派员,两人各怀鬼胎,为了自己的利益使出浑身解数尔虞我诈,过程中上演啼笑皆非的荒诞大戏。经过一系列遭遇后,最终贾毅征投身正义,加入革命抗日道路。"
06-10 19:31:47.146 9377 9607 V UFUnilog: UFNEasyCurlClientImpl.cpp : 66 PingbackSdk {fuc=UFNEasyCurlClientImpl:Perform(),logtag=babelqos_pb_183,interface_msg=out}
06-10 19:31:47.146 9377 9607 V UFUnilog: api_engine.cpp : 189 PingbackSdk {fuc=APIEngine:Call(),logtag=babelqos_pb_183,interface_msg=Start Try!,try_count=1}
06-10 19:31:47.147 9377 9607 D PINGBACKSDK: PlayerPbApi.cpp:38 PingbackLog: send success! http://msg.ptqy.gitv.tv/qos/3_31_312:124.237.225.22,tvdatareq:msg=[{"ct":"tvdatareq","deviceid":"tv_cc46bef63fc2ad8d49126ac32881e261_1749550814769_3644146642","dfp":"","diy_r":"","diy_ri":"ad_pause","diy_sfrom":"idle","hcdn":"1","hcdnromsz":"200","hcdnv":"10.2.3.5212","hu":"5%2C57%2C60","hwver":"DBBOX-A3","isroot":"1","lch_ver":"1.7","livenetv":"6.24.26.354","localtime":"2025-06-10-19%3A31%3A46","lsv":"18.0.1.5212","mkey":"20200817110900551NKVuEWAfr101626","mod":"cn_s","os":"34","p1":"3_31_312","p2":"3128","pbv":"","procid":"9377","psp_4kh264":"1","psp_4kh265":"1","psp_dolby":"1","psp_dv":"0","psp_edr":"","psp_h264":"1","psp_h265":"1","psp_hdr10":"1","psp_ratedef":"10","psp_ratedefdv":"10","psp_ratedefhdr":"","pu":"1057382444771596","qyctx":"F4473C91B7
06-10 19:31:47.147 9377 9607 D PINGBACKSDK: PlayerPbApi.cpp:40 PingbackLog: send success! tvdatareq:7028CDDBE404B5C7899B64B7B53B67DFF055D126EB02A9DE3B7B1C2E0171DCB8766A144F466DC62EC042DD4F1A2361080C9C140CFEC187AA217144B7D57FF90ED91469E7571AAED169DBEABB9F51CA8CF9C767726661CBB86DA934","qyctxv":"1","ravd_auth":"-1","re":"1920x1080","rn":"4573866642","romrsz":"53510","romsz":"55669","sdkv":"1.1403.1.06053","stat":"0","stime":"1749555106185","t":"9","term":{"brand":"Amlogic","chip":"","core":"4","cpu_arch":"8","cpu_freq":"2508000","cpu_implementer":"65","cpu_part":"3333","cpu_processor":"","diy_hwver":"DBBOX-A3","dolbycodec":"-1","firmver":"UD2A.240505.001.W1.eng.server.20250610.164709 release-keys","high_end":"-1","hpformance":"","hwprod":"","hwversub":"","memory":"3677","p_hdcp":"","p_maxhdcp
06-10 19:31:47.147 9377 9607 D PINGBACKSDK: PlayerPbApi.cpp:35 PingbackLog: send success! tvdatareq:":"","rammode":"","vendor":""},"tm":"0","u":"tv_cc46bef63fc2ad8d49126ac32881e261","v":"2.1403.1.250523","ve":"1749555105972B9102071B18D4081C29","vsp_4kh264":"1","vsp_4kh265":"1","vsp_8k":"0","vsp_daudio":"1","vsp_dv":"0","vsp_edr":"0","vsp_h265":"1","vsp_hdr10":"1","vsp_ratedef":"10","vsp_ratedefEdr":"-1","vsp_ratedefdolby":"10","vsp_ratedefdv":"-1","vsp_ratedefhdr":"-1","wifimac":"02%3A00%3A00%3A00%3A00%3A00"}]
06-10 19:31:47.148 9377 9607 D UFUnilog: api_network_status.cpp : 105 {fuc=APINetworkStatus:IsIPV6Works(),interface_msg=localResult=0, fastdnsResult=0}
06-10 19:31:47.148 9377 9607 I UFUnilog: api_engine.cpp : 993 PingbackSdk {fuc=APIEngine::generateFinalIPV6Config(),logtag=babelqos_pb_184,interface_msg=forceIPV6Status:-1}
06-10 19:31:47.148 9377 9607 I UFUnilog: api_engine.cpp : 1003 PingbackSdk {fuc=APIEngine::generateFinalIPV6Config(),logtag=babelqos_pb_184,interface_msg=domain support ipv6, sOriginHost:msg.ptqy.gitv.tv, strIPV6Domain:}
06-10 19:31:47.148 9377 9607 V UFUnilog: api_engine.cpp : 189 PingbackSdk {fuc=APIEngine:Call(),logtag=babelqos_pb_184,interface_msg=Start Try!,try_count=0}
06-10 19:31:47.149 9377 9607 I UFUnilog: api_strategy_impl.cpp : 438 PingbackSdk {fuc=APIStrategyImpl:CreateStrategyResult(),logtag=babelqos_pb_184,strategyname=httpdns-strategy,current_try_count=0,interface_msg=try to get ip list from dns_type = 1}
06-10 19:31:47.149 9377 9607 W UFUnilog: api_httpdns_fastdns.cpp : 110 {fuc=APIHttpdnsFastDns:GetHttpDnsResult(),interface_msg=start find,business=unifiedx,bgp_flag=1,timeout=2000,domain_list=msg.ptqy.gitv.tv,cache_only=0}
06-10 19:31:47.151 9377 9607 I UFUnilog: api_httpdns_fastdns.cpp : 184 {fuc=APIHttpdnsFastDns:GetHttpDnsResult(),interface_msg=v6 domain finded, result4a_size=1, result4aaaa_size=1, result4b_size=1, result4bbbb_size=0}
06-10 19:31:47.151 9377 9607 I UFUnilog: api_httpdns_fastdns.cpp : 200 {fuc=APIHttpdnsFastDns:GetHttpDnsResult(),interface_msg=v4 finded,domain=msg.ptqy.gitv.tv,ip_list_count=4,ip_from_cache=1,ns_result=116.211.198.144|443}
06-10 19:31:47.151 9377 9607 I UFUnilog: api_httpdns_fastdns.cpp : 221 {fuc=APIHttpdnsFastDns:GetHttpDnsResult(),interface_msg=v6 finded,domain=msg.ptqy.gitv.tv,ip_list_count_v6=3,ip_from_cache=1,ns_result=116.211.198.144|443}
06-10 19:31:47.151 9377 9607 I UFUnilog: api_httpdns_fastdns.cpp : 246 {fuc=APIHttpdnsFastDns:GetHttpDnsResult(),interface_msg=v4 backup finded,domain=msg.ptqy.gitv.tv,ip_list_count_b=4,bfirst=0,ip_from_cache=1,ns_result=116.211.198.144|443}
06-10 19:31:47.151 9377 9607 I UFUnilog: api_strategy_impl.cpp : 569 PingbackSdk {fuc=APIStrategyImpl:CreateStrategyResult(),logtag=babelqos_pb_184,strategyname=httpdns-strategy,interface_msg=complete build strategy result,suggest_url_params=,suggest_protocol=,bReplaceWithNewFullUrl=0,bReplaceWithNewHeaders=0}
06-10 19:31:47.152 9377 9607 V UFUnilog: UFNEasyCurlClientImpl.cpp : 16 PingbackSdk {fuc=UFNEasyCurlClientImpl:Perform(),logtag=babelqos_pb_184,interface_msg=in}
06-10 19:31:47.158 9377 9742 I CLog : 2025-06-10 19:31:47.158 T:9742 DEBUG: qtp-load(102) QtpHttpHeaderFinishCallback reqid:75440437 adv_header:0
06-10 19:31:47.158 9377 9742 I CLog : 2025-06-10 19:31:47.158 T:9742 DEBUG: [102]RecordNewConnectCount, count:0
06-10 19:31:47.159 9377 9742 I CLog : 2025-06-10 19:31:47.159 T:9742 INFO: qtp-load(102) QtpHttpFinishCallback reqid:75440437
06-10 19:31:47.159 9377 9742 I CLog : 2025-06-10 19:31:47.159 T:9742 INFO: qtp-load(102): local:192.168.3.107 remote:124.237.225.22, DNS:0(ms) Connect:0(ms) SSL Connect:0(ms) Recv Data:46(ms) total:48(ms), speed:0.00(KB/s)
06-10 19:31:47.159 9377 9742 I CLog : 2025-06-10 19:31:47.159 T:9742 INFO: qtp-load(102) QTPINFO_QTPFLOW_INFO: [1749555107157,id:75440437,ip:124.237.225.22,port:443,rt:0.000,ct:0.000,at:0.000,pt:0.001,st:0.046,tt:0.048,as:0.000,ts:0,rdt:0.000,ec:0,hc:200,hv:2,tp:ld]
06-10 19:31:47.159 9377 9742 I CLog : 2025-06-10 19:31:47.159 T:9742 DEBUG: qtp-load(102), data-len:0, access-control-allow-credentials:true access-control-allow-headers:Accept,Authorization,Cache-Control,Content-Type,DNT,If-Modified-Since,Keep-Alive,Origin,User-Agent,X-Requested-With access-control-allow-methods:GET, POST, PUT, DELETE, OPTIONS content-length:0 content-type:text/html date:Tue, 10 Jun 2025 11:31:47 GMT server:nginx server_ip:124.237.225.22
06-10 19:31:47.159 9377 9742 I CLog : 2025-06-10 19:31:47.159 T:9742 INFO: qtp-load(102), err(0, 0), syserr(0), transerr(0), multi(0), easy(0), http(200)
06-10 19:31:47.159 9377 9742 I CLog : 2025-06-10 19:31:47.159 T:9742 INFO: qtp-load(102): success! url:https://msg.ptqy.gitv.tv/core?t=15&ptid=14025032401000000000&pf=3&c1=2&c2=&lvbck=&r=1233430264130200&aid=1978642334195801&u=tv_cc46bef63fc2ad8d49126ac32881e261_1749550814769_3644146642&pu=1057382444771596&os=android_034-01-01&v=2.1403.1.250523&krv=5.1.0202&krvb=15549&hcdnv=10.2.3.5212&lnv=&mdlm=2&ra1=1&ra2=-1&ra3=600&ra4=25&ra5=100&ra6=0&va=0&as=9117c58ebd9b3d37b63bb5735a2c5c4e&ve=6427f2ffdd26a894f13a6ae380270a5c&islocal=0&ht=0&tpcd=4&tpad=0&drm_t=4&abr_t=0&abr_m=-1&abr_at=&abr_p=0_0&drm_v=3.1.0&drmlicsv=5&chipid=amlogic&mod=&nettype=11&ua_model=DBBOX-A3&rn=1749555106604&stime=1749555106604&vdurt=2746000&krus=tv_android_player&vpt=5_57_60&p1=0&p2=0&pdc_src=-1&a_ra=&a_va=&prtype=0&smallplyrtp=&hwnp=&netmod=1&play_src=&mpi=&vfrmtp=1&z=baiducdn_ct&plyrn=1&clpn=0&psn1=0&psn2=0&psn3=0&psn4=1&psn5=0&psn6=0&tmmry=3677&ummry=-1
06-10 19:31:47.159 9377 9742 I CLog : 2025-06-10 19:31:47.159 T:9742 DEBUG: qtp-load(102): CheckLoadComplete exit
06-10 19:31:47.159 9377 9742 I CLog : 2025-06-10 19:31:47.159 T:9742 DEBUG: qtp-load(102) QtpHttpFinishCallback reqid:75440437 exit
06-10 19:31:47.159 9377 9762 I CLog : 2025-06-10 19:31:47.159 T:9762 INFO: qtp-load(102), reqid:75440437, timeout:3000, once_callback:1
06-10 19:31:47.160 9377 9762 I CLog : 2025-06-10 19:31:47.160 T:9762 INFO: qtp-load(103) - Load, https://msg.ptqy.gitv.tv/core?t=5&ptid=14025032401000000000&pf=3&c1=2&c2=&lvbck=&r=1233430264130200&aid=1978642334195801&u=tv_cc46bef63fc2ad8d49126ac32881e261_1749550814769_3644146642&pu=1057382444771596&os=android_034-01-01&v=2.1403.1.250523&krv=5.1.0202&krvb=15549&hcdnv=10.2.3.5212&lnv=&mdlm=&ra1=&ra2=&ra3=&ra4=25&ra5=100&ra6=0&va=-1&as=f1754f9a6fe2ca658f16fdc011f73995&ve=&islocal=&ht=0&tpcd=&tpad=-1&drm_t=0&abr_t=0&abr_m=-1&abr_at=&abr_p=0_0&chipid=amlogic&mod=&nettype=11&ua_model=DBBOX-A3&rn=1749555106611&stime=1749555106611&vdurt=&krus=tv_android_player&vpt=5_57_60&p1=0&p2=0&pdc_src=-1&a_ra=&a_va=&prtype=&smallplyrtp=&hwnp=&netmod=1&play_src=&mpi=&a=79&pt=
06-10 19:31:47.160 9377 9762 I CLog : 2025-06-10 19:31:47.160 T:9762 DEBUG: enter
06-10 19:31:47.160 9377 9762 W q_h_c_s : HCDN_LOG: [T:9762]MethodLog:1333,QTP SyncGet (reid: 75440438, url: https://msg.ptqy.gitv.tv/core?t=5&ptid=14025032401000000000&pf=3&c1=2&c2=&lvbck=&r=1233430264130200&aid=1978642334195801&u=tv_cc46bef63fc2ad8d49126ac32881e261_1749550814769_3644146642&pu=1057382444771596&os=android_034-01-01&v=2.1403.1.250523&krv=5.1.0202&krvb=15549&hcdnv=10.2.3.5212&lnv=&mdlm=&ra1=&ra2=&ra3=&ra4=25&ra5=100&ra6=0&va=-1&as=f1754f9a6fe2ca658f16fdc011f73995&ve=&islocal=&ht=0&tpcd=&tpad=-1&drm_t=0&abr_t=0&abr_m=-1&abr_at=&abr_p=0_0&chipid=amlogic&mod=&nettype=11&ua_model=DBBOX-A3&rn=1749555106611&stime=1749555106611&vdurt=&krus=tv_android_player&vpt=5_57_60&p1=0&p2=0&pdc_src=-1&a_ra=&a_va=&prtype=&smallplyrtp=&hwnp=&netmod=1&play_src=&mpi=&a=79&pt=, connect: 5001, read: 3000, strict: 0, qtp: 1, module: 3001)
06-10 19:31:47.161 9377 9742 W q_h_c_s : HCDN_LOG: [T:9742]SetEasyOpt:1497,curl_easy_setopt CURLOPT_URL success: https://msg.ptqy.gitv.tv/core?t=5&ptid=14025032401000000000&pf=3&c1=2&c2=&lvbck=&r=1233430264130200&aid=1978642334195801&u=tv_cc46bef63fc2ad8d49126ac32881e261_1749550814769_3644146642&pu=1057382444771596&os=android_034-01-01&v=2.1403.1.250523&krv=5.1.0202&krvb=15549&hcdnv=10.2.3.5212&lnv=&mdlm=&ra1=&ra2=&ra3=&ra4=25&ra5=100&ra6=0&va=-1&as=f1754f9a6fe2ca658f16fdc011f73995&ve=&islocal=&ht=0&tpcd=&tpad=-1&drm_t=0&abr_t=0&abr_m=-1&abr_at=&abr_p=0_0&chipid=amlogic&mod=&nettype=11&ua_model=DBBOX-A3&rn=1749555106611&stime=1749555106611&vdurt=&krus=tv_android_player&vpt=5_57_60&p1=0&p2=0&pdc_src=-1&a_ra=&a_va=&prtype=&smallplyrtp=&hwnp=&netmod=1&play_src=&mpi=&a=79&pt= (reid: 75440438)
06-10 19:31:47.162 9377 9742 W q_h_c_s : HCDN_LOG: [T:9742]SetCurlTimeout:4095,curl_easy_setopt CURLOPT_CONNECTTIMEOUT_MS success (reid: 75440438, timeout: 5001)
06-10 19:31:47.162 9377 9742 W q_h_c_s : HCDN_LOG: [T:9742]SetCurlTimeout:4161,curl_easy_setopt CURLOPT_TIMEOUT_MS success (reid: 75440438, timeout: 3000)
06-10 19:31:47.162 9377 9742 W q_h_c_s : HCDN_LOG: [T:9742]AddToMultiHandle:1145,AddToMultiHandle reid: 75440438, taskid(0), moduleId(3001), offset(0), length(-1), CURL(0xf13c6510), m_mapRun(1), m_mapReqId2EasyHandle(1), m_vecModuleRun(0,0,0,0,0,0,1,0,0)
06-10 19:31:47.173 9377 9785 E Hcdn_DeTask572787192: HCDN_LOG: [T:9785][HINFO]:[f:PostNotifyInfo],[l:248], notify type(6),info({"BandWidth":0,"IsAd":0,"IsP2P":0,"VID":"e9338e6ec419bc3c6004fc518a1b2656"}
06-10 19:31:47.173 9377 9785 E Hcdn_DeTask572787192: )
06-10 19:31:47.173 9377 9780 E playfilesourceNew: HCDN_LOG: [T:9780][HINFO]:[f:DoAsynNotifyInfoResponse],[l:2605],[TaskID(572787192),type(6),msg({"BandWidth":0,"IsAd":0,"IsP2P":0,"VID":"e9338e6ec419bc3c6004fc518a1b2656"}
06-10 19:31:47.173 9377 9780 E playfilesourceNew: )!]
06-10 19:31:47.221 9377 9742 I CLog : 2025-06-10 19:31:47.221 T:9742 DEBUG: qtp-load(103) QtpHttpHeaderFinishCallback reqid:75440438 adv_header:0
06-10 19:31:47.221 9377 9742 I CLog : 2025-06-10 19:31:47.221 T:9742 DEBUG: [103]RecordNewConnectCount, count:0
06-10 19:31:47.221 9377 9742 I CLog : 2025-06-10 19:31:47.221 T:9742 INFO: qtp-load(103) QtpHttpFinishCallback reqid:75440438
06-10 19:31:47.221 9377 9742 I CLog : 2025-06-10 19:31:47.221 T:9742 INFO: qtp-load(103): local:192.168.3.107 remote:124.237.225.22, DNS:0(ms) Connect:0(ms) SSL Connect:0(ms) Recv Data:56(ms) total:58(ms), speed:0.00(KB/s)
06-10 19:31:47.221 9377 9742 I CLog : 2025-06-10 19:31:47.221 T:9742 INFO: qtp-load(103) QTPINFO_QTPFLOW_INFO: [1749555107220,id:75440438,ip:124.237.225.22,port:443,rt:0.000,ct:0.000,at:0.000,pt:0.002,st:0.057,tt:0.058,as:0.000,ts:0,rdt:0.000,ec:0,hc:200,hv:2,tp:ld]
06-10 19:31:47.221 9377 9742 I CLog : 2025-06-10 19:31:47.221 T:9742 DEBUG: qtp-load(103), data-len:0, access-control-allow-credentials:true access-control-allow-headers:Accept,Authorization,Cache-Control,Content-Type,DNT,If-Modified-Since,Keep-Alive,Origin,User-Agent,X-Requested-With access-control-allow-methods:GET, POST, PUT, DELETE, OPTIONS content-length:0 content-type:text/html date:Tue, 10 Jun 2025 11:31:47 GMT server:nginx server_ip:124.237.225.22
06-10 19:31:47.221 9377 9742 I CLog : 2025-06-10 19:31:47.221 T:9742 INFO: qtp-load(103), err(0, 0), syserr(0), transerr(0), multi(0), easy(0), http(200)
06-10 19:31:47.221 9377 9742 I CLog : 2025-06-10 19:31:47.221 T:9742 INFO: qtp-load(103): success! url:https://msg.ptqy.gitv.tv/core?t=5&ptid=14025032401000000000&pf=3&c1=2&c2=&lvbck=&r=1233430264130200&aid=1978642334195801&u=tv_cc46bef63fc2ad8d49126ac32881e261_1749550814769_3644146642&pu=1057382444771596&os=android_034-01-01&v=2.1403.1.250523&krv=5.1.0202&krvb=15549&hcdnv=10.2.3.5212&lnv=&mdlm=&ra1=&ra2=&ra3=&ra4=25&ra5=100&ra6=0&va=-1&as=f1754f9a6fe2ca658f16fdc011f73995&ve=&islocal=&ht=0&tpcd=&tpad=-1&drm_t=0&abr_t=0&abr_m=-1&abr_at=&abr_p=0_0&chipid=amlogic&mod=&nettype=11&ua_model=DBBOX-A3&rn=1749555106611&stime=1749555106611&vdurt=&krus=tv_android_player&vpt=5_57_60&p1=0&p2=0&pdc_src=-1&a_ra=&a_va=&prtype=&smallplyrtp=&hwnp=&netmod=1&play_src=&mpi=&a=79&pt=
06-10 19:31:47.221 9377 9742 I CLog : 2025-06-10 19:31:47.221 T:9742 DEBUG: qtp-load(103): CheckLoadComplete exit
06-10 19:31:47.221 9377 9742 I CLog : 2025-06-10 19:31:47.221 T:9742 DEBUG: qtp-load(103) QtpHttpFinishCallback reqid:75440438 exit
06-10 19:31:47.221 9377 9762 I CLog : 2025-06-10 19:31:47.221 T:9762 INFO: qtp-load(103), reqid:75440438, timeout:3000, once_callback:1
06-10 19:31:47.276 9377 9785 E Hcdn_DeTask572787192: HCDN_LOG: [T:9785][HINFO]:[f:PostNotifyInfo],[l:248], notify type(6),info({"BandWidth":0,"IsAd":0,"IsP2P":0,"VID":"e9338e6ec419bc3c6004fc518a1b2656"}
06-10 19:31:47.276 9377 9785 E Hcdn_DeTask572787192: )
06-10 19:31:47.276 9377 9780 E playfilesourceNew: HCDN_LOG: [T:9780][HINFO]:[f:DoAsynNotifyInfoResponse],[l:2605],[TaskID(572787192),type(6),msg({"BandWidth":0,"IsAd":0,"IsP2P":0,"VID":"e9338e6ec419bc3c6004fc518a1b2656"}
06-10 19:31:47.276 9377 9780 E playfilesourceNew: )!]
06-10 19:31:47.281 9377 9607 V UFUnilog: UFNEasyCurlClientImpl.cpp : 66 PingbackSdk {fuc=UFNEasyCurlClientImpl:Perform(),logtag=babelqos_pb_184,interface_msg=out}
06-10 19:31:47.281 9377 9607 V UFUnilog: api_engine.cpp : 189 PingbackSdk {fuc=APIEngine:Call(),logtag=babelqos_pb_184,interface_msg=Start Try!,try_count=1}
06-10 19:31:47.282 9377 9607 D PINGBACKSDK: PlayerPbApi.cpp:38 PingbackLog: send success! http://msg.ptqy.gitv.tv/qos/3_31_312:124.237.225.22,tvdatareq:msg=[{"c1":"0","ct":"tvdatareq","deviceid":"tv_cc46bef63fc2ad8d49126ac32881e261_1749550814769_3644146642","dfp":"","diy_r":"","diy_ri":"ad_sticker","diy_sfrom":"idle","hcdn":"1","hcdnromsz":"200","hcdnv":"10.2.3.5212","hu":"5%2C57%2C60","hwver":"DBBOX-A3","isroot":"1","lch_ver":"1.7","livenetv":"6.24.26.354","localtime":"2025-06-10-19%3A31%3A46","lsv":"18.0.1.5212","mkey":"20200817110900551NKVuEWAfr101626","mod":"cn_s","os":"34","p1":"3_31_312","p2":"3128","pbv":"","plyert":"native_advance","procid":"9377","psp_4kh264":"1","psp_4kh265":"1","psp_dolby":"1","psp_dv":"0","psp_edr":"","psp_h264":"1","psp_h265":"1","psp_hdr10":"1","psp_ratedef":"10","psp_ratedefdv":"10","psp_ratedefhdr":"","pu":"
06-10 19:31:47.282 9377 9607 D PINGBACKSDK: PlayerPbApi.cpp:40 PingbackLog: send success! tvdatareq:1057382444771596","qyctx":"F4473C91B77028CDDBE404B5C7899B64B7B53B67DFF055D126EB02A9DE3B7B1C2E0171DCB8766A144F466DC62EC042DD4F1A2361080C9C140CFEC187AA217144B7D57FF90ED91469E7571AAED169DBEABB9F51CA8CF9C767726661CBB86DA934","qyctxv":"1","ravd_auth":"-1","re":"1920x1080","rn":"1846399566","romrsz":"53510","romsz":"55669","sdkv":"1.1403.1.06053","stat":"error","stime":"1749555106187","t":"9","term":{"brand":"Amlogic","chip":"","core":"4","cpu_arch":"8","cpu_freq":"2508000","cpu_implementer":"65","cpu_part":"3333","cpu_processor":"","diy_hwver":"DBBOX-A3","dolbycodec":"-1","firmver":"UD2A.240505.001.W1.eng.server.20250610.164709 release-keys","high_end":"-1","hpformance":"","hwprod":"","hwversub":
06-10 19:31:47.282 9377 9607 D PINGBACKSDK: PlayerPbApi.cpp:35 PingbackLog: send success! tvdatareq:"","memory":"3677","p_hdcp":"","p_maxhdcp":"","rammode":"","vendor":""},"tm":"","u":"tv_cc46bef63fc2ad8d49126ac32881e261","v":"2.1403.1.250523","ve":"1749555105972B9102071B18D4081C29","vsp_4kh264":"1","vsp_4kh265":"1","vsp_8k":"0","vsp_daudio":"1","vsp_dv":"0","vsp_edr":"0","vsp_h265":"1","vsp_hdr10":"1","vsp_ratedef":"10","vsp_ratedefEdr":"-1","vsp_ratedefdolby":"10","vsp_ratedefdv":"-1","vsp_ratedefhdr":"-1","wifimac":"02%3A00%3A00%3A00%3A00%3A00"}]
06-10 19:31:47.282 9377 9607 D UFUnilog: api_network_status.cpp : 105 {fuc=APINetworkStatus:IsIPV6Works(),interface_msg=localResult=0, fastdnsResult=0}
06-10 19:31:47.282 9377 9607 I UFUnilog: api_engine.cpp : 993 PingbackSdk {fuc=APIEngine::generateFinalIPV6Config(),logtag=babelqos_pb_185,interface_msg=forceIPV6Status:-1}
06-10 19:31:47.282 9377 9607 I UFUnilog: api_engine.cpp : 1003 PingbackSdk {fuc=APIEngine::generateFinalIPV6Config(),logtag=babelqos_pb_185,interface_msg=domain support ipv6, sOriginHost:msg.ptqy.gitv.tv, strIPV6Domain:}
06-10 19:31:47.283 9377 9607 V UFUnilog: api_engine.cpp : 189 PingbackSdk {fuc=APIEngine:Call(),logtag=babelqos_pb_185,interface_msg=Start Try!,try_count=0}
06-10 19:31:47.283 9377 9607 I UFUnilog: api_strategy_impl.cpp : 438 PingbackSdk {fuc=APIStrategyImpl:CreateStrategyResult(),logtag=babelqos_pb_185,strategyname=httpdns-strategy,current_try_count=0,interface_msg=try to get ip list from dns_type = 1}
06-10 19:31:47.283 9377 9607 W UFUnilog: api_httpdns_fastdns.cpp : 110 {fuc=APIHttpdnsFastDns:GetHttpDnsResult(),interface_msg=start find,business=unifiedx,bgp_flag=1,timeout=2000,domain_list=msg.ptqy.gitv.tv,cache_only=0}
06-10 19:31:47.285 9377 9607 I UFUnilog: api_httpdns_fastdns.cpp : 184 {fuc=APIHttpdnsFastDns:GetHttpDnsResult(),interface_msg=v6 domain finded, result4a_size=1, result4aaaa_size=1, result4b_size=1, result4bbbb_size=0}
06-10 19:31:47.285 9377 9607 I UFUnilog: api_httpdns_fastdns.cpp : 200 {fuc=APIHttpdnsFastDns:GetHttpDnsResult(),interface_msg=v4 finded,domain=msg.ptqy.gitv.tv,ip_list_count=4,ip_from_cache=1,ns_result=116.211.198.144|443}
06-10 19:31:47.285 9377 9607 I UFUnilog: api_httpdns_fastdns.cpp : 221 {fuc=APIHttpdnsFastDns:GetHttpDnsResult(),interface_msg=v6 finded,domain=msg.ptqy.gitv.tv,ip_list_count_v6=3,ip_from_cache=1,ns_result=116.211.198.144|443}
06-10 19:31:47.285 9377 9607 I UFUnilog: api_httpdns_fastdns.cpp : 246 {fuc=APIHttpdnsFastDns:GetHttpDnsResult(),interface_msg=v4 backup finded,domain=msg.ptqy.gitv.tv,ip_list_count_b=4,bfirst=0,ip_from_cache=1,ns_result=116.211.198.144|443}
06-10 19:31:47.285 9377 9607 I UFUnilog: api_strategy_impl.cpp : 569 PingbackSdk {fuc=APIStrategyImpl:CreateStrategyResult(),logtag=babelqos_pb_185,strategyname=httpdns-strategy,interface_msg=complete build strategy result,suggest_url_params=,suggest_protocol=,bReplaceWithNewFullUrl=0,bReplaceWithNewHeaders=0}
06-10 19:31:47.285 9377 9607 V UFUnilog: UFNEasyCurlClientImpl.cpp : 16 PingbackSdk {fuc=UFNEasyCurlClientImpl:Perform(),logtag=babelqos_pb_185,interface_msg=in}
06-10 19:31:47.363 9377 9377 V UNIPLAYERSDK: MediaPlayerImpl.cpp:408 [MediaPlayerImpl@0xf165fd84]isPlaying ret=0
06-10 19:31:47.364 9377 9377 V UNIPLAYERSDK: MediaPlayerImpl.cpp:400 [MediaPlayerImpl@0xf165fd84]isPaused ret=0
06-10 19:31:47.376 9377 9785 E Hcdn_DeTask572787192: HCDN_LOG: [T:9785][HINFO]:[f:PostNotifyInfo],[l:248], notify type(6),info({"BandWidth":0,"IsAd":0,"IsP2P":0,"VID":"e9338e6ec419bc3c6004fc518a1b2656"}
06-10 19:31:47.376 9377 9785 E Hcdn_DeTask572787192: )
06-10 19:31:47.376 9377 9780 E playfilesourceNew: HCDN_LOG: [T:9780][HINFO]:[f:DoAsynNotifyInfoResponse],[l:2605],[TaskID(572787192),type(6),msg({"BandWidth":0,"IsAd":0,"IsP2P":0,"VID":"e9338e6ec419bc3c6004fc518a1b2656"}
06-10 19:31:47.376 9377 9780 E playfilesourceNew: )!]
06-10 19:31:47.441 9377 9607 V UFUnilog: UFNEasyCurlClientImpl.cpp : 66 PingbackSdk {fuc=UFNEasyCurlClientImpl:Perform(),logtag=babelqos_pb_185,interface_msg=out}
06-10 19:31:47.442 9377 9607 V UFUnilog: api_engine.cpp : 189 PingbackSdk {fuc=APIEngine:Call(),logtag=babelqos_pb_185,interface_msg=Start Try!,try_count=1}
06-10 19:31:47.442 9377 9607 D PINGBACKSDK: PlayerPbApi.cpp:38 PingbackLog: send success! http://msg.ptqy.gitv.tv/qos/3_31_312:124.237.225.22,tvdatareq:msg=[{"c1":"0","ct":"tvdatareq","deviceid":"tv_cc46bef63fc2ad8d49126ac32881e261_1749550814769_3644146642","dfp":"","diy_r":"","diy_ri":"ad_recap","diy_sfrom":"idle","hcdn":"1","hcdnromsz":"200","hcdnv":"10.2.3.5212","hu":"5%2C57%2C60","hwver":"DBBOX-A3","isroot":"1","lch_ver":"1.7","livenetv":"6.24.26.354","localtime":"2025-06-10-19%3A31%3A46","lsv":"18.0.1.5212","mkey":"20200817110900551NKVuEWAfr101626","mod":"cn_s","os":"34","p1":"3_31_312","p2":"3128","pbv":"","plyert":"native_advance","procid":"9377","psp_4kh264":"1","psp_4kh265":"1","psp_dolby":"1","psp_dv":"0","psp_edr":"","psp_h264":"1","psp_h265":"1","psp_hdr10":"1","psp_ratedef":"10","psp_ratedefdv":"10","psp_ratedefhdr":"","pu":"10
06-10 19:31:47.442 9377 9607 D PINGBACKSDK: PlayerPbApi.cpp:40 PingbackLog: send success! tvdatareq:57382444771596","qyctx":"F4473C91B77028CDDBE404B5C7899B64B7B53B67DFF055D126EB02A9DE3B7B1C2E0171DCB8766A144F466DC62EC042DD4F1A2361080C9C140CFEC187AA217144B7D57FF90ED91469E7571AAED169DBEABB9F51CA8CF9C767726661CBB86DA934","qyctxv":"1","ravd_auth":"-1","re":"1920x1080","rn":"9373765475","romrsz":"53510","romsz":"55669","sdkv":"1.1403.1.06053","stat":"error","stime":"1749555106188","t":"9","term":{"brand":"Amlogic","chip":"","core":"4","cpu_arch":"8","cpu_freq":"2508000","cpu_implementer":"65","cpu_part":"3333","cpu_processor":"","diy_hwver":"DBBOX-A3","dolbycodec":"-1","firmver":"UD2A.240505.001.W1.eng.server.20250610.164709 release-keys","high_end":"-1","hpformance":"","hwprod":"","hwversub":""
06-10 19:31:47.442 9377 9607 D PINGBACKSDK: PlayerPbApi.cpp:35 PingbackLog: send success! tvdatareq:,"memory":"3677","p_hdcp":"","p_maxhdcp":"","rammode":"","vendor":""},"tm":"","u":"tv_cc46bef63fc2ad8d49126ac32881e261","v":"2.1403.1.250523","ve":"1749555105972B9102071B18D4081C29","vsp_4kh264":"1","vsp_4kh265":"1","vsp_8k":"0","vsp_daudio":"1","vsp_dv":"0","vsp_edr":"0","vsp_h265":"1","vsp_hdr10":"1","vsp_ratedef":"10","vsp_ratedefEdr":"-1","vsp_ratedefdolby":"10","vsp_ratedefdv":"-1","vsp_ratedefhdr":"-1","wifimac":"02%3A00%3A00%3A00%3A00%3A00"}]
06-10 19:31:47.443 9377 9607 D UFUnilog: api_network_status.cpp : 105 {fuc=APINetworkStatus:IsIPV6Works(),interface_msg=localResult=0, fastdnsResult=0}
