06-10 19:35:38.463 4174 4597 E HTTP_KIT_LOG: [OnResponse:205] SCENE_PCDN_NG:[jobId_218] OnResponse content-length:0 of content-type:, file-size:0
06-10 19:35:38.463 4174 4597 E HTTP_KIT_LOG: headers:
06-10 19:35:38.463 4174 4598 I HTTP_KIT_LOG: [operator():463] SCENE_PCDN_NG:[jobId_218] notify complete
06-10 19:35:38.463 4174 4597 I HTTP_KIT_LOG: [Close:281] SCENE_PCDN_NG:[jobId_218] Close
06-10 19:35:38.464 4174 4597 I HTTP_KIT_LOG: [PrintStr:417] SCENE_PCDN_NG:[jobId_218] ReportStat: {"appconnectTime":0.0,"connectTime":2719922.0,"dnsTime":3002274.0,"downloadSize":0.0,"downloadTime":5775665.0,"error_rtt":-1.0,"firstBTime":0.0,"firstKBTime":0.0,"firstMBTime":0.0,"last32KTime":0.0,"redirectTime":0.0,"speed":0.0,"starttransferTime":2770310.0}
06-10 19:35:39.160 1073 1331 W bt_stack: [WARNING:client_interface_aidl.cc(471)] ReadAudioData: 2048/4096 no data 10 ms
06-10 19:35:39.160 1073 1331 W bt_btif_a2dp_source: packages/modules/Bluetooth/system/btif/src/btif_a2dp_source.cc:946 btif_a2dp_source_read_callback: btif_a2dp_source_read_callback: UNDERFLOW: ONLY READ 2048 BYTES OUT OF 4096
06-10 19:35:40.541 570 596 I WifiHAL : call wifi_get_link_stats handler
06-10 19:35:40.541 570 596 I WifiHAL : Creating message to get link statistics; iface = 16
06-10 19:35:40.541 570 596 D WifiHAL : error code -95 mapped to -3
06-10 19:35:40.541 761 899 E WifiStaIfaceAidlImpl: getLinkLayerStats failed with service-specific exception: android.os.ServiceSpecificException: (code 4)
06-10 19:35:41.667 1073 1331 W bt_stack: [WARNING:client_interface_aidl.cc(471)] ReadAudioData: 2048/4096 no data 10 ms
06-10 19:35:41.667 1073 1331 W bt_btif_a2dp_source: packages/modules/Bluetooth/system/btif/src/btif_a2dp_source.cc:946 btif_a2dp_source_read_callback: btif_a2dp_source_read_callback: UNDERFLOW: ONLY READ 2048 BYTES OUT OF 4096
06-10 19:35:43.547 570 596 I WifiHAL : call wifi_get_link_stats handler
06-10 19:35:43.547 570 596 I WifiHAL : Creating message to get link statistics; iface = 16
06-10 19:35:43.547 570 596 D WifiHAL : error code -95 mapped to -3
06-10 19:35:43.547 761 899 E WifiStaIfaceAidlImpl: getLinkLayerStats failed with service-specific exception: android.os.ServiceSpecificException: (code 4)
06-10 19:35:43.653 4174 4650 I XcdnEngine-N: 2025-06-10 19:35:43.653 [connection_manager.cpp:426] send error:Network is unreachable
06-10 19:35:44.174 1073 1331 W bt_stack: [WARNING:client_interface_aidl.cc(471)] ReadAudioData: 2048/4096 no data 10 ms
06-10 19:35:44.174 1073 1331 W bt_btif_a2dp_source: packages/modules/Bluetooth/system/btif/src/btif_a2dp_source.cc:946 btif_a2dp_source_read_callback: btif_a2dp_source_read_callback: UNDERFLOW: ONLY READ 2048 BYTES OUT OF 4096
06-10 19:35:45.025 4174 4594 I [NIP] : [ng handler] update remote cfg last:1749555335016, cur:1749555345023
06-10 19:35:45.025 4174 4594 E OTTPlayer: [NIP] [NIP][ng handler] update remote cfg last:1749555335016, cur:1749555345023
06-10 19:35:45.304 1505 1778 E dangbei111: cccccc 开始扫描
06-10 19:35:45.304 1505 1778 D BluetoothAdapter: isLeEnabled(): ON
06-10 19:35:45.306 1505 1778 E dangbei111: cccccc 开始扫描
06-10 19:35:45.306 1505 1778 D BluetoothAdapter: isLeEnabled(): ON
06-10 19:35:45.447 4174 4615 I PCDN_TAG: [ 4614]Peer::pulse,state:3,port:8909,fr:0,fmode=C1FF,ftype=C000
06-10 19:35:45.820 542 719 I audio_hw_hal_alsamgr: alsa format =0x1 delay frames =512 total frames=165132800
06-10 19:35:46.553 570 596 I WifiHAL : call wifi_get_link_stats handler
06-10 19:35:46.553 570 596 I WifiHAL : Creating message to get link statistics; iface = 16
06-10 19:35:46.553 570 596 D WifiHAL : error code -95 mapped to -3
06-10 19:35:46.554 761 899 E WifiStaIfaceAidlImpl: getLinkLayerStats failed with service-specific exception: android.os.ServiceSpecificException: (code 4)
06-10 19:35:46.934 1073 1331 W bt_stack: [WARNING:client_interface_aidl.cc(471)] ReadAudioData: 2048/4096 no data 10 ms
06-10 19:35:46.934 1073 1331 W bt_btif_a2dp_source: packages/modules/Bluetooth/system/btif/src/btif_a2dp_source.cc:946 btif_a2dp_source_read_callback: btif_a2dp_source_read_callback: UNDERFLOW: ONLY READ 2048 BYTES OUT OF 4096
06-10 19:35:47.459 6578 6579 D uninstall: isAllowStart last_delay 0, current_time 1749555347
06-10 19:35:47.459 6578 6579 I uninstall: enable_service com.ktcp.video/com.tencent.qqlivetv.keeplive.proc.DaemonService com.ktcp.video/(null)
06-10 19:35:47.460 6578 6579 D uninstall: enable_service waitpid
06-10 19:35:47.460 17396 17396 D uninstall: enable_service pid == 0
06-10 19:35:47.460 17396 17396 D uninstall: enable_service version >= 17 || version == 0 version == 34
06-10 19:35:47.512 6578 6579 I uninstall: watchdaemon process_name = com.ktcp.video:daemon has gone, start it
06-10 19:35:47.513 6578 6579 D uninstall: watchdaemon waitpid
06-10 19:35:47.513 17400 17400 D uninstall: watchdaemon pid == 0
06-10 19:35:47.513 17400 17400 D uninstall: watchdaemon version >= 17 || version == 0 version == 34
06-10 19:35:48.935 1073 1331 W bt_stack: [WARNING:client_interface_aidl.cc(471)] ReadAudioData: 2048/4096 no data 10 ms
06-10 19:35:48.935 1073 1331 W bt_btif_a2dp_source: packages/modules/Bluetooth/system/btif/src/btif_a2dp_source.cc:946 btif_a2dp_source_read_callback: btif_a2dp_source_read_callback: UNDERFLOW: ONLY READ 2048 BYTES OUT OF 4096
06-10 19:35:49.316 1836 1836 I xm_hidread: type=1400 audit(0.0:3917): avc: denied { read } for scontext=u:r:init:s0 tcontext=u:r:init:s0 tclass=netlink_kobject_uevent_socket permissive=1
06-10 19:35:49.562 570 596 I WifiHAL : call wifi_get_link_stats handler
06-10 19:35:49.562 570 596 I WifiHAL : Creating message to get link statistics; iface = 16
06-10 19:35:49.562 570 596 D WifiHAL : error code -95 mapped to -3
06-10 19:35:49.563 761 899 E WifiStaIfaceAidlImpl: getLinkLayerStats failed with service-specific exception: android.os.ServiceSpecificException: (code 4)
06-10 19:35:51.028 1073 1331 W bt_stack: [WARNING:client_interface_aidl.cc(471)] ReadAudioData: 2048/4096 no data 10 ms
06-10 19:35:51.028 1073 1331 W bt_btif_a2dp_source: packages/modules/Bluetooth/system/btif/src/btif_a2dp_source.cc:946 btif_a2dp_source_read_callback: btif_a2dp_source_read_callback: UNDERFLOW: ONLY READ 2048 BYTES OUT OF 4096
06-10 19:35:52.086 1073 1331 W bt_stack: [WARNING:client_interface_aidl.cc(471)] ReadAudioData: 2048/4096 no data 10 ms
06-10 19:35:52.086 1073 1331 W bt_btif_a2dp_source: packages/modules/Bluetooth/system/btif/src/btif_a2dp_source.cc:946 btif_a2dp_source_read_callback: btif_a2dp_source_read_callback: UNDERFLOW: ONLY READ 2048 BYTES OUT OF 4096
06-10 19:35:52.097 9144 9155 I com.ktcp.video: Background concurrent copying GC freed 163344(6242KB) AllocSpace objects, 0(0B) LOS objects, 49% free, 6274KB/12MB, paused 158us,68us total 132.023ms
06-10 19:35:52.569 570 596 I WifiHAL : call wifi_get_link_stats handler
06-10 19:35:52.569 570 596 I WifiHAL : Creating message to get link statistics; iface = 16
06-10 19:35:52.569 570 596 D WifiHAL : error code -95 mapped to -3
06-10 19:35:52.569 761 899 E WifiStaIfaceAidlImpl: getLinkLayerStats failed with service-specific exception: android.os.ServiceSpecificException: (code 4)
06-10 19:35:54.340 1073 1331 W bt_stack: [WARNING:client_interface_aidl.cc(471)] ReadAudioData: 2048/4096 no data 10 ms
06-10 19:35:54.340 1073 1331 W bt_btif_a2dp_source: packages/modules/Bluetooth/system/btif/src/btif_a2dp_source.cc:946 btif_a2dp_source_read_callback: btif_a2dp_source_read_callback: UNDERFLOW: ONLY READ 2048 BYTES OUT OF 4096
06-10 19:35:55.034 4174 4594 I [NIP] : [ng handler] update remote cfg last:1749555345023, cur:1749555355033
06-10 19:35:55.034 4174 4594 E OTTPlayer: [NIP] [NIP][ng handler] update remote cfg last:1749555345023, cur:1749555355033
06-10 19:35:55.452 4174 4615 I PCDN_TAG: [ 4614]Peer::pulse,state:3,port:8909,fr:0,fmode=C1FF,ftype=C000
06-10 19:35:55.573 570 596 I WifiHAL : call wifi_get_link_stats handler
06-10 19:35:55.573 570 596 I WifiHAL : Creating message to get link statistics; iface = 16
06-10 19:35:55.573 570 596 D WifiHAL : error code -95 mapped to -3
06-10 19:35:55.573 761 899 E WifiStaIfaceAidlImpl: getLinkLayerStats failed with service-specific exception: android.os.ServiceSpecificException: (code 4)
06-10 19:35:55.715 1505 1867 D WanClient: sendHeartMessage
06-10 19:35:55.716 1505 1867 D WanClient: -----final------sendMessage: {"type":"2bKPMh2jwmQ="}
06-10 19:35:55.734 1505 6993 D WanClient: onMessage:Thread[WebSocketConnectReadThread-118,5,main]--{"msg":"+MSejyjwlbc="}
06-10 19:35:55.737 1505 6993 D WanClient: onMessageReceived:Thread[WebSocketConnectReadThread-118,5,main] {"msg":"+MSejyjwlbc="}
06-10 19:35:55.737 1505 6993 D WanClient: type: null
06-10 19:35:55.737 1505 6993 D WanClient: send:HB7FxtN64oc=
06-10 19:35:55.737 1505 6993 D WanClient: leave:uQ3qCmhm4oA=
06-10 19:35:55.737 1505 6993 D WanClient: join:7EsoetslBbs=
06-10 19:35:55.737 1505 6993 D WanClient: Me3/LwZ5vWJxjtP9s3upnQ==
06-10 19:35:56.433 1073 1331 W bt_stack: [WARNING:client_interface_aidl.cc(471)] ReadAudioData: 2048/4096 no data 10 ms
06-10 19:35:56.433 1073 1331 W bt_btif_a2dp_source: packages/modules/Bluetooth/system/btif/src/btif_a2dp_source.cc:946 btif_a2dp_source_read_callback: btif_a2dp_source_read_callback: UNDERFLOW: ONLY READ 2048 BYTES OUT OF 4096
06-10 19:35:57.603 6578 6579 D uninstall: isAllowStart last_delay 0, current_time 1749555357
06-10 19:35:57.603 6578 6579 I uninstall: enable_service com.ktcp.video/com.tencent.qqlivetv.keeplive.proc.DaemonService com.ktcp.video/(null)
06-10 19:35:57.606 6578 6579 D uninstall: enable_service waitpid
06-10 19:35:57.606 17424 17424 D uninstall: enable_service pid == 0
06-10 19:35:57.606 17424 17424 D uninstall: enable_service version >= 17 || version == 0 version == 34
06-10 19:35:57.656 6578 6579 I uninstall: watchdaemon process_name = com.ktcp.video:daemon has gone, start it
06-10 19:35:57.657 6578 6579 D uninstall: watchdaemon waitpid
06-10 19:35:57.657 17428 17428 D uninstall: watchdaemon pid == 0
06-10 19:35:57.657 17428 17428 D uninstall: watchdaemon version >= 17 || version == 0 version == 34
06-10 19:35:58.577 570 596 I WifiHAL : call wifi_get_link_stats handler
06-10 19:35:58.578 570 596 I WifiHAL : Creating message to get link statistics; iface = 16
06-10 19:35:58.578 570 596 D WifiHAL : error code -95 mapped to -3
06-10 19:35:58.578 761 899 E WifiStaIfaceAidlImpl: getLinkLayerStats failed with service-specific exception: android.os.ServiceSpecificException: (code 4)
06-10 19:35:58.687 1073 1331 W bt_stack: [WARNING:client_interface_aidl.cc(471)] ReadAudioData: 2048/4096 no data 10 ms
06-10 19:35:58.687 1073 1331 W bt_btif_a2dp_source: packages/modules/Bluetooth/system/btif/src/btif_a2dp_source.cc:946 btif_a2dp_source_read_callback: btif_a2dp_source_read_callback: UNDERFLOW: ONLY READ 2048 BYTES OUT OF 4096
06-10 19:36:00.941 1073 1331 W bt_stack: [WARNING:client_interface_aidl.cc(471)] ReadAudioData: 2048/4096 no data 10 ms
06-10 19:36:00.941 1073 1331 W bt_btif_a2dp_source: packages/modules/Bluetooth/system/btif/src/btif_a2dp_source.cc:946 btif_a2dp_source_read_callback: btif_a2dp_source_read_callback: UNDERFLOW: ONLY READ 2048 BYTES OUT OF 4096
06-10 19:36:01.582 570 596 I WifiHAL : call wifi_get_link_stats handler
06-10 19:36:01.582 570 596 I WifiHAL : Creating message to get link statistics; iface = 16
06-10 19:36:01.583 570 596 D WifiHAL : error code -95 mapped to -3
06-10 19:36:01.583 761 899 E WifiStaIfaceAidlImpl: getLinkLayerStats failed with service-specific exception: android.os.ServiceSpecificException: (code 4)
06-10 19:36:02.286 3463 12142 D TrafficStats: tagSocket(166) with statsTag=0xffffffff, statsUid=-1
06-10 19:36:03.448 1073 1331 W bt_stack: [WARNING:client_interface_aidl.cc(471)] ReadAudioData: 2048/4096 no data 10 ms
06-10 19:36:03.448 1073 1331 W bt_btif_a2dp_source: packages/modules/Bluetooth/system/btif/src/btif_a2dp_source.cc:946 btif_a2dp_source_read_callback: btif_a2dp_source_read_callback: UNDERFLOW: ONLY READ 2048 BYTES OUT OF 4096
06-10 19:36:03.665 4174 4650 I XcdnEngine-N: 2025-06-10 19:36:03.665 [connection_manager.cpp:426] send error:Network is unreachable
06-10 19:36:03.843 4174 6769 D TrafficStats: tagSocket(106) with statsTag=0xffffffff, statsUid=-1
06-10 19:36:04.589 570 596 I WifiHAL : call wifi_get_link_stats handler
06-10 19:36:04.590 570 596 I WifiHAL : Creating message to get link statistics; iface = 16
06-10 19:36:04.590 570 596 D WifiHAL : error code -95 mapped to -3
06-10 19:36:04.590 761 899 E WifiStaIfaceAidlImpl: getLinkLayerStats failed with service-specific exception: android.os.ServiceSpecificException: (code 4)
06-10 19:36:05.042 4174 4594 I [NIP] : [ng handler] update remote cfg last:1749555355033, cur:1749555365040
06-10 19:36:05.042 4174 4594 E OTTPlayer: [NIP] [NIP][ng handler] update remote cfg last:1749555355033, cur:1749555365040
06-10 19:36:05.459 4174 4615 I PCDN_TAG: [ 4614]Peer::pulse,state:3,port:8909,fr:0,fmode=C1FF,ftype=C000
06-10 19:36:05.702 1073 1331 W bt_stack: [WARNING:client_interface_aidl.cc(471)] ReadAudioData: 2048/4096 no data 10 ms
06-10 19:36:05.702 1073 1331 W bt_btif_a2dp_source: packages/modules/Bluetooth/system/btif/src/btif_a2dp_source.cc:946 btif_a2dp_source_read_callback: btif_a2dp_source_read_callback: UNDERFLOW: ONLY READ 2048 BYTES OUT OF 4096
06-10 19:36:06.467 4174 4615 I PCDN_TAG: [ 4618]ensure_directory_path access path[/storage/emulated/0/Android/data/com.cibn.tv/cache/20000002/accdata_vod/pcdn] result[0]
06-10 19:36:07.598 570 596 I WifiHAL : call wifi_get_link_stats handler
06-10 19:36:07.598 570 596 I WifiHAL : Creating message to get link statistics; iface = 16
06-10 19:36:07.598 570 596 D WifiHAL : error code -95 mapped to -3
06-10 19:36:07.598 761 899 E WifiStaIfaceAidlImpl: getLinkLayerStats failed with service-specific exception: android.os.ServiceSpecificException: (code 4)
06-10 19:36:07.743 6578 6579 D uninstall: isAllowStart last_delay 0, current_time 1749555367
06-10 19:36:07.743 6578 6579 I uninstall: enable_service com.ktcp.video/com.tencent.qqlivetv.keeplive.proc.DaemonService com.ktcp.video/(null)
06-10 19:36:07.744 6578 6579 D uninstall: enable_service waitpid
06-10 19:36:07.744 17449 17449 D uninstall: enable_service pid == 0
06-10 19:36:07.744 17449 17449 D uninstall: enable_service version >= 17 || version == 0 version == 34
06-10 19:36:07.785 6578 6579 I uninstall: watchdaemon process_name = com.ktcp.video:daemon has gone, start it
06-10 19:36:07.786 6578 6579 D uninstall: watchdaemon waitpid
06-10 19:36:07.786 17453 17453 D uninstall: watchdaemon pid == 0
06-10 19:36:07.786 17453 17453 D uninstall: watchdaemon version >= 17 || version == 0 version == 34
06-10 19:36:07.795 1073 1331 W bt_stack: [WARNING:client_interface_aidl.cc(471)] ReadAudioData: 2048/4096 no data 10 ms
06-10 19:36:07.795 1073 1331 W bt_btif_a2dp_source: packages/modules/Bluetooth/system/btif/src/btif_a2dp_source.cc:946 btif_a2dp_source_read_callback: btif_a2dp_source_read_callback: UNDERFLOW: ONLY READ 2048 BYTES OUT OF 4096
06-10 19:36:08.444 1421 1421 I /apex/com.android.adbd/bin/adbd: type=1400 audit(0.0:3918): avc: denied { getopt } for comm=73657276657220736F636B6574 laddr=::ffff:192.168.3.107 lport=5555 faddr=::ffff:192.168.3.252 fport=53009 scontext=u:r:su:s0 tcontext=u:r:su:s0 tclass=tcp_socket permissive=1
06-10 19:36:08.444 1421 1421 I /apex/com.android.adbd/bin/adbd: type=1400 audit(0.0:3919): avc: denied { write } for comm=73657276657220736F636B6574 name="fwmarkd" dev="tmpfs" ino=919 scontext=u:r:su:s0 tcontext=u:object_r:fwmarkd_socket:s0 tclass=sock_file permissive=1
06-10 19:36:08.444 1421 1421 I /apex/com.android.adbd/bin/adbd: type=1400 audit(0.0:3920): avc: denied { connectto } for comm=73657276657220736F636B6574 path="/dev/socket/fwmarkd" scontext=u:r:su:s0 tcontext=u:r:netd:s0 tclass=unix_stream_socket permissive=1
06-10 19:36:08.457 1421 17457 I adbd : host-14: read thread spawning
06-10 19:36:08.457 1421 17458 I adbd : host-14: write thread spawning
06-10 19:36:08.444 521 521 I binder:521_2: type=1400 audit(0.0:3921): avc: denied { use } for path="socket:[32762]" dev="sockfs" ino=32762 scontext=u:r:netd:s0 tcontext=u:r:su:s0 tclass=fd permissive=1
06-10 19:36:08.444 521 521 I binder:521_2: type=1400 audit(0.0:3922): avc: denied { read write } for path="socket:[32762]" dev="sockfs" ino=32762 scontext=u:r:netd:s0 tcontext=u:r:su:s0 tclass=tcp_socket permissive=1
06-10 19:36:08.490 1421 1421 I adbd : authentication not required
06-10 19:36:09.267 1073 1331 W bt_stack: [WARNING:client_interface_aidl.cc(471)] ReadAudioData: 2048/4096 no data 10 ms
06-10 19:36:09.267 1073 1331 W bt_btif_a2dp_source: packages/modules/Bluetooth/system/btif/src/btif_a2dp_source.cc:946 btif_a2dp_source_read_callback: btif_a2dp_source_read_callback: UNDERFLOW: ONLY READ 2048 BYTES OUT OF 4096
06-10 19:36:09.418 542 719 I audio_hw_hal_alsamgr: aml_alsa_output_write alsa_running_status[0xf0dc1cd0] change from 1 to 0
06-10 19:36:09.418 542 719 W audio_hw_hal_alsamgr: [aml_alsa_output_write:616] alsa underrun
06-10 19:36:09.438 542 719 I audio_hw_hal_ms12v2: dolby_ms12_threadloop alsa is not running
06-10 19:36:09.442 542 719 I audio_hw_hal_alsamgr: aml_alsa_output_write alsa_running_status[0xf0dc1cd0] change from 0 to 1
06-10 19:36:10.601 570 596 I WifiHAL : call wifi_get_link_stats handler
06-10 19:36:10.601 570 596 I WifiHAL : Creating message to get link statistics; iface = 16
06-10 19:36:10.601 570 596 D WifiHAL : error code -95 mapped to -3
06-10 19:36:10.602 761 899 E WifiStaIfaceAidlImpl: getLinkLayerStats failed with service-specific exception: android.os.ServiceSpecificException: (code 4)
06-10 19:36:11.107 1073 1331 W bt_stack: [WARNING:client_interface_aidl.cc(471)] ReadAudioData: 2048/4096 no data 10 ms
06-10 19:36:11.107 1073 1331 W bt_btif_a2dp_source: packages/modules/Bluetooth/system/btif/src/btif_a2dp_source.cc:946 btif_a2dp_source_read_callback: btif_a2dp_source_read_callback: UNDERFLOW: ONLY READ 2048 BYTES OUT OF 4096
06-10 19:36:11.251 558 589 D hdmicecd: [CEC]:printCecMsgBuf, msg: 04 8f
06-10 19:36:11.252 761 761 D HDMI : [R]: 04:8F
06-10 19:36:11.253 761 938 D HDMI : [S]: 40:90:00
06-10 19:36:11.362 558 586 D hdmicecd: [CEC]:printCecMessage, [4 -> 0] len: 2, body: 90 00, result:success
06-10 19:36:11.362 558 586 E IPCThreadState: binder thread pool (1 threads) starved for 109 ms
06-10 19:36:12.947 1073 1331 W bt_stack: [WARNING:client_interface_aidl.cc(471)] ReadAudioData: 2048/4096 no data 10 ms
06-10 19:36:12.947 1073 1331 W bt_btif_a2dp_source: packages/modules/Bluetooth/system/btif/src/btif_a2dp_source.cc:946 btif_a2dp_source_read_callback: btif_a2dp_source_read_callback: UNDERFLOW: ONLY READ 2048 BYTES OUT OF 4096
06-10 19:36:13.609 570 596 I WifiHAL : call wifi_get_link_stats handler
06-10 19:36:13.609 570 596 I WifiHAL : Creating message to get link statistics; iface = 16
06-10 19:36:13.609 570 596 D WifiHAL : error code -95 mapped to -3
06-10 19:36:13.610 761 899 E WifiStaIfaceAidlImpl: getLinkLayerStats failed with service-specific exception: android.os.ServiceSpecificException: (code 4)
06-10 19:36:14.005 1073 1331 W bt_stack: [WARNING:client_interface_aidl.cc(471)] ReadAudioData: 2048/4096 no data 10 ms
06-10 19:36:14.005 1073 1331 W bt_btif_a2dp_source: packages/modules/Bluetooth/system/btif/src/btif_a2dp_source.cc:946 btif_a2dp_source_read_callback: btif_a2dp_source_read_callback: UNDERFLOW: ONLY READ 2048 BYTES OUT OF 4096
06-10 19:36:14.225 542 719 I audio_hw_hal_alsamgr: aml_alsa_output_write alsa_running_status[0xf0dc1cd0] change from 1 to 0
06-10 19:36:14.225 542 719 W audio_hw_hal_alsamgr: [aml_alsa_output_write:616] alsa underrun
06-10 19:36:14.245 542 719 I audio_hw_hal_ms12v2: dolby_ms12_threadloop alsa is not running
06-10 19:36:14.249 542 719 I audio_hw_hal_alsamgr: aml_alsa_output_write alsa_running_status[0xf0dc1cd0] change from 0 to 1
06-10 19:36:15.056 4174 4594 I [NIP] : [ng handler] update remote cfg last:1749555365040, cur:1749555375052
06-10 19:36:15.056 4174 4594 E OTTPlayer: [NIP] [NIP][ng handler] update remote cfg last:1749555365040, cur:1749555375052
06-10 19:36:15.339 1073 1331 W bt_stack: [WARNING:client_interface_aidl.cc(471)] ReadAudioData: 2048/4096 no data 10 ms
06-10 19:36:15.339 1073 1331 W bt_btif_a2dp_source: packages/modules/Bluetooth/system/btif/src/btif_a2dp_source.cc:946 btif_a2dp_source_read_callback: btif_a2dp_source_read_callback: UNDERFLOW: ONLY READ 2048 BYTES OUT OF 4096
06-10 19:36:15.470 4174 4615 I PCDN_TAG: [ 4614]Peer::pulse,state:3,port:8909,fr:0,fmode=C1FF,ftype=C000
06-10 19:36:15.716 1505 1867 D WanClient: sendHeartMessage
06-10 19:36:15.719 1505 1867 D WanClient: -----final------sendMessage: {"type":"2bKPMh2jwmQ="}
06-10 19:36:15.739 1505 6993 D WanClient: onMessage:Thread[WebSocketConnectReadThread-118,5,main]--{"msg":"+MSejyjwlbc="}
06-10 19:36:15.741 1505 6993 D WanClient: onMessageReceived:Thread[WebSocketConnectReadThread-118,5,main] {"msg":"+MSejyjwlbc="}
06-10 19:36:15.741 1505 6993 D WanClient: type: null
06-10 19:36:15.741 1505 6993 D WanClient: send:HB7FxtN64oc=
06-10 19:36:15.741 1505 6993 D WanClient: leave:uQ3qCmhm4oA=
06-10 19:36:15.741 1505 6993 D WanClient: join:7EsoetslBbs=
06-10 19:36:15.741 1505 6993 D WanClient: Me3/LwZ5vWJxjtP9s3upnQ==
06-10 19:36:16.616 570 596 I WifiHAL : call wifi_get_link_stats handler
06-10 19:36:16.616 570 596 I WifiHAL : Creating message to get link statistics; iface = 16
06-10 19:36:16.616 570 596 D WifiHAL : error code -95 mapped to -3
06-10 19:36:16.617 761 899 E WifiStaIfaceAidlImpl: getLinkLayerStats failed with service-specific exception: android.os.ServiceSpecificException: (code 4)
06-10 19:36:17.361 3603 3666 D nStackXCoAP: IsInSameNetwork:[276] :IsInSameNetwork exec
06-10 19:36:17.361 3603 3666 I nStackXDFinder: GetLocalInterfaceDetail:[461] :GetLocalInterfaceDetail in
06-10 19:36:17.361 3603 3666 E nStackXCoAP: IsInSameNetwork:[281] :IsInSameNetwork: not priority process
06-10 19:36:17.361 3603 3666 D nStackXCoAP: ParseServiceDiscover:[330] :new device join
06-10 19:36:17.362 3603 3666 I nStackXDFinder: NotifyDeviceListChanged:[540] :notify callback: device list changed callback is null
06-10 19:36:17.362 3603 3666 E nStackXDFinder: GetLocalIp:[401] :GetLocalIp exec
06-10 19:36:17.411 3603 3666 D nStackXCoAP: CoapMessageHandler:[133] :2.01
06-10 19:36:17.463 3603 3666 D nStackXCoAP: IsInSameNetwork:[276] :IsInSameNetwork exec
06-10 19:36:17.463 3603 3666 I nStackXDFinder: GetLocalInterfaceDetail:[461] :GetLocalInterfaceDetail in
06-10 19:36:17.463 3603 3666 E nStackXCoAP: IsInSameNetwork:[281] :IsInSameNetwork: not priority process
06-10 19:36:17.463 3603 3666 D nStackXCoAP: ParseServiceDiscover:[330] :new device join
06-10 19:36:17.463 3603 3666 E nStackXDFinder: GetLocalIp:[401] :GetLocalIp exec
06-10 19:36:17.718 3603 3666 D nStackXCoAP: CoapMessageHandler:[133] :2.01
06-10 19:36:17.774 3603 3666 D nStackXCoAP: IsInSameNetwork:[276] :IsInSameNetwork exec
06-10 19:36:17.774 3603 3666 I nStackXDFinder: GetLocalInterfaceDetail:[461] :GetLocalInterfaceDetail in
06-10 19:36:17.774 3603 3666 E nStackXCoAP: IsInSameNetwork:[281] :IsInSameNetwork: not priority process
06-10 19:36:17.775 3603 3666 D nStackXCoAP: ParseServiceDiscover:[330] :new device join
06-10 19:36:17.775 3603 3666 E nStackXDFinder: GetLocalIp:[401] :GetLocalIp exec
06-10 19:36:17.776 3603 3666 D nStackXCoAP: IsInSameNetwork:[276] :IsInSameNetwork exec
06-10 19:36:17.777 3603 3666 I nStackXDFinder: GetLocalInterfaceDetail:[461] :GetLocalInterfaceDetail in
06-10 19:36:17.777 3603 3666 E nStackXCoAP: IsInSameNetwork:[281] :IsInSameNetwork: not priority process
06-10 19:36:17.777 3603 3666 D nStackXCoAP: ParseServiceDiscover:[330] :new device join
06-10 19:36:17.777 3603 3666 E nStackXDFinder: GetLocalIp:[401] :GetLocalIp exec
06-10 19:36:17.846 1073 1331 W bt_stack: [WARNING:client_interface_aidl.cc(471)] ReadAudioData: 2048/4096 no data 10 ms
06-10 19:36:17.846 1073 1331 W bt_btif_a2dp_source: packages/modules/Bluetooth/system/btif/src/btif_a2dp_source.cc:946 btif_a2dp_source_read_callback: btif_a2dp_source_read_callback: UNDERFLOW: ONLY READ 2048 BYTES OUT OF 4096
06-10 19:36:17.863 6578 6579 D uninstall: isAllowStart last_delay 0, current_time 1749555377
06-10 19:36:17.864 6578 6579 I uninstall: enable_service com.ktcp.video/com.tencent.qqlivetv.keeplive.proc.DaemonService com.ktcp.video/(null)
06-10 19:36:17.864 6578 6579 D uninstall: enable_service waitpid
06-10 19:36:17.865 17475 17475 D uninstall: enable_service pid == 0
06-10 19:36:17.865 17475 17475 D uninstall: enable_service version >= 17 || version == 0 version == 34
06-10 19:36:17.879 4174 5138 D TrafficStats: tagSocket(106) with statsTag=0xffffffff, statsUid=-1
06-10 19:36:17.888 4174 4174 I Thread-1444: type=1400 audit(0.0:3933): avc: denied { read } for name="address" dev="sysfs" ino=22126 scontext=u:r:untrusted_app_25:s0:c512,c768 tcontext=u:object_r:sysfs_net:s0 tclass=file permissive=1 app=com.cibn.tv
06-10 19:36:17.888 4174 4174 I Thread-1444: type=1400 audit(0.0:3934): avc: denied { open } for path="/sys/devices/virtual/net/dummy0/address" dev="sysfs" ino=22126 scontext=u:r:untrusted_app_25:s0:c512,c768 tcontext=u:object_r:sysfs_net:s0 tclass=file permissive=1 app=com.cibn.tv
06-10 19:36:17.888 4174 4174 I Thread-1444: type=1400 audit(0.0:3935): avc: denied { getattr } for path="/sys/devices/virtual/net/dummy0/address" dev="sysfs" ino=22126 scontext=u:r:untrusted_app_25:s0:c512,c768 tcontext=u:object_r:sysfs_net:s0 tclass=file permissive=1 app=com.cibn.tv
06-10 19:36:17.912 6578 6579 I uninstall: watchdaemon process_name = com.ktcp.video:daemon has gone, start it
06-10 19:36:17.913 6578 6579 D uninstall: watchdaemon waitpid
06-10 19:36:17.913 17479 17479 D uninstall: watchdaemon pid == 0
06-10 19:36:17.913 17479 17479 D uninstall: watchdaemon version >= 17 || version == 0 version == 34
06-10 19:36:18.008 542 719 I audio_hw_hal_alsamgr: alsa format =0x1 delay frames =768 total frames=166668800
06-10 19:36:18.114 3603 3666 D nStackXCoAP: CoapMessageHandler:[133] :2.01
06-10 19:36:18.114 3603 3666 D nStackXCoAP: CoapMessageHandler:[133] :2.01
06-10 19:36:18.179 3603 3666 D nStackXCoAP: IsInSameNetwork:[276] :IsInSameNetwork exec
06-10 19:36:18.179 3603 3666 I nStackXDFinder: GetLocalInterfaceDetail:[461] :GetLocalInterfaceDetail in
06-10 19:36:18.179 3603 3666 E nStackXCoAP: IsInSameNetwork:[281] :IsInSameNetwork: not priority process
06-10 19:36:18.179 3603 3666 D nStackXCoAP: ParseServiceDiscover:[330] :new device join
06-10 19:36:18.179 3603 3666 E nStackXDFinder: GetLocalIp:[401] :GetLocalIp exec
06-10 19:36:18.181 3603 3666 D nStackXCoAP: IsInSameNetwork:[276] :IsInSameNetwork exec
06-10 19:36:18.181 3603 3666 I nStackXDFinder: GetLocalInterfaceDetail:[461] :GetLocalInterfaceDetail in
06-10 19:36:18.181 3603 3666 E nStackXCoAP: IsInSameNetwork:[281] :IsInSameNetwork: not priority process
06-10 19:36:18.181 3603 3666 D nStackXCoAP: ParseServiceDiscover:[330] :new device join
06-10 19:36:18.181 3603 3666 E nStackXDFinder: GetLocalIp:[401] :GetLocalIp exec
06-10 19:36:18.184 3603 3666 D nStackXCoAP: IsInSameNetwork:[276] :IsInSameNetwork exec
06-10 19:36:18.184 3603 3666 I nStackXDFinder: GetLocalInterfaceDetail:[461] :GetLocalInterfaceDetail in
06-10 19:36:18.184 3603 3666 E nStackXCoAP: IsInSameNetwork:[281] :IsInSameNetwork: not priority process
06-10 19:36:18.184 3603 3666 D nStackXCoAP: ParseServiceDiscover:[330] :new device join
06-10 19:36:18.184 3603 3666 E nStackXDFinder: GetLocalIp:[401] :GetLocalIp exec
06-10 19:36:18.207 3603 3666 D nStackXCoAP: CoapMessageHandler:[133] :2.01
06-10 19:36:18.210 3603 3666 D nStackXCoAP: CoapMessageHandler:[133] :2.01
06-10 19:36:18.213 3603 3666 D nStackXCoAP: CoapMessageHandler:[133] :2.01
06-10 19:36:18.389 3603 3666 D nStackXCoAP: IsInSameNetwork:[276] :IsInSameNetwork exec
06-10 19:36:18.389 3603 3666 I nStackXDFinder: GetLocalInterfaceDetail:[461] :GetLocalInterfaceDetail in
06-10 19:36:18.389 3603 3666 E nStackXCoAP: IsInSameNetwork:[281] :IsInSameNetwork: not priority process
06-10 19:36:18.389 3603 3666 D nStackXCoAP: ParseServiceDiscover:[330] :new device join
06-10 19:36:18.390 3603 3666 E nStackXDFinder: GetLocalIp:[401] :GetLocalIp exec
06-10 19:36:18.445 3603 3666 D nStackXCoAP: CoapMessageHandler:[133] :2.01
06-10 19:36:18.589 3603 3666 D nStackXCoAP: IsInSameNetwork:[276] :IsInSameNetwork exec
06-10 19:36:18.590 3603 3666 I nStackXDFinder: GetLocalInterfaceDetail:[461] :GetLocalInterfaceDetail in
06-10 19:36:18.590 3603 3666 E nStackXCoAP: IsInSameNetwork:[281] :IsInSameNetwork: not priority process
06-10 19:36:18.590 3603 3666 D nStackXCoAP: ParseServiceDiscover:[330] :new device join
06-10 19:36:18.590 3603 3666 E nStackXDFinder: GetLocalIp:[401] :GetLocalIp exec
06-10 19:36:18.627 3603 3666 D nStackXCoAP: CoapMessageHandler:[133] :2.01
06-10 19:36:18.693 3603 3666 D nStackXCoAP: IsInSameNetwork:[276] :IsInSameNetwork exec
06-10 19:36:18.694 3603 3666 I nStackXDFinder: GetLocalInterfaceDetail:[461] :GetLocalInterfaceDetail in
06-10 19:36:18.694 3603 3666 E nStackXCoAP: IsInSameNetwork:[281] :IsInSameNetwork: not priority process
06-10 19:36:18.694 3603 3666 D nStackXCoAP: ParseServiceDiscover:[330] :new device join
06-10 19:36:18.694 3603 3666 E nStackXDFinder: GetLocalIp:[401] :GetLocalIp exec
06-10 19:36:18.708 3603 3666 D nStackXCoAP: CoapMessageHandler:[133] :2.01
06-10 19:36:18.798 3603 3666 D nStackXCoAP: IsInSameNetwork:[276] :IsInSameNetwork exec
06-10 19:36:18.798 3603 3666 I nStackXDFinder: GetLocalInterfaceDetail:[461] :GetLocalInterfaceDetail in
06-10 19:36:18.798 3603 3666 E nStackXCoAP: IsInSameNetwork:[281] :IsInSameNetwork: not priority process
06-10 19:36:18.798 3603 3666 D nStackXCoAP: ParseServiceDiscover:[330] :new device join
06-10 19:36:18.798 3603 3666 E nStackXDFinder: GetLocalIp:[401] :GetLocalIp exec
06-10 19:36:18.814 3603 3666 D nStackXCoAP: CoapMessageHandler:[133] :2.01
06-10 19:36:18.900 3603 3666 D nStackXCoAP: IsInSameNetwork:[276] :IsInSameNetwork exec
06-10 19:36:18.900 3603 3666 I nStackXDFinder: GetLocalInterfaceDetail:[461] :GetLocalInterfaceDetail in
06-10 19:36:18.900 3603 3666 E nStackXCoAP: IsInSameNetwork:[281] :IsInSameNetwork: not priority process
06-10 19:36:18.900 3603 3666 D nStackXCoAP: ParseServiceDiscover:[330] :new device join
06-10 19:36:18.900 3603 3666 E nStackXDFinder: GetLocalIp:[401] :GetLocalIp exec
06-10 19:36:18.904 1073 1331 W bt_stack: [WARNING:client_interface_aidl.cc(471)] ReadAudioData: 2048/4096 no data 10 ms
06-10 19:36:18.905 1073 1331 W bt_btif_a2dp_source: packages/modules/Bluetooth/system/btif/src/btif_a2dp_source.cc:946 btif_a2dp_source_read_callback: btif_a2dp_source_read_callback: UNDERFLOW: ONLY READ 2048 BYTES OUT OF 4096
06-10 19:36:19.055 542 719 I audio_hw_hal_alsamgr: aml_alsa_output_write alsa_running_status[0xf0dc1cd0] change from 1 to 0
06-10 19:36:19.055 542 719 W audio_hw_hal_alsamgr: [aml_alsa_output_write:616] alsa underrun
06-10 19:36:19.075 542 719 I audio_hw_hal_ms12v2: dolby_ms12_threadloop alsa is not running
06-10 19:36:19.079 542 719 I audio_hw_hal_alsamgr: aml_alsa_output_write alsa_running_status[0xf0dc1cd0] change from 0 to 1
06-10 19:36:19.104 3603 3666 D nStackXCoAP: IsInSameNetwork:[276] :IsInSameNetwork exec
06-10 19:36:19.104 3603 3666 I nStackXDFinder: GetLocalInterfaceDetail:[461] :GetLocalInterfaceDetail in
06-10 19:36:19.104 3603 3666 E nStackXCoAP: IsInSameNetwork:[281] :IsInSameNetwork: not priority process
06-10 19:36:19.104 3603 3666 D nStackXCoAP: ParseServiceDiscover:[330] :new device join
06-10 19:36:19.104 3603 3666 E nStackXDFinder: GetLocalIp:[401] :GetLocalIp exec
06-10 19:36:19.182 3603 3666 D nStackXCoAP: CoapMessageHandler:[133] :2.01
06-10 19:36:19.215 3603 3666 D nStackXCoAP: IsInSameNetwork:[276] :IsInSameNetwork exec
06-10 19:36:19.215 3603 3666 I nStackXDFinder: GetLocalInterfaceDetail:[461] :GetLocalInterfaceDetail in
06-10 19:36:19.215 3603 3666 E nStackXCoAP: IsInSameNetwork:[281] :IsInSameNetwork: not priority process
06-10 19:36:19.215 3603 3666 D nStackXCoAP: ParseServiceDiscover:[330] :new device join
06-10 19:36:19.215 3603 3666 E nStackXDFinder: GetLocalIp:[401] :GetLocalIp exec
06-10 19:36:19.408 3603 3666 D nStackXCoAP: IsInSameNetwork:[276] :IsInSameNetwork exec
06-10 19:36:19.408 3603 3666 I nStackXDFinder: GetLocalInterfaceDetail:[461] :GetLocalInterfaceDetail in
06-10 19:36:19.408 3603 3666 E nStackXCoAP: IsInSameNetwork:[281] :IsInSameNetwork: not priority process
06-10 19:36:19.408 3603 3666 D nStackXCoAP: ParseServiceDiscover:[330] :new device join
06-10 19:36:19.408 3603 3666 E nStackXDFinder: GetLocalIp:[401] :GetLocalIp exec
06-10 19:36:19.412 3603 3666 D nStackXCoAP: CoapMessageHandler:[133] :2.01
06-10 19:36:19.415 3603 3666 D nStackXCoAP: CoapMessageHandler:[133] :2.01
06-10 19:36:19.514 3603 3666 D nStackXCoAP: IsInSameNetwork:[276] :IsInSameNetwork exec
06-10 19:36:19.514 3603 3666 I nStackXDFinder: GetLocalInterfaceDetail:[461] :GetLocalInterfaceDetail in
06-10 19:36:19.514 3603 3666 E nStackXCoAP: IsInSameNetwork:[281] :IsInSameNetwork: not priority process
06-10 19:36:19.514 3603 3666 D nStackXCoAP: ParseServiceDiscover:[330] :new device join
06-10 19:36:19.514 3603 3666 E nStackXDFinder: GetLocalIp:[401] :GetLocalIp exec
06-10 19:36:19.562 3603 3666 D nStackXCoAP: CoapMessageHandler:[133] :2.01
06-10 19:36:19.617 3603 3666 D nStackXCoAP: IsInSameNetwork:[276] :IsInSameNetwork exec
06-10 19:36:19.617 3603 3666 I nStackXDFinder: GetLocalInterfaceDetail:[461] :GetLocalInterfaceDetail in
06-10 19:36:19.617 3603 3666 E nStackXCoAP: IsInSameNetwork:[281] :IsInSameNetwork: not priority process
06-10 19:36:19.617 3603 3666 D nStackXCoAP: ParseServiceDiscover:[330] :new device join
06-10 19:36:19.618 3603 3666 E nStackXDFinder: GetLocalIp:[401] :GetLocalIp exec
06-10 19:36:19.624 570 596 I WifiHAL : call wifi_get_link_stats handler
06-10 19:36:19.624 570 596 I WifiHAL : Creating message to get link statistics; iface = 16
06-10 19:36:19.625 570 596 D WifiHAL : error code -95 mapped to -3
06-10 19:36:19.625 761 899 E WifiStaIfaceAidlImpl: getLinkLayerStats failed with service-specific exception: android.os.ServiceSpecificException: (code 4)
06-10 19:36:19.626 3603 3666 D nStackXCoAP: CoapMessageHandler:[133] :2.01
06-10 19:36:19.817 3603 3666 D nStackXCoAP: IsInSameNetwork:[276] :IsInSameNetwork exec
06-10 19:36:19.818 3603 3666 I nStackXDFinder: GetLocalInterfaceDetail:[461] :GetLocalInterfaceDetail in
06-10 19:36:19.818 3603 3666 E nStackXCoAP: IsInSameNetwork:[281] :IsInSameNetwork: not priority process
06-10 19:36:19.818 3603 3666 D nStackXCoAP: ParseServiceDiscover:[330] :new device join
06-10 19:36:19.818 3603 3666 E nStackXDFinder: GetLocalIp:[401] :GetLocalIp exec
06-10 19:36:19.897 3603 3666 D nStackXCoAP: CoapMessageHandler:[133] :2.01
06-10 19:36:19.924 3603 3666 D nStackXCoAP: IsInSameNetwork:[276] :IsInSameNetwork exec
06-10 19:36:19.925 3603 3666 I nStackXDFinder: GetLocalInterfaceDetail:[461] :GetLocalInterfaceDetail in
06-10 19:36:19.925 3603 3666 E nStackXCoAP: IsInSameNetwork:[281] :IsInSameNetwork: not priority process
06-10 19:36:19.925 3603 3666 D nStackXCoAP: ParseServiceDiscover:[330] :new device join
06-10 19:36:19.925 3603 3666 E nStackXDFinder: GetLocalIp:[401] :GetLocalIp exec
06-10 19:36:19.949 3603 3666 D nStackXCoAP: CoapMessageHandler:[133] :2.01
06-10 19:36:20.125 3603 3666 D nStackXCoAP: IsInSameNetwork:[276] :IsInSameNetwork exec
06-10 19:36:20.125 3603 3666 I nStackXDFinder: GetLocalInterfaceDetail:[461] :GetLocalInterfaceDetail in
06-10 19:36:20.125 3603 3666 E nStackXCoAP: IsInSameNetwork:[281] :IsInSameNetwork: not priority process
06-10 19:36:20.125 3603 3666 D nStackXCoAP: ParseServiceDiscover:[330] :new device join
06-10 19:36:20.125 3603 3666 E nStackXDFinder: GetLocalIp:[401] :GetLocalIp exec
06-10 19:36:20.175 3603 3666 D nStackXCoAP: CoapMessageHandler:[133] :2.01
06-10 19:36:20.228 3603 3666 D nStackXCoAP: IsInSameNetwork:[276] :IsInSameNetwork exec
06-10 19:36:20.229 3603 3666 I nStackXDFinder: GetLocalInterfaceDetail:[461] :GetLocalInterfaceDetail in
06-10 19:36:20.229 3603 3666 E nStackXCoAP: IsInSameNetwork:[281] :IsInSameNetwork: not priority process
06-10 19:36:20.229 3603 3666 D nStackXCoAP: ParseServiceDiscover:[330] :new device join
06-10 19:36:20.229 3603 3666 E nStackXDFinder: GetLocalIp:[401] :GetLocalIp exec
06-10 19:36:20.332 3603 3666 D nStackXCoAP: IsInSameNetwork:[276] :IsInSameNetwork exec
06-10 19:36:20.333 3603 3666 I nStackXDFinder: GetLocalInterfaceDetail:[461] :GetLocalInterfaceDetail in
06-10 19:36:20.333 3603 3666 E nStackXCoAP: IsInSameNetwork:[281] :IsInSameNetwork: not priority process
06-10 19:36:20.333 3603 3666 D nStackXCoAP: ParseServiceDiscover:[330] :new device join
06-10 19:36:20.333 3603 3666 E nStackXDFinder: GetLocalIp:[401] :GetLocalIp exec
06-10 19:36:20.338 3603 3666 D nStackXCoAP: CoapMessageHandler:[133] :2.01
06-10 19:36:20.353 3603 3666 D nStackXCoAP: CoapMessageHandler:[133] :2.01
06-10 19:36:20.535 3603 3666 D nStackXCoAP: IsInSameNetwork:[276] :IsInSameNetwork exec
06-10 19:36:20.535 3603 3666 I nStackXDFinder: GetLocalInterfaceDetail:[461] :GetLocalInterfaceDetail in
06-10 19:36:20.535 3603 3666 E nStackXCoAP: IsInSameNetwork:[281] :IsInSameNetwork: not priority process
06-10 19:36:20.535 3603 3666 D nStackXCoAP: ParseServiceDiscover:[330] :new device join
06-10 19:36:20.535 3603 3666 E nStackXDFinder: GetLocalIp:[401] :GetLocalIp exec
06-10 19:36:20.656 3603 3666 D nStackXCoAP: IsInSameNetwork:[276] :IsInSameNetwork exec
06-10 19:36:20.656 3603 3666 I nStackXDFinder: GetLocalInterfaceDetail:[461] :GetLocalInterfaceDetail in
06-10 19:36:20.656 3603 3666 E nStackXCoAP: IsInSameNetwork:[281] :IsInSameNetwork: not priority process
06-10 19:36:20.656 3603 3666 D nStackXCoAP: ParseServiceDiscover:[330] :new device join
06-10 19:36:20.656 3603 3666 E nStackXDFinder: GetLocalIp:[401] :GetLocalIp exec
06-10 19:36:20.744 1073 1331 W bt_stack: [WARNING:client_interface_aidl.cc(471)] ReadAudioData: 2048/4096 no data 10 ms
06-10 19:36:20.744 1073 1331 W bt_btif_a2dp_source: packages/modules/Bluetooth/system/btif/src/btif_a2dp_source.cc:946 btif_a2dp_source_read_callback: btif_a2dp_source_read_callback: UNDERFLOW: ONLY READ 2048 BYTES OUT OF 4096
06-10 19:36:20.759 3603 3666 D nStackXCoAP: IsInSameNetwork:[276] :IsInSameNetwork exec
06-10 19:36:20.759 3603 3666 I nStackXDFinder: GetLocalInterfaceDetail:[461] :GetLocalInterfaceDetail in
06-10 19:36:20.759 3603 3666 E nStackXCoAP: IsInSameNetwork:[281] :IsInSameNetwork: not priority process
06-10 19:36:20.759 3603 3666 D nStackXCoAP: ParseServiceDiscover:[330] :new device join
06-10 19:36:20.759 3603 3666 E nStackXDFinder: GetLocalIp:[401] :GetLocalIp exec
06-10 19:36:20.948 3603 3666 D nStackXCoAP: IsInSameNetwork:[276] :IsInSameNetwork exec
06-10 19:36:20.948 3603 3666 I nStackXDFinder: GetLocalInterfaceDetail:[461] :GetLocalInterfaceDetail in
06-10 19:36:20.948 3603 3666 E nStackXCoAP: IsInSameNetwork:[281] :IsInSameNetwork: not priority process
06-10 19:36:20.948 3603 3666 D nStackXCoAP: ParseServiceDiscover:[330] :new device join
06-10 19:36:20.948 3603 3666 E nStackXDFinder: GetLocalIp:[401] :GetLocalIp exec
06-10 19:36:21.240 3603 3666 D nStackXCoAP: CoapMessageHandler:[133] :2.01
06-10 19:36:21.241 3603 3666 D nStackXCoAP: CoapMessageHandler:[133] :2.01
06-10 19:36:21.242 3603 3666 D nStackXCoAP: CoapMessageHandler:[133] :2.01
06-10 19:36:21.256 3603 3666 D nStackXCoAP: IsInSameNetwork:[276] :IsInSameNetwork exec
06-10 19:36:21.256 3603 3666 I nStackXDFinder: GetLocalInterfaceDetail:[461] :GetLocalInterfaceDetail in
06-10 19:36:21.256 3603 3666 E nStackXCoAP: IsInSameNetwork:[281] :IsInSameNetwork: not priority process
06-10 19:36:21.256 3603 3666 D nStackXCoAP: ParseServiceDiscover:[330] :new device join
06-10 19:36:21.256 3603 3666 E nStackXDFinder: GetLocalIp:[401] :GetLocalIp exec
06-10 19:36:21.277 3603 3666 D nStackXCoAP: CoapMessageHandler:[133] :2.01
06-10 19:36:21.314 3603 3666 D nStackXCoAP: CoapMessageHandler:[133] :2.01
06-10 19:36:21.353 3603 3666 D nStackXCoAP: IsInSameNetwork:[276] :IsInSameNetwork exec
06-10 19:36:21.353 3603 3666 I nStackXDFinder: GetLocalInterfaceDetail:[461] :GetLocalInterfaceDetail in
06-10 19:36:21.353 3603 3666 E nStackXCoAP: IsInSameNetwork:[281] :IsInSameNetwork: not priority process
06-10 19:36:21.353 3603 3666 D nStackXCoAP: ParseServiceDiscover:[330] :new device join
06-10 19:36:21.353 3603 3666 E nStackXDFinder: GetLocalIp:[401] :GetLocalIp exec
06-10 19:36:21.678 3603 3666 D nStackXCoAP: IsInSameNetwork:[276] :IsInSameNetwork exec
06-10 19:36:21.678 3603 3666 I nStackXDFinder: GetLocalInterfaceDetail:[461] :GetLocalInterfaceDetail in
06-10 19:36:21.678 3603 3666 E nStackXCoAP: IsInSameNetwork:[281] :IsInSameNetwork: not priority process
06-10 19:36:21.678 3603 3666 D nStackXCoAP: ParseServiceDiscover:[330] :new device join
06-10 19:36:21.678 3603 3666 E nStackXDFinder: GetLocalIp:[401] :GetLocalIp exec
06-10 19:36:21.680 3603 3666 D nStackXCoAP: IsInSameNetwork:[276] :IsInSameNetwork exec
06-10 19:36:21.680 3603 3666 I nStackXDFinder: GetLocalInterfaceDetail:[461] :GetLocalInterfaceDetail in
06-10 19:36:21.680 3603 3666 E nStackXCoAP: IsInSameNetwork:[281] :IsInSameNetwork: not priority process
06-10 19:36:21.680 3603 3666 D nStackXCoAP: ParseServiceDiscover:[330] :new device join
06-10 19:36:21.680 3603 3666 E nStackXDFinder: GetLocalIp:[401] :GetLocalIp exec
06-10 19:36:21.768 3603 3666 D nStackXCoAP: IsInSameNetwork:[276] :IsInSameNetwork exec
06-10 19:36:21.768 3603 3666 I nStackXDFinder: GetLocalInterfaceDetail:[461] :GetLocalInterfaceDetail in
06-10 19:36:21.768 3603 3666 E nStackXCoAP: IsInSameNetwork:[281] :IsInSameNetwork: not priority process
06-10 19:36:21.768 3603 3666 D nStackXCoAP: ParseServiceDiscover:[330] :new device join
06-10 19:36:21.768 3603 3666 E nStackXDFinder: GetLocalIp:[401] :GetLocalIp exec
06-10 19:36:21.852 3603 3666 D nStackXCoAP: CoapMessageHandler:[133] :2.01
06-10 19:36:21.968 3603 3666 D nStackXCoAP: IsInSameNetwork:[276] :IsInSameNetwork exec
06-10 19:36:21.968 3603 3666 I nStackXDFinder: GetLocalInterfaceDetail:[461] :GetLocalInterfaceDetail in
06-10 19:36:21.968 3603 3666 E nStackXCoAP: IsInSameNetwork:[281] :IsInSameNetwork: not priority process
06-10 19:36:21.968 3603 3666 D nStackXCoAP: ParseServiceDiscover:[330] :new device join
06-10 19:36:21.968 3603 3666 E nStackXDFinder: GetLocalIp:[401] :GetLocalIp exec
06-10 19:36:22.075 3603 3666 D nStackXCoAP: IsInSameNetwork:[276] :IsInSameNetwork exec
06-10 19:36:22.075 3603 3666 I nStackXDFinder: GetLocalInterfaceDetail:[461] :GetLocalInterfaceDetail in
06-10 19:36:22.075 3603 3666 E nStackXCoAP: IsInSameNetwork:[281] :IsInSameNetwork: not priority process
06-10 19:36:22.075 3603 3666 D nStackXCoAP: ParseServiceDiscover:[330] :new device join
06-10 19:36:22.075 3603 3666 E nStackXDFinder: GetLocalIp:[401] :GetLocalIp exec
06-10 19:36:22.088 3603 3666 D nStackXCoAP: CoapMessageHandler:[133] :2.01
06-10 19:36:22.180 3603 3666 D nStackXCoAP: IsInSameNetwork:[276] :IsInSameNetwork exec
06-10 19:36:22.180 3603 3666 I nStackXDFinder: GetLocalInterfaceDetail:[461] :GetLocalInterfaceDetail in
06-10 19:36:22.180 3603 3666 E nStackXCoAP: IsInSameNetwork:[281] :IsInSameNetwork: not priority process
06-10 19:36:22.180 3603 3666 D nStackXCoAP: ParseServiceDiscover:[330] :new device join
06-10 19:36:22.180 3603 3666 E nStackXDFinder: GetLocalIp:[401] :GetLocalIp exec
06-10 19:36:22.302 3603 3666 D nStackXCoAP: CoapMessageHandler:[133] :2.01
06-10 19:36:22.379 3603 3666 D nStackXCoAP: IsInSameNetwork:[276] :IsInSameNetwork exec
06-10 19:36:22.379 3603 3666 I nStackXDFinder: GetLocalInterfaceDetail:[461] :GetLocalInterfaceDetail in
06-10 19:36:22.379 3603 3666 E nStackXCoAP: IsInSameNetwork:[281] :IsInSameNetwork: not priority process
06-10 19:36:22.379 3603 3666 D nStackXCoAP: ParseServiceDiscover:[330] :new device join
06-10 19:36:22.379 3603 3666 E nStackXDFinder: GetLocalIp:[401] :GetLocalIp exec
06-10 19:36:22.453 3603 3666 D nStackXCoAP: CoapMessageHandler:[133] :2.01
06-10 19:36:22.629 570 596 I WifiHAL : call wifi_get_link_stats handler
06-10 19:36:22.629 570 596 I WifiHAL : Creating message to get link statistics; iface = 16
06-10 19:36:22.629 570 596 D WifiHAL : error code -95 mapped to -3
06-10 19:36:22.630 761 899 E WifiStaIfaceAidlImpl: getLinkLayerStats failed with service-specific exception: android.os.ServiceSpecificException: (code 4)
06-10 19:36:23.251 1073 1331 W bt_stack: [WARNING:client_interface_aidl.cc(471)] ReadAudioData: 2048/4096 no data 10 ms
06-10 19:36:23.251 1073 1331 W bt_btif_a2dp_source: packages/modules/Bluetooth/system/btif/src/btif_a2dp_source.cc:946 btif_a2dp_source_read_callback: btif_a2dp_source_read_callback: UNDERFLOW: ONLY READ 2048 BYTES OUT OF 4096
06-10 19:36:23.683 4174 4650 I XcdnEngine-N: 2025-06-10 19:36:23.683 [connection_manager.cpp:426] send error:Network is unreachable
06-10 19:36:23.885 542 719 I audio_hw_hal_alsamgr: aml_alsa_output_write alsa_running_status[0xf0dc1cd0] change from 1 to 0
06-10 19:36:23.885 542 719 W audio_hw_hal_alsamgr: [aml_alsa_output_write:616] alsa underrun
06-10 19:36:23.905 542 719 I audio_hw_hal_ms12v2: dolby_ms12_threadloop alsa is not running
06-10 19:36:23.908 542 719 I audio_hw_hal_alsamgr: aml_alsa_output_write alsa_running_status[0xf0dc1cd0] change from 0 to 1
06-10 19:36:24.155 3603 3666 D nStackXCoAP: CoapMessageHandler:[133] :2.01
06-10 19:36:24.156 3603 3666 D nStackXCoAP: CoapMessageHandler:[133] :2.01
06-10 19:36:24.493 3603 3666 D nStackXCoAP: CoapMessageHandler:[133] :2.01
06-10 19:36:24.999 1073 1331 W bt_stack: [WARNING:client_interface_aidl.cc(471)] ReadAudioData: 2048/4096 no data 10 ms
06-10 19:36:25.000 1073 1331 W bt_btif_a2dp_source: packages/modules/Bluetooth/system/btif/src/btif_a2dp_source.cc:946 btif_a2dp_source_read_callback: btif_a2dp_source_read_callback: UNDERFLOW: ONLY READ 2048 BYTES OUT OF 4096
06-10 19:36:25.067 4174 4594 I [NIP] : [ng handler] update remote cfg last:1749555375052, cur:1749555385066
06-10 19:36:25.067 4174 4594 E OTTPlayer: [NIP] [NIP][ng handler] update remote cfg last:1749555375052, cur:1749555385066
06-10 19:36:25.476 4174 4615 I PCDN_TAG: [ 4614]Peer::pulse,state:3,port:8909,fr:0,fmode=C1FF,ftype=C000
06-10 19:36:25.637 570 596 I WifiHAL : call wifi_get_link_stats handler
06-10 19:36:25.637 570 596 I WifiHAL : Creating message to get link statistics; iface = 16
06-10 19:36:25.637 570 596 D WifiHAL : error code -95 mapped to -3
06-10 19:36:25.637 761 899 E WifiStaIfaceAidlImpl: getLinkLayerStats failed with service-specific exception: android.os.ServiceSpecificException: (code 4)
06-10 19:36:27.345 1073 1331 W bt_stack: [WARNING:client_interface_aidl.cc(471)] ReadAudioData: 2048/4096 no data 10 ms
06-10 19:36:27.345 1073 1331 W bt_btif_a2dp_source: packages/modules/Bluetooth/system/btif/src/btif_a2dp_source.cc:946 btif_a2dp_source_read_callback: btif_a2dp_source_read_callback: UNDERFLOW: ONLY READ 2048 BYTES OUT OF 4096
06-10 19:36:27.999 6578 6579 D uninstall: isAllowStart last_delay 0, current_time 1749555387
06-10 19:36:27.999 6578 6579 I uninstall: enable_service com.ktcp.video/com.tencent.qqlivetv.keeplive.proc.DaemonService com.ktcp.video/(null)
06-10 19:36:28.000 6578 6579 D uninstall: enable_service waitpid
06-10 19:36:28.001 17503 17503 D uninstall: enable_service pid == 0
06-10 19:36:28.001 17503 17503 D uninstall: enable_service version >= 17 || version == 0 version == 34
06-10 19:36:28.050 6578 6579 I uninstall: watchdaemon process_name = com.ktcp.video:daemon has gone, start it
06-10 19:36:28.051 6578 6579 D uninstall: watchdaemon waitpid
06-10 19:36:28.051 17507 17507 D uninstall: watchdaemon pid == 0
06-10 19:36:28.051 17507 17507 D uninstall: watchdaemon version >= 17 || version == 0 version == 34
06-10 19:36:28.403 1073 1331 W bt_stack: [WARNING:client_interface_aidl.cc(471)] ReadAudioData: 2048/4096 no data 10 ms
06-10 19:36:28.403 1073 1331 W bt_btif_a2dp_source: packages/modules/Bluetooth/system/btif/src/btif_a2dp_source.cc:946 btif_a2dp_source_read_callback: btif_a2dp_source_read_callback: UNDERFLOW: ONLY READ 2048 BYTES OUT OF 4096
06-10 19:36:28.641 570 596 I WifiHAL : call wifi_get_link_stats handler
06-10 19:36:28.641 570 596 I WifiHAL : Creating message to get link statistics; iface = 16
06-10 19:36:28.641 570 596 D WifiHAL : error code -95 mapped to -3
06-10 19:36:28.642 761 899 E WifiStaIfaceAidlImpl: getLinkLayerStats failed with service-specific exception: android.os.ServiceSpecificException: (code 4)
06-10 19:36:29.484 1073 1331 W bt_stack: [WARNING:client_interface_aidl.cc(471)] ReadAudioData: 2048/4096 no data 10 ms
06-10 19:36:29.484 1073 1331 W bt_btif_a2dp_source: packages/modules/Bluetooth/system/btif/src/btif_a2dp_source.cc:946 btif_a2dp_source_read_callback: btif_a2dp_source_read_callback: UNDERFLOW: ONLY READ 2048 BYTES OUT OF 4096
06-10 19:36:30.795 1073 1331 W bt_stack: [WARNING:client_interface_aidl.cc(471)] ReadAudioData: 2048/4096 no data 10 ms
06-10 19:36:30.795 1073 1331 W bt_btif_a2dp_source: packages/modules/Bluetooth/system/btif/src/btif_a2dp_source.cc:946 btif_a2dp_source_read_callback: btif_a2dp_source_read_callback: UNDERFLOW: ONLY READ 2048 BYTES OUT OF 4096
06-10 19:36:31.648 570 596 I WifiHAL : call wifi_get_link_stats handler
06-10 19:36:31.648 570 596 I WifiHAL : Creating message to get link statistics; iface = 16
06-10 19:36:31.648 570 596 D WifiHAL : error code -95 mapped to -3
06-10 19:36:31.649 761 899 E WifiStaIfaceAidlImpl: getLinkLayerStats failed with service-specific exception: android.os.ServiceSpecificException: (code 4)
06-10 19:36:31.823 1638 1638 D bbb : onStartCommand begin !!!!!!! data分区剩余 53013MB
06-10 19:36:31.917 761 761 V HotPlugDetectionAction: Poll all devices.
06-10 19:36:31.977 558 586 D hdmicecd: [CEC]:printCecMessage, [4 -> 0] len: 0, body:, result:success
06-10 19:36:32.033 558 586 D hdmicecd: [CEC]:printCecMessage, [4 -> 1] len: 0, body:, result:no ack
