06-10 19:31:49.953 2107 2107 I DefaultIMS: onKeyDown: keyoCode=20
06-10 19:31:49.993 9377 9785 E Hcdn_DeTask572787192: HCDN_LOG: [T:9785][HINFO]:[f:PostNotifyInfo],[l:248], notify type(6),info({"BandWidth":-2,"IsAd":0,"IsP2P":0,"VID":"e9338e6ec419bc3c6004fc518a1b2656"}
06-10 19:31:49.993 9377 9785 E Hcdn_DeTask572787192: )
06-10 19:31:49.993 9377 9780 E playfilesourceNew: HCDN_LOG: [T:9780][HINFO]:[f:DoAsynNotifyInfoResponse],[l:2605],[TaskID(572787192),type(6),msg({"BandWidth":-2,"IsAd":0,"IsP2P":0,"VID":"e9338e6ec419bc3c6004fc518a1b2656"}
06-10 19:31:49.993 9377 9780 E playfilesourceNew: )!]
06-10 19:31:50.069 761 788 W WindowManager: Unable to start animation, surface is null or no children.
06-10 19:31:50.093 9377 9785 E Hcdn_DeTask572787192: HCDN_LOG: [T:9785][HINFO]:[f:PostNotifyInfo],[l:248], notify type(6),info({"BandWidth":-2,"IsAd":0,"IsP2P":0,"VID":"e9338e6ec419bc3c6004fc518a1b2656"}
06-10 19:31:50.093 9377 9785 E Hcdn_DeTask572787192: )
06-10 19:31:50.094 9377 9780 E playfilesourceNew: HCDN_LOG: [T:9780][HINFO]:[f:DoAsynNotifyInfoResponse],[l:2605],[TaskID(572787192),type(6),msg({"BandWidth":-2,"IsAd":0,"IsP2P":0,"VID":"e9338e6ec419bc3c6004fc518a1b2656"}
06-10 19:31:50.094 9377 9780 E playfilesourceNew: )!]
06-10 19:31:50.119 1836 2218 D XM_HIDREAD: poll ret=1, event=1
06-10 19:31:50.119 1836 2218 D XM_HIDREAD: [9 bytes]:01 00 00 00 00 00 00 00 00
06-10 19:31:50.121 2107 2107 I SogouIME: onKeyUp: keyoCode=20
06-10 19:31:50.122 2107 2107 I DefaultIMS: onKeyUp: keyoCode=20
06-10 19:31:50.194 9377 9785 E Hcdn_DeTask572787192: HCDN_LOG: [T:9785][HINFO]:[f:PostNotifyInfo],[l:248], notify type(6),info({"BandWidth":-2,"IsAd":0,"IsP2P":0,"VID":"e9338e6ec419bc3c6004fc518a1b2656"}
06-10 19:31:50.194 9377 9785 E Hcdn_DeTask572787192: )
06-10 19:31:50.194 9377 9780 E playfilesourceNew: HCDN_LOG: [T:9780][HINFO]:[f:DoAsynNotifyInfoResponse],[l:2605],[TaskID(572787192),type(6),msg({"BandWidth":-2,"IsAd":0,"IsP2P":0,"VID":"e9338e6ec419bc3c6004fc518a1b2656"}
06-10 19:31:50.194 9377 9780 E playfilesourceNew: )!]
06-10 19:31:50.195 1073 1331 W bt_stack: [WARNING:client_interface_aidl.cc(471)] ReadAudioData: 2048/4096 no data 10 ms
06-10 19:31:50.195 1073 1331 W bt_btif_a2dp_source: packages/modules/Bluetooth/system/btif/src/btif_a2dp_source.cc:946 btif_a2dp_source_read_callback: btif_a2dp_source_read_callback: UNDERFLOW: ONLY READ 2048 BYTES OUT OF 4096
06-10 19:31:50.295 9377 9785 E Hcdn_DeTask572787192: HCDN_LOG: [T:9785][HINFO]:[f:PostNotifyInfo],[l:248], notify type(6),info({"BandWidth":-2,"IsAd":0,"IsP2P":0,"VID":"e9338e6ec419bc3c6004fc518a1b2656"}
06-10 19:31:50.295 9377 9785 E Hcdn_DeTask572787192: )
06-10 19:31:50.295 9377 9780 E playfilesourceNew: HCDN_LOG: [T:9780][HINFO]:[f:DoAsynNotifyInfoResponse],[l:2605],[TaskID(572787192),type(6),msg({"BandWidth":-2,"IsAd":0,"IsP2P":0,"VID":"e9338e6ec419bc3c6004fc518a1b2656"}
06-10 19:31:50.295 9377 9780 E playfilesourceNew: )!]
06-10 19:31:50.363 9377 9377 V UNIPLAYERSDK: MediaPlayerImpl.cpp:408 [MediaPlayerImpl@0xf165fd84]isPlaying ret=0
06-10 19:31:50.363 9377 9377 V UNIPLAYERSDK: MediaPlayerImpl.cpp:400 [MediaPlayerImpl@0xf165fd84]isPaused ret=0
06-10 19:31:50.395 9377 9785 E Hcdn_DeTask572787192: HCDN_LOG: [T:9785][HINFO]:[f:PostNotifyInfo],[l:248], notify type(6),info({"BandWidth":-2,"IsAd":0,"IsP2P":0,"VID":"e9338e6ec419bc3c6004fc518a1b2656"}
06-10 19:31:50.395 9377 9785 E Hcdn_DeTask572787192: )
06-10 19:31:50.395 9377 9780 E playfilesourceNew: HCDN_LOG: [T:9780][HINFO]:[f:DoAsynNotifyInfoResponse],[l:2605],[TaskID(572787192),type(6),msg({"BandWidth":-2,"IsAd":0,"IsP2P":0,"VID":"e9338e6ec419bc3c6004fc518a1b2656"}
06-10 19:31:50.395 9377 9780 E playfilesourceNew: )!]
06-10 19:31:50.495 9377 9785 E Hcdn_DeTask572787192: HCDN_LOG: [T:9785][HINFO]:[f:PostNotifyInfo],[l:248], notify type(6),info({"BandWidth":-2,"IsAd":0,"IsP2P":0,"VID":"e9338e6ec419bc3c6004fc518a1b2656"}
06-10 19:31:50.495 9377 9785 E Hcdn_DeTask572787192: )
06-10 19:31:50.496 9377 9780 E playfilesourceNew: HCDN_LOG: [T:9780][HINFO]:[f:DoAsynNotifyInfoResponse],[l:2605],[TaskID(572787192),type(6),msg({"BandWidth":-2,"IsAd":0,"IsP2P":0,"VID":"e9338e6ec419bc3c6004fc518a1b2656"}
06-10 19:31:50.496 9377 9780 E playfilesourceNew: )!]
06-10 19:31:50.596 9377 9785 E Hcdn_DeTask572787192: HCDN_LOG: [T:9785][HINFO]:[f:PostNotifyInfo],[l:248], notify type(6),info({"BandWidth":-2,"IsAd":0,"IsP2P":0,"VID":"e9338e6ec419bc3c6004fc518a1b2656"}
06-10 19:31:50.596 9377 9785 E Hcdn_DeTask572787192: )
06-10 19:31:50.596 9377 9780 E playfilesourceNew: HCDN_LOG: [T:9780][HINFO]:[f:DoAsynNotifyInfoResponse],[l:2605],[TaskID(572787192),type(6),msg({"BandWidth":-2,"IsAd":0,"IsP2P":0,"VID":"e9338e6ec419bc3c6004fc518a1b2656"}
06-10 19:31:50.596 9377 9780 E playfilesourceNew: )!]
06-10 19:31:50.663 9377 9377 I TvUniPlayer/UniPlayer@3774886: in handleMessage event:10000
06-10 19:31:50.696 9377 9785 E Hcdn_DeTask572787192: HCDN_LOG: [T:9785][HINFO]:[f:PostNotifyInfo],[l:248], notify type(6),info({"BandWidth":-2,"IsAd":0,"IsP2P":0,"VID":"e9338e6ec419bc3c6004fc518a1b2656"}
06-10 19:31:50.696 9377 9785 E Hcdn_DeTask572787192: )
06-10 19:31:50.697 9377 9780 E playfilesourceNew: HCDN_LOG: [T:9780][HINFO]:[f:DoAsynNotifyInfoResponse],[l:2605],[TaskID(572787192),type(6),msg({"BandWidth":-2,"IsAd":0,"IsP2P":0,"VID":"e9338e6ec419bc3c6004fc518a1b2656"}
06-10 19:31:50.697 9377 9780 E playfilesourceNew: )!]
06-10 19:31:50.716 1836 2218 D XM_HIDREAD: poll ret=1, event=1
06-10 19:31:50.716 1836 2218 D XM_HIDREAD: [9 bytes]:01 00 00 28 00 00 00 00 00
06-10 19:31:50.717 2107 2107 I SogouIME: onKeyDown: keyoCode=23
06-10 19:31:50.717 2107 2107 I DefaultIMS: onKeyDown: keyoCode=23
06-10 19:31:50.798 9377 9785 E Hcdn_DeTask572787192: HCDN_LOG: [T:9785][HINFO]:[f:PostNotifyInfo],[l:248], notify type(6),info({"BandWidth":-2,"IsAd":0,"IsP2P":0,"VID":"e9338e6ec419bc3c6004fc518a1b2656"}
06-10 19:31:50.798 9377 9785 E Hcdn_DeTask572787192: )
06-10 19:31:50.798 9377 9780 E playfilesourceNew: HCDN_LOG: [T:9780][HINFO]:[f:DoAsynNotifyInfoResponse],[l:2605],[TaskID(572787192),type(6),msg({"BandWidth":-2,"IsAd":0,"IsP2P":0,"VID":"e9338e6ec419bc3c6004fc518a1b2656"}
06-10 19:31:50.798 9377 9780 E playfilesourceNew: )!]
06-10 19:31:50.850 1836 2218 D XM_HIDREAD: poll ret=1, event=1
06-10 19:31:50.850 1836 2218 D XM_HIDREAD: [9 bytes]:01 00 00 00 00 00 00 00 00
06-10 19:31:50.853 2107 2107 I SogouIME: onKeyUp: keyoCode=23
06-10 19:31:50.853 2107 2107 I DefaultIMS: onKeyUp: keyoCode=23
06-10 19:31:50.860 1543 1543 W ContextImpl: Calling a method in the system process without a qualified user: android.app.ContextImpl.startActivity:1102 android.content.ContextWrapper.startActivity:436 je.b.f:119 je.a.b:75 he.a.c:71
06-10 19:31:50.861 1543 1543 W ContextImpl: Calling a method in the system process without a qualified user: android.app.ContextImpl.startActivity:1114 android.app.ContextImpl.startActivity:1103 android.content.ContextWrapper.startActivity:436 je.b.f:119 je.a.b:75
06-10 19:31:50.864 761 782 D CompatibilityChangeReporter: Compat change id reported: 265464455; UID 10042; state: DISABLED
06-10 19:31:50.865 9377 9377 V UNIPLAYERSDK: MediaPlayerImpl.cpp:408 [MediaPlayerImpl@0xf165fd84]isPlaying ret=0
06-10 19:31:50.865 9377 9377 V UNIPLAYERSDK: MediaPlayerImpl.cpp:400 [MediaPlayerImpl@0xf165fd84]isPaused ret=0
06-10 19:31:50.865 761 782 D CompatibilityChangeReporter: Compat change id reported: 265452344; UID 10042; state: DISABLED
06-10 19:31:50.866 761 782 D CompatibilityChangeReporter: Compat change id reported: 266124927; UID 10042; state: DISABLED
06-10 19:31:50.866 761 782 D CompatibilityChangeReporter: Compat change id reported: 265451093; UID 10042; state: DISABLED
06-10 19:31:50.867 761 782 D CompatibilityChangeReporter: Compat change id reported: 265456536; UID 10042; state: DISABLED
06-10 19:31:50.867 761 782 D CompatibilityChangeReporter: Compat change id reported: 255940284; UID 10042; state: DISABLED
06-10 19:31:50.867 1543 16389 D TrafficStats: tagSocket(131) with statsTag=0xffffffff, statsUid=-1
06-10 19:31:50.867 761 782 D CompatibilityChangeReporter: Compat change id reported: 236283604; UID 10042; state: DISABLED
06-10 19:31:50.867 761 782 D CompatibilityChangeReporter: Compat change id reported: 263959004; UID 10042; state: DISABLED
06-10 19:31:50.867 761 782 D CompatibilityChangeReporter: Compat change id reported: 264304459; UID 10042; state: DISABLED
06-10 19:31:50.868 761 782 D CompatibilityChangeReporter: Compat change id reported: 264301586; UID 10042; state: DISABLED
06-10 19:31:50.868 761 782 D CompatibilityChangeReporter: Compat change id reported: 254631730; UID 10042; state: DISABLED
06-10 19:31:50.869 761 782 D CompatibilityChangeReporter: Compat change id reported: 273509367; UID 10042; state: DISABLED
06-10 19:31:50.869 761 782 D CompatibilityChangeReporter: Compat change id reported: 263259275; UID 10042; state: DISABLED
06-10 19:31:50.869 761 782 D CompatibilityChangeReporter: Compat change id reported: 174042980; UID 10042; state: DISABLED
06-10 19:31:50.870 761 782 D CompatibilityChangeReporter: Compat change id reported: 174042936; UID 10042; state: DISABLED
06-10 19:31:50.870 761 782 D CompatibilityChangeReporter: Compat change id reported: 181136395; UID 10042; state: DISABLED
06-10 19:31:50.874 761 782 D CompatibilityChangeReporter: Compat change id reported: 194480991; UID 10042; state: ENABLED
06-10 19:31:50.876 761 782 E CellBroadcastUtils: getDefaultCellBroadcastReceiverPackageName: no package found
06-10 19:31:50.880 761 782 D CompatibilityChangeReporter: Compat change id reported: 184838306; UID 10042; state: DISABLED
06-10 19:31:50.880 761 782 D CompatibilityChangeReporter: Compat change id reported: 185004937; UID 10042; state: DISABLED
06-10 19:31:50.882 761 782 D CompatibilityChangeReporter: Compat change id reported: 197654537; UID 10042; state: DISABLED
06-10 19:31:50.884 761 782 D CompatibilityChangeReporter: Compat change id reported: 205907456; UID 10042; state: DISABLED
06-10 19:31:50.889 761 782 D CompatibilityChangeReporter: Compat change id reported: 194833441; UID 10042; state: DISABLED
06-10 19:31:50.889 761 782 I ActivityTaskManager: START u0 {act=android.intent.action.MAIN cat=[android.intent.category.LAUNCHER] flg=0x10000000 pkg=com.tv.filemanager.os cmp=com.tv.filemanager.os/com.dangbei.lerad.filemanager.ui.home.ManagerHomeActivity} with LAUNCH_MULTIPLE from uid 1000 (BAL_ALLOW_ALLOWLISTED_UID) result code=0
06-10 19:31:50.889 972 1070 V WindowManagerShell: Transition requested: android.os.BinderProxy@a8e9eb2 TransitionRequestInfo { type = 1, triggerTask = TaskInfo{userId=0 taskId=76 displayId=0 isRunning=true baseIntent=Intent { act=android.intent.action.MAIN cat=[android.intent.category.LAUNCHER] flg=0x10000000 pkg=com.tv.filemanager.os cmp=com.tv.filemanager.os/com.dangbei.lerad.filemanager.ui.home.ManagerHomeActivity } baseActivity=ComponentInfo{com.tv.filemanager.os/com.dangbei.lerad.filemanager.ui.home.ManagerHomeActivity} topActivity=ComponentInfo{com.tv.filemanager.os/com.dangbei.lerad.filemanager.ui.home.ManagerHomeActivity} origActivity=null realActivity=ComponentInfo{com.tv.filemanager.os/com.dangbei.lerad.filemanager.ui.home.ManagerHomeActivity} numActivities=1 lastActiveTime=3222547 supportsMultiWindow=true resizeMode=1 isResizeable=true minWidth=-1 minHeight=-1 defaultMinSize=220 token=WCT{android.window.IWindowContainerToken$Stub$Proxy@2bffe03} topActivityType=1 pictureInPictureParams=null shouldDockBigOverlays=true launchIntoPipHostTaskId=-1 lastParentTaskIdBeforePip=-1 displayCutoutSafeInsets=null topActivityInfo=ActivityInfo{4764180 com.dangbei.lerad.filemanager.ui.home.ManagerHomeActivity} launchCookies=[] positionInParent=Point(0, 0) parentTaskId=-1 isFocused=false isVisible=false isVisibleRequested=false isSleeping=false topActivityInSizeCompat=false topActivityEligibleForLetterboxEducation= false isLetterboxDoubleTapEnabled= false topActivityEligibleForUserAspectRatioButton= false topActivityBoundsLetterboxed= false isFromLetterboxDoubleTap= false topActivityLetterboxVerticalPosition= -1 topActivityLetterboxHorizontalPosition= -1 topActivityLetterboxWidth=-1 topActivityLetterboxHeight=-1 isUserFullscreenOverrideEnabled=false isTopActivityTransparent=false locusId=null displayAreaFeatureId=1 cameraCompatControlState=hidden}, remoteTransition = null, displayChange = null, flags = 0 }
06-10 19:31:50.897 761 2504 V WindowManager: app ------------- force_land :0
06-10 19:31:50.897 761 2504 V WindowManager: app ------------- force_land :0
06-10 19:31:50.897 761 2504 V WindowManager: app ------------- force_land :0
06-10 19:31:50.899 1543 16388 D TrafficStats: tagSocket(176) with statsTag=0xffffffff, statsUid=-1
06-10 19:31:50.904 9377 9785 E Hcdn_DeTask572787192: HCDN_LOG: [T:9785][HINFO]:[f:PostNotifyInfo],[l:248], notify type(6),info({"BandWidth":-2,"IsAd":0,"IsP2P":0,"VID":"e9338e6ec419bc3c6004fc518a1b2656"}
06-10 19:31:50.904 9377 9785 E Hcdn_DeTask572787192: )
06-10 19:31:50.905 1543 16387 D TrafficStats: tagSocket(177) with statsTag=0xffffffff, statsUid=-1
06-10 19:31:50.905 9377 9780 E playfilesourceNew: HCDN_LOG: [T:9780][HINFO]:[f:DoAsynNotifyInfoResponse],[l:2605],[TaskID(572787192),type(6),msg({"BandWidth":-2,"IsAd":0,"IsP2P":0,"VID":"e9338e6ec419bc3c6004fc518a1b2656"}
06-10 19:31:50.905 9377 9780 E playfilesourceNew: )!]
06-10 19:31:50.932 1543 1835 W SQLiteLog: (28) double-quoted string literal: "
06-10 19:31:50.933 1543 1835 W SQLiteLog: (28) double-quoted string literal: "1F465A028A12D95487C287065D85C181"
06-10 19:31:50.937 330 330 I BpBinder: onLastStrongRef automatically unlinking death recipients:
06-10 19:31:50.938 1543 1543 E SecondScreen: isShowSecondScreen()=1 getCurrentPageState()=com.monster.gamma.core.LoadService@fcb8c2f
06-10 19:31:50.939 1543 1543 E SecondScreen: isShowSecondScreen()=1 getCurrentPageState()=com.monster.gamma.core.LoadService@fcb8c2f
06-10 19:31:50.949 761 2504 V WindowManager: app ------------- force_land :0
06-10 19:31:50.973 2762 2762 D CompatibilityChangeReporter: Compat change id reported: 210923482; UID 10042; state: DISABLED
06-10 19:31:50.973 2762 2762 D CompatibilityChangeReporter: Compat change id reported: 37756858; UID 10042; state: ENABLED
06-10 19:31:51.002 972 1070 D WindowManagerShell: TvPipController: onTaskStackChanged()
06-10 19:31:51.003 9377 9785 E Hcdn_DeTask572787192: HCDN_LOG: [T:9785][HINFO]:[f:PostNotifyInfo],[l:248], notify type(6),info({"BandWidth":-2,"IsAd":0,"IsP2P":0,"VID":"e9338e6ec419bc3c6004fc518a1b2656"}
06-10 19:31:51.003 9377 9785 E Hcdn_DeTask572787192: )
06-10 19:31:51.003 9377 9780 E playfilesourceNew: HCDN_LOG: [T:9780][HINFO]:[f:DoAsynNotifyInfoResponse],[l:2605],[TaskID(572787192),type(6),msg({"BandWidth":-2,"IsAd":0,"IsP2P":0,"VID":"e9338e6ec419bc3c6004fc518a1b2656"}
06-10 19:31:51.003 9377 9780 E playfilesourceNew: )!]
06-10 19:31:51.099 2762 2762 I com.monster.godzilla.load.RequestDiskPath: doSomething
06-10 19:31:51.104 9377 9785 E Hcdn_DeTask572787192: HCDN_LOG: [T:9785][HINFO]:[f:PostNotifyInfo],[l:248], notify type(6),info({"BandWidth":-2,"IsAd":0,"IsP2P":0,"VID":"e9338e6ec419bc3c6004fc518a1b2656"}
06-10 19:31:51.104 9377 9785 E Hcdn_DeTask572787192: )
06-10 19:31:51.104 2762 2762 D CompatibilityChangeReporter: Compat change id reported: 237531167; UID 10042; state: DISABLED
06-10 19:31:51.104 2762 16556 W .filemanager.os: Accessing hidden method Landroid/os/storage/VolumeInfo;->getDescriptionComparator()Ljava/util/Comparator; (max-target-o, reflection, denied)
06-10 19:31:51.104 9377 9780 E playfilesourceNew: HCDN_LOG: [T:9780][HINFO]:[f:DoAsynNotifyInfoResponse],[l:2605],[TaskID(572787192),type(6),msg({"BandWidth":-2,"IsAd":0,"IsP2P":0,"VID":"e9338e6ec419bc3c6004fc518a1b2656"}
06-10 19:31:51.104 9377 9780 E playfilesourceNew: )!]
06-10 19:31:51.104 2762 16556 W System.err: java.lang.NoSuchMethodException: android.os.storage.VolumeInfo.getDescriptionComparator []
06-10 19:31:51.106 2762 2762 W OpenGLRenderer: Unknown dataspace 0
06-10 19:31:51.110 2762 16556 W System.err: at java.lang.Class.getMethod(Class.java:2937)
06-10 19:31:51.110 2762 16556 W System.err: at java.lang.Class.getMethod(Class.java:2449)
06-10 19:31:51.110 2762 16556 W System.err: at com.monster.godzilla.utlis.FileManagerSdcardUtils.getAllSDPath(FileManagerSdcardUtils.java:126)
06-10 19:31:51.110 2762 16556 W System.err: at com.monster.godzilla.load.RequestDiskPath$1.onRun(RequestDiskPath.java:55)
06-10 19:31:51.110 2762 16556 W System.err: at com.monster.godzilla.utlis.ThreadManager$ThreadPoolProxy$1.run(ThreadManager.java:105)
06-10 19:31:51.110 2762 16556 W System.err: at java.util.concurrent.ThreadPoolExecutor.runWorker(ThreadPoolExecutor.java:1145)
06-10 19:31:51.110 2762 16556 W System.err: at java.util.concurrent.ThreadPoolExecutor$Worker.run(ThreadPoolExecutor.java:644)
06-10 19:31:51.110 2762 16556 W System.err: at java.lang.Thread.run(Thread.java:1012)
06-10 19:31:51.112 761 782 W WindowManager: [addWindow] title:com.tv.filemanager.os/com.dangbei.lerad.filemanager.ui.home.ManagerHomeActivity
06-10 19:31:51.112 761 2504 W WindowManager: Failed looking up window session=Session{e9e2072 2762:u0a10042} callers=com.android.server.wm.WindowManagerService.windowForClientLocked:6077 com.android.server.wm.Session.updateRequestedVisibleTypes:695 android.view.IWindowSession$Stub.onTransact:1034
06-10 19:31:51.113 761 782 D CompatibilityChangeReporter: Compat change id reported: 168419799; UID 10042; state: DISABLED
06-10 19:31:51.114 761 782 D CompatibilityChangeReporter: Compat change id reported: 273564678; UID 10042; state: DISABLED
06-10 19:31:51.123 761 782 D CoreBackPreview: Window{44ed079 u0 com.tv.filemanager.os/com.dangbei.lerad.filemanager.ui.home.ManagerHomeActivity}: Setting back callback OnBackInvokedCallbackInfo{mCallback=android.window.IOnBackInvokedCallback$Stub$Proxy@2a621f, mPriority=0, mIsAnimationCallback=false}
06-10 19:31:51.132 16557 16557 I mount : type=1400 audit(0.0:3792): avc: denied { search } for name="vendor" dev="tmpfs" ino=2 scontext=u:r:untrusted_app_29:s0:c42,c256,c512,c768 tcontext=u:object_r:mnt_vendor_file:s0 tclass=dir permissive=1 app=com.tv.filemanager.os
06-10 19:31:51.132 16557 16557 I mount : type=1400 audit(0.0:3793): avc: denied { getattr } for path="/mnt/vendor/odm_ext" dev="mmcblk0p17" ino=2 scontext=u:r:untrusted_app_29:s0:c42,c256,c512,c768 tcontext=u:object_r:param_tv_file:s0 tclass=dir permissive=1 app=com.tv.filemanager.os
06-10 19:31:51.132 16557 16557 I mount : type=1400 audit(0.0:3794): avc: denied { getattr } for path="/mnt/vendor/tee" dev="mmcblk0p9" ino=2 scontext=u:r:untrusted_app_29:s0:c42,c256,c512,c768 tcontext=u:object_r:tee_vendor_file:s0 tclass=dir permissive=1 app=com.tv.filemanager.os
06-10 19:31:51.136 16557 16557 I mount : type=1400 audit(0.0:3795): avc: denied { getattr } for path="/metadata" dev="mmcblk0p24" ino=3 scontext=u:r:untrusted_app_29:s0:c42,c256,c512,c768 tcontext=u:object_r:metadata_file:s0 tclass=dir permissive=1 app=com.tv.filemanager.os
06-10 19:31:51.136 16557 16557 I mount : type=1400 audit(0.0:3796): avc: denied { getattr } for path="/system_dlkm" dev="dm-25" ino=38 scontext=u:r:untrusted_app_29:s0:c42,c256,c512,c768 tcontext=u:object_r:system_dlkm_file:s0 tclass=dir permissive=1 app=com.tv.filemanager.os
06-10 19:31:51.136 16557 16557 I mount : type=1400 audit(0.0:3797): avc: denied { getattr } for path="/apex/apex-info-list.xml" dev="tmpfs" ino=73 scontext=u:r:untrusted_app_29:s0:c42,c256,c512,c768 tcontext=u:object_r:apex_info_file:s0 tclass=file permissive=1 app=com.tv.filemanager.os
06-10 19:31:51.153 2762 16556 W .filemanager.os: Accessing hidden method Landroid/os/storage/VolumeInfo;->getDescriptionComparator()Ljava/util/Comparator; (max-target-o, reflection, denied)
06-10 19:31:51.159 330 352 W ServiceManagerCppClient: Permission failure: android.permission.ROTATE_SURFACE_FLINGER from uid=10042 pid=0
06-10 19:31:51.159 330 352 D PermissionCache: checking android.permission.ROTATE_SURFACE_FLINGER for uid=10042 => denied (440 us)
06-10 19:31:51.159 330 352 W ServiceManagerCppClient: Permission failure: android.permission.INTERNAL_SYSTEM_WINDOW from uid=10042 pid=0
06-10 19:31:51.159 330 353 W ServiceManagerCppClient: Permission failure: android.permission.INTERNAL_SYSTEM_WINDOW from uid=10042 pid=2762
06-10 19:31:51.159 330 352 D PermissionCache: checking android.permission.INTERNAL_SYSTEM_WINDOW for uid=10042 => denied (269 us)
06-10 19:31:51.159 330 353 D PermissionCache: checking android.permission.INTERNAL_SYSTEM_WINDOW for uid=10042 => denied (236 us)
06-10 19:31:51.159 330 352 W ServiceManagerCppClient: Permission failure: android.permission.ACCESS_SURFACE_FLINGER from uid=10042 pid=0
06-10 19:31:51.159 330 353 W ServiceManagerCppClient: Permission failure: android.permission.ACCESS_SURFACE_FLINGER from uid=10042 pid=2762
06-10 19:31:51.159 330 352 D PermissionCache: checking android.permission.ACCESS_SURFACE_FLINGER for uid=10042 => denied (217 us)
06-10 19:31:51.159 330 353 D PermissionCache: checking android.permission.ACCESS_SURFACE_FLINGER for uid=10042 => denied (225 us)
06-10 19:31:51.160 2762 16548 I mali : Successfully parsed 1 environment variable(s) from /vendor/etc/mali_platform.config.
06-10 19:31:51.162 2762 16548 I mali : Successfully parsed 1 environment variable(s) from /vendor/etc/mali_platform.config.
06-10 19:31:51.171 302 302 I hwservicemanager: getTransport: Cannot find entry android.hardware.configstore@1.0::ISurfaceFlingerConfigs/default in either framework or device VINTF manifest.
06-10 19:31:51.177 9377 9377 I PlayThreadMonitor: in playerthread monitor handler
06-10 19:31:51.178 9377 9461 I PlayThreadMonitor: in monitor runnable
06-10 19:31:51.200 357 9938 I MesonDisplay: [/mode_policy.c, meson_mode_set_policy, 1177] connector:0 to policy:0
06-10 19:31:51.200 357 9938 I MesonDisplay: [/mode_policy.c, is_dv_prefer, 66] not prefer dv, hdr_priority:10000010
06-10 19:31:51.200 357 9938 I MesonDisplay: [/mode_policy.c, is_dv_prefer, 66] not prefer dv, hdr_priority:10000010
06-10 19:31:51.200 357 9938 I MesonDisplay: [/mode_policy.c, hdr_scene_process, 721] Do not output 8bit hdr. Change to auto color space
06-10 19:31:51.200 357 9938 I MesonDisplay: [/mode_policy.c, hdr_scene_process, 724] policy:0 is_bestcolorspace:1 state:0
06-10 19:31:51.200 357 9938 I MesonDisplay: [/mode_policy_parser.c, is_support_hdmimode, 110] is_support_hdmimode mode: 2160p50hz
06-10 19:31:51.200 357 9938 I MesonDisplay: [/mode_policy_parser.c, is_support_hdmimode, 110] is_support_hdmimode mode: 2160p60hz
06-10 19:31:51.200 357 9938 D MesonDisplay: meson_write /sys/class/amhdmitx/amhdmitx0/valid_mode, outputmode:2160p60hz420,10bit
06-10 19:31:51.201 357 9938 D MesonDisplay: valid mode is true!
06-10 19:31:51.201 357 9938 I MesonDisplay: [/mode_policy.c, is_support_4kHDR, 499] is_support_4kHDR mode:[420,10bit], deep color:[2160p60hz]
06-10 19:31:51.201 357 9938 I MesonDisplay: [/mode_policy.c, meson_mode_get_policy_output, 1289] final_displaymode:2160p60hz, final_deepcolor:420,10bit, amdv_type:0
06-10 19:31:51.201 357 9938 I MesonDisplay: [/mode_policy.c, meson_mode_set_policy, 1177] connector:0 to policy:8
06-10 19:31:51.202 2762 16548 E OpenGLRenderer: Unable to match the desired swap behavior.
06-10 19:31:51.203 9377 9785 E Hcdn_DeTask572787192: HCDN_LOG: [T:9785][HINFO]:[f:PostNotifyInfo],[l:248], notify type(6),info({"BandWidth":-2,"IsAd":0,"IsP2P":0,"VID":"e9338e6ec419bc3c6004fc518a1b2656"}
06-10 19:31:51.203 9377 9785 E Hcdn_DeTask572787192: )
06-10 19:31:51.203 9377 9780 E playfilesourceNew: HCDN_LOG: [T:9780][HINFO]:[f:DoAsynNotifyInfoResponse],[l:2605],[TaskID(572787192),type(6),msg({"BandWidth":-2,"IsAd":0,"IsP2P":0,"VID":"e9338e6ec419bc3c6004fc518a1b2656"}
06-10 19:31:51.203 9377 9780 E playfilesourceNew: )!]
06-10 19:31:51.241 761 782 W ServiceManagerCppClient: Permission failure: android.permission.ROTATE_SURFACE_FLINGER from uid=10042 pid=0
06-10 19:31:51.241 761 782 D PermissionCache: checking android.permission.ROTATE_SURFACE_FLINGER for uid=10042 => denied (230 us)
06-10 19:31:51.241 761 782 W ServiceManagerCppClient: Permission failure: android.permission.INTERNAL_SYSTEM_WINDOW from uid=10042 pid=0
06-10 19:31:51.241 761 782 D PermissionCache: checking android.permission.INTERNAL_SYSTEM_WINDOW for uid=10042 => denied (114 us)
06-10 19:31:51.241 761 782 W ServiceManagerCppClient: Permission failure: android.permission.ACCESS_SURFACE_FLINGER from uid=10042 pid=0
06-10 19:31:51.241 761 782 D PermissionCache: checking android.permission.ACCESS_SURFACE_FLINGER for uid=10042 => denied (62 us)
06-10 19:31:51.242 2762 2762 I BaseRequest: complete
06-10 19:31:51.242 2762 2762 I BaseRequest: success!=nulltrue
06-10 19:31:51.250 972 1070 V WindowManagerShell: onTransitionReady android.os.BinderProxy@a8e9eb2: {id=62 t=OPEN f=0x0 trk=0 r=[0@Point(0, 0)] c=[{WCT{android.window.IWindowContainerToken$Stub$Proxy@5bdf5ac} m=OPEN f=NONE leash=Surface(name=Task=76)/@0x74f13b9 sb=Rect(0, 0 - 1920, 1080) eb=Rect(0, 0 - 1920, 1080) d=0},{WCT{android.window.IWindowContainerToken$Stub$Proxy@1c43275} m=TO_BACK f=NONE leash=Surface(name=Task=1)/@0xec3f3fe sb=Rect(0, 0 - 1920, 1080) eb=Rect(0, 0 - 1920, 1080) d=0}]}
06-10 19:31:51.250 972 1070 V WindowManagerShell: Playing animation for (#62)android.os.BinderProxy@a8e9eb2@0
06-10 19:31:51.250 972 1070 V WindowManagerShell: try handler com.android.wm.shell.keyguard.KeyguardTransitionHandler@b8b8234
06-10 19:31:51.250 972 1070 V WindowManagerShell: try handler com.android.wm.shell.pip.tv.TvPipTransition@44a785d
06-10 19:31:51.250 972 1070 V WindowManagerShell: try handler com.android.wm.shell.activityembedding.ActivityEmbeddingController@94fc5d2
06-10 19:31:51.250 972 1070 V WindowManagerShell: try handler com.android.wm.shell.transition.RemoteTransitionHandler@7a966a3
06-10 19:31:51.250 972 1070 V WindowManagerShell: Transition doesn't have explicit remote, search filters for match for {id=62 t=OPEN f=0x0 trk=0 r=[0@Point(0, 0)] c=[{WCT{android.window.IWindowContainerToken$Stub$Proxy@5bdf5ac} m=OPEN f=NONE leash=Surface(name=Task=76)/@0x74f13b9 sb=Rect(0, 0 - 1920, 1080) eb=Rect(0, 0 - 1920, 1080) d=0},{WCT{android.window.IWindowContainerToken$Stub$Proxy@1c43275} m=TO_BACK f=NONE leash=Surface(name=Task=1)/@0xec3f3fe sb=Rect(0, 0 - 1920, 1080) eb=Rect(0, 0 - 1920, 1080) d=0}]}
06-10 19:31:51.250 972 1070 V WindowManagerShell: Delegate animation for #62 to null
06-10 19:31:51.251 972 1070 V WindowManagerShell: try handler com.android.wm.shell.transition.DefaultTransitionHandler@5788da0
06-10 19:31:51.251 972 1070 V WindowManagerShell: start default transition animation, info = {id=62 t=OPEN f=0x0 trk=0 r=[0@Point(0, 0)] c=[{WCT{android.window.IWindowContainerToken$Stub$Proxy@5bdf5ac} m=OPEN f=NONE leash=Surface(name=Task=76)/@0x74f13b9 sb=Rect(0, 0 - 1920, 1080) eb=Rect(0, 0 - 1920, 1080) d=0},{WCT{android.window.IWindowContainerToken$Stub$Proxy@1c43275} m=TO_BACK f=NONE leash=Surface(name=Task=1)/@0xec3f3fe sb=Rect(0, 0 - 1920, 1080) eb=Rect(0, 0 - 1920, 1080) d=0}]}
06-10 19:31:51.251 972 1070 V WindowManagerShell: loadAnimation: anim=android.view.animation.AlphaAnimation@367520a animAttr=0x9 type=OPEN isEntrance=false
06-10 19:31:51.251 972 1070 V WindowManagerShell: loadAnimation: anim=android.view.animation.AlphaAnimation@bb92a7b animAttr=0x8 type=OPEN isEntrance=true
06-10 19:31:51.254 972 1070 V WindowManagerShell: animated by com.android.wm.shell.transition.DefaultTransitionHandler@5788da0
06-10 19:31:51.254 761 786 W ContextImpl: Calling a method in the system process without a qualified user: android.app.ContextImpl.startService:1899 com.android.server.wm.DisplayPolicy.lambda$focusChangedLw$5:2126 com.android.server.wm.DisplayPolicy.$r8$lambda$Znxk63oh-WzVnzo_WQefN7uxV48:0 com.android.server.wm.DisplayPolicy$$ExternalSyntheticLambda13.run:0 android.os.Handler.handleCallback:958
06-10 19:31:51.258 1570 1570 D aaa : LedStatusService onStartCommand begin
06-10 19:31:51.259 1570 16569 D aaa : topPkg is -------------- :com.tv.filemanager.os
06-10 19:31:51.265 761 785 I ActivityTaskManager: Displayed com.tv.filemanager.os/com.dangbei.lerad.filemanager.ui.home.ManagerHomeActivity for user 0: +380ms
06-10 19:31:51.266 761 1865 D CompatibilityChangeReporter: Compat change id reported: 149924527; UID 10042; state: ENABLED
06-10 19:31:51.267 761 1865 D CompatibilityChangeReporter: Compat change id reported: 132649864; UID 10042; state: DISABLED
06-10 19:31:51.267 761 785 V WindowManager: Sent Transition #62 createdAt=06-10 19:31:50.875 via request=TransitionRequestInfo { type = 1, triggerTask = TaskInfo{userId=0 taskId=76 displayId=0 isRunning=true baseIntent=Intent { act=android.intent.action.MAIN cat=[android.intent.category.LAUNCHER] flg=0x10000000 pkg=com.tv.filemanager.os cmp=com.tv.filemanager.os/com.dangbei.lerad.filemanager.ui.home.ManagerHomeActivity } baseActivity=ComponentInfo{com.tv.filemanager.os/com.dangbei.lerad.filemanager.ui.home.ManagerHomeActivity} topActivity=ComponentInfo{com.tv.filemanager.os/com.dangbei.lerad.filemanager.ui.home.ManagerHomeActivity} origActivity=null realActivity=ComponentInfo{com.tv.filemanager.os/com.dangbei.lerad.filemanager.ui.home.ManagerHomeActivity} numActivities=1 lastActiveTime=3222547 supportsMultiWindow=true resizeMode=1 isResizeable=true minWidth=-1 minHeight=-1 defaultMinSize=220 token=WCT{RemoteToken{e9d013b Task{549393c #76 type=standard A=10042:com.tv.filemanager.os}}} topActivityType=1 pictureInPictureParams=null shouldDockBigOverlays=true launchIntoPipHostTaskId=-1 lastParentTaskIdBeforePip=-1 displayCutoutSafeInsets=null topActivityInfo=ActivityInfo{ddbb058 com.dangbei.lerad.filemanager.ui.home.ManagerHomeActivity} launchCookies=[] positionInParent=Point(0, 0) parentTaskId=-1 isFocused=false isVisible=false isVisibleRequested=false isSleeping=false topActivityInSizeCompat=false topActivityEligibleForLetterboxEducation= false isLetterboxDoubleTapEnabled= false topActivityEligibleForUserAspectRatioButton= false topActivityBoundsLetterboxed= false isFromLetterboxDoubleTap= false topActivityLetterboxVerticalPosition= -1 topActivityLetterboxHorizontalPosition= -1 topActivityLetterboxWidth=-1 topActivityLetterboxHeight=-1 isUserFullscreenOverrideEnabled=false isTopActivityTransparent=false locusId=null displayAreaFeatureId=1 cameraCompatControlState=hidden}, remoteTransition = null, displayChange = null, flags = 0 }
06-10 19:31:51.268 761 785 V WindowManager: startWCT=WindowContainerTransaction { changes = {} hops = [] errorCallbackToken=null taskFragmentOrganizer=null }
06-10 19:31:51.268 761 785 V WindowManager: info={id=62 t=OPEN f=0x0 trk=0 r=[0@Point(0, 0)] c=[{WCT{RemoteToken{e9d013b Task{549393c #76 type=standard A=10042:com.tv.filemanager.os}}} m=OPEN f=NONE leash=Surface(name=Task=76)/@0xeeb696c sb=Rect(0, 0 - 1920, 1080) eb=Rect(0, 0 - 1920, 1080) d=0},{WCT{RemoteToken{5147877 Task{34067b8 #1 type=home}}} m=TO_BACK f=NONE leash=Surface(name=Task=1)/@0x18727ec sb=Rect(0, 0 - 1920, 1080) eb=Rect(0, 0 - 1920, 1080) d=0}]}
06-10 19:31:51.275 761 1865 D CompatibilityChangeReporter: Compat change id reported: 178209446; UID 10042; state: DISABLED
06-10 19:31:51.278 1487 1626 E StorageManager: Failed to open /storage/emulated/0/DBTestDir@God/.probe to set project id.: No such file or directory
06-10 19:31:51.278 1487 1626 W MediaProvider: Failed to update quota type for /storage/emulated/0/DBTestDir@God/.probe
06-10 19:31:51.278 1487 1626 W MediaProvider: java.io.IOException: Failed to update quota type for /storage/emulated/0/DBTestDir@God/.probe
06-10 19:31:51.278 1487 1626 W MediaProvider: at android.os.storage.StorageManager.updateExternalStorageFileQuotaType(StorageManager.java:2560)
06-10 19:31:51.278 1487 1626 W MediaProvider: at com.android.providers.media.MediaProvider.updateQuotaTypeForFileInternal(MediaProvider.java:882)
06-10 19:31:51.278 1487 1626 W MediaProvider: at com.android.providers.media.MediaProvider.lambda$onFileCreatedForFuse$16(MediaProvider.java:1968)
06-10 19:31:51.278 1487 1626 W MediaProvider: at com.android.providers.media.MediaProvider.$r8$lambda$2xymPekDQJh5Kd8JDQRtxlL1z1s(MediaProvider.java:0)
06-10 19:31:51.278 1487 1626 W MediaProvider: at com.android.providers.media.MediaProvider$$ExternalSyntheticLambda13.run(R8$$SyntheticClass:0)
06-10 19:31:51.278 1487 1626 W MediaProvider: at android.os.Handler.handleCallback(Handler.java:958)
06-10 19:31:51.278 1487 1626 W MediaProvider: at android.os.Handler.dispatchMessage(Handler.java:99)
06-10 19:31:51.278 1487 1626 W MediaProvider: at android.os.Looper.loopOnce(Looper.java:205)
06-10 19:31:51.278 1487 1626 W MediaProvider: at android.os.Looper.loop(Looper.java:294)
06-10 19:31:51.278 1487 1626 W MediaProvider: at android.os.HandlerThread.run(HandlerThread.java:67)
06-10 19:31:51.301 761 1865 D CompatibilityChangeReporter: Compat change id reported: 214016041; UID 10042; state: DISABLED
06-10 19:31:51.301 761 1865 I ImeTracker: com.tv.filemanager.os:7569c78b: onRequestHide at ORIGIN_SERVER_HIDE_INPUT reason HIDE_STATE_HIDDEN_FORWARD_NAV
06-10 19:31:51.301 761 1865 I ImeTracker: com.tv.filemanager.os:7569c78b: onCancelled at PHASE_SERVER_SHOULD_HIDE
06-10 19:31:51.303 2762 2762 I BaseRequest: complete
06-10 19:31:51.303 2762 2762 I BaseRequest: success!=nulltrue
06-10 19:31:51.303 9377 9785 E Hcdn_DeTask572787192: HCDN_LOG: [T:9785][HINFO]:[f:PostNotifyInfo],[l:248], notify type(6),info({"BandWidth":-2,"IsAd":0,"IsP2P":0,"VID":"e9338e6ec419bc3c6004fc518a1b2656"}
06-10 19:31:51.303 9377 9785 E Hcdn_DeTask572787192: )
06-10 19:31:51.303 9377 9780 E playfilesourceNew: HCDN_LOG: [T:9780][HINFO]:[f:DoAsynNotifyInfoResponse],[l:2605],[TaskID(572787192),type(6),msg({"BandWidth":-2,"IsAd":0,"IsP2P":0,"VID":"e9338e6ec419bc3c6004fc518a1b2656"}
06-10 19:31:51.303 9377 9780 E playfilesourceNew: )!]
06-10 19:31:51.305 2107 2107 I DefaultIMS: onStartInput attribute=android.view.inputmethod.EditorInfo@7e066e0 restarting=false inputType: 0
06-10 19:31:51.307 2762 2762 W .filemanager.os: Accessing hidden method Landroid/os/storage/VolumeInfo;->getDescriptionComparator()Ljava/util/Comparator; (max-target-o, reflection, denied)
06-10 19:31:51.307 2762 2762 W System.err: java.lang.NoSuchMethodException: android.os.storage.VolumeInfo.getDescriptionComparator []
06-10 19:31:51.311 2762 2762 W System.err: at java.lang.Class.getMethod(Class.java:2937)
06-10 19:31:51.311 2762 2762 W System.err: at java.lang.Class.getMethod(Class.java:2449)
06-10 19:31:51.311 2762 2762 W System.err: at com.monster.godzilla.utlis.FileManagerSdcardUtils.getAllSDPath(FileManagerSdcardUtils.java:126)
06-10 19:31:51.311 2762 2762 W System.err: at com.dangbei.lerad.filemanager.ui.home.ManagerHomeActivity.onRequestDiskInfo(ManagerHomeActivity.java:185)
06-10 19:31:51.311 2762 2762 W System.err: at com.dangbei.lerad.filemanager.ui.home.ManagerHomePresenter.lambda$requestDiskInfo$2$ManagerHomePresenter(ManagerHomePresenter.java:127)
06-10 19:31:51.311 2762 2762 W System.err: at com.dangbei.lerad.filemanager.ui.home.-$$Lambda$ManagerHomePresenter$RAAXS303rpWOtR1VxYYweKio5MI.call(Unknown Source:8)
06-10 19:31:51.311 2762 2762 W System.err: at com.monster.godzilla.target.TargetDiskScan.call(TargetDiskScan.java:40)
06-10 19:31:51.311 2762 2762 W System.err: at com.monster.godzilla.target.TargetDiskScan.call(TargetDiskScan.java:22)
06-10 19:31:51.311 2762 2762 W System.err: at com.monster.godzilla.load.BaseRequest.complete(BaseRequest.java:86)
06-10 19:31:51.311 2762 2762 W System.err: at com.monster.godzilla.load.RequestDiskScan$1.onNext(RequestDiskScan.java:97)
06-10 19:31:51.311 2762 2762 W System.err: at com.monster.godzilla.load.RequestDiskScan$1.onNext(RequestDiskScan.java:55)
06-10 19:31:51.311 2762 2762 W System.err: at com.monster.godzilla.utlis.ThreadManager$Subscriber$1.run(ThreadManager.java:197)
06-10 19:31:51.311 2762 2762 W System.err: at android.os.Handler.handleCallback(Handler.java:958)
06-10 19:31:51.311 2762 2762 W System.err: at android.os.Handler.dispatchMessage(Handler.java:99)
06-10 19:31:51.311 2762 2762 W System.err: at android.os.Looper.loopOnce(Looper.java:205)
06-10 19:31:51.311 2762 2762 W System.err: at android.os.Looper.loop(Looper.java:294)
06-10 19:31:51.311 2762 2762 W System.err: at android.app.ActivityThread.main(ActivityThread.java:8255)
06-10 19:31:51.311 2762 2762 W System.err: at java.lang.reflect.Method.invoke(Native Method)
06-10 19:31:51.311 2762 2762 W System.err: at com.android.internal.os.RuntimeInit$MethodAndArgsCaller.run(RuntimeInit.java:552)
06-10 19:31:51.311 2762 2762 W System.err: at com.android.internal.os.ZygoteInit.main(ZygoteInit.java:978)
06-10 19:31:51.343 2762 2762 W .filemanager.os: Accessing hidden method Landroid/os/storage/VolumeInfo;->getDescriptionComparator()Ljava/util/Comparator; (max-target-o, reflection, denied)
06-10 19:31:51.353 2762 2762 I ImeTracker: com.tv.filemanager.os:633b614a: onRequestHide at ORIGIN_CLIENT_HIDE_SOFT_INPUT reason HIDE_SOFT_INPUT
06-10 19:31:51.354 761 782 I ImeTracker: com.tv.filemanager.os:633b614a: onCancelled at PHASE_SERVER_SHOULD_HIDE
06-10 19:31:51.368 9377 9377 V UNIPLAYERSDK: MediaPlayerImpl.cpp:408 [MediaPlayerImpl@0xf165fd84]isPlaying ret=0
06-10 19:31:51.368 9377 9377 V UNIPLAYERSDK: MediaPlayerImpl.cpp:400 [MediaPlayerImpl@0xf165fd84]isPaused ret=0
06-10 19:31:51.413 9377 9785 E Hcdn_DeTask572787192: HCDN_LOG: [T:9785][HINFO]:[f:PostNotifyInfo],[l:248], notify type(6),info({"BandWidth":-2,"IsAd":0,"IsP2P":0,"VID":"e9338e6ec419bc3c6004fc518a1b2656"}
06-10 19:31:51.413 9377 9785 E Hcdn_DeTask572787192: )
06-10 19:31:51.413 9377 9780 E playfilesourceNew: HCDN_LOG: [T:9780][HINFO]:[f:DoAsynNotifyInfoResponse],[l:2605],[TaskID(572787192),type(6),msg({"BandWidth":-2,"IsAd":0,"IsP2P":0,"VID":"e9338e6ec419bc3c6004fc518a1b2656"}
06-10 19:31:51.413 9377 9780 E playfilesourceNew: )!]
06-10 19:31:51.444 2107 2107 I DefaultIMS: onStartInput attribute=android.view.inputmethod.EditorInfo@895110c restarting=false inputType: 0
06-10 19:31:51.514 9377 9785 E Hcdn_DeTask572787192: HCDN_LOG: [T:9785][HINFO]:[f:PostNotifyInfo],[l:248], notify type(6),info({"BandWidth":-2,"IsAd":0,"IsP2P":0,"VID":"e9338e6ec419bc3c6004fc518a1b2656"}
06-10 19:31:51.514 9377 9785 E Hcdn_DeTask572787192: )
06-10 19:31:51.514 9377 9780 E playfilesourceNew: HCDN_LOG: [T:9780][HINFO]:[f:DoAsynNotifyInfoResponse],[l:2605],[TaskID(572787192),type(6),msg({"BandWidth":-2,"IsAd":0,"IsP2P":0,"VID":"e9338e6ec419bc3c6004fc518a1b2656"}
06-10 19:31:51.514 9377 9780 E playfilesourceNew: )!]
06-10 19:31:51.615 9377 9785 E Hcdn_DeTask572787192: HCDN_LOG: [T:9785][HINFO]:[f:PostNotifyInfo],[l:248], notify type(6),info({"BandWidth":-2,"IsAd":0,"IsP2P":0,"VID":"e9338e6ec419bc3c6004fc518a1b2656"}
06-10 19:31:51.615 9377 9785 E Hcdn_DeTask572787192: )
06-10 19:31:51.615 9377 9780 E playfilesourceNew: HCDN_LOG: [T:9780][HINFO]:[f:DoAsynNotifyInfoResponse],[l:2605],[TaskID(572787192),type(6),msg({"BandWidth":-2,"IsAd":0,"IsP2P":0,"VID":"e9338e6ec419bc3c6004fc518a1b2656"}
06-10 19:31:51.615 9377 9780 E playfilesourceNew: )!]
06-10 19:31:51.661 972 1070 V WindowManagerShell: Transition animation finished (aborted=false), notifying core (#62)android.os.BinderProxy@a8e9eb2@0
06-10 19:31:51.663 761 785 V WindowManager: Finish Transition #62: created at
06-10 19:31:50.875 collect-started=0.078ms request-sent=12.191ms started=15.663ms ready=24.351ms sent=371.483ms finished=787.079ms
06-10 19:31:51.666 972 1070 V WindowManagerShell: Track 0 became idle
06-10 19:31:51.666 972 1070 V WindowManagerShell: All active transition animations finished
06-10 19:31:51.715 9377 9785 E Hcdn_DeTask572787192: HCDN_LOG: [T:9785][HINFO]:[f:PostNotifyInfo],[l:248], notify type(6),info({"BandWidth":-2,"IsAd":0,"IsP2P":0,"VID":"e9338e6ec419bc3c6004fc518a1b2656"}
06-10 19:31:51.715 9377 9785 E Hcdn_DeTask572787192: )
06-10 19:31:51.716 9377 9780 E playfilesourceNew: HCDN_LOG: [T:9780][HINFO]:[f:DoAsynNotifyInfoResponse],[l:2605],[TaskID(572787192),type(6),msg({"BandWidth":-2,"IsAd":0,"IsP2P":0,"VID":"e9338e6ec419bc3c6004fc518a1b2656"}
06-10 19:31:51.716 9377 9780 E playfilesourceNew: )!]
06-10 19:31:51.816 9377 9785 E Hcdn_DeTask572787192: HCDN_LOG: [T:9785][HINFO]:[f:PostNotifyInfo],[l:248], notify type(6),info({"BandWidth":-2,"IsAd":0,"IsP2P":0,"VID":"e9338e6ec419bc3c6004fc518a1b2656"}
06-10 19:31:51.816 9377 9785 E Hcdn_DeTask572787192: )
06-10 19:31:51.817 9377 9780 E playfilesourceNew: HCDN_LOG: [T:9780][HINFO]:[f:DoAsynNotifyInfoResponse],[l:2605],[TaskID(572787192),type(6),msg({"BandWidth":-2,"IsAd":0,"IsP2P":0,"VID":"e9338e6ec419bc3c6004fc518a1b2656"}
06-10 19:31:51.817 9377 9780 E playfilesourceNew: )!]
06-10 19:31:51.863 9377 9377 V UNIPLAYERSDK: MediaPlayerImpl.cpp:408 [MediaPlayerImpl@0xf165fd84]isPlaying ret=0
06-10 19:31:51.863 9377 9377 V UNIPLAYERSDK: MediaPlayerImpl.cpp:400 [MediaPlayerImpl@0xf165fd84]isPaused ret=0
06-10 19:31:51.917 9377 9785 E Hcdn_DeTask572787192: HCDN_LOG: [T:9785][HINFO]:[f:PostNotifyInfo],[l:248], notify type(6),info({"BandWidth":-2,"IsAd":0,"IsP2P":0,"VID":"e9338e6ec419bc3c6004fc518a1b2656"}
06-10 19:31:51.917 9377 9785 E Hcdn_DeTask572787192: )
06-10 19:31:51.917 9377 9780 E playfilesourceNew: HCDN_LOG: [T:9780][HINFO]:[f:DoAsynNotifyInfoResponse],[l:2605],[TaskID(572787192),type(6),msg({"BandWidth":-2,"IsAd":0,"IsP2P":0,"VID":"e9338e6ec419bc3c6004fc518a1b2656"}
06-10 19:31:51.917 9377 9780 E playfilesourceNew: )!]
06-10 19:31:52.013 9377 9785 E Hcdn_DeTask572787192: HCDN_LOG: [T:9785][HINFO]:[f:PostNotifyInfo],[l:248], notify type(6),info({"BandWidth":-2,"IsAd":0,"IsP2P":0,"VID":"e9338e6ec419bc3c6004fc518a1b2656"}
06-10 19:31:52.013 9377 9785 E Hcdn_DeTask572787192: )
06-10 19:31:52.014 9377 9780 E playfilesourceNew: HCDN_LOG: [T:9780][HINFO]:[f:DoAsynNotifyInfoResponse],[l:2605],[TaskID(572787192),type(6),msg({"BandWidth":-2,"IsAd":0,"IsP2P":0,"VID":"e9338e6ec419bc3c6004fc518a1b2656"}
06-10 19:31:52.014 9377 9780 E playfilesourceNew: )!]
06-10 19:31:52.063 570 596 I WifiHAL : call wifi_get_link_stats handler
06-10 19:31:52.063 570 596 I WifiHAL : Creating message to get link statistics; iface = 16
06-10 19:31:52.063 570 596 D WifiHAL : error code -95 mapped to -3
06-10 19:31:52.063 761 899 E WifiStaIfaceAidlImpl: getLinkLayerStats failed with service-specific exception: android.os.ServiceSpecificException: (code 4)
06-10 19:31:52.114 9377 9785 E Hcdn_DeTask572787192: HCDN_LOG: [T:9785][HINFO]:[f:PostNotifyInfo],[l:248], notify type(6),info({"BandWidth":-2,"IsAd":0,"IsP2P":0,"VID":"e9338e6ec419bc3c6004fc518a1b2656"}
06-10 19:31:52.114 9377 9785 E Hcdn_DeTask572787192: )
06-10 19:31:52.114 9377 9780 E playfilesourceNew: HCDN_LOG: [T:9780][HINFO]:[f:DoAsynNotifyInfoResponse],[l:2605],[TaskID(572787192),type(6),msg({"BandWidth":-2,"IsAd":0,"IsP2P":0,"VID":"e9338e6ec419bc3c6004fc518a1b2656"}
06-10 19:31:52.114 9377 9780 E playfilesourceNew: )!]
06-10 19:31:52.180 3463 3463 I cling--ap-63: type=1400 audit(0.0:3808): avc: denied { search } for name="net" dev="sysfs" ino=12344 scontext=u:r:untrusted_app_27:s0:c43,c256,c512,c768 tcontext=u:object_r:sysfs_net:s0 tclass=dir permissive=1 app=com.dangbei.screencast
06-10 19:31:52.180 3463 3463 I cling--ap-63: type=1400 audit(0.0:3809): avc: denied { read } for name="address" dev="sysfs" ino=22126 scontext=u:r:untrusted_app_27:s0:c43,c256,c512,c768 tcontext=u:object_r:sysfs_net:s0 tclass=file permissive=1 app=com.dangbei.screencast
06-10 19:31:52.180 3463 3463 I cling--ap-63: type=1400 audit(0.0:3810): avc: denied { open } for path="/sys/devices/virtual/net/dummy0/address" dev="sysfs" ino=22126 scontext=u:r:untrusted_app_27:s0:c43,c256,c512,c768 tcontext=u:object_r:sysfs_net:s0 tclass=file permissive=1 app=com.dangbei.screencast
06-10 19:31:52.196 1073 1331 W bt_stack: [WARNING:client_interface_aidl.cc(471)] ReadAudioData: 2048/4096 no data 10 ms
06-10 19:31:52.196 1073 1331 W bt_btif_a2dp_source: packages/modules/Bluetooth/system/btif/src/btif_a2dp_source.cc:946 btif_a2dp_source_read_callback: btif_a2dp_source_read_callback: UNDERFLOW: ONLY READ 2048 BYTES OUT OF 4096
06-10 19:31:52.180 3463 3463 I cling--ap-63: type=1400 audit(0.0:3811): avc: denied { getattr } for path="/sys/devices/virtual/net/dummy0/address" dev="sysfs" ino=22126 scontext=u:r:untrusted_app_27:s0:c43,c256,c512,c768 tcontext=u:object_r:sysfs_net:s0 tclass=file permissive=1 app=com.dangbei.screencast
06-10 19:31:52.214 9377 9785 E Hcdn_DeTask572787192: HCDN_LOG: [T:9785][HINFO]:[f:PostNotifyInfo],[l:248], notify type(6),info({"BandWidth":-2,"IsAd":0,"IsP2P":0,"VID":"e9338e6ec419bc3c6004fc518a1b2656"}
06-10 19:31:52.214 9377 9785 E Hcdn_DeTask572787192: )
06-10 19:31:52.215 9377 9780 E playfilesourceNew: HCDN_LOG: [T:9780][HINFO]:[f:DoAsynNotifyInfoResponse],[l:2605],[TaskID(572787192),type(6),msg({"BandWidth":-2,"IsAd":0,"IsP2P":0,"VID":"e9338e6ec419bc3c6004fc518a1b2656"}
06-10 19:31:52.215 9377 9780 E playfilesourceNew: )!]
06-10 19:31:52.315 9377 9785 E Hcdn_DeTask572787192: HCDN_LOG: [T:9785][HINFO]:[f:PostNotifyInfo],[l:248], notify type(6),info({"BandWidth":-2,"IsAd":0,"IsP2P":0,"VID":"e9338e6ec419bc3c6004fc518a1b2656"}
06-10 19:31:52.315 9377 9785 E Hcdn_DeTask572787192: )
06-10 19:31:52.315 9377 9780 E playfilesourceNew: HCDN_LOG: [T:9780][HINFO]:[f:DoAsynNotifyInfoResponse],[l:2605],[TaskID(572787192),type(6),msg({"BandWidth":-2,"IsAd":0,"IsP2P":0,"VID":"e9338e6ec419bc3c6004fc518a1b2656"}
06-10 19:31:52.315 9377 9780 E playfilesourceNew: )!]
06-10 19:31:52.363 9377 9377 V UNIPLAYERSDK: MediaPlayerImpl.cpp:408 [MediaPlayerImpl@0xf165fd84]isPlaying ret=0
06-10 19:31:52.363 9377 9377 V UNIPLAYERSDK: MediaPlayerImpl.cpp:400 [MediaPlayerImpl@0xf165fd84]isPaused ret=0
06-10 19:31:52.415 9377 9785 E Hcdn_DeTask572787192: HCDN_LOG: [T:9785][HINFO]:[f:PostNotifyInfo],[l:248], notify type(6),info({"BandWidth":-2,"IsAd":0,"IsP2P":0,"VID":"e9338e6ec419bc3c6004fc518a1b2656"}
06-10 19:31:52.415 9377 9785 E Hcdn_DeTask572787192: )
06-10 19:31:52.415 9377 9780 E playfilesourceNew: HCDN_LOG: [T:9780][HINFO]:[f:DoAsynNotifyInfoResponse],[l:2605],[TaskID(572787192),type(6),msg({"BandWidth":-2,"IsAd":0,"IsP2P":0,"VID":"e9338e6ec419bc3c6004fc518a1b2656"}
06-10 19:31:52.415 9377 9780 E playfilesourceNew: )!]
06-10 19:31:52.516 9377 9785 E Hcdn_DeTask572787192: HCDN_LOG: [T:9785][HINFO]:[f:PostNotifyInfo],[l:248], notify type(6),info({"BandWidth":-2,"IsAd":0,"IsP2P":0,"VID":"e9338e6ec419bc3c6004fc518a1b2656"}
06-10 19:31:52.516 9377 9785 E Hcdn_DeTask572787192: )
06-10 19:31:52.516 9377 9780 E playfilesourceNew: HCDN_LOG: [T:9780][HINFO]:[f:DoAsynNotifyInfoResponse],[l:2605],[TaskID(572787192),type(6),msg({"BandWidth":-2,"IsAd":0,"IsP2P":0,"VID":"e9338e6ec419bc3c6004fc518a1b2656"}
06-10 19:31:52.516 9377 9780 E playfilesourceNew: )!]
06-10 19:31:52.616 9377 9785 E Hcdn_DeTask572787192: HCDN_LOG: [T:9785][HINFO]:[f:PostNotifyInfo],[l:248], notify type(6),info({"BandWidth":-2,"IsAd":0,"IsP2P":0,"VID":"e9338e6ec419bc3c6004fc518a1b2656"}
06-10 19:31:52.616 9377 9785 E Hcdn_DeTask572787192: )
06-10 19:31:52.616 9377 9780 E playfilesourceNew: HCDN_LOG: [T:9780][HINFO]:[f:DoAsynNotifyInfoResponse],[l:2605],[TaskID(572787192),type(6),msg({"BandWidth":-2,"IsAd":0,"IsP2P":0,"VID":"e9338e6ec419bc3c6004fc518a1b2656"}
06-10 19:31:52.616 9377 9780 E playfilesourceNew: )!]
06-10 19:31:52.663 9377 9377 I TvUniPlayer/UniPlayer@3774886: in handleMessage event:10000
06-10 19:31:52.688 4174 4174 I CPUMonitor: type=1400 audit(0.0:3812): avc: denied { open } for path="/proc/stat" dev="proc" ino=4026532003 scontext=u:r:untrusted_app_25:s0:c512,c768 tcontext=u:object_r:proc_stat:s0 tclass=file permissive=1 app=com.cibn.tv
06-10 19:31:52.717 9377 9780 E playfilesourceNew: HCDN_LOG: [T:9780][HINFO]:[f:DoAsynNotifyInfoResponse],[l:2605],[TaskID(572787192),type(6),msg({"BandWidth":-2,"IsAd":0,"IsP2P":0,"VID":"e9338e6ec419bc3c6004fc518a1b2656"}
06-10 19:31:52.717 9377 9780 E playfilesourceNew: )!]
06-10 19:31:52.717 9377 9785 E Hcdn_DeTask572787192: HCDN_LOG: [T:9785][HINFO]:[f:PostNotifyInfo],[l:248], notify type(6),info({"BandWidth":-2,"IsAd":0,"IsP2P":0,"VID":"e9338e6ec419bc3c6004fc518a1b2656"}
06-10 19:31:52.717 9377 9785 E Hcdn_DeTask572787192: )
06-10 19:31:52.768 9377 9785 W q_h_c_s : HCDN_LOG: [T:9785]MethodLog:1333,QTP AsyncGet (reid: 75440439, url: https://msg.ptqy.gitv.tv/qos?u=qfbc44ttmvamlgfbipsm6eqfxzokpd75&pu=&rn=3224420&p1=8_82_820&dfp=&de=&stime=3224420&pbv=&t=11&ct=p2p_task&v=10.2.3.5212&tvid=1233430264130200&vid=e9338e6ec419bc3c6004fc518a1b2656&rid=a0ac70e3dc1096ca2aa4058e4c48dcb4&idcn=3&iocpn=0&scdnn=0&iocpspc=0&dcachespc=0&dcachen=0&iocpspd=0&dcachespd=0&z=&aiocpn=0&aiocpspc=0&aiocpspd=0&filesize=74371672&p2pflux=8202&cdnflux=0&dcacheflux=0&dcachev6=0&dtick=620828359&gdtick=70&das=0&p2pas=0&tpand=7&bitrate=155&localflux=2097152&rdlflux=0&policy=3&stuck=0&dcachep=&cdnp=&ftype=1&segnum=0&stcf=0&skcf=0&nrcflux=0&cpcflux=0&btype=tv_android_player&nat=12&file_type=12&rtype1=0&rtype2=0&rtype3=&rtype4=0&rtype5=1&custid=wifi&st=1&stb=6, connect: 5001, read: 6000, strict: 0, qtp: 1, module: 0)
