06-10 19:33:16.975 16943 16943 W System.err: at android.os.Looper.loop(Looper.java:294)
06-10 19:33:16.975 16943 16943 W System.err: at android.app.ActivityThread.main(ActivityThread.java:8255)
06-10 19:33:16.975 16943 16943 W System.err: at java.lang.reflect.Method.invoke(Native Method)
06-10 19:33:16.975 16943 16943 W System.err: at com.android.internal.os.RuntimeInit$MethodAndArgsCaller.run(RuntimeInit.java:552)
06-10 19:33:16.975 16943 16943 W System.err: at com.android.internal.os.ZygoteInit.main(ZygoteInit.java:978)
06-10 19:33:16.975 16943 16943 W System.err: Caused by: android.system.ErrnoException: open failed: ENOENT (No such file or directory)
06-10 19:33:16.975 16943 16943 W System.err: at libcore.io.Linux.open(Native Method)
06-10 19:33:16.975 16943 16943 W System.err: at libcore.io.ForwardingOs.open(ForwardingOs.java:563)
06-10 19:33:16.975 16943 16943 W System.err: at libcore.io.BlockGuardOs.open(BlockGuardOs.java:274)
06-10 19:33:16.975 16943 16943 W System.err: at libcore.io.ForwardingOs.open(ForwardingOs.java:563)
06-10 19:33:16.975 16943 16943 W System.err: at android.app.ActivityThread$AndroidOs.open(ActivityThread.java:8138)
06-10 19:33:16.975 16943 16943 W System.err: at libcore.io.IoBridge.open(IoBridge.java:560)
06-10 19:33:16.975 16943 16943 W System.err: ... 14 more
06-10 19:33:16.977 16943 16943 I BLE_Service: Device Name: 小爱音箱-3073, MAC Address: A4:39:B3:64:F5:7A
06-10 19:33:16.977 16943 16943 W System.err: java.io.FileNotFoundException: /sys/class/aml_btusb/aml_btusb/aml_rclist: open failed: ENOENT (No such file or directory)
06-10 19:33:16.978 16943 16943 W System.err: at libcore.io.IoBridge.open(IoBridge.java:574)
06-10 19:33:16.978 16943 16943 W System.err: at java.io.FileInputStream.(FileInputStream.java:160)
06-10 19:33:16.978 16943 16943 W System.err: at java.io.FileReader.(FileReader.java:75)
06-10 19:33:16.978 16943 16943 W System.err: at com.droidlogic.btpair.DialogBluetoothService.readCurrentMacAddresses(DialogBluetoothService.java:325)
06-10 19:33:16.978 16943 16943 W System.err: at com.droidlogic.btpair.DialogBluetoothService.writeMacAddressToFile(DialogBluetoothService.java:307)
06-10 19:33:16.978 16943 16943 W System.err: at com.droidlogic.btpair.DialogBluetoothService.GetToBondedDevicesMacAddress(DialogBluetoothService.java:456)
06-10 19:33:16.978 16943 16943 W System.err: at com.droidlogic.btpair.DialogBluetoothService$2.run(DialogBluetoothService.java:349)
06-10 19:33:16.978 16943 16943 W System.err: at android.os.Handler.handleCallback(Handler.java:958)
06-10 19:33:16.978 16943 16943 W System.err: at android.os.Handler.dispatchMessage(Handler.java:99)
06-10 19:33:16.978 16943 16943 W System.err: at android.os.Looper.loopOnce(Looper.java:205)
06-10 19:33:16.978 16943 16943 W System.err: at android.os.Looper.loop(Looper.java:294)
06-10 19:33:16.978 16943 16943 W System.err: at android.app.ActivityThread.main(ActivityThread.java:8255)
06-10 19:33:16.978 16943 16943 W System.err: at java.lang.reflect.Method.invoke(Native Method)
06-10 19:33:16.978 16943 16943 W System.err: at com.android.internal.os.RuntimeInit$MethodAndArgsCaller.run(RuntimeInit.java:552)
06-10 19:33:16.979 16943 16943 W System.err: at com.android.internal.os.ZygoteInit.main(ZygoteInit.java:978)
06-10 19:33:16.979 16943 16943 W System.err: Caused by: android.system.ErrnoException: open failed: ENOENT (No such file or directory)
06-10 19:33:16.979 16943 16943 W System.err: at libcore.io.Linux.open(Native Method)
06-10 19:33:16.979 16943 16943 W System.err: at libcore.io.ForwardingOs.open(ForwardingOs.java:563)
06-10 19:33:16.979 16943 16943 W System.err: at libcore.io.BlockGuardOs.open(BlockGuardOs.java:274)
06-10 19:33:16.979 16943 16943 W System.err: at libcore.io.ForwardingOs.open(ForwardingOs.java:563)
06-10 19:33:16.979 16943 16943 W System.err: at android.app.ActivityThread$AndroidOs.open(ActivityThread.java:8138)
06-10 19:33:16.979 16943 16943 W System.err: at libcore.io.IoBridge.open(IoBridge.java:560)
06-10 19:33:16.979 16943 16943 W System.err: ... 14 more
06-10 19:33:16.979 16943 16943 E BLE_Service: error /sys/class/aml_btusb/aml_btusb/aml_rclist: open failed: ENOENT (No such file or directory)
06-10 19:33:16.979 16943 16981 W AudioTrack: Use of stream types is deprecated for operations other than volume control
06-10 19:33:16.979 16943 16981 W AudioTrack: See the documentation of AudioTrack() for what to use instead with android.media.AudioAttributes to qualify your playback use case
06-10 19:33:16.979 16943 16981 I SoundEffectManager: applyAudioEffectByPlayEmptyTrack create empty AudioTrack to applay AudioEffect
06-10 19:33:16.979 16943 16943 W System.err: java.io.FileNotFoundException: /sys/class/aml_btusb/aml_btusb/aml_rclist: open failed: ENOENT (No such file or directory)
06-10 19:33:16.980 542 7965 I audio_hw_hal_primary: [audiohal_get_latency:1333] io 69: out:0xf0dc47f0 frames:1152 rate:48000 whole_latency:24 alsa_latency:24
06-10 19:33:16.980 16943 16943 W System.err: at libcore.io.IoBridge.open(IoBridge.java:574)
06-10 19:33:16.980 16943 16943 W System.err: at java.io.FileOutputStream.(FileOutputStream.java:236)
06-10 19:33:16.980 16943 16943 W System.err: at java.io.FileOutputStream.(FileOutputStream.java:125)
06-10 19:33:16.980 16943 16943 W System.err: at java.io.FileWriter.(FileWriter.java:66)
06-10 19:33:16.980 16943 16943 W System.err: at com.droidlogic.btpair.DialogBluetoothService.writeMacAddressToFile(DialogBluetoothService.java:310)
06-10 19:33:16.980 16943 16943 W System.err: at com.droidlogic.btpair.DialogBluetoothService.GetToBondedDevicesMacAddress(DialogBluetoothService.java:456)
06-10 19:33:16.980 16943 16943 W System.err: at com.droidlogic.btpair.DialogBluetoothService$2.run(DialogBluetoothService.java:349)
06-10 19:33:16.980 16943 16943 W System.err: at android.os.Handler.handleCallback(Handler.java:958)
06-10 19:33:16.980 16943 16943 W System.err: at android.os.Handler.dispatchMessage(Handler.java:99)
06-10 19:33:16.980 16943 16943 W System.err: at android.os.Looper.loopOnce(Looper.java:205)
06-10 19:33:16.980 16943 16943 W System.err: at android.os.Looper.loop(Looper.java:294)
06-10 19:33:16.980 16943 16943 W System.err: at android.app.ActivityThread.main(ActivityThread.java:8255)
06-10 19:33:16.980 16943 16943 W System.err: at java.lang.reflect.Method.invoke(Native Method)
06-10 19:33:16.980 16943 16943 W System.err: at com.android.internal.os.RuntimeInit$MethodAndArgsCaller.run(RuntimeInit.java:552)
06-10 19:33:16.980 16943 16943 W System.err: at com.android.internal.os.ZygoteInit.main(ZygoteInit.java:978)
06-10 19:33:16.981 761 761 D MediaRouter: onRestoreRoute() : route=RouteInfo{ name=小爱音箱-3073, description=蓝牙音频, status=null, category=RouteCategory{ name=系统 types=ROUTE_TYPE_LIVE_AUDIO ROUTE_TYPE_LIVE_VIDEO groupable=false }, supportedTypes=ROUTE_TYPE_LIVE_AUDIO , presentationDisplay=null }
06-10 19:33:16.981 16943 16943 W System.err: Caused by: android.system.ErrnoException: open failed: ENOENT (No such file or directory)
06-10 19:33:16.981 761 761 V MediaRouter: Selecting route: RouteInfo{ name=小爱音箱-3073, description=蓝牙音频, status=null, category=RouteCategory{ name=系统 types=ROUTE_TYPE_LIVE_AUDIO ROUTE_TYPE_LIVE_VIDEO groupable=false }, supportedTypes=ROUTE_TYPE_LIVE_AUDIO , presentationDisplay=null }
06-10 19:33:16.981 16943 16943 W System.err: at libcore.io.Linux.open(Native Method)
06-10 19:33:16.981 16943 16943 W System.err: at libcore.io.ForwardingOs.open(ForwardingOs.java:563)
06-10 19:33:16.981 16943 16943 W System.err: at libcore.io.BlockGuardOs.open(BlockGuardOs.java:274)
06-10 19:33:16.981 16943 16943 W System.err: at libcore.io.ForwardingOs.open(ForwardingOs.java:563)
06-10 19:33:16.981 16943 16943 W System.err: at android.app.ActivityThread$AndroidOs.open(ActivityThread.java:8138)
06-10 19:33:16.981 16943 16943 W System.err: at libcore.io.IoBridge.open(IoBridge.java:560)
06-10 19:33:16.981 16943 16943 W System.err: ... 14 more
06-10 19:33:16.981 761 920 D CompatibilityChangeReporter: Compat change id reported: 171306433; UID 1000; state: ENABLED
06-10 19:33:16.981 761 920 D CompatibilityChangeReporter: Compat change id reported: 218533173; UID 1000; state: ENABLED
06-10 19:33:16.984 587 3195 D audioserver: logFgsApiBegin: FGS Logger Transaction failed, -129
06-10 19:33:16.985 542 542 I audio_hw_hal_primary: out_update_source_metadata_v7() line 2013 usage:1 content_type:2
06-10 19:33:16.985 542 1311 D audio_hw_hal_ms12v2: set_dolby_ms12_continuous_state audio_continuous_standby_set status 0
06-10 19:33:16.985 542 1311 D audio_hw_hal_continuous_standby: audio_continuous_standby_set, type 0, params 0
06-10 19:33:16.985 542 1311 I audio_hw_hal_ms12common: aml_set_ms12_scheduler_state ms12_scheduler_state:0, sch_state:0 SCHEDULER_RUNNING is sent to ms12
06-10 19:33:16.985 542 1311 I audio_hw_hal_primary: [mixer_aux_buffer_write:7017] io 13: out:0xf0dc0740 usecase:PCM_NORMAL standby to unstandby
06-10 19:33:16.985 542 1311 E audio_hw_hal_virtualbuf: ms12 system input underrun happens read=104612559550 write=4266666600 diff=100345892950
06-10 19:33:16.986 16943 16956 D BluetoothA2dp: Proxy object connected
06-10 19:33:16.988 16943 16956 D BluetoothHeadset: Proxy object connected
06-10 19:33:16.990 16943 16943 D CachedBluetoothDevice: onProfileStateChanged: profile A2DP, device XX:XX:XX:XX:F5:7A, newProfileState 2
06-10 19:33:16.990 16943 16943 D BluetoothAdapter: getActiveDevices(profile= A2DP)
06-10 19:33:16.990 16943 16973 D BluetoothHearingAid: Proxy object connected
06-10 19:33:16.991 16943 16956 D BluetoothHidHost: Proxy object connected
06-10 19:33:16.992 1073 1950 I BluetoothAdapterService: getActiveDevices: A2dp device: XX:XX:XX:XX:F5:7A
06-10 19:33:16.992 16943 16943 D BluetoothAdapter: getActiveDevices(profile= HEADSET)
06-10 19:33:16.994 1073 1950 I BluetoothAdapterService: getActiveDevices: Headset device: null
06-10 19:33:16.994 16943 16943 D BluetoothAdapter: getActiveDevices(profile= HEARING_AID)
06-10 19:33:16.995 16943 16956 D BluetoothPan: Proxy object connected
06-10 19:33:16.996 1073 1950 I BluetoothAdapterService: getActiveDevices: Hearing Aid devices: Left[null] - Right[null]
06-10 19:33:17.007 542 1311 I audio_hw_hal_stream: aml_stream_out_info_print: out:0xf0dc0740, stream_type:pcm, sync_mode:non tunnel, input_size:404226048 bytes
06-10 19:33:17.007 542 1311 I audio_hw_hal_stream: aml_stream_out_info_print: last_time:3208191 ms (sec:3208, nsec:191035778), last_position:2105091 ms (101044368), cur_time:3308666 ms (sec:3308, nsec:666873743), cur_position:2105203 ms (101049744)
06-10 19:33:17.007 542 1311 I audio_hw_hal_stream: aml_stream_out_info_print: time_gap:100475 ms (thr:100 ms), position_gap:112 ms, delay:141 ms, jitter: Position gap is behind system time gap by 100363 ms (thr:100 ms)
06-10 19:33:17.007 542 542 I audio_hw_hal_primary: out_update_source_metadata_v7() line 2013 usage:1 content_type:2
06-10 19:33:17.451 16943 16981 D AudioTrack: stop(80): called with 24600 frames delivered
06-10 19:33:17.453 16943 16981 D SoundEffectManager: getDualEffectMode:3
06-10 19:33:17.457 16943 16981 D SoundEffectManager: setSoundMode = 0
06-10 19:33:17.458 16943 16981 D SoundEffectManager: init() dolbyMs12AudioConfig: Y, dtsVirtualxConfig: 0
06-10 19:33:17.671 4174 5138 D TrafficStats: tagSocket(108) with statsTag=0xffffffff, statsUid=-1
06-10 19:33:17.672 587 727 D audioserver: logFgsApiEnd: FGS Logger Transaction failed, -129
06-10 19:33:17.691 587 727 D audioserver: logFgsApiEnd: FGS Logger Transaction failed, -129
06-10 19:33:18.978 1032 1207 D DhcpClient: Received packet: fa:ff:42:eb:c0:04 OFFER, ip /192.168.3.17, mask /255.255.254.0, DNS servers: /202.96.134.133 /202.96.128.166 , gateways [/192.168.3.1], lease time 3600, domain null
06-10 19:33:19.232 1836 1836 I xm_hidread: type=1400 audit(0.0:3903): avc: denied { read } for scontext=u:r:init:s0 tcontext=u:r:init:s0 tclass=netlink_kobject_uevent_socket permissive=1
06-10 19:33:19.252 570 596 I WifiHAL : call wifi_get_link_stats handler
06-10 19:33:19.252 570 596 I WifiHAL : Creating message to get link statistics; iface = 16
06-10 19:33:19.252 570 596 D WifiHAL : error code -95 mapped to -3
06-10 19:33:19.252 761 899 E WifiStaIfaceAidlImpl: getLinkLayerStats failed with service-specific exception: android.os.ServiceSpecificException: (code 4)
06-10 19:33:20.465 542 542 D audio_hw_hal_primary: [out_standby_new:5767] io 13: out:0xf0dc0740 usecase:PCM_NORMAL
06-10 19:33:20.465 542 542 I audio_hw_hal_primary: [do_output_standby_l:5663] io 13: out:0xf0dc0740, stream usecase:PCM_NORMAL, continuous:1
06-10 19:33:20.465 542 542 I audio_hw_hal_primary: [usecase_change_validate_l:7436] ++ io 13: out:0xf0dc0740 dev masks:0x1 is_standby:1 out usecase:PCM_NORMAL
06-10 19:33:20.465 542 542 I audio_hw_hal_ms12common: aml_set_ms12_scheduler_state ms12_scheduler_state:1, sch_state:1 SCHEDULER_STANDBY is sent to ms12
06-10 19:33:20.465 542 542 I audio_hw_hal_primary: [usecase_change_validate_l:7477] -- dev masks:0 is_standby:1 out usecase PCM_NORMAL
06-10 19:33:20.465 542 542 D audio_hw_hal_primary: [out_standby_new:5790] io 13: out:0xf0dc0740 usecase:PCM_NORMAL exit
06-10 19:33:20.523 542 719 D libdolbyms12: continuous underrun 2
06-10 19:33:20.768 542 719 I audio_hw_hal_alsamgr: alsa format =0x1 delay frames =1024 total frames=158209280
06-10 19:33:22.257 570 596 I WifiHAL : call wifi_get_link_stats handler
06-10 19:33:22.257 570 596 I WifiHAL : Creating message to get link statistics; iface = 16
06-10 19:33:22.257 570 596 D WifiHAL : error code -95 mapped to -3
06-10 19:33:22.258 761 899 E WifiStaIfaceAidlImpl: getLinkLayerStats failed with service-specific exception: android.os.ServiceSpecificException: (code 4)
06-10 19:33:22.930 1073 1286 I bt_btif_dm: packages/modules/Bluetooth/system/btif/src/btif_dm.cc:691 btif_update_remote_properties: cod from storage is also unclassified
06-10 19:33:23.465 542 718 D audio_hw_hal_ms12common: func:ms12_timer_callback_handler sigv:0 ~~~~~~~~~~
06-10 19:33:23.465 542 718 D audio_hw_hal_ms12v2: set_dolby_ms12_continuous_state audio_continuous_standby_set status 1
06-10 19:33:23.465 542 718 D audio_hw_hal_continuous_standby: audio_continuous_standby_set, type 0, params 1
06-10 19:33:23.465 542 718 D audio_hw_hal_ms12common: aml_send_ms12_scheduler_state_2_ms12 adev:0xf0e814a0, sch_state:1(SCHEDULER_STANDBY)
06-10 19:33:23.549 4174 4650 I XcdnEngine-N: 2025-06-10 19:33:23.549 [connection_manager.cpp:426] send error:Network is unreachable
06-10 19:33:24.894 4174 4594 I [NIP] : [ng handler] update remote cfg last:1749555194882, cur:1749555204893
06-10 19:33:24.894 4174 4594 E OTTPlayer: [NIP] [NIP][ng handler] update remote cfg last:1749555194882, cur:1749555204893
06-10 19:33:25.121 1073 1286 I bt_btif_dm: packages/modules/Bluetooth/system/btif/src/btif_dm.cc:695 btif_update_remote_properties: class of device (cod) is 0x00050c
06-10 19:33:25.263 570 596 I WifiHAL : call wifi_get_link_stats handler
06-10 19:33:25.264 570 596 I WifiHAL : Creating message to get link statistics; iface = 16
06-10 19:33:25.264 570 596 D WifiHAL : error code -95 mapped to -3
06-10 19:33:25.264 761 899 E WifiStaIfaceAidlImpl: getLinkLayerStats failed with service-specific exception: android.os.ServiceSpecificException: (code 4)
06-10 19:33:25.368 4174 4615 I PCDN_TAG: [ 4614]Peer::pulse,state:3,port:8909,fr:0,fmode=C1FF,ftype=C000
06-10 19:33:25.490 6578 6579 D uninstall: isAllowStart last_delay 0, current_time 1749555205
06-10 19:33:25.490 6578 6579 I uninstall: enable_service com.ktcp.video/com.tencent.qqlivetv.keeplive.proc.DaemonService com.ktcp.video/(null)
06-10 19:33:25.491 6578 6579 D uninstall: enable_service waitpid
06-10 19:33:25.492 17002 17002 D uninstall: enable_service pid == 0
06-10 19:33:25.492 17002 17002 D uninstall: enable_service version >= 17 || version == 0 version == 34
06-10 19:33:25.512 8368 8368 I rainbow_flow: type=1400 audit(0.0:3904): avc: denied { ioctl } for path="/dev/spidev1.0" dev="tmpfs" ino=603 ioctlcmd=0x6b00 scontext=u:r:init:s0 tcontext=u:object_r:device:s0 tclass=chr_file permissive=1
06-10 19:33:25.541 6578 6579 I uninstall: watchdaemon process_name = com.ktcp.video:daemon has gone, start it
06-10 19:33:25.542 6578 6579 D uninstall: watchdaemon waitpid
06-10 19:33:25.542 17006 17006 D uninstall: watchdaemon pid == 0
06-10 19:33:25.542 17006 17006 D uninstall: watchdaemon version >= 17 || version == 0 version == 34
06-10 19:33:25.578 1073 1286 I bt_btif_dm: packages/modules/Bluetooth/system/btif/src/btif_dm.cc:695 btif_update_remote_properties: class of device (cod) is 0x00050c
06-10 19:33:25.730 1073 1286 I bt_btif_dm: packages/modules/Bluetooth/system/btif/src/btif_dm.cc:695 btif_update_remote_properties: class of device (cod) is 0x00050c
06-10 19:33:25.967 1073 1286 I bt_btif_dm: packages/modules/Bluetooth/system/btif/src/btif_dm.cc:695 btif_update_remote_properties: class of device (cod) is 0x00050c
06-10 19:33:26.100 1421 1421 I /apex/com.android.adbd/bin/adbd: type=1400 audit(0.0:3905): avc: denied { connectto } for comm=75736220666673206F70656E path="/dev/socket/property_service" scontext=u:r:su:s0 tcontext=u:r:init:s0 tclass=unix_stream_socket permissive=1
06-10 19:33:26.222 1073 1286 I bt_btif_dm: packages/modules/Bluetooth/system/btif/src/btif_dm.cc:695 btif_update_remote_properties: class of device (cod) is 0x00050c
06-10 19:33:26.565 1073 1331 W bt_stack: [WARNING:client_interface_aidl.cc(471)] ReadAudioData: 2048/4096 no data 10 ms
06-10 19:33:26.566 1073 1331 W bt_btif_a2dp_source: packages/modules/Bluetooth/system/btif/src/btif_a2dp_source.cc:946 btif_a2dp_source_read_callback: btif_a2dp_source_read_callback: UNDERFLOW: ONLY READ 2048 BYTES OUT OF 4096
06-10 19:33:26.622 1073 1286 I bt_btif_dm: packages/modules/Bluetooth/system/btif/src/btif_dm.cc:695 btif_update_remote_properties: class of device (cod) is 0x00050c
06-10 19:33:26.871 16943 16943 I BLE_Service: mStartDiscoveryRunnable, return for nonGTV or usersetup finished
06-10 19:33:26.920 1073 1286 I bt_btif_dm: packages/modules/Bluetooth/system/btif/src/btif_dm.cc:695 btif_update_remote_properties: class of device (cod) is 0x00050c
06-10 19:33:27.100 1421 1421 I adbd : type=1400 audit(0.0:3906): avc: denied { write } for path="socket:[32757]" dev="sockfs" ino=32757 scontext=u:r:su:s0 tcontext=u:r:adbd:s0 tclass=unix_stream_socket permissive=1
06-10 19:33:27.100 1421 1421 I adbd : type=1400 audit(0.0:3907): avc: denied { read } for path="socket:[32758]" dev="sockfs" ino=32758 scontext=u:r:su:s0 tcontext=u:r:adbd:s0 tclass=unix_stream_socket permissive=1
06-10 19:33:27.521 1073 1286 I bt_btif_dm: packages/modules/Bluetooth/system/btif/src/btif_dm.cc:695 btif_update_remote_properties: class of device (cod) is 0x00050c
06-10 19:33:27.769 1073 1286 I bt_btif_dm: packages/modules/Bluetooth/system/btif/src/btif_dm.cc:695 btif_update_remote_properties: class of device (cod) is 0x00050c
06-10 19:33:28.269 570 596 I WifiHAL : call wifi_get_link_stats handler
06-10 19:33:28.269 570 596 I WifiHAL : Creating message to get link statistics; iface = 16
06-10 19:33:28.269 570 596 D WifiHAL : error code -95 mapped to -3
06-10 19:33:28.269 761 899 E WifiStaIfaceAidlImpl: getLinkLayerStats failed with service-specific exception: android.os.ServiceSpecificException: (code 4)
06-10 19:33:28.642 761 869 D InputDispatcher: Conflicting pointer actions: Down received while already down or hovering.
06-10 19:33:28.819 1073 1331 W bt_stack: [WARNING:client_interface_aidl.cc(471)] ReadAudioData: 2048/4096 no data 10 ms
06-10 19:33:28.819 1073 1331 W bt_btif_a2dp_source: packages/modules/Bluetooth/system/btif/src/btif_a2dp_source.cc:946 btif_a2dp_source_read_callback: btif_a2dp_source_read_callback: UNDERFLOW: ONLY READ 2048 BYTES OUT OF 4096
06-10 19:33:29.540 761 869 D InputDispatcher: Conflicting pointer actions: Down received while already down or hovering.
06-10 19:33:30.206 761 869 D InputDispatcher: Conflicting pointer actions: Down received while already down or hovering.
06-10 19:33:30.912 1073 1331 W bt_stack: [WARNING:client_interface_aidl.cc(471)] ReadAudioData: 2048/4096 no data 10 ms
06-10 19:33:30.912 1073 1331 W bt_btif_a2dp_source: packages/modules/Bluetooth/system/btif/src/btif_a2dp_source.cc:946 btif_a2dp_source_read_callback: btif_a2dp_source_read_callback: UNDERFLOW: ONLY READ 2048 BYTES OUT OF 4096
06-10 19:33:30.938 2107 2107 I SogouIME: onKeyDown: keyoCode=4
06-10 19:33:30.938 2107 2107 I DefaultIMS: onKeyDown: keyoCode=4
06-10 19:33:30.938 761 869 I InputDispatcher: Dropping event because the pointer is not down or we previously dropped the pointer down event in display 0: MotionEvent
06-10 19:33:31.093 761 869 I InputDispatcher: Dropping event because the pointer is not down or we previously dropped the pointer down event in display 0: MotionEvent
06-10 19:33:31.115 2107 2107 I SogouIME: onKeyUp: keyoCode=4
06-10 19:33:31.115 2107 2107 I DefaultIMS: onKeyUp: keyoCode=4
06-10 19:33:31.143 2522 2522 I ImeTracker: com.dangbei.haqusetting:5798b94c: onRequestHide at ORIGIN_CLIENT_HIDE_SOFT_INPUT reason HIDE_SOFT_INPUT
06-10 19:33:31.145 761 1120 I ImeTracker: com.dangbei.haqusetting:5798b94c: onCancelled at PHASE_SERVER_SHOULD_HIDE
06-10 19:33:31.276 570 596 I WifiHAL : call wifi_get_link_stats handler
06-10 19:33:31.276 570 596 I WifiHAL : Creating message to get link statistics; iface = 16
06-10 19:33:31.277 570 596 D WifiHAL : error code -95 mapped to -3
06-10 19:33:31.277 761 899 E WifiStaIfaceAidlImpl: getLinkLayerStats failed with service-specific exception: android.os.ServiceSpecificException: (code 4)
06-10 19:33:31.803 1638 1638 D bbb : onStartCommand begin !!!!!!! data分区剩余 53027MB
06-10 19:33:31.914 761 761 V HotPlugDetectionAction: Poll all devices.
06-10 19:33:31.969 558 586 D hdmicecd: [CEC]:printCecMessage, [4 -> 0] len: 0, body:, result:success
06-10 19:33:31.970 1073 1331 W bt_stack: [WARNING:client_interface_aidl.cc(471)] ReadAudioData: 2048/4096 no data 10 ms
06-10 19:33:31.970 1073 1331 W bt_btif_a2dp_source: packages/modules/Bluetooth/system/btif/src/btif_a2dp_source.cc:946 btif_a2dp_source_read_callback: btif_a2dp_source_read_callback: UNDERFLOW: ONLY READ 2048 BYTES OUT OF 4096
06-10 19:33:31.981 761 780 W System : A resource failed to call release.
06-10 19:33:31.987 761 780 W System : A resource failed to call release.
06-10 19:33:32.029 558 586 D hdmicecd: [CEC]:printCecMessage, [4 -> 1] len: 0, body:, result:no ack
06-10 19:33:32.089 558 586 D hdmicecd: [CEC]:printCecMessage, [4 -> 3] len: 0, body:, result:no ack
06-10 19:33:32.149 558 586 D hdmicecd: [CEC]:printCecMessage, [4 -> 5] len: 0, body:, result:no ack
06-10 19:33:32.209 558 586 D hdmicecd: [CEC]:printCecMessage, [4 -> 8] len: 0, body:, result:no ack
06-10 19:33:32.269 558 586 D hdmicecd: [CEC]:printCecMessage, [4 -> b] len: 0, body:, result:no ack
06-10 19:33:32.329 558 586 D hdmicecd: [CEC]:printCecMessage, [4 -> e] len: 0, body:, result:no ack
06-10 19:33:32.330 761 761 D HdmiCecController: [P]:AllocatedAddress=[0]
06-10 19:33:32.336 1421 1421 I /apex/com.android.adbd/bin/adbd: type=1400 audit(0.0:3908): avc: denied { search } for comm=75736220666673206F70656E name="/" dev="functionfs" ino=19301 scontext=u:r:su:s0 tcontext=u:object_r:functionfs:s0 tclass=dir permissive=1
06-10 19:33:32.336 1421 1421 I /apex/com.android.adbd/bin/adbd: type=1400 audit(0.0:3909): avc: denied { read write } for comm=75736220666673206F70656E name="ep0" dev="functionfs" ino=19302 scontext=u:r:su:s0 tcontext=u:object_r:functionfs:s0 tclass=file permissive=1
06-10 19:33:32.336 1421 1421 I /apex/com.android.adbd/bin/adbd: type=1400 audit(0.0:3910): avc: denied { open } for comm=75736220666673206F70656E path="/dev/usb-ffs/adb/ep0" dev="functionfs" ino=19302 scontext=u:r:su:s0 tcontext=u:object_r:functionfs:s0 tclass=file permissive=1
06-10 19:33:32.556 4174 4650 I XcdnEngine-N: 2025-06-10 19:33:32.556 [connection_manager.cpp:426] send error:Network is unreachable
06-10 19:33:34.281 570 596 I WifiHAL : call wifi_get_link_stats handler
06-10 19:33:34.281 570 596 I WifiHAL : Creating message to get link statistics; iface = 16
06-10 19:33:34.281 570 596 D WifiHAL : error code -95 mapped to -3
06-10 19:33:34.281 761 899 E WifiStaIfaceAidlImpl: getLinkLayerStats failed with service-specific exception: android.os.ServiceSpecificException: (code 4)
06-10 19:33:34.298 761 869 D InputDispatcher: Conflicting pointer actions: Down received while already down or hovering.
06-10 19:33:34.477 1073 1331 W bt_stack: [WARNING:client_interface_aidl.cc(471)] ReadAudioData: 2048/4096 no data 10 ms
06-10 19:33:34.477 1073 1331 W bt_btif_a2dp_source: packages/modules/Bluetooth/system/btif/src/btif_a2dp_source.cc:946 btif_a2dp_source_read_callback: btif_a2dp_source_read_callback: UNDERFLOW: ONLY READ 2048 BYTES OUT OF 4096
06-10 19:33:34.487 2107 2107 I SogouIME: onKeyDown: keyoCode=21
06-10 19:33:34.487 2107 2107 I DefaultIMS: onKeyDown: keyoCode=21
06-10 19:33:34.490 2107 2107 I SogouIME: onKeyUp: keyoCode=21
06-10 19:33:34.491 2107 2107 I DefaultIMS: onKeyUp: keyoCode=21
06-10 19:33:34.500 761 2011 D CompatibilityChangeReporter: Compat change id reported: 214016041; UID 1000; state: DISABLED
06-10 19:33:34.501 761 2011 D CompatibilityChangeReporter: Compat change id reported: 214016041; UID 1000; state: ENABLED
06-10 19:33:34.504 2107 2107 I DefaultIMS: onStartInput attribute=android.view.inputmethod.EditorInfo@28c9c01 restarting=false inputType: 0
06-10 19:33:34.907 4174 4594 I [NIP] : [ng handler] update remote cfg last:1749555204893, cur:1749555214903
06-10 19:33:34.907 4174 4594 E OTTPlayer: [NIP] [NIP][ng handler] update remote cfg last:1749555204893, cur:1749555214903
06-10 19:33:35.373 4174 4615 I PCDN_TAG: [ 4614]Peer::pulse,state:3,port:8909,fr:0,fmode=C1FF,ftype=C000
06-10 19:33:35.374 761 844 W ProcessStats: Tracking association SourceState{b862820 com.ktcp.video/10078 Service #1754} whose proc state 8 is better than process ProcessState{77d1a27 com.ktcp.video:daemon/10078 pkg=com.ktcp.video} proc state 14 (0 skipped)
06-10 19:33:35.424 1421 1421 I UsbFfs-monitor: type=1400 audit(0.0:3911): avc: denied { use } for path="anon_inode:[eventfd]" dev="anon_inodefs" ino=10204 scontext=u:r:su:s0 tcontext=u:r:adbd:s0 tclass=fd permissive=1
06-10 19:33:35.635 6578 6579 D uninstall: isAllowStart last_delay 0, current_time 1749555215
06-10 19:33:35.635 6578 6579 I uninstall: enable_service com.ktcp.video/com.tencent.qqlivetv.keeplive.proc.DaemonService com.ktcp.video/(null)
06-10 19:33:35.636 6578 6579 D uninstall: enable_service waitpid
06-10 19:33:35.636 17039 17039 D uninstall: enable_service pid == 0
06-10 19:33:35.636 17039 17039 D uninstall: enable_service version >= 17 || version == 0 version == 34
06-10 19:33:35.687 6578 6579 I uninstall: watchdaemon process_name = com.ktcp.video:daemon has gone, start it
06-10 19:33:35.688 6578 6579 D uninstall: watchdaemon waitpid
06-10 19:33:35.688 17043 17043 D uninstall: watchdaemon pid == 0
06-10 19:33:35.688 17043 17043 D uninstall: watchdaemon version >= 17 || version == 0 version == 34
06-10 19:33:35.714 1505 1867 D WanClient: sendHeartMessage
06-10 19:33:35.716 1505 1867 D WanClient: -----final------sendMessage: {"type":"2bKPMh2jwmQ="}
06-10 19:33:35.736 1505 6993 D WanClient: onMessage:Thread[WebSocketConnectReadThread-118,5,main]--{"msg":"+MSejyjwlbc="}
06-10 19:33:35.738 1505 6993 D WanClient: onMessageReceived:Thread[WebSocketConnectReadThread-118,5,main] {"msg":"+MSejyjwlbc="}
06-10 19:33:35.738 1505 6993 D WanClient: type: null
06-10 19:33:35.738 1505 6993 D WanClient: send:HB7FxtN64oc=
06-10 19:33:35.738 1505 6993 D WanClient: leave:uQ3qCmhm4oA=
06-10 19:33:35.738 1505 6993 D WanClient: join:7EsoetslBbs=
06-10 19:33:35.738 1505 6993 D WanClient: Me3/LwZ5vWJxjtP9s3upnQ==
06-10 19:33:36.478 1073 1331 W bt_stack: [WARNING:client_interface_aidl.cc(471)] ReadAudioData: 2048/4096 no data 10 ms
06-10 19:33:36.478 1073 1331 W bt_btif_a2dp_source: packages/modules/Bluetooth/system/btif/src/btif_a2dp_source.cc:946 btif_a2dp_source_read_callback: btif_a2dp_source_read_callback: UNDERFLOW: ONLY READ 2048 BYTES OUT OF 4096
06-10 19:33:37.057 542 719 I audio_hw_hal_alsamgr: alsa format =0x1 delay frames =768 total frames=158988800
06-10 19:33:37.285 570 596 I WifiHAL : call wifi_get_link_stats handler
06-10 19:33:37.285 570 596 I WifiHAL : Creating message to get link statistics; iface = 16
06-10 19:33:37.285 570 596 D WifiHAL : error code -95 mapped to -3
06-10 19:33:37.285 761 899 E WifiStaIfaceAidlImpl: getLinkLayerStats failed with service-specific exception: android.os.ServiceSpecificException: (code 4)
06-10 19:33:38.318 1073 1331 W bt_stack: [WARNING:client_interface_aidl.cc(471)] ReadAudioData: 2048/4096 no data 10 ms
06-10 19:33:38.318 1073 1331 W bt_btif_a2dp_source: packages/modules/Bluetooth/system/btif/src/btif_a2dp_source.cc:946 btif_a2dp_source_read_callback: btif_a2dp_source_read_callback: UNDERFLOW: ONLY READ 2048 BYTES OUT OF 4096
06-10 19:33:40.293 570 596 I WifiHAL : call wifi_get_link_stats handler
06-10 19:33:40.293 570 596 I WifiHAL : Creating message to get link statistics; iface = 16
06-10 19:33:40.293 570 596 D WifiHAL : error code -95 mapped to -3
06-10 19:33:40.293 761 899 E WifiStaIfaceAidlImpl: getLinkLayerStats failed with service-specific exception: android.os.ServiceSpecificException: (code 4)
06-10 19:33:40.825 1073 1331 W bt_stack: [WARNING:client_interface_aidl.cc(471)] ReadAudioData: 2048/4096 no data 10 ms
06-10 19:33:40.825 1073 1331 W bt_btif_a2dp_source: packages/modules/Bluetooth/system/btif/src/btif_a2dp_source.cc:946 btif_a2dp_source_read_callback: btif_a2dp_source_read_callback: UNDERFLOW: ONLY READ 2048 BYTES OUT OF 4096
06-10 19:33:41.883 1073 1331 W bt_stack: [WARNING:client_interface_aidl.cc(471)] ReadAudioData: 2048/4096 no data 10 ms
06-10 19:33:41.883 1073 1331 W bt_btif_a2dp_source: packages/modules/Bluetooth/system/btif/src/btif_a2dp_source.cc:946 btif_a2dp_source_read_callback: btif_a2dp_source_read_callback: UNDERFLOW: ONLY READ 2048 BYTES OUT OF 4096
06-10 19:33:42.035 542 719 I audio_hw_hal_alsamgr: aml_alsa_output_write alsa_running_status[0xf0dc1cd0] change from 1 to 0
06-10 19:33:42.035 542 719 W audio_hw_hal_alsamgr: [aml_alsa_output_write:616] alsa underrun
06-10 19:33:42.055 542 719 I audio_hw_hal_ms12v2: dolby_ms12_threadloop alsa is not running
06-10 19:33:42.057 542 719 I audio_hw_hal_alsamgr: aml_alsa_output_write alsa_running_status[0xf0dc1cd0] change from 0 to 1
06-10 19:33:43.300 570 596 I WifiHAL : call wifi_get_link_stats handler
06-10 19:33:43.300 570 596 I WifiHAL : Creating message to get link statistics; iface = 16
06-10 19:33:43.300 570 596 D WifiHAL : error code -95 mapped to -3
06-10 19:33:43.301 761 899 E WifiStaIfaceAidlImpl: getLinkLayerStats failed with service-specific exception: android.os.ServiceSpecificException: (code 4)
06-10 19:33:43.565 4174 4650 I XcdnEngine-N: 2025-06-10 19:33:43.565 [connection_manager.cpp:426] send error:Network is unreachable
06-10 19:33:43.723 1073 1331 W bt_stack: [WARNING:client_interface_aidl.cc(471)] ReadAudioData: 2048/4096 no data 10 ms
06-10 19:33:43.723 1073 1331 W bt_btif_a2dp_source: packages/modules/Bluetooth/system/btif/src/btif_a2dp_source.cc:946 btif_a2dp_source_read_callback: btif_a2dp_source_read_callback: UNDERFLOW: ONLY READ 2048 BYTES OUT OF 4096
06-10 19:33:44.917 4174 4594 I [NIP] : [ng handler] update remote cfg last:1749555214903, cur:1749555224916
06-10 19:33:44.917 4174 4594 E OTTPlayer: [NIP] [NIP][ng handler] update remote cfg last:1749555214903, cur:1749555224916
06-10 19:33:45.382 4174 4615 I PCDN_TAG: [ 4614]Peer::pulse,state:3,port:8909,fr:0,fmode=C1FF,ftype=C000
06-10 19:33:45.585 761 844 W ProcessStats: Tracking association SourceState{b862820 com.ktcp.video/10078 Service #1755} whose proc state 8 is better than process ProcessState{77d1a27 com.ktcp.video:daemon/10078 pkg=com.ktcp.video} proc state 14 (0 skipped)
06-10 19:33:45.782 6578 6579 D uninstall: isAllowStart last_delay 0, current_time 1749555225
06-10 19:33:45.782 6578 6579 I uninstall: enable_service com.ktcp.video/com.tencent.qqlivetv.keeplive.proc.DaemonService com.ktcp.video/(null)
06-10 19:33:45.783 6578 6579 D uninstall: enable_service waitpid
06-10 19:33:45.783 17064 17064 D uninstall: enable_service pid == 0
06-10 19:33:45.783 17064 17064 D uninstall: enable_service version >= 17 || version == 0 version == 34
06-10 19:33:45.833 6578 6579 I uninstall: watchdaemon process_name = com.ktcp.video:daemon has gone, start it
06-10 19:33:45.834 6578 6579 D uninstall: watchdaemon waitpid
06-10 19:33:45.834 17068 17068 D uninstall: watchdaemon pid == 0
06-10 19:33:45.834 17068 17068 D uninstall: watchdaemon version >= 17 || version == 0 version == 34
06-10 19:33:46.230 1073 1331 W bt_stack: [WARNING:client_interface_aidl.cc(471)] ReadAudioData: 2048/4096 no data 10 ms
06-10 19:33:46.230 1073 1331 W bt_btif_a2dp_source: packages/modules/Bluetooth/system/btif/src/btif_a2dp_source.cc:946 btif_a2dp_source_read_callback: btif_a2dp_source_read_callback: UNDERFLOW: ONLY READ 2048 BYTES OUT OF 4096
06-10 19:33:46.305 570 596 I WifiHAL : call wifi_get_link_stats handler
06-10 19:33:46.305 570 596 I WifiHAL : Creating message to get link statistics; iface = 16
06-10 19:33:46.305 570 596 D WifiHAL : error code -95 mapped to -3
06-10 19:33:46.305 761 899 E WifiStaIfaceAidlImpl: getLinkLayerStats failed with service-specific exception: android.os.ServiceSpecificException: (code 4)
06-10 19:33:47.754 4174 5138 D TrafficStats: tagSocket(81) with statsTag=0xffffffff, statsUid=-1
06-10 19:33:47.757 4174 6769 D TrafficStats: tagSocket(110) with statsTag=0xffffffff, statsUid=-1
06-10 19:33:48.898 1073 1331 W bt_stack: [WARNING:client_interface_aidl.cc(471)] ReadAudioData: 2048/4096 no data 10 ms
06-10 19:33:48.898 1073 1331 W bt_btif_a2dp_source: packages/modules/Bluetooth/system/btif/src/btif_a2dp_source.cc:946 btif_a2dp_source_read_callback: btif_a2dp_source_read_callback: UNDERFLOW: ONLY READ 2048 BYTES OUT OF 4096
06-10 19:33:49.312 570 596 I WifiHAL : call wifi_get_link_stats handler
06-10 19:33:49.312 570 596 I WifiHAL : Creating message to get link statistics; iface = 16
06-10 19:33:49.312 570 596 D WifiHAL : error code -95 mapped to -3
06-10 19:33:49.313 761 899 E WifiStaIfaceAidlImpl: getLinkLayerStats failed with service-specific exception: android.os.ServiceSpecificException: (code 4)
06-10 19:33:50.348 9144 9155 I com.ktcp.video: Background concurrent copying GC freed 169194(6437KB) AllocSpace objects, 0(0B) LOS objects, 49% free, 6308KB/12MB, paused 161us,97us total 137.628ms
06-10 19:33:50.738 1073 1331 W bt_stack: [WARNING:client_interface_aidl.cc(471)] ReadAudioData: 2048/4096 no data 10 ms
06-10 19:33:50.738 1073 1331 W bt_btif_a2dp_source: packages/modules/Bluetooth/system/btif/src/btif_a2dp_source.cc:946 btif_a2dp_source_read_callback: btif_a2dp_source_read_callback: UNDERFLOW: ONLY READ 2048 BYTES OUT OF 4096
06-10 19:33:52.317 570 596 I WifiHAL : call wifi_get_link_stats handler
06-10 19:33:52.317 570 596 I WifiHAL : Creating message to get link statistics; iface = 16
06-10 19:33:52.317 570 596 D WifiHAL : error code -95 mapped to -3
06-10 19:33:52.317 761 899 E WifiStaIfaceAidlImpl: getLinkLayerStats failed with service-specific exception: android.os.ServiceSpecificException: (code 4)
06-10 19:33:52.831 1073 1331 W bt_stack: [WARNING:client_interface_aidl.cc(471)] ReadAudioData: 2048/4096 no data 10 ms
06-10 19:33:52.831 1073 1331 W bt_btif_a2dp_source: packages/modules/Bluetooth/system/btif/src/btif_a2dp_source.cc:946 btif_a2dp_source_read_callback: btif_a2dp_source_read_callback: UNDERFLOW: ONLY READ 2048 BYTES OUT OF 4096
06-10 19:33:54.926 4174 4594 I [NIP] : [ng handler] update remote cfg last:1749555224916, cur:1749555234924
06-10 19:33:54.926 4174 4594 E OTTPlayer: [NIP] [NIP][ng handler] update remote cfg last:1749555224916, cur:1749555234924
06-10 19:33:55.085 1073 1331 W bt_stack: [WARNING:client_interface_aidl.cc(471)] ReadAudioData: 2048/4096 no data 10 ms
06-10 19:33:55.085 1073 1331 W bt_btif_a2dp_source: packages/modules/Bluetooth/system/btif/src/btif_a2dp_source.cc:946 btif_a2dp_source_read_callback: btif_a2dp_source_read_callback: UNDERFLOW: ONLY READ 2048 BYTES OUT OF 4096
06-10 19:33:55.321 570 596 I WifiHAL : call wifi_get_link_stats handler
06-10 19:33:55.321 570 596 I WifiHAL : Creating message to get link statistics; iface = 16
06-10 19:33:55.321 570 596 D WifiHAL : error code -95 mapped to -3
06-10 19:33:55.321 761 899 E WifiStaIfaceAidlImpl: getLinkLayerStats failed with service-specific exception: android.os.ServiceSpecificException: (code 4)
06-10 19:33:55.386 4174 4615 I PCDN_TAG: [ 4614]Peer::pulse,state:3,port:8909,fr:0,fmode=C1FF,ftype=C000
06-10 19:33:55.714 1505 1867 D WanClient: sendHeartMessage
06-10 19:33:55.715 1505 1867 D WanClient: -----final------sendMessage: {"type":"2bKPMh2jwmQ="}
06-10 19:33:55.733 1505 6993 D WanClient: onMessage:Thread[WebSocketConnectReadThread-118,5,main]--{"msg":"+MSejyjwlbc="}
06-10 19:33:55.735 1505 6993 D WanClient: onMessageReceived:Thread[WebSocketConnectReadThread-118,5,main] {"msg":"+MSejyjwlbc="}
06-10 19:33:55.735 1505 6993 D WanClient: type: null
06-10 19:33:55.735 1505 6993 D WanClient: send:HB7FxtN64oc=
06-10 19:33:55.735 1505 6993 D WanClient: leave:uQ3qCmhm4oA=
06-10 19:33:55.735 1505 6993 D WanClient: join:7EsoetslBbs=
06-10 19:33:55.735 1505 6993 D WanClient: Me3/LwZ5vWJxjtP9s3upnQ==
06-10 19:33:55.928 6578 6579 D uninstall: isAllowStart last_delay 0, current_time 1749555235
06-10 19:33:55.928 6578 6579 I uninstall: enable_service com.ktcp.video/com.tencent.qqlivetv.keeplive.proc.DaemonService com.ktcp.video/(null)
06-10 19:33:55.929 6578 6579 D uninstall: enable_service waitpid
06-10 19:33:55.930 17090 17090 D uninstall: enable_service pid == 0
06-10 19:33:55.930 17090 17090 D uninstall: enable_service version >= 17 || version == 0 version == 34
06-10 19:33:55.973 6578 6579 I uninstall: watchdaemon process_name = com.ktcp.video:daemon has gone, start it
06-10 19:33:55.974 6578 6579 D uninstall: watchdaemon waitpid
06-10 19:33:55.974 17094 17094 D uninstall: watchdaemon pid == 0
06-10 19:33:55.974 17094 17094 D uninstall: watchdaemon version >= 17 || version == 0 version == 34
06-10 19:33:56.143 1073 1331 W bt_stack: [WARNING:client_interface_aidl.cc(471)] ReadAudioData: 2048/4096 no data 10 ms
06-10 19:33:56.143 1073 1331 W bt_btif_a2dp_source: packages/modules/Bluetooth/system/btif/src/btif_a2dp_source.cc:946 btif_a2dp_source_read_callback: btif_a2dp_source_read_callback: UNDERFLOW: ONLY READ 2048 BYTES OUT OF 4096
06-10 19:33:58.328 570 596 I WifiHAL : call wifi_get_link_stats handler
06-10 19:33:58.328 570 596 I WifiHAL : Creating message to get link statistics; iface = 16
06-10 19:33:58.328 570 596 D WifiHAL : error code -95 mapped to -3
06-10 19:33:58.328 761 899 E WifiStaIfaceAidlImpl: getLinkLayerStats failed with service-specific exception: android.os.ServiceSpecificException: (code 4)
06-10 19:33:58.397 1073 1331 W bt_stack: [WARNING:client_interface_aidl.cc(471)] ReadAudioData: 2048/4096 no data 10 ms
06-10 19:33:58.397 1073 1331 W bt_btif_a2dp_source: packages/modules/Bluetooth/system/btif/src/btif_a2dp_source.cc:946 btif_a2dp_source_read_callback: btif_a2dp_source_read_callback: UNDERFLOW: ONLY READ 2048 BYTES OUT OF 4096
06-10 19:34:00.398 1073 1331 W bt_stack: [WARNING:client_interface_aidl.cc(471)] ReadAudioData: 2048/4096 no data 10 ms
06-10 19:34:00.398 1073 1331 W bt_btif_a2dp_source: packages/modules/Bluetooth/system/btif/src/btif_a2dp_source.cc:946 btif_a2dp_source_read_callback: btif_a2dp_source_read_callback: UNDERFLOW: ONLY READ 2048 BYTES OUT OF 4096
06-10 19:34:01.104 521 521 I binder:521_4: type=1400 audit(0.0:3912): avc: denied { add_name } for name="globalAlert" scontext=u:r:netd:s0 tcontext=u:object_r:proc_net:s0 tclass=dir permissive=1
06-10 19:34:01.333 570 596 I WifiHAL : call wifi_get_link_stats handler
06-10 19:34:01.333 570 596 I WifiHAL : Creating message to get link statistics; iface = 16
06-10 19:34:01.333 570 596 D WifiHAL : error code -95 mapped to -3
06-10 19:34:01.333 761 899 E WifiStaIfaceAidlImpl: getLinkLayerStats failed with service-specific exception: android.os.ServiceSpecificException: (code 4)
06-10 19:34:02.491 1073 1331 W bt_stack: [WARNING:client_interface_aidl.cc(471)] ReadAudioData: 2048/4096 no data 10 ms
06-10 19:34:02.491 1073 1331 W bt_btif_a2dp_source: packages/modules/Bluetooth/system/btif/src/btif_a2dp_source.cc:946 btif_a2dp_source_read_callback: btif_a2dp_source_read_callback: UNDERFLOW: ONLY READ 2048 BYTES OUT OF 4096
06-10 19:34:03.579 4174 4650 I XcdnEngine-N: 2025-06-10 19:34:03.579 [connection_manager.cpp:426] send error:Network is unreachable
06-10 19:34:04.340 570 596 I WifiHAL : call wifi_get_link_stats handler
06-10 19:34:04.341 570 596 I WifiHAL : Creating message to get link statistics; iface = 16
06-10 19:34:04.341 570 596 D WifiHAL : error code -95 mapped to -3
06-10 19:34:04.341 761 899 E WifiStaIfaceAidlImpl: getLinkLayerStats failed with service-specific exception: android.os.ServiceSpecificException: (code 4)
06-10 19:34:04.933 4174 4594 I [NIP] : [ng handler] update remote cfg last:1749555234924, cur:1749555244932
06-10 19:34:04.933 4174 4594 E OTTPlayer: [NIP] [NIP][ng handler] update remote cfg last:1749555234924, cur:1749555244932
06-10 19:34:04.998 1073 1331 W bt_stack: [WARNING:client_interface_aidl.cc(471)] ReadAudioData: 2048/4096 no data 10 ms
06-10 19:34:04.998 1073 1331 W bt_btif_a2dp_source: packages/modules/Bluetooth/system/btif/src/btif_a2dp_source.cc:946 btif_a2dp_source_read_callback: btif_a2dp_source_read_callback: UNDERFLOW: ONLY READ 2048 BYTES OUT OF 4096
06-10 19:34:05.244 1543 17113 D TrafficStats: tagSocket(105) with statsTag=0xffffffff, statsUid=-1
06-10 19:34:05.382 1543 1551 I d.leradlauncher: Background concurrent copying GC freed 122771(8315KB) AllocSpace objects, 137(4100KB) LOS objects, 49% free, 11MB/22MB, paused 190us,101us total 117.409ms
06-10 19:34:05.392 4174 4615 I PCDN_TAG: [ 4614]Peer::pulse,state:3,port:8909,fr:0,fmode=C1FF,ftype=C000
06-10 19:34:05.476 4174 4174 I NativeThread: type=1400 audit(0.0:3913): avc: denied { search } for name="net" dev="sysfs" ino=12344 scontext=u:r:untrusted_app_25:s0:c512,c768 tcontext=u:object_r:sysfs_net:s0 tclass=dir permissive=1 app=com.cibn.tv
06-10 19:34:06.072 6578 6579 D uninstall: isAllowStart last_delay 0, current_time 1749555246
06-10 19:34:06.072 6578 6579 I uninstall: enable_service com.ktcp.video/com.tencent.qqlivetv.keeplive.proc.DaemonService com.ktcp.video/(null)
06-10 19:34:06.073 17120 17120 D uninstall: enable_service pid == 0
06-10 19:34:06.073 6578 6579 D uninstall: enable_service waitpid
06-10 19:34:06.073 17120 17120 D uninstall: enable_service version >= 17 || version == 0 version == 34
06-10 19:34:06.121 6578 6579 I uninstall: watchdaemon process_name = com.ktcp.video:daemon has gone, start it
06-10 19:34:06.122 6578 6579 D uninstall: watchdaemon waitpid
06-10 19:34:06.122 17124 17124 D uninstall: watchdaemon pid == 0
06-10 19:34:06.122 17124 17124 D uninstall: watchdaemon version >= 17 || version == 0 version == 34
06-10 19:34:07.346 570 596 I WifiHAL : call wifi_get_link_stats handler
06-10 19:34:07.346 570 596 I WifiHAL : Creating message to get link statistics; iface = 16
06-10 19:34:07.346 570 596 D WifiHAL : error code -95 mapped to -3
06-10 19:34:07.346 761 899 E WifiStaIfaceAidlImpl: getLinkLayerStats failed with service-specific exception: android.os.ServiceSpecificException: (code 4)
06-10 19:34:07.666 1073 1331 W bt_stack: [WARNING:client_interface_aidl.cc(471)] ReadAudioData: 2048/4096 no data 10 ms
06-10 19:34:07.666 1073 1331 W bt_btif_a2dp_source: packages/modules/Bluetooth/system/btif/src/btif_a2dp_source.cc:946 btif_a2dp_source_read_callback: btif_a2dp_source_read_callback: UNDERFLOW: ONLY READ 2048 BYTES OUT OF 4096
06-10 19:34:09.248 542 719 I audio_hw_hal_alsamgr: alsa format =0x1 delay frames =768 total frames=160524800
06-10 19:34:09.759 1073 1331 W bt_stack: [WARNING:client_interface_aidl.cc(471)] ReadAudioData: 2048/4096 no data 10 ms
06-10 19:34:09.759 1073 1331 W bt_btif_a2dp_source: packages/modules/Bluetooth/system/btif/src/btif_a2dp_source.cc:946 btif_a2dp_source_read_callback: btif_a2dp_source_read_callback: UNDERFLOW: ONLY READ 2048 BYTES OUT OF 4096
06-10 19:34:10.162 1073 1286 I bt_btif_dm: packages/modules/Bluetooth/system/btif/src/btif_dm.cc:695 btif_update_remote_properties: class of device (cod) is 0x00050c
06-10 19:34:10.267 1073 1286 I bt_btif_dm: packages/modules/Bluetooth/system/btif/src/btif_dm.cc:695 btif_update_remote_properties: class of device (cod) is 0x00050c
06-10 19:34:10.352 570 596 I WifiHAL : call wifi_get_link_stats handler
06-10 19:34:10.352 570 596 I WifiHAL : Creating message to get link statistics; iface = 16
06-10 19:34:10.353 570 596 D WifiHAL : error code -95 mapped to -3
06-10 19:34:10.353 761 899 E WifiStaIfaceAidlImpl: getLinkLayerStats failed with service-specific exception: android.os.ServiceSpecificException: (code 4)
06-10 19:34:10.403 1073 1286 I bt_btif_dm: packages/modules/Bluetooth/system/btif/src/btif_dm.cc:695 btif_update_remote_properties: class of device (cod) is 0x00050c
06-10 19:34:10.405 1073 1286 I bt_btif_dm: packages/modules/Bluetooth/system/btif/src/btif_dm.cc:695 btif_update_remote_properties: class of device (cod) is 0x00050c
06-10 19:34:11.246 558 589 D hdmicecd: [CEC]:printCecMsgBuf, msg: 04 8f
06-10 19:34:11.247 761 761 D HDMI : [R]: 04:8F
06-10 19:34:11.248 761 938 D HDMI : [S]: 40:90:00
06-10 19:34:11.319 1073 1286 I bt_btif_dm: packages/modules/Bluetooth/system/btif/src/btif_dm.cc:695 btif_update_remote_properties: class of device (cod) is 0x00050c
06-10 19:34:11.354 558 586 D hdmicecd: [CEC]:printCecMessage, [4 -> 0] len: 2, body: 90 00, result:success
06-10 19:34:11.354 558 586 E IPCThreadState: binder thread pool (1 threads) starved for 106 ms
06-10 19:34:11.459 1073 1286 I bt_btif_dm: packages/modules/Bluetooth/system/btif/src/btif_dm.cc:695 btif_update_remote_properties: class of device (cod) is 0x00050c
06-10 19:34:11.469 1073 1286 I bt_btif_dm: packages/modules/Bluetooth/system/btif/src/btif_dm.cc:695 btif_update_remote_properties: class of device (cod) is 0x00050c
06-10 19:34:11.852 1073 1331 W bt_stack: [WARNING:client_interface_aidl.cc(471)] ReadAudioData: 2048/4096 no data 10 ms
06-10 19:34:11.852 1073 1331 W bt_btif_a2dp_source: packages/modules/Bluetooth/system/btif/src/btif_a2dp_source.cc:946 btif_a2dp_source_read_callback: btif_a2dp_source_read_callback: UNDERFLOW: ONLY READ 2048 BYTES OUT OF 4096
06-10 19:34:12.162 1073 1286 I bt_btif_dm: packages/modules/Bluetooth/system/btif/src/btif_dm.cc:695 btif_update_remote_properties: class of device (cod) is 0x00050c
06-10 19:34:12.307 1073 1286 I bt_btif_dm: packages/modules/Bluetooth/system/btif/src/btif_dm.cc:695 btif_update_remote_properties: class of device (cod) is 0x00050c
06-10 19:34:13.163 1073 1331 W bt_stack: [WARNING:client_interface_aidl.cc(471)] ReadAudioData: 2048/4096 no data 10 ms
06-10 19:34:13.163 1073 1331 W bt_btif_a2dp_source: packages/modules/Bluetooth/system/btif/src/btif_a2dp_source.cc:946 btif_a2dp_source_read_callback: btif_a2dp_source_read_callback: UNDERFLOW: ONLY READ 2048 BYTES OUT OF 4096
06-10 19:34:13.357 570 596 I WifiHAL : call wifi_get_link_stats handler
06-10 19:34:13.357 570 596 I WifiHAL : Creating message to get link statistics; iface = 16
06-10 19:34:13.357 570 596 D WifiHAL : error code -95 mapped to -3
06-10 19:34:13.358 761 899 E WifiStaIfaceAidlImpl: getLinkLayerStats failed with service-specific exception: android.os.ServiceSpecificException: (code 4)
06-10 19:34:13.464 1073 1286 I bt_btif_dm: packages/modules/Bluetooth/system/btif/src/btif_dm.cc:695 btif_update_remote_properties: class of device (cod) is 0x00050c
06-10 19:34:13.476 542 719 I audio_hw_hal_alsamgr: aml_alsa_output_write alsa_running_status[0xf0dc1cd0] change from 1 to 0
06-10 19:34:13.476 542 719 W audio_hw_hal_alsamgr: [aml_alsa_output_write:616] alsa underrun
06-10 19:34:13.496 542 719 I audio_hw_hal_ms12v2: dolby_ms12_threadloop alsa is not running
06-10 19:34:13.498 542 719 I audio_hw_hal_alsamgr: aml_alsa_output_write alsa_running_status[0xf0dc1cd0] change from 0 to 1
06-10 19:34:14.944 4174 4594 I [NIP] : [ng handler] update remote cfg last:1749555244932, cur:1749555254943
06-10 19:34:14.944 4174 4594 E OTTPlayer: [NIP] [NIP][ng handler] update remote cfg last:1749555244932, cur:1749555254943
06-10 19:34:15.164 1073 1331 W bt_stack: [WARNING:client_interface_aidl.cc(471)] ReadAudioData: 2048/4096 no data 10 ms
06-10 19:34:15.164 1073 1331 W bt_btif_a2dp_source: packages/modules/Bluetooth/system/btif/src/btif_a2dp_source.cc:946 btif_a2dp_source_read_callback: btif_a2dp_source_read_callback: UNDERFLOW: ONLY READ 2048 BYTES OUT OF 4096
06-10 19:34:15.399 4174 4615 I PCDN_TAG: [ 4614]Peer::pulse,state:3,port:8909,fr:0,fmode=C1FF,ftype=C000
06-10 19:34:15.714 1505 1867 D WanClient: sendHeartMessage
06-10 19:34:15.715 1505 1867 D WanClient: -----final------sendMessage: {"type":"2bKPMh2jwmQ="}
06-10 19:34:15.882 1505 6993 D WanClient: onMessage:Thread[WebSocketConnectReadThread-118,5,main]--{"msg":"+MSejyjwlbc="}
06-10 19:34:15.885 1505 6993 D WanClient: onMessageReceived:Thread[WebSocketConnectReadThread-118,5,main] {"msg":"+MSejyjwlbc="}
06-10 19:34:15.885 1505 6993 D WanClient: type: null
06-10 19:34:15.885 1505 6993 D WanClient: send:HB7FxtN64oc=
06-10 19:34:15.885 1505 6993 D WanClient: leave:uQ3qCmhm4oA=
06-10 19:34:15.885 1505 6993 D WanClient: join:7EsoetslBbs=
06-10 19:34:15.885 1505 6993 D WanClient: Me3/LwZ5vWJxjtP9s3upnQ==
06-10 19:34:16.223 6578 6579 D uninstall: isAllowStart last_delay 0, current_time 1749555256
06-10 19:34:16.223 6578 6579 I uninstall: enable_service com.ktcp.video/com.tencent.qqlivetv.keeplive.proc.DaemonService com.ktcp.video/(null)
06-10 19:34:16.224 6578 6579 D uninstall: enable_service waitpid
