06-10 18:38:23.536 761 761 V StorageManagerService: Package com.android.music does not have legacy storage
06-10 18:38:23.536 761 761 V StorageManagerService: Package com.android.shell does not have legacy storage
06-10 18:38:23.536 761 761 V StorageManagerService: Package com.android.sdksandbox does not have legacy storage
06-10 18:38:23.536 761 761 V StorageManagerService: Package com.android.wallpaperbackup does not have legacy storage
06-10 18:38:23.536 761 761 V StorageManagerService: Package com.android.providers.userdictionary does not have legacy storage
06-10 18:38:23.536 761 761 V StorageManagerService: Package com.android.providers.media.module does not have legacy storage
06-10 18:38:23.536 761 761 V StorageManagerService: Package com.oranth.storage does not have legacy storage
06-10 18:38:23.537 761 761 V StorageManagerService: Package com.android.hotspot2.osulogin does not have legacy storage
06-10 18:38:23.537 761 761 V StorageManagerService: Package com.android.location.fused does not have legacy storage
06-10 18:38:23.537 761 761 V StorageManagerService: Package com.android.deskclock does not have legacy storage
06-10 18:38:23.537 761 761 V StorageManagerService: Package com.android.systemui does not have legacy storage
06-10 18:38:23.537 761 761 V StorageManagerService: Package com.dangbei.haqusetting does not have legacy storage
06-10 18:38:23.537 761 761 V StorageManagerService: Package com.android.tv.overlay.framework does not have legacy storage
06-10 18:38:23.537 761 761 V StorageManagerService: Package com.android.permissioncontroller does not have legacy storage
06-10 18:38:23.537 761 761 V StorageManagerService: Package com.droidlogic.appinstall does not have legacy storage
06-10 18:38:23.537 761 761 V StorageManagerService: Package com.android.ondevicepersonalization.services does not have legacy storage
06-10 18:38:23.537 761 761 V StorageManagerService: Package com.android.bluetooth does not have legacy storage
06-10 18:38:23.537 761 761 V StorageManagerService: Package com.android.providers.contacts does not have legacy storage
06-10 18:38:23.537 761 761 V StorageManagerService: Package com.android.captiveportallogin does not have legacy storage
06-10 18:38:23.537 761 761 V StorageManagerService: Package com.droidlogic.overlay does not have legacy storage
06-10 18:38:23.537 761 761 V StorageManagerService: Package com.android.devicelockcontroller does not have legacy storage
06-10 18:38:23.538 761 761 V StorageManagerService: Package com.android.ext.adservices.api does not have legacy storage
06-10 18:38:23.538 761 761 V StorageManagerService: Package android.auto_generated_rro_vendor__ does not have legacy storage
06-10 18:38:23.540 761 761 D SystemServerTimingAsync: ssm.onStartUser-0_com.android.server.usage.StorageStatsService$Lifecycle
06-10 18:38:23.540 761 761 D SystemServerTimingAsync: ssm.onStartUser-0_com.android.server.UiModeManagerService
06-10 18:38:23.540 761 761 D SystemServerTimingAsync: ssm.onStartUser-0_com.android.server.locales.LocaleManagerService
06-10 18:38:23.540 761 761 D SystemServerTimingAsync: ssm.onStartUser-0_com.android.server.grammaticalinflection.GrammaticalInflectionService
06-10 18:38:23.540 761 761 D SystemServerTimingAsync: ssm.onStartUser-0_com.android.server.apphibernation.AppHibernationService
06-10 18:38:23.540 761 761 D SystemServerTimingAsync: ssm.onStartUser-0_com.android.server.locksettings.LockSettingsService$Lifecycle
06-10 18:38:23.540 761 761 D SystemServerTimingAsync: ssm.onStartUser-0_com.android.server.PersistentDataBlockService
06-10 18:38:23.540 761 761 D SystemServerTimingAsync: ssm.onStartUser-0_com.android.server.testharness.TestHarnessModeService
06-10 18:38:23.540 761 761 D SystemServerTimingAsync: ssm.onStartUser-0_com.android.server.oemlock.OemLockService
06-10 18:38:23.540 761 761 D SystemServerTimingAsync: ssm.onStartUser-0_com.android.server.DeviceIdleController
06-10 18:38:23.540 761 761 D SystemServerTimingAsync: ssm.onStartUser-0_com.android.server.devicepolicy.DevicePolicyManagerService$Lifecycle
06-10 18:38:23.541 972 972 V WindowManagerShell: Adding init callback for CompatUIController
06-10 18:38:23.543 761 782 D CompatibilityChangeReporter: Compat change id reported: 253665015; UID 1073; state: ENABLED
06-10 18:38:23.544 761 782 D CompatibilityChangeReporter: Compat change id reported: 194532703; UID 1073; state: ENABLED
06-10 18:38:23.551 972 972 V WindowManagerShell: Adding init callback for ShellTaskOrganizer
06-10 18:38:23.567 761 782 D GameManagerService: User ID '0' does not have a Game Mode selected for package: 'com.android.bluetooth'
06-10 18:38:23.570 761 782 D CompatibilityChangeReporter: Compat change id reported: 168419799; UID 1002; state: DISABLED
06-10 18:38:23.570 761 782 D CompatibilityChangeReporter: Compat change id reported: 273564678; UID 1002; state: DISABLED
06-10 18:38:23.574 972 972 V WindowManagerShell: Adding init callback for DefaultTransitionHandler
06-10 18:38:23.574 972 972 V WindowManagerShell: addHandler: Default
06-10 18:38:23.574 972 972 V WindowManagerShell: addHandler: Remote
06-10 18:38:23.574 972 972 V WindowManagerShell: Adding init callback for Transitions
06-10 18:38:23.575 761 844 D CompatibilityChangeReporter: Compat change id reported: 265195908; UID 1002; state: ENABLED
06-10 18:38:23.584 972 972 V WindowManagerShell: Adding init callback for FullscreenTaskListener
06-10 18:38:23.586 761 761 D SystemServerTimingAsync: ssm.onStartUser-0_com.android.server.texttospeech.TextToSpeechManagerService
06-10 18:38:23.587 761 761 D SystemServerTimingAsync: ssm.onStartUser-0_com.android.server.ambientcontext.AmbientContextManagerService
06-10 18:38:23.587 761 761 D SystemServerTimingAsync: ssm.onStartUser-0_com.android.server.wearable.WearableSensingManagerService
06-10 18:38:23.587 761 761 D SystemServerTimingAsync: ssm.onStartUser-0_com.android.server.speech.SpeechRecognitionManagerService
06-10 18:38:23.587 761 761 D SystemServerTimingAsync: ssm.onStartUser-0_com.android.server.searchui.SearchUiManagerService
06-10 18:38:23.587 761 761 D SystemServerTimingAsync: ssm.onStartUser-0_com.android.server.smartspace.SmartspaceManagerService
06-10 18:38:23.587 761 761 D SystemServerTimingAsync: ssm.onStartUser-0_com.android.server.graphics.fonts.FontManagerService$Lifecycle
06-10 18:38:23.587 761 761 D SystemServerTimingAsync: ssm.onStartUser-0_com.android.server.textservices.TextServicesManagerService$Lifecycle
06-10 18:38:23.587 761 761 D SystemServerTimingAsync: ssm.onStartUser-0_com.android.server.textclassifier.TextClassificationManagerService$Lifecycle
06-10 18:38:23.588 972 972 V WindowManagerShell: Adding init callback for ActivityEmbeddingController
06-10 18:38:23.590 761 761 D SystemServerTimingAsync: ssm.onStartUser-0_com.android.server.NetworkScoreService$Lifecycle
06-10 18:38:23.590 761 761 D SystemServerTimingAsync: ssm.onStartUser-0_com.android.server.NetworkStatsServiceInitializer
06-10 18:38:23.590 761 761 D SystemServerTimingAsync: ssm.onStartUser-0_com.android.server.wifi.WifiService
06-10 18:38:23.590 761 761 D SystemServerTimingAsync: ssm.onStartUser-0_com.android.server.wifi.scanner.WifiScanningService
06-10 18:38:23.590 761 761 D SystemServerTimingAsync: ssm.onStartUser-0_com.android.server.wifi.p2p.WifiP2pService
06-10 18:38:23.590 761 761 D SystemServerTimingAsync: ssm.onStartUser-0_com.android.server.ConnectivityServiceInitializer
06-10 18:38:23.590 761 761 D SystemServerTimingAsync: ssm.onStartUser-0_com.android.server.notification.NotificationManagerService
06-10 18:38:23.590 761 761 D SystemServerTimingAsync: ssm.onStartUser-0_com.android.server.storage.DeviceStorageMonitorService
06-10 18:38:23.590 761 761 D SystemServerTimingAsync: ssm.onStartUser-0_com.android.server.timedetector.TimeDetectorService$Lifecycle
06-10 18:38:23.590 761 761 D SystemServerTimingAsync: ssm.onStartUser-0_com.android.server.location.LocationManagerService$Lifecycle
06-10 18:38:23.590 761 761 D SystemServerTimingAsync: ssm.onStartUser-0_com.android.server.timezonedetector.TimeZoneDetectorService$Lifecycle
06-10 18:38:23.590 761 761 D SystemServerTimingAsync: ssm.onStartUser-0_com.android.server.location.altitude.AltitudeService$Lifecycle
06-10 18:38:23.590 761 761 D SystemServerTimingAsync: ssm.onStartUser-0_com.android.server.timezonedetector.location.LocationTimeZoneManagerService$Lifecycle
06-10 18:38:23.590 761 761 D SystemServerTimingAsync: ssm.onStartUser-0_com.android.server.search.SearchManagerService$Lifecycle
06-10 18:38:23.590 761 761 D SystemServerTimingAsync: ssm.onStartUser-0_com.android.server.wallpaper.WallpaperManagerService$Lifecycle
06-10 18:38:23.590 761 761 D SystemServerTimingAsync: ssm.onStartUser-0_com.android.server.wallpapereffectsgeneration.WallpaperEffectsGenerationManagerService
06-10 18:38:23.590 761 761 D SystemServerTimingAsync: ssm.onStartUser-0_com.android.server.audio.AudioService$Lifecycle
06-10 18:38:23.590 761 761 D SystemServerTimingAsync: ssm.onStartUser-0_com.android.server.soundtrigger_middleware.SoundTriggerMiddlewareService$Lifecycle
06-10 18:38:23.590 761 761 D SystemServerTimingAsync: ssm.onStartUser-0_com.android.server.adb.AdbService$Lifecycle
06-10 18:38:23.590 761 761 D SystemServerTimingAsync: ssm.onStartUser-0_com.android.server.usb.UsbService$Lifecycle
06-10 18:38:23.591 761 761 D SystemServerTimingAsync: ssm.onStartUser-0_com.android.server.twilight.TwilightService
06-10 18:38:23.591 761 761 D SystemServerTimingAsync: ssm.onStartUser-0_com.android.server.display.color.ColorDisplayService
06-10 18:38:23.591 761 761 D SystemServerTimingAsync: ssm.onStartUser-0_com.android.server.job.JobSchedulerService
06-10 18:38:23.591 761 761 D SystemServerTimingAsync: ssm.onStartUser-0_com.android.server.soundtrigger.SoundTriggerService
06-10 18:38:23.591 761 761 D SystemServerTimingAsync: ssm.onStartUser-0_com.android.server.trust.TrustManagerService
06-10 18:38:23.591 761 761 D SystemServerTimingAsync: ssm.onStartUser-0_com.android.server.backup.BackupManagerService$Lifecycle
06-10 18:38:23.591 761 761 D SystemServerTimingAsync: ssm.onStartUser-0_com.android.server.appwidget.AppWidgetService
06-10 18:38:23.591 761 761 D SystemServerTimingAsync: ssm.onStartUser-0_com.android.server.voiceinteraction.VoiceInteractionManagerService
06-10 18:38:23.593 761 761 W VoiceInteractionManager: no available voice recognition services found for user 0
06-10 18:38:23.593 761 761 D SystemServerTimingAsync: ssm.onStartUser-0_com.android.server.GestureLauncherService
06-10 18:38:23.593 761 761 D SystemServerTimingAsync: ssm.onStartUser-0_com.android.server.SensorNotificationService
06-10 18:38:23.593 761 761 D SystemServerTimingAsync: ssm.onStartUser-0_com.android.server.emergency.EmergencyAffordanceService
06-10 18:38:23.593 761 761 D SystemServerTimingAsync: ssm.onStartUser-0_com.android.server.blob.BlobStoreManagerService
06-10 18:38:23.593 761 761 D SystemServerTimingAsync: ssm.onStartUser-0_com.android.server.dreams.DreamManagerService
06-10 18:38:23.593 761 761 D SystemServerTimingAsync: ssm.onStartUser-0_com.android.server.security.AttestationVerificationManagerService
06-10 18:38:23.593 761 761 D SystemServerTimingAsync: ssm.onStartUser-0_com.android.server.restrictions.RestrictionsManagerService
06-10 18:38:23.593 761 761 D SystemServerTimingAsync: ssm.onStartUser-0_com.android.server.media.MediaSessionService
06-10 18:38:23.593 761 761 D SystemServerTimingAsync: ssm.onStartUser-0_com.android.server.hdmi.HdmiControlService
06-10 18:38:23.593 761 761 D SystemServerTimingAsync: ssm.onStartUser-0_com.android.server.tv.interactive.TvInteractiveAppManagerService
06-10 18:38:23.593 761 761 D SystemServerTimingAsync: ssm.onStartUser-0_com.android.server.tv.TvInputManagerService
06-10 18:38:23.593 761 761 D SystemServerTimingAsync: ssm.onStartUser-0_com.android.server.media.MediaResourceMonitorService
06-10 18:38:23.593 761 761 D SystemServerTimingAsync: ssm.onStartUser-0_com.android.server.tv.TvRemoteService
06-10 18:38:23.593 761 761 D SystemServerTimingAsync: ssm.onStartUser-0_com.android.server.biometrics.BiometricService
06-10 18:38:23.593 761 761 D SystemServerTimingAsync: ssm.onStartUser-0_com.android.server.biometrics.AuthService
06-10 18:38:23.593 761 761 D SystemServerTimingAsync: ssm.onStartUser-0_com.android.server.pm.ShortcutService$Lifecycle
06-10 18:38:23.593 761 761 D SystemServerTimingAsync: ssm.onStartUser-0_com.android.server.pm.LauncherAppsService
06-10 18:38:23.593 761 761 D SystemServerTimingAsync: ssm.onStartUser-0_com.android.server.pm.CrossProfileAppsService
06-10 18:38:23.593 761 761 D SystemServerTimingAsync: ssm.onStartUser-0_com.android.server.people.PeopleService
06-10 18:38:23.593 761 761 D SystemServerTimingAsync: ssm.onStartUser-0_com.android.server.media.metrics.MediaMetricsManagerService
06-10 18:38:23.593 761 761 D SystemServerTimingAsync: ssm.onStartUser-0_com.android.server.pm.BackgroundInstallControlService
06-10 18:38:23.593 761 761 D SystemServerTimingAsync: ssm.onStartUser-0_com.android.server.media.projection.MediaProjectionManagerService
06-10 18:38:23.593 761 761 D SystemServerTimingAsync: ssm.onStartUser-0_com.android.server.slice.SliceManagerService$Lifecycle
06-10 18:38:23.593 761 761 D SystemServerTimingAsync: ssm.onStartUser-0_com.android.server.stats.StatsCompanion$Lifecycle
06-10 18:38:23.593 761 761 D SystemServerTimingAsync: ssm.onStartUser-0_com.android.server.scheduling.RebootReadinessManagerService$Lifecycle
06-10 18:38:23.593 761 761 D SystemServerTimingAsync: ssm.onStartUser-0_com.android.server.stats.pull.StatsPullAtomService
06-10 18:38:23.593 761 761 D SystemServerTimingAsync: ssm.onStartUser-0_com.android.server.stats.bootstrap.StatsBootstrapAtomService$Lifecycle
06-10 18:38:23.593 761 761 D SystemServerTimingAsync: ssm.onStartUser-0_com.android.server.incident.IncidentCompanionService
06-10 18:38:23.596 761 761 D SystemServerTimingAsync: ssm.onStartUser-0_com.android.server.sdksandbox.SdkSandboxManagerService$Lifecycle
06-10 18:38:23.596 761 761 D SystemServerTimingAsync: ssm.onStartUser-0_com.android.server.adservices.AdServicesManagerService$Lifecycle
06-10 18:38:23.596 761 761 D SystemServerTimingAsync: ssm.onStartUser-0_com.android.server.ondevicepersonalization.OnDevicePersonalizationSystemService$Lifecycle
06-10 18:38:23.596 761 761 D SystemServerTimingAsync: ssm.onStartUser-0_com.android.server.autofill.AutofillManagerService
06-10 18:38:23.596 761 761 D SystemServerTimingAsync: ssm.onStartUser-0_com.android.server.clipboard.ClipboardService
06-10 18:38:23.596 761 761 D SystemServerTimingAsync: ssm.onStartUser-0_com.android.server.appbinding.AppBindingService$Lifecycle
06-10 18:38:23.597 761 761 W AppBindingService: [Default SMS app] u0 Target package not found
06-10 18:38:23.597 761 761 D SystemServerTimingAsync: ssm.onStartUser-0_com.android.server.tracing.TracingServiceProxy
06-10 18:38:23.597 761 761 D SystemServerTimingAsync: ssm.onStartUser-0_com.android.server.policy.PermissionPolicyService
06-10 18:38:23.597 761 761 D SystemServerTimingAsync: ssm.onStartUser-0_com.android.server.pm.StagingManager$Lifecycle
06-10 18:38:23.597 761 761 D SystemServerTimingAsync: ssm.onStartUser-0_com.android.server.app.GameManagerService$Lifecycle
06-10 18:38:23.597 761 761 D GameManagerService: Starting user 0
06-10 18:38:23.602 761 834 D CompatibilityChangeReporter: Compat change id reported: 161145287; UID 10052; state: ENABLED
06-10 18:38:23.603 972 972 V WindowManagerShell: Adding init callback for StartingWindowController
06-10 18:38:23.603 972 972 V WindowManagerShell: Adding init callback for ProtoLogController
06-10 18:38:23.604 761 761 D SystemServerTimingAsync: ssm.onStartUser-0_com.android.safetycenter.SafetyCenterService
06-10 18:38:23.604 761 761 D SystemServerTimingAsync: ssm.onStartUser-0_com.android.server.appsearch.AppSearchModule$Lifecycle
06-10 18:38:23.604 761 761 D SystemServerTimingAsync: ssm.onStartUser-0_com.android.server.media.MediaCommunicationService
06-10 18:38:23.604 761 761 D SystemServerTimingAsync: ssm.onStartUser-0_com.android.server.compat.overrides.AppCompatOverridesService$Lifecycle
06-10 18:38:23.604 761 761 D SystemServerTimingAsync: ssm.onStartUser-0_com.android.server.healthconnect.HealthConnectManagerService
06-10 18:38:23.604 761 761 D SystemServerTimingAsync: ssm.onStartUser-0_com.android.server.devicelock.DeviceLockService
06-10 18:38:23.605 761 761 D SystemServerTiming: startPersistentApps
06-10 18:38:23.607 761 761 I ActivityManager: com.droidlogic is exempt from freezer
06-10 18:38:23.607 761 761 D CompatibilityChangeReporter: Compat change id reported: 135634846; UID 1000; state: DISABLED
06-10 18:38:23.612 761 761 D CompatibilityChangeReporter: Compat change id reported: 135634846; UID 1068; state: DISABLED
06-10 18:38:23.613 761 761 D SystemServerTiming: startHomeOnAllDisplays
06-10 18:38:23.620 761 761 D WindowManager: ThemeHomeDelay: Home launch was deferred.
06-10 18:38:23.620 761 761 D SystemServerTiming: showSystemReadyErrorDialogs
06-10 18:38:23.902 761 761 E Build : Vendor interface is incompatible, error=1
06-10 18:38:23.902 761 761 E ActivityTaskManager: Build fingerprint is not consistent, warning user
06-10 18:38:23.902 761 761 D SystemServerTiming: sendUserStartBroadcast
06-10 18:38:23.916 761 761 D SystemServerTiming: resumeTopActivities
06-10 18:38:23.917 761 761 D SystemServerTiming: sendUserSwitchBroadcasts
06-10 18:38:23.919 761 761 D SystemServerTiming: setBinderProxies
06-10 18:38:23.921 761 761 D SystemServerTiming: componentAlias
06-10 18:38:23.923 761 761 D ComponentAliasResolver: Compat listener set.
06-10 18:38:23.924 761 761 D SystemServerTiming: LockSettingsThirdPartyAppsStarted
06-10 18:38:23.924 761 761 D SystemServerTiming: StartSystemUI
06-10 18:38:23.949 761 797 W ActivityManager: Slow operation: 343ms so far, now at startProcess: done updating battery stats
06-10 18:38:23.949 761 797 W ActivityManager: Slow operation: 344ms so far, now at startProcess: building log message
06-10 18:38:23.949 761 797 I ActivityManager: Start proc 1101:com.droidlogic/1000 for added application com.droidlogic
06-10 18:38:23.949 761 797 W ActivityManager: Slow operation: 344ms so far, now at startProcess: starting to update pids map
06-10 18:38:23.949 761 797 W ActivityManager: Slow operation: 344ms so far, now at startProcess: done updating pids map
06-10 18:38:23.950 761 797 W ActivityManager: Slow operation: 340ms so far, now at startProcess: asking zygote to start proc
06-10 18:38:23.961 761 797 W ActivityManager: Slow operation: 351ms so far, now at startProcess: returned from zygote!
06-10 18:38:23.962 761 835 D CompatibilityChangeReporter: Compat change id reported: 168419799; UID 1000; state: DISABLED
06-10 18:38:23.962 761 835 D CompatibilityChangeReporter: Compat change id reported: 273564678; UID 1000; state: DISABLED
06-10 18:38:23.992 761 834 D CompatibilityChangeReporter: Compat change id reported: 161145287; UID 1073; state: ENABLED
06-10 18:38:23.997 761 761 W ActivityManager: Unable to start service Intent { flg=0x100 cmp=com.droidlogic/.StubKeyguardService } U=0: not found
06-10 18:38:23.998 761 761 D SystemServerTiming: startApexServices
06-10 18:38:23.998 761 761 D SystemServerTiming: starting com.android.server.scheduling.RebootReadinessManagerService$Lifecycle
06-10 18:38:23.998 761 761 I SystemServiceManager: Starting com.android.server.scheduling.RebootReadinessManagerService$Lifecycle
06-10 18:38:23.998 761 761 I SystemServiceManager: Not starting an already started service com.android.server.scheduling.RebootReadinessManagerService$Lifecycle
06-10 18:38:23.998 761 761 D SystemServerTiming: UpdateWatchdogTimeout
06-10 18:38:23.999 761 761 I Watchdog: Watchdog timeout updated to 60000 millis
06-10 18:38:24.001 761 797 W ActivityManager: Slow operation: 391ms so far, now at startProcess: done updating battery stats
06-10 18:38:24.001 761 797 W ActivityManager: Slow operation: 391ms so far, now at startProcess: building log message
06-10 18:38:24.001 761 797 I ActivityManager: Start proc 1121:com.android.se/1068 for added application com.android.se
06-10 18:38:24.001 761 797 W ActivityManager: Slow operation: 391ms so far, now at startProcess: starting to update pids map
06-10 18:38:24.002 972 972 V WindowManagerShell: Adding init callback for TvPipTransition
06-10 18:38:24.003 761 797 W ActivityManager: Slow operation: 393ms so far, now at startProcess: done updating pids map
06-10 18:38:24.004 761 844 D CompatibilityChangeReporter: Compat change id reported: 218533173; UID 10039; state: DISABLED
06-10 18:38:24.005 761 844 D CompatibilityChangeReporter: Compat change id reported: 262645982; UID 10039; state: DISABLED
06-10 18:38:24.006 761 844 D CompatibilityChangeReporter: Compat change id reported: 218533173; UID 10069; state: DISABLED
06-10 18:38:24.007 761 844 D CompatibilityChangeReporter: Compat change id reported: 262645982; UID 10069; state: DISABLED
06-10 18:38:24.007 761 844 D CompatibilityChangeReporter: Compat change id reported: 218533173; UID 10063; state: ENABLED
06-10 18:38:24.009 761 844 D CompatibilityChangeReporter: Compat change id reported: 262645982; UID 10063; state: ENABLED
06-10 18:38:24.009 761 844 D CompatibilityChangeReporter: Compat change id reported: 218533173; UID 10071; state: ENABLED
06-10 18:38:24.010 761 844 D CompatibilityChangeReporter: Compat change id reported: 262645982; UID 10071; state: ENABLED
06-10 18:38:24.011 761 761 W Looper : Slow delivery took 5380ms main h=android.app.PropertyInvalidatedCache$AutoCorker$1 c=null m=0
06-10 18:38:24.020 761 788 I DisplayDeviceRepository: Display device changed: DisplayDeviceInfo{"内置屏幕": uniqueId="local:4639170348389509643", 1280 x 720, modeId 14, renderFrameRate 50.0, defaultModeId 14, supportedModes [{id=1, width=1920, height=1080, fps=59.94006, alternativeRefreshRates=[], supportedHdrTypes=[2]}, {id=2, width=1920, height=1080, fps=60.000004, alternativeRefreshRates=[], supportedHdrTypes=[2]}, {id=3, width=3840, height=2160, fps=59.94006, alternativeRefreshRates=[], supportedHdrTypes=[2]}, {id=4, width=3840, height=2160, fps=60.000004, alternativeRefreshRates=[], supportedHdrTypes=[2]}, {id=5, width=3840, height=2160, fps=50.0, alternativeRefreshRates=[], supportedHdrTypes=[2]}, {id=6, width=3840, height=2160, fps=29.97003, alternativeRefreshRates=[], supportedHdrTypes=[2]}, {id=7, width=3840, height=2160, fps=30.000002, alternativeRefreshRates=[], supportedHdrTypes=[2]}, {id=8, width=3840, height=2160, fps=25.0, alternativeRefreshRates=[], supportedHdrTypes=[2]}, {id=9, width=3840, height=2160, fps=23.976025, alternativeRefreshRates=[], supportedHdrTypes=[2]}, {id=10, width=3840, height=2160, fps=24.000002, alternativeRefreshRates=[], supportedHdrTypes=[2]}, {id=11, width=1920, height=1080, fps=50.0, alternativeRefreshRates=[], supportedHdrTypes=[2]}, {id=12, width=1280, height=720, fps=59.94006, alternativeRefreshRates=[], supportedHdrTypes=[2]}, {id=13, width=1280, height=720, fps=60.000004, alternativeRefreshRates=[], supportedHdrTypes=[2]}, {id=14, width=1280, height=720, fps=50.0, alternativeRefreshRates=[], supportedHdrTypes=[2]}], colorMode 0, supportedColorModes [0], hdrCapabilities HdrCapabilities{mSupportedHdrTypes=[2], mMaxLuminance=500.0, mMaxAverageLuminance=500.0, mMinLuminance=0.0}, allmSupported false, gameContentTypeSupported true, density 160, 26.649 x 26.504 dpi, appVsyncOff 2000000, presDeadline 17000000, touch INTERNAL, rotation 0, type INTERNAL, address {port=11, model=0x4061a4da3c482a}, deviceProductInfo DeviceProductInfo{name=Mi TV, manufacturerPnpId=XMD, productId=74, modelYear=null, manufactureDate=ManufactureDate{week=13, year=2019}, connectionToSinkType=2}, state ON, committedState ON, frameRateOverride , brightnessMinimum 0.0, brightnessMaximum 1.0, brightnessDefault 0.39763778, hdrSdrRatio NaN, FLAG_ALLOWED_TO_BE_DEFAULT_DISPLAY, FLAG_ROTATES_WITH_CONTENT, FLAG_SECURE, FLAG_SUPPORTS_PROTECTED_BUFFERS, FLAG_TRUSTED, installOrientation 0, displayShape DisplayShape{ spec=-1507169495 displayWidth=1280 displayHeight=720 physicalPixelDisplaySizeRatio=1.0 rotation=0 offsetX=0 offsetY=0 scale=1.0}}
06-10 18:38:24.022 761 761 D ConditionProviders.SCP: onConnected
06-10 18:38:24.022 761 761 D ConditionProviders.SCP: onSubscribe condition://android/schedule?days=1.2.3.4.5.6.7&start=22.0&end=7.0&exitAtAlarm=true
06-10 18:38:24.023 761 761 D ConditionProviders.SCP: setRegistered true
06-10 18:38:24.030 761 844 D CompatibilityChangeReporter: Compat change id reported: 218533173; UID 10056; state: ENABLED
06-10 18:38:24.038 761 835 D CompatibilityChangeReporter: Compat change id reported: 168419799; UID 1068; state: DISABLED
06-10 18:38:24.038 761 835 D CompatibilityChangeReporter: Compat change id reported: 273564678; UID 1068; state: DISABLED
06-10 18:38:24.041 761 844 D CompatibilityChangeReporter: Compat change id reported: 262645982; UID 10056; state: ENABLED
06-10 18:38:24.041 761 844 D CompatibilityChangeReporter: Compat change id reported: 218533173; UID 10018; state: ENABLED
06-10 18:38:24.042 761 844 D CompatibilityChangeReporter: Compat change id reported: 262645982; UID 10018; state: ENABLED
06-10 18:38:24.042 761 844 D CompatibilityChangeReporter: Compat change id reported: 218533173; UID 10075; state: DISABLED
06-10 18:38:24.043 761 844 D CompatibilityChangeReporter: Compat change id reported: 262645982; UID 10075; state: DISABLED
06-10 18:38:24.059 761 761 D ConditionProviders.SCP: evaluateSubscriptionLocked cal=ScheduleCalendar[mDays={1, 2, 3, 4, 5, 6, 7}, mSchedule=ScheduleInfo{days=[1, 2, 3, 4, 5, 6, 7], startHour=22, startMinute=0, endHour=7, endMinute=0, exitAtAlarm=true, nextAlarm=Thu Jan 01 08:00:00 GMT+08:00 1970 (0)}], now=Tue Jun 10 18:38:24 GMT+08:00 2025 (1749551904023), nextUserAlarmTime=Thu Jan 01 08:00:00 GMT+08:00 1970 (0)
06-10 18:38:24.060 761 761 D ConditionProviders.SCP: notifyCondition condition://android/schedule?days=1.2.3.4.5.6.7&start=22.0&end=7.0&exitAtAlarm=true STATE_FALSE reason=!meetsSchedule
06-10 18:38:24.062 761 761 D ConditionProviders.SCP: Scheduling evaluate for Tue Jun 10 22:00:00 GMT+08:00 2025 (1749564000000), in +3h21m35s977ms, now=Tue Jun 10 18:38:24 GMT+08:00 2025 (1749551904023)
06-10 18:38:24.063 761 761 D CompatibilityChangeReporter: Compat change id reported: 171306433; UID 1000; state: ENABLED
06-10 18:38:24.063 761 761 D CompatibilityChangeReporter: Compat change id reported: 218533173; UID 1000; state: ENABLED
06-10 18:38:24.072 761 844 D CompatibilityChangeReporter: Compat change id reported: 218533173; UID 10017; state: ENABLED
06-10 18:38:24.073 761 844 D CompatibilityChangeReporter: Compat change id reported: 262645982; UID 10017; state: ENABLED
06-10 18:38:24.115 761 844 D CompatibilityChangeReporter: Compat change id reported: 218533173; UID 10057; state: ENABLED
06-10 18:38:24.117 761 844 D CompatibilityChangeReporter: Compat change id reported: 262645982; UID 10057; state: ENABLED
06-10 18:38:24.117 761 844 D CompatibilityChangeReporter: Compat change id reported: 218533173; UID 10066; state: ENABLED
06-10 18:38:24.118 761 844 D CompatibilityChangeReporter: Compat change id reported: 262645982; UID 10066; state: ENABLED
06-10 18:38:24.118 761 844 D CompatibilityChangeReporter: Compat change id reported: 218533173; UID 10040; state: DISABLED
06-10 18:38:24.118 761 844 D CompatibilityChangeReporter: Compat change id reported: 262645982; UID 10040; state: DISABLED
06-10 18:38:24.119 761 844 D CompatibilityChangeReporter: Compat change id reported: 218533173; UID 10006; state: ENABLED
06-10 18:38:24.128 761 844 D CompatibilityChangeReporter: Compat change id reported: 262645982; UID 10006; state: ENABLED
06-10 18:38:24.128 761 844 D CompatibilityChangeReporter: Compat change id reported: 218533173; UID 10019; state: ENABLED
06-10 18:38:24.129 761 844 D CompatibilityChangeReporter: Compat change id reported: 262645982; UID 10019; state: ENABLED
06-10 18:38:24.130 761 844 D CompatibilityChangeReporter: Compat change id reported: 218533173; UID 10035; state: ENABLED
06-10 18:38:24.130 761 844 D CompatibilityChangeReporter: Compat change id reported: 262645982; UID 10035; state: ENABLED
06-10 18:38:24.131 761 844 D CompatibilityChangeReporter: Compat change id reported: 218533173; UID 10036; state: ENABLED
06-10 18:38:24.131 761 844 D CompatibilityChangeReporter: Compat change id reported: 262645982; UID 10036; state: ENABLED
06-10 18:38:24.133 761 844 D CompatibilityChangeReporter: Compat change id reported: 218533173; UID 10026; state: ENABLED
06-10 18:38:24.133 761 844 D CompatibilityChangeReporter: Compat change id reported: 262645982; UID 10026; state: ENABLED
06-10 18:38:24.133 761 844 D CompatibilityChangeReporter: Compat change id reported: 218533173; UID 10064; state: ENABLED
06-10 18:38:24.134 761 844 D CompatibilityChangeReporter: Compat change id reported: 262645982; UID 10064; state: ENABLED
06-10 18:38:24.135 761 844 D CompatibilityChangeReporter: Compat change id reported: 218533173; UID 10001; state: ENABLED
06-10 18:38:24.136 761 844 D CompatibilityChangeReporter: Compat change id reported: 262645982; UID 10001; state: ENABLED
06-10 18:38:24.141 761 844 D CompatibilityChangeReporter: Compat change id reported: 218533173; UID 10041; state: DISABLED
06-10 18:38:24.141 761 844 D CompatibilityChangeReporter: Compat change id reported: 262645982; UID 10041; state: DISABLED
06-10 18:38:24.142 761 844 D CompatibilityChangeReporter: Compat change id reported: 218533173; UID 10008; state: ENABLED
06-10 18:38:24.142 761 844 D CompatibilityChangeReporter: Compat change id reported: 262645982; UID 10008; state: ENABLED
06-10 18:38:24.143 761 844 D CompatibilityChangeReporter: Compat change id reported: 218533173; UID 10073; state: ENABLED
06-10 18:38:24.143 761 844 D CompatibilityChangeReporter: Compat change id reported: 262645982; UID 10073; state: ENABLED
06-10 18:38:24.144 761 844 D CompatibilityChangeReporter: Compat change id reported: 218533173; UID 10037; state: ENABLED
06-10 18:38:24.144 761 844 D CompatibilityChangeReporter: Compat change id reported: 262645982; UID 10037; state: ENABLED
06-10 18:38:24.145 761 844 D CompatibilityChangeReporter: Compat change id reported: 218533173; UID 10061; state: ENABLED
06-10 18:38:24.145 761 844 D CompatibilityChangeReporter: Compat change id reported: 262645982; UID 10061; state: ENABLED
06-10 18:38:24.145 761 844 D CompatibilityChangeReporter: Compat change id reported: 218533173; UID 10047; state: DISABLED
06-10 18:38:24.146 761 844 D CompatibilityChangeReporter: Compat change id reported: 262645982; UID 10047; state: DISABLED
06-10 18:38:24.146 761 844 D CompatibilityChangeReporter: Compat change id reported: 218533173; UID 10032; state: ENABLED
06-10 18:38:24.146 761 844 D CompatibilityChangeReporter: Compat change id reported: 262645982; UID 10032; state: ENABLED
06-10 18:38:24.147 761 844 D CompatibilityChangeReporter: Compat change id reported: 218533173; UID 10055; state: ENABLED
06-10 18:38:24.148 761 844 D CompatibilityChangeReporter: Compat change id reported: 262645982; UID 10055; state: ENABLED
06-10 18:38:24.148 761 844 D CompatibilityChangeReporter: Compat change id reported: 218533173; UID 10048; state: ENABLED
06-10 18:38:24.149 761 844 D CompatibilityChangeReporter: Compat change id reported: 262645982; UID 10048; state: ENABLED
06-10 18:38:24.149 761 844 D CompatibilityChangeReporter: Compat change id reported: 218533173; UID 10016; state: ENABLED
06-10 18:38:24.150 761 844 D CompatibilityChangeReporter: Compat change id reported: 262645982; UID 10016; state: ENABLED
06-10 18:38:24.150 761 844 D CompatibilityChangeReporter: Compat change id reported: 218533173; UID 10012; state: ENABLED
06-10 18:38:24.151 761 844 D CompatibilityChangeReporter: Compat change id reported: 262645982; UID 10012; state: ENABLED
06-10 18:38:24.152 761 844 D CompatibilityChangeReporter: Compat change id reported: 218533173; UID 10007; state: ENABLED
06-10 18:38:24.152 761 844 D CompatibilityChangeReporter: Compat change id reported: 262645982; UID 10007; state: ENABLED
06-10 18:38:24.153 761 844 D CompatibilityChangeReporter: Compat change id reported: 218533173; UID 10027; state: DISABLED
06-10 18:38:24.153 761 844 D CompatibilityChangeReporter: Compat change id reported: 262645982; UID 10027; state: DISABLED
06-10 18:38:24.154 761 844 D CompatibilityChangeReporter: Compat change id reported: 218533173; UID 10043; state: DISABLED
06-10 18:38:24.154 761 844 D CompatibilityChangeReporter: Compat change id reported: 262645982; UID 10043; state: DISABLED
06-10 18:38:24.154 761 844 D CompatibilityChangeReporter: Compat change id reported: 218533173; UID 10046; state: DISABLED
06-10 18:38:24.155 761 844 D CompatibilityChangeReporter: Compat change id reported: 262645982; UID 10046; state: DISABLED
06-10 18:38:24.155 761 844 D CompatibilityChangeReporter: Compat change id reported: 218533173; UID 10025; state: ENABLED
06-10 18:38:24.156 761 844 D CompatibilityChangeReporter: Compat change id reported: 262645982; UID 10025; state: ENABLED
06-10 18:38:24.157 570 596 I android.hardware.wifi-service.droidlogic: check loading wifi driver is ok...
06-10 18:38:24.157 570 596 W android.hardware.wifi-service.droidlogic: driver loaded
06-10 18:38:24.157 761 844 D CompatibilityChangeReporter: Compat change id reported: 218533173; UID 10038; state: ENABLED
06-10 18:38:24.158 761 844 D CompatibilityChangeReporter: Compat change id reported: 262645982; UID 10038; state: ENABLED
06-10 18:38:24.158 761 844 D CompatibilityChangeReporter: Compat change id reported: 218533173; UID 10031; state: ENABLED
06-10 18:38:24.158 570 596 I android.hardware.wifi-service.droidlogic: After driver loaded, wifi_name:aml_w2_s
06-10 18:38:24.159 761 844 D CompatibilityChangeReporter: Compat change id reported: 262645982; UID 10031; state: ENABLED
06-10 18:38:24.159 570 596 I android.hardware.wifi-service.droidlogic: Even /data/vendor/wifi/wpa/wpa_supplicant.conf exists, still overwrite it.
06-10 18:38:24.160 570 596 I android.hardware.wifi-service.droidlogic: Migrated conf file from /vendor/etc/wifi/unbcm_supplicant.conf to /data/vendor/wifi/wpa/wpa_supplicant.conf: Operation not permitted
06-10 18:38:24.160 761 844 D CompatibilityChangeReporter: Compat change id reported: 218533173; UID 10051; state: ENABLED
06-10 18:38:24.160 761 844 D CompatibilityChangeReporter: Compat change id reported: 262645982; UID 10051; state: ENABLED
06-10 18:38:24.160 570 596 I android.hardware.wifi-service.droidlogic: Even /data/vendor/wifi/wpa/p2p_supplicant.conf exists, still overwrite it.
06-10 18:38:24.161 570 596 I android.hardware.wifi-service.droidlogic: Migrated conf file from /vendor/etc/wifi/p2p_supplicant.conf to /data/vendor/wifi/wpa/p2p_supplicant.conf: Read-only file system
06-10 18:38:24.161 570 596 I android.hardware.wifi-service.droidlogic: no bcm and uwe wifi ,need use p2p0 with p2p interface
06-10 18:38:24.163 761 844 D CompatibilityChangeReporter: Compat change id reported: 218533173; UID 10068; state: ENABLED
06-10 18:38:24.163 761 844 D CompatibilityChangeReporter: Compat change id reported: 262645982; UID 10068; state: ENABLED
06-10 18:38:24.164 761 844 D CompatibilityChangeReporter: Compat change id reported: 218533173; UID 10010; state: ENABLED
06-10 18:38:24.164 761 844 D CompatibilityChangeReporter: Compat change id reported: 262645982; UID 10010; state: ENABLED
06-10 18:38:24.165 761 844 D CompatibilityChangeReporter: Compat change id reported: 218533173; UID 10022; state: ENABLED
06-10 18:38:24.165 570 596 I android.hardware.wifi-service.droidlogic: Wifi HAL started
06-10 18:38:24.166 761 844 D CompatibilityChangeReporter: Compat change id reported: 262645982; UID 10022; state: ENABLED
06-10 18:38:24.166 761 844 D CompatibilityChangeReporter: Compat change id reported: 218533173; UID 10029; state: DISABLED
06-10 18:38:24.166 761 844 D CompatibilityChangeReporter: Compat change id reported: 262645982; UID 10029; state: DISABLED
06-10 18:38:24.168 761 844 D CompatibilityChangeReporter: Compat change id reported: 218533173; UID 10076; state: DISABLED
06-10 18:38:24.169 761 844 D CompatibilityChangeReporter: Compat change id reported: 262645982; UID 10076; state: DISABLED
06-10 18:38:24.170 761 844 D CompatibilityChangeReporter: Compat change id reported: 218533173; UID 10002; state: ENABLED
06-10 18:38:24.170 761 844 D CompatibilityChangeReporter: Compat change id reported: 262645982; UID 10002; state: ENABLED
06-10 18:38:24.171 761 844 D CompatibilityChangeReporter: Compat change id reported: 218533173; UID 10033; state: ENABLED
06-10 18:38:24.172 761 844 D CompatibilityChangeReporter: Compat change id reported: 262645982; UID 10033; state: ENABLED
06-10 18:38:24.172 761 844 D CompatibilityChangeReporter: Compat change id reported: 218533173; UID 10003; state: ENABLED
06-10 18:38:24.173 761 844 D CompatibilityChangeReporter: Compat change id reported: 262645982; UID 10003; state: ENABLED
06-10 18:38:24.173 761 844 D CompatibilityChangeReporter: Compat change id reported: 218533173; UID 10058; state: ENABLED
06-10 18:38:24.174 761 844 D CompatibilityChangeReporter: Compat change id reported: 262645982; UID 10058; state: ENABLED
06-10 18:38:24.174 761 844 D CompatibilityChangeReporter: Compat change id reported: 218533173; UID 10053; state: ENABLED
06-10 18:38:24.174 761 844 D CompatibilityChangeReporter: Compat change id reported: 262645982; UID 10053; state: ENABLED
06-10 18:38:24.176 761 844 D CompatibilityChangeReporter: Compat change id reported: 218533173; UID 10030; state: ENABLED
06-10 18:38:24.176 761 844 D CompatibilityChangeReporter: Compat change id reported: 262645982; UID 10030; state: ENABLED
06-10 18:38:24.177 761 844 D CompatibilityChangeReporter: Compat change id reported: 218533173; UID 10013; state: ENABLED
06-10 18:38:24.177 761 844 D CompatibilityChangeReporter: Compat change id reported: 262645982; UID 10013; state: ENABLED
06-10 18:38:24.178 761 844 D CompatibilityChangeReporter: Compat change id reported: 218533173; UID 10024; state: ENABLED
06-10 18:38:24.178 761 844 D CompatibilityChangeReporter: Compat change id reported: 262645982; UID 10024; state: ENABLED
06-10 18:38:24.179 761 844 D CompatibilityChangeReporter: Compat change id reported: 218533173; UID 10023; state: ENABLED
06-10 18:38:24.180 761 844 D CompatibilityChangeReporter: Compat change id reported: 262645982; UID 10023; state: ENABLED
06-10 18:38:24.181 761 844 D CompatibilityChangeReporter: Compat change id reported: 218533173; UID 10021; state: ENABLED
06-10 18:38:24.181 761 844 D CompatibilityChangeReporter: Compat change id reported: 262645982; UID 10021; state: ENABLED
06-10 18:38:24.182 761 844 D CompatibilityChangeReporter: Compat change id reported: 218533173; UID 10062; state: ENABLED
06-10 18:38:24.183 761 844 D CompatibilityChangeReporter: Compat change id reported: 262645982; UID 10062; state: ENABLED
06-10 18:38:24.183 761 844 D CompatibilityChangeReporter: Compat change id reported: 218533173; UID 10020; state: ENABLED
06-10 18:38:24.184 761 844 D CompatibilityChangeReporter: Compat change id reported: 262645982; UID 10020; state: ENABLED
06-10 18:38:24.184 972 972 D WindowManagerShell: TvPipActionsProvider: onMediaActionsChanged()
06-10 18:38:24.185 972 972 D WindowManagerShell: TvPipActionsProvider: replaceCustomActions, count: 0
06-10 18:38:24.185 972 972 D WindowManagerShell: TvPipMenuController: setDelegate(), delegate=com.android.wm.shell.pip.tv.TvPipController@54ae6f5
06-10 18:38:24.185 972 972 V WindowManagerShell: Adding init callback for TvPipController
06-10 18:38:24.185 761 844 D CompatibilityChangeReporter: Compat change id reported: 218533173; UID 10004; state: ENABLED
06-10 18:38:24.185 972 972 V WindowManagerShell: Adding init callback for KeyguardTransitionHandler
06-10 18:38:24.186 761 844 D CompatibilityChangeReporter: Compat change id reported: 262645982; UID 10004; state: ENABLED
06-10 18:38:24.186 761 844 D CompatibilityChangeReporter: Compat change id reported: 218533173; UID 10009; state: ENABLED
06-10 18:38:24.187 761 844 D CompatibilityChangeReporter: Compat change id reported: 262645982; UID 10009; state: ENABLED
06-10 18:38:24.187 761 844 D CompatibilityChangeReporter: Compat change id reported: 218533173; UID 10042; state: DISABLED
06-10 18:38:24.188 761 844 D CompatibilityChangeReporter: Compat change id reported: 262645982; UID 10042; state: DISABLED
06-10 18:38:24.189 761 844 D CompatibilityChangeReporter: Compat change id reported: 218533173; UID 10070; state: DISABLED
06-10 18:38:24.189 761 844 D CompatibilityChangeReporter: Compat change id reported: 262645982; UID 10070; state: DISABLED
06-10 18:38:24.190 761 844 D CompatibilityChangeReporter: Compat change id reported: 218533173; UID 10044; state: ENABLED
06-10 18:38:24.190 761 844 D CompatibilityChangeReporter: Compat change id reported: 262645982; UID 10044; state: ENABLED
06-10 18:38:24.193 972 972 V WindowManagerShell: Adding init callback for BackAnimationController
06-10 18:38:24.194 761 844 D CompatibilityChangeReporter: Compat change id reported: 218533173; UID 10011; state: ENABLED
06-10 18:38:24.194 761 844 D CompatibilityChangeReporter: Compat change id reported: 262645982; UID 10011; state: ENABLED
06-10 18:38:24.195 972 1070 V WindowManagerShell: Initializing Shell Components: 18
06-10 18:38:24.195 761 844 D CompatibilityChangeReporter: Compat change id reported: 218533173; UID 10028; state: ENABLED
06-10 18:38:24.196 761 844 D CompatibilityChangeReporter: Compat change id reported: 262645982; UID 10028; state: ENABLED
06-10 18:38:24.196 761 844 D CompatibilityChangeReporter: Compat change id reported: 218533173; UID 10049; state: DISABLED
06-10 18:38:24.196 761 844 D CompatibilityChangeReporter: Compat change id reported: 262645982; UID 10049; state: DISABLED
06-10 18:38:24.197 761 844 D CompatibilityChangeReporter: Compat change id reported: 218533173; UID 10072; state: ENABLED
06-10 18:38:24.197 761 844 D CompatibilityChangeReporter: Compat change id reported: 262645982; UID 10072; state: ENABLED
06-10 18:38:24.198 761 844 D CompatibilityChangeReporter: Compat change id reported: 218533173; UID 10015; state: ENABLED
06-10 18:38:24.198 761 844 D CompatibilityChangeReporter: Compat change id reported: 262645982; UID 10015; state: ENABLED
06-10 18:38:24.199 761 844 D CompatibilityChangeReporter: Compat change id reported: 218533173; UID 10067; state: ENABLED
06-10 18:38:24.200 972 1070 V WindowManagerShell: DisplayChangeController init took 4ms
06-10 18:38:24.202 972 1070 V WindowManagerShell: DisplayController init took 1ms
06-10 18:38:24.203 972 1070 V WindowManagerShell: DisplayInsetsController init took 1ms
06-10 18:38:24.203 972 1070 V WindowManagerShell: DisplayImeController init took 1ms
06-10 18:38:24.204 972 1070 V WindowManagerShell: Adding dump callback for ShellController
06-10 18:38:24.204 972 1070 V WindowManagerShell: ShellController init took 0ms
06-10 18:38:24.204 972 1070 V WindowManagerShell: Adding external interface from DragAndDropController with key extra_shell_drag_and_drop
06-10 18:38:24.204 972 1070 V WindowManagerShell: Adding dump callback for DragAndDropController
06-10 18:38:24.204 972 1070 V WindowManagerShell: DragAndDropController init took 0ms
06-10 18:38:24.204 972 1070 V WindowManagerShell: Adding command class compatui for CompatUIShellCommandHandler
06-10 18:38:24.204 972 1070 V WindowManagerShell: CompatUIController init took 0ms
06-10 18:38:24.204 972 1070 V WindowManagerShell: Adding dump callback for ShellTaskOrganizer
06-10 18:38:24.208 972 1070 V WindowManagerShell: ShellTaskOrganizer init took 4ms
06-10 18:38:24.208 761 844 D CompatibilityChangeReporter: Compat change id reported: 262645982; UID 10067; state: ENABLED
06-10 18:38:24.209 761 844 D CompatibilityChangeReporter: Compat change id reported: 218533173; UID 10054; state: ENABLED
06-10 18:38:24.214 761 844 D CompatibilityChangeReporter: Compat change id reported: 262645982; UID 10054; state: ENABLED
06-10 18:38:24.215 761 844 D CompatibilityChangeReporter: Compat change id reported: 218533173; UID 10050; state: DISABLED
06-10 18:38:24.216 761 844 D CompatibilityChangeReporter: Compat change id reported: 262645982; UID 10050; state: DISABLED
06-10 18:38:24.216 761 844 D CompatibilityChangeReporter: Compat change id reported: 171306433; UID 10050; state: DISABLED
06-10 18:38:24.217 761 844 D CompatibilityChangeReporter: Compat change id reported: 218533173; UID 10052; state: ENABLED
06-10 18:38:24.218 761 844 D CompatibilityChangeReporter: Compat change id reported: 218533173; UID 10005; state: ENABLED
06-10 18:38:24.218 761 844 D CompatibilityChangeReporter: Compat change id reported: 262645982; UID 10005; state: ENABLED
06-10 18:38:24.219 761 844 D CompatibilityChangeReporter: Compat change id reported: 218533173; UID 10074; state: ENABLED
06-10 18:38:24.220 761 844 D CompatibilityChangeReporter: Compat change id reported: 262645982; UID 10074; state: ENABLED
06-10 18:38:24.221 761 844 D CompatibilityChangeReporter: Compat change id reported: 218533173; UID 10045; state: ENABLED
06-10 18:38:24.221 761 844 D CompatibilityChangeReporter: Compat change id reported: 262645982; UID 10045; state: ENABLED
06-10 18:38:24.222 761 844 D CompatibilityChangeReporter: Compat change id reported: 218533173; UID 10065; state: ENABLED
06-10 18:38:24.223 761 844 D CompatibilityChangeReporter: Compat change id reported: 262645982; UID 10065; state: ENABLED
06-10 18:38:24.224 761 844 D CompatibilityChangeReporter: Compat change id reported: 218533173; UID 10034; state: ENABLED
06-10 18:38:24.225 761 844 D CompatibilityChangeReporter: Compat change id reported: 262645982; UID 10034; state: DISABLED
06-10 18:38:24.226 761 844 D CompatibilityChangeReporter: Compat change id reported: 218533173; UID 10000; state: ENABLED
06-10 18:38:24.227 761 844 D CompatibilityChangeReporter: Compat change id reported: 262645982; UID 10000; state: ENABLED
06-10 18:38:24.228 761 844 D CompatibilityChangeReporter: Compat change id reported: 218533173; UID 10060; state: ENABLED
06-10 18:38:24.229 761 844 D CompatibilityChangeReporter: Compat change id reported: 262645982; UID 10060; state: ENABLED
06-10 18:38:24.230 761 844 D CompatibilityChangeReporter: Compat change id reported: 218533173; UID 10059; state: ENABLED
06-10 18:38:24.230 761 844 D CompatibilityChangeReporter: Compat change id reported: 262645982; UID 10059; state: ENABLED
06-10 18:38:24.231 761 844 D CompatibilityChangeReporter: Compat change id reported: 218533173; UID 10014; state: ENABLED
06-10 18:38:24.232 761 844 D CompatibilityChangeReporter: Compat change id reported: 262645982; UID 10014; state: ENABLED
06-10 18:38:24.234 761 844 D CompatibilityChangeReporter: Compat change id reported: 265195908; UID 1068; state: ENABLED
06-10 18:38:24.239 570 596 W android.hardware.wifi-service.droidlogic: No active wlan interfaces in use! Using default
06-10 18:38:24.239 570 596 E android.hardware.wifi-service.droidlogic: Unknown iface name: wlan0
06-10 18:38:24.239 570 596 E android.hardware.wifi-service.droidlogic: Unknown iface name: wlan0
06-10 18:38:24.304 761 761 D CompatibilityChangeReporter: Compat change id reported: 135634846; UID 10058; state: DISABLED
06-10 18:38:24.317 761 797 D CompatibilityChangeReporter: Compat change id reported: 143937733; UID 10058; state: ENABLED
06-10 18:38:24.329 570 596 W android.hardware.wifi-service.droidlogic: No active wlan interfaces in use! Using default
06-10 18:38:24.329 570 596 E android.hardware.wifi-service.droidlogic: Unknown iface name: wlan0
06-10 18:38:24.329 570 596 E android.hardware.wifi-service.droidlogic: Unknown iface name: wlan0
06-10 18:38:24.341 761 797 I ActivityManager: Start proc 1141:android.ext.services/u0a58 for service {android.ext.services/android.ext.services.autofill.InlineSuggestionRenderServiceImpl}
06-10 18:38:24.346 972 1070 V WindowManagerShell: DefaultTransitionHandler init took 139ms
06-10 18:38:24.453 761 761 W Looper : Slow dispatch took 263ms main h=android.os.Handler c= m=1
06-10 18:38:24.458 972 1070 V WindowManagerShell: Adding external interface from Transitions with key extra_shell_shell_transitions
06-10 18:38:24.573 761 1110 W ActivityManager: Slow operation: 105ms so far, now at finishAttachApplicationInner: after mServices.attachApplicationLocked
06-10 18:38:24.573 761 1110 W ActivityManager: Slow operation: 105ms so far, now at finishAttachApplicationInner: after dispatching broadcasts
06-10 18:38:24.577 761 834 D CompatibilityChangeReporter: Compat change id reported: 168419799; UID 10058; state: DISABLED
06-10 18:38:24.577 761 834 D CompatibilityChangeReporter: Compat change id reported: 273564678; UID 10058; state: DISABLED
06-10 18:38:24.603 761 915 W ActivityThread: Failed to find provider info for com.android.calendar (user not unlocked)
06-10 18:38:24.604 761 844 D CompatibilityChangeReporter: Compat change id reported: 265195908; UID 10058; state: ENABLED
06-10 18:38:24.613 761 761 D HDMI : addCecDevice new:CEC: logical_address: 0x04 device_type: 4 cec_version: 5 vendor_id: 1877008 display_name: DBBOX-A3 power_status: 0 physical_address: 0x2000 port_id: 0 old:null
06-10 18:38:24.622 570 596 I android.hardware.wifi-service.droidlogic: Adding interface handle for p2p0
06-10 18:38:24.622 570 596 I android.hardware.wifi-service.droidlogic: Adding interface handle for ap0
06-10 18:38:24.622 570 596 I android.hardware.wifi-service.droidlogic: Adding interface handle for wlan0
06-10 18:38:24.622 570 596 W android.hardware.wifi-service.droidlogic: No active wlan interfaces in use! Using default
06-10 18:38:24.622 570 596 E android.hardware.wifi-service.droidlogic: Failed to register radio mode change callback
06-10 18:38:24.622 570 596 W android.hardware.wifi-service.droidlogic: No active wlan interfaces in use! Using default
