06-10 18:40:35.816 1823 1823 W ContextImpl: Calling a method in the system process without a qualified user: android.app.ContextImpl.startActivity:1114 android.app.ContextImpl.startActivity:1103 android.content.ContextWrapper.startActivity:436 com.dangbei.util.RockyJumpControlUtil.sendJumpFromRocky:197 com.dangbei.util.RockyJumpControlUtil.startActivityUseUri:102
06-10 18:40:35.835 761 1429 I ActivityTaskManager: START u0 {act=android.intent.action.VIEW dat=db://appdetail/... flg=0x10008000 cmp=com.dangbei.leard.leradlauncher/.module.app.AppDetailActivity} with LAUNCH_SINGLE_TASK from uid 1000 (BAL_ALLOW_ALLOWLISTED_UID) result code=0
06-10 18:40:35.837 972 1070 V WindowManagerShell: Transition requested: android.os.BinderProxy@a8a40a0 TransitionRequestInfo { type = 1, triggerTask = TaskInfo{userId=0 taskId=61 displayId=0 isRunning=true baseIntent=Intent { act=android.intent.action.VIEW dat=db://appdetail/... flg=0x10808000 cmp=com.dangbei.leard.leradlauncher/.module.app.AppDetailActivity } baseActivity=ComponentInfo{com.dangbei.leard.leradlauncher/com.dangbei.leard.leradlauncher.module.app.AppDetailActivity} topActivity=ComponentInfo{com.dangbei.leard.leradlauncher/com.dangbei.leard.leradlauncher.module.app.AppDetailActivity} origActivity=null realActivity=ComponentInfo{com.dangbei.leard.leradlauncher/com.dangbei.leard.leradlauncher.module.app.AppDetailActivity} numActivities=1 lastActiveTime=147493 supportsMultiWindow=true resizeMode=1 isResizeable=true minWidth=-1 minHeight=-1 defaultMinSize=220 token=WCT{android.window.IWindowContainerToken$Stub$Proxy@84e7459} topActivityType=1 pictureInPictureParams=null shouldDockBigOverlays=true launchIntoPipHostTaskId=-1 lastParentTaskIdBeforePip=-1 displayCutoutSafeInsets=null topActivityInfo=ActivityInfo{6b0d81e com.dangbei.leard.leradlauncher.module.app.AppDetailActivity} launchCookies=[] positionInParent=Point(0, 0) parentTaskId=-1 isFocused=false isVisible=false isVisibleRequested=false isSleeping=false topActivityInSizeCompat=false topActivityEligibleForLetterboxEducation= false isLetterboxDoubleTapEnabled= false topActivityEligibleForUserAspectRatioButton= false topActivityBoundsLetterboxed= false isFromLetterboxDoubleTap= false topActivityLetterboxVerticalPosition= -1 topActivityLetterboxHorizontalPosition= -1 topActivityLetterboxWidth=-1 topActivityLetterboxHeight=-1 isUserFullscreenOverrideEnabled=false isTopActivityTransparent=false locusId=null displayAreaFeatureId=1 cameraCompatControlState=hidden}, remoteTransition = null, displayChange = null, flags = 0 }
06-10 18:40:35.844 761 1120 V WindowManager: app ------------- force_land :0
06-10 18:40:35.881 761 783 W WindowManager: [addWindow] title:com.dangbei.leard.leradlauncher/com.dangbei.leard.leradlauncher.module.app.AppDetailActivity
06-10 18:40:35.881 761 1120 W WindowManager: Failed looking up window session=Session{4acc9ac 1543:1000} callers=com.android.server.wm.WindowManagerService.windowForClientLocked:6077 com.android.server.wm.Session.updateRequestedVisibleTypes:695 android.view.IWindowSession$Stub.onTransact:1034
06-10 18:40:35.889 761 1120 D CoreBackPreview: Window{92463fa u0 com.dangbei.leard.leradlauncher/com.dangbei.leard.leradlauncher.module.app.AppDetailActivity}: Setting back callback OnBackInvokedCallbackInfo{mCallback=android.window.IOnBackInvokedCallback$Stub$Proxy@217c08, mPriority=0, mIsAnimationCallback=false}
06-10 18:40:35.925 761 785 V WindowManager: Sent Transition #10 createdAt=06-10 18:40:35.821 via request=TransitionRequestInfo { type = 1, triggerTask = TaskInfo{userId=0 taskId=61 displayId=0 isRunning=true baseIntent=Intent { act=android.intent.action.VIEW dat=db://appdetail/... flg=0x10808000 cmp=com.dangbei.leard.leradlauncher/.module.app.AppDetailActivity } baseActivity=ComponentInfo{com.dangbei.leard.leradlauncher/com.dangbei.leard.leradlauncher.module.app.AppDetailActivity} topActivity=ComponentInfo{com.dangbei.leard.leradlauncher/com.dangbei.leard.leradlauncher.module.app.AppDetailActivity} origActivity=null realActivity=ComponentInfo{com.dangbei.leard.leradlauncher/com.dangbei.leard.leradlauncher.module.app.AppDetailActivity} numActivities=1 lastActiveTime=147493 supportsMultiWindow=true resizeMode=1 isResizeable=true minWidth=-1 minHeight=-1 defaultMinSize=220 token=WCT{RemoteToken{5aeb987 Task{27b678f #61 type=standard A=1000:search.app.task}}} topActivityType=1 pictureInPictureParams=null shouldDockBigOverlays=true launchIntoPipHostTaskId=-1 lastParentTaskIdBeforePip=-1 displayCutoutSafeInsets=null topActivityInfo=ActivityInfo{d5650b4 com.dangbei.leard.leradlauncher.module.app.AppDetailActivity} launchCookies=[] positionInParent=Point(0, 0) parentTaskId=-1 isFocused=false isVisible=false isVisibleRequested=false isSleeping=false topActivityInSizeCompat=false topActivityEligibleForLetterboxEducation= false isLetterboxDoubleTapEnabled= false topActivityEligibleForUserAspectRatioButton= false topActivityBoundsLetterboxed= false isFromLetterboxDoubleTap= false topActivityLetterboxVerticalPosition= -1 topActivityLetterboxHorizontalPosition= -1 topActivityLetterboxWidth=-1 topActivityLetterboxHeight=-1 isUserFullscreenOverrideEnabled=false isTopActivityTransparent=false locusId=null displayAreaFeatureId=1 cameraCompatControlState=hidden}, remoteTransition = null, displayChange = null, flags = 0 }
06-10 18:40:35.925 761 785 V WindowManager: startWCT=WindowContainerTransaction { changes = {} hops = [] errorCallbackToken=null taskFragmentOrganizer=null }
06-10 18:40:35.926 761 785 V WindowManager: info={id=10 t=OPEN f=0x0 trk=0 r=[0@Point(0, 0)] c=[{WCT{RemoteToken{5aeb987 Task{27b678f #61 type=standard A=1000:search.app.task}}} m=OPEN f=NONE leash=Surface(name=Task=61)/@0x83c6fa1 sb=Rect(0, 0 - 1920, 1080) eb=Rect(0, 0 - 1920, 1080) d=0},{WCT{RemoteToken{5147877 Task{34067b8 #1 type=home}}} m=TO_BACK f=NONE leash=Surface(name=Task=1)/@0x18727ec sb=Rect(0, 0 - 1920, 1080) eb=Rect(0, 0 - 1920, 1080) d=0}]}
06-10 18:40:35.926 972 1070 V WindowManagerShell: onTransitionReady android.os.BinderProxy@a8a40a0: {id=10 t=OPEN f=0x0 trk=0 r=[0@Point(0, 0)] c=[{WCT{android.window.IWindowContainerToken$Stub$Proxy@80e582a} m=OPEN f=NONE leash=Surface(name=Task=61)/@0x5958ff sb=Rect(0, 0 - 1920, 1080) eb=Rect(0, 0 - 1920, 1080) d=0},{WCT{android.window.IWindowContainerToken$Stub$Proxy@774861b} m=TO_BACK f=NONE leash=Surface(name=Task=1)/@0x362c6cc sb=Rect(0, 0 - 1920, 1080) eb=Rect(0, 0 - 1920, 1080) d=0}]}
06-10 18:40:35.927 972 1070 V WindowManagerShell: Playing animation for (#10)android.os.BinderProxy@a8a40a0@0
06-10 18:40:35.927 972 1070 V WindowManagerShell: try handler com.android.wm.shell.keyguard.KeyguardTransitionHandler@b8b8234
06-10 18:40:35.927 972 1070 V WindowManagerShell: try handler com.android.wm.shell.pip.tv.TvPipTransition@44a785d
06-10 18:40:35.927 972 1070 V WindowManagerShell: try handler com.android.wm.shell.activityembedding.ActivityEmbeddingController@94fc5d2
06-10 18:40:35.928 972 1070 V WindowManagerShell: try handler com.android.wm.shell.transition.RemoteTransitionHandler@7a966a3
06-10 18:40:35.928 972 1070 V WindowManagerShell: Transition doesn't have explicit remote, search filters for match for {id=10 t=OPEN f=0x0 trk=0 r=[0@Point(0, 0)] c=[{WCT{android.window.IWindowContainerToken$Stub$Proxy@80e582a} m=OPEN f=NONE leash=Surface(name=Task=61)/@0x5958ff sb=Rect(0, 0 - 1920, 1080) eb=Rect(0, 0 - 1920, 1080) d=0},{WCT{android.window.IWindowContainerToken$Stub$Proxy@774861b} m=TO_BACK f=NONE leash=Surface(name=Task=1)/@0x362c6cc sb=Rect(0, 0 - 1920, 1080) eb=Rect(0, 0 - 1920, 1080) d=0}]}
06-10 18:40:35.928 972 1070 V WindowManagerShell: Delegate animation for #10 to null
06-10 18:40:35.928 972 1070 V WindowManagerShell: try handler com.android.wm.shell.transition.DefaultTransitionHandler@5788da0
06-10 18:40:35.928 972 1070 V WindowManagerShell: start default transition animation, info = {id=10 t=OPEN f=0x0 trk=0 r=[0@Point(0, 0)] c=[{WCT{android.window.IWindowContainerToken$Stub$Proxy@80e582a} m=OPEN f=NONE leash=Surface(name=Task=61)/@0x5958ff sb=Rect(0, 0 - 1920, 1080) eb=Rect(0, 0 - 1920, 1080) d=0},{WCT{android.window.IWindowContainerToken$Stub$Proxy@774861b} m=TO_BACK f=NONE leash=Surface(name=Task=1)/@0x362c6cc sb=Rect(0, 0 - 1920, 1080) eb=Rect(0, 0 - 1920, 1080) d=0}]}
06-10 18:40:35.929 972 1070 V WindowManagerShell: loadAnimation: anim=android.view.animation.AlphaAnimation@a11ccf6 animAttr=0x9 type=OPEN isEntrance=false
06-10 18:40:35.930 972 1070 V WindowManagerShell: loadAnimation: anim=android.view.animation.AlphaAnimation@a212364 animAttr=0x8 type=OPEN isEntrance=true
06-10 18:40:35.932 972 1070 V WindowManagerShell: animated by com.android.wm.shell.transition.DefaultTransitionHandler@5788da0
06-10 18:40:35.950 972 1070 D WindowManagerShell: TvPipController: onTaskStackChanged()
06-10 18:40:36.340 972 1070 V WindowManagerShell: Transition animation finished (aborted=false), notifying core (#10)android.os.BinderProxy@a8a40a0@0
06-10 18:40:36.342 761 785 V WindowManager: Finish Transition #10: created at
06-10 18:40:35.821 collect-started=0.09ms request-sent=13.723ms started=16.829ms ready=28.33ms sent=97.672ms finished=521.176ms
06-10 18:40:36.347 972 1070 V WindowManagerShell: Track 0 became idle
06-10 18:40:36.347 972 1070 V WindowManagerShell: All active transition animations finished
06-10 18:40:36.826 761 1120 D CoreBackPreview: Window{82a5ba7 u0 com.dangbei.lerad.rocky}: Setting back callback null
06-10 18:40:36.923 761 786 W ContextImpl: Calling a method in the system process without a qualified user: android.app.ContextImpl.startService:1899 com.android.server.wm.DisplayPolicy.lambda$focusChangedLw$5:2126 com.android.server.wm.DisplayPolicy.$r8$lambda$Znxk63oh-WzVnzo_WQefN7uxV48:0 com.android.server.wm.DisplayPolicy$$ExternalSyntheticLambda13.run:0 android.os.Handler.handleCallback:958
06-10 18:40:36.926 761 786 D OomAdjuster: Not killing cached processes
06-10 18:40:38.074 761 1429 W WindowManager: [addWindow] title:com.dangbei.leard.leradlauncher/com.dangbei.leard.leradlauncher.module.app.AppDetailActivity
06-10 18:40:38.092 761 1429 D CoreBackPreview: Window{db02c76 u0 com.dangbei.leard.leradlauncher/com.dangbei.leard.leradlauncher.module.app.AppDetailActivity}: Setting back callback OnBackInvokedCallbackInfo{mCallback=android.window.IOnBackInvokedCallback$Stub$Proxy@a894ee4, mPriority=0, mIsAnimationCallback=false}
06-10 18:40:38.177 761 786 W ContextImpl: Calling a method in the system process without a qualified user: android.app.ContextImpl.startService:1899 com.android.server.wm.DisplayPolicy.lambda$focusChangedLw$5:2126 com.android.server.wm.DisplayPolicy.$r8$lambda$Znxk63oh-WzVnzo_WQefN7uxV48:0 com.android.server.wm.DisplayPolicy$$ExternalSyntheticLambda13.run:0 android.os.Handler.handleCallback:958
06-10 18:40:39.144 761 1429 D CoreBackPreview: Window{db02c76 u0 com.dangbei.leard.leradlauncher/com.dangbei.leard.leradlauncher.module.app.AppDetailActivity}: Setting back callback null
06-10 18:40:39.164 761 788 V WindowManager: Unknown focus tokens, dropping reportFocusChanged
06-10 18:40:39.260 761 786 W ContextImpl: Calling a method in the system process without a qualified user: android.app.ContextImpl.startService:1899 com.android.server.wm.DisplayPolicy.lambda$focusChangedLw$5:2126 com.android.server.wm.DisplayPolicy.$r8$lambda$Znxk63oh-WzVnzo_WQefN7uxV48:0 com.android.server.wm.DisplayPolicy$$ExternalSyntheticLambda13.run:0 android.os.Handler.handleCallback:958
06-10 18:40:41.044 1543 4138 W PackageParser: Unknown element under : meta-data at /storage/emulated/0/Android/data/com.dangbei.leard.leradlauncher/files/launcher/ykos10035407_13.0.1.3_dangbei.apk Binary XML file line #18
06-10 18:40:41.044 1543 4138 W PackageParser: Unknown element under : meta-data at /storage/emulated/0/Android/data/com.dangbei.leard.leradlauncher/files/launcher/ykos10035407_13.0.1.3_dangbei.apk Binary XML file line #19
06-10 18:40:41.045 1543 4138 W PackageParser: Ignoring duplicate uses-permissions/uses-permissions-sdk-m: android.permission.boot_tvshop_service in package: com.cibn.tv at: Binary XML file line #43
06-10 18:40:41.045 1543 4138 W PackageParser: Unknown element under : meta-data at /storage/emulated/0/Android/data/com.dangbei.leard.leradlauncher/files/launcher/ykos10035407_13.0.1.3_dangbei.apk Binary XML file line #67
06-10 18:40:41.054 1543 4138 W PackageParser: No actions in intent filter at /storage/emulated/0/Android/data/com.dangbei.leard.leradlauncher/files/launcher/ykos10035407_13.0.1.3_dangbei.apk Binary XML file line #725
06-10 18:40:41.100 1543 4138 W PackageParser: Unknown element under : meta-data at /storage/emulated/0/Android/data/com.dangbei.leard.leradlauncher/files/launcher/ykos10035407_13.0.1.3_dangbei.apk Binary XML file line #18
06-10 18:40:41.101 1543 4138 W PackageParser: Unknown element under : meta-data at /storage/emulated/0/Android/data/com.dangbei.leard.leradlauncher/files/launcher/ykos10035407_13.0.1.3_dangbei.apk Binary XML file line #19
06-10 18:40:41.101 1543 4138 W PackageParser: Ignoring duplicate uses-permissions/uses-permissions-sdk-m: android.permission.boot_tvshop_service in package: com.cibn.tv at: Binary XML file line #43
06-10 18:40:41.101 1543 4138 W PackageParser: Unknown element under : meta-data at /storage/emulated/0/Android/data/com.dangbei.leard.leradlauncher/files/launcher/ykos10035407_13.0.1.3_dangbei.apk Binary XML file line #67
06-10 18:40:41.108 1543 4138 W PackageParser: No actions in intent filter at /storage/emulated/0/Android/data/com.dangbei.leard.leradlauncher/files/launcher/ykos10035407_13.0.1.3_dangbei.apk Binary XML file line #725
06-10 18:40:42.128 761 873 W PackageParsing: Unknown element under : meta-data at /data/app/vmdl1175168436.tmp/base.apk Binary XML file line #18
06-10 18:40:42.128 761 873 W PackageParsing: Unknown element under : meta-data at /data/app/vmdl1175168436.tmp/base.apk Binary XML file line #19
06-10 18:40:42.128 761 873 W PackageParsing: Ignoring duplicate uses-permissions/uses-permissions-sdk-m: android.permission.boot_tvshop_service in package: com.cibn.tv at: Binary XML file line #43
06-10 18:40:42.129 761 873 W PackageParsing: Unknown element under : meta-data at /data/app/vmdl1175168436.tmp/base.apk Binary XML file line #67
06-10 18:40:42.131 761 873 D CompatibilityChangeReporter: Compat change id reported: 150232615; UID -1; state: DISABLED
06-10 18:40:42.138 761 873 W PackageParsing: No actions in intent-filter at /data/app/vmdl1175168436.tmp/base.apk Binary XML file line #725
06-10 18:40:42.165 761 873 D CompatibilityChangeReporter: Compat change id reported: 132742131; UID -1; state: DISABLED
06-10 18:40:42.172 761 873 W RuleEvaluation: Integrity rule files are not available.
06-10 18:40:42.173 761 822 I PackageManager: Integrity check passed for file:///data/app/vmdl1175168436.tmp
06-10 18:40:42.186 761 822 W PackageParsing: Unknown element under : meta-data at /data/app/vmdl1175168436.tmp/base.apk Binary XML file line #18
06-10 18:40:42.186 761 822 W PackageParsing: Unknown element under : meta-data at /data/app/vmdl1175168436.tmp/base.apk Binary XML file line #19
06-10 18:40:42.186 761 822 W PackageParsing: Ignoring duplicate uses-permissions/uses-permissions-sdk-m: android.permission.boot_tvshop_service in package: com.cibn.tv at: Binary XML file line #43
06-10 18:40:42.186 761 822 W PackageParsing: Unknown element under : meta-data at /data/app/vmdl1175168436.tmp/base.apk Binary XML file line #67
06-10 18:40:42.192 761 822 W PackageParsing: No actions in intent-filter at /data/app/vmdl1175168436.tmp/base.apk Binary XML file line #725
06-10 18:40:42.216 761 822 W PackageManager: Package com.cibn.tv attempting to redeclare system permission android.permission.CHANGE_WIFI_STATE; ignoring new declaration
06-10 18:40:42.257 761 822 I PermissionManager: Permission ownership changed. Updating all permissions.
06-10 18:40:42.259 761 822 W PermissionManager: Package com.android.adservices.api is an APK in APEX, but has permission allowlist on the system image. Please bundle the allowlist in the com.android.adservices APEX instead.
06-10 18:40:42.304 761 822 W PermissionManager: Package com.android.providers.media.module is an APK in APEX, but has permission allowlist on the system image. Please bundle the allowlist in the com.android.mediaprovider APEX instead.
06-10 18:40:42.305 761 822 W PermissionManager: Package com.android.providers.media.module is an APK in APEX, but has permission allowlist on the system image. Please bundle the allowlist in the com.android.mediaprovider APEX instead.
06-10 18:40:42.305 761 822 W PermissionManager: Package com.android.providers.media.module is an APK in APEX, but has permission allowlist on the system image. Please bundle the allowlist in the com.android.mediaprovider APEX instead.
06-10 18:40:42.305 761 822 W PermissionManager: Package com.android.providers.media.module is an APK in APEX, but has permission allowlist on the system image. Please bundle the allowlist in the com.android.mediaprovider APEX instead.
06-10 18:40:42.305 761 822 W PermissionManager: Package com.android.providers.media.module is an APK in APEX, but has permission allowlist on the system image. Please bundle the allowlist in the com.android.mediaprovider APEX instead.
06-10 18:40:42.305 761 822 W PermissionManager: Package com.android.providers.media.module is an APK in APEX, but has permission allowlist on the system image. Please bundle the allowlist in the com.android.mediaprovider APEX instead.
06-10 18:40:42.305 761 822 W PermissionManager: Package com.android.providers.media.module is an APK in APEX, but has permission allowlist on the system image. Please bundle the allowlist in the com.android.mediaprovider APEX instead.
06-10 18:40:42.305 761 822 W PermissionManager: Package com.android.providers.media.module is an APK in APEX, but has permission allowlist on the system image. Please bundle the allowlist in the com.android.mediaprovider APEX instead.
06-10 18:40:42.305 761 822 W PermissionManager: Package com.android.providers.media.module is an APK in APEX, but has permission allowlist on the system image. Please bundle the allowlist in the com.android.mediaprovider APEX instead.
06-10 18:40:42.305 761 822 W PermissionManager: Package com.android.providers.media.module is an APK in APEX, but has permission allowlist on the system image. Please bundle the allowlist in the com.android.mediaprovider APEX instead.
06-10 18:40:42.305 761 822 W PermissionManager: Package com.android.providers.media.module is an APK in APEX, but has permission allowlist on the system image. Please bundle the allowlist in the com.android.mediaprovider APEX instead.
06-10 18:40:42.305 761 822 W PermissionManager: Package com.android.providers.media.module is an APK in APEX, but has permission allowlist on the system image. Please bundle the allowlist in the com.android.mediaprovider APEX instead.
06-10 18:40:42.305 761 822 W PermissionManager: Package com.android.providers.media.module is an APK in APEX, but has permission allowlist on the system image. Please bundle the allowlist in the com.android.mediaprovider APEX instead.
06-10 18:40:42.397 761 785 V StorageManagerService: Package null has legacy storage
06-10 18:40:47.478 761 822 V BackupManagerService: [UserID:0] restoreAtInstall pkg=com.cibn.tv token=1 restoreSet=0
06-10 18:40:47.478 761 822 V BackupManagerService: [UserID:0] Finishing install immediately
06-10 18:40:47.481 761 822 I AppsFilter: interaction: PackageSetting{e6e1cee com.dangbei.hqguide/10029} -> PackageSetting{fc7058f com.cibn.tv/10077} BLOCKED
06-10 18:40:47.488 761 954 D ActivityManager: sync unfroze 2136 com.android.permissioncontroller for 6
06-10 18:40:47.490 761 954 D OomAdjuster: Not killing cached processes
06-10 18:40:47.491 761 954 W ProcessStats: Tracking association SourceState{1b86bab system/1000 ImpFg #626} whose proc state 5 is better than process ProcessState{9c24b0b com.android.permissioncontroller/10074 pkg=com.android.permissioncontroller} proc state 15 (2 skipped)
06-10 18:40:47.494 761 822 D PackageInstallerSession: Marking session 1175168436 as applied
06-10 18:40:47.498 761 829 W BroadcastLoopers: Found previously unknown looper Thread[PackageInstaller,5,main]
06-10 18:40:47.504 761 822 D CompatibilityChangeReporter: Compat change id reported: 168419799; UID 10077; state: DISABLED
06-10 18:40:47.504 761 822 D CompatibilityChangeReporter: Compat change id reported: 273564678; UID 10077; state: DISABLED
06-10 18:40:47.528 761 795 W TextServicesManagerService: no available spell checker services found
06-10 18:40:47.531 761 761 D TransparencyService: Not an update. Skipping...
06-10 18:40:47.537 1543 1543 W ContextImpl: Calling a method in the system process without a qualified user: android.app.ContextImpl.startActivity:1102 android.content.ContextWrapper.startActivity:436 je.b.f:119 je.a.b:75 he.a.c:71
06-10 18:40:47.537 1543 1543 W ContextImpl: Calling a method in the system process without a qualified user: android.app.ContextImpl.startActivity:1114 android.app.ContextImpl.startActivity:1103 android.content.ContextWrapper.startActivity:436 je.b.f:119 je.a.b:75
06-10 18:40:47.539 761 2062 D CompatibilityChangeReporter: Compat change id reported: 265464455; UID 10077; state: DISABLED
06-10 18:40:47.540 761 2062 D CompatibilityChangeReporter: Compat change id reported: 265452344; UID 10077; state: DISABLED
06-10 18:40:47.540 761 2062 D CompatibilityChangeReporter: Compat change id reported: 266124927; UID 10077; state: DISABLED
06-10 18:40:47.541 761 2062 D CompatibilityChangeReporter: Compat change id reported: 265451093; UID 10077; state: DISABLED
06-10 18:40:47.541 761 2062 D CompatibilityChangeReporter: Compat change id reported: 265456536; UID 10077; state: DISABLED
06-10 18:40:47.541 761 2062 D CompatibilityChangeReporter: Compat change id reported: 255940284; UID 10077; state: DISABLED
06-10 18:40:47.542 761 2062 D CompatibilityChangeReporter: Compat change id reported: 236283604; UID 10077; state: DISABLED
06-10 18:40:47.542 761 2062 D CompatibilityChangeReporter: Compat change id reported: 263959004; UID 10077; state: DISABLED
06-10 18:40:47.542 761 2062 D CompatibilityChangeReporter: Compat change id reported: 264304459; UID 10077; state: DISABLED
06-10 18:40:47.542 761 2062 D CompatibilityChangeReporter: Compat change id reported: 264301586; UID 10077; state: DISABLED
06-10 18:40:47.542 761 2062 D CompatibilityChangeReporter: Compat change id reported: 254631730; UID 10077; state: DISABLED
06-10 18:40:47.542 761 2062 D CompatibilityChangeReporter: Compat change id reported: 273509367; UID 10077; state: DISABLED
06-10 18:40:47.543 761 2062 D CompatibilityChangeReporter: Compat change id reported: 263259275; UID 10077; state: DISABLED
06-10 18:40:47.543 761 2062 D CompatibilityChangeReporter: Compat change id reported: 174042980; UID 10077; state: DISABLED
06-10 18:40:47.543 761 2062 D CompatibilityChangeReporter: Compat change id reported: 174042936; UID 10077; state: DISABLED
06-10 18:40:47.543 761 2062 D CompatibilityChangeReporter: Compat change id reported: 181136395; UID 10077; state: DISABLED
06-10 18:40:47.546 761 2062 D CompatibilityChangeReporter: Compat change id reported: 194480991; UID 10077; state: ENABLED
06-10 18:40:47.548 761 844 D CompatibilityChangeReporter: Compat change id reported: 265195908; UID 10024; state: ENABLED
06-10 18:40:47.548 761 913 I VcnManagementService: new snapshot: TelephonySubscriptionSnapshot{ mActiveDataSubId=-1, mSubIdToInfoMap={}, mSubIdToCarrierConfigMap={}, mPrivilegedPackages={} }
06-10 18:40:47.559 761 2062 D CompatibilityChangeReporter: Compat change id reported: 184838306; UID 10077; state: DISABLED
06-10 18:40:47.559 761 2062 D CompatibilityChangeReporter: Compat change id reported: 185004937; UID 10077; state: DISABLED
06-10 18:40:47.561 761 2062 D CompatibilityChangeReporter: Compat change id reported: 197654537; UID 10077; state: DISABLED
06-10 18:40:47.563 761 2062 D CompatibilityChangeReporter: Compat change id reported: 205907456; UID 10077; state: DISABLED
06-10 18:40:47.567 761 2062 D CompatibilityChangeReporter: Compat change id reported: 194833441; UID 10077; state: DISABLED
06-10 18:40:47.567 972 1070 V WindowManagerShell: Transition requested: android.os.BinderProxy@55184ce TransitionRequestInfo { type = 1, triggerTask = TaskInfo{userId=0 taskId=62 displayId=0 isRunning=true baseIntent=Intent { act=android.intent.action.MAIN cat=[android.intent.category.LAUNCHER] flg=0x10000000 pkg=com.cibn.tv cmp=com.cibn.tv/com.youku.tv.home.activity.HomeActivity } baseActivity=ComponentInfo{com.cibn.tv/com.youku.tv.home.activity.HomeActivity} topActivity=ComponentInfo{com.cibn.tv/com.youku.tv.home.activity.HomeActivity} origActivity=null realActivity=ComponentInfo{com.cibn.tv/com.youku.tv.home.activity.HomeActivity} numActivities=1 lastActiveTime=159225 supportsMultiWindow=true resizeMode=1 isResizeable=true minWidth=-1 minHeight=-1 defaultMinSize=220 token=WCT{android.window.IWindowContainerToken$Stub$Proxy@f807fef} topActivityType=1 pictureInPictureParams=null shouldDockBigOverlays=true launchIntoPipHostTaskId=-1 lastParentTaskIdBeforePip=-1 displayCutoutSafeInsets=null topActivityInfo=ActivityInfo{28b7afc com.youku.tv.home.activity.HomeActivity} launchCookies=[] positionInParent=Point(0, 0) parentTaskId=-1 isFocused=false isVisible=false isVisibleRequested=false isSleeping=false topActivityInSizeCompat=false topActivityEligibleForLetterboxEducation= false isLetterboxDoubleTapEnabled= false topActivityEligibleForUserAspectRatioButton= false topActivityBoundsLetterboxed= false isFromLetterboxDoubleTap= false topActivityLetterboxVerticalPosition= -1 topActivityLetterboxHorizontalPosition= -1 topActivityLetterboxWidth=-1 topActivityLetterboxHeight=-1 isUserFullscreenOverrideEnabled=false isTopActivityTransparent=false locusId=null displayAreaFeatureId=1 cameraCompatControlState=hidden}, remoteTransition = null, displayChange = null, flags = 0 }
06-10 18:40:47.567 761 2062 I ActivityTaskManager: START u0 {act=android.intent.action.MAIN cat=[android.intent.category.LAUNCHER] flg=0x10000000 pkg=com.cibn.tv cmp=com.cibn.tv/com.youku.tv.home.activity.HomeActivity} with LAUNCH_SINGLE_TASK from uid 1000 (BAL_ALLOW_ALLOWLISTED_UID) result code=0
06-10 18:40:47.573 761 788 I ActivityManager: com.cibn.tv is exempt from freezer
06-10 18:40:47.574 761 788 D CompatibilityChangeReporter: Compat change id reported: 135634846; UID 10077; state: DISABLED
06-10 18:40:47.575 761 797 D CompatibilityChangeReporter: Compat change id reported: 143937733; UID 10077; state: DISABLED
06-10 18:40:47.581 761 844 D CompatibilityChangeReporter: Compat change id reported: 265195908; UID 10077; state: ENABLED
06-10 18:40:47.585 761 761 I AppsFilter: interaction: PackageSetting{4ed928c com.dangbei.hqguide/10029} -> PackageSetting{163dd5 com.cibn.tv/10077} BLOCKED
06-10 18:40:47.593 761 844 D CompatibilityChangeReporter: Compat change id reported: 218533173; UID 10077; state: DISABLED
06-10 18:40:47.593 761 844 D CompatibilityChangeReporter: Compat change id reported: 262645982; UID 10077; state: DISABLED
06-10 18:40:47.625 761 796 D ActivityManager: sync unfroze 2349 com.android.providers.tv for 3
06-10 18:40:47.634 761 797 W ActivityManager: Slow operation: 61ms so far, now at startProcess: returned from zygote!
06-10 18:40:47.634 761 797 W ActivityManager: Slow operation: 62ms so far, now at startProcess: done updating battery stats
06-10 18:40:47.634 761 797 W ActivityManager: Slow operation: 62ms so far, now at startProcess: building log message
06-10 18:40:47.634 761 797 I ActivityManager: Start proc 4174:com.cibn.tv/u0a77 for next-top-activity {com.cibn.tv/com.youku.tv.home.activity.HomeActivity}
06-10 18:40:47.634 761 797 W ActivityManager: Slow operation: 62ms so far, now at startProcess: starting to update pids map
06-10 18:40:47.634 761 797 W ActivityManager: Slow operation: 62ms so far, now at startProcess: done updating pids map
06-10 18:40:47.659 761 795 W VoiceInteractionManager: no available voice recognition services found for user 0
06-10 18:40:47.675 972 1070 D WindowManagerShell: TvPipController: onTaskStackChanged()
06-10 18:40:47.689 761 795 W TextServicesManagerService: no available spell checker services found
06-10 18:40:47.696 761 795 W VoiceInteractionManager: no available voice recognition services found for user 0
06-10 18:40:47.750 761 783 D CompatibilityChangeReporter: Compat change id reported: 170503758; UID 10077; state: DISABLED
06-10 18:40:47.838 761 834 D CompatibilityChangeReporter: Compat change id reported: 161145287; UID 10077; state: DISABLED
06-10 18:40:47.876 761 783 V WindowManager: app ------------- force_land :0
06-10 18:40:47.983 761 2062 W WindowManager: [addWindow] title:com.cibn.tv/com.youku.tv.home.activity.HomeActivity
06-10 18:40:47.992 761 1120 W WindowManager: [addWindow] title:com.cibn.tv/com.youku.tv.home.activity.HomeActivity
06-10 18:40:47.992 761 2062 W WindowManager: Failed looking up window session=Session{1d6431c 4174:u0a10077} callers=com.android.server.wm.WindowManagerService.windowForClientLocked:6077 com.android.server.wm.Session.updateRequestedVisibleTypes:695 android.view.IWindowSession$Stub.onTransact:1034
06-10 18:40:48.000 761 2062 D CoreBackPreview: Window{1762aab u0 com.cibn.tv/com.youku.tv.home.activity.HomeActivity}: Setting back callback OnBackInvokedCallbackInfo{mCallback=android.window.IOnBackInvokedCallback$Stub$Proxy@282b9dd, mPriority=0, mIsAnimationCallback=false}
06-10 18:40:48.089 761 786 W ContextImpl: Calling a method in the system process without a qualified user: android.app.ContextImpl.startService:1899 com.android.server.wm.DisplayPolicy.lambda$focusChangedLw$5:2126 com.android.server.wm.DisplayPolicy.$r8$lambda$Znxk63oh-WzVnzo_WQefN7uxV48:0 com.android.server.wm.DisplayPolicy$$ExternalSyntheticLambda13.run:0 android.os.Handler.handleCallback:958
06-10 18:40:48.201 4174 4209 W PackageParser: Unknown element under : meta-data at /data/user/0/com.cibn.tv/app_agile_plugin/execute/com.cibn.tv.plugin/2131300103/plugin.apk Binary XML file line #6
06-10 18:40:48.201 4174 4209 W PackageParser: Unknown element under : meta-data at /data/user/0/com.cibn.tv/app_agile_plugin/execute/com.cibn.tv.plugin/2131300103/plugin.apk Binary XML file line #7
06-10 18:40:48.202 4174 4209 W PackageParser: Ignoring duplicate uses-permissions/uses-permissions-sdk-m: android.permission.GET_TASKS in package: com.cibn.tv at: Binary XML file line #19
06-10 18:40:48.202 4174 4209 W PackageParser: Ignoring duplicate uses-permissions/uses-permissions-sdk-m: android.permission.boot_tvshop_service in package: com.cibn.tv at: Binary XML file line #56
06-10 18:40:48.203 4174 4209 W PackageParser: Unknown element under : meta-data at /data/user/0/com.cibn.tv/app_agile_plugin/execute/com.cibn.tv.plugin/2131300103/plugin.apk Binary XML file line #96
06-10 18:40:48.210 4174 4209 W PackageParser: No actions in intent filter at /data/user/0/com.cibn.tv/app_agile_plugin/execute/com.cibn.tv.plugin/2131300103/plugin.apk Binary XML file line #649
06-10 18:40:48.290 761 2504 D CoreBackPreview: Window{c64e6c6 u0 com.cibn.tv/com.youku.tv.home.activity.HomeActivity}: Setting back callback OnBackInvokedCallbackInfo{mCallback=android.window.IOnBackInvokedCallback$Stub$Proxy@e14089e, mPriority=0, mIsAnimationCallback=false}
06-10 18:40:48.338 972 1070 V WindowManagerShell: onTransitionReady android.os.BinderProxy@55184ce: {id=11 t=OPEN f=0x0 trk=0 r=[0@Point(0, 0)] c=[{WCT{android.window.IWindowContainerToken$Stub$Proxy@d934ae8} m=OPEN f=NONE leash=Surface(name=Task=62)/@0xfc45585 sb=Rect(0, 0 - 1920, 1080) eb=Rect(0, 0 - 1920, 1080) d=0},{WCT{android.window.IWindowContainerToken$Stub$Proxy@ff9c501} m=TO_BACK f=NONE leash=Surface(name=Task=61)/@0x2851fda sb=Rect(0, 0 - 1920, 1080) eb=Rect(0, 0 - 1920, 1080) d=0}]}
06-10 18:40:48.338 972 1070 V WindowManagerShell: Playing animation for (#11)android.os.BinderProxy@55184ce@0
06-10 18:40:48.338 972 1070 V WindowManagerShell: try handler com.android.wm.shell.keyguard.KeyguardTransitionHandler@b8b8234
06-10 18:40:48.339 972 1070 V WindowManagerShell: try handler com.android.wm.shell.pip.tv.TvPipTransition@44a785d
06-10 18:40:48.339 972 1070 V WindowManagerShell: try handler com.android.wm.shell.activityembedding.ActivityEmbeddingController@94fc5d2
06-10 18:40:48.339 972 1070 V WindowManagerShell: try handler com.android.wm.shell.transition.RemoteTransitionHandler@7a966a3
06-10 18:40:48.339 972 1070 V WindowManagerShell: Transition doesn't have explicit remote, search filters for match for {id=11 t=OPEN f=0x0 trk=0 r=[0@Point(0, 0)] c=[{WCT{android.window.IWindowContainerToken$Stub$Proxy@d934ae8} m=OPEN f=NONE leash=Surface(name=Task=62)/@0xfc45585 sb=Rect(0, 0 - 1920, 1080) eb=Rect(0, 0 - 1920, 1080) d=0},{WCT{android.window.IWindowContainerToken$Stub$Proxy@ff9c501} m=TO_BACK f=NONE leash=Surface(name=Task=61)/@0x2851fda sb=Rect(0, 0 - 1920, 1080) eb=Rect(0, 0 - 1920, 1080) d=0}]}
06-10 18:40:48.339 972 1070 V WindowManagerShell: Delegate animation for #11 to null
06-10 18:40:48.339 972 1070 V WindowManagerShell: try handler com.android.wm.shell.transition.DefaultTransitionHandler@5788da0
06-10 18:40:48.339 972 1070 V WindowManagerShell: start default transition animation, info = {id=11 t=OPEN f=0x0 trk=0 r=[0@Point(0, 0)] c=[{WCT{android.window.IWindowContainerToken$Stub$Proxy@d934ae8} m=OPEN f=NONE leash=Surface(name=Task=62)/@0xfc45585 sb=Rect(0, 0 - 1920, 1080) eb=Rect(0, 0 - 1920, 1080) d=0},{WCT{android.window.IWindowContainerToken$Stub$Proxy@ff9c501} m=TO_BACK f=NONE leash=Surface(name=Task=61)/@0x2851fda sb=Rect(0, 0 - 1920, 1080) eb=Rect(0, 0 - 1920, 1080) d=0}]}
06-10 18:40:48.339 972 1070 V WindowManagerShell: loadAnimation: anim=android.view.animation.AlphaAnimation@7255fa6 animAttr=0x9 type=OPEN isEntrance=false
06-10 18:40:48.340 972 1070 V WindowManagerShell: loadAnimation: anim=android.view.animation.AlphaAnimation@e727de7 animAttr=0x8 type=OPEN isEntrance=true
06-10 18:40:48.341 761 785 V WindowManager: Sent Transition #11 createdAt=06-10 18:40:47.546 via request=TransitionRequestInfo { type = 1, triggerTask = TaskInfo{userId=0 taskId=62 displayId=0 isRunning=true baseIntent=Intent { act=android.intent.action.MAIN cat=[android.intent.category.LAUNCHER] flg=0x10000000 pkg=com.cibn.tv cmp=com.cibn.tv/com.youku.tv.home.activity.HomeActivity } baseActivity=ComponentInfo{com.cibn.tv/com.youku.tv.home.activity.HomeActivity} topActivity=ComponentInfo{com.cibn.tv/com.youku.tv.home.activity.HomeActivity} origActivity=null realActivity=ComponentInfo{com.cibn.tv/com.youku.tv.home.activity.HomeActivity} numActivities=1 lastActiveTime=159225 supportsMultiWindow=true resizeMode=1 isResizeable=true minWidth=-1 minHeight=-1 defaultMinSize=220 token=WCT{RemoteToken{f2c5f77 Task{e6d185e #62 type=standard A=10077:com.cibn.tv}}} topActivityType=1 pictureInPictureParams=null shouldDockBigOverlays=true launchIntoPipHostTaskId=-1 lastParentTaskIdBeforePip=-1 displayCutoutSafeInsets=null topActivityInfo=ActivityInfo{80517e4 com.youku.tv.home.activity.HomeActivity} launchCookies=[] positionInParent=Point(0, 0) parentTaskId=-1 isFocused=false isVisible=false isVisibleRequested=false isSleeping=false topActivityInSizeCompat=false topActivityEligibleForLetterboxEducation= false isLetterboxDoubleTapEnabled= false topActivityEligibleForUserAspectRatioButton= false topActivityBoundsLetterboxed= false isFromLetterboxDoubleTap= false topActivityLetterboxVerticalPosition= -1 topActivityLetterboxHorizontalPosition= -1 topActivityLetterboxWidth=-1 topActivityLetterboxHeight=-1 isUserFullscreenOverrideEnabled=false isTopActivityTransparent=false locusId=null displayAreaFeatureId=1 cameraCompatControlState=hidden}, remoteTransition = null, displayChange = null, flags = 0 }
06-10 18:40:48.341 761 785 V WindowManager: startWCT=WindowContainerTransaction { changes = {} hops = [] errorCallbackToken=null taskFragmentOrganizer=null }
06-10 18:40:48.341 761 785 V WindowManager: info={id=11 t=OPEN f=0x0 trk=0 r=[0@Point(0, 0)] c=[{WCT{RemoteToken{f2c5f77 Task{e6d185e #62 type=standard A=10077:com.cibn.tv}}} m=OPEN f=NONE leash=Surface(name=Task=62)/@0x4513038 sb=Rect(0, 0 - 1920, 1080) eb=Rect(0, 0 - 1920, 1080) d=0},{WCT{RemoteToken{5aeb987 Task{27b678f #61 type=standard A=1000:search.app.task}}} m=TO_BACK f=NONE leash=Surface(name=Task=61)/@0x83c6fa1 sb=Rect(0, 0 - 1920, 1080) eb=Rect(0, 0 - 1920, 1080) d=0}]}
06-10 18:40:48.342 972 1070 V WindowManagerShell: animated by com.android.wm.shell.transition.DefaultTransitionHandler@5788da0
06-10 18:40:48.388 761 783 D CompatibilityChangeReporter: Compat change id reported: 214016041; UID 10077; state: DISABLED
06-10 18:40:48.756 972 1070 V WindowManagerShell: Transition animation finished (aborted=false), notifying core (#11)android.os.BinderProxy@55184ce@0
06-10 18:40:48.760 761 785 V WindowManager: Finish Transition #11: created at
06-10 18:40:47.546 collect-started=0.086ms request-sent=19.495ms started=23.183ms ready=338.7ms sent=785.72ms finished=1212.83ms
06-10 18:40:48.763 972 1070 V WindowManagerShell: Track 0 became idle
06-10 18:40:48.763 972 1070 V WindowManagerShell: All active transition animations finished
06-10 18:40:50.574 761 1501 E TaskPersister: File error accessing recents directory (directory doesn't exist?).
06-10 18:40:53.151 761 834 D CoreBackPreview: Window{1762aab u0 com.cibn.tv/com.youku.tv.home.activity.HomeActivity}: Setting back callback null
06-10 18:40:53.177 761 788 V WindowManager: Unknown focus tokens, dropping reportFocusChanged
06-10 18:40:53.262 761 786 W ContextImpl: Calling a method in the system process without a qualified user: android.app.ContextImpl.startService:1899 com.android.server.wm.DisplayPolicy.lambda$focusChangedLw$5:2126 com.android.server.wm.DisplayPolicy.$r8$lambda$Znxk63oh-WzVnzo_WQefN7uxV48:0 com.android.server.wm.DisplayPolicy$$ExternalSyntheticLambda13.run:0 android.os.Handler.handleCallback:958
06-10 18:40:53.263 761 786 D OomAdjuster: Not killing cached processes
06-10 18:40:53.327 761 2504 D CompatibilityChangeReporter: Compat change id reported: 149924527; UID 10077; state: ENABLED
06-10 18:40:53.328 761 2504 D CompatibilityChangeReporter: Compat change id reported: 132649864; UID 10077; state: DISABLED
06-10 18:40:53.781 761 783 D CompatibilityChangeReporter: Compat change id reported: 261072174; UID 10077; state: DISABLED
06-10 18:40:53.815 4174 4298 E ActivityThread: Failed to find provider info for com.youku.ott.emid.provider
06-10 18:40:53.845 761 783 D CompatibilityChangeReporter: Compat change id reported: 266524688; UID 10077; state: DISABLED
06-10 18:40:53.890 4174 4328 E ActivityThread: Failed to find provider info for com.youku.passport.provider
06-10 18:40:53.907 4174 4174 V ActivityThread: getPackageInfo() caused update to cached ApplicationInfo for package com.cibn.tv
06-10 18:40:54.201 761 2504 W ActivityManager: Unable to start service Intent { act=com.google.android.gms.ads.identifier.service.START pkg=com.google.android.gms (has extras) } U=0: not found
06-10 18:40:54.202 4174 4355 E ActivityThread: Failed to find provider info for com.vivo.vms.IdProvider
06-10 18:40:54.234 761 2504 W ActivityManager: Unable to start service Intent { act=com.youku.passport.union pkg=com.bestv.ott (has extras) } U=0: not found
06-10 18:40:55.187 4174 4209 W PackageParser: Unknown element under : meta-data at /data/user/0/com.cibn.tv/app_agile_plugin/execute/com.cibn.tv.plugin/2131300103/plugin.apk Binary XML file line #6
06-10 18:40:55.187 4174 4209 W PackageParser: Unknown element under : meta-data at /data/user/0/com.cibn.tv/app_agile_plugin/execute/com.cibn.tv.plugin/2131300103/plugin.apk Binary XML file line #7
06-10 18:40:55.192 4174 4209 W PackageParser: Ignoring duplicate uses-permissions/uses-permissions-sdk-m: android.permission.GET_TASKS in package: com.cibn.tv at: Binary XML file line #19
06-10 18:40:55.193 4174 4209 W PackageParser: Ignoring duplicate uses-permissions/uses-permissions-sdk-m: android.permission.boot_tvshop_service in package: com.cibn.tv at: Binary XML file line #56
06-10 18:40:55.194 4174 4209 W PackageParser: Unknown element under : meta-data at /data/user/0/com.cibn.tv/app_agile_plugin/execute/com.cibn.tv.plugin/2131300103/plugin.apk Binary XML file line #96
06-10 18:40:55.205 4174 4209 W PackageParser: No actions in intent filter at /data/user/0/com.cibn.tv/app_agile_plugin/execute/com.cibn.tv.plugin/2131300103/plugin.apk Binary XML file line #649
06-10 18:40:56.719 761 1429 W ActivityManager: Unable to start service Intent { act=com.google.android.gms.ads.identifier.service.START pkg=com.google.android.gms (has extras) } U=0: not found
06-10 18:40:56.721 4174 4355 E ActivityThread: Failed to find provider info for com.vivo.vms.IdProvider
06-10 18:40:57.571 348 4166 I keystore2: system/security/keystore2/src/watchdog.rs:319 - Watchdog thread idle -> terminating. Have a great day.
06-10 18:40:57.694 761 954 W ProcessStats: Tracking association SourceState{61e05b6 system/1000 ImpFg #660} whose proc state 5 is better than process ProcessState{9c24b0b com.android.permissioncontroller/10074 pkg=com.android.permissioncontroller} proc state 15 (11 skipped)
06-10 18:40:57.724 761 857 D ActivityManager: freezing 2349 com.android.providers.tv
06-10 18:41:00.263 761 1429 D OomAdjuster: Not killing cached processes
06-10 18:41:00.564 761 1429 W ActivityManager: Receiver with filter android.content.IntentFilter@f385cb4 already registered for pid 4174, callerPackage is com.cibn.tv
06-10 18:41:00.579 761 1429 W ActivityManager: Receiver with filter android.content.IntentFilter@e7680dd already registered for pid 4174, callerPackage is com.cibn.tv
06-10 18:41:01.258 761 822 I AppsFilter: interaction: PackageSetting{4ed928c com.dangbei.hqguide/10029} -> PackageSetting{295db13 com.cibn.tv/10077} BLOCKED
06-10 18:41:01.266 761 844 D CompatibilityChangeReporter: Compat change id reported: 218533173; UID 10077; state: DISABLED
06-10 18:41:01.266 761 844 D CompatibilityChangeReporter: Compat change id reported: 262645982; UID 10077; state: DISABLED
06-10 18:41:01.298 761 795 W VoiceInteractionManager: no available voice recognition services found for user 0
06-10 18:41:01.427 4174 4209 W PackageParser: Unknown element under : meta-data at /data/user/0/com.cibn.tv/app_agile_plugin/execute/com.cibn.tv.plugin/2131300103/plugin.apk Binary XML file line #6
06-10 18:41:01.428 4174 4209 W PackageParser: Unknown element under : meta-data at /data/user/0/com.cibn.tv/app_agile_plugin/execute/com.cibn.tv.plugin/2131300103/plugin.apk Binary XML file line #7
06-10 18:41:01.429 4174 4209 W PackageParser: Ignoring duplicate uses-permissions/uses-permissions-sdk-m: android.permission.GET_TASKS in package: com.cibn.tv at: Binary XML file line #19
06-10 18:41:01.434 4174 4209 W PackageParser: Ignoring duplicate uses-permissions/uses-permissions-sdk-m: android.permission.boot_tvshop_service in package: com.cibn.tv at: Binary XML file line #56
06-10 18:41:01.435 4174 4209 W PackageParser: Unknown element under : meta-data at /data/user/0/com.cibn.tv/app_agile_plugin/execute/com.cibn.tv.plugin/2131300103/plugin.apk Binary XML file line #96
06-10 18:41:01.466 4174 4209 W PackageParser: No actions in intent filter at /data/user/0/com.cibn.tv/app_agile_plugin/execute/com.cibn.tv.plugin/2131300103/plugin.apk Binary XML file line #649
06-10 18:41:01.522 4174 4209 W PackageParser: Unknown element under : meta-data at /data/user/0/com.cibn.tv/app_agile_plugin/execute/com.youku.dynamic.plugin/212021005/plugin.apk Binary XML file line #11
06-10 18:41:02.607 4174 4552 E ActivityThread: Failed to find provider info for com.youku.passport.provider
06-10 18:41:03.583 761 1429 W ActivityManager: Unable to start service Intent { act=com.google.android.gms.ads.identifier.service.START pkg=com.google.android.gms (has extras) } U=0: not found
06-10 18:41:08.088 761 1429 D CompatibilityChangeReporter: Compat change id reported: 216114297; UID 10077; state: DISABLED
06-10 18:41:08.088 761 1429 I PowerManagerService: Allowing device wake-up without android.permission.TURN_SCREEN_ON for com.cibn.tv
06-10 18:41:10.602 761 1139 D OomAdjuster: Not killing cached processes
06-10 18:41:10.719 761 1139 D CompatibilityChangeReporter: Compat change id reported: 197654537; UID 10077; state: DISABLED
06-10 18:41:11.071 761 761 D HDMI : [R]: 04:8F
06-10 18:41:11.072 761 938 D HDMI : [S]: 40:90:00
06-10 18:41:11.314 761 954 W ProcessStats: Tracking association SourceState{61e05b6 system/1000 ImpFg #690} whose proc state 5 is better than process ProcessState{9c24b0b com.android.permissioncontroller/10074 pkg=com.android.permissioncontroller} proc state 15 (2 skipped)
06-10 18:41:12.935 761 1139 D ActivityManager: sync unfroze 2349 com.android.providers.tv for 7
06-10 18:41:13.397 4174 4209 W PackageParser: Unknown element under : meta-data at /data/user/0/com.cibn.tv/app_agile_plugin/execute/com.cibn.tv.plugin/2131300103/plugin.apk Binary XML file line #6
06-10 18:41:13.397 4174 4209 W PackageParser: Unknown element under : meta-data at /data/user/0/com.cibn.tv/app_agile_plugin/execute/com.cibn.tv.plugin/2131300103/plugin.apk Binary XML file line #7
06-10 18:41:13.398 4174 4209 W PackageParser: Ignoring duplicate uses-permissions/uses-permissions-sdk-m: android.permission.GET_TASKS in package: com.cibn.tv at: Binary XML file line #19
06-10 18:41:13.400 4174 4209 W PackageParser: Ignoring duplicate uses-permissions/uses-permissions-sdk-m: android.permission.boot_tvshop_service in package: com.cibn.tv at: Binary XML file line #56
06-10 18:41:13.401 4174 4209 W PackageParser: Unknown element under : meta-data at /data/user/0/com.cibn.tv/app_agile_plugin/execute/com.cibn.tv.plugin/2131300103/plugin.apk Binary XML file line #96
06-10 18:41:13.452 4174 4209 W PackageParser: No actions in intent filter at /data/user/0/com.cibn.tv/app_agile_plugin/execute/com.cibn.tv.plugin/2131300103/plugin.apk Binary XML file line #649
06-10 18:41:13.804 4174 4230 W PackageParser: Unknown element under : meta-data at /data/user/0/com.cibn.tv/app_agile_plugin/execute/com.cibn.tv.plugin/2131300103/plugin.apk Binary XML file line #6
06-10 18:41:13.804 4174 4230 W PackageParser: Unknown element under : meta-data at /data/user/0/com.cibn.tv/app_agile_plugin/execute/com.cibn.tv.plugin/2131300103/plugin.apk Binary XML file line #7
06-10 18:41:13.804 4174 4230 W PackageParser: Ignoring duplicate uses-permissions/uses-permissions-sdk-m: android.permission.GET_TASKS in package: com.cibn.tv at: Binary XML file line #19
06-10 18:41:13.805 4174 4230 W PackageParser: Ignoring duplicate uses-permissions/uses-permissions-sdk-m: android.permission.boot_tvshop_service in package: com.cibn.tv at: Binary XML file line #56
06-10 18:41:13.805 4174 4230 W PackageParser: Unknown element under : meta-data at /data/user/0/com.cibn.tv/app_agile_plugin/execute/com.cibn.tv.plugin/2131300103/plugin.apk Binary XML file line #96
06-10 18:41:13.816 4174 4230 W PackageParser: No actions in intent filter at /data/user/0/com.cibn.tv/app_agile_plugin/execute/com.cibn.tv.plugin/2131300103/plugin.apk Binary XML file line #649
06-10 18:41:16.596 761 858 D OomAdjuster: Not killing cached processes
06-10 18:41:22.857 761 1429 D OomAdjuster: Not killing cached processes
06-10 18:41:26.653 761 857 D ActivityManager: freezing 2136 com.android.permissioncontroller
06-10 18:41:31.466 761 861 D OomAdjuster: Not killing cached processes
06-10 18:41:31.870 761 761 V HotPlugDetectionAction: Poll all devices.
06-10 18:41:32.262 761 761 D HdmiCecController: [P]:AllocatedAddress=[0]
06-10 18:41:35.606 1505 1813 W ContextImpl: Calling a method in the system process without a qualified user: android.app.ContextImpl.sendBroadcast:1220 android.content.ContextWrapper.sendBroadcast:504 com.dangbei.etna.setting.core.SettingHelper.sendCycleToProjector:257 com.dangbei.etna.setting.core.SettingHelper.sendCycleCheckBroadcast:226 com.dangbei.etna.setting.core.SettingHelper.startLoop$lambda-0:185
06-10 18:41:35.607 1505 1813 W ContextImpl: Calling a method in the system process without a qualified user: android.app.ContextImpl.sendBroadcast:1220 android.content.ContextWrapper.sendBroadcast:504 com.dangbei.etna.setting.core.SettingHelper.sendCycleToVoice:242 com.dangbei.etna.setting.core.SettingHelper.sendCycleCheckBroadcast:227 com.dangbei.etna.setting.core.SettingHelper.startLoop$lambda-0:185
06-10 18:42:09.664 761 796 D OomAdjuster: Not killing cached processes
06-10 18:42:11.073 761 761 D HDMI : [R]: 04:8F
06-10 18:42:11.074 761 938 D HDMI : [S]: 40:90:00
06-10 18:42:19.669 761 844 D OomAdjuster: Not killing cached processes
06-10 18:42:19.708 761 857 D ActivityManager: freezing 2349 com.android.providers.tv
06-10 18:42:31.476 761 861 D OomAdjuster: Not killing cached processes
06-10 18:42:31.871 761 761 V HotPlugDetectionAction: Poll all devices.
06-10 18:42:32.270 761 761 D HdmiCecController: [P]:AllocatedAddress=[0]
06-10 18:43:10.241 761 1139 D OomAdjuster: Not killing cached processes
06-10 18:43:10.688 761 1139 I PowerManagerService: Allowing device wake-up without android.permission.TURN_SCREEN_ON for com.cibn.tv
06-10 18:43:11.081 761 761 D HDMI : [R]: 04:8F
06-10 18:43:11.082 761 938 D HDMI : [S]: 40:90:00
06-10 18:43:31.482 761 861 D OomAdjuster: Not killing cached processes
06-10 18:43:31.872 761 761 V HotPlugDetectionAction: Poll all devices.
06-10 18:43:32.266 761 761 D HdmiCecController: [P]:AllocatedAddress=[0]
06-10 18:44:10.936 761 796 D OomAdjuster: Not killing cached processes
06-10 18:44:11.078 761 761 D HDMI : [R]: 04:8F
06-10 18:44:11.079 761 938 D HDMI : [S]: 40:90:00
06-10 18:44:20.947 761 844 D OomAdjuster: Not killing cached processes
06-10 18:44:31.487 761 861 D OomAdjuster: Not killing cached processes
06-10 18:44:31.873 761 761 V HotPlugDetectionAction: Poll all devices.
