06-10 19:31:46.408 761 761 D HDMI : One touch play is done for TV's power is ready
06-10 19:31:46.408 761 785 V WindowManager: Finish Transition #61: created at
06-10 19:31:45.750 collect-started=0.055ms request-sent=6.984ms started=11.126ms ready=143.437ms sent=224.65ms finished=649.678ms
06-10 19:31:46.408 761 761 D HDMI : setActiveSource logical:0x04 physical:0x2000 ActiveSourceAction
06-10 19:31:46.409 558 586 D hdmicecd: [HdmiCecControl]:getPhysicalAddress, physical addr: 2000, last pa: 2000, ret = 0
06-10 19:31:46.410 558 558 D hdmicecd: [HdmiCecControl]:getPhysicalAddress, physical addr: 2000, last pa: 2000, ret = 0
06-10 19:31:46.410 761 761 D HDMI : ActiveSourceHistoryRecord active source=(0x04, 0x2000) isActiveSource=true from=ActiveSourceAction
06-10 19:31:46.411 761 761 D HdmiControlService: Switching to full volume behavior
06-10 19:31:46.412 972 1070 V WindowManagerShell: Track 0 became idle
06-10 19:31:46.412 972 1070 V WindowManagerShell: All active transition animations finished
06-10 19:31:46.433 761 938 D HDMI : [S]: 4F:82:20:00
06-10 19:31:46.434 558 586 D hdmicecd: [HdmiCecControl]:updateActiveState sending messag:82 active state:1
06-10 19:31:46.468 9377 9742 W q_h_c_s : HCDN_LOG: [T:9742]PrintHttpStatInfo:3879,Connection info for reid: 75440421, req_domain: cache.video.ptqy.gitv.tv, http_code: 200[1], classified_err: 0, own_err: 0, try_path: fc, ipv6_check: 2-101, net_type: 1, connection info: (m_primaryIp: 124.237.225.52, m_primaryPort: 443, m_connectIp: 124.237.225.52, m_connectPort: 443, m_localIp: 192.168.3.107, m_localPort: 39234, m_resolveTime: 0.040000s, m_connectTime: 0.115968s, m_appConnectTime: 0.179791s, m_preTransTime: 0.180391s, m_startTransTime: 0.434962s, m_totalTime: 0.484000s, m_stageTime: 0.435436s, m_avgDownloadSpeed: 10.868164kB/s, m_totalDownloadSize: 4846B, m_avgUploadSpeed: 0.000000kB/s, m_totalUploadSize: 0B, m_isHappyEyeballsHappened: 0, m_connectionReuse: 0, m_numConnects: 1, m_ipVersion: 4, m_redirectTime: 0.000000s)
06-10 19:31:46.468 9377 9742 W q_h_c_s : HCDN_LOG: [T:9742]PrintHttpStatInfo:3918,Qtp state record for reid: 75440421, QS_UNINIT -> QSD1R0_START -> QSD1R0_WAITFOR_FASTDNS_CACHE_RESP -> QSD1R0_WAITFOR_HTTP_RESP0 -> QS_SUCCESS
06-10 19:31:46.468 9377 9742 I CLog : 2025-06-10 19:31:46.468 T:9742 DEBUG: qtp-load(97) QtpHttpHeaderFinishCallback reqid:75440421 adv_header:0
06-10 19:31:46.468 9377 9742 I CLog : 2025-06-10 19:31:46.468 T:9742 DEBUG: [97]RecordNewConnectCount, count:1
06-10 19:31:46.468 9377 9742 I CLog : 2025-06-10 19:31:46.468 T:9742 INFO: qtp-load(97) QtpHttpFinishCallback reqid:75440421
06-10 19:31:46.468 9377 9742 I CLog : 2025-06-10 19:31:46.468 T:9742 INFO: qtp-load(97): local:192.168.3.107 remote:124.237.225.52, DNS:40(ms) Connect:115(ms) SSL Connect:179(ms) Recv Data:434(ms) total:484(ms), speed:11.13(KB/s)
06-10 19:31:46.468 9377 9742 I CLog : 2025-06-10 19:31:46.468 T:9742 INFO: qtp-load(97) QTPINFO_QTPFLOW_INFO: [1749555106468,id:75440421,ip:124.237.225.52,port:443,rt:0.040,ct:0.116,at:0.180,pt:0.180,st:0.435,tt:0.484,as:10.868,ts:4846,rdt:0.000,ec:0,hc:200,hv:1,tp:fc]
06-10 19:31:46.469 9377 9742 I CLog : 2025-06-10 19:31:46.468 T:9742 DEBUG: qtp-load(97), data-len:0, connection:keep-alive content-encoding:gzip content-type:application/json;charset=UTF-8 date:Tue, 10 Jun 2025 11:31:46 GMT server:nginx server_ip:124.237.225.52 transfer-encoding:chunked
06-10 19:31:46.469 9377 9742 I CLog : 2025-06-10 19:31:46.469 T:9742 INFO: qtp-load(97), err(0, 0), syserr(0), transerr(0), multi(0), easy(0), http(200)
06-10 19:31:46.469 9377 9742 I CLog : 2025-06-10 19:31:46.469 T:9742 WARNING: ProcessVDHeader:no dispatcher-info
06-10 19:31:46.469 9377 9742 I CLog : 2025-06-10 19:31:46.469 T:9742 INFO: qtp-load(97): success! url:https://cache.video.ptqy.gitv.tv/dash?tvid=1233430264130200&uid=1057382444771596&ut=5&ut=57&ut=60&ps=0&d=1&pm=0&vid=7d09da5a4dcf23278b57c33c40a505e1&k_tag=1&k_uid=tv_cc46bef63fc2ad8d49126ac32881e261_1749550814769_3644146642&tm=1749555105226&bid=600&fr=25&pt=203056&s=0&sr=1&slid=-1&sver=2&k_ver=2.1403.1.250523&messageId=pumaplayer_fce42164be8d90bb60b589448441e6e6&k_ft1=563500540269284&k_err_retries=0&abid=600&lid=-1&cf=-1&ct=1&atype=0&k_ft2=255&k_ft6=0&fr_600=60_25_25_25__&fr_800=120_25_25_25__&fr_860=60_____&k_ft4=1697787202777092&dcdv=5&ccsn=8c0e4e117279c388281f1e4b647444f3&cr=1&dcv=6&k_ft7=2182628999&ori=puma&agent_type=302&pst=0&psta=0&pmb=600&k_ft5=2199056810001&src=14025032401000000000&vt=0&dfp=&spt=&apdl=&hdcp=0&applang=&su=0&pver=1403.0.0.21269&sa=0&ds=0&dx=0&tvrs=ufDkqiNShh%2FcnDcBOaBgRA%3D%3D&ap=1&ve=6427f2ffdd26a894f13a6ae380270a5c&k_ft8=4&pano264=0&pano265=0&pre=0&ap=1&qd_v=1&vf=8c148ef2390a41149a5e2694d3be19a1
06-10 19:31:46.469 9377 9742 I CLog : 2025-06-10 19:31:46.469 T:9742 DEBUG: BandWithMeter:487, 15350
06-10 19:31:46.469 9377 9742 I CLog : 2025-06-10 19:31:46.469 T:9742 INFO: VDFetcher::OnRequestSuccess:this(0xe982fb60) remote_ip:124.237.225.52, response_code:200
06-10 19:31:46.469 9377 9742 I CLog : 2025-06-10 19:31:46.469 T:9742 DEBUG: OnRequestSuccess BuildMovie start
06-10 19:31:46.470 9377 9742 I CLog : 2025-06-10 19:31:46.470 T:9742 DEBUG: BuildMovie VD OK
06-10 19:31:46.471 9377 9742 I CLog : 2025-06-10 19:31:46.471 T:9742 INFO: OPLL:data.ctl=
06-10 19:31:46.471 9377 9742 I CLog : 2025-06-10 19:31:46.471 T:9742 INFO: OPLL:{"mb":1099,"speed_dispatch":true,"cost":"v-4,drmcdn-30,disp-10","qd_vipdyn":0,"uid":"1057382444771596","ut":[5,57,60,58],"drm":true,"speed":true,"uip":"113.87.82.124","vf":"8c148ef2390a41149a5e2694d3b
06-10 19:31:46.471 9377 9742 I CLog : 2025-06-10 19:31:46.471 T:9742 INFO: OPLL:e19a1","has_logo":false,"tv_root_exempt":1,"speed_audio":true,"bid":600,"cached":true,"num":1,"v24":true,"drm_filtered":{},"ht":"0","rdt":1}
06-10 19:31:46.471 9377 9742 I CLog : 2025-06-10 19:31:46.471 T:9742 DEBUG: BuildMovie switch=0
06-10 19:31:46.471 9377 9742 I CLog : 2025-06-10 19:31:46.471 T:9742 INFO: Initialize tvid=1233430264130200, boss_status=0, is_pure_audio_movie=0,amp4_need_auth=1,dash_cost=(v-4,drmcdn-30,disp-10)
06-10 19:31:46.471 9377 9742 I CLog : 2025-06-10 19:31:46.471 T:9742 INFO: IsSupportedChinaDrmV5:supported=1
06-10 19:31:46.472 9377 9742 I CLog : 2025-06-10 19:31:46.472 T:9742 INFO: IsChinaDrmV5Ready:ctx_st=1
06-10 19:31:46.472 9377 9742 I CLog : 2025-06-10 19:31:46.472 T:9742 INFO: InitializeVideo tvid=1233430264130200, vid=61f34eb91102db7f794ca23427c5644d, fileformat=ts, video_size=1222863672, duration=2746000(ms), rate=445325(B/S),bid=800, fr=25, br_level=100, play_file_type=h265-ts, mver=100, lid=1, hdr_type=sdr, drm_type=DRMQ,has_selected=0,is_vip_bitstream_=0,source=0,mv=0,drm_verision=3.1.0,suike_trailer=-1
06-10 19:31:46.472 9377 9742 I CLog : 2025-06-10 19:31:46.472 T:9742 INFO: InitializeVideo has_selected=1,scrsz=1920x800
06-10 19:31:46.474 9377 9742 I CLog : 2025-06-10 19:31:46.472 T:9742 DEBUG: CacheDataInfo::Release begin.
06-10 19:31:46.474 9377 9742 I CLog : 2025-06-10 19:31:46.474 T:9742 DEBUG: CacheDataInfo::Release end.
06-10 19:31:46.474 9377 9742 I CLog : 2025-06-10 19:31:46.474 T:9742 INFO: IsSupportedChinaDrmV5:supported=1
06-10 19:31:46.474 9377 9742 I CLog : 2025-06-10 19:31:46.474 T:9742 INFO: IsChinaDrmV5Ready:ctx_st=1
06-10 19:31:46.474 9377 9742 I CLog : 2025-06-10 19:31:46.474 T:9742 INFO: InitializeVideo has select, and file type is ts, sink m3u8.
06-10 19:31:46.474 9377 9742 I CLog : 2025-06-10 19:31:46.474 T:9742 INFO: ParseTsNewProcessInfo small_ts_play_info info=(is_big_segment_info=0,index=50,file_offset=0,filesize=596336,segment_num=695,time_offset=198760)
06-10 19:31:46.474 9377 9742 I CLog : 2025-06-10 19:31:46.474 T:9742 INFO: ParseTsNewProcessInfo small_ts_play_info segment_url=
06-10 19:31:46.474 9377 9742 I CLog : 2025-06-10 19:31:46.474 T:9742 INFO: OPLL:http://data.video.ptqy.gitv.tv/videos/vts/20250605/ce/07/a0ac70e3dc1096ca2aa4058e4c48dcb4.ts?start=43006128&end=43602464&contentlength=596336&sd=198760&qdv=3&qd_uid=1057382444771596&qd_vip=1&qd_vipres
06-10 19:31:46.474 9377 9742 I CLog : 2025-06-10 19:31:46.474 T:9742 INFO: OPLL:=0&qd_did=tv_cc46bef63fc2ad8d49126ac32881e261_1749550814769_3644146642&qd_src=14025032401000000000&qd_tm=1749555106390&qd_p=7157527c&qd_k=6427f2ffdd26a894f13a6ae380270a5c&qd_index=vod&qd_tvid=12334302
06-10 19:31:46.474 9377 9742 I CLog : 2025-06-10 19:31:46.474 T:9742 INFO: OPLL:64130200&dis_hbr=4&bid=600&fr=25&br=100&vcodec=1&cpt=0&cid=2&qd_sc=d4962e4e5d9134bdf190ef35c211f07a
06-10 19:31:46.474 9377 9742 I CLog : 2025-06-10 19:31:46.474 T:9742 INFO: ParseTsNewProcessInfo big_ts_play_info info=(is_big_segment_info=1,index=0,file_offset=43006128,filesize=74371672,segment_num=7,time_offset=0)
06-10 19:31:46.474 9377 9742 I CLog : 2025-06-10 19:31:46.474 T:9742 INFO: ParseTsNewProcessInfo big_ts_play_info segment_url=http://data.video.ptqy.gitv.tv/videos/vts/20250605/ce/07/a0ac70e3dc1096ca2aa4058e4c48dcb4.ts?qdv=3&qd_uid=1057382444771596&qd_vip=1&qd_vipres=0&qd_did=tv_cc46bef63fc2ad8d49126ac32881e261_1749550814769_3644146642&qd_src=14025032401000000000&qd_tm=1749555106390&qd_p=7157527c&qd_k=6427f2ffdd26a894f13a6ae380270a5c&qd_index=vod&qd_tvid=1233430264130200&dis_hbr=4&bid=600&fr=25&br=100&vcodec=1&cpt=0&cid=2&qd_sc=d4962e4e5d9134bdf190ef35c211f07a
06-10 19:31:46.474 9377 9742 I CLog : 2025-06-10 19:31:46.474 T:9742 INFO: ParseSpeedSegments uproxy=-1, httpsock=-1
06-10 19:31:46.474 9377 9742 I CLog : 2025-06-10 19:31:46.474 T:9742 INFO: InitializeVideo tvid=1233430264130200, vid=e9338e6ec419bc3c6004fc518a1b2656, fileformat=ts, video_size=435943424, duration=2746000(ms), rate=158755(B/S),bid=600, fr=25, br_level=100, play_file_type=h265-ts, mver=100, lid=1, hdr_type=sdr, drm_type=DRMQ,has_selected=1,is_vip_bitstream_=0,source=0,mv=0,drm_verision=3.1.0,suike_trailer=-1
06-10 19:31:46.474 9377 9742 I CLog : 2025-06-10 19:31:46.474 T:9742 INFO: IsSupportedChinaDrmV5:supported=1
06-10 19:31:46.474 9377 9742 I CLog : 2025-06-10 19:31:46.474 T:9742 INFO: IsChinaDrmV5Ready:ctx_st=1
06-10 19:31:46.474 9377 9742 I CLog : 2025-06-10 19:31:46.474 T:9742 INFO: InitializeVideo tvid=1233430264130200, vid=ef64f4e2ddfcd646be264d35404af89d, fileformat=ts, video_size=670174128, duration=2746000(ms), rate=244054(B/S),bid=600, fr=25, br_level=100, play_file_type=h264-ts, mver=100, lid=1, hdr_type=sdr, drm_type=DRMQ,has_selected=0,is_vip_bitstream_=0,source=0,mv=0,drm_verision=3.1.0,suike_trailer=-1
06-10 19:31:46.475 9377 9742 I CLog : 2025-06-10 19:31:46.475 T:9742 INFO: IsSupportedChinaDrmV5:supported=1
06-10 19:31:46.475 9377 9742 I CLog : 2025-06-10 19:31:46.475 T:9742 INFO: IsChinaDrmV5Ready:ctx_st=1
06-10 19:31:46.475 9377 9742 I CLog : 2025-06-10 19:31:46.475 T:9742 INFO: InitializeVideo tvid=1233430264130200, vid=2559cb2f2f62fbad861420c515c88719, fileformat=ts, video_size=1356789420, duration=2745000(ms), rate=494276(B/S),bid=800, fr=25, br_level=100, play_file_type=h265-ts, mver=100, lid=1, hdr_type=hdr10, origin_hdr_type_=cuva-hdr10,drm_type=DRMQ,has_selected=0,is_vip_bitstream_=0,source=0,mv=0,drm_verision=3.1.0,suike_trailer=-1
06-10 19:31:46.475 9377 9742 I CLog : 2025-06-10 19:31:46.475 T:9742 INFO: GetHDRCapability:hdr(100),live(0),cfg_st(3),find(4-4)
06-10 19:31:46.475 9377 9742 I CLog : 2025-06-10 19:31:46.475 T:9742 INFO: IsSupportedChinaDrmV5:supported=1
06-10 19:31:46.475 9377 9742 I CLog : 2025-06-10 19:31:46.475 T:9742 INFO: IsChinaDrmV5Ready:ctx_st=1
06-10 19:31:46.475 9377 9742 I CLog : 2025-06-10 19:31:46.475 T:9742 INFO: InitializeVideo tvid=1233430264130200, vid=541e9b7cce32f6cca99b3eb946595e1c, fileformat=ts, video_size=189635036, duration=2746000(ms), rate=69058(B/S),bid=300, fr=25, br_level=100, play_file_type=h264-ts, mver=100, lid=1, hdr_type=sdr, drm_type=DRMQ,has_selected=0,is_vip_bitstream_=0,source=0,mv=0,drm_verision=3.1.0,suike_trailer=-1
06-10 19:31:46.475 9377 9742 I CLog : 2025-06-10 19:31:46.475 T:9742 INFO: IsSupportedChinaDrmV5:supported=1
06-10 19:31:46.475 9377 9742 I CLog : 2025-06-10 19:31:46.475 T:9742 INFO: IsChinaDrmV5Ready:ctx_st=1
06-10 19:31:46.475 9377 9742 I CLog : 2025-06-10 19:31:46.475 T:9742 INFO: InitializeVideo tvid=1233430264130200, vid=bfce696b9e67a5a781459ee7159c50ef, fileformat=ts, video_size=167638848, duration=2746000(ms), rate=61048(B/S),bid=300, fr=25, br_level=100, play_file_type=h265-ts, mver=100, lid=1, hdr_type=sdr, drm_type=DRMQ,has_selected=0,is_vip_bitstream_=0,source=0,mv=0,drm_verision=3.1.0,suike_trailer=-1
06-10 19:31:46.475 9377 9742 I CLog : 2025-06-10 19:31:46.475 T:9742 INFO: IsSupportedChinaDrmV5:supported=1
06-10 19:31:46.475 9377 9742 I CLog : 2025-06-10 19:31:46.475 T:9742 INFO: IsChinaDrmV5Ready:ctx_st=1
06-10 19:31:46.475 9377 9742 I CLog : 2025-06-10 19:31:46.475 T:9742 INFO: InitializeVideo tvid=1233430264130200, vid=9df330f5c9eb2faa0009721cf2ce98be, fileformat=ts, video_size=393539272, duration=2746000(ms), rate=143313(B/S),bid=500, fr=25, br_level=100, play_file_type=h264-ts, mver=100, lid=1, hdr_type=sdr, drm_type=DRMQ,has_selected=0,is_vip_bitstream_=0,source=0,mv=0,drm_verision=3.1.0,suike_trailer=-1
06-10 19:31:46.475 9377 9742 I CLog : 2025-06-10 19:31:46.475 T:9742 INFO: IsSupportedChinaDrmV5:supported=1
06-10 19:31:46.475 9377 9742 I CLog : 2025-06-10 19:31:46.475 T:9742 INFO: IsChinaDrmV5Ready:ctx_st=1
06-10 19:31:46.475 9377 9742 I CLog : 2025-06-10 19:31:46.475 T:9742 INFO: InitializeVideo tvid=1233430264130200, vid=44d52b25eacf0f685cb7e7ca50a28fe7, fileformat=ts, video_size=289175020, duration=2746000(ms), rate=105307(B/S),bid=500, fr=25, br_level=100, play_file_type=h265-ts, mver=100, lid=1, hdr_type=sdr, drm_type=DRMQ,has_selected=0,is_vip_bitstream_=0,source=0,mv=0,drm_verision=3.1.0,suike_trailer=-1
06-10 19:31:46.475 9377 9742 I CLog : 2025-06-10 19:31:46.475 T:9742 INFO: InitializeAudio tvid=1233430264130200,aid=6aba83a5d4b748baab1ed35ae5f3fe2d,filesize=0,duration=0(S),rate=0(B/S),is_pure_audio_movie=0,lang=1,type=2,channel_type=1,mver=100,play_file_type=amp4,abid=100,application_type=0,has_selected=0,source=,segment size=0,amp4_need_auth=1
06-10 19:31:46.475 9377 9742 I CLog : 2025-06-10 19:31:46.475 T:9742 INFO: Movie::Initialize get audio data bitstream=100
06-10 19:31:46.475 9377 9742 I CLog : 2025-06-10 19:31:46.475 T:9742 INFO: ParseAudioTrialListenInfo aid=fa92a069c35b40c38bf0af1f47901a12, audio_endtime_=360000(ms), vip_types=[5,8,10,54,57],unit_type=-1, s state=0
06-10 19:31:46.475 9377 9742 I CLog : 2025-06-10 19:31:46.475 T:9742 INFO: InitializeAudio tvid=1233430264130200,aid=fa92a069c35b40c38bf0af1f47901a12,filesize=0,duration=0(S),rate=0(B/S),is_pure_audio_movie=0,lang=1,type=1,channel_type=4,mver=100,play_file_type=amp4,abid=500,application_type=0,has_selected=0,source=,segment size=0,amp4_need_auth=1
06-10 19:31:46.475 9377 9742 I CLog : 2025-06-10 19:31:46.475 T:9742 INFO: Movie::Initialize get audio data bitstream=500
06-10 19:31:46.476 9377 9742 I CLog : 2025-06-10 19:31:46.476 T:9742 DEBUG: SubtitleData51539607569
06-10 19:31:46.476 9377 9742 I CLog : 2025-06-10 19:31:46.476 T:9742 DEBUG: ~SubtitleData55834574865
06-10 19:31:46.476 9377 9742 I CLog : 2025-06-10 19:31:46.476 T:9742 INFO: AddSubtitleData, Add new version 100
06-10 19:31:46.476 9377 9742 I CLog : 2025-06-10 19:31:46.476 T:9742 INFO: ParseSubtitles,no subtitle,has_stl_node(0),need_parse_stl_node(1)
06-10 19:31:46.476 9377 9742 I CLog : 2025-06-10 19:31:46.476 T:9742 INFO: ParseTitleAndTrailerInfo title(11000,98000,0,1),trailer(2594000,-1,0,1),is_first=1,is_last=0,tvid=1233430264130200
06-10 19:31:46.476 9377 9742 I CLog : 2025-06-10 19:31:46.476 T:9742 DEBUG: ParseTASegments ta_id=236210805, start_point=98000, end_point=686000
06-10 19:31:46.476 9377 9742 I CLog : 2025-06-10 19:31:46.476 T:9742 DEBUG: ParseTASegments ta_id=236210805, start_point=733000, end_point=770000
06-10 19:31:46.476 9377 9742 I CLog : 2025-06-10 19:31:46.476 T:9742 DEBUG: ParseTASegments ta_id=236210805, start_point=824000, end_point=2034000
06-10 19:31:46.476 9377 9742 I CLog : 2025-06-10 19:31:46.476 T:9742 DEBUG: ParseTASegments ta_id=236210805, start_point=2103000, end_point=2594000
06-10 19:31:46.476 9377 9742 I CLog : 2025-06-10 19:31:46.476 T:9742 DEBUG: ParseTASegments ta_id=231727605, start_point=98000, end_point=113000
06-10 19:31:46.476 9377 9742 I CLog : 2025-06-10 19:31:46.476 T:9742 DEBUG: ParseTASegments ta_id=231727605, start_point=352000, end_point=370000
06-10 19:31:46.476 9377 9742 I CLog : 2025-06-10 19:31:46.476 T:9742 DEBUG: ParseTASegments ta_id=231727605, start_point=869000, end_point=1178000
06-10 19:31:46.476 9377 9742 I CLog : 2025-06-10 19:31:46.476 T:9742 DEBUG: ParseTASegments ta_id=231727605, start_point=1322000, end_point=1802000
06-10 19:31:46.476 9377 9742 I CLog : 2025-06-10 19:31:46.476 T:9742 DEBUG: ParseTASegments ta_id=231727605, start_point=1870000, end_point=2040000
06-10 19:31:46.476 9377 9742 I CLog : 2025-06-10 19:31:46.476 T:9742 DEBUG: ParseTASegments ta_id=231727605, start_point=2132000, end_point=2144000
06-10 19:31:46.477 9377 9742 I CLog : 2025-06-10 19:31:46.477 T:9742 DEBUG: ParseTASegments ta_id=231727605, start_point=2307000, end_point=2333000
06-10 19:31:46.477 9377 9742 I CLog : 2025-06-10 19:31:46.477 T:9742 DEBUG: ParseTASegments ta_id=7669206857778105, start_point=155000, end_point=399000
06-10 19:31:46.477 9377 9742 I CLog : 2025-06-10 19:31:46.477 T:9742 DEBUG: ParseTASegments ta_id=7669206857778105, start_point=1185000, end_point=1267000
06-10 19:31:46.477 9377 9742 I CLog : 2025-06-10 19:31:46.477 T:9742 DEBUG: ParseTASegments ta_id=7669206857778105, start_point=1604000, end_point=1633000
06-10 19:31:46.477 9377 9742 I CLog : 2025-06-10 19:31:46.477 T:9742 DEBUG: ParseTASegments ta_id=7669206857778105, start_point=1829000, end_point=1849000
06-10 19:31:46.477 9377 9742 I CLog : 2025-06-10 19:31:46.477 T:9742 DEBUG: ParseTASegments ta_id=7669206857778105, start_point=2154000, end_point=2200000
06-10 19:31:46.477 9377 9742 I CLog : 2025-06-10 19:31:46.477 T:9742 DEBUG: ParseTASegments ta_id=7669206857778105, start_point=2300000, end_point=2329000
06-10 19:31:46.477 9377 9742 I CLog : 2025-06-10 19:31:46.477 T:9742 DEBUG: ParseTASegments ta_id=7669206857778105, start_point=2476000, end_point=2500000
06-10 19:31:46.477 9377 9742 I CLog : 2025-06-10 19:31:46.477 T:9742 DEBUG: ParseTASegments ta_id=242894005, start_point=182000, end_point=197000
06-10 19:31:46.477 9377 9742 I CLog : 2025-06-10 19:31:46.477 T:9742 DEBUG: ParseTASegments ta_id=242894005, start_point=599000, end_point=679000
06-10 19:31:46.477 9377 9742 I CLog : 2025-06-10 19:31:46.477 T:9742 DEBUG: ParseTASegments ta_id=242894005, start_point=2051000, end_point=2086000
06-10 19:31:46.477 9377 9742 I CLog : 2025-06-10 19:31:46.477 T:9742 DEBUG: ParseTASegments ta_id=242894005, start_point=2220000, end_point=2476000
06-10 19:31:46.477 9377 9742 I CLog : 2025-06-10 19:31:46.477 T:9742 DEBUG: ParseTASegments ta_id=242894005, start_point=2530000, end_point=2555000
06-10 19:31:46.477 9377 9742 I CLog : 2025-06-10 19:31:46.477 T:9742 DEBUG: ParseTASegments ta_id=215046005, start_point=2051000, end_point=2098000
06-10 19:31:46.477 9377 9742 I CLog : 2025-06-10 19:31:46.477 T:9742 DEBUG: ParseTASegments ta_id=215046005, start_point=2235000, end_point=2283000
06-10 19:31:46.477 9377 9742 I CLog : 2025-06-10 19:31:46.477 T:9742 DEBUG: ParseTASegments ta_id=215046005, start_point=2341000, end_point=2457000
06-10 19:31:46.477 9377 9742 I CLog : 2025-06-10 19:31:46.477 T:9742 DEBUG: ParseTASegments ta_id=215046005, start_point=2525000, end_point=2551000
06-10 19:31:46.477 9377 9742 I CLog : 2025-06-10 19:31:46.477 T:9742 DEBUG: ParseTASegments ta_id=214753205, start_point=2337000, end_point=2465000
06-10 19:31:46.477 9377 9742 I CLog : 2025-06-10 19:31:46.477 T:9742 DEBUG: ParseTASegments ta_id=236826005, start_point=461000, end_point=581000
06-10 19:31:46.477 9377 9742 I CLog : 2025-06-10 19:31:46.477 T:9742 DEBUG: ParseTASegments ta_id=236826005, start_point=1806000, end_point=1859000
06-10 19:31:46.477 9377 9742 I CLog : 2025-06-10 19:31:46.477 T:9742 DEBUG: ParseTASegments ta_id=236826005, start_point=2125000, end_point=2138000
06-10 19:31:46.477 9377 9742 I CLog : 2025-06-10 19:31:46.477 T:9742 DEBUG: ParseTASegments ta_id=236826005, start_point=2337000, end_point=2464000
06-10 19:31:46.477 9377 9742 I CLog : 2025-06-10 19:31:46.477 T:9742 DEBUG: ParseTASegments ta_id=229060305, start_point=2337000, end_point=2476000
06-10 19:31:46.477 9377 9742 I CLog : 2025-06-10 19:31:46.477 T:9742 INFO: Movie::InitMovie video_audio_max_duration_gap=0
06-10 19:31:46.477 9377 9742 I CLog : 2025-06-10 19:31:46.477 T:9742 INFO: SetCurrentBitStream suc bid=600,ft=1,hdr=-1,fr=25,br=100,dur=2746000,trai(2594000--1,1),mver=100,vid=e9338e6ec419bc3c6004fc518a1b2656
06-10 19:31:46.478 9377 9742 I CLog : 2025-06-10 19:31:46.478 T:9742 INFO: SetCurrentAudioTrack:default_audiotrack((lang=1,type=0,channel_type=1,abid=0,file_type=-1,mver=100)),soure=0
06-10 19:31:46.478 9377 9742 I CLog : 2025-06-10 19:31:46.478 T:9742 DEBUG: GetCurrentDefinition bs=600, have 8 defs, ret=0xe98332b0
06-10 19:31:46.479 9377 9742 I CLog : 2025-06-10 19:31:46.478 T:9742 INFO: Movie::CheckStreamsData video_audio_max_duration_gap=0
06-10 19:31:46.479 9377 9742 I CLog : 2025-06-10 19:31:46.479 T:9742 DEBUG: BuildMovie Success
06-10 19:31:46.479 9377 9742 I CLog : 2025-06-10 19:31:46.479 T:9742 DEBUG: BuildMovie end
06-10 19:31:46.480 9377 9742 I CLog : 2025-06-10 19:31:46.480 T:9742 DEBUG: OnRequestSuccess BuildMovie end
06-10 19:31:46.480 9377 9742 I CLog : 2025-06-10 19:31:46.480 T:9742 DEBUG: GetCurrentDefinition bs=600, have 8 defs, ret=0xe98332b0
06-10 19:31:46.480 9377 9742 I CLog : 2025-06-10 19:31:46.480 T:9742 DEBUG: GetCurrentDefinition bs=600, have 8 defs, ret=0xe98332b0
06-10 19:31:46.480 9377 9742 I CLog : 2025-06-10 19:31:46.480 T:9742 DEBUG: GetCurrentDefinition bs=600, have 8 defs, ret=0xe98332b0
06-10 19:31:46.480 9377 9742 I CLog : 2025-06-10 19:31:46.480 T:9742 DEBUG: GetCurrentDefinition bs=600, have 8 defs, ret=0xe98332b0
06-10 19:31:46.480 9377 9742 I CLog : 2025-06-10 19:31:46.480 T:9742 DEBUG: OnRequestSuccess, DISPATCHER_SERVER_LOCATION:baiducdn_ct
06-10 19:31:46.480 9377 9742 I CLog : 2025-06-10 19:31:46.480 T:9742 DEBUG: GetCurrentDefinition bs=600, have 8 defs, ret=0xe98332b0
06-10 19:31:46.480 9377 9742 I CLog : 2025-06-10 19:31:46.480 T:9742 DEBUG: GetCurrentDefinition bs=600, have 8 defs, ret=0xe98332b0
06-10 19:31:46.480 9377 9742 I CLog : 2025-06-10 19:31:46.480 T:9742 DEBUG: OnRequestSuccess this :e982fb60
06-10 19:31:46.481 9377 9766 I CLog : 2025-06-10 19:31:46.481 T:9766 INFO: VD::ProcessMessage tvid(1233430264130200),is_ok(1),cur_request_type(1),next_request_type(-1),puma_retry_type(0)
06-10 19:31:46.481 9377 9766 I CLog : 2025-06-10 19:31:46.481 T:9766 DEBUG: OnVDSuccess
06-10 19:31:46.481 9377 9766 I CLog : 2025-06-10 19:31:46.481 T:9766 DEBUG: GetCurrentDefinition bs=600, have 8 defs, ret=0xe98332b0
06-10 19:31:46.481 9377 9766 I CLog : 2025-06-10 19:31:46.481 T:9766 INFO: MovieModel::OnVDSuccess, sink m3u8! request m3u8 data parallel.
06-10 19:31:46.481 9377 9766 I CLog : 2025-06-10 19:31:46.481 T:9766 INFO: MovieModel::DoVDPrepared
06-10 19:31:46.481 9377 9766 I CLog : 2025-06-10 19:31:46.481 T:9766 DEBUG: GetCurrentDefinition bs=600, have 8 defs, ret=0xe98332b0
06-10 19:31:46.481 9377 9766 I CLog : 2025-06-10 19:31:46.481 T:9766 DEBUG: GetCurrentDefinition bs=600, have 8 defs, ret=0xe98332b0
06-10 19:31:46.481 9377 9766 I CLog : 2025-06-10 19:31:46.481 T:9766 DEBUG: GetCurrentDefinition bs=600, have 8 defs, ret=0xe98332b0
06-10 19:31:46.481 9377 16464 I CLog : 2025-06-10 19:31:46.481 T:16464 INFO: DoCompleteMovieModelBuild:0xb8790310, 0xa5991ff0
06-10 19:31:46.481 9377 16464 I CLog : 2025-06-10 19:31:46.481 T:16464 DEBUG: GetCurrentDefinition bs=600, have 8 defs, ret=0xe98332b0
06-10 19:31:46.481 9377 16464 I CLog : 2025-06-10 19:31:46.481 T:16464 DEBUG: GetCurrentDefinition bs=600, have 8 defs, ret=0xe98332b0
06-10 19:31:46.481 9377 16464 I CLog : 2025-06-10 19:31:46.481 T:16464 DEBUG: GetCurrentDefinition bs=600, have 8 defs, ret=0xe98332b0
06-10 19:31:46.481 9377 16464 I CLog : 2025-06-10 19:31:46.481 T:16464 INFO: GetRealEndTimeByDefinition:end_time=2746000
06-10 19:31:46.481 9377 16464 I CLog : 2025-06-10 19:31:46.481 T:16464 INFO: GetRealEndTime:end_time=2746000
06-10 19:31:46.481 9377 16464 I CLog : 2025-06-10 19:31:46.481 T:16464 DEBUG: GetCurrentDefinition bs=600, have 8 defs, ret=0xe98332b0
06-10 19:31:46.481 9377 16464 I CLog : 2025-06-10 19:31:46.481 T:16464 INFO: GetRealEndTimeByDefinition:end_time=2746000
06-10 19:31:46.481 9377 16464 I CLog : 2025-06-10 19:31:46.481 T:16464 INFO: GetRealEndTime:end_time=2746000
06-10 19:31:46.481 9377 16464 I CLog : 2025-06-10 19:31:46.481 T:16464 INFO: [393216]OnVVEvent, VV_EVENT_INFO_UPDATE, {"vv_duration":2746000}
06-10 19:31:46.481 9377 16464 I CLog : 2025-06-10 19:31:46.481 T:16464 INFO: DoCompleteMovieModelBuild:0xb8790310 start:203056, end:2746000
06-10 19:31:46.481 9377 16464 I CLog : 2025-06-10 19:31:46.481 T:16464 INFO: CopyrightPlayerManager::Initialize, 0xf16fbd10
06-10 19:31:46.481 9377 16464 I CLog : 2025-06-10 19:31:46.481 T:16464 INFO: SetCopyright: copyright can't play, reason:not find url
06-10 19:31:46.481 9377 16464 I CLog : 2025-06-10 19:31:46.481 T:16464 INFO: SetMovieEndTime 2746000
06-10 19:31:46.481 9377 16464 I CLog : 2025-06-10 19:31:46.481 T:16464 INFO: [393216]OnVVEvent, VV_EVENT_INFO_UPDATE, {"vv_duration":2746000}
06-10 19:31:46.481 9377 16464 I CLog : 2025-06-10 19:31:46.481 T:16464 INFO: InitTitleAndTail:(11000,98000),enable_skip(1),skip_play(0)
06-10 19:31:46.481 9377 16464 I CLog : 2025-06-10 19:31:46.481 T:16464 INFO: SetMovieStreamChanged, 600
06-10 19:31:46.481 9377 16464 I CLog : 2025-06-10 19:31:46.481 T:16464 INFO: RM_RE::5,PLAYER_CMD_SETVIDEOINFO source_type:1, pano_type:1, vr_model:-1, gammato22:0
06-10 19:31:46.481 9377 16464 I CLog : 2025-06-10 19:31:46.481 T:16464 INFO: SetVideoInfo to render, cmd_params={"3d_source_type" : 1, "vr_source_type" : 1, "vr_render_type" : -1,"play_source":1,"cse":"","csp":"","cswp":""}
06-10 19:31:46.481 9377 16464 I CLog : 2025-06-10 19:31:46.481 T:16464 DEBUG: OnPrepared, current_movie_model, 0xa5991ff0, current_play_model, 0xb8790310
06-10 19:31:46.482 9377 16464 I CLog : 2025-06-10 19:31:46.481 T:16464 INFO: ABS Stop begin
06-10 19:31:46.482 9377 16464 I CLog : 2025-06-10 19:31:46.482 T:16464 DEBUG: MessageCenter::RemoveMsgBySenderID(sender_id:146)
06-10 19:31:46.483 9377 9766 I CLog : 2025-06-10 19:31:46.481 T:9766 DEBUG: GetCurrentDefinition bs=600, have 8 defs, ret=0xe98332b0
06-10 19:31:46.483 9377 9766 I CLog : 2025-06-10 19:31:46.483 T:9766 DEBUG: GetCurrentDefinition bs=600, have 8 defs, ret=0xe98332b0
06-10 19:31:46.484 9377 9742 I CLog : 2025-06-10 19:31:46.483 T:9742 DEBUG: qtp-load(97): CheckLoadComplete exit
06-10 19:31:46.486 9377 16464 I CLog : 2025-06-10 19:31:46.483 T:16464 INFO: ABS Start begin
06-10 19:31:46.486 9377 16464 I CLog : 2025-06-10 19:31:46.486 T:16464 INFO: IMctoPlayerHandlerProxy::OnPrepared:2203674,2203674
06-10 19:31:46.486 9377 16464 I UNIPLAYERSDK: PumaPlayerListener.cpp:50 OnPrepared
06-10 19:31:46.486 9377 16464 W UNIPLAYERSDK: PumaPlayerListener.cpp:64 OnPrepared(), softDecodeDef : -1, softDecodeafterStart : -1, retrybitstream : 0, softDecodeRetryerror : 0 ,nextvideoe : 0
06-10 19:31:46.486 9377 16464 I CLog : 2025-06-10 19:31:46.486 T:16464 INFO: StartLoadMovieData:0xb8790310, vd:1, ad:1
06-10 19:31:46.486 9377 16464 I CLog : 2025-06-10 19:31:46.486 T:16464 INFO: CopyrightPlayerManager::StartLoad, 0xf16fbd10
06-10 19:31:46.486 9377 16464 I CLog : 2025-06-10 19:31:46.486 T:16464 DEBUG: GetCurrentDefinition bs=600, have 8 defs, ret=0xe98332b0
06-10 19:31:46.486 9377 16464 I CLog : 2025-06-10 19:31:46.486 T:16464 DEBUG: GetCurrentDefinition bs=600, have 8 defs, ret=0xe98332b0
06-10 19:31:46.486 9377 16464 I CLog : 2025-06-10 19:31:46.486 T:16464 INFO: GetRealEndTimeByDefinition:end_time=2746000
06-10 19:31:46.486 9377 16464 I CLog : 2025-06-10 19:31:46.486 T:16464 INFO: GetRealEndTime:end_time=2746000
06-10 19:31:46.486 9377 16464 I CLog : 2025-06-10 19:31:46.486 T:16464 DEBUG: GetCurrentDefinition bs=600, have 8 defs, ret=0xe98332b0
06-10 19:31:46.486 9377 16464 I CLog : 2025-06-10 19:31:46.486 T:16464 INFO: GetRealEndTimeByDefinition:end_time=2746000
06-10 19:31:46.486 9377 16464 I CLog : 2025-06-10 19:31:46.486 T:16464 INFO: GetRealEndTime:end_time=2746000
06-10 19:31:46.486 9377 16464 I CLog : 2025-06-10 19:31:46.486 T:16464 DEBUG: GetCurrentDefinition bs=600, have 8 defs, ret=0xe98332b0
06-10 19:31:46.486 9377 16464 I CLog : 2025-06-10 19:31:46.486 T:16464 INFO: GetVideoDecoderConfigInner:app config(600|-1|1,4)
06-10 19:31:46.486 9377 16464 I CLog : 2025-06-10 19:31:46.486 T:16464 INFO: GetVideoDecoderConfigInner:ret(4,0)
06-10 19:31:46.486 9377 16464 I CLog : 2025-06-10 19:31:46.486 T:16464 INFO: GetVideoDecoderConfig(bs=600,hdr=-1,fr=25,file_type=1,pano=1,default=0) return decoder 4
06-10 19:31:46.486 9377 16464 E p2pfile : HCDN_LOG: [T:16464][HFATAL]:[f:SetParam],[l:2728],[Task(0), key(pause_for_ad), value(0)]
06-10 19:31:46.488 9377 9465 V UNIPLAYERSDK: PerformaceStepInfo.cpp:312 doRecord 36 3218146 0
06-10 19:31:46.489 9377 9461 I UNIPLAYERSDK: MediaPlayerAdaptor.cpp:297 [PumaPlayerAdaptor@0xea486d24]doHandleMessage(KMSG_ADAPTOR_SAVEORIGINPLAYERINFO, arg1:-111, arg2:-111)
06-10 19:31:46.489 9377 9461 I UNIPLAYERSDK: PumaPlayer.cpp:972 [PumaPlayer@0xf137459c]GetVideoInfo()
06-10 19:31:46.489 9377 9461 I UNIPLAYERSDK: PumaPlayer.cpp:990 [PumaPlayer@0xf137459c]GetMovieJson() 0xa59b7440
06-10 19:31:46.489 9377 9461 I UNIPLAYERSDK: PumaPlayer.cpp:997 [PumaPlayer@0xf137459c]GetAudioTracks()
06-10 19:31:46.489 9377 9762 I CLog : 2025-06-10 19:31:46.484 T:9762 DEBUG: CheckAndRegisterEventID, 6427f2ffdd26a894f13a6ae380270a5c
06-10 19:31:46.489 9377 9461 I CLog : 2025-06-10 19:31:46.489 T:9461 DEBUG: GetCurrentDefinition bs=600, have 8 defs, ret=0xe98332b0
06-10 19:31:46.489 9377 9762 I CLog : 2025-06-10 19:31:46.489 T:9762 INFO: qtp-load(98) - Load, https://msg.ptqy.gitv.tv/core?t=11&ct=171227_mcto&ptid=14025032401000000000&pf=3&c1=&c2=&lvbck=&r=1233430264130200&aid=1233430264130200&u=tv_cc46bef63fc2ad8d49126ac32881e261_1749550814769_3644146642&pu=1057382444771596&os=android_034-01-01&v=2.1403.1.250523&krv=5.1.0202&krvb=15549&hcdnv=10.2.3.5212&lnv=&mdlm=&ra1=1&ra2=-1&ra3=600&ra4=25&ra5=100&ra6=0&va=-1&as=40ac7f1642a161c04065593fb7966e87&ve=6427f2ffdd26a894f13a6ae380270a5c&islocal=0&ht=0&tpcd=&tpad=-1&drm_t=4&abr_t=0&abr_m=0&abr_at=&abr_p=0_0&drm_v=3.1.0&chipid=amlogic&mod=&nettype=11&ua_model=DBBOX-A3&rn=1749555106483&stime=1749555106483&vdurt=2746000&krus=tv_android_player&vpt=5_57_60&p1=0&p2=0&pdc_src=-1&a_ra=&a_va=&prtype=0&smallplyrtp=&hwnp=&netmod=1&play_src=&mpi=&bsn_t=1&htp_s=2&htp_e=2&htps_s=1&htps_e=&htpdns_s=1&htpdns_e=&cc_s=1&cc_e=&repl_s=&repl_e=
06-10 19:31:46.489 9377 9461 I CLog : 2025-06-10 19:31:46.489 T:9461 DEBUG: GetAllAvailableAudioTracks lang=1, type=2, channel_type=1,application_type=0
06-10 19:31:46.489 9377 9461 I CLog : 2025-06-10 19:31:46.489 T:9461 DEBUG: GetAllAvailableAudioTracks lang=1, type=1, channel_type=4,application_type=0
06-10 19:31:46.489 9377 9762 I CLog : 2025-06-10 19:31:46.489 T:9762 DEBUG: enter
06-10 19:31:46.489 9377 9785 E hcdn_downloadengine: HCDN_LOG: [T:9785][HINFO]:[f:OnRecvSetParam],[l:2939], task_id : 0,SetParam : pause_for_ad,0
06-10 19:31:46.489 9377 9461 I CLog : 2025-06-10 19:31:46.489 T:9461 DEBUG: GetAllAvailableAudioTracks lang=1, type=0, channel_type=1,application_type=0
06-10 19:31:46.489 9377 9461 I UNIPLAYERSDK: PumaPlayer.cpp:978 [PumaPlayer@0xf137459c]GetCurrentBitStream()
06-10 19:31:46.489 9377 9461 I UNIPLAYERSDK: PumaPlayer.cpp:984 [PumaPlayer@0xf137459c]GetCurrentAudioTrack()
06-10 19:31:46.489 9377 9762 W q_h_c_s : HCDN_LOG: [T:9762]MethodLog:1333,QTP SyncGet (reid: 75440427, url: https://msg.ptqy.gitv.tv/core?t=11&ct=171227_mcto&ptid=14025032401000000000&pf=3&c1=&c2=&lvbck=&r=1233430264130200&aid=1233430264130200&u=tv_cc46bef63fc2ad8d49126ac32881e261_1749550814769_3644146642&pu=1057382444771596&os=android_034-01-01&v=2.1403.1.250523&krv=5.1.0202&krvb=15549&hcdnv=10.2.3.5212&lnv=&mdlm=&ra1=1&ra2=-1&ra3=600&ra4=25&ra5=100&ra6=0&va=-1&as=40ac7f1642a161c04065593fb7966e87&ve=6427f2ffdd26a894f13a6ae380270a5c&islocal=0&ht=0&tpcd=&tpad=-1&drm_t=4&abr_t=0&abr_m=0&abr_at=&abr_p=0_0&drm_v=3.1.0&chipid=amlogic&mod=&nettype=11&ua_model=DBBOX-A3&rn=1749555106483&stime=1749555106483&vdurt=2746000&krus=tv_android_player&vpt=5_57_60&p1=0&p2=0&pdc_src=-1&a_ra=&a_va=&prtype=0&smallplyrtp=&hwnp=&netmod=1&play_src=&mpi=&bsn_t=1&htp_s=2&htp_e=2&htps_s=1&htps_e=&htpdns_s=1&htpdns_e=&cc_s=1&cc_e=&repl_s=&repl_e=, connect: 5001, read: 3000, strict: 0, qtp: 1, module: 3001)
06-10 19:31:46.489 9377 16464 I CLog : 2025-06-10 19:31:46.489 T:16464 INFO: CHCDNControl::LimitGlobalSpeed IsLimit=0
06-10 19:31:46.489 9377 16464 I CLog : 2025-06-10 19:31:46.489 T:16464 INFO: CreateMvvPlayer, not define GLOBAL_MODULE_MULTI_VIEW
06-10 19:31:46.489 9377 9461 I CLog : 2025-06-10 19:31:46.489 T:9461 INFO: GetCurrentSubtitleLanguage -1
06-10 19:31:46.490 9377 16464 I CLog : 2025-06-10 19:31:46.490 T:16464 INFO: [0]PacketList::SetPopReadPacket, 0xa0f71ef0, is_pop:0
06-10 19:31:46.490 9377 9461 I UNIPLAYERSDK: PumaPlayer.cpp:1005 [PumaPlayer@0xf137459c]GetCurrentSubtitleLanguage() -1
06-10 19:31:46.490 9377 16464 I CLog : 2025-06-10 19:31:46.490 T:16464 INFO: [0]PacketList::SetPopReadPacket, 0xa0f6bca0, is_pop:0
06-10 19:31:46.490 9377 9461 I UNIPLAYERSDK: PumaPlayer.cpp:966 [PumaPlayer@0xf137459c]InvokeMctoPlayerCommand(), command = 39, command_params = {}, buffer = 0xbd92d8e4
06-10 19:31:46.490 9377 16464 I CLog : 2025-06-10 19:31:46.490 T:16464 INFO: GenDPID(109) Start Create type=1
06-10 19:31:46.490 9377 9461 I UNIPLAYERSDK: PumaPlayer.cpp:966 [PumaPlayer@0xf137459c]InvokeMctoPlayerCommand(), command = 25, command_params = {}, buffer = 0xbd92d8e4
06-10 19:31:46.490 9377 16464 I CLog : 2025-06-10 19:31:46.490 T:16464 INFO: MultiDataProvider::Initialize:video_stream_info_(0x0),audio_stream_info_(0x0),inserted_stream_segments size(0)
06-10 19:31:46.490 9377 16464 I CLog : 2025-06-10 19:31:46.490 T:16464 DEBUG: CreateDataProvider Enter!
06-10 19:31:46.490 9377 9461 I CLog : 2025-06-10 19:31:46.490 T:9461 DEBUG: InvokeCmd:{"origin_hdr_type":-1,"frame_rate":25,"bitrate_level":100}
06-10 19:31:46.490 9377 16464 I CLog : 2025-06-10 19:31:46.490 T:16464 DEBUG: DataProvider::CreateDataProvider fun_bs_abs_c = 1, fun_abs_lo = 1, adaptive_bitstream 0, try_type=0
06-10 19:31:46.490 9377 16464 I CLog : 2025-06-10 19:31:46.490 T:16464 INFO: GenDPID(110) Start Create type=1
06-10 19:31:46.490 9377 16464 I CLog : 2025-06-10 19:31:46.490 T:16464 DEBUG: [110]BaseDataProvider::BaseDataProvider break_parsing_from_cloud_(1)
06-10 19:31:46.490 9377 16464 I CLog : 2025-06-10 19:31:46.490 T:16464 DEBUG: [110]CHCDNControl::Initialize AdviseModuleSink:0xe9a49150
06-10 19:31:46.490 9377 16464 I CLog : 2025-06-10 19:31:46.490 T:16464 DEBUG: [109]BaseDataProvider::Initialize start_time:203056
06-10 19:31:46.490 9377 9461 V UNIPLAYERSDK: MediaPlayerListenerContainer.cpp:825 HandleAdaptorMessage() msg = KMSG_ADAPTOR_SAVEORIGINPLAYERINFO
06-10 19:31:46.490 9377 16464 I CLog : 2025-06-10 19:31:46.490 T:16464 DEBUG: [109]BaseDataProvider::Initialize: video_packets_id(109)
06-10 19:31:46.490 9377 16464 I CLog : 2025-06-10 19:31:46.490 T:16464 DEBUG: [109]BaseDataProvider::Initialize: audio_packets_id(109)
06-10 19:31:46.490 9377 16464 I CLog : 2025-06-10 19:31:46.490 T:16464 INFO: [109]BaseDataProvider::Initialize current is drmq, drm_version=3.1.0
06-10 19:31:46.490 9377 9461 D UNIPLAYERSDK: BaseState.cpp:42 [PumaPlayerAdaptor@0xea486d24@0xf15948e8]{fm(KMSG_ADAPTOR_SAVEORIGINPLAYERINFO),ret(0),at(1,8148,8149),s(11,-2,9,-2,11),fm=Message@0x9f28a290{what=6291572,when=18446744073709551615,arg1=-1111111111,arg2=-1111111111,arg3=-1111111111,str=,timeout=0,obj=0x0,runnable=0x0,target=0x0,watchDogOp=0x0}
06-10 19:31:46.490 9377 16464 I CLog : 2025-06-10 19:31:46.490 T:16464 INFO: [109]BaseDataProvider::CreateParser drmq_version=3, create china drm v3 tsparser
06-10 19:31:46.490 9377 9461 D UNIPLAYERSDK: BaseState.cpp:56 [PumaPlayerAdaptor@0xea486d24@0xf15948e8]{fm(KMSG_ADAPTOR_SAVEORIGINPLAYERINFO),o(AudioPrevi)-t(0,8148,8148),o(BitstreamS)-t(0,8148,8148),o(CarouselPr)-t(0,8148,8148),o(FastHelper)-t(0,8148,8148),o(HeaderTail)-t(0,8148,8148),o(HighLights)-t(0,8148,8148),o(InteractPr)-t(0,8148,8148),o(LivePrevie)-t(0,8148,8148),o(MediaPlaye)-t(0,8149,8149),o(MovieVVInf)-t(0,8148,8148),o(PPrecacher)-t(0,8148,8148),o(PlayerStuc)-t(0,8148,8148),o(PumaAbsCmd)-t(0,8148,8148),o(PumaAdvert)-t(0,8148,8148),o(PumaBuffer)-t(0,8148,8148),o(PumaError@)-t(0,8148,8148),o(PumaMediaD)-t(0,8148,8148),o(PumaPlayer)-t(0,8148,8148),o(PumaRate@0)-t(0,8148,8148),o(PumaSegmen)-t(0,8148,8148),o(PumaSubtit)-t(0,8148,8148),o(RefreshAcc)-t(0,8148,8148),o(RefreshSer)-t(0,8148,8148),o(SceneKeepe)-t(0,8148,8148),o(SetRate@0x)-t(0,8148,8148),o(SwitchEpis)-t(0,8148,8148),o(VideoPlayC)-t(0,8148,8148)}
06-10 19:31:46.490 9377 9742 I CLog : 2025-06-10 19:31:46.490 T:9742 DEBUG: qtp-load(97) QtpHttpFinishCallback reqid:75440421 exit
06-10 19:31:46.496 9377 16464 I CLog : 2025-06-10 19:31:46.496 T:16464 DEBUG: RM_P_TS::105, constructor, dp_id -109
06-10 19:31:46.496 9377 16464 I CLog : 2025-06-10 19:31:46.496 T:16464 DEBUG: RM_P_TS::105, V3 Constructor, dp_id -109
06-10 19:31:46.496 9377 16464 I CLog : 2025-06-10 19:31:46.496 T:16464 INFO: RM_P_BC::105, SetDecoderType, is audio:0, type:4, flag:0
06-10 19:31:46.496 9377 16464 I CLog : 2025-06-10 19:31:46.496 T:16464 INFO: RM_P_BC::105, SetDecoderType, is audio:1, type:0, flag:0
06-10 19:31:46.496 9377 16464 I CLog : 2025-06-10 19:31:46.496 T:16464 INFO: RM_P_BC::105, SetVideoStreamType, bitstream:600, hdr_type:-1, frame_rate:25, bitrate_level:100, hdr_solution_type:0
06-10 19:31:46.496 9377 16464 I CLog : 2025-06-10 19:31:46.496 T:16464 INFO: RM_P_BC::105, SetAudioStreamType, lang:1, type:0, channel_type:1
06-10 19:31:46.496 9377 16464 I CLog : 2025-06-10 19:31:46.496 T:16464 DEBUG: RM_P_BC::105, SetStreamVAid, v:e9338e6ec419bc3c6004fc518a1b2656_ts, a:e9338e6ec419bc3c6004fc518a1b2656_ts
06-10 19:31:46.496 9377 16464 I CLog : 2025-06-10 19:31:46.496 T:16464 INFO: SetParserVAID, vaid:e9338e6ec419bc3c6004fc518a1b2656_ts
06-10 19:31:46.496 9377 16464 I CLog : 2025-06-10 19:31:46.496 T:16464 INFO: RM_P_BC::105, SetPlayID, stream_id:-1005, play_id:2203674
06-10 19:31:46.496 9377 16464 I CLog : 2025-06-10 19:31:46.496 T:16464 INFO: [109]BaseDataProvider::CreateParser:sm_id(-1005),p_id(2203674),V(4,0),A(0,0),task_id(-1),V-si(0x0),A-si(0x0),bs:V(600,-1,25,100),A((lang=1,type=0,channel_type=1,abid=0,file_type=-1,mver=100)) blocked_type(0),hdr(0),audio_from(0)
06-10 19:31:46.496 9377 16464 I CLog : 2025-06-10 19:31:46.496 T:16464 INFO: [10005][109]BaseDataProvider::Initialize, basedpi, definition=(tvid=1233430264130200,vid=e9338e6ec419bc3c6004fc518a1b2656,bid=600,mver=100,file_type=h265-ts,drm_type=DRMQ,hdr_type=sdr,has_watermark_=0), ua=0,big_data_segments_.size=0,small_data_segments_.size=0, interactive_dp_type=0,can_sw_todefault_audio=1,post_hcdn_cache_st=0
06-10 19:31:46.497 9377 16464 I CLog : 2025-06-10 19:31:46.496 T:16464 INFO: DispatcherImpl::DispatcherImpl, open_dispatcher_https_retry=1,open_boss_https_retry_=1
06-10 19:31:46.497 9377 16464 I CLog : 2025-06-10 19:31:46.497 T:16464 DEBUG: Meta, asy(0)
06-10 19:31:46.497 9377 16464 I CLog : 2025-06-10 19:31:46.497 T:16464 INFO: [109]PacketList::SetMaxPoolSize, 0x0xa0f71ef0, max_pool_size_=2097152(bytes)
06-10 19:31:46.497 9377 16464 I CLog : 2025-06-10 19:31:46.497 T:16464 INFO: [109]BaseDataProvider::AdjustBufferSize packets_(0xa0f71ef0), packet_list_memory_size_=2097152,can_save_max_duration=13(S)
06-10 19:31:46.497 9377 16464 I CLog : 2025-06-10 19:31:46.497 T:16464 INFO: [109]PacketList::SetPopLastReadGopPacket, 0xa0f71ef0, is_pop:1
06-10 19:31:46.497 9377 16464 I CLog : 2025-06-10 19:31:46.497 T:16464 INFO: [109]PacketList::SetPopLastReadGopPacket, 0xa0f6bca0, is_pop:1
06-10 19:31:46.497 9377 16464 I CLog : 2025-06-10 19:31:46.497 T:16464 INFO: [109]PacketList::SetMaxPoolSize, 0x0xa0f6bca0, max_pool_size_=2097152(bytes)
06-10 19:31:46.497 9377 16464 I CLog : 2025-06-10 19:31:46.497 T:16464 INFO: [109]BaseDataProvider::AdjustBufferSize params_.audio_packets(0xa0f6bca0),max_packet_pool_size=2097152, can_save_audio_max_duration=13(S)
06-10 19:31:46.498 9377 16464 I CLog : 2025-06-10 19:31:46.498 T:16464 INFO: NeedProcessNetworkFlashOff,cloud_config(0),disable_flashoff(0),player_type(1)=>need_process(0)
06-10 19:31:46.498 9377 16464 I CLog : 2025-06-10 19:31:46.498 T:16464 INFO: [109]BaseDataProvider::Initialize open_qtp_once_request_=1
06-10 19:31:46.498 9377 16464 I CLog : 2025-06-10 19:31:46.498 T:16464 INFO: BaseDataProvider::CreateChinaDrmDecrypter:ver=5,license:AAAADgUwAABkvioAAAdoSBeiAQEASDVEQ0lELVYzLVAxLTIwMjUwNjA1LTAwNDE1Ny1NRDc0N0RBNS0xNzQ1MTA2NjAxLTdDNjFDTQEQcMHbn2aue/wLGYFpS2aNngMCAJhAAIACSFEjGNMVEONrgg7nILkweo17nrssx2+z91LEI/Tk+YqHc42ILzrM0dALfUXWhRG3Vm/imZPzXTijHk09DXb/xSPEkH1wIA6U7iureHJPCNcgbJ+vVYrUg8KGtBveQH2mqVdUzt2Ijqg0PWGwy11C27gzyL3PvEA2svEpsJz0agIQxPPew5UYQhKhOg3UrJqXLQQBAwMDADkBADB9T/KYm4hSYyazptO8l4PHT1K0JCxDEhf+UKzgUGnNnRCdHBtPkIdRYq64ly9NwpkBAQECASADBACYQACAEWUa7KsegXVlso5PWHpgS8etq7KDdR/w/d8+Rv3X0g1QWVa12tt+iJVW+6aUjbDRPSOF5aBSGW13NQ0MDCAZ8mhI2opZ/2BUucvItaUWLK4rwt4ZwggoJQvz9n4+LwAffRX/gbf/LErXSua5/0hPUKhT5HEXTtPxeUrfarcXZGoDEIDB259mrnv8CxmBaUtmjZ4EAQMEBQAWARBwwdufZq57/AsZgWlLZo2eAQcBQP8GADQBEIDB259mrnv8CxmBaUtmjZ4AIDfcW0w8xmACzQ8Cfc5i1vowLCaf0UsvyGDW59aZ9wca
06-10 19:31:46.498 9377 16464 I CLog : 2025-06-10 19:31:46.498 T:16464 INFO: [109]BaseDataProvider::CreateChinaDrmDecrypter:result=1
06-10 19:31:46.498 9377 16464 I CLog : 2025-06-10 19:31:46.498 T:16464 INFO: [109]BaseDataProvider::Initialize plain segments duartion=0(s), vrs return unencry duration=367(s)
06-10 19:31:46.498 9377 16464 I CLog : 2025-06-10 19:31:46.498 T:16464 INFO: [109]M3u8HCDNDataProvider::Initialize current bitstream id=600, file_type=h265-ts,hdr_type=sdr, drm_type=DRMQ, big_seg=1,is_drmw_audio=0,ts_new_process=2
06-10 19:31:46.498 9377 16464 I CLog : 2025-06-10 19:31:46.498 T:16464 DEBUG: BaseDataProvider::SetCacheManager
06-10 19:31:46.498 9377 16464 I CLog : 2025-06-10 19:31:46.498 T:16464 INFO: MovieStream::SetMovieMode movie_model=0xa5991ff0
06-10 19:31:46.498 9377 16464 I CLog : 2025-06-10 19:31:46.498 T:16464 INFO: StartLoadMovieStream:203056,accurate=0
06-10 19:31:46.498 9377 16464 I CLog : 2025-06-10 19:31:46.498 T:16464 INFO: [109]BaseDataProvider::ResetEndTime end_time=-1,is_completed(0)
06-10 19:31:46.498 9377 16464 I CLog : 2025-06-10 19:31:46.498 T:16464 INFO: ResetEndTime:-1,dur=2746000
06-10 19:31:46.498 9377 16464 I CLog : 2025-06-10 19:31:46.498 T:16464 INFO: AdjustSeekTimebyAccelerateSegment, 198760
06-10 19:31:46.498 9377 16464 I CLog : 2025-06-10 19:31:46.498 T:16464 DEBUG: MessageCenter::RemoveMsgBySenderID(sender_id:154)
06-10 19:31:46.498 9377 16464 I CLog : 2025-06-10 19:31:46.498 T:16464 DEBUG: MessageCenter::RemoveMsg(type:14, type:0, id:162, sender_id:4294967295, group:3033513384)
06-10 19:31:46.498 9377 16464 I CLog : 2025-06-10 19:31:46.498 T:16464 DEBUG: MessageCenter::RemoveMsg(type:14, type:1, id:162, sender_id:4294967295, group:3033513384)
06-10 19:31:46.498 9377 16464 I CLog : 2025-06-10 19:31:46.498 T:16464 DEBUG: MessageCenter::RemoveMsg(type:14, type:2, id:162, sender_id:4294967295, group:3033513384)
06-10 19:31:46.498 9377 16464 I CLog : 2025-06-10 19:31:46.498 T:16464 DEBUG: MessageCenter::RemoveMsg(type:14, type:3, id:162, sender_id:4294967295, group:3033513384)
06-10 19:31:46.498 9377 16464 I CLog : 2025-06-10 19:31:46.498 T:16464 DEBUG: GetAccurateSeekTime failed
06-10 19:31:46.498 9377 16464 I CLog : 2025-06-10 19:31:46.498 T:16464 DEBUG: CheckAccurateSeekHitState is_shortgop_hit=0,is_hcdncache_hit=0
06-10 19:31:46.498 9377 16464 I CLog : 2025-06-10 19:31:46.498 T:16464 INFO: IsForceSupportAccurateSeek short_gop_open_and_hit=0, hcdncache_open_and_hit=0
06-10 19:31:46.499 9377 16464 I CLog : 2025-06-10 19:31:46.499 T:16464 INFO: MovieStream::DoSeek is_support_accurate_seek=0,is_shortgop_hit=0,is_hcdncache_hit=0
06-10 19:31:46.499 9377 16464 I CLog : 2025-06-10 19:31:46.499 T:16464 INFO: AjustSeekTime failed
06-10 19:31:46.499 9377 16464 I CLog : 2025-06-10 19:31:46.499 T:16464 INFO: DoSeek a_time=198760
06-10 19:31:46.499 9377 16464 I CLog : 2025-06-10 19:31:46.499 T:16464 INFO: SeekMovie, 198760
06-10 19:31:46.499 9377 16464 I CLog : 2025-06-10 19:31:46.499 T:16464 DEBUG: [-1005]SetNeedAlignPacket, 1
06-10 19:31:46.499 9377 16464 I CLog : 2025-06-10 19:31:46.499 T:16464 DEBUG: [109]PacketList::Clear, dpid_param:-1
06-10 19:31:46.499 9377 16464 I CLog : 2025-06-10 19:31:46.499 T:16464 DEBUG: [109]PacketList::Clear, dpid_param:-1
06-10 19:31:46.499 9377 16464 I CLog : 2025-06-10 19:31:46.499 T:16464 INFO: MultiDataProvider::Seek impl_->PauseLoad !
06-10 19:31:46.499 9377 16464 I CLog : 2025-06-10 19:31:46.499 T:16464 INFO: [109]MC2DataProvider::SetPreloadFlag preload=0
06-10 19:31:46.499 9377 16464 I CLog : 2025-06-10 19:31:46.499 T:16464 INFO: [110]CHCDNControl::Pause
06-10 19:31:46.499 9377 16464 I CLog : 2025-06-10 19:31:46.499 T:16464 INFO: [109]BaseDataProvider::PauseLoad from_user=0
06-10 19:31:46.499 9377 9561 D Statistics: response:
06-10 19:31:46.499 9377 16464 I CLog : 2025-06-10 19:31:46.499 T:16464 INFO: MultiDataProvider::Seek time=198760, dpid=-109
06-10 19:31:46.499 9377 16464 I CLog : 2025-06-10 19:31:46.499 T:16464 INFO: PauseLoadMovieStream
06-10 19:31:46.499 9377 16464 I CLog : 2025-06-10 19:31:46.499 T:16464 INFO: MultiDataProvider::PauseLoad,pause load!
06-10 19:31:46.499 9377 16464 I CLog : 2025-06-10 19:31:46.499 T:16464 DEBUG: OnPrepared cur tvid = 1233430264130200, cur album id = 1978642334195801
06-10 19:31:46.499 9377 16464 I CLog : 2025-06-10 19:31:46.499 T:16464 DEBUG: Initialize render_type is 1, playcore: 0xf11aa810 .
06-10 19:31:46.499 9377 16464 I CLog : 2025-06-10 19:31:46.499 T:16464 DEBUG: Initialize render_impl_ is 0xa37b25d0 .
06-10 19:31:46.500 9377 16464 I CLog : 2025-06-10 19:31:46.499 T:16464 DEBUG: SetRenderHandler render_impl_ is 0xa37b25d0 .
06-10 19:31:46.500 9377 16464 I CLog : 2025-06-10 19:31:46.500 T:16464 INFO: SetSubtitleEngine no sub
06-10 19:31:46.500 9377 16464 I CLog : 2025-06-10 19:31:46.500 T:16464 INFO: SubtitleCanvasRenderer::Command:Command(subtitle_enabled) value:0
06-10 19:31:46.500 9377 16464 I CLog : 2025-06-10 19:31:46.500 T:16464 DEBUG: MessageCenter::RemoveMsg(type:4, type:515, id:155, sender_id:4294967295, group:3033513688)
06-10 19:31:46.500 9377 16464 I CLog : 2025-06-10 19:31:46.500 T:16464 INFO: SubtitleModel::LoadSubtitle lang:-1, switch_subtitle:0, switch_stream:0, sub_render_type:0
06-10 19:31:46.500 9377 16464 I CLog : 2025-06-10 19:31:46.500 T:16464 WARNING: SubtitleModel::CheckSubtitleData, SubtitleRenderTypeNone
06-10 19:31:46.500 9377 16464 I CLog : 2025-06-10 19:31:46.500 T:16464 INFO: SubtitleModel::LoadSubtitle,Can not find Subtitle lang -1!
06-10 19:31:46.500 9377 16464 I CLog : 2025-06-10 19:31:46.500 T:16464 INFO: DoSubtitleLoadStatusCallback, status=-1, url=, error=-0, ip=, source=-1, preloadstatus=-2.
06-10 19:31:46.500 9377 16464 I CLog : 2025-06-10 19:31:46.500 T:16464 INFO: SubtitleEngineNew::PlayStart
06-10 19:31:46.500 9377 16464 I CLog : 2025-06-10 19:31:46.500 T:16464 INFO: Movie::InitBulletInfo bids_with_bullet.size=0, bullet_base_bitstreams_.size=0, at_mvv_max_slice_bitstream=300
06-10 19:31:46.500 9377 16464 I CLog : 2025-06-10 19:31:46.500 T:16464 INFO: GetFr800String, fr_800=_____, 0, 0, fr_valid(0)
06-10 19:31:46.500 9377 16464 I CLog : 2025-06-10 19:31:46.500 T:16464 INFO: DeviceInfoManager::NotifyDevInfoComplete:store:5,&avcb=800&avcf=0&hvcb=800&hvcf=0&spehc=800&spehcdec=4&phvb=-1&phvf=0&pavcb=-1&pavcf=0&av1b=-1&fr_600=60_25_25_25__&fr_800=120_25_25_25__&fr_860=60_____&aacd=0&aacf=0&ac3d=4&ac3f=1
06-10 19:31:46.500 9377 16464 I CLog : 2025-06-10 19:31:46.500 T:16464 INFO: DeviceInfoManager::NotifyDevInfoComplete:store:4,&sotm=-1&jvatm=-1&mctotm=225&hcdntm=9&livetm=-1&dbgtm=1&logtm=8&mnlstm=1&qtptm=6&mctm=13&iplrtm=48&mptm=8&mp1tm=7&mp2tm=1
06-10 19:31:46.508 9377 9461 I UNIPLAYERSDK: PumaMediaDataLoader.cpp:318 [PumaMediaDataLoader@0xf13744e0]parsePreviewInfo()
06-10 19:31:46.522 9377 9461 I UNIPLAYERSDK: AccountManager.cpp:35 IsAccountLogined: Uid: 1057382444771596, cookie: adABGPUB3xSXEOyxdBf2YRG6uti3xnCShzMm1z1MhdgU1TD3hpbnxlW7m1u3P1oX4Whv2d, retrun: 1
06-10 19:31:46.522 9377 9461 D UNIPLAYERSDK: DataUtils.cpp:82 DataUtils::buildTipType: -2
06-10 19:31:46.522 9377 9461 D UNIPLAYERSDK: PumaPlayerUtils.cpp:2794 updateBossPreviewInfo(), tipType = -2
06-10 19:31:46.526 9377 9377 I TvUniPlayer/SurfaceViewEx@109393471: SFView#SHCallback surfaceDestroyed: holder=android.view.SurfaceView$2@3ccc66a
06-10 19:31:46.526 9377 9377 I TvUniPlayer/AbsMediaPlayer@3774886: OnGalaSurfaceListener OnDestoryed(android.view.SurfaceView$2@3ccc66a, bSupportSetNull: true)
06-10 19:31:46.526 9377 9377 I TvUniPlayer/UniPlayer@3774886: setSurfaceHolder(), surfaceHolder=null, mVideoOverlay=com.gala.video.player.ui.VideoViewGroup{d58e25e V.E...... ........ 0,0-1920,1080},notifyReleased:false
06-10 19:31:46.526 9377 9377 I TvUniPlayer/UniPlayer@3774886: setSurfaceHolder need wait
06-10 19:31:46.526 9377 9607 I UFUnilog: api_httpdns_fastdns.cpp : 184 {fuc=APIHttpdnsFastDns:GetHttpDnsResult(),interface_msg=v6 domain finded, result4a_size=1, result4aaaa_size=1, result4b_size=1, result4bbbb_size=0}
06-10 19:31:46.526 9377 9607 I UFUnilog: api_httpdns_fastdns.cpp : 200 {fuc=APIHttpdnsFastDns:GetHttpDnsResult(),interface_msg=v4 finded,domain=msg.ptqy.gitv.tv,ip_list_count=4,ip_from_cache=1,ns_result=116.211.198.144|443}
