--------- beginning of system
06-10 18:38:22.836 761 761 W PermissionManager: Package com.android.providers.media.module is an APK in APEX, but has permission allowlist on the system image. Please bundle the allowlist in the com.android.mediaprovider APEX instead.
06-10 18:38:22.837 761 761 W PermissionManager: Package com.android.providers.media.module is an APK in APEX, but has permission allowlist on the system image. Please bundle the allowlist in the com.android.mediaprovider APEX instead.
06-10 18:38:22.837 761 761 W PermissionManager: Package com.android.providers.media.module is an APK in APEX, but has permission allowlist on the system image. Please bundle the allowlist in the com.android.mediaprovider APEX instead.
06-10 18:38:22.837 761 761 W PermissionManager: Package com.android.providers.media.module is an APK in APEX, but has permission allowlist on the system image. Please bundle the allowlist in the com.android.mediaprovider APEX instead.
06-10 18:38:22.837 761 761 W PermissionManager: Package com.android.providers.media.module is an APK in APEX, but has permission allowlist on the system image. Please bundle the allowlist in the com.android.mediaprovider APEX instead.
06-10 18:38:22.837 761 920 D AudioService: No vibrator found
06-10 18:38:22.859 761 761 W SystemServiceManager: Service com.android.server.policy.PermissionPolicyService took 314 ms in onBootPhase
06-10 18:38:22.860 761 761 D SystemServerTiming: OnBootPhase_550_com.android.server.pm.StagingManager$Lifecycle
06-10 18:38:22.860 761 761 D SystemServerTiming: OnBootPhase_550_com.android.server.app.GameManagerService$Lifecycle
06-10 18:38:22.860 761 761 D SystemServerTiming: OnBootPhase_550_com.android.safetycenter.SafetyCenterService
06-10 18:38:22.860 761 761 D SystemServerTiming: OnBootPhase_550_com.android.server.appsearch.AppSearchModule$Lifecycle
06-10 18:38:22.860 761 761 D SystemServerTiming: OnBootPhase_550_com.android.server.media.MediaCommunicationService
06-10 18:38:22.860 761 761 D SystemServerTiming: OnBootPhase_550_com.android.server.compat.overrides.AppCompatOverridesService$Lifecycle
06-10 18:38:22.860 761 761 D SystemServerTiming: OnBootPhase_550_com.android.server.healthconnect.HealthConnectManagerService
06-10 18:38:22.860 761 761 D SystemServerTiming: OnBootPhase_550_com.android.server.devicelock.DeviceLockService
06-10 18:38:22.860 761 761 D DeviceLockService: onBootPhase: 550
06-10 18:38:22.860 761 761 D SystemServerTiming: StartObservingNativeCrashes
06-10 18:38:22.860 761 761 D SystemServerTiming: RegisterAppOpsPolicy
06-10 18:38:22.863 761 761 D SystemServerTiming: MakeNetworkManagementServiceReady
06-10 18:38:22.865 761 761 D SystemServerTiming: MakeConnectivityServiceReady
06-10 18:38:22.868 761 804 W BatteryExternalStatsWorker: error reading modem stats:ERROR_PHONE_NOT_AVAILABLE
06-10 18:38:22.871 761 828 D SystemServerTimingAsync: InitThreadPoolExec:WebViewFactoryPreparation
06-10 18:38:22.871 761 828 I SystemServer: WebViewFactoryPreparation
06-10 18:38:22.871 761 828 D SystemServerTimingAsync: WebViewFactoryPreparation
06-10 18:38:22.884 761 828 I ActivityManager: android is exempt from freezer
06-10 18:38:22.884 761 828 D CompatibilityChangeReporter: Compat change id reported: 135634846; UID 1000; state: DISABLED
06-10 18:38:22.884 761 828 D CompatibilityChangeReporter: Compat change id reported: 177438394; UID 1000; state: DISABLED
06-10 18:38:22.885 761 828 D CompatibilityChangeReporter: Compat change id reported: 135772972; UID 1000; state: DISABLED
06-10 18:38:22.885 761 828 D CompatibilityChangeReporter: Compat change id reported: 178038272; UID 1000; state: DISABLED
06-10 18:38:22.902 570 596 E android.hardware.wifi-service.droidlogic: get aml true wifi is aml_w2_s
06-10 18:38:22.903 570 596 E android.hardware.wifi-service.droidlogic: multiwifi will rmmod wifi comm
06-10 18:38:22.905 761 797 I ActivityManager: Start proc 1011:WebViewLoader-armeabi-v7a/1037 [android.webkit.WebViewLibraryLoader$RelroFileCreator] for
06-10 18:38:22.924 761 897 W NetworkPolicy: setRestrictBackgroundUL: already false
06-10 18:38:22.927 761 761 D SystemServerTiming: MakeVpnManagerServiceReady
06-10 18:38:22.948 570 596 I android.hardware.wifi-service.droidlogic: found the match wifi is: aml_w2_s
06-10 18:38:22.948 570 596 I android.hardware.wifi-service.droidlogic: insmod driver: /vendor/lib/modules/w2_comm.ko
06-10 18:38:22.957 761 783 D GameManagerService: User ID '0' does not have a Game Mode selected for package: 'android'
06-10 18:38:22.957 761 783 D CompatibilityChangeReporter: Compat change id reported: 168419799; UID 1000; state: DISABLED
06-10 18:38:22.958 761 783 D CompatibilityChangeReporter: Compat change id reported: 273564678; UID 1000; state: DISABLED
06-10 18:38:22.981 570 596 I android.hardware.wifi-service.droidlogic: insmod driver: /vendor/lib/modules/aml_bt.ko
06-10 18:38:22.998 570 596 I android.hardware.wifi-service.droidlogic: insmod driver: /vendor/lib/modules/w2.ko
06-10 18:38:23.013 761 896 W BroadcastLoopers: Found previously unknown looper Thread[NetworkStats,5,main]
06-10 18:38:23.037 761 761 D SystemServerTiming: MakeVcnManagementServiceReady
06-10 18:38:23.054 761 761 D SystemServerTiming: MakeNetworkPolicyServiceReady
06-10 18:38:23.058 761 761 D SystemServerTiming: PhaseThirdPartyAppsCanStart
06-10 18:38:23.058 761 761 I SystemServiceManager: Starting phase 600
06-10 18:38:23.058 761 761 D SystemServerTiming: OnBootPhase_600
06-10 18:38:23.058 761 761 D SystemServerTiming: OnBootPhase_600_com.android.server.security.FileIntegrityService
06-10 18:38:23.058 761 761 D SystemServerTiming: OnBootPhase_600_com.android.server.pm.Installer
06-10 18:38:23.058 761 761 D SystemServerTiming: OnBootPhase_600_com.android.server.os.DeviceIdentifiersPolicyService
06-10 18:38:23.058 761 761 D SystemServerTiming: OnBootPhase_600_com.android.server.flags.FeatureFlagsService
06-10 18:38:23.058 761 761 D SystemServerTiming: OnBootPhase_600_com.android.server.uri.UriGrantsManagerService$Lifecycle
06-10 18:38:23.058 761 761 D SystemServerTiming: OnBootPhase_600_com.android.server.powerstats.PowerStatsService
06-10 18:38:23.058 761 761 D SystemServerTiming: OnBootPhase_600_com.android.server.permission.access.AccessCheckingService
06-10 18:38:23.058 761 761 D SystemServerTiming: OnBootPhase_600_com.android.server.wm.ActivityTaskManagerService$Lifecycle
06-10 18:38:23.058 761 761 D SystemServerTiming: OnBootPhase_600_com.android.server.am.ActivityManagerService$Lifecycle
06-10 18:38:23.061 761 783 W PackageManager: Invalid dex load report. loadingPackageName=null, uid=1037
06-10 18:38:23.065 761 761 I ExplicitHealthCheckController: Explicit health checks enabled.
06-10 18:38:23.066 761 761 I PackageWatchdog: Syncing state, reason: health check state enabled
06-10 18:38:23.066 761 795 I PackageWatchdog: Saving observer state to file
06-10 18:38:23.069 761 761 D SystemServerTiming: OnBootPhase_600_com.android.server.pm.DataLoaderManagerService
06-10 18:38:23.070 761 761 D SystemServerTiming: OnBootPhase_600_com.android.server.power.PowerManagerService
06-10 18:38:23.070 761 761 D SystemServerTiming: OnBootPhase_600_com.android.server.power.ThermalManagerService
06-10 18:38:23.070 761 761 D SystemServerTiming: OnBootPhase_600_com.android.server.power.hint.HintManagerService
06-10 18:38:23.070 761 761 D SystemServerTiming: OnBootPhase_600_com.android.server.recoverysystem.RecoverySystemService$Lifecycle
06-10 18:38:23.070 761 761 D SystemServerTiming: OnBootPhase_600_com.android.server.lights.LightsService
06-10 18:38:23.070 761 761 D SystemServerTiming: OnBootPhase_600_com.android.server.display.DisplayManagerService
06-10 18:38:23.070 761 761 D SystemServerTiming: OnBootPhase_600_com.android.server.pm.verify.domain.DomainVerificationService
06-10 18:38:23.070 761 761 D SystemServerTiming: OnBootPhase_600_com.android.server.pm.PackageInstallerService$Lifecycle
06-10 18:38:23.070 761 761 D SystemServerTiming: OnBootPhase_600_com.android.server.pm.UserManagerService$LifeCycle
06-10 18:38:23.070 761 761 D SystemServerTiming: OnBootPhase_600_com.android.server.om.OverlayManagerService
06-10 18:38:23.070 761 761 D SystemServerTiming: OnBootPhase_600_com.android.server.resources.ResourcesManagerService
06-10 18:38:23.070 761 761 D SystemServerTiming: OnBootPhase_600_com.android.server.sensorprivacy.SensorPrivacyService
06-10 18:38:23.070 761 761 D SystemServerTiming: OnBootPhase_600_com.android.server.sensors.SensorService
06-10 18:38:23.070 761 761 D SystemServerTiming: OnBootPhase_600_com.android.server.SystemConfigService
06-10 18:38:23.071 761 761 D SystemServerTiming: OnBootPhase_600_com.android.server.BatteryService
06-10 18:38:23.071 761 761 D SystemServerTiming: OnBootPhase_600_com.android.server.usage.UsageStatsService
06-10 18:38:23.071 761 761 D SystemServerTiming: OnBootPhase_600_com.android.server.webkit.WebViewUpdateService
06-10 18:38:23.071 761 761 D SystemServerTiming: OnBootPhase_600_com.android.server.CachedDeviceStateService
06-10 18:38:23.071 761 761 D SystemServerTiming: OnBootPhase_600_com.android.server.BinderCallsStatsService$LifeCycle
06-10 18:38:23.071 761 761 D SystemServerTiming: OnBootPhase_600_com.android.server.LooperStatsService$Lifecycle
06-10 18:38:23.071 761 761 D SystemServerTiming: OnBootPhase_600_com.android.server.rollback.RollbackManagerService
06-10 18:38:23.071 761 761 D SystemServerTiming: OnBootPhase_600_com.android.server.os.NativeTombstoneManagerService
06-10 18:38:23.071 761 761 D SystemServerTiming: OnBootPhase_600_com.android.server.os.BugreportManagerService
06-10 18:38:23.071 761 761 D SystemServerTiming: OnBootPhase_600_com.android.server.gpu.GpuService
06-10 18:38:23.071 761 761 D SystemServerTiming: OnBootPhase_600_com.android.server.security.rkp.RemoteProvisioningService
06-10 18:38:23.071 761 761 D SystemServerTiming: OnBootPhase_600_com.android.server.security.KeyChainSystemService
06-10 18:38:23.071 761 761 D SystemServerTiming: OnBootPhase_600_com.android.server.BinaryTransparencyService
06-10 18:38:23.071 761 761 D SystemServerTiming: OnBootPhase_600_com.android.server.accounts.AccountManagerService$Lifecycle
06-10 18:38:23.071 761 761 D SystemServerTiming: OnBootPhase_600_com.android.server.content.ContentService$Lifecycle
06-10 18:38:23.071 761 761 D SystemServerTiming: OnBootPhase_600_com.android.server.deviceconfig.DeviceConfigInit$Lifecycle
06-10 18:38:23.071 761 761 D SystemServerTiming: OnBootPhase_600_com.android.server.DropBoxManagerService
06-10 18:38:23.071 761 761 D SystemServerTiming: OnBootPhase_600_com.android.role.RoleService
06-10 18:38:23.071 761 761 D SystemServerTiming: OnBootPhase_600_com.android.server.vibrator.VibratorManagerService$Lifecycle
06-10 18:38:23.071 761 761 D SystemServerTiming: OnBootPhase_600_com.android.server.tare.InternalResourceService
06-10 18:38:23.071 761 761 D SystemServerTiming: OnBootPhase_600_com.android.server.alarm.AlarmManagerService
06-10 18:38:23.071 761 761 D SystemServerTiming: OnBootPhase_600_com.android.server.devicestate.DeviceStateManagerService
06-10 18:38:23.071 761 761 D SystemServerTiming: OnBootPhase_600_com.android.server.camera.CameraServiceProxy
06-10 18:38:23.071 761 761 D SystemServerTiming: OnBootPhase_600_com.android.server.bluetooth.BluetoothService
06-10 18:38:23.071 761 761 D SystemServerTiming: OnBootPhase_600_com.android.server.connectivity.IpConnectivityMetrics
06-10 18:38:23.071 761 761 D SystemServerTiming: OnBootPhase_600_com.android.server.net.watchlist.NetworkWatchlistService$Lifecycle
06-10 18:38:23.071 761 761 D SystemServerTiming: OnBootPhase_600_com.android.server.PinnerService
06-10 18:38:23.071 761 761 D SystemServerTiming: OnBootPhase_600_com.android.server.integrity.AppIntegrityManagerService
06-10 18:38:23.071 761 761 D SystemServerTiming: OnBootPhase_600_com.android.server.logcat.LogcatManagerService
06-10 18:38:23.071 761 761 D SystemServerTiming: OnBootPhase_600_com.android.server.inputmethod.InputMethodManagerService$Lifecycle
06-10 18:38:23.071 761 761 D SystemServerTiming: OnBootPhase_600_com.android.server.accessibility.AccessibilityManagerService$Lifecycle
06-10 18:38:23.076 761 761 D SystemServerTiming: OnBootPhase_600_com.android.server.StorageManagerService$Lifecycle
06-10 18:38:23.076 761 761 D SystemServerTiming: OnBootPhase_600_com.android.server.usage.StorageStatsService$Lifecycle
06-10 18:38:23.076 761 761 D SystemServerTiming: OnBootPhase_600_com.android.server.UiModeManagerService
06-10 18:38:23.076 761 761 D SystemServerTiming: OnBootPhase_600_com.android.server.locales.LocaleManagerService
06-10 18:38:23.076 761 761 D SystemServerTiming: OnBootPhase_600_com.android.server.grammaticalinflection.GrammaticalInflectionService
06-10 18:38:23.076 761 761 D SystemServerTiming: OnBootPhase_600_com.android.server.apphibernation.AppHibernationService
06-10 18:38:23.076 761 761 D SystemServerTiming: OnBootPhase_600_com.android.server.locksettings.LockSettingsService$Lifecycle
06-10 18:38:23.076 761 761 D SystemServerTiming: OnBootPhase_600_com.android.server.PersistentDataBlockService
06-10 18:38:23.076 761 761 D SystemServerTiming: OnBootPhase_600_com.android.server.testharness.TestHarnessModeService
06-10 18:38:23.076 761 761 D SystemServerTiming: OnBootPhase_600_com.android.server.oemlock.OemLockService
06-10 18:38:23.076 761 761 D SystemServerTiming: OnBootPhase_600_com.android.server.DeviceIdleController
06-10 18:38:23.076 761 761 D SystemServerTiming: OnBootPhase_600_com.android.server.devicepolicy.DevicePolicyManagerService$Lifecycle
06-10 18:38:23.076 761 761 D SystemServerTiming: OnBootPhase_600_com.android.server.texttospeech.TextToSpeechManagerService
06-10 18:38:23.077 761 761 D SystemServerTiming: OnBootPhase_600_com.android.server.ambientcontext.AmbientContextManagerService
06-10 18:38:23.077 761 761 D SystemServerTiming: OnBootPhase_600_com.android.server.wearable.WearableSensingManagerService
06-10 18:38:23.077 761 761 D SystemServerTiming: OnBootPhase_600_com.android.server.speech.SpeechRecognitionManagerService
06-10 18:38:23.077 761 761 D SystemServerTiming: OnBootPhase_600_com.android.server.searchui.SearchUiManagerService
06-10 18:38:23.078 761 761 D SystemServerTiming: OnBootPhase_600_com.android.server.smartspace.SmartspaceManagerService
06-10 18:38:23.078 761 761 D SystemServerTiming: OnBootPhase_600_com.android.server.graphics.fonts.FontManagerService$Lifecycle
06-10 18:38:23.078 761 761 D SystemServerTiming: OnBootPhase_600_com.android.server.textservices.TextServicesManagerService$Lifecycle
06-10 18:38:23.078 761 761 D SystemServerTiming: OnBootPhase_600_com.android.server.textclassifier.TextClassificationManagerService$Lifecycle
06-10 18:38:23.078 761 761 D SystemServerTiming: OnBootPhase_600_com.android.server.NetworkScoreService$Lifecycle
06-10 18:38:23.078 761 761 D SystemServerTiming: OnBootPhase_600_com.android.server.NetworkStatsServiceInitializer
06-10 18:38:23.078 761 761 D SystemServerTiming: OnBootPhase_600_com.android.server.wifi.WifiService
06-10 18:38:23.078 761 761 D SystemServerTiming: OnBootPhase_600_com.android.server.wifi.scanner.WifiScanningService
06-10 18:38:23.078 761 761 D SystemServerTiming: OnBootPhase_600_com.android.server.wifi.p2p.WifiP2pService
06-10 18:38:23.078 761 761 D SystemServerTiming: OnBootPhase_600_com.android.server.ConnectivityServiceInitializer
06-10 18:38:23.081 761 761 D SystemServerTiming: OnBootPhase_600_com.android.server.notification.NotificationManagerService
06-10 18:38:23.086 761 761 D SystemServerTiming: OnBootPhase_600_com.android.server.storage.DeviceStorageMonitorService
06-10 18:38:23.087 761 761 D SystemServerTiming: OnBootPhase_600_com.android.server.timedetector.TimeDetectorService$Lifecycle
06-10 18:38:23.087 761 761 D SystemServerTiming: OnBootPhase_600_com.android.server.location.LocationManagerService$Lifecycle
06-10 18:38:23.103 761 785 D CompatibilityChangeReporter: Compat change id reported: 261072174; UID 1000; state: ENABLED
06-10 18:38:23.126 761 761 D SystemServerTiming: OnBootPhase_600_com.android.server.timezonedetector.TimeZoneDetectorService$Lifecycle
06-10 18:38:23.126 761 761 D SystemServerTiming: OnBootPhase_600_com.android.server.location.altitude.AltitudeService$Lifecycle
06-10 18:38:23.126 761 761 D SystemServerTiming: OnBootPhase_600_com.android.server.timezonedetector.location.LocationTimeZoneManagerService$Lifecycle
06-10 18:38:23.126 761 761 D SystemServerTiming: OnBootPhase_600_com.android.server.search.SearchManagerService$Lifecycle
06-10 18:38:23.126 761 761 D SystemServerTiming: OnBootPhase_600_com.android.server.wallpaper.WallpaperManagerService$Lifecycle
06-10 18:38:23.127 761 761 D WallpaperManagerService: Wallpaper_switch-user-0
06-10 18:38:23.128 761 761 V WallpaperManagerService: bindWallpaperComponentLocked: componentName=ComponentInfo{com.android.systemui/com.android.systemui.wallpapers.ImageWallpaper}
06-10 18:38:23.128 761 761 D WallpaperManagerService: WPMS.bindWallpaperComponentLocked-ComponentInfo{com.android.systemui/com.android.systemui.wallpapers.ImageWallpaper}
06-10 18:38:23.130 761 761 D SystemServerTiming: OnBootPhase_600_com.android.server.wallpapereffectsgeneration.WallpaperEffectsGenerationManagerService
06-10 18:38:23.130 761 761 D SystemServerTiming: OnBootPhase_600_com.android.server.audio.AudioService$Lifecycle
06-10 18:38:23.130 761 761 D SystemServerTiming: OnBootPhase_600_com.android.server.soundtrigger_middleware.SoundTriggerMiddlewareService$Lifecycle
06-10 18:38:23.131 761 761 D SystemServerTiming: OnBootPhase_600_com.android.server.adb.AdbService$Lifecycle
06-10 18:38:23.131 761 761 D SystemServerTiming: OnBootPhase_600_com.android.server.usb.UsbService$Lifecycle
06-10 18:38:23.131 761 761 D SystemServerTiming: OnBootPhase_600_com.android.server.twilight.TwilightService
06-10 18:38:23.131 761 761 D SystemServerTiming: OnBootPhase_600_com.android.server.display.color.ColorDisplayService
06-10 18:38:23.131 761 761 D SystemServerTiming: OnBootPhase_600_com.android.server.job.JobSchedulerService
06-10 18:38:23.136 761 761 D SystemServerTiming: OnBootPhase_600_com.android.server.soundtrigger.SoundTriggerService
06-10 18:38:23.136 761 761 D SoundTriggerService: onBootPhase: 600 : false
06-10 18:38:23.138 761 761 D SystemServerTiming: OnBootPhase_600_com.android.server.trust.TrustManagerService
06-10 18:38:23.141 348 368 I keystore2: system/security/keystore2/src/authorization.rs:143 - on_lock_screen_event(r#UNLOCK, user_id=0, password.is_some()=false, unlocking_sids=Some([]))
06-10 18:38:23.141 761 761 D SystemServerTiming: OnBootPhase_600_com.android.server.backup.BackupManagerService$Lifecycle
06-10 18:38:23.141 761 761 D SystemServerTiming: OnBootPhase_600_com.android.server.appwidget.AppWidgetService
06-10 18:38:23.141 761 761 D SystemServerTiming: OnBootPhase_600_com.android.server.voiceinteraction.VoiceInteractionManagerService
06-10 18:38:23.143 761 761 D SystemServerTiming: OnBootPhase_600_com.android.server.GestureLauncherService
06-10 18:38:23.144 761 761 D SystemServerTiming: OnBootPhase_600_com.android.server.SensorNotificationService
06-10 18:38:23.145 761 761 D SystemServerTiming: OnBootPhase_600_com.android.server.emergency.EmergencyAffordanceService
06-10 18:38:23.145 761 761 D SystemServerTiming: OnBootPhase_600_com.android.server.blob.BlobStoreManagerService
06-10 18:38:23.148 761 761 D SystemServerTiming: OnBootPhase_600_com.android.server.dreams.DreamManagerService
06-10 18:38:23.151 761 761 D SystemServerTiming: OnBootPhase_600_com.android.server.security.AttestationVerificationManagerService
06-10 18:38:23.151 761 761 D SystemServerTiming: OnBootPhase_600_com.android.server.restrictions.RestrictionsManagerService
06-10 18:38:23.151 761 761 D SystemServerTiming: OnBootPhase_600_com.android.server.media.MediaSessionService
06-10 18:38:23.151 761 761 D SystemServerTiming: OnBootPhase_600_com.android.server.hdmi.HdmiControlService
06-10 18:38:23.151 761 761 D SystemServerTiming: OnBootPhase_600_com.android.server.tv.interactive.TvInteractiveAppManagerService
06-10 18:38:23.158 761 761 D SystemServerTiming: OnBootPhase_600_com.android.server.tv.TvInputManagerService
06-10 18:38:23.158 761 761 D SystemServerTiming: OnBootPhase_600_com.android.server.media.MediaResourceMonitorService
06-10 18:38:23.159 761 761 D SystemServerTiming: OnBootPhase_600_com.android.server.tv.TvRemoteService
06-10 18:38:23.159 761 761 D SystemServerTiming: OnBootPhase_600_com.android.server.biometrics.BiometricService
06-10 18:38:23.159 761 761 D SystemServerTiming: OnBootPhase_600_com.android.server.biometrics.AuthService
06-10 18:38:23.159 761 761 D SystemServerTiming: OnBootPhase_600_com.android.server.pm.ShortcutService$Lifecycle
06-10 18:38:23.159 761 761 D SystemServerTiming: OnBootPhase_600_com.android.server.pm.LauncherAppsService
06-10 18:38:23.159 761 761 D SystemServerTiming: OnBootPhase_600_com.android.server.pm.CrossProfileAppsService
06-10 18:38:23.159 761 761 D SystemServerTiming: OnBootPhase_600_com.android.server.people.PeopleService
06-10 18:38:23.159 761 761 D SystemServerTiming: OnBootPhase_600_com.android.server.media.metrics.MediaMetricsManagerService
06-10 18:38:23.159 761 761 D SystemServerTiming: OnBootPhase_600_com.android.server.pm.BackgroundInstallControlService
06-10 18:38:23.159 761 761 D SystemServerTiming: OnBootPhase_600_com.android.server.media.projection.MediaProjectionManagerService
06-10 18:38:23.159 761 761 D SystemServerTiming: OnBootPhase_600_com.android.server.slice.SliceManagerService$Lifecycle
06-10 18:38:23.159 761 761 D SystemServerTiming: OnBootPhase_600_com.android.server.stats.StatsCompanion$Lifecycle
06-10 18:38:23.213 761 761 W SystemServiceManager: Service com.android.server.stats.StatsCompanion$Lifecycle took 55 ms in onBootPhase
06-10 18:38:23.213 761 761 D SystemServerTiming: OnBootPhase_600_com.android.server.scheduling.RebootReadinessManagerService$Lifecycle
06-10 18:38:23.213 761 761 D SystemServerTiming: OnBootPhase_600_com.android.server.stats.pull.StatsPullAtomService
06-10 18:38:23.214 761 761 D SystemServerTiming: OnBootPhase_600_com.android.server.stats.bootstrap.StatsBootstrapAtomService$Lifecycle
06-10 18:38:23.214 761 761 D SystemServerTiming: OnBootPhase_600_com.android.server.incident.IncidentCompanionService
06-10 18:38:23.214 761 761 D SystemServerTiming: OnBootPhase_600_com.android.server.sdksandbox.SdkSandboxManagerService$Lifecycle
06-10 18:38:23.214 761 761 D SystemServerTiming: OnBootPhase_600_com.android.server.adservices.AdServicesManagerService$Lifecycle
06-10 18:38:23.214 761 761 D SystemServerTiming: OnBootPhase_600_com.android.server.ondevicepersonalization.OnDevicePersonalizationSystemService$Lifecycle
06-10 18:38:23.214 761 761 D SystemServerTiming: OnBootPhase_600_com.android.server.autofill.AutofillManagerService
06-10 18:38:23.214 761 761 D SystemServerTiming: OnBootPhase_600_com.android.server.clipboard.ClipboardService
06-10 18:38:23.215 761 761 D SystemServerTiming: OnBootPhase_600_com.android.server.appbinding.AppBindingService$Lifecycle
06-10 18:38:23.215 761 761 D SystemServerTiming: OnBootPhase_600_com.android.server.tracing.TracingServiceProxy
06-10 18:38:23.215 761 761 D SystemServerTiming: OnBootPhase_600_com.android.server.policy.PermissionPolicyService
06-10 18:38:23.215 761 761 D SystemServerTiming: OnBootPhase_600_com.android.server.pm.StagingManager$Lifecycle
06-10 18:38:23.215 761 761 D SystemServerTiming: OnBootPhase_600_com.android.server.app.GameManagerService$Lifecycle
06-10 18:38:23.215 761 761 D SystemServerTiming: OnBootPhase_600_com.android.safetycenter.SafetyCenterService
06-10 18:38:23.215 761 761 D SystemServerTiming: OnBootPhase_600_com.android.server.appsearch.AppSearchModule$Lifecycle
06-10 18:38:23.215 761 761 D SystemServerTiming: OnBootPhase_600_com.android.server.media.MediaCommunicationService
06-10 18:38:23.215 761 761 D SystemServerTiming: OnBootPhase_600_com.android.server.compat.overrides.AppCompatOverridesService$Lifecycle
06-10 18:38:23.215 761 761 D SystemServerTiming: OnBootPhase_600_com.android.server.healthconnect.HealthConnectManagerService
06-10 18:38:23.215 761 761 D SystemServerTiming: OnBootPhase_600_com.android.server.devicelock.DeviceLockService
06-10 18:38:23.215 761 761 D DeviceLockService: onBootPhase: 600
06-10 18:38:23.215 761 761 D SystemServerTiming: StartNetworkStack
06-10 18:38:23.215 761 795 D StatsPullAtomService: Registering NetworkStats pullers with statsd
06-10 18:38:23.226 761 761 D CompatibilityChangeReporter: Compat change id reported: 135634846; UID 1073; state: DISABLED
06-10 18:38:23.228 761 761 D SystemServerTiming: StartTethering
06-10 18:38:23.243 761 761 D SystemServerTiming: MakeCountryDetectionServiceReady
06-10 18:38:23.244 761 797 I ActivityManager: Start proc 1032:com.android.networkstack.process/1073 for service {com.android.networkstack/com.android.server.NetworkStackService}
06-10 18:38:23.247 761 761 D SystemServerTiming: MakeNetworkTimeUpdateReady
06-10 18:38:23.277 761 761 D SystemServerTiming: MakeInputManagerServiceReady
06-10 18:38:23.284 761 782 D GameManagerService: User ID '0' does not have a Game Mode selected for package: 'com.android.networkstack'
06-10 18:38:23.285 761 782 D CompatibilityChangeReporter: Compat change id reported: 168419799; UID 1073; state: DISABLED
06-10 18:38:23.286 761 782 D CompatibilityChangeReporter: Compat change id reported: 273564678; UID 1073; state: DISABLED
06-10 18:38:23.297 761 761 D SystemServerTiming: MakeTelephonyRegistryReady
06-10 18:38:23.297 761 761 D SystemServerTiming: MakeMediaRouterServiceReady
06-10 18:38:23.298 761 761 I MR2ServiceImpl: switchUser | user: 0
06-10 18:38:23.298 761 761 D SystemServerTiming: IncidentDaemonReady
06-10 18:38:23.301 761 761 D SystemServerTiming: MakeIncrementalServiceReady
06-10 18:38:23.302 761 761 D SystemServerTiming: OdsignStatsLogger
06-10 18:38:23.302 761 761 D SystemServerTiming: getCurrentUser
06-10 18:38:23.302 761 761 I ActivityManager: Current user:0
06-10 18:38:23.302 761 761 D SystemServerTiming: ActivityManagerStartApps
06-10 18:38:23.303 761 761 D SystemServerTimingAsync: ssm.StartUser-0
06-10 18:38:23.303 761 761 I SystemServiceManager: Calling onStartUser 0
06-10 18:38:23.303 761 761 D SystemServerTimingAsync: ssm.onStartUser-0_com.android.server.security.FileIntegrityService
06-10 18:38:23.303 761 761 D SystemServerTimingAsync: ssm.onStartUser-0_com.android.server.pm.Installer
06-10 18:38:23.303 761 761 D SystemServerTimingAsync: ssm.onStartUser-0_com.android.server.os.DeviceIdentifiersPolicyService
06-10 18:38:23.303 761 761 D SystemServerTimingAsync: ssm.onStartUser-0_com.android.server.flags.FeatureFlagsService
06-10 18:38:23.303 761 761 D SystemServerTimingAsync: ssm.onStartUser-0_com.android.server.uri.UriGrantsManagerService$Lifecycle
06-10 18:38:23.303 761 761 D SystemServerTimingAsync: ssm.onStartUser-0_com.android.server.powerstats.PowerStatsService
06-10 18:38:23.303 761 761 D SystemServerTimingAsync: ssm.onStartUser-0_com.android.server.permission.access.AccessCheckingService
06-10 18:38:23.303 761 761 D SystemServerTimingAsync: ssm.onStartUser-0_com.android.server.wm.ActivityTaskManagerService$Lifecycle
06-10 18:38:23.303 761 761 D SystemServerTimingAsync: ssm.onStartUser-0_com.android.server.am.ActivityManagerService$Lifecycle
06-10 18:38:23.307 761 761 D SystemServerTimingAsync: ssm.onStartUser-0_com.android.server.pm.DataLoaderManagerService
06-10 18:38:23.307 761 761 D SystemServerTimingAsync: ssm.onStartUser-0_com.android.server.power.PowerManagerService
06-10 18:38:23.307 761 761 D SystemServerTimingAsync: ssm.onStartUser-0_com.android.server.power.ThermalManagerService
06-10 18:38:23.307 761 761 D SystemServerTimingAsync: ssm.onStartUser-0_com.android.server.power.hint.HintManagerService
06-10 18:38:23.307 761 761 D SystemServerTimingAsync: ssm.onStartUser-0_com.android.server.recoverysystem.RecoverySystemService$Lifecycle
06-10 18:38:23.307 761 761 D SystemServerTimingAsync: ssm.onStartUser-0_com.android.server.lights.LightsService
06-10 18:38:23.307 761 761 D SystemServerTimingAsync: ssm.onStartUser-0_com.android.server.display.DisplayManagerService
06-10 18:38:23.307 761 761 D SystemServerTimingAsync: ssm.onStartUser-0_com.android.server.pm.verify.domain.DomainVerificationService
06-10 18:38:23.307 761 761 D SystemServerTimingAsync: ssm.onStartUser-0_com.android.server.pm.PackageInstallerService$Lifecycle
06-10 18:38:23.307 761 761 D SystemServerTimingAsync: ssm.onStartUser-0_com.android.server.pm.UserManagerService$LifeCycle
06-10 18:38:23.308 761 1008 D CompatibilityChangeReporter: Compat change id reported: 135634846; UID 10051; state: DISABLED
06-10 18:38:23.311 761 761 D SystemServerTimingAsync: ssm.onStartUser-0_com.android.server.om.OverlayManagerService
06-10 18:38:23.314 761 844 D CompatibilityChangeReporter: Compat change id reported: 265195908; UID 1073; state: ENABLED
06-10 18:38:23.319 761 1008 D CompatibilityChangeReporter: Compat change id reported: 177438394; UID 10051; state: DISABLED
06-10 18:38:23.319 761 1008 D CompatibilityChangeReporter: Compat change id reported: 135772972; UID 10051; state: DISABLED
06-10 18:38:23.319 761 1008 D CompatibilityChangeReporter: Compat change id reported: 135754954; UID 10051; state: ENABLED
06-10 18:38:23.361 761 761 W SystemServiceManager: Service com.android.server.om.OverlayManagerService took 51 ms in onStartUser-0
06-10 18:38:23.361 761 761 D SystemServerTimingAsync: ssm.onStartUser-0_com.android.server.resources.ResourcesManagerService
06-10 18:38:23.361 761 761 D SystemServerTimingAsync: ssm.onStartUser-0_com.android.server.sensorprivacy.SensorPrivacyService
06-10 18:38:23.374 761 761 D CompatibilityChangeReporter: Compat change id reported: 265464455; UID 10052; state: DISABLED
06-10 18:38:23.375 761 761 D CompatibilityChangeReporter: Compat change id reported: 265452344; UID 10052; state: DISABLED
06-10 18:38:23.376 761 761 D CompatibilityChangeReporter: Compat change id reported: 266124927; UID 10052; state: DISABLED
06-10 18:38:23.376 761 761 D CompatibilityChangeReporter: Compat change id reported: 265451093; UID 10052; state: DISABLED
06-10 18:38:23.376 761 761 D CompatibilityChangeReporter: Compat change id reported: 265456536; UID 10052; state: DISABLED
06-10 18:38:23.377 761 761 D CompatibilityChangeReporter: Compat change id reported: 255940284; UID 10052; state: DISABLED
06-10 18:38:23.377 761 761 D CompatibilityChangeReporter: Compat change id reported: 236283604; UID 10052; state: DISABLED
06-10 18:38:23.377 761 761 D CompatibilityChangeReporter: Compat change id reported: 263959004; UID 10052; state: DISABLED
06-10 18:38:23.378 761 761 D CompatibilityChangeReporter: Compat change id reported: 264304459; UID 10052; state: DISABLED
06-10 18:38:23.378 761 761 D CompatibilityChangeReporter: Compat change id reported: 264301586; UID 10052; state: DISABLED
06-10 18:38:23.379 761 761 D CompatibilityChangeReporter: Compat change id reported: 254631730; UID 10052; state: DISABLED
06-10 18:38:23.379 761 761 D CompatibilityChangeReporter: Compat change id reported: 273509367; UID 10052; state: DISABLED
06-10 18:38:23.379 761 761 D CompatibilityChangeReporter: Compat change id reported: 263259275; UID 10052; state: DISABLED
06-10 18:38:23.380 761 761 D CompatibilityChangeReporter: Compat change id reported: 174042980; UID 10052; state: DISABLED
06-10 18:38:23.381 761 761 D CompatibilityChangeReporter: Compat change id reported: 174042936; UID 10052; state: DISABLED
06-10 18:38:23.381 761 761 D CompatibilityChangeReporter: Compat change id reported: 181136395; UID 10052; state: DISABLED
06-10 18:38:23.398 761 761 D CompatibilityChangeReporter: Compat change id reported: 194480991; UID 10052; state: ENABLED
06-10 18:38:23.402 761 761 W ActivityTaskManager: startActivity called from non-Activity context; forcing Intent.FLAG_ACTIVITY_NEW_TASK for: Intent { flg=0x840000 cmp=com.android.systemui/.sensorprivacy.television.TvSensorPrivacyChangedActivity (has extras) }
06-10 18:38:23.404 761 833 I ActivityManager: Process WebViewLoader-armeabi-v7a (pid 1011) has died: psvc PER
06-10 18:38:23.409 761 761 D CompatibilityChangeReporter: Compat change id reported: 184838306; UID 10052; state: DISABLED
06-10 18:38:23.411 761 761 D CompatibilityChangeReporter: Compat change id reported: 185004937; UID 10052; state: DISABLED
06-10 18:38:23.415 761 761 D CompatibilityChangeReporter: Compat change id reported: 197654537; UID 10052; state: ENABLED
06-10 18:38:23.423 761 761 I ActivityTaskManager: START u0 {flg=0x840000 cmp=com.android.systemui/.sensorprivacy.television.TvSensorPrivacyChangedActivity (has extras)} with LAUNCH_SINGLE_TOP from uid 1000 (BAL_ALLOW_ALLOWLISTED_UID) result code=0
06-10 18:38:23.428 761 786 D DisplayManagerService: Drop pending events for gone uid 1037
06-10 18:38:23.429 761 761 W ActivityTaskManager: startActivity called from non-Activity context; forcing Intent.FLAG_ACTIVITY_NEW_TASK for: Intent { flg=0x840000 cmp=com.android.systemui/.sensorprivacy.television.TvSensorPrivacyChangedActivity (has extras) }
06-10 18:38:23.432 761 761 I ActivityTaskManager: START u0 {flg=0x840000 cmp=com.android.systemui/.sensorprivacy.television.TvSensorPrivacyChangedActivity (has extras)} with LAUNCH_SINGLE_TOP from uid 1000 (BAL_ALLOW_ALLOWLISTED_UID) result code=3
06-10 18:38:23.446 761 761 W ActivityTaskManager: startActivity called from non-Activity context; forcing Intent.FLAG_ACTIVITY_NEW_TASK for: Intent { flg=0x840000 cmp=com.android.systemui/.sensorprivacy.television.TvSensorPrivacyChangedActivity (has extras) }
06-10 18:38:23.454 761 761 I ActivityTaskManager: START u0 {flg=0x840000 cmp=com.android.systemui/.sensorprivacy.television.TvSensorPrivacyChangedActivity (has extras)} with LAUNCH_SINGLE_TOP from uid 1000 (BAL_ALLOW_ALLOWLISTED_UID) result code=3
06-10 18:38:23.462 761 795 D CountryDetector: Using custom country detector class: com.android.server.location.ComprehensiveCountryDetector
06-10 18:38:23.462 761 795 E CountryDetector: Could not instantiate the custom country detector class
06-10 18:38:23.463 761 795 D CountryDetector: Using default country detector
06-10 18:38:23.466 761 761 W ActivityTaskManager: startActivity called from non-Activity context; forcing Intent.FLAG_ACTIVITY_NEW_TASK for: Intent { flg=0x840000 cmp=com.android.systemui/.sensorprivacy.television.TvSensorPrivacyChangedActivity (has extras) }
06-10 18:38:23.476 761 761 I ActivityTaskManager: START u0 {flg=0x840000 cmp=com.android.systemui/.sensorprivacy.television.TvSensorPrivacyChangedActivity (has extras)} with LAUNCH_SINGLE_TOP from uid 1000 (BAL_ALLOW_ALLOWLISTED_UID) result code=3
06-10 18:38:23.477 761 761 W SystemServiceManager: Service com.android.server.sensorprivacy.SensorPrivacyService took 115 ms in onStartUser-0
06-10 18:38:23.477 761 761 D SystemServerTimingAsync: ssm.onStartUser-0_com.android.server.sensors.SensorService
06-10 18:38:23.477 761 761 D SystemServerTimingAsync: ssm.onStartUser-0_com.android.server.SystemConfigService
06-10 18:38:23.477 761 761 D SystemServerTimingAsync: ssm.onStartUser-0_com.android.server.BatteryService
06-10 18:38:23.477 761 761 D SystemServerTimingAsync: ssm.onStartUser-0_com.android.server.usage.UsageStatsService
06-10 18:38:23.477 761 761 D SystemServerTimingAsync: ssm.onStartUser-0_com.android.server.webkit.WebViewUpdateService
06-10 18:38:23.477 761 761 D SystemServerTimingAsync: ssm.onStartUser-0_com.android.server.CachedDeviceStateService
06-10 18:38:23.477 761 761 D SystemServerTimingAsync: ssm.onStartUser-0_com.android.server.BinderCallsStatsService$LifeCycle
06-10 18:38:23.477 761 761 D SystemServerTimingAsync: ssm.onStartUser-0_com.android.server.LooperStatsService$Lifecycle
06-10 18:38:23.477 761 761 D SystemServerTimingAsync: ssm.onStartUser-0_com.android.server.rollback.RollbackManagerService
06-10 18:38:23.477 761 761 D SystemServerTimingAsync: ssm.onStartUser-0_com.android.server.os.NativeTombstoneManagerService
06-10 18:38:23.477 761 761 D SystemServerTimingAsync: ssm.onStartUser-0_com.android.server.os.BugreportManagerService
06-10 18:38:23.477 761 761 D SystemServerTimingAsync: ssm.onStartUser-0_com.android.server.gpu.GpuService
06-10 18:38:23.477 761 761 D SystemServerTimingAsync: ssm.onStartUser-0_com.android.server.security.rkp.RemoteProvisioningService
06-10 18:38:23.477 761 761 D SystemServerTimingAsync: ssm.onStartUser-0_com.android.server.security.KeyChainSystemService
06-10 18:38:23.477 761 761 D SystemServerTimingAsync: ssm.onStartUser-0_com.android.server.BinaryTransparencyService
06-10 18:38:23.477 761 761 D SystemServerTimingAsync: ssm.onStartUser-0_com.android.server.accounts.AccountManagerService$Lifecycle
06-10 18:38:23.477 761 761 D SystemServerTimingAsync: ssm.onStartUser-0_com.android.server.content.ContentService$Lifecycle
06-10 18:38:23.477 761 761 D SystemServerTimingAsync: ssm.onStartUser-0_com.android.server.deviceconfig.DeviceConfigInit$Lifecycle
06-10 18:38:23.477 761 761 D SystemServerTimingAsync: ssm.onStartUser-0_com.android.server.DropBoxManagerService
06-10 18:38:23.477 761 761 D SystemServerTimingAsync: ssm.onStartUser-0_com.android.role.RoleService
06-10 18:38:23.484 761 761 D SystemServerTimingAsync: ssm.onStartUser-0_com.android.server.vibrator.VibratorManagerService$Lifecycle
06-10 18:38:23.484 761 761 D SystemServerTimingAsync: ssm.onStartUser-0_com.android.server.tare.InternalResourceService
06-10 18:38:23.484 761 761 D SystemServerTimingAsync: ssm.onStartUser-0_com.android.server.alarm.AlarmManagerService
06-10 18:38:23.484 761 761 D SystemServerTimingAsync: ssm.onStartUser-0_com.android.server.devicestate.DeviceStateManagerService
06-10 18:38:23.484 761 761 D SystemServerTimingAsync: ssm.onStartUser-0_com.android.server.camera.CameraServiceProxy
06-10 18:38:23.495 761 761 D SystemServerTimingAsync: ssm.onStartUser-0_com.android.server.bluetooth.BluetoothService
06-10 18:38:23.498 972 972 V WindowManagerShell: Adding init callback for DisplayChangeController
06-10 18:38:23.498 972 972 V WindowManagerShell: Adding init callback for DisplayController
06-10 18:38:23.499 972 972 V WindowManagerShell: Adding init callback for DisplayInsetsController
06-10 18:38:23.499 972 972 V WindowManagerShell: Adding init callback for DisplayImeController
06-10 18:38:23.499 972 972 V WindowManagerShell: Adding init callback for ShellController
06-10 18:38:23.502 761 871 D CompatibilityChangeReporter: Compat change id reported: 135634846; UID 1002; state: DISABLED
06-10 18:38:23.507 972 972 V WindowManagerShell: Adding init callback for DragAndDropController
06-10 18:38:23.522 761 797 I ActivityManager: Start proc 1073:com.android.bluetooth/1002 for service {com.android.bluetooth/com.android.bluetooth.btservice.AdapterService}
06-10 18:38:23.529 761 761 D SystemServerTimingAsync: ssm.onStartUser-0_com.android.server.connectivity.IpConnectivityMetrics
06-10 18:38:23.529 761 761 D SystemServerTimingAsync: ssm.onStartUser-0_com.android.server.net.watchlist.NetworkWatchlistService$Lifecycle
06-10 18:38:23.529 761 761 D SystemServerTimingAsync: ssm.onStartUser-0_com.android.server.PinnerService
06-10 18:38:23.529 761 761 D SystemServerTimingAsync: ssm.onStartUser-0_com.android.server.integrity.AppIntegrityManagerService
06-10 18:38:23.529 761 761 D SystemServerTimingAsync: ssm.onStartUser-0_com.android.server.logcat.LogcatManagerService
06-10 18:38:23.529 761 761 D SystemServerTimingAsync: ssm.onStartUser-0_com.android.server.inputmethod.InputMethodManagerService$Lifecycle
06-10 18:38:23.529 761 761 D SystemServerTimingAsync: ssm.onStartUser-0_com.android.server.accessibility.AccessibilityManagerService$Lifecycle
06-10 18:38:23.529 761 761 D SystemServerTimingAsync: ssm.onStartUser-0_com.android.server.StorageManagerService$Lifecycle
06-10 18:38:23.531 761 761 V StorageManagerService: Package com.dangbei.lerad.leradwatcher has legacy storage
06-10 18:38:23.532 761 761 V StorageManagerService: Package com.android.cts.priv.ctsshim does not have legacy storage
06-10 18:38:23.532 761 761 V StorageManagerService: Package com.android.uwb.resources does not have legacy storage
06-10 18:38:23.532 761 761 V StorageManagerService: Package com.android.adservices.api does not have legacy storage
06-10 18:38:23.532 761 761 V StorageManagerService: Package com.android.dynsystem does not have legacy storage
06-10 18:38:23.532 761 761 V StorageManagerService: Package com.dangbei.lerad.rocky does not have legacy storage
06-10 18:38:23.532 761 761 V StorageManagerService: Package com.android.healthconnect.controller does not have legacy storage
06-10 18:38:23.532 761 761 V StorageManagerService: Package com.android.providers.calendar does not have legacy storage
06-10 18:38:23.532 761 761 V StorageManagerService: Package com.android.tv.settings does not have legacy storage
06-10 18:38:23.532 761 761 V StorageManagerService: Package com.xiaodianshi.tv.yst has legacy storage
06-10 18:38:23.532 761 761 V StorageManagerService: Package com.android.providers.media does not have legacy storage
06-10 18:38:23.532 761 761 V StorageManagerService: Package com.android.health.connect.backuprestore does not have legacy storage
06-10 18:38:23.532 761 761 V StorageManagerService: Package com.android.virtualmachine.res does not have legacy storage
06-10 18:38:23.532 761 761 V StorageManagerService: Package com.dangbei.zhushou.os does not have legacy storage
06-10 18:38:23.532 761 761 V StorageManagerService: Package com.sohu.inputmethod.sogou.tv has legacy storage
06-10 18:38:23.532 761 761 V StorageManagerService: Package com.droidlogic.tvprovider.overlay does not have legacy storage
06-10 18:38:23.532 761 761 V StorageManagerService: Package com.android.externalstorage does not have legacy storage
06-10 18:38:23.532 761 761 V StorageManagerService: Package com.android.htmlviewer does not have legacy storage
06-10 18:38:23.532 761 761 V StorageManagerService: Package com.android.companiondevicemanager does not have legacy storage
06-10 18:38:23.532 761 761 V StorageManagerService: Package com.android.providers.downloads does not have legacy storage
06-10 18:38:23.533 761 761 V StorageManagerService: Package com.android.providers.tv does not have legacy storage
06-10 18:38:23.533 761 761 V StorageManagerService: Package com.droidlogic.mediacenter does not have legacy storage
06-10 18:38:23.533 761 761 V StorageManagerService: Package com.android.federatedcompute.services does not have legacy storage
06-10 18:38:23.533 761 761 V StorageManagerService: Package com.droidlogic does not have legacy storage
06-10 18:38:23.533 761 761 V StorageManagerService: Package com.droidlogic.tv.settings does not have legacy storage
06-10 18:38:23.533 761 761 V StorageManagerService: Package com.oranth.ledstatus does not have legacy storage
06-10 18:38:23.533 761 761 V StorageManagerService: Package com.android.tv.overlay.lps.disabled does not have legacy storage
06-10 18:38:23.533 761 761 V StorageManagerService: Package com.dangbei.lerad.videoposter has legacy storage
06-10 18:38:23.533 761 761 V StorageManagerService: Package com.android.tv.overlay.settingsprovider does not have legacy storage
06-10 18:38:23.533 761 761 V StorageManagerService: Package com.android.safetycenter.resources does not have legacy storage
06-10 18:38:23.533 761 761 V StorageManagerService: Package com.android.pacprocessor does not have legacy storage
06-10 18:38:23.533 761 761 V StorageManagerService: Package com.android.networkstack does not have legacy storage
06-10 18:38:23.533 761 761 V StorageManagerService: Package com.android.connectivity.resources does not have legacy storage
06-10 18:38:23.533 761 761 V StorageManagerService: Package com.android.modulemetadata does not have legacy storage
06-10 18:38:23.533 761 761 V StorageManagerService: Package com.android.certinstaller does not have legacy storage
06-10 18:38:23.534 761 761 V StorageManagerService: Package com.android.wifi.dialog does not have legacy storage
06-10 18:38:23.534 761 761 V StorageManagerService: Package android does not have legacy storage
06-10 18:38:23.534 761 761 V StorageManagerService: Package com.android.camera2 does not have legacy storage
06-10 18:38:23.534 761 761 V StorageManagerService: Package com.android.mtp does not have legacy storage
06-10 18:38:23.534 761 761 V StorageManagerService: Package com.android.backupconfirm does not have legacy storage
06-10 18:38:23.534 761 761 V StorageManagerService: Package com.android.systemui.auto_generated_rro_vendor__ does not have legacy storage
06-10 18:38:23.534 761 761 V StorageManagerService: Package com.android.tv.overlay.networkstack does not have legacy storage
06-10 18:38:23.534 761 761 V StorageManagerService: Package com.android.statementservice does not have legacy storage
06-10 18:38:23.534 761 761 V StorageManagerService: Package com.dangbei.screencast has legacy storage
06-10 18:38:23.534 761 761 V StorageManagerService: Package com.android.settings.intelligence does not have legacy storage
06-10 18:38:23.534 761 761 V StorageManagerService: Package com.dangbei.leard.leradlauncher does not have legacy storage
06-10 18:38:23.534 761 761 V StorageManagerService: Package com.android.providers.settings does not have legacy storage
06-10 18:38:23.534 761 761 V StorageManagerService: Package com.android.sharedstoragebackup does not have legacy storage
06-10 18:38:23.534 761 761 V StorageManagerService: Package com.android.printspooler does not have legacy storage
06-10 18:38:23.534 761 761 V StorageManagerService: Package com.android.dreams.basic does not have legacy storage
06-10 18:38:23.534 761 761 V StorageManagerService: Package com.android.webview does not have legacy storage
06-10 18:38:23.534 761 761 V StorageManagerService: Package com.android.se does not have legacy storage
06-10 18:38:23.534 761 761 V StorageManagerService: Package com.android.inputdevices does not have legacy storage
06-10 18:38:23.534 761 761 V StorageManagerService: Package com.android.rkpdapp does not have legacy storage
06-10 18:38:23.534 761 761 V StorageManagerService: Package com.android.tv.overlay.wifi.resources does not have legacy storage
06-10 18:38:23.534 761 761 V StorageManagerService: Package com.oranth.inputmacsn does not have legacy storage
06-10 18:38:23.534 761 761 V StorageManagerService: Package com.android.musicfx does not have legacy storage
06-10 18:38:23.534 761 761 V StorageManagerService: Package com.dangbei.hqguide does not have legacy storage
06-10 18:38:23.534 761 761 V StorageManagerService: Package com.dangbei.hqmedia does not have legacy storage
06-10 18:38:23.534 761 761 V StorageManagerService: Package com.droidlogic.systemui.overlay does not have legacy storage
06-10 18:38:23.534 761 761 V StorageManagerService: Package android.ext.shared does not have legacy storage
06-10 18:38:23.535 761 761 V StorageManagerService: Package com.android.keychain does not have legacy storage
06-10 18:38:23.535 761 761 V StorageManagerService: Package com.dlg.framework.overlay does not have legacy storage
06-10 18:38:23.535 761 761 V StorageManagerService: Package android.ext.services does not have legacy storage
06-10 18:38:23.535 761 761 V StorageManagerService: Package com.android.wifi.resources does not have legacy storage
06-10 18:38:23.535 761 761 V StorageManagerService: Package com.android.cameraextensions does not have legacy storage
06-10 18:38:23.535 761 761 V StorageManagerService: Package com.android.localtransport does not have legacy storage
06-10 18:38:23.535 761 761 V StorageManagerService: Package com.android.networkstack.tethering.droidlogic does not have legacy storage
06-10 18:38:23.535 761 761 V StorageManagerService: Package com.droidlogic.mictoggle does not have legacy storage
06-10 18:38:23.535 761 761 V StorageManagerService: Package com.android.packageinstaller does not have legacy storage
06-10 18:38:23.535 761 761 V StorageManagerService: Package com.cskj.factorytest does not have legacy storage
06-10 18:38:23.535 761 761 V StorageManagerService: Package com.android.proxyhandler does not have legacy storage
06-10 18:38:23.535 761 761 V StorageManagerService: Package com.android.intentresolver does not have legacy storage
06-10 18:38:23.535 761 761 V StorageManagerService: Package com.android.nearby.halfsheet does not have legacy storage
06-10 18:38:23.535 761 761 V StorageManagerService: Package com.android.managedprovisioning does not have legacy storage
06-10 18:38:23.535 761 761 V StorageManagerService: Package com.oranth.usbopenft does not have legacy storage
06-10 18:38:23.535 761 761 V StorageManagerService: Package com.android.networkstack.tethering does not have legacy storage
06-10 18:38:23.536 761 761 V StorageManagerService: Package com.android.soundpicker does not have legacy storage
06-10 18:38:23.536 761 761 V StorageManagerService: Package com.dangbei.lerad.etna.haqu does not have legacy storage
06-10 18:38:23.536 761 761 V StorageManagerService: Package com.droidlogic.miracast does not have legacy storage
06-10 18:38:23.536 761 761 V StorageManagerService: Package com.amlogic.tv.overlay.matchcontent does not have legacy storage
06-10 18:38:23.536 761 761 V StorageManagerService: Package com.droidlogic.wifitetheringoverlay does not have legacy storage
06-10 18:38:23.536 761 761 V StorageManagerService: Package com.tv.filemanager.os has legacy storage
06-10 18:38:23.536 761 761 V StorageManagerService: Package com.oranth.powerwindow does not have legacy storage
06-10 18:38:23.536 761 761 V StorageManagerService: Package com.android.cts.ctsshim does not have legacy storage
06-10 18:38:23.536 761 761 V StorageManagerService: Package com.dangbei.lerad.screensaver does not have legacy storage
06-10 18:38:23.536 761 761 V StorageManagerService: Package com.droidlogic.wifion does not have legacy storage
06-10 18:38:23.536 761 761 V StorageManagerService: Package com.android.vpndialogs does not have legacy storage
