06-10 19:55:22.230 740 740 D SystemServerTiming: OnBootPhase_550_com.android.server.textclassifier.TextClassificationManagerService$Lifecycle
06-10 19:55:22.230 740 740 D SystemServerTiming: OnBootPhase_550_com.android.server.NetworkScoreService$Lifecycle
06-10 19:55:22.230 740 740 D SystemServerTiming: OnBootPhase_550_com.android.server.NetworkStatsServiceInitializer
06-10 19:55:22.264 740 740 D SystemServerTiming: OnBootPhase_550_com.android.server.wifi.WifiService
06-10 19:55:22.264 740 740 D SystemServerTiming: OnBootPhase_550_com.android.server.wifi.scanner.WifiScanningService
06-10 19:55:22.264 740 740 D SystemServerTiming: OnBootPhase_550_com.android.server.wifi.p2p.WifiP2pService
06-10 19:55:22.264 740 740 D SystemServerTiming: OnBootPhase_550_com.android.server.ConnectivityServiceInitializer
06-10 19:55:22.264 740 740 D SystemServerTiming: OnBootPhase_550_com.android.server.notification.NotificationManagerService
06-10 19:55:22.264 740 740 D SystemServerTiming: OnBootPhase_550_com.android.server.storage.DeviceStorageMonitorService
06-10 19:55:22.264 740 740 D SystemServerTiming: OnBootPhase_550_com.android.server.timedetector.TimeDetectorService$Lifecycle
06-10 19:55:22.264 740 740 D SystemServerTiming: OnBootPhase_550_com.android.server.location.LocationManagerService$Lifecycle
06-10 19:55:22.264 740 740 D SystemServerTiming: OnBootPhase_550_com.android.server.timezonedetector.TimeZoneDetectorService$Lifecycle
06-10 19:55:22.264 740 740 D SystemServerTiming: OnBootPhase_550_com.android.server.location.altitude.AltitudeService$Lifecycle
06-10 19:55:22.264 740 740 D SystemServerTiming: OnBootPhase_550_com.android.server.timezonedetector.location.LocationTimeZoneManagerService$Lifecycle
06-10 19:55:22.264 740 740 D SystemServerTiming: OnBootPhase_550_com.android.server.search.SearchManagerService$Lifecycle
06-10 19:55:22.264 740 740 D SystemServerTiming: OnBootPhase_550_com.android.server.wallpaper.WallpaperManagerService$Lifecycle
06-10 19:55:22.265 740 740 V WallpaperManagerService: bindWallpaperComponentLocked: componentName=ComponentInfo{com.android.systemui/com.android.systemui.wallpapers.ImageWallpaper}
06-10 19:55:22.265 740 740 D WallpaperManagerService: WPMS.bindWallpaperComponentLocked-ComponentInfo{com.android.systemui/com.android.systemui.wallpapers.ImageWallpaper}
06-10 19:55:22.272 740 740 D CompatibilityChangeReporter: Compat change id reported: 135634846; UID 10052; state: DISABLED
06-10 19:55:22.273 740 740 D CompatibilityChangeReporter: Compat change id reported: 177438394; UID 10052; state: DISABLED
06-10 19:55:22.273 740 740 D CompatibilityChangeReporter: Compat change id reported: 135772972; UID 10052; state: DISABLED
06-10 19:55:22.274 740 740 D CompatibilityChangeReporter: Compat change id reported: 135754954; UID 10052; state: ENABLED
06-10 19:55:22.280 740 816 D CompatibilityChangeReporter: Compat change id reported: 143937733; UID 10052; state: ENABLED
06-10 19:55:22.282 740 740 I WallpaperDataParser: No static wallpaper imagery; defaults will be shown
06-10 19:55:22.290 740 740 D WallpaperCropper: WPMS.generateCrop
06-10 19:55:22.291 740 740 W WallpaperCropper: Invalid wallpaper data
06-10 19:55:22.291 740 740 E WallpaperCropper: Unable to apply new wallpaper
06-10 19:55:22.293 740 740 D SystemServerTiming: OnBootPhase_550_com.android.server.wallpapereffectsgeneration.WallpaperEffectsGenerationManagerService
06-10 19:55:22.293 740 740 D SystemServerTiming: OnBootPhase_550_com.android.server.audio.AudioService$Lifecycle
06-10 19:55:22.293 740 740 D SystemServerTiming: OnBootPhase_550_com.android.server.soundtrigger_middleware.SoundTriggerMiddlewareService$Lifecycle
06-10 19:55:22.293 740 740 D SystemServerTiming: OnBootPhase_550_com.android.server.adb.AdbService$Lifecycle
06-10 19:55:22.294 740 740 D SystemServerTiming: OnBootPhase_550_com.android.server.usb.UsbService$Lifecycle
06-10 19:55:22.294 740 740 D SystemServerTiming: OnBootPhase_550_com.android.server.twilight.TwilightService
06-10 19:55:22.294 740 740 D SystemServerTiming: OnBootPhase_550_com.android.server.display.color.ColorDisplayService
06-10 19:55:22.294 740 740 D SystemServerTiming: OnBootPhase_550_com.android.server.job.JobSchedulerService
06-10 19:55:22.294 740 740 D SystemServerTiming: OnBootPhase_550_com.android.server.soundtrigger.SoundTriggerService
06-10 19:55:22.294 740 740 D SoundTriggerService: onBootPhase: 550 : false
06-10 19:55:22.295 740 816 I ActivityManager: Start proc 982:com.android.systemui/u0a52 for service {com.android.systemui/com.android.systemui.wallpapers.ImageWallpaper}
06-10 19:55:22.295 740 811 D SystemServerTimingAsync: InitThreadPoolExec:UsbService$Lifecycle#onBootPhase
06-10 19:55:22.297 740 799 I UsbPortManager: all: opID:1 successful
06-10 19:55:22.299 740 740 D SystemServerTiming: OnBootPhase_550_com.android.server.trust.TrustManagerService
06-10 19:55:22.299 740 740 D SystemServerTiming: OnBootPhase_550_com.android.server.backup.BackupManagerService$Lifecycle
06-10 19:55:22.299 740 740 D SystemServerTiming: OnBootPhase_550_com.android.server.appwidget.AppWidgetService
06-10 19:55:22.299 740 740 D SystemServerTiming: OnBootPhase_550_com.android.server.voiceinteraction.VoiceInteractionManagerService
06-10 19:55:22.299 740 740 D SystemServerTiming: OnBootPhase_550_com.android.server.GestureLauncherService
06-10 19:55:22.299 740 740 D SystemServerTiming: OnBootPhase_550_com.android.server.SensorNotificationService
06-10 19:55:22.299 740 740 D SystemServerTiming: OnBootPhase_550_com.android.server.emergency.EmergencyAffordanceService
06-10 19:55:22.299 740 740 D SystemServerTiming: OnBootPhase_550_com.android.server.blob.BlobStoreManagerService
06-10 19:55:22.300 740 740 D SystemServerTiming: OnBootPhase_550_com.android.server.dreams.DreamManagerService
06-10 19:55:22.301 740 740 D SystemServerTiming: OnBootPhase_550_com.android.server.security.AttestationVerificationManagerService
06-10 19:55:22.301 740 740 D SystemServerTiming: OnBootPhase_550_com.android.server.restrictions.RestrictionsManagerService
06-10 19:55:22.301 740 740 D SystemServerTiming: OnBootPhase_550_com.android.server.media.MediaSessionService
06-10 19:55:22.302 740 740 D SystemServerTiming: OnBootPhase_550_com.android.server.hdmi.HdmiControlService
06-10 19:55:22.302 740 740 D SystemServerTiming: OnBootPhase_550_com.android.server.tv.interactive.TvInteractiveAppManagerService
06-10 19:55:22.302 740 740 D SystemServerTiming: OnBootPhase_550_com.android.server.tv.TvInputManagerService
06-10 19:55:22.302 740 740 D SystemServerTiming: OnBootPhase_550_com.android.server.media.MediaResourceMonitorService
06-10 19:55:22.302 740 740 D SystemServerTiming: OnBootPhase_550_com.android.server.tv.TvRemoteService
06-10 19:55:22.302 740 740 D SystemServerTiming: OnBootPhase_550_com.android.server.biometrics.BiometricService
06-10 19:55:22.302 740 740 D SystemServerTiming: OnBootPhase_550_com.android.server.biometrics.AuthService
06-10 19:55:22.302 740 740 D SystemServerTiming: OnBootPhase_550_com.android.server.pm.ShortcutService$Lifecycle
06-10 19:55:22.302 740 740 D SystemServerTiming: OnBootPhase_550_com.android.server.pm.LauncherAppsService
06-10 19:55:22.302 740 740 D SystemServerTiming: OnBootPhase_550_com.android.server.pm.CrossProfileAppsService
06-10 19:55:22.302 740 740 D SystemServerTiming: OnBootPhase_550_com.android.server.people.PeopleService
06-10 19:55:22.302 740 740 D SystemServerTiming: OnBootPhase_550_com.android.server.media.metrics.MediaMetricsManagerService
06-10 19:55:22.302 740 740 D SystemServerTiming: OnBootPhase_550_com.android.server.pm.BackgroundInstallControlService
06-10 19:55:22.302 740 740 D SystemServerTiming: OnBootPhase_550_com.android.server.media.projection.MediaProjectionManagerService
06-10 19:55:22.302 740 740 D SystemServerTiming: OnBootPhase_550_com.android.server.slice.SliceManagerService$Lifecycle
06-10 19:55:22.302 740 740 D SystemServerTiming: OnBootPhase_550_com.android.server.stats.StatsCompanion$Lifecycle
06-10 19:55:22.302 740 740 D SystemServerTiming: OnBootPhase_550_com.android.server.scheduling.RebootReadinessManagerService$Lifecycle
06-10 19:55:22.302 740 740 D SystemServerTiming: OnBootPhase_550_com.android.server.stats.pull.StatsPullAtomService
06-10 19:55:22.302 740 740 D SystemServerTiming: OnBootPhase_550_com.android.server.stats.bootstrap.StatsBootstrapAtomService$Lifecycle
06-10 19:55:22.302 740 740 D SystemServerTiming: OnBootPhase_550_com.android.server.incident.IncidentCompanionService
06-10 19:55:22.302 740 740 D SystemServerTiming: OnBootPhase_550_com.android.server.sdksandbox.SdkSandboxManagerService$Lifecycle
06-10 19:55:22.302 740 740 D SystemServerTiming: OnBootPhase_550_com.android.server.adservices.AdServicesManagerService$Lifecycle
06-10 19:55:22.302 740 740 D SystemServerTiming: OnBootPhase_550_com.android.server.ondevicepersonalization.OnDevicePersonalizationSystemService$Lifecycle
06-10 19:55:22.302 740 740 D SystemServerTiming: OnBootPhase_550_com.android.server.autofill.AutofillManagerService
06-10 19:55:22.302 740 740 D SystemServerTiming: OnBootPhase_550_com.android.server.clipboard.ClipboardService
06-10 19:55:22.302 740 740 D SystemServerTiming: OnBootPhase_550_com.android.server.appbinding.AppBindingService$Lifecycle
06-10 19:55:22.313 740 983 D UsbHostManager: USB device attached: vidpid 046d:c092 mfg/product/ver/serial Logitech/G102 LIGHTSYNC Gaming Mouse/52.00/205B36775633 hasAudio/HID/Storage: false/true/false
06-10 19:55:22.331 740 816 W ActivityManager: Slow operation: 60ms so far, now at startProcess: done updating pids map
06-10 19:55:22.333 740 934 W BroadcastLoopers: Found previously unknown looper Thread[AudioDeviceBroker,5,main]
06-10 19:55:22.336 740 740 I AppBindingService: Updating constants with: null
06-10 19:55:22.336 740 740 D SystemServerTiming: OnBootPhase_550_com.android.server.tracing.TracingServiceProxy
06-10 19:55:22.336 740 740 D SystemServerTiming: OnBootPhase_550_com.android.server.policy.PermissionPolicyService
06-10 19:55:22.336 740 740 D SystemServerTiming: Permission_grant_default_permissions-0
06-10 19:55:22.336 740 740 D SystemServerTiming: Permission_synchronize_permissions-0
06-10 19:55:22.337 740 740 D SystemServerTiming: Permission_synchronize_addPackages-0
06-10 19:55:22.342 740 937 D HDMI : Process pid:740 is calling addHotplugEventListener
06-10 19:55:22.364 740 852 D GameManagerService: User ID '0' does not have a Game Mode selected for package: 'com.android.systemui'
06-10 19:55:22.365 740 852 D CompatibilityChangeReporter: Compat change id reported: 168419799; UID 10052; state: DISABLED
06-10 19:55:22.365 740 852 D CompatibilityChangeReporter: Compat change id reported: 273564678; UID 10052; state: DISABLED
06-10 19:55:22.369 740 983 D UsbHostManager: Added device UsbDevice[mName=/dev/bus/usb/003/002,mVendorId=1133,mProductId=49298,mClass=0,mSubclass=0,mProtocol=0,mManufacturerName=Logitech,mProductName=G102 LIGHTSYNC Gaming Mouse,mVersion=52.00,mSerialNumberReader=com.android.server.usb.UsbSerialReader@2d6b20b, mHasAudioPlayback=false, mHasAudioCapture=false, mHasMidi=false, mHasVideoCapture=false, mHasVideoPlayback=false, mConfigurations=[
06-10 19:55:22.369 740 983 D UsbHostManager: UsbConfiguration[mId=1,mName=U152.00_B0010 ,mAttributes=160,mMaxPower=150,mInterfaces=[
06-10 19:55:22.369 740 983 D UsbHostManager: UsbInterface[mId=0,mAlternateSetting=0,mName=null,mClass=3,mSubclass=1,mProtocol=2,mEndpoints=[
06-10 19:55:22.369 740 983 D UsbHostManager: UsbEndpoint[mAddress=129,mAttributes=3,mMaxPacketSize=8,mInterval=1]]
06-10 19:55:22.369 740 983 D UsbHostManager: UsbInterface[mId=1,mAlternateSetting=0,mName=null,mClass=3,mSubclass=0,mProtocol=0,mEndpoints=[
06-10 19:55:22.369 740 983 D UsbHostManager: UsbEndpoint[mAddress=130,mAttributes=3,mMaxPacketSize=20,mInterval=1]]]]
06-10 19:55:22.392 320 335 I keystore2: system/security/keystore2/src/watchdog.rs:319 - Watchdog thread idle -> terminating. Have a great day.
06-10 19:55:22.395 740 860 D CompatibilityChangeReporter: Compat change id reported: 265195908; UID 10052; state: ENABLED
06-10 19:55:22.402 740 815 I ActivityManager: com.droidlogic is exempt from freezer
06-10 19:55:22.402 740 815 D CompatibilityChangeReporter: Compat change id reported: 135634846; UID 1000; state: DISABLED
06-10 19:55:22.415 740 852 D CompatibilityChangeReporter: Compat change id reported: 170503758; UID 10052; state: ENABLED
06-10 19:55:22.421 740 816 I ActivityManager: Start proc 998:com.droidlogic/1000 for broadcast {com.droidlogic/com.droidlogic.UsbCameraReceiver}
06-10 19:55:22.515 740 740 D SystemServerTiming: Permission_syncPackages-0
06-10 19:55:22.516 740 740 D SystemServerTiming: Permission_onInitialized-0
06-10 19:55:22.516 740 740 I PermissionManager: Permission ownership changed. Updating all permissions.
06-10 19:55:22.517 740 740 W PermissionManager: Package com.android.adservices.api is an APK in APEX, but has permission allowlist on the system image. Please bundle the allowlist in the com.android.adservices APEX instead.
06-10 19:55:22.562 740 983 E UsbAlsaManager: usbDeviceAdded(): cannot find sound card for /dev/bus/usb/003/002
06-10 19:55:22.572 740 852 D GameManagerService: User ID '0' does not have a Game Mode selected for package: 'com.droidlogic'
06-10 19:55:22.573 740 852 D CompatibilityChangeReporter: Compat change id reported: 168419799; UID 1000; state: DISABLED
06-10 19:55:22.575 740 852 D CompatibilityChangeReporter: Compat change id reported: 273564678; UID 1000; state: DISABLED
06-10 19:55:22.619 740 937 D AudioService: No vibrator found
06-10 19:55:22.625 740 740 W PermissionManager: Package com.android.providers.media.module is an APK in APEX, but has permission allowlist on the system image. Please bundle the allowlist in the com.android.mediaprovider APEX instead.
06-10 19:55:22.625 740 740 W PermissionManager: Package com.android.providers.media.module is an APK in APEX, but has permission allowlist on the system image. Please bundle the allowlist in the com.android.mediaprovider APEX instead.
06-10 19:55:22.625 740 740 W PermissionManager: Package com.android.providers.media.module is an APK in APEX, but has permission allowlist on the system image. Please bundle the allowlist in the com.android.mediaprovider APEX instead.
06-10 19:55:22.625 740 740 W PermissionManager: Package com.android.providers.media.module is an APK in APEX, but has permission allowlist on the system image. Please bundle the allowlist in the com.android.mediaprovider APEX instead.
06-10 19:55:22.625 740 740 W PermissionManager: Package com.android.providers.media.module is an APK in APEX, but has permission allowlist on the system image. Please bundle the allowlist in the com.android.mediaprovider APEX instead.
06-10 19:55:22.625 740 740 W PermissionManager: Package com.android.providers.media.module is an APK in APEX, but has permission allowlist on the system image. Please bundle the allowlist in the com.android.mediaprovider APEX instead.
06-10 19:55:22.625 740 740 W PermissionManager: Package com.android.providers.media.module is an APK in APEX, but has permission allowlist on the system image. Please bundle the allowlist in the com.android.mediaprovider APEX instead.
06-10 19:55:22.625 740 740 W PermissionManager: Package com.android.providers.media.module is an APK in APEX, but has permission allowlist on the system image. Please bundle the allowlist in the com.android.mediaprovider APEX instead.
06-10 19:55:22.625 740 740 W PermissionManager: Package com.android.providers.media.module is an APK in APEX, but has permission allowlist on the system image. Please bundle the allowlist in the com.android.mediaprovider APEX instead.
06-10 19:55:22.625 740 740 W PermissionManager: Package com.android.providers.media.module is an APK in APEX, but has permission allowlist on the system image. Please bundle the allowlist in the com.android.mediaprovider APEX instead.
06-10 19:55:22.625 740 740 W PermissionManager: Package com.android.providers.media.module is an APK in APEX, but has permission allowlist on the system image. Please bundle the allowlist in the com.android.mediaprovider APEX instead.
06-10 19:55:22.625 740 740 W PermissionManager: Package com.android.providers.media.module is an APK in APEX, but has permission allowlist on the system image. Please bundle the allowlist in the com.android.mediaprovider APEX instead.
06-10 19:55:22.625 740 740 W PermissionManager: Package com.android.providers.media.module is an APK in APEX, but has permission allowlist on the system image. Please bundle the allowlist in the com.android.mediaprovider APEX instead.
06-10 19:55:22.658 740 740 W SystemServiceManager: Service com.android.server.policy.PermissionPolicyService took 322 ms in onBootPhase
06-10 19:55:22.658 740 740 D SystemServerTiming: OnBootPhase_550_com.android.server.pm.StagingManager$Lifecycle
06-10 19:55:22.658 740 740 D SystemServerTiming: OnBootPhase_550_com.android.server.app.GameManagerService$Lifecycle
06-10 19:55:22.658 740 740 D SystemServerTiming: OnBootPhase_550_com.android.safetycenter.SafetyCenterService
06-10 19:55:22.658 740 740 D SystemServerTiming: OnBootPhase_550_com.android.server.appsearch.AppSearchModule$Lifecycle
06-10 19:55:22.658 740 740 D SystemServerTiming: OnBootPhase_550_com.android.server.media.MediaCommunicationService
06-10 19:55:22.658 740 740 D SystemServerTiming: OnBootPhase_550_com.android.server.compat.overrides.AppCompatOverridesService$Lifecycle
06-10 19:55:22.658 740 740 D SystemServerTiming: OnBootPhase_550_com.android.server.healthconnect.HealthConnectManagerService
06-10 19:55:22.658 740 740 D SystemServerTiming: OnBootPhase_550_com.android.server.devicelock.DeviceLockService
06-10 19:55:22.658 740 740 D DeviceLockService: onBootPhase: 550
06-10 19:55:22.658 740 740 D SystemServerTiming: StartObservingNativeCrashes
06-10 19:55:22.659 740 740 D SystemServerTiming: RegisterAppOpsPolicy
06-10 19:55:22.662 740 866 D SystemServerTimingAsync: InitThreadPoolExec:WebViewFactoryPreparation
06-10 19:55:22.662 740 866 I SystemServer: WebViewFactoryPreparation
06-10 19:55:22.662 740 866 D SystemServerTimingAsync: WebViewFactoryPreparation
06-10 19:55:22.662 740 740 D SystemServerTiming: MakeNetworkManagementServiceReady
06-10 19:55:22.668 740 866 I ActivityManager: android is exempt from freezer
06-10 19:55:22.669 740 866 D CompatibilityChangeReporter: Compat change id reported: 135634846; UID 1000; state: DISABLED
06-10 19:55:22.669 740 866 D CompatibilityChangeReporter: Compat change id reported: 177438394; UID 1000; state: DISABLED
06-10 19:55:22.669 740 866 D CompatibilityChangeReporter: Compat change id reported: 135772972; UID 1000; state: DISABLED
06-10 19:55:22.670 740 866 D CompatibilityChangeReporter: Compat change id reported: 178038272; UID 1000; state: DISABLED
06-10 19:55:22.680 740 740 D SystemServerTiming: MakeConnectivityServiceReady
06-10 19:55:22.685 740 816 I ActivityManager: Start proc 1031:WebViewLoader-armeabi-v7a/1037 [android.webkit.WebViewLibraryLoader$RelroFileCreator] for
06-10 19:55:22.691 740 822 W BatteryExternalStatsWorker: error reading modem stats:ERROR_PHONE_NOT_AVAILABLE
06-10 19:55:22.718 740 852 D GameManagerService: User ID '0' does not have a Game Mode selected for package: 'android'
06-10 19:55:22.719 740 852 D CompatibilityChangeReporter: Compat change id reported: 168419799; UID 1000; state: DISABLED
06-10 19:55:22.719 740 852 D CompatibilityChangeReporter: Compat change id reported: 273564678; UID 1000; state: DISABLED
06-10 19:55:22.726 541 570 E android.hardware.wifi-service.droidlogic: get aml true wifi is aml_w2_s
06-10 19:55:22.731 541 570 E android.hardware.wifi-service.droidlogic: multiwifi will rmmod wifi comm
06-10 19:55:22.755 541 570 I android.hardware.wifi-service.droidlogic: found the match wifi is: aml_w2_s
06-10 19:55:22.755 541 570 I android.hardware.wifi-service.droidlogic: insmod driver: /vendor/lib/modules/w2_comm.ko
06-10 19:55:22.759 740 914 W NetworkPolicy: setRestrictBackgroundUL: already false
06-10 19:55:22.790 541 570 I android.hardware.wifi-service.droidlogic: insmod driver: /vendor/lib/modules/aml_bt.ko
06-10 19:55:22.827 541 570 I android.hardware.wifi-service.droidlogic: insmod driver: /vendor/lib/modules/w2.ko
06-10 19:55:22.858 740 913 W BroadcastLoopers: Found previously unknown looper Thread[NetworkStats,5,main]
06-10 19:55:22.879 740 740 D SystemServerTiming: MakeVpnManagerServiceReady
06-10 19:55:22.886 740 740 D SystemServerTiming: MakeVcnManagementServiceReady
06-10 19:55:22.894 740 740 D SystemServerTiming: MakeNetworkPolicyServiceReady
06-10 19:55:22.909 740 740 D SystemServerTiming: PhaseThirdPartyAppsCanStart
06-10 19:55:22.909 740 740 I SystemServiceManager: Starting phase 600
06-10 19:55:22.909 740 740 D SystemServerTiming: OnBootPhase_600
06-10 19:55:22.909 740 740 D SystemServerTiming: OnBootPhase_600_com.android.server.security.FileIntegrityService
06-10 19:55:22.909 740 740 D SystemServerTiming: OnBootPhase_600_com.android.server.pm.Installer
06-10 19:55:22.909 740 740 D SystemServerTiming: OnBootPhase_600_com.android.server.os.DeviceIdentifiersPolicyService
06-10 19:55:22.909 740 740 D SystemServerTiming: OnBootPhase_600_com.android.server.flags.FeatureFlagsService
06-10 19:55:22.909 740 740 D SystemServerTiming: OnBootPhase_600_com.android.server.uri.UriGrantsManagerService$Lifecycle
06-10 19:55:22.909 740 740 D SystemServerTiming: OnBootPhase_600_com.android.server.powerstats.PowerStatsService
06-10 19:55:22.909 740 740 D SystemServerTiming: OnBootPhase_600_com.android.server.permission.access.AccessCheckingService
06-10 19:55:22.909 740 740 D SystemServerTiming: OnBootPhase_600_com.android.server.wm.ActivityTaskManagerService$Lifecycle
06-10 19:55:22.909 740 740 D SystemServerTiming: OnBootPhase_600_com.android.server.am.ActivityManagerService$Lifecycle
06-10 19:55:22.914 740 740 I ExplicitHealthCheckController: Explicit health checks enabled.
06-10 19:55:22.914 740 740 I PackageWatchdog: Syncing state, reason: health check state enabled
06-10 19:55:22.915 740 814 I PackageWatchdog: Saving observer state to file
06-10 19:55:22.916 740 740 D SystemServerTiming: OnBootPhase_600_com.android.server.pm.DataLoaderManagerService
06-10 19:55:22.917 740 740 D SystemServerTiming: OnBootPhase_600_com.android.server.power.PowerManagerService
06-10 19:55:22.919 740 740 D SystemServerTiming: OnBootPhase_600_com.android.server.power.ThermalManagerService
06-10 19:55:22.919 740 740 D SystemServerTiming: OnBootPhase_600_com.android.server.power.hint.HintManagerService
06-10 19:55:22.919 740 740 D SystemServerTiming: OnBootPhase_600_com.android.server.recoverysystem.RecoverySystemService$Lifecycle
06-10 19:55:22.919 740 740 D SystemServerTiming: OnBootPhase_600_com.android.server.lights.LightsService
06-10 19:55:22.919 740 740 D SystemServerTiming: OnBootPhase_600_com.android.server.display.DisplayManagerService
06-10 19:55:22.919 740 740 D SystemServerTiming: OnBootPhase_600_com.android.server.pm.verify.domain.DomainVerificationService
06-10 19:55:22.919 740 740 D SystemServerTiming: OnBootPhase_600_com.android.server.pm.PackageInstallerService$Lifecycle
06-10 19:55:22.919 740 740 D SystemServerTiming: OnBootPhase_600_com.android.server.pm.UserManagerService$LifeCycle
06-10 19:55:22.919 740 740 D SystemServerTiming: OnBootPhase_600_com.android.server.om.OverlayManagerService
06-10 19:55:22.919 740 740 D SystemServerTiming: OnBootPhase_600_com.android.server.resources.ResourcesManagerService
06-10 19:55:22.919 740 740 D SystemServerTiming: OnBootPhase_600_com.android.server.sensorprivacy.SensorPrivacyService
06-10 19:55:22.919 740 740 D SystemServerTiming: OnBootPhase_600_com.android.server.sensors.SensorService
06-10 19:55:22.919 740 740 D SystemServerTiming: OnBootPhase_600_com.android.server.SystemConfigService
06-10 19:55:22.919 740 740 D SystemServerTiming: OnBootPhase_600_com.android.server.BatteryService
06-10 19:55:22.919 740 740 D SystemServerTiming: OnBootPhase_600_com.android.server.usage.UsageStatsService
06-10 19:55:22.919 740 740 D SystemServerTiming: OnBootPhase_600_com.android.server.webkit.WebViewUpdateService
06-10 19:55:22.919 740 740 D SystemServerTiming: OnBootPhase_600_com.android.server.CachedDeviceStateService
06-10 19:55:22.919 740 740 D SystemServerTiming: OnBootPhase_600_com.android.server.BinderCallsStatsService$LifeCycle
06-10 19:55:22.920 740 740 D SystemServerTiming: OnBootPhase_600_com.android.server.LooperStatsService$Lifecycle
06-10 19:55:22.920 740 740 D SystemServerTiming: OnBootPhase_600_com.android.server.rollback.RollbackManagerService
06-10 19:55:22.920 740 740 D SystemServerTiming: OnBootPhase_600_com.android.server.os.NativeTombstoneManagerService
06-10 19:55:22.920 740 740 D SystemServerTiming: OnBootPhase_600_com.android.server.os.BugreportManagerService
06-10 19:55:22.920 740 740 D SystemServerTiming: OnBootPhase_600_com.android.server.gpu.GpuService
06-10 19:55:22.920 740 740 D SystemServerTiming: OnBootPhase_600_com.android.server.security.rkp.RemoteProvisioningService
06-10 19:55:22.920 740 740 D SystemServerTiming: OnBootPhase_600_com.android.server.security.KeyChainSystemService
06-10 19:55:22.920 740 740 D SystemServerTiming: OnBootPhase_600_com.android.server.BinaryTransparencyService
06-10 19:55:22.920 740 740 D SystemServerTiming: OnBootPhase_600_com.android.server.accounts.AccountManagerService$Lifecycle
06-10 19:55:22.920 740 740 D SystemServerTiming: OnBootPhase_600_com.android.server.content.ContentService$Lifecycle
06-10 19:55:22.920 740 740 D SystemServerTiming: OnBootPhase_600_com.android.server.deviceconfig.DeviceConfigInit$Lifecycle
06-10 19:55:22.920 740 740 D SystemServerTiming: OnBootPhase_600_com.android.server.DropBoxManagerService
06-10 19:55:22.920 740 740 D SystemServerTiming: OnBootPhase_600_com.android.role.RoleService
06-10 19:55:22.920 740 740 D SystemServerTiming: OnBootPhase_600_com.android.server.vibrator.VibratorManagerService$Lifecycle
06-10 19:55:22.920 740 740 D SystemServerTiming: OnBootPhase_600_com.android.server.tare.InternalResourceService
06-10 19:55:22.920 740 740 D SystemServerTiming: OnBootPhase_600_com.android.server.alarm.AlarmManagerService
06-10 19:55:22.920 740 740 D SystemServerTiming: OnBootPhase_600_com.android.server.devicestate.DeviceStateManagerService
06-10 19:55:22.920 740 740 D SystemServerTiming: OnBootPhase_600_com.android.server.camera.CameraServiceProxy
06-10 19:55:22.920 740 740 D SystemServerTiming: OnBootPhase_600_com.android.server.bluetooth.BluetoothService
06-10 19:55:22.920 740 740 D SystemServerTiming: OnBootPhase_600_com.android.server.connectivity.IpConnectivityMetrics
06-10 19:55:22.920 740 740 D SystemServerTiming: OnBootPhase_600_com.android.server.net.watchlist.NetworkWatchlistService$Lifecycle
06-10 19:55:22.920 740 740 D SystemServerTiming: OnBootPhase_600_com.android.server.PinnerService
06-10 19:55:22.920 740 740 D SystemServerTiming: OnBootPhase_600_com.android.server.integrity.AppIntegrityManagerService
06-10 19:55:22.920 740 740 D SystemServerTiming: OnBootPhase_600_com.android.server.logcat.LogcatManagerService
06-10 19:55:22.920 740 740 D SystemServerTiming: OnBootPhase_600_com.android.server.inputmethod.InputMethodManagerService$Lifecycle
06-10 19:55:22.920 740 740 D SystemServerTiming: OnBootPhase_600_com.android.server.accessibility.AccessibilityManagerService$Lifecycle
06-10 19:55:22.922 740 740 D SystemServerTiming: OnBootPhase_600_com.android.server.StorageManagerService$Lifecycle
06-10 19:55:22.922 740 740 D SystemServerTiming: OnBootPhase_600_com.android.server.usage.StorageStatsService$Lifecycle
06-10 19:55:22.922 740 740 D SystemServerTiming: OnBootPhase_600_com.android.server.UiModeManagerService
06-10 19:55:22.922 740 740 D SystemServerTiming: OnBootPhase_600_com.android.server.locales.LocaleManagerService
06-10 19:55:22.922 740 740 D SystemServerTiming: OnBootPhase_600_com.android.server.grammaticalinflection.GrammaticalInflectionService
06-10 19:55:22.922 740 740 D SystemServerTiming: OnBootPhase_600_com.android.server.apphibernation.AppHibernationService
06-10 19:55:22.922 740 740 D SystemServerTiming: OnBootPhase_600_com.android.server.locksettings.LockSettingsService$Lifecycle
06-10 19:55:22.922 740 740 D SystemServerTiming: OnBootPhase_600_com.android.server.PersistentDataBlockService
06-10 19:55:22.922 740 740 D SystemServerTiming: OnBootPhase_600_com.android.server.testharness.TestHarnessModeService
06-10 19:55:22.922 740 740 D SystemServerTiming: OnBootPhase_600_com.android.server.oemlock.OemLockService
06-10 19:55:22.922 740 740 D SystemServerTiming: OnBootPhase_600_com.android.server.DeviceIdleController
06-10 19:55:22.922 740 740 D SystemServerTiming: OnBootPhase_600_com.android.server.devicepolicy.DevicePolicyManagerService$Lifecycle
06-10 19:55:22.923 740 740 D SystemServerTiming: OnBootPhase_600_com.android.server.texttospeech.TextToSpeechManagerService
06-10 19:55:22.924 740 740 D SystemServerTiming: OnBootPhase_600_com.android.server.ambientcontext.AmbientContextManagerService
06-10 19:55:22.924 740 740 D SystemServerTiming: OnBootPhase_600_com.android.server.wearable.WearableSensingManagerService
06-10 19:55:22.924 740 740 D SystemServerTiming: OnBootPhase_600_com.android.server.speech.SpeechRecognitionManagerService
06-10 19:55:22.924 740 740 D SystemServerTiming: OnBootPhase_600_com.android.server.searchui.SearchUiManagerService
06-10 19:55:22.925 740 740 D SystemServerTiming: OnBootPhase_600_com.android.server.smartspace.SmartspaceManagerService
06-10 19:55:22.925 740 740 D SystemServerTiming: OnBootPhase_600_com.android.server.graphics.fonts.FontManagerService$Lifecycle
06-10 19:55:22.925 740 740 D SystemServerTiming: OnBootPhase_600_com.android.server.textservices.TextServicesManagerService$Lifecycle
06-10 19:55:22.925 740 740 D SystemServerTiming: OnBootPhase_600_com.android.server.textclassifier.TextClassificationManagerService$Lifecycle
06-10 19:55:22.925 740 740 D SystemServerTiming: OnBootPhase_600_com.android.server.NetworkScoreService$Lifecycle
06-10 19:55:22.925 740 740 D SystemServerTiming: OnBootPhase_600_com.android.server.NetworkStatsServiceInitializer
06-10 19:55:22.925 740 740 D SystemServerTiming: OnBootPhase_600_com.android.server.wifi.WifiService
06-10 19:55:22.925 740 740 D SystemServerTiming: OnBootPhase_600_com.android.server.wifi.scanner.WifiScanningService
06-10 19:55:22.925 740 740 D SystemServerTiming: OnBootPhase_600_com.android.server.wifi.p2p.WifiP2pService
06-10 19:55:22.925 740 740 D SystemServerTiming: OnBootPhase_600_com.android.server.ConnectivityServiceInitializer
06-10 19:55:22.929 740 740 D SystemServerTiming: OnBootPhase_600_com.android.server.notification.NotificationManagerService
06-10 19:55:22.935 740 740 D SystemServerTiming: OnBootPhase_600_com.android.server.storage.DeviceStorageMonitorService
06-10 19:55:22.935 740 740 D SystemServerTiming: OnBootPhase_600_com.android.server.timedetector.TimeDetectorService$Lifecycle
06-10 19:55:22.935 740 740 D SystemServerTiming: OnBootPhase_600_com.android.server.location.LocationManagerService$Lifecycle
06-10 19:55:22.945 740 804 D CompatibilityChangeReporter: Compat change id reported: 261072174; UID 1000; state: ENABLED
06-10 19:55:23.002 740 740 W SystemServiceManager: Service com.android.server.location.LocationManagerService$Lifecycle took 67 ms in onBootPhase
06-10 19:55:23.002 740 740 D SystemServerTiming: OnBootPhase_600_com.android.server.timezonedetector.TimeZoneDetectorService$Lifecycle
06-10 19:55:23.002 740 740 D SystemServerTiming: OnBootPhase_600_com.android.server.location.altitude.AltitudeService$Lifecycle
06-10 19:55:23.002 740 740 D SystemServerTiming: OnBootPhase_600_com.android.server.timezonedetector.location.LocationTimeZoneManagerService$Lifecycle
06-10 19:55:23.002 740 740 D SystemServerTiming: OnBootPhase_600_com.android.server.search.SearchManagerService$Lifecycle
06-10 19:55:23.002 740 740 D SystemServerTiming: OnBootPhase_600_com.android.server.wallpaper.WallpaperManagerService$Lifecycle
06-10 19:55:23.004 740 740 D WallpaperManagerService: Wallpaper_switch-user-0
06-10 19:55:23.005 740 740 V WallpaperManagerService: bindWallpaperComponentLocked: componentName=ComponentInfo{com.android.systemui/com.android.systemui.wallpapers.ImageWallpaper}
06-10 19:55:23.005 740 740 D WallpaperManagerService: WPMS.bindWallpaperComponentLocked-ComponentInfo{com.android.systemui/com.android.systemui.wallpapers.ImageWallpaper}
06-10 19:55:23.008 740 740 D SystemServerTiming: OnBootPhase_600_com.android.server.wallpapereffectsgeneration.WallpaperEffectsGenerationManagerService
06-10 19:55:23.009 740 740 D SystemServerTiming: OnBootPhase_600_com.android.server.audio.AudioService$Lifecycle
06-10 19:55:23.009 740 740 D SystemServerTiming: OnBootPhase_600_com.android.server.soundtrigger_middleware.SoundTriggerMiddlewareService$Lifecycle
06-10 19:55:23.009 740 740 D SystemServerTiming: OnBootPhase_600_com.android.server.adb.AdbService$Lifecycle
06-10 19:55:23.009 740 740 D SystemServerTiming: OnBootPhase_600_com.android.server.usb.UsbService$Lifecycle
06-10 19:55:23.009 740 740 D SystemServerTiming: OnBootPhase_600_com.android.server.twilight.TwilightService
06-10 19:55:23.009 740 740 D SystemServerTiming: OnBootPhase_600_com.android.server.display.color.ColorDisplayService
06-10 19:55:23.009 740 740 D SystemServerTiming: OnBootPhase_600_com.android.server.job.JobSchedulerService
06-10 19:55:23.020 740 740 D SystemServerTiming: OnBootPhase_600_com.android.server.soundtrigger.SoundTriggerService
06-10 19:55:23.020 740 740 D SoundTriggerService: onBootPhase: 600 : false
06-10 19:55:23.023 740 852 W PackageManager: Invalid dex load report. loadingPackageName=null, uid=1037
06-10 19:55:23.025 740 740 D SystemServerTiming: OnBootPhase_600_com.android.server.trust.TrustManagerService
06-10 19:55:23.030 320 320 I keystore2: system/security/keystore2/src/authorization.rs:143 - on_lock_screen_event(r#UNLOCK, user_id=0, password.is_some()=false, unlocking_sids=Some([]))
06-10 19:55:23.031 740 740 D SystemServerTiming: OnBootPhase_600_com.android.server.backup.BackupManagerService$Lifecycle
06-10 19:55:23.031 740 740 D SystemServerTiming: OnBootPhase_600_com.android.server.appwidget.AppWidgetService
06-10 19:55:23.031 740 740 D SystemServerTiming: OnBootPhase_600_com.android.server.voiceinteraction.VoiceInteractionManagerService
06-10 19:55:23.033 740 740 D SystemServerTiming: OnBootPhase_600_com.android.server.GestureLauncherService
06-10 19:55:23.036 740 740 D SystemServerTiming: OnBootPhase_600_com.android.server.SensorNotificationService
06-10 19:55:23.036 740 740 D SystemServerTiming: OnBootPhase_600_com.android.server.emergency.EmergencyAffordanceService
06-10 19:55:23.036 740 740 D SystemServerTiming: OnBootPhase_600_com.android.server.blob.BlobStoreManagerService
06-10 19:55:23.040 740 740 D SystemServerTiming: OnBootPhase_600_com.android.server.dreams.DreamManagerService
06-10 19:55:23.042 740 740 D SystemServerTiming: OnBootPhase_600_com.android.server.security.AttestationVerificationManagerService
06-10 19:55:23.042 740 740 D SystemServerTiming: OnBootPhase_600_com.android.server.restrictions.RestrictionsManagerService
06-10 19:55:23.042 740 740 D SystemServerTiming: OnBootPhase_600_com.android.server.media.MediaSessionService
06-10 19:55:23.042 740 740 D SystemServerTiming: OnBootPhase_600_com.android.server.hdmi.HdmiControlService
06-10 19:55:23.042 740 740 D SystemServerTiming: OnBootPhase_600_com.android.server.tv.interactive.TvInteractiveAppManagerService
06-10 19:55:23.049 740 740 D SystemServerTiming: OnBootPhase_600_com.android.server.tv.TvInputManagerService
06-10 19:55:23.050 740 740 D SystemServerTiming: OnBootPhase_600_com.android.server.media.MediaResourceMonitorService
06-10 19:55:23.050 740 740 D SystemServerTiming: OnBootPhase_600_com.android.server.tv.TvRemoteService
06-10 19:55:23.050 740 740 D SystemServerTiming: OnBootPhase_600_com.android.server.biometrics.BiometricService
06-10 19:55:23.050 740 740 D SystemServerTiming: OnBootPhase_600_com.android.server.biometrics.AuthService
06-10 19:55:23.050 740 740 D SystemServerTiming: OnBootPhase_600_com.android.server.pm.ShortcutService$Lifecycle
06-10 19:55:23.050 740 740 D SystemServerTiming: OnBootPhase_600_com.android.server.pm.LauncherAppsService
06-10 19:55:23.050 740 740 D SystemServerTiming: OnBootPhase_600_com.android.server.pm.CrossProfileAppsService
06-10 19:55:23.050 740 740 D SystemServerTiming: OnBootPhase_600_com.android.server.people.PeopleService
06-10 19:55:23.050 740 740 D SystemServerTiming: OnBootPhase_600_com.android.server.media.metrics.MediaMetricsManagerService
06-10 19:55:23.051 740 740 D SystemServerTiming: OnBootPhase_600_com.android.server.pm.BackgroundInstallControlService
06-10 19:55:23.051 740 740 D SystemServerTiming: OnBootPhase_600_com.android.server.media.projection.MediaProjectionManagerService
06-10 19:55:23.051 740 740 D SystemServerTiming: OnBootPhase_600_com.android.server.slice.SliceManagerService$Lifecycle
06-10 19:55:23.051 740 740 D SystemServerTiming: OnBootPhase_600_com.android.server.stats.StatsCompanion$Lifecycle
06-10 19:55:23.109 740 740 W SystemServiceManager: Service com.android.server.stats.StatsCompanion$Lifecycle took 59 ms in onBootPhase
06-10 19:55:23.109 740 740 D SystemServerTiming: OnBootPhase_600_com.android.server.scheduling.RebootReadinessManagerService$Lifecycle
06-10 19:55:23.109 740 740 D SystemServerTiming: OnBootPhase_600_com.android.server.stats.pull.StatsPullAtomService
06-10 19:55:23.110 740 740 D SystemServerTiming: OnBootPhase_600_com.android.server.stats.bootstrap.StatsBootstrapAtomService$Lifecycle
06-10 19:55:23.110 740 740 D SystemServerTiming: OnBootPhase_600_com.android.server.incident.IncidentCompanionService
06-10 19:55:23.110 740 740 D SystemServerTiming: OnBootPhase_600_com.android.server.sdksandbox.SdkSandboxManagerService$Lifecycle
06-10 19:55:23.110 740 740 D SystemServerTiming: OnBootPhase_600_com.android.server.adservices.AdServicesManagerService$Lifecycle
06-10 19:55:23.110 740 740 D SystemServerTiming: OnBootPhase_600_com.android.server.ondevicepersonalization.OnDevicePersonalizationSystemService$Lifecycle
06-10 19:55:23.110 740 740 D SystemServerTiming: OnBootPhase_600_com.android.server.autofill.AutofillManagerService
06-10 19:55:23.111 740 814 D StatsPullAtomService: Registering NetworkStats pullers with statsd
06-10 19:55:23.118 740 740 D SystemServerTiming: OnBootPhase_600_com.android.server.clipboard.ClipboardService
06-10 19:55:23.118 740 740 D SystemServerTiming: OnBootPhase_600_com.android.server.appbinding.AppBindingService$Lifecycle
06-10 19:55:23.119 740 740 D SystemServerTiming: OnBootPhase_600_com.android.server.tracing.TracingServiceProxy
06-10 19:55:23.120 740 740 D SystemServerTiming: OnBootPhase_600_com.android.server.policy.PermissionPolicyService
06-10 19:55:23.120 740 740 D SystemServerTiming: OnBootPhase_600_com.android.server.pm.StagingManager$Lifecycle
06-10 19:55:23.120 740 740 D SystemServerTiming: OnBootPhase_600_com.android.server.app.GameManagerService$Lifecycle
06-10 19:55:23.120 740 740 D SystemServerTiming: OnBootPhase_600_com.android.safetycenter.SafetyCenterService
06-10 19:55:23.120 740 740 D SystemServerTiming: OnBootPhase_600_com.android.server.appsearch.AppSearchModule$Lifecycle
06-10 19:55:23.120 740 740 D SystemServerTiming: OnBootPhase_600_com.android.server.media.MediaCommunicationService
06-10 19:55:23.120 740 740 D SystemServerTiming: OnBootPhase_600_com.android.server.compat.overrides.AppCompatOverridesService$Lifecycle
06-10 19:55:23.120 740 740 D SystemServerTiming: OnBootPhase_600_com.android.server.healthconnect.HealthConnectManagerService
06-10 19:55:23.120 740 740 D SystemServerTiming: OnBootPhase_600_com.android.server.devicelock.DeviceLockService
06-10 19:55:23.120 740 740 D DeviceLockService: onBootPhase: 600
06-10 19:55:23.120 740 740 D SystemServerTiming: StartNetworkStack
06-10 19:55:23.126 740 740 D CompatibilityChangeReporter: Compat change id reported: 135634846; UID 1073; state: DISABLED
06-10 19:55:23.135 740 740 D SystemServerTiming: StartTethering
06-10 19:55:23.137 740 740 D SystemServerTiming: MakeCountryDetectionServiceReady
06-10 19:55:23.137 740 740 D SystemServerTiming: MakeNetworkTimeUpdateReady
06-10 19:55:23.139 740 740 D SystemServerTiming: MakeInputManagerServiceReady
06-10 19:55:23.146 740 816 I ActivityManager: Start proc 1100:com.android.networkstack.process/1073 for service {com.android.networkstack/com.android.server.NetworkStackService}
06-10 19:55:23.153 740 740 D SystemServerTiming: MakeTelephonyRegistryReady
06-10 19:55:23.153 740 740 D SystemServerTiming: MakeMediaRouterServiceReady
06-10 19:55:23.154 740 740 I MR2ServiceImpl: switchUser | user: 0
06-10 19:55:23.154 740 740 D SystemServerTiming: IncidentDaemonReady
06-10 19:55:23.155 740 740 D SystemServerTiming: MakeIncrementalServiceReady
06-10 19:55:23.155 740 740 D SystemServerTiming: OdsignStatsLogger
06-10 19:55:23.156 740 740 D SystemServerTiming: getCurrentUser
06-10 19:55:23.156 740 740 I ActivityManager: Current user:0
06-10 19:55:23.156 740 740 D SystemServerTiming: ActivityManagerStartApps
06-10 19:55:23.157 740 740 D SystemServerTimingAsync: ssm.StartUser-0
06-10 19:55:23.157 740 740 I SystemServiceManager: Calling onStartUser 0
06-10 19:55:23.157 740 740 D SystemServerTimingAsync: ssm.onStartUser-0_com.android.server.security.FileIntegrityService
06-10 19:55:23.157 740 740 D SystemServerTimingAsync: ssm.onStartUser-0_com.android.server.pm.Installer
06-10 19:55:23.157 740 740 D SystemServerTimingAsync: ssm.onStartUser-0_com.android.server.os.DeviceIdentifiersPolicyService
06-10 19:55:23.157 740 740 D SystemServerTimingAsync: ssm.onStartUser-0_com.android.server.flags.FeatureFlagsService
06-10 19:55:23.157 740 740 D SystemServerTimingAsync: ssm.onStartUser-0_com.android.server.uri.UriGrantsManagerService$Lifecycle
06-10 19:55:23.157 740 740 D SystemServerTimingAsync: ssm.onStartUser-0_com.android.server.powerstats.PowerStatsService
06-10 19:55:23.157 740 740 D SystemServerTimingAsync: ssm.onStartUser-0_com.android.server.permission.access.AccessCheckingService
06-10 19:55:23.157 740 740 D SystemServerTimingAsync: ssm.onStartUser-0_com.android.server.wm.ActivityTaskManagerService$Lifecycle
06-10 19:55:23.157 740 740 D SystemServerTimingAsync: ssm.onStartUser-0_com.android.server.am.ActivityManagerService$Lifecycle
06-10 19:55:23.157 740 740 D SystemServerTimingAsync: ssm.onStartUser-0_com.android.server.pm.DataLoaderManagerService
06-10 19:55:23.157 740 740 D SystemServerTimingAsync: ssm.onStartUser-0_com.android.server.power.PowerManagerService
06-10 19:55:23.157 740 740 D SystemServerTimingAsync: ssm.onStartUser-0_com.android.server.power.ThermalManagerService
06-10 19:55:23.157 740 740 D SystemServerTimingAsync: ssm.onStartUser-0_com.android.server.power.hint.HintManagerService
06-10 19:55:23.157 740 740 D SystemServerTimingAsync: ssm.onStartUser-0_com.android.server.recoverysystem.RecoverySystemService$Lifecycle
06-10 19:55:23.157 740 740 D SystemServerTimingAsync: ssm.onStartUser-0_com.android.server.lights.LightsService
06-10 19:55:23.157 740 740 D SystemServerTimingAsync: ssm.onStartUser-0_com.android.server.display.DisplayManagerService
06-10 19:55:23.157 740 740 D SystemServerTimingAsync: ssm.onStartUser-0_com.android.server.pm.verify.domain.DomainVerificationService
06-10 19:55:23.157 740 740 D SystemServerTimingAsync: ssm.onStartUser-0_com.android.server.pm.PackageInstallerService$Lifecycle
06-10 19:55:23.157 740 740 D SystemServerTimingAsync: ssm.onStartUser-0_com.android.server.pm.UserManagerService$LifeCycle
06-10 19:55:23.157 740 740 D SystemServerTimingAsync: ssm.onStartUser-0_com.android.server.om.OverlayManagerService
06-10 19:55:23.172 740 1030 D CompatibilityChangeReporter: Compat change id reported: 135634846; UID 10051; state: DISABLED
06-10 19:55:23.172 740 1030 D CompatibilityChangeReporter: Compat change id reported: 177438394; UID 10051; state: DISABLED
06-10 19:55:23.175 740 1030 D CompatibilityChangeReporter: Compat change id reported: 135772972; UID 10051; state: DISABLED
06-10 19:55:23.178 740 1030 D CompatibilityChangeReporter: Compat change id reported: 135754954; UID 10051; state: ENABLED
06-10 19:55:23.223 740 740 W SystemServiceManager: Service com.android.server.om.OverlayManagerService took 65 ms in onStartUser-0
06-10 19:55:23.242 740 740 D SystemServerTimingAsync: ssm.onStartUser-0_com.android.server.resources.ResourcesManagerService
06-10 19:55:23.242 740 740 D SystemServerTimingAsync: ssm.onStartUser-0_com.android.server.sensorprivacy.SensorPrivacyService
06-10 19:55:23.244 982 982 V WindowManagerShell: Adding init callback for DisplayChangeController
06-10 19:55:23.245 982 982 V WindowManagerShell: Adding init callback for DisplayController
06-10 19:55:23.245 982 982 V WindowManagerShell: Adding init callback for DisplayInsetsController
06-10 19:55:23.246 982 982 V WindowManagerShell: Adding init callback for DisplayImeController
06-10 19:55:23.246 982 982 V WindowManagerShell: Adding init callback for ShellController
06-10 19:55:23.248 740 799 D GameManagerService: User ID '0' does not have a Game Mode selected for package: 'com.android.networkstack'
06-10 19:55:23.248 740 799 D CompatibilityChangeReporter: Compat change id reported: 168419799; UID 1073; state: DISABLED
06-10 19:55:23.249 740 799 D CompatibilityChangeReporter: Compat change id reported: 273564678; UID 1073; state: DISABLED
06-10 19:55:23.249 982 982 V WindowManagerShell: Adding init callback for DragAndDropController
06-10 19:55:23.258 740 740 D CompatibilityChangeReporter: Compat change id reported: 265464455; UID 10052; state: DISABLED
06-10 19:55:23.258 740 740 D CompatibilityChangeReporter: Compat change id reported: 265452344; UID 10052; state: DISABLED
06-10 19:55:23.258 740 740 D CompatibilityChangeReporter: Compat change id reported: 266124927; UID 10052; state: DISABLED
06-10 19:55:23.259 740 740 D CompatibilityChangeReporter: Compat change id reported: 265451093; UID 10052; state: DISABLED
06-10 19:55:23.260 740 740 D CompatibilityChangeReporter: Compat change id reported: 265456536; UID 10052; state: DISABLED
06-10 19:55:23.260 740 740 D CompatibilityChangeReporter: Compat change id reported: 255940284; UID 10052; state: DISABLED
06-10 19:55:23.261 740 740 D CompatibilityChangeReporter: Compat change id reported: 236283604; UID 10052; state: DISABLED
06-10 19:55:23.261 740 740 D CompatibilityChangeReporter: Compat change id reported: 263959004; UID 10052; state: DISABLED
06-10 19:55:23.262 740 740 D CompatibilityChangeReporter: Compat change id reported: 264304459; UID 10052; state: DISABLED
06-10 19:55:23.262 740 740 D CompatibilityChangeReporter: Compat change id reported: 264301586; UID 10052; state: DISABLED
06-10 19:55:23.262 740 740 D CompatibilityChangeReporter: Compat change id reported: 254631730; UID 10052; state: DISABLED
06-10 19:55:23.262 740 740 D CompatibilityChangeReporter: Compat change id reported: 273509367; UID 10052; state: DISABLED
06-10 19:55:23.263 740 740 D CompatibilityChangeReporter: Compat change id reported: 263259275; UID 10052; state: DISABLED
06-10 19:55:23.266 740 740 D CompatibilityChangeReporter: Compat change id reported: 174042980; UID 10052; state: DISABLED
06-10 19:55:23.266 740 740 D CompatibilityChangeReporter: Compat change id reported: 174042936; UID 10052; state: DISABLED
06-10 19:55:23.267 740 740 D CompatibilityChangeReporter: Compat change id reported: 181136395; UID 10052; state: DISABLED
06-10 19:55:23.283 740 740 D CompatibilityChangeReporter: Compat change id reported: 194480991; UID 10052; state: ENABLED
06-10 19:55:23.291 740 740 W ActivityTaskManager: startActivity called from non-Activity context; forcing Intent.FLAG_ACTIVITY_NEW_TASK for: Intent { flg=0x840000 cmp=com.android.systemui/.sensorprivacy.television.TvSensorPrivacyChangedActivity (has extras) }
06-10 19:55:23.302 740 740 D CompatibilityChangeReporter: Compat change id reported: 184838306; UID 10052; state: DISABLED
06-10 19:55:23.303 740 740 D CompatibilityChangeReporter: Compat change id reported: 185004937; UID 10052; state: DISABLED
06-10 19:55:23.305 740 814 D CountryDetector: Using custom country detector class: com.android.server.location.ComprehensiveCountryDetector
06-10 19:55:23.306 740 814 E CountryDetector: Could not instantiate the custom country detector class
06-10 19:55:23.306 740 740 D CompatibilityChangeReporter: Compat change id reported: 197654537; UID 10052; state: ENABLED
06-10 19:55:23.306 740 814 D CountryDetector: Using default country detector
06-10 19:55:23.314 740 740 I ActivityTaskManager: START u0 {flg=0x840000 cmp=com.android.systemui/.sensorprivacy.television.TvSensorPrivacyChangedActivity (has extras)} with LAUNCH_SINGLE_TOP from uid 1000 (BAL_ALLOW_ALLOWLISTED_UID) result code=0
06-10 19:55:23.317 740 799 W ActivityManager: Slow operation: 69ms so far, now at attachApplicationLocked: immediately after bindApplication
06-10 19:55:23.317 740 799 W ActivityManager: Slow operation: 70ms so far, now at attachApplicationLocked: after updateLruProcessLocked
06-10 19:55:23.318 740 799 W ActivityManager: Slow operation: 70ms so far, now at attachApplicationLocked: after updateOomAdjLocked
06-10 19:55:23.318 740 852 I ActivityManager: Process WebViewLoader-armeabi-v7a (pid 1031) has died: psvc PER
06-10 19:55:23.322 740 860 D CompatibilityChangeReporter: Compat change id reported: 265195908; UID 1073; state: ENABLED
06-10 19:55:23.322 740 740 W ActivityTaskManager: startActivity called from non-Activity context; forcing Intent.FLAG_ACTIVITY_NEW_TASK for: Intent { flg=0x840000 cmp=com.android.systemui/.sensorprivacy.television.TvSensorPrivacyChangedActivity (has extras) }
