06-10 19:58:23.426 740 807 I DisplayDeviceRepository: Display device changed: DisplayDeviceInfo{"内置屏幕": uniqueId="local:4639170348389509643", 3840 x 2160, modeId 45, renderFrameRate 50.0, defaultModeId 45, supportedModes [{id=45, width=3840, height=2160, fps=50.0, alternativeRefreshRates=[], supportedHdrTypes=[]}], colorMode 0, supportedColorModes [0], hdrCapabilities HdrCapabilities{mSupportedHdrTypes=[], mMaxLuminance=500.0, mMaxAverageLuminance=500.0, mMinLuminance=0.0}, allmSupported false, gameContentTypeSupported true, density 480, 79.947 x 79.513 dpi, appVsyncOff 2000000, presDeadline 17000000, touch INTERNAL, rotation 0, type INTERNAL, address {port=11, model=0x4061a4da3c482a}, deviceProductInfo DeviceProductInfo{name=Linux FHD, manufacturerPnpId=LNX, productId=0, modelYear=null, manufactureDate=ManufactureDate{week=5, year=2012}, connectionToSinkType=0}, state ON, committedState ON, frameRateOverride , brightnessMinimum 0.0, brightnessMaximum 1.0, brightnessDefault 0.39763778, hdrSdrRatio NaN, FLAG_ALLOWED_TO_BE_DEFAULT_DISPLAY, FLAG_ROTATES_WITH_CONTENT, FLAG_SECURE, FLAG_SUPPORTS_PROTECTED_BUFFERS, FLAG_TRUSTED, installOrientation 0, displayShape DisplayShape{ spec=-545313861 displayWidth=3840 displayHeight=2160 physicalPixelDisplaySizeRatio=1.0 rotation=0 offsetX=0 offsetY=0 scale=1.0}}
06-10 19:58:23.426 982 982 V MediaRouter: Audio routes updated: AudioRoutesInfo{ type=HDMI, bluetoothName=小爱音箱-3073 }, a2dp=true
06-10 19:58:23.426 982 982 V MediaRouter: Selecting route: RouteInfo{ name=小爱音箱-3073, description=蓝牙音频, status=null, category=RouteCategory{ name=系统 types=ROUTE_TYPE_LIVE_AUDIO ROUTE_TYPE_LIVE_VIDEO groupable=false }, supportedTypes=ROUTE_TYPE_LIVE_AUDIO , presentationDisplay=null }
06-10 19:58:23.427 305 305 E Scheduler: trackPendingFrame: Invalid present fence
06-10 19:58:23.428 740 808 W LocalDisplayAdapter: Ignoring request for invalid base mode id 45
06-10 19:58:23.429 4203 4203 D AvrcpVolumeManager: onAudioDevicesAdded: size: 1
06-10 19:58:23.429 4203 4203 D AvrcpVolumeManager: onAudioDevicesAdded: address=
06-10 19:58:23.430 4203 4203 D AvrcpVolumeManager: Didn't find deferred device in list: device=XX:XX:XX:XX:F5:7A
06-10 19:58:23.430 4203 4254 D ActiveDeviceManager: onAudioDevicesAdded
06-10 19:58:23.430 740 807 I DisplayDeviceRepository: Display device changed: DisplayDeviceInfo{"内置屏幕": uniqueId="local:4639170348389509643", 3840 x 2160, modeId 50, renderFrameRate 50.0, defaultModeId 50, supportedModes [{id=46, width=1920, height=1080, fps=59.94006, alternativeRefreshRates=[], supportedHdrTypes=[2]}, {id=47, width=1920, height=1080, fps=60.000004, alternativeRefreshRates=[], supportedHdrTypes=[2]}, {id=48, width=3840, height=2160, fps=59.94006, alternativeRefreshRates=[], supportedHdrTypes=[2]}, {id=49, width=3840, height=2160, fps=60.000004, alternativeRefreshRates=[], supportedHdrTypes=[2]}, {id=50, width=3840, height=2160, fps=50.0, alternativeRefreshRates=[], supportedHdrTypes=[2]}, {id=51, width=3840, height=2160, fps=29.97003, alternativeRefreshRates=[], supportedHdrTypes=[2]}, {id=52, width=3840, height=2160, fps=30.000002, alternativeRefreshRates=[], supportedHdrTypes=[2]}, {id=53, width=3840, height=2160, fps=25.0, alternativeRefreshRates=[], supportedHdrTypes=[2]}, {id=54, width=3840, height=2160, fps=23.976025, alternativeRefreshRates=[], supportedHdrTypes=[2]}, {id=55, width=3840, height=2160, fps=24.000002, alternativeRefreshRates=[], supportedHdrTypes=[2]}, {id=56, width=1920, height=1080, fps=50.0, alternativeRefreshRates=[], supportedHdrTypes=[2]}, {id=57, width=1280, height=720, fps=59.94006, alternativeRefreshRates=[], supportedHdrTypes=[2]}, {id=58, width=1280, height=720, fps=60.000004, alternativeRefreshRates=[], supportedHdrTypes=[2]}, {id=59, width=1280, height=720, fps=50.0, alternativeRefreshRates=[], supportedHdrTypes=[2]}], colorMode 0, supportedColorModes [0], hdrCapabilities HdrCapabilities{mSupportedHdrTypes=[2], mMaxLuminance=500.0, mMaxAverageLuminance=500.0, mMinLuminance=0.0}, allmSupported false, gameContentTypeSupported true, density 480, 79.947 x 79.513 dpi, appVsyncOff 2000000, presDeadline 17000000, touch INTERNAL, rotation 0, type INTERNAL, address {port=11, model=0x4061a4da3c482a}, deviceProductInfo DeviceProductInfo{name=Mi TV, manufacturerPnpId=XMD, productId=74, modelYear=null, manufactureDate=ManufactureDate{week=13, year=2019}, connectionToSinkType=2}, state ON, committedState ON, frameRateOverride , brightnessMinimum 0.0, brightnessMaximum 1.0, brightnessDefault 0.39763778, hdrSdrRatio NaN, FLAG_ALLOWED_TO_BE_DEFAULT_DISPLAY, FLAG_ROTATES_WITH_CONTENT, FLAG_SECURE, FLAG_SUPPORTS_PROTECTED_BUFFERS, FLAG_TRUSTED, installOrientation 0, displayShape DisplayShape{ spec=-545313861 displayWidth=3840 displayHeight=2160 physicalPixelDisplaySizeRatio=1.0 rotation=0 offsetX=0 offsetY=0 scale=1.0}}
06-10 19:58:23.430 4203 4254 D ActiveDeviceManager: Audio device added: DBBOX-A3 type: 9
06-10 19:58:23.431 523 583 D xm_audio: adev_get_parameters
06-10 19:58:23.432 305 305 I RefreshRateSelector: Display 4639170348389509643 policy changed
06-10 19:58:23.432 305 305 I RefreshRateSelector: Previous: {defaultModeId=49, allowGroupSwitching=false, primaryRanges={physical=[0.00 Hz, 340282346638528859811704183484516925440.00 Hz], render=[0.00 Hz, 340282346638528859811704183484516925440.00 Hz]}, appRequestRanges={physical=[0.00 Hz, 340282346638528859811704183484516925440.00 Hz], render=[0.00 Hz, 340282346638528859811704183484516925440.00 Hz]}}
06-10 19:58:23.432 305 305 I RefreshRateSelector: Current: DisplayManagerPolicy{defaultModeId=49, allowGroupSwitching=false, primaryRanges={physical=[0.00 Hz, inf Hz], render=[0.00 Hz, 120.00 Hz]}, appRequestRanges={physical=[0.00 Hz, inf Hz], render=[0.00 Hz, inf Hz]}}
06-10 19:58:23.432 305 305 I RefreshRateSelector: 0 mode changes were performed under the previous policy
06-10 19:58:23.432 523 1422 D xm_audio: adev_get_parameters
06-10 19:58:23.439 523 1422 D xm_audio: adev_get_parameters
06-10 19:58:23.440 523 1422 D xm_audio: adev_get_parameters
06-10 19:58:23.444 523 1422 D xm_audio: adev_get_parameters
06-10 19:58:23.445 523 1422 D xm_audio: adev_get_parameters
06-10 19:58:23.449 523 583 D xm_audio: adev_get_parameters
06-10 19:58:23.450 523 583 D xm_audio: adev_get_parameters
06-10 19:58:23.455 523 583 D xm_audio: adev_get_parameters
06-10 19:58:23.456 523 583 D xm_audio: adev_get_parameters
06-10 19:58:23.460 523 583 D xm_audio: adev_get_parameters
06-10 19:58:23.461 523 583 D xm_audio: adev_get_parameters
06-10 19:58:23.467 523 583 D xm_audio: adev_get_parameters
06-10 19:58:23.468 523 583 D xm_audio: adev_get_parameters
06-10 19:58:23.472 523 583 D xm_audio: adev_get_parameters
06-10 19:58:23.473 523 583 D xm_audio: adev_get_parameters
06-10 19:58:23.479 523 583 D xm_audio: adev_get_parameters
06-10 19:58:23.480 523 583 D xm_audio: adev_get_parameters
06-10 19:58:23.484 523 583 D xm_audio: adev_get_parameters
06-10 19:58:23.485 523 583 D xm_audio: adev_get_parameters
06-10 19:58:23.491 523 1422 D xm_audio: adev_get_parameters
06-10 19:58:23.492 523 1422 D xm_audio: adev_get_parameters
06-10 19:58:23.727 536 564 D hdmicecd: [CEC]:printCecMsgBuf, msg: 04 47 4d 69 54 56 2d 41 4e 53 50 30
06-10 19:58:23.728 740 740 D HDMI : [R]: 04:47:4D:69:54:56:2D:41:4E:53:50:30
06-10 19:58:23.729 536 563 D hdmicecd: [HdmiCecControl]:getPhysicalAddress, physical addr: 2000, last pa: 2000, ret = 0
06-10 19:58:23.729 740 740 D HDMI : addCecDevice new:CEC: logical_address: 0x00 device_type: 0 cec_version: 5 vendor_id: 16777215 display_name: TV power_status: -1 physical_address: 0xFFFF port_id: -1 old:null
06-10 19:58:23.730 740 740 D HdmiControlService: Switching to full volume behavior
06-10 19:58:23.730 740 740 D HdmiCecNetwork: Updating device OSD name from TV to MiTV-ANSP0
06-10 19:58:23.730 536 563 D hdmicecd: [HdmiCecControl]:getPhysicalAddress, physical addr: 2000, last pa: 2000, ret = 0
06-10 19:58:23.875 536 536 D hdmicecd: [CEC]:printCecMessage, [4 -> f] len: 4, body: 84 20 00 04, result:success
06-10 19:58:23.875 536 536 E IPCThreadState: binder thread pool (1 threads) starved for 466 ms
06-10 19:58:23.876 740 953 D HDMI : [S]: 4F:87:1C:A4:10
06-10 19:58:24.027 536 536 D hdmicecd: [CEC]:printCecMessage, [4 -> f] len: 4, body: 87 1c a4 10, result:success
06-10 19:58:24.027 536 536 E IPCThreadState: binder thread pool (1 threads) starved for 151 ms
06-10 19:58:24.027 740 953 D HDMI : [S]: 40:8C
06-10 19:58:24.110 536 536 D hdmicecd: [CEC]:printCecMessage, [4 -> 0] len: 1, body: 8c, result:success
06-10 19:58:24.110 740 953 D HDMI : [S]: 40:47:44:42:42:4F:58:2D:41:33
06-10 19:58:24.161 541 541 I WifiHAL : call wifi_get_link_stats handler
06-10 19:58:24.161 541 541 I WifiHAL : Creating message to get link statistics; iface = 16
06-10 19:58:24.161 541 541 D WifiHAL : error code -95 mapped to -3
06-10 19:58:24.161 740 916 E WifiStaIfaceAidlImpl: getLinkLayerStats failed with service-specific exception: android.os.ServiceSpecificException: (code 4)
06-10 19:58:24.383 330 4466 D MesonDisplay: read /sys/class/amhdmitx/amhdmitx0/hdcp_lstore, result length:0, val:
06-10 19:58:24.385 536 536 D hdmicecd: [CEC]:printCecMessage, [4 -> 0] len: 9, body: 47 44 42 42 4f 58 2d 41 33, result:success
06-10 19:58:24.385 536 536 E IPCThreadState: binder thread pool (1 threads) starved for 275 ms
06-10 19:58:24.385 740 953 D HDMI : [S]: 45:7D
06-10 19:58:24.441 536 536 D hdmicecd: [CEC]:printCecMessage, [4 -> 5] len: 1, body: 7d, result:no ack
06-10 19:58:24.497 536 536 D hdmicecd: [CEC]:printCecMessage, [4 -> 5] len: 1, body: 7d, result:no ack
06-10 19:58:24.498 740 953 E HDMI : [1]:Failed to send 45:7D with errorCode=1
06-10 19:58:24.498 740 740 D HDMI : AVR did not respond to
06-10 19:58:24.498 740 740 D HdmiControlService: Switching to full volume behavior
06-10 19:58:24.557 536 536 D hdmicecd: [CEC]:printCecMessage, [4 -> e] len: 0, body:, result:no ack
06-10 19:58:24.613 536 536 D hdmicecd: [CEC]:printCecMessage, [4 -> b] len: 0, body:, result:no ack
06-10 19:58:24.673 536 536 D hdmicecd: [CEC]:printCecMessage, [4 -> 8] len: 0, body:, result:no ack
06-10 19:58:24.729 536 536 D hdmicecd: [CEC]:printCecMessage, [4 -> 5] len: 0, body:, result:no ack
06-10 19:58:24.785 536 536 D hdmicecd: [CEC]:printCecMessage, [4 -> 3] len: 0, body:, result:no ack
06-10 19:58:24.841 536 536 D hdmicecd: [CEC]:printCecMessage, [4 -> 1] len: 0, body:, result:no ack
06-10 19:58:24.901 536 536 D hdmicecd: [CEC]:printCecMessage, [4 -> 0] len: 0, body:, result:success
06-10 19:58:24.902 740 740 D HdmiCecController: [P]:AllocatedAddress=[0]
06-10 19:58:24.902 740 953 D HDMI : [S]: 40:83
06-10 19:58:24.981 536 536 D hdmicecd: [CEC]:printCecMessage, [4 -> 0] len: 1, body: 83, result:success
06-10 19:58:25.187 1550 1550 E xxxxxxxxxxxxxxx: onReceive: true , configuration = {1.0 ?mcc0mnc [zh_CN] ldltr sw720dp w1280dp h720dp 240dpi xlrg long land television -touch qwerty/v/v dpad/v winConfig={ mBounds=Rect(0, 0 - 1920, 1080) mAppBounds=Rect(0, 0 - 1920, 1080) mMaxBounds=Rect(0, 0 - 1920, 1080) mDisplayRotation=ROTATION_0 mWindowingMode=fullscreen mDisplayWindowingMode=fullscreen mActivityType=undefined mAlwaysOnTop=undefined mRotation=ROTATION_0} s.6 fontWeightAdjustment=0}
06-10 19:58:25.187 1550 1550 E xxxxxxxxxxxxxxx: isScreenSizeChange=false app onConfigurationChanged={1.0 ?mcc0mnc [zh_CN] ldltr sw720dp w1280dp h720dp 240dpi xlrg long land television -touch qwerty/v/v dpad/v winConfig={ mBounds=Rect(0, 0 - 1920, 1080) mAppBounds=Rect(0, 0 - 1920, 1080) mMaxBounds=Rect(0, 0 - 1920, 1080) mDisplayRotation=ROTATION_0 mWindowingMode=fullscreen mDisplayWindowingMode=fullscreen mActivityType=undefined mAlwaysOnTop=undefined mRotation=ROTATION_0} s.6 fontWeightAdjustment=0}
06-10 19:58:25.216 536 564 D hdmicecd: [CEC]:printCecMsgBuf, msg: 0f 87 00 ec 0a
06-10 19:58:25.218 740 740 D HDMI : [R]: 0F:87:00:EC:0A
06-10 19:58:25.219 536 536 D hdmicecd: [HdmiCecControl]:getPhysicalAddress, physical addr: 2000, last pa: 2000, ret = 0
06-10 19:58:25.376 536 564 D hdmicecd: [CEC]:printCecMsgBuf, msg: 0f 84 00 00 00
06-10 19:58:25.377 740 740 D HDMI : [R]: 0F:84:00:00:00
06-10 19:58:25.378 536 536 D hdmicecd: [HdmiCecControl]:getPhysicalAddress, physical addr: 2000, last pa: 2000, ret = 0
06-10 19:58:25.378 536 563 D hdmicecd: [HdmiCecControl]:getPhysicalAddress, physical addr: 2000, last pa: 2000, ret = 0
06-10 19:58:25.379 740 740 D HDMI : addCecDevice new:CEC: logical_address: 0x00 device_type: 0 cec_version: 5 vendor_id: 60426 display_name: MiTV-ANSP0 power_status: -1 physical_address: 0x0000 port_id: -1 old:CEC: logical_address: 0x00 device_type: 0 cec_version: 5 vendor_id: 60426 display_name: MiTV-ANSP0 power_status: -1 physical_address: 0xFFFF port_id: -1
06-10 19:58:25.379 740 740 D HdmiControlService: Switching to full volume behavior
06-10 19:58:25.380 536 563 D hdmicecd: [HdmiCecControl]:getPhysicalAddress, physical addr: 2000, last pa: 2000, ret = 0
06-10 19:58:25.381 740 953 D HDMI : [S]: 40:8F
06-10 19:58:25.383 330 4466 D MesonDisplay: read /sys/class/amhdmitx/amhdmitx0/hdcp_lstore, result length:0, val:
06-10 19:58:25.455 536 564 D hdmicecd: [CEC]:printCecMsgBuf, msg: 04 83
06-10 19:58:25.457 740 740 D HDMI : [R]: 04:83
06-10 19:58:25.457 536 536 D hdmicecd: [HdmiCecControl]:getPhysicalAddress, physical addr: 2000, last pa: 2000, ret = 0
06-10 19:58:25.637 536 563 D hdmicecd: [CEC]:printCecMessage, [4 -> 0] len: 1, body: 8f, result:success
06-10 19:58:25.638 536 563 E IPCThreadState: binder thread pool (1 threads) starved for 257 ms
06-10 19:58:25.638 740 953 D HDMI : [S]: 4F:84:20:00:04
06-10 19:58:25.791 536 563 D hdmicecd: [CEC]:printCecMessage, [4 -> f] len: 4, body: 84 20 00 04, result:success
06-10 19:58:25.791 536 563 E IPCThreadState: binder thread pool (1 threads) starved for 153 ms
06-10 19:58:25.923 536 564 D hdmicecd: [CEC]:printCecMsgBuf, msg: 04 90 00
06-10 19:58:25.923 536 564 D hdmicecd: [HdmiCecControl]:updateActiveState received tv power status 0
06-10 19:58:25.925 740 740 D HDMI : [R]: 04:90:00
06-10 19:58:25.925 536 563 D hdmicecd: [HdmiCecControl]:getPhysicalAddress, physical addr: 2000, last pa: 2000, ret = 0
06-10 19:58:25.928 536 563 D hdmicecd: [HdmiCecControl]:getPhysicalAddress, physical addr: 2000, last pa: 2000, ret = 0
06-10 19:58:25.929 740 740 D HDMI : addCecDevice new:CEC: logical_address: 0x00 device_type: 0 cec_version: 5 vendor_id: 60426 display_name: MiTV-ANSP0 power_status: 0 physical_address: 0x0000 port_id: -1 old:CEC: logical_address: 0x00 device_type: 0 cec_version: 5 vendor_id: 60426 display_name: MiTV-ANSP0 power_status: 0 physical_address: 0x0000 port_id: -1
06-10 19:58:25.929 740 740 D HdmiControlService: Switching to full volume behavior
06-10 19:58:25.930 536 536 D hdmicecd: [HdmiCecControl]:getPhysicalAddress, physical addr: 2000, last pa: 2000, ret = 0
06-10 19:58:25.930 740 740 D HDMI : addCecDevice new:CEC: logical_address: 0x04 device_type: 4 cec_version: 5 vendor_id: 1877008 display_name: DBBOX-A3 power_status: 0 physical_address: 0x2000 port_id: 0 old:null
06-10 19:58:26.007 536 564 D hdmicecd: [CEC]:printCecMsgBuf, msg: 04 46
06-10 19:58:26.007 536 564 D hdmicecd: [CMsgQueue]:sendmsg now = 190490 msg[0] when = 191490
06-10 19:58:26.008 740 740 D HDMI : [R]: 04:46
06-10 19:58:26.009 740 953 D HDMI : [S]: 40:47:44:42:42:4F:58:2D:41:33
06-10 19:58:26.010 536 565 D hdmicecd: [CMsgQueue]:msg size is 0, break
06-10 19:58:26.289 536 536 D hdmicecd: [CEC]:printCecMessage, [4 -> 0] len: 9, body: 47 44 42 42 4f 58 2d 41 33, result:success
06-10 19:58:26.289 536 536 E IPCThreadState: binder thread pool (1 threads) starved for 280 ms
06-10 19:58:26.371 536 564 D hdmicecd: [CEC]:printCecMsgBuf, msg: 04 8c
06-10 19:58:26.371 740 740 D HDMI : [R]: 04:8C
06-10 19:58:26.372 536 536 D hdmicecd: [HdmiCecControl]:getVendorId, vendorId: 0x1CA410
06-10 19:58:26.373 740 953 D HDMI : [S]: 4F:87:1C:A4:10
06-10 19:58:26.383 330 4466 D MesonDisplay: read /sys/class/amhdmitx/amhdmitx0/hdcp_lstore, result length:0, val:
06-10 19:58:26.399 523 697 D audio_hw_hal_ms12common: func:ms12_timer_callback_handler sigv:0 ~~~~~~~~~~
06-10 19:58:26.399 523 697 D audio_hw_hal_ms12v2: set_dolby_ms12_continuous_state audio_continuous_standby_set status 1
06-10 19:58:26.399 523 697 D audio_hw_hal_continuous_standby: audio_continuous_standby_set, type 0, params 1
06-10 19:58:26.399 523 697 D audio_hw_hal_ms12common: aml_send_ms12_scheduler_state_2_ms12 adev:0xf0f82930, sch_state:1(SCHEDULER_STANDBY)
06-10 19:58:26.531 536 536 D hdmicecd: [CEC]:printCecMessage, [4 -> f] len: 4, body: 87 1c a4 10, result:success
06-10 19:58:26.531 536 536 E IPCThreadState: binder thread pool (1 threads) starved for 157 ms
06-10 19:58:26.721 536 564 D hdmicecd: [CEC]:printCecMsgBuf, msg: 0f 80 00 00 20 00
06-10 19:58:26.721 536 564 D hdmicecd: [HdmiCecControl]:updateActiveState received messag:80 active state:1
06-10 19:58:26.722 740 740 D HDMI : [R]: 0F:80:00:00:20:00
06-10 19:58:26.723 536 536 D hdmicecd: [HdmiCecControl]:getPhysicalAddress, physical addr: 2000, last pa: 2000, ret = 0
06-10 19:58:26.807 536 564 D hdmicecd: [CEC]:printCecMsgBuf, msg: 04 8f
06-10 19:58:26.808 740 740 D HDMI : [R]: 04:8F
06-10 19:58:26.809 740 953 D HDMI : [S]: 40:90:00
06-10 19:58:26.918 536 536 D hdmicecd: [CEC]:printCecMessage, [4 -> 0] len: 2, body: 90 00, result:success
06-10 19:58:26.918 536 536 E IPCThreadState: binder thread pool (1 threads) starved for 109 ms
06-10 19:58:27.165 541 541 I WifiHAL : call wifi_get_link_stats handler
06-10 19:58:27.165 541 541 I WifiHAL : Creating message to get link statistics; iface = 16
06-10 19:58:27.165 541 541 D WifiHAL : error code -95 mapped to -3
06-10 19:58:27.165 740 916 E WifiStaIfaceAidlImpl: getLinkLayerStats failed with service-specific exception: android.os.ServiceSpecificException: (code 4)
06-10 19:58:27.384 330 4466 D MesonDisplay: read /sys/class/amhdmitx/amhdmitx0/hdcp_lstore, result length:0, val:
06-10 19:58:28.068 536 564 D hdmicecd: [CEC]:printCecMsgBuf, msg: 04 44 6d
06-10 19:58:28.069 740 740 D HDMI : [R]: 04:44
06-10 19:58:28.131 3060 3061 D uninstall: isAllowStart last_delay 0, current_time 1749556708
06-10 19:58:28.131 3060 3061 I uninstall: enable_service com.ktcp.video/com.tencent.qqlivetv.keeplive.proc.DaemonService com.ktcp.video/(null)
06-10 19:58:28.133 3060 3061 D uninstall: enable_service waitpid
06-10 19:58:28.133 4477 4477 D uninstall: enable_service pid == 0
06-10 19:58:28.133 4477 4477 D uninstall: enable_service version >= 17 || version == 0 version == 34
06-10 19:58:28.147 536 564 D hdmicecd: [CEC]:printCecMsgBuf, msg: 04 45
06-10 19:58:28.148 740 740 D HDMI : [R]: 04:45
06-10 19:58:28.178 3060 3061 I uninstall: watchdaemon process_name = com.ktcp.video:daemon has gone, start it
06-10 19:58:28.179 3060 3061 D uninstall: watchdaemon waitpid
06-10 19:58:28.179 4481 4481 D uninstall: watchdaemon pid == 0
06-10 19:58:28.179 4481 4481 D uninstall: watchdaemon version >= 17 || version == 0 version == 34
06-10 19:58:28.384 330 4466 D MesonDisplay: read /sys/class/amhdmitx/amhdmitx0/hdcp_lstore, result length:0, val:
06-10 19:58:28.952 740 740 V HotPlugDetectionAction: Poll all devices.
06-10 19:58:29.013 536 536 D hdmicecd: [CEC]:printCecMessage, [4 -> 0] len: 0, body:, result:success
06-10 19:58:29.069 536 536 D hdmicecd: [CEC]:printCecMessage, [4 -> 1] len: 0, body:, result:no ack
06-10 19:58:29.125 536 536 D hdmicecd: [CEC]:printCecMessage, [4 -> 3] len: 0, body:, result:no ack
06-10 19:58:29.181 536 536 D hdmicecd: [CEC]:printCecMessage, [4 -> 5] len: 0, body:, result:no ack
06-10 19:58:29.237 536 536 D hdmicecd: [CEC]:printCecMessage, [4 -> 8] len: 0, body:, result:no ack
06-10 19:58:29.297 536 536 D hdmicecd: [CEC]:printCecMessage, [4 -> b] len: 0, body:, result:no ack
06-10 19:58:29.353 536 536 D hdmicecd: [CEC]:printCecMessage, [4 -> e] len: 0, body:, result:no ack
06-10 19:58:29.354 740 740 D HdmiCecController: [P]:AllocatedAddress=[0]
06-10 19:58:29.384 330 4466 D MesonDisplay: read /sys/class/amhdmitx/amhdmitx0/hdcp_lstore, result length:0, val:
06-10 19:58:30.173 541 541 I WifiHAL : call wifi_get_link_stats handler
06-10 19:58:30.173 541 541 I WifiHAL : Creating message to get link statistics; iface = 16
06-10 19:58:30.173 541 541 D WifiHAL : error code -95 mapped to -3
06-10 19:58:30.173 740 916 E WifiStaIfaceAidlImpl: getLinkLayerStats failed with service-specific exception: android.os.ServiceSpecificException: (code 4)
06-10 19:58:30.385 330 4466 D MesonDisplay: read /sys/class/amhdmitx/amhdmitx0/hdcp_lstore, result length:0, val:
06-10 19:58:30.491 740 877 D OomAdjuster: Not killing cached processes
06-10 19:58:30.494 1641 1641 D bbb : onStartCommand begin !!!!!!! data分区剩余 52966MB
06-10 19:58:31.385 330 4466 D MesonDisplay: read /sys/class/amhdmitx/amhdmitx0/hdcp_lstore, result length:0, val:
06-10 19:58:32.385 330 4466 D MesonDisplay: read /sys/class/amhdmitx/amhdmitx0/hdcp_lstore, result length:0, val:
06-10 19:58:33.178 541 541 I WifiHAL : call wifi_get_link_stats handler
06-10 19:58:33.178 541 541 I WifiHAL : Creating message to get link statistics; iface = 16
06-10 19:58:33.178 541 541 D WifiHAL : error code -95 mapped to -3
06-10 19:58:33.179 740 916 E WifiStaIfaceAidlImpl: getLinkLayerStats failed with service-specific exception: android.os.ServiceSpecificException: (code 4)
06-10 19:58:33.386 330 4466 D MesonDisplay: read /sys/class/amhdmitx/amhdmitx0/hdcp_lstore, result length:0, val:
06-10 19:58:34.386 330 4466 D MesonDisplay: read /sys/class/amhdmitx/amhdmitx0/hdcp_lstore, result length:0, val:
06-10 19:58:34.386 330 4466 D MesonDisplay: read /sys/class/amhdmitx/amhdmitx0/hdcp_lstore, result length:0, val:
06-10 19:58:34.386 330 4466 I MesonDisplay: [/HDCPTxAuth.cpp, authInit, 223] hdcp_tx key:
06-10 19:58:36.184 541 541 I WifiHAL : call wifi_get_link_stats handler
06-10 19:58:36.184 541 541 I WifiHAL : Creating message to get link statistics; iface = 16
06-10 19:58:36.184 541 541 D WifiHAL : error code -95 mapped to -3
06-10 19:58:36.184 740 916 E WifiStaIfaceAidlImpl: getLinkLayerStats failed with service-specific exception: android.os.ServiceSpecificException: (code 4)
06-10 19:58:36.865 523 698 I audio_hw_hal_alsamgr: alsa format =0x1 delay frames =768 total frames=9082880
06-10 19:58:38.267 3060 3061 D uninstall: isAllowStart last_delay 0, current_time 1749556718
06-10 19:58:38.267 3060 3061 I uninstall: enable_service com.ktcp.video/com.tencent.qqlivetv.keeplive.proc.DaemonService com.ktcp.video/(null)
06-10 19:58:38.268 3060 3061 D uninstall: enable_service waitpid
06-10 19:58:38.268 4495 4495 D uninstall: enable_service pid == 0
06-10 19:58:38.269 4495 4495 D uninstall: enable_service version >= 17 || version == 0 version == 34
06-10 19:58:38.315 3060 3061 I uninstall: watchdaemon process_name = com.ktcp.video:daemon has gone, start it
06-10 19:58:38.317 3060 3061 D uninstall: watchdaemon waitpid
06-10 19:58:38.317 4499 4499 D uninstall: watchdaemon pid == 0
06-10 19:58:38.317 4499 4499 D uninstall: watchdaemon version >= 17 || version == 0 version == 34
06-10 19:58:39.190 541 541 I WifiHAL : call wifi_get_link_stats handler
06-10 19:58:39.190 541 541 I WifiHAL : Creating message to get link statistics; iface = 16
06-10 19:58:39.190 541 541 D WifiHAL : error code -95 mapped to -3
06-10 19:58:39.191 740 916 E WifiStaIfaceAidlImpl: getLinkLayerStats failed with service-specific exception: android.os.ServiceSpecificException: (code 4)
06-10 19:58:40.735 1513 2044 D WanClient: sendHeartMessage
06-10 19:58:40.736 1513 2044 D WanClient: -----final------sendMessage: {"type":"2bKPMh2jwmQ="}
06-10 19:58:40.754 1513 3474 D WanClient: onMessage:Thread[WebSocketConnectReadThread-71,5,main]--{"msg":"+MSejyjwlbc="}
06-10 19:58:40.756 1513 3474 D WanClient: onMessageReceived:Thread[WebSocketConnectReadThread-71,5,main] {"msg":"+MSejyjwlbc="}
06-10 19:58:40.756 1513 3474 D WanClient: type: null
06-10 19:58:40.756 1513 3474 D WanClient: send:HB7FxtN64oc=
06-10 19:58:40.756 1513 3474 D WanClient: leave:uQ3qCmhm4oA=
06-10 19:58:40.756 1513 3474 D WanClient: join:7EsoetslBbs=
06-10 19:58:40.756 1513 3474 D WanClient: Me3/LwZ5vWJxjtP9s3upnQ==
06-10 19:58:42.197 541 541 I WifiHAL : call wifi_get_link_stats handler
06-10 19:58:42.197 541 541 I WifiHAL : Creating message to get link statistics; iface = 16
06-10 19:58:42.197 541 541 D WifiHAL : error code -95 mapped to -3
06-10 19:58:42.197 740 916 E WifiStaIfaceAidlImpl: getLinkLayerStats failed with service-specific exception: android.os.ServiceSpecificException: (code 4)
06-10 19:58:44.096 1513 2021 E ccc : cccccc sendCycleCheckBroadcast
06-10 19:58:44.097 1513 2021 W ContextImpl: Calling a method in the system process without a qualified user: android.app.ContextImpl.sendBroadcast:1220 android.content.ContextWrapper.sendBroadcast:504 com.dangbei.etna.setting.core.SettingHelper.sendCycleToProjector:257 com.dangbei.etna.setting.core.SettingHelper.sendCycleCheckBroadcast:226 com.dangbei.etna.setting.core.SettingHelper.startLoop$lambda-0:185
06-10 19:58:44.098 1513 2021 W ContextImpl: Calling a method in the system process without a qualified user: android.app.ContextImpl.sendBroadcast:1220 android.content.ContextWrapper.sendBroadcast:504 com.dangbei.etna.setting.core.SettingHelper.sendCycleToVoice:242 com.dangbei.etna.setting.core.SettingHelper.sendCycleCheckBroadcast:227 com.dangbei.etna.setting.core.SettingHelper.startLoop$lambda-0:185
06-10 19:58:44.099 740 815 D OomAdjuster: Not killing cached processes
06-10 19:58:44.102 2114 2114 D RockyVoice: RestartReceiver onReceive
06-10 19:58:45.201 541 541 I WifiHAL : call wifi_get_link_stats handler
06-10 19:58:45.201 541 541 I WifiHAL : Creating message to get link statistics; iface = 16
06-10 19:58:45.201 541 541 D WifiHAL : error code -95 mapped to -3
06-10 19:58:45.201 740 916 E WifiStaIfaceAidlImpl: getLinkLayerStats failed with service-specific exception: android.os.ServiceSpecificException: (code 4)
06-10 19:58:47.772 740 815 W ActivityManager: Stopping service due to app idle: u0a75 -1m18s886ms com.xiaodianshi.tv.yst/com.bilibili.lib.neuron.internal.NeuronRemoteService
06-10 19:58:48.205 541 541 I WifiHAL : call wifi_get_link_stats handler
06-10 19:58:48.205 541 541 I WifiHAL : Creating message to get link statistics; iface = 16
06-10 19:58:48.205 541 541 D WifiHAL : error code -95 mapped to -3
06-10 19:58:48.205 740 916 E WifiStaIfaceAidlImpl: getLinkLayerStats failed with service-specific exception: android.os.ServiceSpecificException: (code 4)
06-10 19:58:48.413 3060 3061 D uninstall: isAllowStart last_delay 0, current_time 1749556728
06-10 19:58:48.413 3060 3061 I uninstall: enable_service com.ktcp.video/com.tencent.qqlivetv.keeplive.proc.DaemonService com.ktcp.video/(null)
06-10 19:58:48.414 3060 3061 D uninstall: enable_service waitpid
06-10 19:58:48.414 4517 4517 D uninstall: enable_service pid == 0
06-10 19:58:48.414 4517 4517 D uninstall: enable_service version >= 17 || version == 0 version == 34
06-10 19:58:48.459 3060 3061 I uninstall: watchdaemon process_name = com.ktcp.video:daemon has gone, start it
06-10 19:58:48.460 3060 3061 D uninstall: watchdaemon waitpid
06-10 19:58:48.460 4521 4521 D uninstall: watchdaemon pid == 0
06-10 19:58:48.460 4521 4521 D uninstall: watchdaemon version >= 17 || version == 0 version == 34
06-10 19:58:49.992 1550 3359 I dangbei ad sdk: ad manager report data::cache data size=0
06-10 19:58:50.058 1550 4319 D TrafficStats: tagSocket(94) with statsTag=0xffffffff, statsUid=-1
06-10 19:58:50.195 1424 1424 I /apex/com.android.adbd/bin/adbd: type=1400 audit(0.0:1947): avc: denied { search } for comm=75736220666673206F70656E name="/" dev="functionfs" ino=25677 scontext=u:r:su:s0 tcontext=u:object_r:functionfs:s0 tclass=dir permissive=1
06-10 19:58:50.604 1550 4319 D dangbei ad sdk: HttpUtils.....::response={"msg":"no available advert","code":200}
06-10 19:58:51.209 541 541 I WifiHAL : call wifi_get_link_stats handler
06-10 19:58:51.209 541 541 I WifiHAL : Creating message to get link statistics; iface = 16
06-10 19:58:51.209 541 541 D WifiHAL : error code -95 mapped to -3
06-10 19:58:51.210 740 916 E WifiStaIfaceAidlImpl: getLinkLayerStats failed with service-specific exception: android.os.ServiceSpecificException: (code 4)
06-10 19:58:52.775 1513 1907 E dangbei111: cccccc 检查遥控器是否连接: Dangbei E4:BB:D3:57:C0:7D
06-10 19:58:52.778 1513 1907 E dangbei111: cccccc 检查遥控器是否连接: 蓝牙的结果 Dangbei E4:BB:D3:57:C0:7D true
06-10 19:58:52.779 1513 1907 E dangbei111: cccccc 确实有遥控器 存在
06-10 19:58:52.779 1513 1907 E dangbei111: cccccc rc is connected, stop scan =E4:BB:D3:57:C0:7D
06-10 19:58:54.216 541 541 I WifiHAL : call wifi_get_link_stats handler
06-10 19:58:54.216 541 541 I WifiHAL : Creating message to get link statistics; iface = 16
06-10 19:58:54.217 541 541 D WifiHAL : error code -95 mapped to -3
06-10 19:58:54.217 740 916 E WifiStaIfaceAidlImpl: getLinkLayerStats failed with service-specific exception: android.os.ServiceSpecificException: (code 4)
06-10 19:58:57.224 541 541 I WifiHAL : call wifi_get_link_stats handler
06-10 19:58:57.224 541 541 I WifiHAL : Creating message to get link statistics; iface = 16
06-10 19:58:57.225 541 541 D WifiHAL : error code -95 mapped to -3
06-10 19:58:57.225 740 916 E WifiStaIfaceAidlImpl: getLinkLayerStats failed with service-specific exception: android.os.ServiceSpecificException: (code 4)
06-10 19:58:57.816 740 873 D ActivityManager: freezing 2440 com.xiaodianshi.tv.yst:stats
06-10 19:58:58.543 3060 3061 D uninstall: isAllowStart last_delay 0, current_time 1749556738
06-10 19:58:58.543 3060 3061 I uninstall: enable_service com.ktcp.video/com.tencent.qqlivetv.keeplive.proc.DaemonService com.ktcp.video/(null)
06-10 19:58:58.544 3060 3061 D uninstall: enable_service waitpid
06-10 19:58:58.544 4540 4540 D uninstall: enable_service pid == 0
06-10 19:58:58.544 4540 4540 D uninstall: enable_service version >= 17 || version == 0 version == 34
06-10 19:58:58.588 3060 3061 I uninstall: watchdaemon process_name = com.ktcp.video:daemon has gone, start it
06-10 19:58:58.589 3060 3061 D uninstall: watchdaemon waitpid
06-10 19:58:58.589 4544 4544 D uninstall: watchdaemon pid == 0
06-10 19:58:58.589 4544 4544 D uninstall: watchdaemon version >= 17 || version == 0 version == 34
06-10 19:58:58.817 2532 2548 I com.ktcp.video: Background concurrent copying GC freed 191884(6257KB) AllocSpace objects, 16(320KB) LOS objects, 49% free, 5925KB/11MB, paused 135us,64us total 128.497ms
06-10 19:59:00.229 541 541 I WifiHAL : call wifi_get_link_stats handler
06-10 19:59:00.229 541 541 I WifiHAL : Creating message to get link statistics; iface = 16
06-10 19:59:00.229 541 541 D WifiHAL : error code -95 mapped to -3
06-10 19:59:00.229 740 916 E WifiStaIfaceAidlImpl: getLinkLayerStats failed with service-specific exception: android.os.ServiceSpecificException: (code 4)
06-10 19:59:00.736 1513 2044 D WanClient: sendHeartMessage
06-10 19:59:00.737 1513 2044 D WanClient: -----final------sendMessage: {"type":"2bKPMh2jwmQ="}
06-10 19:59:00.753 1513 3474 D WanClient: onMessage:Thread[WebSocketConnectReadThread-71,5,main]--{"msg":"+MSejyjwlbc="}
06-10 19:59:00.758 1513 3474 D WanClient: onMessageReceived:Thread[WebSocketConnectReadThread-71,5,main] {"msg":"+MSejyjwlbc="}
06-10 19:59:00.758 1513 3474 D WanClient: type: null
06-10 19:59:00.758 1513 3474 D WanClient: send:HB7FxtN64oc=
06-10 19:59:00.758 1513 3474 D WanClient: leave:uQ3qCmhm4oA=
06-10 19:59:00.758 1513 3474 D WanClient: join:7EsoetslBbs=
06-10 19:59:00.758 1513 3474 D WanClient: Me3/LwZ5vWJxjtP9s3upnQ==
06-10 19:59:01.149 1550 3359 I dangbei ad sdk: ad manager report data::cache data size=0
06-10 19:59:01.166 1550 4319 D TrafficStats: tagSocket(161) with statsTag=0xffffffff, statsUid=-1
06-10 19:59:01.713 1550 4319 D dangbei ad sdk: HttpUtils.....::response={"msg":"no available advert","code":200}
06-10 19:59:03.234 541 541 I WifiHAL : call wifi_get_link_stats handler
06-10 19:59:03.235 541 541 I WifiHAL : Creating message to get link statistics; iface = 16
06-10 19:59:03.235 541 541 D WifiHAL : error code -95 mapped to -3
06-10 19:59:03.235 740 916 E WifiStaIfaceAidlImpl: getLinkLayerStats failed with service-specific exception: android.os.ServiceSpecificException: (code 4)
06-10 19:59:06.241 541 541 I WifiHAL : call wifi_get_link_stats handler
06-10 19:59:06.241 541 541 I WifiHAL : Creating message to get link statistics; iface = 16
06-10 19:59:06.241 541 541 D WifiHAL : error code -95 mapped to -3
06-10 19:59:06.241 740 916 E WifiStaIfaceAidlImpl: getLinkLayerStats failed with service-specific exception: android.os.ServiceSpecificException: (code 4)
06-10 19:59:08.650 3060 3061 D uninstall: isAllowStart last_delay 0, current_time 1749556748
06-10 19:59:08.650 3060 3061 I uninstall: enable_service com.ktcp.video/com.tencent.qqlivetv.keeplive.proc.DaemonService com.ktcp.video/(null)
06-10 19:59:08.651 3060 3061 D uninstall: enable_service waitpid
06-10 19:59:08.651 4564 4564 D uninstall: enable_service pid == 0
06-10 19:59:08.651 4564 4564 D uninstall: enable_service version >= 17 || version == 0 version == 34
06-10 19:59:08.695 3060 3061 I uninstall: watchdaemon process_name = com.ktcp.video:daemon has gone, start it
06-10 19:59:08.696 3060 3061 D uninstall: watchdaemon waitpid
06-10 19:59:08.696 4568 4568 D uninstall: watchdaemon pid == 0
06-10 19:59:08.696 4568 4568 D uninstall: watchdaemon version >= 17 || version == 0 version == 34
06-10 19:59:08.865 523 698 I audio_hw_hal_alsamgr: alsa format =0x1 delay frames =768 total frames=10618880
06-10 19:59:09.248 541 541 I WifiHAL : call wifi_get_link_stats handler
06-10 19:59:09.248 541 541 I WifiHAL : Creating message to get link statistics; iface = 16
06-10 19:59:09.248 541 541 D WifiHAL : error code -95 mapped to -3
06-10 19:59:09.249 740 916 E WifiStaIfaceAidlImpl: getLinkLayerStats failed with service-specific exception: android.os.ServiceSpecificException: (code 4)
06-10 19:59:12.253 541 541 I WifiHAL : call wifi_get_link_stats handler
06-10 19:59:12.253 541 541 I WifiHAL : Creating message to get link statistics; iface = 16
06-10 19:59:12.253 541 541 D WifiHAL : error code -95 mapped to -3
06-10 19:59:12.253 740 916 E WifiStaIfaceAidlImpl: getLinkLayerStats failed with service-specific exception: android.os.ServiceSpecificException: (code 4)
06-10 19:59:15.257 541 541 I WifiHAL : call wifi_get_link_stats handler
06-10 19:59:15.257 541 541 I WifiHAL : Creating message to get link statistics; iface = 16
06-10 19:59:15.257 541 541 D WifiHAL : error code -95 mapped to -3
06-10 19:59:15.257 740 916 E WifiStaIfaceAidlImpl: getLinkLayerStats failed with service-specific exception: android.os.ServiceSpecificException: (code 4)
06-10 19:59:17.123 1424 1424 I UsbFfs-monitor: type=1400 audit(0.0:1948): avc: denied { use } for path="anon_inode:[eventfd]" dev="anon_inodefs" ino=10204 scontext=u:r:su:s0 tcontext=u:r:adbd:s0 tclass=fd permissive=1
06-10 19:59:18.264 541 541 I WifiHAL : call wifi_get_link_stats handler
06-10 19:59:18.264 541 541 I WifiHAL : Creating message to get link statistics; iface = 16
06-10 19:59:18.264 541 541 D WifiHAL : error code -95 mapped to -3
06-10 19:59:18.265 740 916 E WifiStaIfaceAidlImpl: getLinkLayerStats failed with service-specific exception: android.os.ServiceSpecificException: (code 4)
06-10 19:59:18.791 3060 3061 D uninstall: isAllowStart last_delay 0, current_time 1749556758
06-10 19:59:18.791 3060 3061 I uninstall: enable_service com.ktcp.video/com.tencent.qqlivetv.keeplive.proc.DaemonService com.ktcp.video/(null)
06-10 19:59:18.792 3060 3061 D uninstall: enable_service waitpid
06-10 19:59:18.792 4582 4582 D uninstall: enable_service pid == 0
06-10 19:59:18.793 4582 4582 D uninstall: enable_service version >= 17 || version == 0 version == 34
06-10 19:59:18.838 3060 3061 I uninstall: watchdaemon process_name = com.ktcp.video:daemon has gone, start it
06-10 19:59:18.839 3060 3061 D uninstall: watchdaemon waitpid
06-10 19:59:18.839 4586 4586 D uninstall: watchdaemon pid == 0
06-10 19:59:18.839 4586 4586 D uninstall: watchdaemon version >= 17 || version == 0 version == 34
06-10 19:59:20.735 1513 2044 D WanClient: sendHeartMessage
06-10 19:59:20.736 1513 2044 D WanClient: -----final------sendMessage: {"type":"2bKPMh2jwmQ="}
06-10 19:59:20.755 1513 3474 D WanClient: onMessage:Thread[WebSocketConnectReadThread-71,5,main]--{"msg":"+MSejyjwlbc="}
06-10 19:59:20.759 1513 3474 D WanClient: onMessageReceived:Thread[WebSocketConnectReadThread-71,5,main] {"msg":"+MSejyjwlbc="}
06-10 19:59:20.759 1513 3474 D WanClient: type: null
06-10 19:59:20.759 1513 3474 D WanClient: send:HB7FxtN64oc=
06-10 19:59:20.759 1513 3474 D WanClient: leave:uQ3qCmhm4oA=
06-10 19:59:20.759 1513 3474 D WanClient: join:7EsoetslBbs=
06-10 19:59:20.759 1513 3474 D WanClient: Me3/LwZ5vWJxjtP9s3upnQ==
06-10 19:59:21.269 541 541 I WifiHAL : call wifi_get_link_stats handler
06-10 19:59:21.269 541 541 I WifiHAL : Creating message to get link statistics; iface = 16
06-10 19:59:21.269 541 541 D WifiHAL : error code -95 mapped to -3
06-10 19:59:21.269 740 916 E WifiStaIfaceAidlImpl: getLinkLayerStats failed with service-specific exception: android.os.ServiceSpecificException: (code 4)
06-10 19:59:24.273 541 541 I WifiHAL : call wifi_get_link_stats handler
06-10 19:59:24.273 541 541 I WifiHAL : Creating message to get link statistics; iface = 16
06-10 19:59:24.273 541 541 D WifiHAL : error code -95 mapped to -3
06-10 19:59:24.273 740 916 E WifiStaIfaceAidlImpl: getLinkLayerStats failed with service-specific exception: android.os.ServiceSpecificException: (code 4)
06-10 19:59:26.620 536 564 D hdmicecd: [CEC]:printCecMsgBuf, msg: 04 8f
06-10 19:59:26.621 740 740 D HDMI : [R]: 04:8F
06-10 19:59:26.622 740 953 D HDMI : [S]: 40:90:00
06-10 19:59:26.726 536 536 D hdmicecd: [CEC]:printCecMessage, [4 -> 0] len: 2, body: 90 00, result:success
06-10 19:59:26.726 536 536 E IPCThreadState: binder thread pool (1 threads) starved for 105 ms
06-10 19:59:27.278 541 541 I WifiHAL : call wifi_get_link_stats handler
06-10 19:59:27.278 541 541 I WifiHAL : Creating message to get link statistics; iface = 16
06-10 19:59:27.278 541 541 D WifiHAL : error code -95 mapped to -3
06-10 19:59:27.279 740 916 E WifiStaIfaceAidlImpl: getLinkLayerStats failed with service-specific exception: android.os.ServiceSpecificException: (code 4)
06-10 19:59:28.934 3060 3061 D uninstall: isAllowStart last_delay 0, current_time 1749556768
06-10 19:59:28.934 3060 3061 I uninstall: enable_service com.ktcp.video/com.tencent.qqlivetv.keeplive.proc.DaemonService com.ktcp.video/(null)
06-10 19:59:28.935 3060 3061 D uninstall: enable_service waitpid
06-10 19:59:28.935 4600 4600 D uninstall: enable_service pid == 0
06-10 19:59:28.935 4600 4600 D uninstall: enable_service version >= 17 || version == 0 version == 34
06-10 19:59:28.953 740 740 V HotPlugDetectionAction: Poll all devices.
06-10 19:59:28.981 3060 3061 I uninstall: watchdaemon process_name = com.ktcp.video:daemon has gone, start it
06-10 19:59:28.982 3060 3061 D uninstall: watchdaemon waitpid
06-10 19:59:28.982 4604 4604 D uninstall: watchdaemon pid == 0
06-10 19:59:28.982 4604 4604 D uninstall: watchdaemon version >= 17 || version == 0 version == 34
06-10 19:59:29.009 536 536 D hdmicecd: [CEC]:printCecMessage, [4 -> 0] len: 0, body:, result:success
06-10 19:59:29.065 536 536 D hdmicecd: [CEC]:printCecMessage, [4 -> 1] len: 0, body:, result:no ack
06-10 19:59:29.121 536 536 D hdmicecd: [CEC]:printCecMessage, [4 -> 3] len: 0, body:, result:no ack
06-10 19:59:29.177 536 536 D hdmicecd: [CEC]:printCecMessage, [4 -> 5] len: 0, body:, result:no ack
06-10 19:59:29.233 536 536 D hdmicecd: [CEC]:printCecMessage, [4 -> 8] len: 0, body:, result:no ack
06-10 19:59:29.289 536 536 D hdmicecd: [CEC]:printCecMessage, [4 -> b] len: 0, body:, result:no ack
06-10 19:59:29.345 536 536 D hdmicecd: [CEC]:printCecMessage, [4 -> e] len: 0, body:, result:no ack
06-10 19:59:29.346 740 740 D HdmiCecController: [P]:AllocatedAddress=[0]
06-10 19:59:30.285 541 541 I WifiHAL : call wifi_get_link_stats handler
06-10 19:59:30.285 541 541 I WifiHAL : Creating message to get link statistics; iface = 16
06-10 19:59:30.285 541 541 D WifiHAL : error code -95 mapped to -3
06-10 19:59:30.285 740 916 E WifiStaIfaceAidlImpl: getLinkLayerStats failed with service-specific exception: android.os.ServiceSpecificException: (code 4)
06-10 19:59:30.496 740 877 D OomAdjuster: Not killing cached processes
06-10 19:59:30.500 1641 1641 D bbb : onStartCommand begin !!!!!!! data分区剩余 52964MB
06-10 19:59:33.289 541 541 I WifiHAL : call wifi_get_link_stats handler
06-10 19:59:33.289 541 541 I WifiHAL : Creating message to get link statistics; iface = 16
06-10 19:59:33.289 541 541 D WifiHAL : error code -95 mapped to -3
06-10 19:59:33.289 740 916 E WifiStaIfaceAidlImpl: getLinkLayerStats failed with service-specific exception: android.os.ServiceSpecificException: (code 4)
06-10 19:59:36.293 541 541 I WifiHAL : call wifi_get_link_stats handler
06-10 19:59:36.293 541 541 I WifiHAL : Creating message to get link statistics; iface = 16
06-10 19:59:36.293 541 541 D WifiHAL : error code -95 mapped to -3
06-10 19:59:36.294 740 916 E WifiStaIfaceAidlImpl: getLinkLayerStats failed with service-specific exception: android.os.ServiceSpecificException: (code 4)
06-10 19:59:39.077 3060 3061 D uninstall: isAllowStart last_delay 0, current_time 1749556779
06-10 19:59:39.077 3060 3061 I uninstall: enable_service com.ktcp.video/com.tencent.qqlivetv.keeplive.proc.DaemonService com.ktcp.video/(null)
06-10 19:59:39.077 3060 3061 D uninstall: enable_service waitpid
06-10 19:59:39.078 4619 4619 D uninstall: enable_service pid == 0
06-10 19:59:39.078 4619 4619 D uninstall: enable_service version >= 17 || version == 0 version == 34
06-10 19:59:39.121 3060 3061 I uninstall: watchdaemon process_name = com.ktcp.video:daemon has gone, start it
06-10 19:59:39.121 3060 3061 D uninstall: watchdaemon waitpid
06-10 19:59:39.122 4623 4623 D uninstall: watchdaemon pid == 0
06-10 19:59:39.122 4623 4623 D uninstall: watchdaemon version >= 17 || version == 0 version == 34
06-10 19:59:39.300 541 541 I WifiHAL : call wifi_get_link_stats handler
06-10 19:59:39.300 541 541 I WifiHAL : Creating message to get link statistics; iface = 16
06-10 19:59:39.300 541 541 D WifiHAL : error code -95 mapped to -3
06-10 19:59:39.301 740 916 E WifiStaIfaceAidlImpl: getLinkLayerStats failed with service-specific exception: android.os.ServiceSpecificException: (code 4)
06-10 19:59:40.735 1513 2044 D WanClient: sendHeartMessage
06-10 19:59:40.736 1513 2044 D WanClient: -----final------sendMessage: {"type":"2bKPMh2jwmQ="}
06-10 19:59:40.865 523 698 I audio_hw_hal_alsamgr: alsa format =0x1 delay frames =768 total frames=12154880
06-10 19:59:40.967 1513 3474 D WanClient: onMessage:Thread[WebSocketConnectReadThread-71,5,main]--{"msg":"+MSejyjwlbc="}
06-10 19:59:40.970 1513 3474 D WanClient: onMessageReceived:Thread[WebSocketConnectReadThread-71,5,main] {"msg":"+MSejyjwlbc="}
06-10 19:59:40.970 1513 3474 D WanClient: type: null
06-10 19:59:40.970 1513 3474 D WanClient: send:HB7FxtN64oc=
06-10 19:59:40.970 1513 3474 D WanClient: leave:uQ3qCmhm4oA=
06-10 19:59:40.970 1513 3474 D WanClient: join:7EsoetslBbs=
06-10 19:59:40.970 1513 3474 D WanClient: Me3/LwZ5vWJxjtP9s3upnQ==
06-10 19:59:42.305 541 541 I WifiHAL : call wifi_get_link_stats handler
06-10 19:59:42.305 541 541 I WifiHAL : Creating message to get link statistics; iface = 16
06-10 19:59:42.305 541 541 D WifiHAL : error code -95 mapped to -3
06-10 19:59:42.305 740 916 E WifiStaIfaceAidlImpl: getLinkLayerStats failed with service-specific exception: android.os.ServiceSpecificException: (code 4)
06-10 19:59:45.312 541 541 I WifiHAL : call wifi_get_link_stats handler
06-10 19:59:45.312 541 541 I WifiHAL : Creating message to get link statistics; iface = 16
06-10 19:59:45.312 541 541 D WifiHAL : error code -95 mapped to -3
06-10 19:59:45.313 740 916 E WifiStaIfaceAidlImpl: getLinkLayerStats failed with service-specific exception: android.os.ServiceSpecificException: (code 4)
06-10 19:59:48.317 541 541 I WifiHAL : call wifi_get_link_stats handler
06-10 19:59:48.317 541 541 I WifiHAL : Creating message to get link statistics; iface = 16
06-10 19:59:48.317 541 541 D WifiHAL : error code -95 mapped to -3
06-10 19:59:48.317 740 916 E WifiStaIfaceAidlImpl: getLinkLayerStats failed with service-specific exception: android.os.ServiceSpecificException: (code 4)
06-10 19:59:49.214 3060 3061 D uninstall: isAllowStart last_delay 0, current_time 1749556789
06-10 19:59:49.214 3060 3061 I uninstall: enable_service com.ktcp.video/com.tencent.qqlivetv.keeplive.proc.DaemonService com.ktcp.video/(null)
06-10 19:59:49.215 3060 3061 D uninstall: enable_service waitpid
06-10 19:59:49.215 4636 4636 D uninstall: enable_service pid == 0
06-10 19:59:49.215 4636 4636 D uninstall: enable_service version >= 17 || version == 0 version == 34
06-10 19:59:49.259 3060 3061 I uninstall: watchdaemon process_name = com.ktcp.video:daemon has gone, start it
06-10 19:59:49.260 3060 3061 D uninstall: watchdaemon waitpid
06-10 19:59:49.260 4640 4640 D uninstall: watchdaemon pid == 0
06-10 19:59:49.260 4640 4640 D uninstall: watchdaemon version >= 17 || version == 0 version == 34
06-10 19:59:51.324 541 541 I WifiHAL : call wifi_get_link_stats handler
06-10 19:59:51.324 541 541 I WifiHAL : Creating message to get link statistics; iface = 16
06-10 19:59:51.324 541 541 D WifiHAL : error code -95 mapped to -3
06-10 19:59:51.324 740 916 E WifiStaIfaceAidlImpl: getLinkLayerStats failed with service-specific exception: android.os.ServiceSpecificException: (code 4)
06-10 19:59:53.240 2532 2548 I com.ktcp.video: Background concurrent copying GC freed 151805(5724KB) AllocSpace objects, 0(0B) LOS objects, 49% free, 5954KB/11MB, paused 149us,67us total 131.988ms
06-10 19:59:54.329 541 541 I WifiHAL : call wifi_get_link_stats handler
06-10 19:59:54.329 541 541 I WifiHAL : Creating message to get link statistics; iface = 16
06-10 19:59:54.329 541 541 D WifiHAL : error code -95 mapped to -3
06-10 19:59:54.329 740 916 E WifiStaIfaceAidlImpl: getLinkLayerStats failed with service-specific exception: android.os.ServiceSpecificException: (code 4)
06-10 19:59:57.334 541 541 I WifiHAL : call wifi_get_link_stats handler
06-10 19:59:57.334 541 541 I WifiHAL : Creating message to get link statistics; iface = 16
06-10 19:59:57.334 541 541 D WifiHAL : error code -95 mapped to -3
06-10 19:59:57.335 740 916 E WifiStaIfaceAidlImpl: getLinkLayerStats failed with service-specific exception: android.os.ServiceSpecificException: (code 4)
06-10 19:59:59.329 3060 3061 D uninstall: isAllowStart last_delay 0, current_time 1749556799
06-10 19:59:59.329 3060 3061 I uninstall: enable_service com.ktcp.video/com.tencent.qqlivetv.keeplive.proc.DaemonService com.ktcp.video/(null)
06-10 19:59:59.330 3060 3061 D uninstall: enable_service waitpid
06-10 19:59:59.330 4654 4654 D uninstall: enable_service pid == 0
06-10 19:59:59.330 4654 4654 D uninstall: enable_service version >= 17 || version == 0 version == 34
06-10 19:59:59.374 3060 3061 I uninstall: watchdaemon process_name = com.ktcp.video:daemon has gone, start it
06-10 19:59:59.375 3060 3061 D uninstall: watchdaemon waitpid
06-10 19:59:59.375 4658 4658 D uninstall: watchdaemon pid == 0
06-10 19:59:59.375 4658 4658 D uninstall: watchdaemon version >= 17 || version == 0 version == 34
06-10 20:00:00.340 541 541 I WifiHAL : call wifi_get_link_stats handler
06-10 20:00:00.340 541 541 I WifiHAL : Creating message to get link statistics; iface = 16
06-10 20:00:00.340 541 541 D WifiHAL : error code -95 mapped to -3
06-10 20:00:00.340 740 916 E WifiStaIfaceAidlImpl: getLinkLayerStats failed with service-specific exception: android.os.ServiceSpecificException: (code 4)
06-10 20:00:00.735 1513 2044 D WanClient: sendHeartMessage
06-10 20:00:00.736 1513 2044 D WanClient: -----final------sendMessage: {"type":"2bKPMh2jwmQ="}
06-10 20:00:00.754 1513 3474 D WanClient: onMessage:Thread[WebSocketConnectReadThread-71,5,main]--{"msg":"+MSejyjwlbc="}
06-10 20:00:00.757 1513 3474 D WanClient: onMessageReceived:Thread[WebSocketConnectReadThread-71,5,main] {"msg":"+MSejyjwlbc="}
06-10 20:00:00.757 1513 3474 D WanClient: type: null
06-10 20:00:00.757 1513 3474 D WanClient: send:HB7FxtN64oc=
06-10 20:00:00.757 1513 3474 D WanClient: leave:uQ3qCmhm4oA=
06-10 20:00:00.757 1513 3474 D WanClient: join:7EsoetslBbs=
06-10 20:00:00.757 1513 3474 D WanClient: Me3/LwZ5vWJxjtP9s3upnQ==
06-10 20:00:03.244 1550 1567 I d.leradlauncher: NativeAlloc concurrent copying GC freed 97013(4753KB) AllocSpace objects, 71(1804KB) LOS objects, 49% free, 10MB/20MB, paused 111us,63us total 111.552ms
06-10 20:00:03.347 541 541 I WifiHAL : call wifi_get_link_stats handler
06-10 20:00:03.347 541 541 I WifiHAL : Creating message to get link statistics; iface = 16
06-10 20:00:03.347 541 541 D WifiHAL : error code -95 mapped to -3
06-10 20:00:03.347 740 916 E WifiStaIfaceAidlImpl: getLinkLayerStats failed with service-specific exception: android.os.ServiceSpecificException: (code 4)
06-10 20:00:06.353 541 541 I WifiHAL : call wifi_get_link_stats handler
06-10 20:00:06.353 541 541 I WifiHAL : Creating message to get link statistics; iface = 16
06-10 20:00:06.353 541 541 D WifiHAL : error code -95 mapped to -3
06-10 20:00:06.354 740 916 E WifiStaIfaceAidlImpl: getLinkLayerStats failed with service-specific exception: android.os.ServiceSpecificException: (code 4)
06-10 20:00:09.361 541 541 I WifiHAL : call wifi_get_link_stats handler
06-10 20:00:09.361 541 541 I WifiHAL : Creating message to get link statistics; iface = 16
06-10 20:00:09.361 541 541 D WifiHAL : error code -95 mapped to -3
06-10 20:00:09.361 740 916 E WifiStaIfaceAidlImpl: getLinkLayerStats failed with service-specific exception: android.os.ServiceSpecificException: (code 4)
06-10 20:00:09.452 3060 3061 D uninstall: isAllowStart last_delay 0, current_time 1749556809
