06-10 20:01:53.546 4776 4804 I bluetooth: packages/modules/Bluetooth/system/btif/src/btif_sock_l2cap.cc:357 send_app_psm_or_chan_l: Sending l2cap socket socket_id:1 channel:4097
06-10 20:01:53.546 4776 4776 D BluetoothAdapter: listenUsingInsecureL2capOn: set assigned channel to 4097
06-10 20:01:53.546 4776 4776 D ObexServerSockets: Succeed to create listening sockets
06-10 20:01:53.546 4776 4776 D ObexServerSockets0: startAccept()
06-10 20:01:53.547 998 998 V CachedBluetoothDevice: Class: 50c
06-10 20:01:53.547 998 998 V CachedBluetoothDevice: UUID:
06-10 20:01:53.547 998 998 V CachedBluetoothDevice: 0000180f-0000-1000-8000-00805f9b34fb
06-10 20:01:53.547 998 998 V CachedBluetoothDevice: 00001812-0000-1000-8000-00805f9b34fb
06-10 20:01:53.547 998 998 D BluetoothAdapter: getActiveDevices(profile= A2DP)
06-10 20:01:53.547 4776 4853 D ObexServerSockets0: Accepting socket connection...
06-10 20:01:53.547 4776 4853 D BluetoothSocket: accept(), timeout (ms):-1
06-10 20:01:53.547 4776 4776 D BluetoothSdpJni: sdpCreateOppOpsRecordNative
06-10 20:01:53.547 4776 4776 D BluetoothSdpJni: SDP Create record success - handle: 0
06-10 20:01:53.547 4776 4776 D BtOppService: mOppSdpHandle :0
06-10 20:01:53.547 4776 4804 I bt_bta_dm: packages/modules/Bluetooth/system/bta/dm/bta_dm_act.cc:3456 bta_dm_eir_update_uuid: EIR Adding UUID=0x1105 into extended inquiry response
06-10 20:01:53.547 4776 4804 I bt_bta_dm: packages/modules/Bluetooth/system/bta/dm/bta_dm_act.cc:3155 bta_dm_set_eir: Generating extended inquiry response packet EIR
06-10 20:01:53.547 4776 4804 E bt_btif : packages/modules/Bluetooth/system/main/bte_logmsg.cc:105 LogMsg: toggleProfile: Unknown service 255 being enabled
06-10 20:01:53.548 4776 4854 D ObexServerSockets0: Accepting socket connection...
06-10 20:01:53.548 4776 4854 D BluetoothSocket: accept(), timeout (ms):-1
06-10 20:01:53.548 4776 4776 I BluetoothPhonePolicy: processDeviceConnected, device=XX:XX:XX:XX:C0:7D
06-10 20:01:53.548 4776 4788 I BluetoothAdapterService: getActiveDevices: A2dp device: null
06-10 20:01:53.548 4776 4776 D BluetoothDatabase: setConnection: device XX:XX:XX:XX:C0:7D and isA2dpDevice=false
06-10 20:01:53.549 4776 4776 D BluetoothDatabase: Updating last connected time for device: XX:XX:XX:XX:C0:7D to 2
06-10 20:01:53.549 4776 4776 D BluetoothDatabase: updateDatabase XX:XX:XX:XX:C0:7D
06-10 20:01:53.549 4776 4776 D AvrcpBrowsablePlayerConnector: Received a message: msg.what=1
06-10 20:01:53.549 4776 4776 I AvrcpBrowsablePlayerConnector: com.android.music is not browsable
06-10 20:01:53.549 998 998 D BluetoothAdapter: getActiveDevices(profile= HEADSET)
06-10 20:01:53.549 4776 4776 D AvrcpBrowsablePlayerConnector: Received a message: msg.what=1
06-10 20:01:53.549 4776 4776 I AvrcpBrowsablePlayerConnector: Checking root contents for com.xiaodianshi.tv.yst
06-10 20:01:53.552 4776 4804 W smp_act : packages/modules/Bluetooth/system/stack/smp/smp_act.cc:2064 smp_link_encrypted: SMP state machine busy so skipping encryption enable:1 device:xx:xx:xx:xx:c0:7d
06-10 20:01:53.552 4776 4804 W bt_stack: [WARNING:bta_gattc_api.cc(689)] notification already registered
06-10 20:01:53.552 4776 4804 W bt_stack: [WARNING:bta_gattc_api.cc(689)] notification already registered
06-10 20:01:53.552 4776 4804 W bt_stack: [WARNING:bta_gattc_api.cc(689)] notification already registered
06-10 20:01:53.552 4776 4804 I bluetooth: packages/modules/Bluetooth/system/stack/eatt/eatt_impl.h:1008 connect: Device xx:xx:xx:xx:c0:7d, role central
06-10 20:01:53.552 4776 4804 I bluetooth: packages/modules/Bluetooth/system/stack/gatt/gatt_main.cc:405 gatt_update_app_use_link_flag: disable link idle timer for xx:xx:xx:xx:c0:7d
06-10 20:01:53.552 4776 4804 I bt_stack: [INFO:l2c_api.cc(1607)] L2CA_MarkLeLinkAsActivesetting link to e4:bb:d3:57:c0:7d as active
06-10 20:01:53.552 4776 4804 I bluetooth: packages/modules/Bluetooth/system/stack/gatt/gatt_api.cc:1206 GATT_SetIdleTimeout: idle_timeout=65535, is_active=1, status=1 (1-OK 0-not performed)
06-10 20:01:53.554 4776 4788 I BluetoothAdapterService: getActiveDevices: Headset device: null
06-10 20:01:53.555 4776 4776 I BrowsedPlayerWrapper: onConnected: com.android.bluetooth is connected
06-10 20:01:53.555 4776 4776 D AvrcpBrowsablePlayerConnector: Browse player callback called: package=com.android.bluetooth : status=0
06-10 20:01:53.556 998 998 D BluetoothAdapter: getActiveDevices(profile= HEARING_AID)
06-10 20:01:53.557 740 1136 I MediaSessionStack: removeSession | record: com.xiaodianshi.tv.yst/YstMediaService (userId=0)
06-10 20:01:53.560 4776 4790 I BluetoothAdapterService: getActiveDevices: Hearing Aid devices: Left[null] - Right[null]
06-10 20:01:53.560 998 998 W BluetoothHearingAid: Proxy not attached to service
06-10 20:01:53.561 4776 4776 D BluetoothHidHostService: Connection state XX:XX:XX:XX:C0:7D: 0->1
06-10 20:01:53.561 998 998 D BluetoothHearingAid: java.lang.Throwable
06-10 20:01:53.561 998 998 D BluetoothHearingAid: at android.bluetooth.BluetoothHearingAid.getHiSyncId(BluetoothHearingAid.java:812)
06-10 20:01:53.561 998 998 D BluetoothHearingAid: at com.android.settingslib.bluetooth.HearingAidProfile.getHiSyncId(HearingAidProfile.java:271)
06-10 20:01:53.561 998 998 D BluetoothHearingAid: at com.android.settingslib.bluetooth.HearingAidDeviceManager.getHiSyncId(HearingAidDeviceManager.java:100)
06-10 20:01:53.561 998 998 D BluetoothHearingAid: at com.android.settingslib.bluetooth.HearingAidDeviceManager.initHearingAidDeviceIfNeeded(HearingAidDeviceManager.java:67)
06-10 20:01:53.561 998 998 D BluetoothHearingAid: at com.android.settingslib.bluetooth.CachedBluetoothDeviceManager.addDevice(CachedBluetoothDeviceManager.java:141)
06-10 20:01:53.561 998 998 D BluetoothHearingAid: at com.android.settingslib.bluetooth.CachedBluetoothDeviceManager.addDevice(CachedBluetoothDeviceManager.java:123)
06-10 20:01:53.561 998 998 D BluetoothHearingAid: at com.android.settingslib.bluetooth.BluetoothEventManager.readPairedDevices(BluetoothEventManager.java:189)
06-10 20:01:53.561 998 998 D BluetoothHearingAid: at com.android.settingslib.bluetooth.LocalBluetoothProfileManager.setBluetoothStateOn(LocalBluetoothProfileManager.java:319)
06-10 20:01:53.561 998 998 D BluetoothHearingAid: at com.android.settingslib.bluetooth.LocalBluetoothAdapter.setBluetoothStateInt(LocalBluetoothAdapter.java:220)
06-10 20:01:53.561 998 998 D BluetoothHearingAid: at com.android.settingslib.bluetooth.BluetoothEventManager$AdapterStateChangedHandler.onReceive(BluetoothEventManager.java:291)
06-10 20:01:53.561 998 998 D BluetoothHearingAid: at com.android.settingslib.bluetooth.BluetoothEventManager$BluetoothBroadcastReceiver.onReceive(BluetoothEventManager.java:281)
06-10 20:01:53.561 998 998 D BluetoothHearingAid: at android.app.LoadedApk$ReceiverDispatcher$Args.lambda$getRunnable$0(LoadedApk.java:1811)
06-10 20:01:53.561 998 998 D BluetoothHearingAid: at android.app.LoadedApk$ReceiverDispatcher$Args.$r8$lambda$gDuJqgxY6Zb-ifyeubKeivTLAwk(Unknown Source:0)
06-10 20:01:53.561 998 998 D BluetoothHearingAid: at android.app.LoadedApk$ReceiverDispatcher$Args$$ExternalSyntheticLambda0.run(Unknown Source:2)
06-10 20:01:53.561 998 998 D BluetoothHearingAid: at android.os.Handler.handleCallback(Handler.java:958)
06-10 20:01:53.561 998 998 D BluetoothHearingAid: at android.os.Handler.dispatchMessage(Handler.java:99)
06-10 20:01:53.561 998 998 D BluetoothHearingAid: at android.os.Looper.loopOnce(Looper.java:205)
06-10 20:01:53.561 998 998 D BluetoothHearingAid: at android.os.Looper.loop(Looper.java:294)
06-10 20:01:53.561 998 998 D BluetoothHearingAid: at android.app.ActivityThread.main(ActivityThread.java:8255)
06-10 20:01:53.561 998 998 D BluetoothHearingAid: at java.lang.reflect.Method.invoke(Native Method)
06-10 20:01:53.561 998 998 D BluetoothHearingAid: at com.android.internal.os.RuntimeInit$MethodAndArgsCaller.run(RuntimeInit.java:552)
06-10 20:01:53.561 998 998 D BluetoothHearingAid: at com.android.internal.os.ZygoteInit.main(ZygoteInit.java:978)
06-10 20:01:53.562 982 1197 D BluetoothAdapter: getActiveDevices(profile= A2DP)
06-10 20:01:53.564 4776 4790 I BluetoothAdapterService: getActiveDevices: A2dp device: null
06-10 20:01:53.564 740 1136 I MediaSessionStack: addSession to bottom of stack | record: com.xiaodianshi.tv.yst/YstMediaService (userId=0)
06-10 20:01:53.567 740 887 D BluetoothHeadset: Proxy object connected
06-10 20:01:53.567 4776 4776 D AvrcpBrowsablePlayerConnector: Received a message: msg.what=1
06-10 20:01:53.567 4776 4776 I AvrcpBrowsablePlayerConnector: Checking root contents for com.android.bluetooth
06-10 20:01:53.568 4776 4823 I bt_btif_hh: packages/modules/Bluetooth/system/btif/src/btif_hh.cc:436 hh_open_handler: Found device, getting dscp info for handle 16
06-10 20:01:53.568 4776 4823 I bt_btif_dm: packages/modules/Bluetooth/system/btif/src/btif_dm.cc:489 get_cod: get_cod remote_cod = 0x0000050c
06-10 20:01:53.568 4776 4823 I bt_btif_dm: packages/modules/Bluetooth/system/btif/src/btif_dm.cc:489 get_cod: get_cod remote_cod = 0x0000050c
06-10 20:01:53.568 4776 4823 W bt_btif : packages/modules/Bluetooth/system/main/bte_logmsg.cc:108 LogMsg: btif_hh_upstreams_evt: name = Dangbei
06-10 20:01:53.568 4776 4823 W bt_btif : packages/modules/Bluetooth/system/main/bte_logmsg.cc:108 LogMsg: bta_hh_co_send_hid_info: fd = 150, name = [Dangbei], dscp_len = 80
06-10 20:01:53.568 4776 4823 W bt_btif : packages/modules/Bluetooth/system/main/bte_logmsg.cc:108 LogMsg: bta_hh_co_send_hid_info: vendor_id = 0x000d, product_id = 0x3838, version= 0x0000,ctry_code=0x00
06-10 20:01:53.568 4776 4776 V MediaPlayerList: onActiveSessionsChanged: number of controllers: 0
06-10 20:01:53.569 4776 4776 D AvrcpTargetJni: sendPlayerSettingsNative
06-10 20:01:53.569 4776 4776 I bt_stack: [INFO:avrcp_service.cc(551)] virtual void bluetooth::avrcp::AvrcpService::SendPlayerSettingsChanged(std::vector, std::vector)
06-10 20:01:53.569 740 887 D BluetoothA2dp: Proxy object connected
06-10 20:01:53.569 1828 1862 D XM_HIDREAD: add@ add@/devices/virtual/misc/uhid/0005:000D:3838.0005
06-10 20:01:53.569 740 887 D BluetoothA2dp: Proxy object connected
06-10 20:01:53.569 4776 4776 I bt_stack: [INFO:avrcp_service.cc(565)] attribute=PlayerAttribute::REPEAT : value=PlayerRepeatValue::OFF
06-10 20:01:53.569 4776 4776 I bt_stack: attribute=PlayerAttribute::SHUFFLE : value=PlayerShuffleValue::OFF
06-10 20:01:53.569 4776 4776 I bt_stack:
06-10 20:01:53.569 4776 4851 D ActivityAttributionService: notifyActivityAttributionInfo UID=1002 packageName=com.android.bluetooth deviceAddress=no_active_device_address
06-10 20:01:53.569 4776 4851 I bt_btif : packages/modules/Bluetooth/system/btif/src/bluetooth.cc:829 get_profile_interface: get_profile_interface: id = activity_attribution
06-10 20:01:53.570 4776 4833 I bt_stack: [INFO:le_scanning_manager.cc(168)] Scan in shim layer started
06-10 20:01:53.570 4776 4810 I bluetooth: packages/modules/Bluetooth/system/gd/hci/le_scanning_manager.cc:588 stop_scan: Scanning already stopped, return!
06-10 20:01:53.570 4776 4810 I bluetooth: packages/modules/Bluetooth/system/gd/hci/le_address_manager.cc:178 register_client: Client registered
06-10 20:01:53.571 4776 4776 V MediaPlayerList: onActiveSessionsChanged: number of controllers: 0
06-10 20:01:53.571 4776 4776 D AvrcpTargetJni: sendPlayerSettingsNative
06-10 20:01:53.571 4776 4776 I bt_stack: [INFO:avrcp_service.cc(551)] virtual void bluetooth::avrcp::AvrcpService::SendPlayerSettingsChanged(std::vector, std::vector)
06-10 20:01:53.571 4776 4776 I bt_stack: [INFO:avrcp_service.cc(565)] attribute=PlayerAttribute::REPEAT : value=PlayerRepeatValue::OFF
06-10 20:01:53.571 4776 4776 I bt_stack: attribute=PlayerAttribute::SHUFFLE : value=PlayerShuffleValue::OFF
06-10 20:01:53.571 4776 4776 I bt_stack:
06-10 20:01:53.571 998 1011 D BluetoothHeadset: Proxy object connected
06-10 20:01:53.571 4776 4823 W bt_btif : packages/modules/Bluetooth/system/main/bte_logmsg.cc:108 LogMsg: bta_hh_co_send_hid_info: wrote descriptor to fd = 150, dscp_len = 80, result = 0
06-10 20:01:53.572 4776 4823 W bt_stack: [WARNING:btif_hh.cc(461)] Device xx:xx:xx:xx:c0:7d already added
06-10 20:01:53.572 4776 4823 W bt_btif : packages/modules/Bluetooth/system/main/bte_logmsg.cc:108 LogMsg: btif_hh_upstreams_evt: Device already added
06-10 20:01:53.572 4776 4804 I bluetooth: packages/modules/Bluetooth/system/stack/gatt/gatt_sr.cc:839 gatts_process_mtu_req: MTU 247 request from remote (e4:bb:d3:57:c0:7d), resulted MTU 247
06-10 20:01:53.572 4776 4804 I bt_btm_ble: packages/modules/Bluetooth/system/stack/btm/btm_ble.cc:620 BTM_SetBleDataLength: xx:xx:xx:xx:c0:7d, 251
06-10 20:01:53.572 4776 4804 W bt_stack: [WARNING:gatt_utils.cc(831)] Call back not found for application conn_id=3
06-10 20:01:53.572 4776 4804 W bt_stack: [WARNING:gatt_utils.cc(831)] Call back not found for application conn_id=4
06-10 20:01:53.572 4776 4804 W bt_stack: [WARNING:gatt_utils.cc(831)] Call back not found for application conn_id=5
06-10 20:01:53.573 1828 1862 D XM_HIDREAD: add@ add@/devices/virtual/misc/uhid/0005:000D:3838.0005/input/input19
06-10 20:01:53.574 740 887 D BluetoothHearingAid: Proxy object connected
06-10 20:01:53.574 740 887 D BluetoothA2dp: Proxy object connected
06-10 20:01:53.575 982 1197 D BluetoothAdapter: getActiveDevices(profile= HEADSET)
06-10 20:01:53.577 1828 1862 D XM_HIDREAD: add@ add@/devices/virtual/misc/uhid/0005:000D:3838.0005/input/input19/event11
06-10 20:01:53.577 1828 1862 D XM_HIDREAD: add@ add@/devices/virtual/misc/uhid/0005:000D:3838.0005/input/input21
06-10 20:01:53.577 1828 1862 D XM_HIDREAD: add@ add@/devices/virtual/misc/uhid/0005:000D:3838.0005/input/input21/event12
06-10 20:01:53.577 1828 1862 D XM_HIDREAD: add@ add@/devices/virtual/misc/uhid/0005:000D:3838.0005/hidraw/hidraw2
06-10 20:01:53.577 1828 1862 D XM_HIDREAD: ready open:/dev/hidraw2
06-10 20:01:53.577 1828 1862 D XM_HIDREAD: open:/dev/hidraw2 resultFD:-1
06-10 20:01:53.577 1828 1862 E XM_HIDREAD: open hidraw error: No such file or directory, wait to retry...
06-10 20:01:53.578 4776 4790 I BluetoothAdapterService: getActiveDevices: Headset device: null
06-10 20:01:53.578 982 1197 D BluetoothAdapter: getActiveDevices(profile= HEARING_AID)
06-10 20:01:53.579 982 4195 D BluetoothA2dp: Proxy object connected
06-10 20:01:53.579 4776 4790 I BluetoothAdapterService: getActiveDevices: Hearing Aid devices: Left[null] - Right[null]
06-10 20:01:53.580 982 1197 W BluetoothHearingAid: Proxy not attached to service
06-10 20:01:53.580 998 998 D LocalBluetoothProfileManager: Current Profiles[]
06-10 20:01:53.580 998 998 D LocalBluetoothProfileManager: New Profiles[A2DP]
06-10 20:01:53.580 998 998 D CachedBluetoothDevice: updating profiles for XX:XX:XX:XX:F5:7A
06-10 20:01:53.581 982 1197 D BluetoothHearingAid: java.lang.Throwable
06-10 20:01:53.581 982 1197 D BluetoothHearingAid: at android.bluetooth.BluetoothHearingAid.getHiSyncId(BluetoothHearingAid.java:812)
06-10 20:01:53.581 982 1197 D BluetoothHearingAid: at com.android.settingslib.bluetooth.HearingAidProfile.getHiSyncId(HearingAidProfile.java:271)
06-10 20:01:53.581 982 1197 D BluetoothHearingAid: at com.android.settingslib.bluetooth.HearingAidDeviceManager.getHiSyncId(HearingAidDeviceManager.java:100)
06-10 20:01:53.581 982 1197 D BluetoothHearingAid: at com.android.settingslib.bluetooth.HearingAidDeviceManager.initHearingAidDeviceIfNeeded(HearingAidDeviceManager.java:67)
06-10 20:01:53.581 982 1197 D BluetoothHearingAid: at com.android.settingslib.bluetooth.CachedBluetoothDeviceManager.addDevice(CachedBluetoothDeviceManager.java:141)
06-10 20:01:53.581 982 1197 D BluetoothHearingAid: at com.android.settingslib.bluetooth.CachedBluetoothDeviceManager.addDevice(CachedBluetoothDeviceManager.java:123)
06-10 20:01:53.581 982 1197 D BluetoothHearingAid: at com.android.settingslib.bluetooth.BluetoothEventManager.readPairedDevices(BluetoothEventManager.java:189)
06-10 20:01:53.581 982 1197 D BluetoothHearingAid: at com.android.settingslib.bluetooth.LocalBluetoothProfileManager.setBluetoothStateOn(LocalBluetoothProfileManager.java:319)
06-10 20:01:53.581 982 1197 D BluetoothHearingAid: at com.android.settingslib.bluetooth.LocalBluetoothAdapter.setBluetoothStateInt(LocalBluetoothAdapter.java:220)
06-10 20:01:53.581 982 1197 D BluetoothHearingAid: at com.android.settingslib.bluetooth.BluetoothEventManager$AdapterStateChangedHandler.onReceive(BluetoothEventManager.java:291)
06-10 20:01:53.581 982 1197 D BluetoothHearingAid: at com.android.settingslib.bluetooth.BluetoothEventManager$BluetoothBroadcastReceiver.onReceive(BluetoothEventManager.java:281)
06-10 20:01:53.581 982 1197 D BluetoothHearingAid: at android.app.LoadedApk$ReceiverDispatcher$Args.lambda$getRunnable$0(LoadedApk.java:1811)
06-10 20:01:53.581 982 1197 D BluetoothHearingAid: at android.app.LoadedApk$ReceiverDispatcher$Args.$r8$lambda$gDuJqgxY6Zb-ifyeubKeivTLAwk(Unknown Source:0)
06-10 20:01:53.581 982 1197 D BluetoothHearingAid: at android.app.LoadedApk$ReceiverDispatcher$Args$$ExternalSyntheticLambda0.run(Unknown Source:2)
06-10 20:01:53.581 982 1197 D BluetoothHearingAid: at android.os.Handler.handleCallback(Handler.java:958)
06-10 20:01:53.581 982 1197 D BluetoothHearingAid: at android.os.Handler.dispatchMessage(Handler.java:99)
06-10 20:01:53.581 982 1197 D BluetoothHearingAid: at android.os.Looper.loopOnce(Looper.java:205)
06-10 20:01:53.581 982 1197 D BluetoothHearingAid: at android.os.Looper.loop(Looper.java:294)
06-10 20:01:53.581 982 1197 D BluetoothHearingAid: at android.os.HandlerThread.run(HandlerThread.java:67)
06-10 20:01:53.582 998 998 V CachedBluetoothDevice: Class: 40428
06-10 20:01:53.583 998 998 V CachedBluetoothDevice: UUID:
06-10 20:01:53.583 998 998 V CachedBluetoothDevice: 0000110b-0000-1000-8000-00805f9b34fb
06-10 20:01:53.583 998 998 V CachedBluetoothDevice: 0000110e-0000-1000-8000-00805f9b34fb
06-10 20:01:53.583 998 998 D BluetoothAdapter: getActiveDevices(profile= A2DP)
06-10 20:01:53.584 982 4195 D BluetoothHidHost: Proxy object connected
06-10 20:01:53.584 740 887 D BluetoothHearingAid: Proxy object connected
06-10 20:01:53.584 998 1011 D BluetoothHearingAid: Proxy object connected
06-10 20:01:53.586 4776 4776 D AdapterProperties: PROFILE_CONNECTION_STATE_CHANGE: profile=4, device=XX:XX:XX:XX:C0:7D, 0 -> 1
06-10 20:01:53.587 740 887 D BluetoothHearingAid: Proxy object connected
06-10 20:01:53.587 982 4195 D BluetoothPan: Proxy object connected
06-10 20:01:53.587 998 4196 D BluetoothA2dp: Proxy object connected
06-10 20:01:53.588 982 4751 D BluetoothHearingAid: Proxy object connected
06-10 20:01:53.588 4776 4790 I BluetoothAdapterService: getActiveDevices: A2dp device: null
06-10 20:01:53.588 4776 4776 D AdapterProperties: ADAPTER_CONNECTION_STATE_CHANGE: XX:XX:XX:XX:C0:7D: 0 -> 1
06-10 20:01:53.588 998 998 D BluetoothAdapter: getActiveDevices(profile= HEADSET)
06-10 20:01:53.589 998 1011 D BluetoothPan: Proxy object connected
06-10 20:01:53.589 982 4751 D BluetoothHeadset: Proxy object connected
06-10 20:01:53.592 1204 1204 I wpa_supplicant: wpa_driver_nl80211_driver_cmd: wifi vendor: aml_w2_s
06-10 20:01:53.592 1204 1204 I wpa_supplicant: wpa_driver_nl80211_driver_cmd: wlan0: private command: BTCOEXSCAN-START
06-10 20:01:53.594 4776 4790 I BluetoothAdapterService: getActiveDevices: Headset device: null
06-10 20:01:53.595 4776 4776 V MediaPlayerList: onActiveSessionsChanged: number of controllers: 0
06-10 20:01:53.595 4776 4776 D AvrcpTargetJni: sendPlayerSettingsNative
06-10 20:01:53.595 4776 4776 I bt_stack: [INFO:avrcp_service.cc(551)] virtual void bluetooth::avrcp::AvrcpService::SendPlayerSettingsChanged(std::vector, std::vector)
06-10 20:01:53.595 4776 4776 I bt_stack: [INFO:avrcp_service.cc(565)] attribute=PlayerAttribute::REPEAT : value=PlayerRepeatValue::OFF
06-10 20:01:53.595 4776 4776 I bt_stack: attribute=PlayerAttribute::SHUFFLE : value=PlayerShuffleValue::OFF
06-10 20:01:53.595 4776 4776 I bt_stack:
06-10 20:01:53.596 4776 4776 D BluetoothHidHostService: Connection state XX:XX:XX:XX:C0:7D: 1->2
06-10 20:01:53.596 740 740 D BluetoothAdapter: getActiveDevices(profile= A2DP)
06-10 20:01:53.596 998 1014 D BluetoothHidHost: Proxy object connected
06-10 20:01:53.596 740 934 D BluetoothAdapter: getActiveDevices(profile= HEADSET)
06-10 20:01:53.597 536 564 D hdmicecd: [CEC]:printCecMsgBuf, msg: 0f 80 00 00 20 00
06-10 20:01:53.597 536 564 D hdmicecd: [HdmiCecControl]:updateActiveState received messag:80 active state:1
06-10 20:01:53.597 998 998 D BluetoothAdapter: getActiveDevices(profile= HEARING_AID)
06-10 20:01:53.597 4776 4833 I bt_stack: [INFO:le_scanning_manager.cc(168)] Scan in shim layer stopped
06-10 20:01:53.598 4776 4810 I bluetooth: packages/modules/Bluetooth/system/gd/hci/le_address_manager.cc:193 unregister_client: Client unregistered
06-10 20:01:53.598 4776 4833 I bt_stack: [INFO:le_scanning_manager.cc(346)] SetScanParameters in shim layer
06-10 20:01:53.598 4776 4833 I bt_stack: [INFO:le_scanning_manager.cc(168)] Scan in shim layer started
06-10 20:01:53.598 4776 4810 I bluetooth: packages/modules/Bluetooth/system/gd/hci/le_scanning_manager.cc:588 stop_scan: Scanning already stopped, return!
06-10 20:01:53.598 4776 4810 I bluetooth: packages/modules/Bluetooth/system/gd/hci/le_address_manager.cc:178 register_client: Client registered
06-10 20:01:53.599 982 1197 D LocalBluetoothProfileManager: Current Profiles[]
06-10 20:01:53.599 982 1197 D LocalBluetoothProfileManager: New Profiles[A2DP]
06-10 20:01:53.599 982 1197 D CachedBluetoothDevice: updating profiles for XX:XX:XX:XX:F5:7A
06-10 20:01:53.599 4776 4790 I BluetoothAdapterService: getActiveDevices: A2dp device: null
06-10 20:01:53.601 740 886 D EventHub: No input device configuration file found for device 'Dangbei'.
06-10 20:01:53.603 740 886 I EventHub: usingClockIoctl=true
06-10 20:01:53.603 740 886 I EventHub: New device: id=16, fd=458, path='/dev/input/event11', name='Dangbei', classes=KEYBOARD | DPAD | EXTERNAL, configuration='', keyLayout='/vendor/usr/keylayout/Vendor_000d_Product_3838.kl', keyCharacterMap='/system/usr/keychars/Generic.kcm', builtinKeyboard=false,
06-10 20:01:53.603 740 740 D BluetoothAdapter: getActiveDevices(profile= HEARING_AID)
06-10 20:01:53.603 4776 4790 I BluetoothAdapterService: getActiveDevices: Headset device: null
06-10 20:01:53.603 740 886 I InputReader: Device added: id=14, eventHubId=16, name='Dangbei', descriptor='5bf61da49c3f961ffea2e2e86eddd822e5631010',sources=KEYBOARD | DPAD
06-10 20:01:53.605 4776 4851 I BluetoothAdapterService: getActiveDevices: Hearing Aid devices: Left[null] - Right[null]
06-10 20:01:53.606 740 934 I AS.BtHelper: onSetBtScoActiveDevice: (null) -> (null)
06-10 20:01:53.607 4776 4776 W MediaSessionCompat: Couldn't find a unique registered media button receiver in the given context.
06-10 20:01:53.610 740 4192 I MediaSessionStack: addSession to bottom of stack | record: com.android.bluetooth/BluetoothMediaBrowserService (userId=0)
06-10 20:01:53.611 982 1197 D BluetoothAdapter: getActiveDevices(profile= A2DP)
06-10 20:01:53.611 740 886 D EventHub: No input device configuration file found for device 'Dangbei Consumer Control'.
06-10 20:01:53.612 4776 4788 I BluetoothAdapterService: getActiveDevices: Hearing Aid devices: Left[null] - Right[null]
06-10 20:01:53.612 4776 4804 I bt_stack: [INFO:eatt_impl.h(888)] supported_features_cb e4:bb:d3:57:c0:7d is_eatt_supported = 0
06-10 20:01:53.614 4776 4788 I BluetoothAdapterService: getActiveDevices: A2dp device: null
06-10 20:01:53.614 740 886 W EventHub: Unable to disable kernel key repeat for /dev/input/event12: Function not implemented
06-10 20:01:53.614 982 1197 D BluetoothAdapter: getActiveDevices(profile= HEADSET)
06-10 20:01:53.614 740 886 I EventHub: usingClockIoctl=true
06-10 20:01:53.614 740 886 I EventHub: New device: id=17, fd=460, path='/dev/input/event12', name='Dangbei Consumer Control', classes=KEYBOARD | DPAD | JOYSTICK | EXTERNAL, configuration='', keyLayout='/vendor/usr/keylayout/Vendor_000d_Product_3838.kl', keyCharacterMap='/system/usr/keychars/Generic.kcm', builtinKeyboard=false,
06-10 20:01:53.614 740 886 I InputReader: Device added: id=14, eventHubId=17, name='Dangbei Consumer Control', descriptor='a34d173e899cc7ef7878452b92e8eaf0a0278fd7',sources=KEYBOARD | DPAD | JOYSTICK
06-10 20:01:53.615 4776 4788 I BluetoothAdapterService: getActiveDevices: Headset device: null
06-10 20:01:53.618 982 1197 D BluetoothAdapter: getActiveDevices(profile= HEARING_AID)
06-10 20:01:53.618 4776 4776 D AdapterProperties: PROFILE_CONNECTION_STATE_CHANGE: profile=4, device=XX:XX:XX:XX:C0:7D, 1 -> 2
06-10 20:01:53.621 1583 1583 D aaa : WiFi is connect
06-10 20:01:53.621 4776 4788 I BluetoothAdapterService: getActiveDevices: Hearing Aid devices: Left[null] - Right[null]
06-10 20:01:53.622 740 740 D HDMI : [R]: 0F:80:00:00:20:00
06-10 20:01:53.623 536 563 D hdmicecd: [HdmiCecControl]:getPhysicalAddress, physical addr: 2000, last pa: 2000, ret = 0
06-10 20:01:53.625 1583 1583 D aaa : WiFi is connect
06-10 20:01:53.627 4776 4776 D AdapterProperties: ADAPTER_CONNECTION_STATE_CHANGE: XX:XX:XX:XX:C0:7D: 1 -> 2
06-10 20:01:53.630 4776 4776 V MediaPlayerList: onActiveSessionsChanged: number of controllers: 0
06-10 20:01:53.630 4776 4776 D AvrcpTargetJni: sendPlayerSettingsNative
06-10 20:01:53.630 4776 4776 I bt_stack: [INFO:avrcp_service.cc(551)] virtual void bluetooth::avrcp::AvrcpService::SendPlayerSettingsChanged(std::vector, std::vector)
06-10 20:01:53.630 4776 4776 I bt_stack: [INFO:avrcp_service.cc(565)] attribute=PlayerAttribute::REPEAT : value=PlayerRepeatValue::OFF
06-10 20:01:53.630 4776 4776 I bt_stack: attribute=PlayerAttribute::SHUFFLE : value=PlayerShuffleValue::OFF
06-10 20:01:53.630 4776 4776 I bt_stack:
06-10 20:01:53.630 4776 4776 V MediaPlayerList: onActiveSessionsChanged: number of controllers: 1
06-10 20:01:53.632 4776 4776 D MediaPlayerList: onActiveSessionsChanged: controller: com.xiaodianshi.tv.yst
06-10 20:01:53.632 4776 4776 I BrowsedPlayerWrapper: onConnected: com.android.bluetooth is connected
06-10 20:01:53.632 4776 4776 I BrowsedPlayerWrapper: getFolderItems: Connected to browsable player: com.android.bluetooth
06-10 20:01:53.633 1204 1204 I wpa_supplicant: wpa_driver_nl80211_driver_cmd: wifi vendor: aml_w2_s
06-10 20:01:53.633 1204 1204 I wpa_supplicant: wpa_driver_nl80211_driver_cmd: wlan0: private command: BTCOEXSCAN-START
06-10 20:01:53.635 998 998 I BLE_Service: >ACL LINK CONNECTED [Dangbei] - checking for supported devices after delay
06-10 20:01:53.638 4776 4776 I BrowsedPlayerWrapper: onConnected: com.xiaodianshi.tv.yst is connected
06-10 20:01:53.638 4776 4776 I BrowsedPlayerWrapper: getFolderItems: Connected to browsable player: com.xiaodianshi.tv.yst
06-10 20:01:53.643 740 4192 I MediaSessionStack: removeSession | record: com.xiaodianshi.tv.yst/YstMediaService (userId=0)
06-10 20:01:53.645 4776 4776 V MediaPlayerList: onActiveSessionsChanged: number of controllers: 0
06-10 20:01:53.645 4776 4776 D AvrcpTargetJni: sendPlayerSettingsNative
06-10 20:01:53.645 4776 4776 I bt_stack: [INFO:avrcp_service.cc(551)] virtual void bluetooth::avrcp::AvrcpService::SendPlayerSettingsChanged(std::vector, std::vector)
06-10 20:01:53.645 4776 4776 I bt_stack: [INFO:avrcp_service.cc(565)] attribute=PlayerAttribute::REPEAT : value=PlayerRepeatValue::OFF
06-10 20:01:53.645 4776 4776 I bt_stack: attribute=PlayerAttribute::SHUFFLE : value=PlayerShuffleValue::OFF
06-10 20:01:53.645 4776 4776 I bt_stack:
06-10 20:01:53.645 4776 4776 V MediaPlayerList: onActiveSessionsChanged: number of controllers: 0
06-10 20:01:53.645 4776 4776 D AvrcpTargetJni: sendPlayerSettingsNative
06-10 20:01:53.645 4776 4776 I bt_stack: [INFO:avrcp_service.cc(551)] virtual void bluetooth::avrcp::AvrcpService::SendPlayerSettingsChanged(std::vector, std::vector)
06-10 20:01:53.645 4776 4776 I bt_stack: [INFO:avrcp_service.cc(565)] attribute=PlayerAttribute::REPEAT : value=PlayerRepeatValue::OFF
06-10 20:01:53.645 4776 4776 I bt_stack: attribute=PlayerAttribute::SHUFFLE : value=PlayerShuffleValue::OFF
06-10 20:01:53.645 4776 4776 I bt_stack:
06-10 20:01:53.640 1424 1424 I /apex/com.android.adbd/bin/adbd: type=1400 audit(0.0:1994): avc: denied { dac_read_search } for comm=75736220666673206F70656E capability=2 scontext=u:r:su:s0 tcontext=u:r:su:s0 tclass=capability permissive=1
06-10 20:01:53.640 1424 1424 I /apex/com.android.adbd/bin/adbd: type=1400 audit(0.0:1995): avc: denied { dac_override } for comm=75736220666673206F70656E capability=1 scontext=u:r:su:s0 tcontext=u:r:su:s0 tclass=capability permissive=1
06-10 20:01:53.644 1424 1424 I /apex/com.android.adbd/bin/adbd: type=1400 audit(0.0:1996): avc: denied { write } for comm=75736220666673206F70656E name="property_service" dev="tmpfs" ino=449 scontext=u:r:su:s0 tcontext=u:object_r:property_socket:s0 tclass=sock_file permissive=1
06-10 20:01:53.649 998 998 D LocalBluetoothProfileManager: Current Profiles[A2DP]
06-10 20:01:53.649 998 998 D LocalBluetoothProfileManager: New Profiles[A2DP]
06-10 20:01:53.649 998 998 D CachedBluetoothDevice: updating profiles for XX:XX:XX:XX:F5:7A
06-10 20:01:53.651 982 982 D CachedBluetoothDevice: onProfileStateChanged: profile HID, device XX:XX:XX:XX:C0:7D, newProfileState 2
06-10 20:01:53.653 998 998 V CachedBluetoothDevice: Class: 40428
06-10 20:01:53.653 998 998 V CachedBluetoothDevice: UUID:
06-10 20:01:53.653 998 998 V CachedBluetoothDevice: 0000110b-0000-1000-8000-00805f9b34fb
06-10 20:01:53.653 998 998 V CachedBluetoothDevice: 0000110e-0000-1000-8000-00805f9b34fb
06-10 20:01:53.653 982 982 D BluetoothAdapter: getActiveDevices(profile= A2DP)
06-10 20:01:53.655 998 998 D CachedBluetoothDevice: onUuidChanged: Time since last connect=405745
06-10 20:01:53.656 4776 4789 I BluetoothAdapterService: getActiveDevices: A2dp device: null
06-10 20:01:53.656 982 982 D BluetoothAdapter: getActiveDevices(profile= HEADSET)
06-10 20:01:53.658 982 1197 D LocalBluetoothProfileManager: Current Profiles[A2DP]
06-10 20:01:53.659 982 1197 D LocalBluetoothProfileManager: New Profiles[A2DP]
06-10 20:01:53.659 4776 4789 I BluetoothAdapterService: getActiveDevices: Headset device: null
06-10 20:01:53.659 982 1197 D CachedBluetoothDevice: updating profiles for XX:XX:XX:XX:F5:7A
06-10 20:01:53.659 982 982 D BluetoothAdapter: getActiveDevices(profile= HEARING_AID)
06-10 20:01:53.661 4776 4789 I BluetoothAdapterService: getActiveDevices: Hearing Aid devices: Left[null] - Right[null]
06-10 20:01:53.663 998 998 D LocalBluetoothProfileManager: Current Profiles[HID]
06-10 20:01:53.663 998 998 D LocalBluetoothProfileManager: New Profiles[HID]
06-10 20:01:53.663 998 998 D CachedBluetoothDevice: updating profiles for XX:XX:XX:XX:C0:7D
06-10 20:01:53.667 998 998 V CachedBluetoothDevice: Class: 50c
06-10 20:01:53.667 998 998 V CachedBluetoothDevice: UUID:
06-10 20:01:53.667 998 998 V CachedBluetoothDevice: 0000180f-0000-1000-8000-00805f9b34fb
06-10 20:01:53.667 998 998 V CachedBluetoothDevice: 00001812-0000-1000-8000-00805f9b34fb
06-10 20:01:53.669 982 1197 D CachedBluetoothDevice: onUuidChanged: Time since last connect=405759
06-10 20:01:53.670 998 998 D CachedBluetoothDevice: onUuidChanged: Time since last connect=405759
06-10 20:01:53.670 998 998 D CachedBluetoothDevice: onProfileStateChanged: profile HID, device XX:XX:XX:XX:C0:7D, newProfileState 1
06-10 20:01:53.670 998 998 D BluetoothAdapter: getActiveDevices(profile= A2DP)
06-10 20:01:53.672 1828 1828 I xm_hidread: type=1400 audit(0.0:1997): avc: denied { read write } for name="hidraw2" dev="tmpfs" ino=935 scontext=u:r:init:s0 tcontext=u:object_r:hidraw_audio_device:s0 tclass=chr_file permissive=1
06-10 20:01:53.672 1828 1828 I xm_hidread: type=1400 audit(0.0:1998): avc: denied { open } for path="/dev/hidraw2" dev="tmpfs" ino=935 scontext=u:r:init:s0 tcontext=u:object_r:hidraw_audio_device:s0 tclass=chr_file permissive=1
06-10 20:01:53.676 4776 4789 I BluetoothAdapterService: getActiveDevices: A2dp device: null
06-10 20:01:53.677 998 998 D BluetoothAdapter: getActiveDevices(profile= HEADSET)
06-10 20:01:53.678 1828 1862 E XM_HIDREAD: trying to reopen hidraw: /dev/hidraw2
06-10 20:01:53.678 1828 1862 D XM_HIDREAD: ready open:/dev/hidraw2
06-10 20:01:53.678 1828 1862 D XM_HIDREAD: open:/dev/hidraw2 resultFD:10
06-10 20:01:53.678 1828 1862 D XM_HIDREAD: 1 ready ioctl hidrawFD 10
06-10 20:01:53.679 1828 1862 D XM_HIDREAD: 2 ready ioctl hidrawFD 10
06-10 20:01:53.679 1828 1862 D XM_HIDREAD: 3 ready ioctl hidrawFD 10
06-10 20:01:53.679 1828 1862 D XM_HIDREAD: 4 ready ioctl hidrawFD 10
06-10 20:01:53.679 1828 1862 D XM_HIDREAD: ioctl hidrawFD HIDIOCGRDESC ret 0
06-10 20:01:53.679 1828 1862 D XM_HIDREAD: dinfo.vendor:13,dinfo.product:14392
06-10 20:01:53.679 1828 1862 D XM_HIDREAD: m_pid:0x3838,m_vid:0x000d
06-10 20:01:53.679 1828 1862 D XM_HIDREAD: /dev/hidraw2 open succussfully!
06-10 20:01:53.679 1828 1862 D XM_HIDREAD: add@ add@/devices/virtual/wakeup/wakeup34
06-10 20:01:53.679 1828 1862 D XM_HIDREAD: add@ add@/devices/virtual/wakeup/wakeup35
06-10 20:01:53.681 4776 4789 I BluetoothAdapterService: getActiveDevices: Headset device: null
06-10 20:01:53.682 998 998 D BluetoothAdapter: getActiveDevices(profile= HEARING_AID)
06-10 20:01:53.686 4776 4790 I BluetoothAdapterService: getActiveDevices: Hearing Aid devices: Left[null] - Right[null]
06-10 20:01:53.697 998 998 D CachedBluetoothDevice: onProfileStateChanged: profile HID, device XX:XX:XX:XX:C0:7D, newProfileState 2
06-10 20:01:53.697 998 998 D BluetoothAdapter: getActiveDevices(profile= A2DP)
06-10 20:01:53.698 982 1197 D LocalBluetoothProfileManager: Current Profiles[HID]
06-10 20:01:53.698 982 1197 D LocalBluetoothProfileManager: New Profiles[HID]
06-10 20:01:53.699 982 1197 D CachedBluetoothDevice: updating profiles for XX:XX:XX:XX:C0:7D
06-10 20:01:53.699 4776 4789 I BluetoothAdapterService: getActiveDevices: A2dp device: null
06-10 20:01:53.700 998 998 D BluetoothAdapter: getActiveDevices(profile= HEADSET)
06-10 20:01:53.703 4776 4849 I BluetoothAdapterService: getActiveDevices: Headset device: null
06-10 20:01:53.703 998 998 D BluetoothAdapter: getActiveDevices(profile= HEARING_AID)
06-10 20:01:53.704 982 1197 D CachedBluetoothDevice: onUuidChanged: Time since last connect=405794
06-10 20:01:53.705 4776 4849 I BluetoothAdapterService: getActiveDevices: Hearing Aid devices: Left[null] - Right[null]
06-10 20:01:53.705 982 1197 D CachedBluetoothDevice: onProfileStateChanged: profile HID, device XX:XX:XX:XX:C0:7D, newProfileState 1
06-10 20:01:53.706 998 998 D CachedBluetoothDevice: onProfileStateChanged: profile HID, device XX:XX:XX:XX:C0:7D, newProfileState 2
06-10 20:01:53.706 998 998 D BluetoothAdapter: getActiveDevices(profile= A2DP)
06-10 20:01:53.707 4776 4849 I BluetoothAdapterService: getActiveDevices: A2dp device: null
06-10 20:01:53.707 998 998 D BluetoothAdapter: getActiveDevices(profile= HEADSET)
06-10 20:01:53.708 982 1197 D BluetoothAdapter: getActiveDevices(profile= A2DP)
06-10 20:01:53.710 4776 4790 I BluetoothAdapterService: getActiveDevices: Headset device: null
06-10 20:01:53.710 998 998 D BluetoothAdapter: getActiveDevices(profile= HEARING_AID)
06-10 20:01:53.711 4776 4790 I BluetoothAdapterService: getActiveDevices: A2dp device: null
06-10 20:01:53.713 982 1197 D BluetoothAdapter: getActiveDevices(profile= HEADSET)
06-10 20:01:53.718 4776 4789 I BluetoothAdapterService: getActiveDevices: Hearing Aid devices: Left[null] - Right[null]
06-10 20:01:53.719 4776 4789 I BluetoothAdapterService: getActiveDevices: Headset device: null
06-10 20:01:53.720 982 1197 D BluetoothAdapter: getActiveDevices(profile= HEARING_AID)
06-10 20:01:53.724 4776 4790 I BluetoothAdapterService: getActiveDevices: Hearing Aid devices: Left[null] - Right[null]
06-10 20:01:53.727 982 1197 D CachedBluetoothDevice: onProfileStateChanged: profile HID, device XX:XX:XX:XX:C0:7D, newProfileState 2
06-10 20:01:53.727 982 1197 D BluetoothAdapter: getActiveDevices(profile= A2DP)
06-10 20:01:53.729 4776 4849 I BluetoothAdapterService: getActiveDevices: A2dp device: null
06-10 20:01:53.730 982 1197 D BluetoothAdapter: getActiveDevices(profile= HEADSET)
06-10 20:01:53.731 4776 4849 I BluetoothAdapterService: getActiveDevices: Headset device: null
06-10 20:01:53.732 982 1197 D BluetoothAdapter: getActiveDevices(profile= HEARING_AID)
06-10 20:01:53.733 4776 4789 I BluetoothAdapterService: getActiveDevices: Hearing Aid devices: Left[null] - Right[null]
06-10 20:01:53.739 536 536 D hdmicecd: [CEC]:printCecMessage, [4 -> 0] len: 1, body: 8f, result:success
06-10 20:01:53.739 536 536 E IPCThreadState: binder thread pool (1 threads) starved for 625 ms
06-10 20:01:53.740 740 953 D HDMI : [S]: 40:8F
06-10 20:01:53.795 4776 4823 I bt_btif_dm: packages/modules/Bluetooth/system/btif/src/btif_dm.cc:691 btif_update_remote_properties: cod from storage is also unclassified
06-10 20:01:53.837 4776 4823 I bt_btif_dm: packages/modules/Bluetooth/system/btif/src/btif_dm.cc:691 btif_update_remote_properties: cod from storage is also unclassified
06-10 20:01:53.843 536 564 D hdmicecd: [CEC]:printCecMsgBuf, msg: 04 90 00
06-10 20:01:53.843 536 564 D hdmicecd: [HdmiCecControl]:updateActiveState received tv power status 0
06-10 20:01:53.845 740 740 D HDMI : [R]: 04:90:00
06-10 20:01:53.846 536 563 D hdmicecd: [HdmiCecControl]:getPhysicalAddress, physical addr: 2000, last pa: 2000, ret = 0
06-10 20:01:53.846 740 740 D HDMI : One touch play is done for TV's power is ready
06-10 20:01:53.846 740 740 D HDMI : setActiveSource logical:0x04 physical:0x2000 ActiveSourceAction
06-10 20:01:53.847 536 563 D hdmicecd: [HdmiCecControl]:getPhysicalAddress, physical addr: 2000, last pa: 2000, ret = 0
06-10 20:01:53.847 536 563 D hdmicecd: [HdmiCecControl]:getPhysicalAddress, physical addr: 2000, last pa: 2000, ret = 0
06-10 20:01:53.847 740 740 D HDMI : ActiveSourceHistoryRecord active source=(0x04, 0x2000) isActiveSource=true from=ActiveSourceAction
06-10 20:01:53.848 740 740 D HDMI : queryDisplayStatus status=0
06-10 20:01:53.848 740 740 D AudioService: onStatusChange cecEnabled:true available:true
06-10 20:01:53.848 740 740 D AudioService: TV, no CEC: setting HDMI as regular vol device
06-10 20:01:53.848 740 740 D AudioService: Removing DeviceType: 0x400 from mFullVolumeDevices
06-10 20:01:53.848 740 740 D AudioService: Removing DeviceType: 0x400 from mFixedVolumeDevices
06-10 20:01:53.848 740 740 D AudioService: Removing DeviceType: 0x400 from mAbsoluteVolumeDeviceInfoMap
06-10 20:01:53.849 740 740 D HdmiControlService: Switching to full volume behavior
06-10 20:01:53.851 523 583 D xm_audio: adev_get_parameters
06-10 20:01:53.853 523 583 D xm_audio: adev_get_parameters
06-10 20:01:53.860 523 583 D xm_audio: adev_get_parameters
06-10 20:01:53.862 523 583 D xm_audio: adev_get_parameters
06-10 20:01:53.869 523 4177 D xm_audio: adev_get_parameters
06-10 20:01:53.871 523 583 D xm_audio: adev_get_parameters
06-10 20:01:53.879 523 583 D xm_audio: adev_get_parameters
06-10 20:01:53.881 523 583 D xm_audio: adev_get_parameters
06-10 20:01:53.885 523 583 D xm_audio: adev_get_parameters
06-10 20:01:53.887 523 583 D xm_audio: adev_get_parameters
06-10 20:01:53.892 523 583 D xm_audio: adev_get_parameters
06-10 20:01:53.892 330 4749 D MesonDisplay: read /sys/class/amhdmitx/amhdmitx0/hdcp_lstore, result length:0, val:
06-10 20:01:53.895 523 583 D xm_audio: adev_get_parameters
06-10 20:01:53.900 523 583 D xm_audio: adev_get_parameters
06-10 20:01:53.901 523 583 D xm_audio: adev_get_parameters
06-10 20:01:53.905 523 583 D xm_audio: adev_get_parameters
06-10 20:01:53.906 523 583 D xm_audio: adev_get_parameters
06-10 20:01:53.910 523 583 D xm_audio: adev_get_parameters
06-10 20:01:53.911 523 583 D xm_audio: adev_get_parameters
06-10 20:01:53.916 523 583 D xm_audio: adev_get_parameters
06-10 20:01:53.918 523 583 D xm_audio: adev_get_parameters
06-10 20:01:53.923 523 583 D xm_audio: adev_get_parameters
06-10 20:01:53.924 523 583 D xm_audio: adev_get_parameters
06-10 20:01:53.929 523 583 D xm_audio: adev_get_parameters
06-10 20:01:53.930 523 583 D xm_audio: adev_get_parameters
06-10 20:01:53.934 523 583 D xm_audio: adev_get_parameters
06-10 20:01:53.935 523 583 D xm_audio: adev_get_parameters
06-10 20:01:53.939 523 583 D xm_audio: adev_get_parameters
06-10 20:01:53.940 523 583 D xm_audio: adev_get_parameters
06-10 20:01:53.944 523 583 D xm_audio: adev_get_parameters
06-10 20:01:53.945 523 583 D xm_audio: adev_get_parameters
06-10 20:01:53.950 523 583 D xm_audio: adev_get_parameters
06-10 20:01:53.951 523 583 D xm_audio: adev_get_parameters
06-10 20:01:53.956 523 583 D xm_audio: adev_get_parameters
06-10 20:01:53.958 523 583 D xm_audio: adev_get_parameters
06-10 20:01:53.963 523 583 D xm_audio: adev_get_parameters
06-10 20:01:53.964 523 583 D xm_audio: adev_get_parameters
06-10 20:01:53.970 523 583 D xm_audio: adev_get_parameters
06-10 20:01:53.971 523 583 D xm_audio: adev_get_parameters
06-10 20:01:53.976 523 583 D xm_audio: adev_get_parameters
06-10 20:01:53.977 523 583 D xm_audio: adev_get_parameters
06-10 20:01:54.029 536 536 D hdmicecd: [CEC]:printCecMessage, [4 -> 0] len: 1, body: 8f, result:success
06-10 20:01:54.029 536 536 E IPCThreadState: binder thread pool (1 threads) starved for 289 ms
06-10 20:01:54.085 536 536 D hdmicecd: [CEC]:printCecMessage, [4 -> b] len: 0, body:, result:no ack
06-10 20:01:54.086 740 953 D HDMI : [S]: 4F:87:1C:A4:10
06-10 20:01:54.238 536 536 D hdmicecd: [CEC]:printCecMessage, [4 -> f] len: 4, body: 87 1c a4 10, result:success
06-10 20:01:54.239 536 536 E IPCThreadState: binder thread pool (1 threads) starved for 152 ms
06-10 20:01:54.239 740 953 D HDMI : [S]: 4F:82:20:00
06-10 20:01:54.239 536 536 D hdmicecd: [HdmiCecControl]:updateActiveState sending messag:82 active state:1
06-10 20:01:54.370 536 536 D hdmicecd: [CEC]:printCecMessage, [4 -> f] len: 3, body: 82 20 00, result:success
06-10 20:01:54.370 536 536 E IPCThreadState: binder thread pool (1 threads) starved for 131 ms
06-10 20:01:54.371 740 953 D HDMI : [S]: 40:8E:00
06-10 20:01:54.474 536 536 D hdmicecd: [CEC]:printCecMessage, [4 -> 0] len: 2, body: 8e 00, result:success
06-10 20:01:54.474 536 536 E IPCThreadState: binder thread pool (1 threads) starved for 103 ms
06-10 20:01:54.510 740 4192 D ActivityManager: sync unfroze 2440 com.xiaodianshi.tv.yst:stats for 6
06-10 20:01:54.529 536 536 D hdmicecd: [CEC]:printCecMessage, [4 -> 8] len: 0, body:, result:no ack
06-10 20:01:54.589 536 536 D hdmicecd: [CEC]:printCecMessage, [4 -> 5] len: 0, body:, result:no ack
06-10 20:01:54.614 998 1623 D AudioVideoDevReconnectService: device:E4:BB:D3:57:C0:7D
06-10 20:01:54.614 998 1623 D AudioVideoDevReconnectService: device:A4:39:B3:64:F5:7A
06-10 20:01:54.617 998 1623 D AudioVideoDevReconnectService: BluetoothDevice.BondState: 12;BluetoothDevice.isConnected: false
06-10 20:01:54.620 740 853 E CellBroadcastUtils: getDefaultCellBroadcastReceiverPackageName: no package found
06-10 20:01:54.624 740 853 I ActivityTaskManager: START u0 {flg=0x14000000 cmp=com.dangbei.leard.leradlauncher/com.dangbei.launcher.home.LauncherActivity (has extras)} with LAUNCH_SINGLE_TASK from uid 1000 (BAL_ALLOW_ALLOWLISTED_UID) result code=3
06-10 20:01:54.624 1550 1550 E hq : AdHelper:::后台配置是否展现广告: true
06-10 20:01:54.624 1550 1550 I hq : 当小贝:::showMessage from=mActivityLifecycleCallbacks
06-10 20:01:54.632 1550 1902 W SQLiteLog: (28) double-quoted string literal: "
06-10 20:01:54.632 1550 1902 W SQLiteLog: (28) double-quoted string literal: "092F51DD7DD2E1B49F1EA58C16E3FA91"
06-10 20:01:54.637 1550 4728 D TrafficStats: tagSocket(137) with statsTag=0xffffffff, statsUid=-1
06-10 20:01:54.639 1550 4689 D TrafficStats: tagSocket(83) with statsTag=0xffffffff, statsUid=-1
06-10 20:01:54.639 998 1623 D CachedBluetoothDevice: connect CachedBluetoothDevice{anonymizedAddress=XX:XX:XX:XX:F5:7A, name=小爱音箱-3073, groupId=-1, member=[]}
06-10 20:01:54.642 4776 4858 V BluetoothDatabase: getProfileConnectionPolicy: device XX:XX:XX:XX:F5:7A profile=A2DP, connectionPolicy=100
06-10 20:01:54.642 4776 4858 V BluetoothDatabase: getProfileConnectionPolicy: device XX:XX:XX:XX:F5:7A profile=A2DP, connectionPolicy=100
06-10 20:01:54.642 4776 4858 I BluetoothAdapterService: connectEnabledProfiles: Connecting A2dp
06-10 20:01:54.642 4776 4858 D A2dpService: connect(): XX:XX:XX:XX:F5:7A
06-10 20:01:54.642 4776 4858 V BluetoothDatabase: getProfileConnectionPolicy: device XX:XX:XX:XX:F5:7A profile=A2DP, connectionPolicy=100
06-10 20:01:54.642 4776 4858 D A2dpService: Creating a new state machine for XX:XX:XX:XX:F5:7A
06-10 20:01:54.643 4776 4858 I A2dpStateMachine: make for device XX:XX:XX:XX:F5:7A
06-10 20:01:54.643 4776 4858 D A2dpStateMachine: addStateInternal: E state=Disconnected,parent=
06-10 20:01:54.644 4776 4858 D A2dpStateMachine: addStateInternal: X stateInfo: state=Disconnected,active=false,parent=null
06-10 20:01:54.644 4776 4858 D A2dpStateMachine: addStateInternal: E state=Connecting,parent=
06-10 20:01:54.644 4776 4858 D A2dpStateMachine: addStateInternal: X stateInfo: state=Connecting,active=false,parent=null
06-10 20:01:54.644 4776 4858 D A2dpStateMachine: addStateInternal: E state=Disconnecting,parent=
06-10 20:01:54.644 4776 4858 D A2dpStateMachine: addStateInternal: X stateInfo: state=Disconnecting,active=false,parent=null
06-10 20:01:54.644 4776 4858 D A2dpStateMachine: addStateInternal: E state=Connected,parent=
06-10 20:01:54.644 4776 4858 D A2dpStateMachine: addStateInternal: X stateInfo: state=Connected,active=false,parent=null
06-10 20:01:54.644 4776 4858 D A2dpStateMachine: setInitialState: initialState=Disconnected
06-10 20:01:54.644 4776 4858 D A2dpStateMachine: completeConstruction: E
06-10 20:01:54.644 4776 4858 D A2dpStateMachine: completeConstruction: maxDepth=1
06-10 20:01:54.644 4776 4858 D A2dpStateMachine: setupInitialStateStack: E mInitialState=Disconnected
06-10 20:01:54.644 4776 4858 D A2dpStateMachine: moveTempStackToStateStack: i=0,j=0
06-10 20:01:54.644 4776 4858 D A2dpStateMachine: moveTempStackToStateStack: X mStateStackTop=0,startingIndex=0,Top=Disconnected
06-10 20:01:54.644 4776 4858 D A2dpStateMachine: completeConstruction: X
06-10 20:01:54.645 4776 4838 D A2dpStateMachine: handleMessage: E msg.what=-2
06-10 20:01:54.645 4776 4838 D A2dpStateMachine: invokeEnterMethods: Disconnected
06-10 20:01:54.645 4776 4838 I A2dpStateMachine: Enter Disconnected(XX:XX:XX:XX:F5:7A): -2
06-10 20:01:54.645 4776 4838 D A2dpStateMachine: handleMessage: X
06-10 20:01:54.645 4776 4838 D A2dpStateMachine: handleMessage: E msg.what=1
06-10 20:01:54.645 4776 4838 D A2dpStateMachine: processMsg: Disconnected
06-10 20:01:54.645 4776 4838 D A2dpStateMachine: Disconnected process message(XX:XX:XX:XX:F5:7A): CONNECT
06-10 20:01:54.645 4776 4838 I A2dpStateMachine: Connecting to XX:XX:XX:XX:F5:7A
06-10 20:01:54.645 4776 4838 I BluetoothA2dpServiceJni: connectA2dpNative: sBluetoothA2dpInterface: 0xc76093c4
06-10 20:01:54.645 4776 4838 I A2dpService: okToConnect: device XX:XX:XX:XX:F5:7A isOutgoingRequest: true
06-10 20:01:54.645 4776 4838 D BluetoothAdapterService: isQuietModeEnabled() - Enabled = false
06-10 20:01:54.646 4776 4838 V BluetoothDatabase: getProfileConnectionPolicy: device XX:XX:XX:XX:F5:7A profile=A2DP, connectionPolicy=100
06-10 20:01:54.646 4776 4838 D A2dpStateMachine: transitionTo: destState=Connecting
06-10 20:01:54.646 4776 4838 D A2dpStateMachine: handleMessage: new destination call exit/enter
06-10 20:01:54.646 4776 4838 D A2dpStateMachine: setupTempStateStackWithStatesToEnter: X mTempStateStackCount=1,curStateInfo: null
06-10 20:01:54.646 4776 4838 D A2dpStateMachine: invokeExitMethods: Disconnected
06-10 20:01:54.646 4776 4838 D A2dpStateMachine: Exit Disconnected(XX:XX:XX:XX:F5:7A): CONNECT
06-10 20:01:54.646 4776 4838 D A2dpStateMachine: moveTempStackToStateStack: i=0,j=0
06-10 20:01:54.646 4776 4838 D A2dpStateMachine: moveTempStackToStateStack: X mStateStackTop=0,startingIndex=0,Top=Connecting
06-10 20:01:54.646 4776 4838 D A2dpStateMachine: invokeEnterMethods: Connecting
06-10 20:01:54.646 536 536 D hdmicecd: [CEC]:printCecMessage, [4 -> 3] len: 0, body:, result:no ack
06-10 20:01:54.646 4776 4838 I A2dpStateMachine: Enter Connecting(XX:XX:XX:XX:F5:7A): CONNECT
06-10 20:01:54.646 4776 4838 D A2dpStateMachine: Connection state XX:XX:XX:XX:F5:7A: DISCONNECTED->CONNECTING
06-10 20:01:54.646 4776 4838 I A2dpService: connectionStateChanged (XX:XX:XX:XX:F5:7A): 0 -> 1
06-10 20:01:54.647 4776 4823 I bt_btif_queue: packages/modules/Bluetooth/system/btif/src/btif_profile_queue.cc:110 queue_int_add: Queueing profile connection request:address=xx:xx:xx:xx:f5:7a UUID=110A busy=false
06-10 20:01:54.647 4776 4823 I bt_btif_queue: packages/modules/Bluetooth/system/btif/src/btif_profile_queue.cc:197 btif_queue_connect_next: Executing profile connection request:address=xx:xx:xx:xx:f5:7a UUID=110A busy=false
06-10 20:01:54.647 4776 4804 I btif_av : packages/modules/Bluetooth/system/btif/src/btif_av.cc:1120 FindOrCreatePeer: BtifAvPeer *BtifAvSource::FindOrCreatePeer(const RawAddress &, tBTA_AV_HNDL): Create peer: peer_address=xx:xx:xx:xx:f5:7a bta_handle=0x41 peer_id=0
06-10 20:01:54.648 4776 4804 I btif_av : packages/modules/Bluetooth/system/btif/src/btif_av.cc:3490 btif_av_get_peer_sep: No active sink or source peer found
06-10 20:01:54.648 4776 4804 I btif_av : packages/modules/Bluetooth/system/btif/src/btif_av.cc:3490 btif_av_get_peer_sep: No active sink or source peer found
06-10 20:01:54.648 4776 4804 I bt_bta_av: packages/modules/Bluetooth/system/bta/av/bta_av_api.cc:153 BTA_AvOpen: BTA_AvOpen: peer xx:xx:xx:xx:f5:7a bta_handle:0x41 use_rc=true uuid=0x110a
06-10 20:01:54.648 4776 4804 I btif_av : packages/modules/Bluetooth/system/btif/src/btif_av.cc:2564 btif_report_connection_state: btif_report_connection_state: peer_address=xx:xx:xx:xx:f5:7a state=1
06-10 20:01:54.648 4776 4804 I bt_bta_av: packages/modules/Bluetooth/system/bta/av/bta_av_ssm.cc:426 bta_av_better_stream_state_machine: peer 00:00:00:00:00:00 p_scb=0x41(0xf5ac4960) AV event=0x1209(API_OPEN) state=0(INIT) -> 2(OPENING)
