06-10 19:58:22.159 352 360 E SystemControl: [/DisplayMode.cpp, getHdmiDvCap, 1618] TV isn't support dolby vision: The Rx don't support DolbyVision
06-10 19:58:22.159 352 360 I SystemControl: [/DisplayMode.cpp, onTxEvent, 3294] onTxEvent boot config enable do nothing, just return
06-10 19:58:22.160 352 360 I SystemControl: [/UEventObserver.cpp, HDMITxUenventThreadLoop, 451] HDMI TX switch_name:hdmitx_audio, switch_state: 0
06-10 19:58:22.160 352 360 I SystemControl: [/DisplayMode.cpp, onTxEvent, 3267] onTxEvent switchName:hdmitx_audio hpdstate:0 state: 1
06-10 19:58:22.160 352 360 I SystemControl: [/SysWrite.cpp, getKernelReleaseVersion, 701] getKernelReleaseVersion: 5.15
06-10 19:58:22.160 352 360 I SystemControl: [/SystemControlHal.cpp, onEvent, 72] onEvent event:4, client size:5
06-10 19:58:22.162 530 544 I SystemControlClient: notifyCallback event type:4
06-10 19:58:22.162 530 544 I SystemControlClient: notifyCallback: listener is NULL.
06-10 19:58:22.162 531 546 I SystemControlClient: notifyCallback event type:4
06-10 19:58:22.162 531 546 I SystemControlClient: notifyCallback: listener is NULL.
06-10 19:58:22.163 282 868 I SystemControlClient: notifyCallback event type:4
06-10 19:58:22.163 282 868 I SystemControlClient: notifyCallback: listener is NULL.
06-10 19:58:22.159 1424 1424 I /apex/com.android.adbd/bin/adbd: type=1400 audit(0.0:1942): avc: denied { connectto } for comm=75736220666673206F70656E path="/dev/socket/property_service" scontext=u:r:su:s0 tcontext=u:r:init:s0 tclass=unix_stream_socket permissive=1
06-10 19:58:22.167 529 635 I SystemControlClient: notifyCallback event type:4
06-10 19:58:22.168 529 635 I SystemControlClient: notifyCallback: listener is NULL.
06-10 19:58:22.168 523 583 D xm_audio: adev_get_parameters
06-10 19:58:22.159 1424 1424 I /apex/com.android.adbd/bin/adbd: type=1400 audit(0.0:1943): avc: denied { write } for comm=75736220666673206F70656E path="socket:[35271]" dev="sockfs" ino=35271 scontext=u:r:su:s0 tcontext=u:r:adbd:s0 tclass=unix_stream_socket permissive=1
06-10 19:58:22.169 998 1141 I SystemControlEvent: system control callback event: 4
06-10 19:58:22.170 352 360 I SystemControl: [/UEventObserver.cpp, HDMITxUenventThreadLoop, 451] HDMI TX switch_name:hdmitx_current_status, switch_state: 25
06-10 19:58:22.170 523 583 D xm_audio: adev_get_parameters
06-10 19:58:22.176 523 585 D xm_audio: adev_get_parameters
06-10 19:58:22.177 523 583 D xm_audio: adev_get_parameters
06-10 19:58:22.183 523 583 D xm_audio: adev_get_parameters
06-10 19:58:22.184 523 583 D xm_audio: adev_get_parameters
06-10 19:58:22.190 523 583 D xm_audio: adev_get_parameters
06-10 19:58:22.191 523 583 D xm_audio: adev_get_parameters
06-10 19:58:22.197 523 583 D xm_audio: adev_get_parameters
06-10 19:58:22.198 523 583 D xm_audio: adev_get_parameters
06-10 19:58:22.205 523 583 D xm_audio: adev_get_parameters
06-10 19:58:22.206 523 583 D xm_audio: adev_get_parameters
06-10 19:58:22.214 523 583 D xm_audio: adev_get_parameters
06-10 19:58:22.215 523 583 D xm_audio: adev_get_parameters
06-10 19:58:22.220 523 583 D xm_audio: adev_get_parameters
06-10 19:58:22.221 523 583 D xm_audio: adev_get_parameters
06-10 19:58:22.229 523 583 D xm_audio: adev_get_parameters
06-10 19:58:22.230 523 583 D xm_audio: adev_get_parameters
06-10 19:58:22.236 523 583 D xm_audio: adev_get_parameters
06-10 19:58:22.237 523 583 D xm_audio: adev_get_parameters
06-10 19:58:22.240 330 394 D MesonDisplayServer: SetDisplay[CVBS] Mode to "dummy_l"
06-10 19:58:22.243 523 583 D xm_audio: adev_get_parameters
06-10 19:58:22.244 523 583 D xm_audio: adev_get_parameters
06-10 19:58:22.249 352 360 I SystemControl: [/UEventObserver.cpp, HDMITxUenventThreadLoop, 451] HDMI TX switch_name:hdmitx_current_status, switch_state: 26
06-10 19:58:22.254 523 583 D xm_audio: adev_get_parameters
06-10 19:58:22.256 523 583 D xm_audio: adev_get_parameters
06-10 19:58:22.288 330 394 D MesonComposer3: halEventcallback onHotplug client3.0
06-10 19:58:22.288 330 422 E MesonHwc: getPort 15
06-10 19:58:22.288 330 422 E MesonHwc: getPort 15
06-10 19:58:22.289 305 305 I SurfaceFlinger: Reconnecting display 4639170348389509643 (HAL ID 0)
06-10 19:58:22.308 330 422 E MesonComposer3: destroyLayer: display:0 failed to destroy layer:11
06-10 19:58:22.309 305 305 E HwcComposer: destroyLayer failed Status(-8, EX_SERVICE_SPECIFIC): '3: '
06-10 19:58:22.309 305 305 E HWC2 : destroyLayer(0, 11) failed: BadLayer (3)
06-10 19:58:22.310 305 305 E HwcComposer: setClientTargetSlotCount failed Status(-8, EX_SERVICE_SPECIFIC): '4: '
06-10 19:58:22.310 305 305 I FramebufferSurface: Framebuffer size has been limited to [1920x1080] from [3840x2160]
06-10 19:58:22.323 305 305 I Scheduler: Display 4639170348389509643 is the pacesetter
06-10 19:58:22.323 305 4199 E SchedulerTimer: Terminated
06-10 19:58:22.323 305 305 D SurfaceFlinger: Setting power mode 2 on display 4639170348389509643
06-10 19:58:22.324 305 305 D SurfaceFlinger: Finished setting power mode 2 on display 4639170348389509643
06-10 19:58:22.328 740 807 D LocalDisplayAdapter: The active mode was changed from SurfaceFlinger or the display device to {id=45, width=3840, height=2160, fps=50.0, alternativeRefreshRates=[], supportedHdrTypes=[]}
06-10 19:58:22.328 740 807 D LocalDisplayAdapter: New display modes are added and the active mode has changed, use active mode as default mode.
06-10 19:58:22.328 740 807 W LocalDisplayAdapter: DisplayModeSpecs base mode no longer available, using currently active mode.
06-10 19:58:22.330 740 807 I DisplayDeviceRepository: Display device changed: DisplayDeviceInfo{"内置屏幕": uniqueId="local:4639170348389509643", 3840 x 2160, modeId 35, renderFrameRate 50.0, defaultModeId 35, supportedModes [{id=31, width=1920, height=1080, fps=59.94006, alternativeRefreshRates=[], supportedHdrTypes=[2]}, {id=32, width=1920, height=1080, fps=60.000004, alternativeRefreshRates=[], supportedHdrTypes=[2]}, {id=33, width=3840, height=2160, fps=59.94006, alternativeRefreshRates=[], supportedHdrTypes=[2]}, {id=34, width=3840, height=2160, fps=60.000004, alternativeRefreshRates=[], supportedHdrTypes=[2]}, {id=35, width=3840, height=2160, fps=50.0, alternativeRefreshRates=[], supportedHdrTypes=[2]}, {id=36, width=3840, height=2160, fps=29.97003, alternativeRefreshRates=[], supportedHdrTypes=[2]}, {id=37, width=3840, height=2160, fps=30.000002, alternativeRefreshRates=[], supportedHdrTypes=[2]}, {id=38, width=3840, height=2160, fps=25.0, alternativeRefreshRates=[], supportedHdrTypes=[2]}, {id=39, width=3840, height=2160, fps=23.976025, alternativeRefreshRates=[], supportedHdrTypes=[2]}, {id=40, width=3840, height=2160, fps=24.000002, alternativeRefreshRates=[], supportedHdrTypes=[2]}, {id=41, width=1920, height=1080, fps=50.0, alternativeRefreshRates=[], supportedHdrTypes=[2]}, {id=42, width=1280, height=720, fps=59.94006, alternativeRefreshRates=[], supportedHdrTypes=[2]}, {id=43, width=1280, height=720, fps=60.000004, alternativeRefreshRates=[], supportedHdrTypes=[2]}, {id=44, width=1280, height=720, fps=50.0, alternativeRefreshRates=[], supportedHdrTypes=[2]}], colorMode 0, supportedColorModes [0], hdrCapabilities HdrCapabilities{mSupportedHdrTypes=[2], mMaxLuminance=500.0, mMaxAverageLuminance=500.0, mMinLuminance=0.0}, allmSupported false, gameContentTypeSupported true, density 480, 79.947 x 79.513 dpi, appVsyncOff 2000000, presDeadline 17000000, touch INTERNAL, rotation 0, type INTERNAL, address {port=11, model=0x4061a4da3c482a}, deviceProductInfo DeviceProductInfo{name=Mi TV, manufacturerPnpId=XMD, productId=74, modelYear=null, manufactureDate=ManufactureDate{week=13, year=2019}, connectionToSinkType=2}, state ON, committedState ON, frameRateOverride , brightnessMinimum 0.0, brightnessMaximum 1.0, brightnessDefault 0.39763778, hdrSdrRatio NaN, FLAG_ALLOWED_TO_BE_DEFAULT_DISPLAY, FLAG_ROTATES_WITH_CONTENT, FLAG_SECURE, FLAG_SUPPORTS_PROTECTED_BUFFERS, FLAG_TRUSTED, installOrientation 0, displayShape DisplayShape{ spec=-545313861 displayWidth=3840 displayHeight=2160 physicalPixelDisplaySizeRatio=1.0 rotation=0 offsetX=0 offsetY=0 scale=1.0}}
06-10 19:58:22.333 740 808 W LocalDisplayAdapter: Ignoring request for invalid base mode id 35
06-10 19:58:22.335 740 807 I DisplayDeviceRepository: Display device changed: DisplayDeviceInfo{"内置屏幕": uniqueId="local:4639170348389509643", 3840 x 2160, modeId 45, renderFrameRate 50.0, defaultModeId 45, supportedModes [{id=45, width=3840, height=2160, fps=50.0, alternativeRefreshRates=[], supportedHdrTypes=[]}], colorMode 0, supportedColorModes [0], hdrCapabilities HdrCapabilities{mSupportedHdrTypes=[], mMaxLuminance=500.0, mMaxAverageLuminance=500.0, mMinLuminance=0.0}, allmSupported false, gameContentTypeSupported true, density 480, 79.947 x 79.513 dpi, appVsyncOff 2000000, presDeadline 17000000, touch INTERNAL, rotation 0, type INTERNAL, address {port=11, model=0x4061a4da3c482a}, deviceProductInfo DeviceProductInfo{name=Linux FHD, manufacturerPnpId=LNX, productId=0, modelYear=null, manufactureDate=ManufactureDate{week=5, year=2012}, connectionToSinkType=0}, state ON, committedState ON, frameRateOverride , brightnessMinimum 0.0, brightnessMaximum 1.0, brightnessDefault 0.39763778, hdrSdrRatio NaN, FLAG_ALLOWED_TO_BE_DEFAULT_DISPLAY, FLAG_ROTATES_WITH_CONTENT, FLAG_SECURE, FLAG_SUPPORTS_PROTECTED_BUFFERS, FLAG_TRUSTED, installOrientation 0, displayShape DisplayShape{ spec=-545313861 displayWidth=3840 displayHeight=2160 physicalPixelDisplaySizeRatio=1.0 rotation=0 offsetX=0 offsetY=0 scale=1.0}}
06-10 19:58:22.337 305 305 I RefreshRateSelector: Display 4639170348389509643 policy changed
06-10 19:58:22.337 305 305 I RefreshRateSelector: Previous: {defaultModeId=44, allowGroupSwitching=false, primaryRanges={physical=[0.00 Hz, 340282346638528859811704183484516925440.00 Hz], render=[0.00 Hz, 340282346638528859811704183484516925440.00 Hz]}, appRequestRanges={physical=[0.00 Hz, 340282346638528859811704183484516925440.00 Hz], render=[0.00 Hz, 340282346638528859811704183484516925440.00 Hz]}}
06-10 19:58:22.337 305 305 I RefreshRateSelector: Current: DisplayManagerPolicy{defaultModeId=44, allowGroupSwitching=false, primaryRanges={physical=[0.00 Hz, inf Hz], render=[0.00 Hz, 120.00 Hz]}, appRequestRanges={physical=[0.00 Hz, inf Hz], render=[0.00 Hz, inf Hz]}}
06-10 19:58:22.337 305 305 I RefreshRateSelector: 0 mode changes were performed under the previous policy
06-10 19:58:22.476 536 564 D hdmicecd: [CEC]:printCecMsgBuf, msg: 0f 84 00 00 00
06-10 19:58:22.477 740 740 D HDMI : [R]: 0F:84:00:00:00
06-10 19:58:22.478 536 1207 D hdmicecd: [HdmiCecControl]:getPhysicalAddress, physical addr: ffff, last pa: 2000, ret = 0
06-10 19:58:22.478 740 740 D HDMI : addCecDevice new:CEC: logical_address: 0x00 device_type: 0 cec_version: 5 vendor_id: 16777215 display_name: TV power_status: -1 physical_address: 0xFFFF port_id: -1 old:null
06-10 19:58:22.479 740 740 D HdmiControlService: Switching to full volume behavior
06-10 19:58:22.480 536 1207 D hdmicecd: [HdmiCecControl]:getPhysicalAddress, physical addr: ffff, last pa: 2000, ret = 0
06-10 19:58:22.480 536 536 D hdmicecd: [HdmiCecControl]:getPhysicalAddress, physical addr: ffff, last pa: 2000, ret = 0
06-10 19:58:22.481 740 740 D HDMI : addCecDevice new:CEC: logical_address: 0x00 device_type: 0 cec_version: 5 vendor_id: 16777215 display_name: TV power_status: -1 physical_address: 0x0000 port_id: -1 old:CEC: logical_address: 0x00 device_type: 0 cec_version: 5 vendor_id: 16777215 display_name: TV power_status: -1 physical_address: 0xFFFF port_id: -1
06-10 19:58:22.481 740 740 D HdmiControlService: Switching to full volume behavior
06-10 19:58:22.482 740 740 D HDMI : TV is available now for receiving its message
06-10 19:58:22.482 740 740 D AudioService: onStatusChange cecEnabled:true available:true
06-10 19:58:22.482 740 740 D AudioService: TV, no CEC: setting HDMI as regular vol device
06-10 19:58:22.482 740 740 D AudioService: Removing DeviceType: 0x400 from mFullVolumeDevices
06-10 19:58:22.482 740 740 D AudioService: Removing DeviceType: 0x400 from mFixedVolumeDevices
06-10 19:58:22.482 740 740 D AudioService: Removing DeviceType: 0x400 from mAbsoluteVolumeDeviceInfoMap
06-10 19:58:22.482 740 953 D HDMI : [S]: 40:46
06-10 19:58:22.632 536 564 D hdmicecd: [CEC]:printCecMsgBuf, msg: 0f 87 00 ec 0a
06-10 19:58:22.633 740 740 D HDMI : [R]: 0F:87:00:EC:0A
06-10 19:58:22.634 536 1207 D hdmicecd: [HdmiCecControl]:getPhysicalAddress, physical addr: ffff, last pa: 2000, ret = 0
06-10 19:58:22.930 536 536 D hdmicecd: [CEC]:printCecMessage, [4 -> 0] len: 1, body: 46, result:success
06-10 19:58:22.930 536 536 E IPCThreadState: binder thread pool (1 threads) starved for 447 ms
06-10 19:58:23.032 523 698 I audio_hw_hal_alsamgr: alsa format =0x1 delay frames =768 total frames=8418560
06-10 19:58:23.129 352 360 I SystemControl: [/UEventObserver.cpp, HDMITxUenventThreadLoop, 451] HDMI TX switch_name:hdmitx_current_status, switch_state: 27
06-10 19:58:23.172 352 360 I SystemControl: [/UEventObserver.cpp, HDMITxUenventThreadLoop, 451] HDMI TX switch_name:hdmitx_current_status, switch_state: 28
06-10 19:58:23.175 352 360 I SystemControl: [/UEventObserver.cpp, HDMITxUenventThreadLoop, 451] HDMI TX switch_name:hdmitx_hpd, switch_state: 1
06-10 19:58:23.175 352 360 I SystemControl: [/DisplayMode.cpp, onTxEvent, 3267] onTxEvent switchName:hdmitx_hpd hpdstate:1 state: 1
06-10 19:58:23.176 352 360 I SystemControl: [/SysWrite.cpp, getKernelReleaseVersion, 701] getKernelReleaseVersion: 5.15
06-10 19:58:23.176 740 884 V WindowManager: app ------------- force_land :0
06-10 19:58:23.176 352 360 I SystemControl: [/Ubootenv.cpp, get, 336] [ubootenv] get key:hdmimode envValue: 2160p50hz
06-10 19:58:23.184 537 557 I hdmicecd: [HdmiCecControl]:Hotplug event port:0, now:1, prevStatus:0 power:1
06-10 19:58:23.185 740 884 I WiredAccessoryManager: MSG_NEW_DEVICE_STATE
06-10 19:58:23.186 1513 1513 E ccc : cccccc hdmi plug reset
06-10 19:58:23.186 1550 1550 E xxxxxxxxxxxxxxx: onReceive:mIsHDMIPlugged = true
06-10 19:58:23.188 537 557 I hdmiconnection: hot plug port id 0, is connected 1
06-10 19:58:23.188 352 360 I SystemControl: [/Ubootenv.cpp, get, 336] [ubootenv] get key:is.bestmode envValue: false
06-10 19:58:23.189 352 360 I SystemControl: [/Ubootenv.cpp, get, 336] [ubootenv] get key:user_colorattribute envValue: rgb,8bit
06-10 19:58:23.189 352 360 I SystemControl: [/Ubootenv.cpp, get, 345] [ubootenv] search end and not find env:hdr_force_mode
06-10 19:58:23.189 352 360 I SystemControl: [/DisplayMode.cpp, gethdrforcemode, 2742] get hdr force mode is [2]
06-10 19:58:23.189 352 972 I SystemControl: [/Ubootenv.cpp, get, 345] [ubootenv] search end and not find env:connector_type
06-10 19:58:23.189 352 360 I SystemControl: [/Ubootenv.cpp, get, 336] [ubootenv] get key:hdr_policy envValue: 0
06-10 19:58:23.189 352 360 I SystemControl: [/DisplayMode.cpp, getHdrStrategy, 2758] getHdrStrategy is [0]
06-10 19:58:23.189 352 360 I SystemControl: [/Ubootenv.cpp, get, 336] [ubootenv] get key:hdr_priority envValue: 268435472
06-10 19:58:23.189 352 360 I SystemControl: [/DisplayMode.cpp, getHdrPriority, 2891] getHdrPriority is [0x10000010]
06-10 19:58:23.189 352 360 I SystemControl: [/DisplayMode.cpp, getCommonData, 1534] isbestcolorspace:0, isbestpolicy:0, hdr_policy:0, hdr_priority :268435472, hdr_force_mode:2
06-10 19:58:23.191 740 740 I AS.AudioDeviceInventory: not sending NOISY: state=1
06-10 19:58:23.192 740 934 D AudioService: setWiredDeviceConnectionState( type:400 state:DEVICE_STATE_AVAILABLE addr: name:) from android
06-10 19:58:23.192 740 934 I AS.AudioDeviceInventory: handleDeviceConnection(true dev:400 address: name:)
06-10 19:58:23.192 740 740 D HDMI : Hotplug event:[port:0, connected:true]
06-10 19:58:23.192 740 934 I AS.AudioDeviceInventory: deviceKey:0x400:
06-10 19:58:23.192 740 934 I AS.AudioDeviceInventory: deviceInfo:null is(already)Connected:false
06-10 19:58:23.192 536 536 D hdmicecd: [HdmiCecControl]:getPhysicalAddress, physical addr: 2000, last pa: 2000, ret = 0
06-10 19:58:23.193 537 537 D hdmicecd: [HdmiCecControl]:total port:1
06-10 19:58:23.193 537 537 I hdmicecd: [HdmiCecControl]:portId: 0, type:output, cec support:1, arc support:1, physical address:2000
06-10 19:58:23.193 537 537 I hdmicecd: [HdmiCecControl]:arc port:0
06-10 19:58:23.193 330 394 E MesonHwc: read screen size 0x0 from vinfo
06-10 19:58:23.193 330 394 E MesonHwc: dolby vision driver is not ready
06-10 19:58:23.193 330 394 D MesonHwc: ERR: PLEASE FIX NON-IMPLEMENT FUN(update).
06-10 19:58:23.193 352 972 I SystemControl: [/Ubootenv.cpp, get, 345] [ubootenv] search end and not find env:connector_type
06-10 19:58:23.193 330 394 E MesonHwc: FixedDisplayPipe::getConnectorCfg 11
06-10 19:58:23.194 330 394 E MesonHwc: dolby vision driver is not ready
06-10 19:58:23.195 523 583 I audio_hw_hal_primary: [adev_set_parameters:4123] dev:0xf0f82930, kv: set_ARC_hdmi=updated_sad
06-10 19:58:23.195 523 583 D audio_hw_hal_hfp: [audio_extn_hfp_set_parameters:739] audio_extn_hfp_set_parameters
06-10 19:58:23.197 523 583 I audio_hw_hal_primary: [adev_set_device_connected_state_v7:9037] connected address:, num_descriptors:0, num_profiles:0
06-10 19:58:23.197 523 583 I audio_hw_hal_primary: [set_device_connect_state:4044] state:1, dev:OUT_HDMI(0x400), pre_out:0x80082, pre_in:0x4
06-10 19:58:23.197 523 583 D audio_hw_hal_resourcemgr: [set_output_device_avail:353] device:0x400 avail_out_devices:400 routed_out_devices:0x400
06-10 19:58:23.197 523 583 D audio_hw_hal_stream: update_sink_format_after_hotplug() active stream 0xf0ec0e70
06-10 19:58:23.197 523 583 D audio_hw_hal_profile: get_hdmi_sink_cap_new is running...
06-10 19:58:23.197 523 583 D audio_hw_hal_profile: query hdmi format...
06-10 19:58:23.197 523 583 D audio_hw_hal_profile: get_hdmi_sink_cap_new ddp is supported; ddp-joc(atmos) is unsupported;
06-10 19:58:23.197 523 583 I audio_hw_hal_profile: get_hdmi_sink_cap_new dts-hd vendor special byte3:0x1
06-10 19:58:23.197 523 583 I audio_hw_hal_profile: PCM cap Max channel =2
06-10 19:58:23.197 523 583 I audio_hw_hal_stream: get_sink_capability mbox+dvb case sink_capability = 0xa000000
06-10 19:58:23.197 523 583 I audio_hw_hal_stream: force ddp out =0
06-10 19:58:23.197 330 394 E MesonHwc: dolby vision driver is not ready
06-10 19:58:23.197 523 583 D audio_hw_hal_profile: get_hdmi_sink_cap_new is running...
06-10 19:58:23.197 523 583 D audio_hw_hal_profile: query hdmi format...
06-10 19:58:23.197 523 583 D audio_hw_hal_profile: get_hdmi_sink_cap_new ddp is supported; ddp-joc(atmos) is unsupported;
06-10 19:58:23.197 523 583 I audio_hw_hal_profile: get_hdmi_sink_cap_new dts-hd vendor special byte3:0x1
06-10 19:58:23.197 523 583 I audio_hw_hal_profile: PCM cap Max channel =2
06-10 19:58:23.197 523 583 I audio_hw_hal_stream: [get_sink_dts_capability:212] mbox+dvb case sink_capability: DTS(0xb000000)
06-10 19:58:23.197 523 583 D audio_hw_hal_profile: get_hdmi_sink_cap_new is running...
06-10 19:58:23.197 523 583 D audio_hw_hal_profile: query hdmi format...
06-10 19:58:23.197 523 583 D audio_hw_hal_profile: get_hdmi_sink_cap_new ddp is supported; ddp-joc(atmos) is unsupported;
06-10 19:58:23.197 523 583 I audio_hw_hal_profile: get_hdmi_sink_cap_new dts-hd vendor special byte3:0x1
06-10 19:58:23.197 523 583 I audio_hw_hal_profile: PCM cap Max channel =2
06-10 19:58:23.197 523 583 I audio_hw_hal_stream: [get_sink_mpegh_capability:245] mbox+dvb case sink_capability: PCM_16_BIT(0x1)
06-10 19:58:23.197 523 583 D audio_hw_hal_profile: get_hdmi_sink_cap_new is running...
06-10 19:58:23.198 523 583 D audio_hw_hal_profile: [get_hdmi_sink_cap_new:960] query hdmi sample_rate... format: PCM_16_BIT(0x1)
06-10 19:58:23.198 523 583 I audio_hw_hal_profile: get_hdmi_sink_cap_new format =0x1 support rate =sup_sampling_rates=32000|44100|48000
06-10 19:58:23.198 523 583 I audio_hw_hal_stream: pcm_fmt support sample_rate_mask:0x7
06-10 19:58:23.198 352 972 I SystemControl: [/Ubootenv.cpp, get, 345] [ubootenv] search end and not find env:connector_type
06-10 19:58:23.198 523 583 I audio_hw_hal_stream: get_sink_dv_capability : /sys/class/amhdmitx/amhdmitx0/hdmi_hdr_status = SDR
06-10 19:58:23.198 523 583 I audio_hw_hal_stream: get_sink_dv_capability : dv enable 0
06-10 19:58:23.198 523 583 I audio_hw_hal_stream: [get_sink_format:446] out:0xf0ec0e70 out devices:0x80082 cur_out_devices:0x400 format:PCM_16_BIT(0x1) digital_mode(PCM) sink cap:E_AC3(0xa000000)
06-10 19:58:23.198 523 583 I audio_hw_hal_stream: get_sink_format() HDMI ARC or mbox + dvb case
06-10 19:58:23.198 523 583 I audio_hw_hal_stream: [get_sink_format:645] sink_format:PCM_16_BIT(0x1) max channel:2 optical_format:PCM_16_BIT(0x1) dual_output 0
06-10 19:58:23.198 523 583 I audio_hw_hal_ms12common: audiohal_send_msg_2_ms12 mesg_type:MS12_MESG_TYPE_RESET_MS12_ENCODER entry
06-10 19:58:23.198 523 696 D audio_hw_hal_ms12common: ms12_message_threadloop(), msg type: MS12_MESG_TYPE_RESET_MS12_ENCODER
06-10 19:58:23.198 523 696 I audio_hw_hal_ms12v2: +dolby_ms12_encoder_reconfig()
06-10 19:58:23.198 523 696 D libdolbyms12: mch_enable 0
06-10 19:58:23.198 523 696 D audio_hw_hal_continuous_standby: audio_continuous_standby_set, type 1, params 8
06-10 19:58:23.198 330 394 E MesonHwc: FixedDisplayPipe::getConnectorCfg 11
06-10 19:58:23.198 523 696 D audio_hw_hal_ms12common: ms12_message_threadloop mesg_list is empty, loop waiting......
06-10 19:58:23.198 330 394 D MesonHwc: ERR: PLEASE FIX NON-IMPLEMENT FUN(update).
06-10 19:58:23.198 523 583 I audio_hw_hal_ms12common: audiohal_send_msg_2_ms12 mesg_type:MS12_MESG_TYPE_RESET_MS12_ENCODER exit
06-10 19:58:23.198 523 583 D audio_hw_hal_ms12v2: set_dolby_ms12_continuous_state audio_continuous_standby_set status 0
06-10 19:58:23.198 523 583 D audio_hw_hal_continuous_standby: audio_continuous_standby_set, type 0, params 0
06-10 19:58:23.198 523 583 I audio_hw_hal_ms12common: aml_set_ms12_scheduler_state ms12_scheduler_state:0, sch_state:0 SCHEDULER_RUNNING is sent to ms12
06-10 19:58:23.199 330 394 E MesonHwc: dolby vision driver is not ready
06-10 19:58:23.199 330 394 E MesonHwc: dolby vision driver is not ready
06-10 19:58:23.200 523 583 W DeviceHAL: Error from HAL Device in function get_audio_port_v7: Function not implemented
06-10 19:58:23.201 523 698 D libdolbyms12: set runtime mch_enable 0
06-10 19:58:23.201 330 394 V MesonDisplayServer: GetDisplayMode:dummy_l
06-10 19:58:23.201 559 1246 I AudioFlinger: openOutput() this 0xf1b43fd0, module 10 Device AUDIO_DEVICE_OUT_HDMI, @:, SamplingRate 32000, Format 0x9000000, Channels 0x1, flags 0x51
06-10 19:58:23.202 352 972 I SystemControl: [/Ubootenv.cpp, get, 336] [ubootenv] get key:hdr_preferred_policy envValue: 0
06-10 19:58:23.202 330 389 V MesonDisplayServer: GetDisplayMode:dummy_l
06-10 19:58:23.202 352 360 I SystemControl: [/DisplayMode.cpp, getDisplayMode, 2331] getDisplayMode mode:dummy_l
06-10 19:58:23.202 352 360 I SystemControl: [/Ubootenv.cpp, get, 336] [ubootenv] get key:hdmimode envValue: 2160p50hz
06-10 19:58:23.202 352 360 I SystemControl: [/Ubootenv.cpp, get, 336] [ubootenv] get key:cvbsmode envValue: 576cvbs
06-10 19:58:23.202 352 360 I SystemControl: [/DisplayMode.cpp, getCommonData, 1542] hdmi_current_mode:dummy_l, ubootenv hdmimode:2160p50hz cvbsmode:576cvbs
06-10 19:58:23.202 523 585 D audio_hw_hal_primary: [adev_open_output_stream_new:7868] enter: dev=0xf0f82930 handle=195 devices=0x400/'HDMI,' flags=0x51/'DIRECT,COMPRESS_OFFLOAD,HW_AV_SYNC,' config=(rt=32000 ch_mask=0x1 fmt=0x9000000) address=''
06-10 19:58:23.202 523 585 D audio_hw_hal_primary: adev_open_output_stream_new: enter
06-10 19:58:23.202 523 585 I audio_hw_hal_primary: [adev_open_output_stream:3285] io 405: out:0xf0ec40c0 dev:OUT_HDMI(0x400) addr:
06-10 19:58:23.202 523 585 I audio_hw_hal_primary: [adev_open_output_stream:3287] ch_mask:0x1 rate:32000 format:AC3(0x9000000) flags:0x51
06-10 19:58:23.202 523 585 I audio_hw_hal_primary: adev_open_output_stream: for raw audio output,force alsa stereo output
06-10 19:58:23.202 523 585 D audio_hw_hal_primary: [adev_open_output_stream:3573] format=AC3 rate=32000
06-10 19:58:23.202 523 585 I audio_hw_hal_primary: [adev_open_output_stream:3610] result profile ch_mask:0x1 rate:32000 format:AC3(0x9000000) usecase:RAW_HWSYNC
06-10 19:58:23.202 523 585 I audio_hw_hal_utils: aml_get_stream_dump_file_name line 2929 file_name /data/vendor/audiohal/stream_pid523_tid585.dd
06-10 19:58:23.202 523 585 I audio_hw_hal_primary: [adev_open_output_stream_new:8037] io 405: out: 0xf0ec40c0 card:0 alsa devices:0 exit ------
06-10 19:58:23.203 352 972 I SystemControl: [/Ubootenv.cpp, get, 336] [ubootenv] get key:user_hdr_type envValue: 3
06-10 19:58:23.203 330 394 D MesonDisplayServer: getDisplayAttribute "Dolby Vision CAP2": "The Rx don't support DolbyVision"
06-10 19:58:23.203 352 972 I SystemControl: [/Ubootenv.cpp, updateValue, 68] [ubootenv] update value name [ubootenv.var.hdr_policy]: value [0]
06-10 19:58:23.203 352 972 I SystemControl: [/Ubootenv.cpp, get, 336] [ubootenv] get key:hdr_policy envValue: 0
06-10 19:58:23.204 537 537 D hdmiconnection: port id:0 physical:2000
06-10 19:58:23.204 740 740 D HDMI : initPortInfo port info:port_id: 0, type: HDMI_OUT, address: 0x2000, cec: true, arc: true, mhl: false, earc: false
06-10 19:58:23.205 536 536 I hdmicecd: [HdmiCecControl]:clearLogicaladdress
06-10 19:58:23.205 523 583 I audio_hw_hal_primary: [out_get_buffer_size:552] out:0xf0ec40c0 config.rate=32000, format:AC3(0x9000000), stream format:AC3(0x9000000)
06-10 19:58:23.206 559 1246 I AudioFlinger: HAL output buffer size 2048 frames, normal sink buffer size 2048 frames
06-10 19:58:23.206 523 583 I audio_hw_hal_primary: [audiohal_get_latency:1333] io 405: out:0xf0ec40c0 frames:1664 rate:32000 whole_latency:52 alsa_latency:52
06-10 19:58:23.207 523 583 I audio_hw_hal_primary: [out_set_event_callback:3158] io 405: out:0xf0ec40c0, callback:0xf30cd91d cookie:0xf36c2290
06-10 19:58:23.207 330 389 D MesonDisplayServer: use connector getDisplayAttribute "HDMI Color ATTR": "420,10bit"
06-10 19:58:23.207 523 583 I audio_hw_hal_primary: [audiohal_get_latency:1333] io 405: out:0xf0ec40c0 frames:1664 rate:32000 whole_latency:52 alsa_latency:52
06-10 19:58:23.207 352 360 I SystemControl: [/Ubootenv.cpp, get, 336] [ubootenv] get key:user_colorattribute envValue: rgb,8bit
06-10 19:58:23.207 352 360 I SystemControl: [/DisplayMode.cpp, getCommonData, 1554] hdmi_current_attr:420,10bit, ubootenv_colorattribute:rgb,8bit
06-10 19:58:23.207 559 4445 I AudioFlinger: AudioFlinger's thread 0xebee85b0 tid=4445 ready to run
06-10 19:58:23.207 523 583 I audio_hw_hal_primary: [audiohal_get_latency:1333] io 405: out:0xf0ec40c0 frames:1664 rate:32000 whole_latency:52 alsa_latency:52
06-10 19:58:23.207 352 360 I SystemControl: [/Ubootenv.cpp, get, 345] [ubootenv] search end and not find env:dv_enable
06-10 19:58:23.207 352 360 I SystemControl: [/DisplayMode.cpp, getCommonData, 1567] dv_enable:0
06-10 19:58:23.208 352 972 I SystemControl: [/Ubootenv.cpp, updateValue, 68] [ubootenv] update value name [ubootenv.var.hdr_priority]: value [268435472]
06-10 19:58:23.208 352 360 I SystemControl: [/Ubootenv.cpp, get, 345] [ubootenv] search end and not find env:user_prefer_dv_type
06-10 19:58:23.208 352 360 I SystemControl: [/DisplayMode.cpp, getCommonData, 1578] ubootenv_dv_type:0
06-10 19:58:23.208 352 360 I SystemControl: [/DisplayMode.cpp, getHdmiData, 1721] display sink type:1 [0:none, 1:sink, 2:repeater]
06-10 19:58:23.208 352 360 I SystemControl: [/DisplayMode.cpp, filterHdmiDispcap, 1398] before filtered HdmiDispcap: 480p60hz
06-10 19:58:23.208 352 360 I SystemControl: 720p60hz
06-10 19:58:23.208 352 360 I SystemControl: 1080i60hz
06-10 19:58:23.208 352 360 I SystemControl: 480i60hz
06-10 19:58:23.208 352 360 I SystemControl: 1080p60hz
06-10 19:58:23.208 352 360 I SystemControl: 576p50hz
06-10 19:58:23.208 352 360 I SystemControl: 720p50hz
06-10 19:58:23.208 352 360 I SystemControl: 1080i50hz
06-10 19:58:23.208 352 360 I SystemControl: 576i50hz
06-10 19:58:23.208 352 360 I SystemControl: 1080p50hz
06-10 19:58:23.208 352 360 I SystemControl: 2160p24hz
06-10 19:58:23.208 352 360 I SystemControl: 2160p25hz
06-10 19:58:23.208 352 360 I SystemControl: 2160p30hz
06-10 19:58:23.208 352 360 I SystemControl: 2160p50hz
06-10 19:58:23.208 352 360 I SystemControl: 2160p60hz
06-10 19:58:23.208 352 360 I SystemControl: smpte24hz
06-10 19:58:23.208 352 360 I SystemControl: smpte25hz
06-10 19:58:23.208 352 360 I SystemControl: smpte30hz
06-10 19:58:23.208 352 360 I SystemControl: smpte50hz
06-10 19:58:23.208 352 360 I SystemControl: smpte60hz
06-10 19:58:23.208 352 360 I SystemControl:
06-10 19:58:23.209 559 4445 D AudioFlinger: ro.audio.silent is ignored since no output device is set
06-10 19:58:23.210 352 972 I SystemControl: [/Ubootenv.cpp, get, 336] [ubootenv] get key:hdr_priority envValue: 268435472
06-10 19:58:23.211 559 4445 D AudioFlinger: ro.audio.silent is ignored since no output device is set
06-10 19:58:23.212 352 972 I SystemControl: [/Ubootenv.cpp, get, 336] [ubootenv] get key:user_colorattribute envValue: rgb,8bit
06-10 19:58:23.213 330 394 V MesonDisplayServer: GetDisplayMode:dummy_l
06-10 19:58:23.213 352 972 I SystemControl: [/Ubootenv.cpp, get, 336] [ubootenv] get key:hdmimode envValue: 2160p50hz
06-10 19:58:23.214 352 972 I SystemControl: [/Ubootenv.cpp, get, 336] [ubootenv] get key:cvbsmode envValue: 576cvbs
06-10 19:58:23.215 352 360 I SystemControl: [/DisplayMode.cpp, filterHdmiDispcap, 1427] after filtered HdmiDispcap: 480p60hz
06-10 19:58:23.215 352 360 I SystemControl: 720p60hz
06-10 19:58:23.215 352 360 I SystemControl: 1080i60hz
06-10 19:58:23.215 352 360 I SystemControl: 480i60hz
06-10 19:58:23.215 352 360 I SystemControl: 1080p60hz
06-10 19:58:23.215 352 360 I SystemControl: 576p50hz
06-10 19:58:23.215 352 360 I SystemControl: 720p50hz
06-10 19:58:23.215 352 360 I SystemControl: 1080i50hz
06-10 19:58:23.215 352 360 I SystemControl: 576i50hz
06-10 19:58:23.215 352 360 I SystemControl: 1080p50hz
06-10 19:58:23.215 352 360 I SystemControl: 2160p24hz
06-10 19:58:23.215 352 360 I SystemControl: 2160p25hz
06-10 19:58:23.215 352 360 I SystemControl: 2160p30hz
06-10 19:58:23.215 352 360 I SystemControl: 2160p50hz
06-10 19:58:23.215 352 360 I SystemControl: 2160p60hz
06-10 19:58:23.215 352 360 I SystemControl: smpte24hz
06-10 19:58:23.215 352 360 I SystemControl: smpte25hz
06-10 19:58:23.215 352 360 I SystemControl: smpte30hz
06-10 19:58:23.215 352 360 I SystemControl: smpte50hz
06-10 19:58:23.215 352 360 I SystemControl: smpte60hz
06-10 19:58:23.215 352 360 I SystemControl:
06-10 19:58:23.216 352 972 I SystemControl: [/Ubootenv.cpp, get, 336] [ubootenv] get key:user_colorattribute envValue: rgb,8bit
06-10 19:58:23.217 352 972 I SystemControl: [/Ubootenv.cpp, get, 345] [ubootenv] search end and not find env:dv_enable
06-10 19:58:23.217 330 394 E MesonHwc: dolby vision driver is not ready
06-10 19:58:23.218 352 972 I SystemControl: [/Ubootenv.cpp, get, 345] [ubootenv] search end and not find env:user_prefer_dv_type
06-10 19:58:23.219 559 1246 I AudioFlinger: openOutput() this 0xf1b43fd0, module 10 Device AUDIO_DEVICE_OUT_HDMI, @:, SamplingRate 0, Format 00000000, Channels 0, flags 0x41
06-10 19:58:23.219 330 394 E MesonHwc: dolby vision driver is not ready
06-10 19:58:23.219 330 394 D MesonDisplayServer: getDisplayAttribute "Dolby Vision CAP2": "The Rx don't support DolbyVision"
06-10 19:58:23.219 330 394 E MesonHwc: TV isn't support dv: The Rx don't support DolbyVision
06-10 19:58:23.219 523 583 D audio_hw_hal_primary: [adev_open_output_stream_new:7868] enter: dev=0xf0f82930 handle=19d devices=0x400/'HDMI,' flags=0x41/'DIRECT,HW_AV_SYNC,' config=(rt=0 ch_mask=0x0 fmt=0x0) address=''
06-10 19:58:23.219 523 583 D audio_hw_hal_primary: adev_open_output_stream_new: enter
06-10 19:58:23.219 523 583 I audio_hw_hal_primary: [adev_open_output_stream:3285] io 413: out:0xf0ec2400 dev:OUT_HDMI(0x400) addr:
06-10 19:58:23.219 523 583 I audio_hw_hal_primary: [adev_open_output_stream:3287] ch_mask:0 rate:0 format:DEFAULT(0) flags:0x41
06-10 19:58:23.219 523 583 D audio_hw_hal_primary: [adev_open_output_stream:3573] format=PCM_16_BIT rate=48000
06-10 19:58:23.219 523 583 I audio_hw_hal_primary: [adev_open_output_stream:3610] result profile ch_mask:0x3 rate:48000 format:PCM_16_BIT(0x1) usecase:PCM_HWSYNC
06-10 19:58:23.220 352 972 I SystemControl: [/Ubootenv.cpp, get, 345] [ubootenv] search end and not find env:hdr_force_mode
06-10 19:58:23.220 523 583 D audio_hw_hal_timer: func:audio_timer_create create timer.1 success.
06-10 19:58:23.220 523 583 D audio_hw_hal_timer: func:audio_timer_create create timer.2 success.
06-10 19:58:23.220 523 583 D audio_hw_hal_primary: [adev_open_output_stream_new:7980] timer_id:1
06-10 19:58:23.220 523 583 I audio_hw_hal_utils: aml_get_stream_dump_file_name line 2929 file_name /data/vendor/audiohal/stream_pid523_tid583.pcm
06-10 19:58:23.220 523 583 I audio_hw_hal_primary: [adev_open_output_stream_new:8037] io 413: out: 0xf0ec2400 card:0 alsa devices:0 exit ------
06-10 19:58:23.221 352 972 I SystemControl: [/Ubootenv.cpp, get, 336] [ubootenv] get key:hdr_policy envValue: 0
06-10 19:58:23.221 352 972 I SystemControl: [/Ubootenv.cpp, get, 336] [ubootenv] get key:hdr_priority envValue: 268435472
06-10 19:58:23.221 330 394 E MesonHwc: dolby vision driver is not ready
06-10 19:58:23.222 523 585 I audio_hw_hal_primary: [out_get_buffer_size:552] out:0xf0ec2400 config.rate=48000, format:PCM_16_BIT(0x1), stream format:PCM_16_BIT(0x1)
06-10 19:58:23.222 559 1246 I AudioFlinger: HAL output buffer size 2058 frames, normal sink buffer size 2058 frames
06-10 19:58:23.222 523 585 I audio_hw_hal_primary: [audiohal_get_latency:1333] io 413: out:0xf0ec2400 frames:1152 rate:48000 whole_latency:24 alsa_latency:24
06-10 19:58:23.222 523 585 I audio_hw_hal_primary: [out_set_event_callback:3158] io 413: out:0xf0ec2400, callback:0xf30cd91d cookie:0xf36c11b0
06-10 19:58:23.223 523 585 I audio_hw_hal_primary: [audiohal_get_latency:1333] io 413: out:0xf0ec2400 frames:1152 rate:48000 whole_latency:24 alsa_latency:24
06-10 19:58:23.223 523 585 I audio_hw_hal_primary: [audiohal_get_latency:1333] io 413: out:0xf0ec2400 frames:1152 rate:48000 whole_latency:24 alsa_latency:24
06-10 19:58:23.223 523 585 I audio_hw_hal_profile: [out_get_parameters:2085] out:0xf0ec2400 query audio format. ++++++++++ hal_format:PCM_16_BIT
06-10 19:58:23.223 523 585 D audio_hw_hal_profile: get_hdmi_sink_cap_new is running...
06-10 19:58:23.224 523 585 D audio_hw_hal_profile: query hdmi format...
06-10 19:58:23.224 523 585 D audio_hw_hal_profile: get_hdmi_sink_cap_new ddp is supported; ddp-joc(atmos) is unsupported;
06-10 19:58:23.224 523 585 I audio_hw_hal_profile: get_hdmi_sink_cap_new dts-hd vendor special byte3:0x1
06-10 19:58:23.224 523 585 I audio_hw_hal_profile: PCM cap Max channel =2
06-10 19:58:23.224 523 585 I audio_hw_hal_profile: [out_get_parameters:2165] sup_formats=AUDIO_FORMAT_PCM_16_BIT|AUDIO_FORMAT_IEC61937|AUDIO_FORMAT_E_AC3|AUDIO_FORMAT_AC3|AUDIO_FORMAT_DTS
06-10 19:58:23.224 559 1246 D APM_AudioPolicyManager: modifySurroundFormats: forced use = 13
06-10 19:58:23.224 523 585 I audio_hw_hal_profile: [out_get_parameters:2089] out:0xf0ec2400 query sample rate. Format:PCM_16_BIT(0x1) ++++++++++ hal_format:PCM_16_BIT
06-10 19:58:23.224 523 585 D audio_hw_hal_profile: get_hdmi_sink_cap_new is running...
06-10 19:58:23.224 523 585 D audio_hw_hal_profile: [get_hdmi_sink_cap_new:960] query hdmi sample_rate... format: PCM_16_BIT(0x1)
06-10 19:58:23.224 523 585 I audio_hw_hal_profile: get_hdmi_sink_cap_new format =0x1 support rate =sup_sampling_rates=32000|44100|48000
06-10 19:58:23.224 523 585 I audio_hw_hal_profile: [out_get_parameters:2165] sup_sampling_rates=32000|44100|48000
06-10 19:58:23.225 523 585 I audio_hw_hal_profile: [out_get_parameters:2092] out:0xf0ec2400 query channels. Format:PCM_16_BIT(0x1) ++++++++++ hal_format:PCM_16_BIT
06-10 19:58:23.225 523 585 D audio_hw_hal_profile: get_hdmi_sink_cap_new is running...
06-10 19:58:23.225 559 4448 I AudioFlinger: AudioFlinger's thread 0xebed8370 tid=4448 ready to run
06-10 19:58:23.225 330 394 D MesonDisplayServer: getDisplayAttribute "Dolby Vision CAP2": "The Rx don't support DolbyVision"
06-10 19:58:23.225 523 585 D audio_hw_hal_profile: [get_hdmi_sink_cap_new:887] query hdmi channels... format: PCM_16_BIT(0x1)
06-10 19:58:23.225 523 585 I audio_hw_hal_profile: [out_get_parameters:2165] sup_channels=AUDIO_CHANNEL_OUT_STEREO
06-10 19:58:23.225 352 972 I SystemControl: [/Ubootenv.cpp, get, 345] [ubootenv] search end and not find env:hdr_resolution_priority
06-10 19:58:23.225 352 972 I SystemControl: [/Ubootenv.cpp, get, 345] [ubootenv] search end and not find env:user_prefer_dv_type
06-10 19:58:23.225 523 585 I audio_hw_hal_profile: [out_get_parameters:2089] out:0xf0ec2400 query sample rate. Format:IEC61937(0xd000000) ++++++++++ hal_format:PCM_16_BIT
06-10 19:58:23.226 523 585 D audio_hw_hal_profile: get_hdmi_sink_cap_new is running...
06-10 19:58:23.226 330 389 D MesonDisplayServer: getDisplayAttribute "Dolby Vision CAP2": "The Rx don't support DolbyVision"
06-10 19:58:23.226 330 394 E MesonHwc: dolby vision driver is not ready
06-10 19:58:23.226 523 585 D audio_hw_hal_profile: [get_hdmi_sink_cap_new:960] query hdmi sample_rate... format: IEC61937(0xd000000)
06-10 19:58:23.226 523 585 I audio_hw_hal_profile: [out_get_parameters:2165] sup_sampling_rates=8000|11025|16000|22050|24000|32000|44100|48000|128000|176400|192000
06-10 19:58:23.226 330 394 V MesonDisplayServer: GetDisplayMode:dummy_l
06-10 19:58:23.226 352 972 I SystemControl: [/Ubootenv.cpp, get, 345] [ubootenv] search end and not find env:framerate_priority
06-10 19:58:23.226 352 972 I SystemControl: [/Ubootenv.cpp, get, 336] [ubootenv] get key:hdmimode envValue: 2160p50hz
06-10 19:58:23.226 352 360 E SystemControl: [/DisplayMode.cpp, getHdmiDvCap, 1618] TV isn't support dolby vision: The Rx don't support DolbyVision
06-10 19:58:23.226 352 972 I SystemControl: [/Ubootenv.cpp, get, 336] [ubootenv] get key:is.bestmode envValue: false
06-10 19:58:23.226 352 360 I SystemControl: [/DisplayMode.cpp, onTxEvent, 3294] onTxEvent boot config enable do nothing, just return
06-10 19:58:23.226 330 394 I MesonDisplay: [/mode_policy.c, meson_mode_set_policy, 1177] connector:0 to policy:8
06-10 19:58:23.226 352 360 I SystemControl: [/UEventObserver.cpp, HDMITxUenventThreadLoop, 451] HDMI TX switch_name:hdmitx_audio, switch_state: 1
06-10 19:58:23.226 330 394 I MesonDisplay: [/mode_policy.c, is_dv_prefer, 66] not prefer dv, hdr_priority:10000010
06-10 19:58:23.226 330 394 I MesonDisplay: [/mode_policy.c, is_dv_prefer, 66] not prefer dv, hdr_priority:10000010
06-10 19:58:23.226 352 360 I SystemControl: [/DisplayMode.cpp, onTxEvent, 3267] onTxEvent switchName:hdmitx_audio hpdstate:1 state: 1
06-10 19:58:23.226 330 394 I MesonDisplay: [/mode_policy.c, hdr_scene_process, 721] Do not output 8bit hdr. Change to auto color space
06-10 19:58:23.226 330 394 I MesonDisplay: [/mode_policy.c, hdr_scene_process, 724] policy:8 is_bestcolorspace:1 state:1
06-10 19:58:23.226 330 394 I MesonDisplay: [/mode_policy_parser.c, is_support_hdmimode, 110] is_support_hdmimode mode: 2160p50hz
06-10 19:58:23.226 330 394 D MesonDisplay: meson_write /sys/class/amhdmitx/amhdmitx0/valid_mode, outputmode:2160p50hz420,10bit
06-10 19:58:23.226 352 360 I SystemControl: [/SysWrite.cpp, getKernelReleaseVersion, 701] getKernelReleaseVersion: 5.15
06-10 19:58:23.226 330 394 D MesonDisplay: valid mode is true!
06-10 19:58:23.226 330 394 I MesonDisplay: [/mode_policy.c, hdr_scene_process, 860] hdr_scene_process mode:[2160p50hz], color format:[420,10bit]
06-10 19:58:23.226 330 394 I MesonDisplay: [/mode_policy.c, meson_mode_get_policy_output, 1289] final_displaymode:2160p50hz, final_deepcolor:420,10bit, amdv_type:0
06-10 19:58:23.227 352 972 I SystemControl: [/Ubootenv.cpp, get, 336] [ubootenv] get key:hdr_preferred_policy envValue: 0
06-10 19:58:23.227 523 583 I audio_hw_hal_profile: [out_get_parameters:2092] out:0xf0ec2400 query channels. Format:IEC61937(0xd000000) ++++++++++ hal_format:PCM_16_BIT
06-10 19:58:23.227 523 583 D audio_hw_hal_profile: get_hdmi_sink_cap_new is running...
06-10 19:58:23.227 523 583 D audio_hw_hal_profile: [get_hdmi_sink_cap_new:887] query hdmi channels... format: IEC61937(0xd000000)
06-10 19:58:23.227 523 583 I audio_hw_hal_profile: [out_get_parameters:2165] sup_channels=AUDIO_CHANNEL_OUT_MONO|AUDIO_CHANNEL_OUT_STEREO|AUDIO_CHANNEL_OUT_TRI|AUDIO_CHANNEL_OUT_TRI_BACK|AUDIO_CHANNEL_OUT_3POINT1|AUDIO_CHANNEL_OUT_QUAD|AUDIO_CHANNEL_OUT_SURROUND|AUDIO_CHANNEL_OUT_PENTA|AUDIO_CHANNEL_OUT_5POINT1|AUDIO_CHANNEL_OUT_7POINT1
06-10 19:58:23.227 352 972 I SystemControl: [/Ubootenv.cpp, get, 336] [ubootenv] get key:frac_rate_policy envValue: 0
06-10 19:58:23.227 330 394 D MesonDisplayServer: use connector getDisplayAttribute "HDMI Color ATTR": "420,10bit"
06-10 19:58:23.227 330 394 D MesonDisplayServer: getDisplayAttribute "HDR Policy": "0"
06-10 19:58:23.228 330 394 D MesonDisplayServer: getDisplayAttribute "FORCE HDR Mode": "0"
06-10 19:58:23.228 330 394 D MesonDisplayServer: getDisplayAttribute "Dolby Vision Mode": "usage: echo mode > /sys/class/amdolby_vision/dv_mode AMDV_OUTPUT_MODE_BYPASS 0 AMDV_OUTPUT_MODE_IPT 1 AMDV_OUTPUT_MODE_IPT_TUNNEL 2 AMDV_OUTPUT_MODE_HDR10 3 AMDV_OUTPUT_MODE_SDR10 4 AMDV_OUTPUT_MODE_SDR8 5current dv_mode = off"
06-10 19:58:23.228 330 394 D MesonDisplayServer: getDisplayAttribute "Dolby Vision Policy": "0"
06-10 19:58:23.228 352 972 I SystemControl: [/Ubootenv.cpp, get, 345] [ubootenv] search end and not find env:hdr_force_mode
06-10 19:58:23.228 523 583 D audio_hw_hal_primary: [out_dump:848] io 413: out:0xf0ec2400, fd:22
06-10 19:58:23.228 352 972 I SystemControl: [/Ubootenv.cpp, get, 336] [ubootenv] get key:hdr_policy envValue: 0
06-10 19:58:23.228 352 360 I SystemControl: [/SystemControlHal.cpp, onEvent, 72] onEvent event:5, client size:5
06-10 19:58:23.228 330 394 E MesonHwc: dolby vision driver is not ready
06-10 19:58:23.228 330 394 D MesonDisplayServer: use connector getDisplayAttribute "HDR Priority": "268435472"
06-10 19:58:23.228 530 544 I SystemControlClient: notifyCallback event type:5
06-10 19:58:23.228 530 544 I SystemControlClient: notifyCallback: listener is NULL.
06-10 19:58:23.228 352 972 I SystemControl: [/Ubootenv.cpp, get, 336] [ubootenv] get key:hdr_priority envValue: 268435472
06-10 19:58:23.228 531 546 I SystemControlClient: notifyCallback event type:5
06-10 19:58:23.229 531 546 I SystemControlClient: notifyCallback: listener is NULL.
06-10 19:58:23.229 282 868 I SystemControlClient: notifyCallback event type:5
06-10 19:58:23.229 282 868 I SystemControlClient: notifyCallback: listener is NULL.
06-10 19:58:23.229 330 394 D MesonDisplayServer: getDisplayAttribute "Dolby Vision Enable": "N"
06-10 19:58:23.229 529 635 I SystemControlClient: notifyCallback event type:5
06-10 19:58:23.229 529 635 I SystemControlClient: notifyCallback: listener is NULL.
06-10 19:58:23.229 330 394 D MesonDisplayServer: getDisplayAttribute "Dolby Vision LL Policy": "0"
06-10 19:58:23.229 330 394 E MesonHwc: dolby vision driver is not ready
06-10 19:58:23.229 330 394 V MesonDisplayServer: GetDisplayMode:dummy_l
06-10 19:58:23.229 998 1141 I SystemControlEvent: system control callback event: 5
06-10 19:58:23.230 330 394 I MesonDisplay: [/HDCPTxAuth.cpp, stopVerAll, 344] hdcp_tx 2.2 & 1.4 stop hdcp pwr
06-10 19:58:23.230 559 4448 D AudioFlinger: ro.audio.silent is ignored since no output device is set
06-10 19:58:23.230 330 394 E MesonDisplay: open /sys/class/amhdmitx/amhdmitx0/hdcp_pwr fail. Error info [No such file or directory]
06-10 19:58:23.230 523 583 D audio_hw_hal_primary: [out_standby_new:5767] io 413: out:0xf0ec2400 usecase:PCM_HWSYNC
06-10 19:58:23.230 523 583 I audio_hw_hal_primary: already standby, do nothing
06-10 19:58:23.231 523 585 D audio_hw_hal_primary: [out_set_parameters:971] out:0xf0ec2400 kvpairs:closing=true;exiting=1 out->out_device:0x400, adev->out_device:0x80082
06-10 19:58:23.231 523 585 E audio_hw_hal_primary: out_set_parameters, ret:-2, hw_sync_mode:is false
06-10 19:58:23.231 559 4448 D AudioFlinger: ro.audio.silent is ignored since no output device is set
06-10 19:58:23.232 523 583 I audio_hw_hal_primary: [out_set_event_callback:3158] io 413: out:0xf0ec2400, callback:0xf30cd91d cookie:0xf36c11b0
06-10 19:58:23.232 523 585 I audio_hw_hal_primary: [adev_close_output_stream_new:8052] io handle 413: out:0xf0ec2400
06-10 19:58:23.232 523 585 D audio_hw_hal_primary: adev_close_output_stream_new: enter usecase = PCM_HWSYNC
06-10 19:58:23.232 523 585 D audio_hw_hal_timer: func:audio_timer_delete delete timer.1 success.
06-10 19:58:23.232 523 585 D audio_hw_hal_timer: func:audio_timer_delete delete timer.2 success.
06-10 19:58:23.232 523 585 D audio_hw_hal_primary: [adev_close_output_stream_new:8076] timer_id:1 ret:2
06-10 19:58:23.232 523 585 I audio_hw_hal_primary: [adev_close_output_stream:3695] io 413: out:0xf0ec2400 dev:OUT_HDMI(0x400) flags:0x41, usecase:PCM_HWSYNC
06-10 19:58:23.232 523 585 D audio_hw_hal_primary: [out_standby_new:5767] io 413: out:0xf0ec2400 usecase:PCM_HWSYNC
06-10 19:58:23.232 523 585 I audio_hw_hal_primary: already standby, do nothing
06-10 19:58:23.232 523 585 I audio_hw_hal_resourcemgr: [is_output_device_muted:710] device:0x2 port_mute:0, fade_mute:0
06-10 19:58:23.232 523 585 I audio_hw_hal_primary: [adev_close_output_stream:3863] io 413: out:0xf0ec2400 exit ------
06-10 19:58:23.233 559 1246 I AudioFlinger: openOutput() this 0xf1b43fd0, module 10 Device AUDIO_DEVICE_OUT_HDMI, @:, SamplingRate 8000, Format 0xd000000, Channels 0x1, flags 0x41
06-10 19:58:23.233 523 1422 D audio_hw_hal_primary: [adev_open_output_stream_new:7868] enter: dev=0xf0f82930 handle=1a5 devices=0x400/'HDMI,' flags=0x441/'DIRECT,HW_AV_SYNC,IEC958_NONAUDIO,' config=(rt=8000 ch_mask=0x1 fmt=0xd000000) address=''
06-10 19:58:23.233 523 1422 D audio_hw_hal_primary: adev_open_output_stream_new: enter
06-10 19:58:23.233 523 1422 I audio_hw_hal_primary: [adev_open_output_stream:3285] io 421: out:0xf0ec1cd0 dev:OUT_HDMI(0x400) addr:
06-10 19:58:23.233 523 1422 I audio_hw_hal_primary: [adev_open_output_stream:3287] ch_mask:0x1 rate:8000 format:IEC61937(0xd000000) flags:0x441
06-10 19:58:23.233 523 1422 D audio_hw_hal_primary: [adev_open_output_stream:3381] current format is IEC61937
06-10 19:58:23.233 523 1422 D audio_hw_hal_primary: [adev_open_output_stream:3573] format=IEC61937 rate=8000
06-10 19:58:23.233 523 1422 I audio_hw_hal_primary: [adev_open_output_stream:3610] result profile ch_mask:0x1 rate:8000 format:IEC61937(0xd000000) usecase:RAW_DIRECT
06-10 19:58:23.233 523 1422 I audio_hw_hal_utils: aml_get_stream_dump_file_name line 2929 file_name /data/vendor/audiohal/stream_pid523_tid1422.pcm
06-10 19:58:23.233 523 1422 I audio_hw_hal_primary: [adev_open_output_stream_new:8037] io 421: out: 0xf0ec1cd0 card:0 alsa devices:0 exit ------
06-10 19:58:23.235 523 4177 I audio_hw_hal_primary: [out_get_buffer_size:552] out:0xf0ec1cd0 config.rate=8000, format:IEC61937(0xd000000), stream format:IEC61937(0xd000000)
06-10 19:58:23.235 523 4177 I audio_hw_hal_primary: out_get_buffer_size AUDIO_FORMAT_IEC61937 buffer size = 4096 frames
06-10 19:58:23.235 559 1246 I AudioFlinger: HAL output buffer size 2048 frames, normal sink buffer size 2048 frames
06-10 19:58:23.235 523 4177 I audio_hw_hal_primary: [audiohal_get_latency:1333] io 421: out:0xf0ec1cd0 frames:1024 rate:8000 whole_latency:128 alsa_latency:128
06-10 19:58:23.235 523 4177 I audio_hw_hal_primary: [out_set_event_callback:3158] io 421: out:0xf0ec1cd0, callback:0xf30cd91d cookie:0xf36c0550
06-10 19:58:23.236 523 4177 I audio_hw_hal_primary: [audiohal_get_latency:1333] io 421: out:0xf0ec1cd0 frames:1024 rate:8000 whole_latency:128 alsa_latency:128
06-10 19:58:23.236 523 4177 I audio_hw_hal_primary: [audiohal_get_latency:1333] io 421: out:0xf0ec1cd0 frames:1024 rate:8000 whole_latency:128 alsa_latency:128
06-10 19:58:23.237 559 4450 I AudioFlinger: AudioFlinger's thread 0xebed8370 tid=4450 ready to run
06-10 19:58:23.239 559 4450 D AudioFlinger: ro.audio.silent is ignored since no output device is set
06-10 19:58:23.240 523 1422 D audio_hw_hal_primary: [out_standby_new:5767] io 421: out:0xf0ec1cd0 usecase:RAW_DIRECT
06-10 19:58:23.240 523 1422 I audio_hw_hal_primary: already standby, do nothing
06-10 19:58:23.231 1424 1424 I /apex/com.android.adbd/bin/adbd: type=1400 audit(0.0:1945): avc: denied { read write } for comm=75736220666673206F70656E name="ep0" dev="functionfs" ino=25678 scontext=u:r:su:s0 tcontext=u:object_r:functionfs:s0 tclass=file permissive=1
06-10 19:58:23.240 559 4450 D AudioFlinger: ro.audio.silent is ignored since no output device is set
06-10 19:58:23.241 559 4450 D AudioFlinger: ro.audio.silent is ignored since no output device is set
06-10 19:58:23.244 559 4450 D AudioFlinger: ro.audio.silent is ignored since no output device is set
06-10 19:58:23.244 559 4450 D AudioFlinger: ro.audio.silent is ignored since no output device is set
06-10 19:58:23.231 1424 1424 I /apex/com.android.adbd/bin/adbd: type=1400 audit(0.0:1946): avc: denied { open } for comm=75736220666673206F70656E path="/dev/usb-ffs/adb/ep0" dev="functionfs" ino=25678 scontext=u:r:su:s0 tcontext=u:object_r:functionfs:s0 tclass=file permissive=1
06-10 19:58:23.245 559 1246 I AudioFlinger: openOutput() this 0xf1b43fd0, module 10 Device AUDIO_DEVICE_OUT_HDMI, @:, SamplingRate 32000, Format 0x000001, Channels 0x1, flags 0x41
06-10 19:58:23.246 523 1422 D audio_hw_hal_primary: [adev_open_output_stream_new:7868] enter: dev=0xf0f82930 handle=1ad devices=0x400/'HDMI,' flags=0x41/'DIRECT,HW_AV_SYNC,' config=(rt=32000 ch_mask=0x1 fmt=0x1) address=''
06-10 19:58:23.246 523 1422 D audio_hw_hal_primary: adev_open_output_stream_new: enter
06-10 19:58:23.246 523 1422 I audio_hw_hal_primary: [adev_open_output_stream:3285] io 429: out:0xf0ec8170 dev:OUT_HDMI(0x400) addr:
