06-10 20:02:19.007 1828 4865 D XM_HIDREAD: [9 bytes]:01 00 00 51 00 00 00 00 00
06-10 20:02:19.015 2089 2089 I SogouIME: onKeyDown: keyoCode=20
06-10 20:02:19.015 2089 2089 I DefaultIMS: onKeyDown: keyoCode=20
06-10 20:02:19.130 1828 4865 D XM_HIDREAD: poll ret=1, event=1
06-10 20:02:19.131 1828 4865 D XM_HIDREAD: [9 bytes]:01 00 00 00 00 00 00 00 00
06-10 20:02:19.133 2089 2089 I SogouIME: onKeyUp: keyoCode=20
06-10 20:02:19.133 2089 2089 I DefaultIMS: onKeyUp: keyoCode=20
06-10 20:02:19.251 1513 1528 I DroidAudioManager.J: getService get IDroidAudio service success. ^_^
06-10 20:02:19.252 282 282 I DroidAudio: [registerClient:120] pid:1513, uid:1000
06-10 20:02:19.252 282 282 I DroidAudio: [registerClient:130] client:0xf148105c, uid:1000 pid:1513, client cout:2
06-10 20:02:19.252 1513 1513 I binder:1513_1: type=1400 audit(0.0:2038): avc: denied { open } for path="/dev/__properties__/u:object_r:vendor_default_prop:s0" dev="tmpfs" ino=415 scontext=u:r:system_app:s0 tcontext=u:object_r:vendor_default_prop:s0 tclass=file permissive=1
06-10 20:02:19.258 1513 1528 E ccc : cccccc led current is 100 标准
06-10 20:02:19.252 1513 1513 I binder:1513_1: type=1400 audit(0.0:2039): avc: denied { getattr } for path="/dev/__properties__/u:object_r:vendor_default_prop:s0" dev="tmpfs" ino=415 scontext=u:r:system_app:s0 tcontext=u:object_r:vendor_default_prop:s0 tclass=file permissive=1
06-10 20:02:19.258 1513 1528 E ccc : cccccc led current is null
06-10 20:02:19.252 1513 1513 I binder:1513_1: type=1400 audit(0.0:2040): avc: denied { map } for path="/dev/__properties__/u:object_r:vendor_default_prop:s0" dev="tmpfs" ino=415 scontext=u:r:system_app:s0 tcontext=u:object_r:vendor_default_prop:s0 tclass=file permissive=1
06-10 20:02:19.262 4776 4849 D BluetoothAdapterService: cancelDiscovery
06-10 20:02:19.262 4776 4804 I bt_btif_dm: packages/modules/Bluetooth/system/btif/src/btif_dm.cc:2470 btif_dm_cancel_discovery: Cancel search
06-10 20:02:19.262 4776 4804 I bluetooth: packages/modules/Bluetooth/system/bta/dm/bta_dm_main.cc:96 bta_dm_search_sm_execute: state:BTA_DM_SEARCH_IDLE, event:BTA_DM_API_SEARCH_CANCEL_EVT[0x201]
06-10 20:02:19.269 1513 1528 E ccc : cccccc led current is 100 标准
06-10 20:02:19.269 1513 1528 E ccc : cccccc led current is null
06-10 20:02:19.576 1424 1424 I /apex/com.android.adbd/bin/adbd: type=1400 audit(0.0:2041): avc: denied { dac_read_search } for comm=75736220666673206F70656E capability=2 scontext=u:r:su:s0 tcontext=u:r:su:s0 tclass=capability permissive=1
06-10 20:02:19.576 1424 1424 I /apex/com.android.adbd/bin/adbd: type=1400 audit(0.0:2042): avc: denied { dac_override } for comm=75736220666673206F70656E capability=1 scontext=u:r:su:s0 tcontext=u:r:su:s0 tclass=capability permissive=1
06-10 20:02:19.826 541 541 I WifiHAL : call wifi_get_link_stats handler
06-10 20:02:19.826 541 541 I WifiHAL : Creating message to get link statistics; iface = 16
06-10 20:02:19.826 541 541 D WifiHAL : error code -95 mapped to -3
06-10 20:02:19.827 740 916 E WifiStaIfaceAidlImpl: getLinkLayerStats failed with service-specific exception: android.os.ServiceSpecificException: (code 4)
06-10 20:02:19.884 1828 4865 D XM_HIDREAD: poll ret=1, event=1
06-10 20:02:19.884 1828 4865 D XM_HIDREAD: [9 bytes]:01 00 00 51 00 00 00 00 00
06-10 20:02:19.886 2089 2089 I SogouIME: onKeyDown: keyoCode=20
06-10 20:02:19.886 2089 2089 I DefaultIMS: onKeyDown: keyoCode=20
06-10 20:02:20.075 1828 4865 D XM_HIDREAD: poll ret=1, event=1
06-10 20:02:20.076 1828 4865 D XM_HIDREAD: [9 bytes]:01 00 00 00 00 00 00 00 00
06-10 20:02:20.078 2089 2089 I SogouIME: onKeyUp: keyoCode=20
06-10 20:02:20.078 2089 2089 I DefaultIMS: onKeyUp: keyoCode=20
06-10 20:02:21.054 1828 4865 D XM_HIDREAD: poll ret=1, event=1
06-10 20:02:21.054 1828 4865 D XM_HIDREAD: [9 bytes]:01 00 00 50 00 00 00 00 00
06-10 20:02:21.057 2089 2089 I SogouIME: onKeyDown: keyoCode=21
06-10 20:02:21.057 2089 2089 I DefaultIMS: onKeyDown: keyoCode=21
06-10 20:02:21.133 740 1503 E TaskPersister: File error accessing recents directory (directory doesn't exist?).
06-10 20:02:21.178 1828 4865 D XM_HIDREAD: poll ret=1, event=1
06-10 20:02:21.178 1828 4865 D XM_HIDREAD: [9 bytes]:01 00 00 00 00 00 00 00 00
06-10 20:02:21.181 2089 2089 I SogouIME: onKeyUp: keyoCode=21
06-10 20:02:21.181 2089 2089 I DefaultIMS: onKeyUp: keyoCode=21
06-10 20:02:21.194 740 1135 D WifiNl80211Manager: Scan result ready event
06-10 20:02:21.195 740 1135 D WifiNative: Scan result ready event
06-10 20:02:21.235 1550 1550 E hq : NetWorkStateReceiver:::NetWorkStateReceiver onReceive: 网络变化广播 >>>> intent.action=android.net.wifi.SCAN_RESULTS
06-10 20:02:21.236 4983 5036 E ccc : cccccc SCAN_RESULTS_AVAILABLE_ACTION hhhh
06-10 20:02:21.241 541 541 I WifiHAL : call wifi_get_link_stats handler
06-10 20:02:21.241 541 541 I WifiHAL : Creating message to get link statistics; iface = 16
06-10 20:02:21.241 541 541 D WifiHAL : error code -95 mapped to -3
06-10 20:02:21.241 740 916 E WifiStaIfaceAidlImpl: getLinkLayerStats failed with service-specific exception: android.os.ServiceSpecificException: (code 4)
06-10 20:02:21.257 1550 1550 W eventbuscore: post Event:com.dangbei.leard.base.entity.event.NetWifiRssiEvent
06-10 20:02:21.258 4983 5036 E ccc : cccccc result is not empty call back
06-10 20:02:21.258 4983 5036 E ccc : cccccc 666666666666666
06-10 20:02:21.275 4983 5036 E ccc : cccccc sort 4 48
06-10 20:02:21.594 1828 4865 D XM_HIDREAD: poll ret=1, event=1
06-10 20:02:21.594 1828 4865 D XM_HIDREAD: [9 bytes]:01 00 00 51 00 00 00 00 00
06-10 20:02:21.597 2089 2089 I SogouIME: onKeyDown: keyoCode=20
06-10 20:02:21.597 2089 2089 I DefaultIMS: onKeyDown: keyoCode=20
06-10 20:02:21.664 1424 1424 I /apex/com.android.adbd/bin/adbd: type=1400 audit(0.0:2043): avc: denied { write } for comm=75736220666673206F70656E name="property_service" dev="tmpfs" ino=449 scontext=u:r:su:s0 tcontext=u:object_r:property_socket:s0 tclass=sock_file permissive=1
06-10 20:02:21.718 1828 4865 D XM_HIDREAD: poll ret=1, event=1
06-10 20:02:21.718 1828 4865 D XM_HIDREAD: [9 bytes]:01 00 00 00 00 00 00 00 00
06-10 20:02:21.721 2089 2089 I SogouIME: onKeyUp: keyoCode=20
06-10 20:02:21.721 2089 2089 I DefaultIMS: onKeyUp: keyoCode=20
06-10 20:02:21.785 1828 4865 D XM_HIDREAD: poll ret=1, event=1
06-10 20:02:21.786 1828 4865 D XM_HIDREAD: [9 bytes]:01 00 00 51 00 00 00 00 00
06-10 20:02:21.787 2089 2089 I SogouIME: onKeyDown: keyoCode=20
06-10 20:02:21.787 2089 2089 I DefaultIMS: onKeyDown: keyoCode=20
06-10 20:02:21.910 1828 4865 D XM_HIDREAD: poll ret=1, event=1
06-10 20:02:21.910 1828 4865 D XM_HIDREAD: [9 bytes]:01 00 00 00 00 00 00 00 00
06-10 20:02:21.912 2089 2089 I SogouIME: onKeyUp: keyoCode=20
06-10 20:02:21.912 2089 2089 I DefaultIMS: onKeyUp: keyoCode=20
06-10 20:02:21.977 1828 4865 D XM_HIDREAD: poll ret=1, event=1
06-10 20:02:21.977 1828 4865 D XM_HIDREAD: [9 bytes]:01 00 00 51 00 00 00 00 00
06-10 20:02:21.980 2089 2089 I SogouIME: onKeyDown: keyoCode=20
06-10 20:02:21.980 2089 2089 I DefaultIMS: onKeyDown: keyoCode=20
06-10 20:02:22.101 1828 4865 D XM_HIDREAD: poll ret=1, event=1
06-10 20:02:22.101 1828 4865 D XM_HIDREAD: [9 bytes]:01 00 00 00 00 00 00 00 00
06-10 20:02:22.103 2089 2089 I SogouIME: onKeyUp: keyoCode=20
06-10 20:02:22.103 2089 2089 I DefaultIMS: onKeyUp: keyoCode=20
06-10 20:02:22.268 3060 3061 D uninstall: isAllowStart last_delay 0, current_time 1749556942
06-10 20:02:22.269 3060 3061 I uninstall: enable_service com.ktcp.video/com.tencent.qqlivetv.keeplive.proc.DaemonService com.ktcp.video/(null)
06-10 20:02:22.270 3060 3061 D uninstall: enable_service waitpid
06-10 20:02:22.270 5071 5071 D uninstall: enable_service pid == 0
06-10 20:02:22.270 5071 5071 D uninstall: enable_service version >= 17 || version == 0 version == 34
06-10 20:02:22.314 3060 3061 I uninstall: watchdaemon process_name = com.ktcp.video:daemon has gone, start it
06-10 20:02:22.315 3060 3061 D uninstall: watchdaemon waitpid
06-10 20:02:22.315 5076 5076 D uninstall: watchdaemon pid == 0
06-10 20:02:22.315 5076 5076 D uninstall: watchdaemon version >= 17 || version == 0 version == 34
06-10 20:02:22.562 1828 4865 D XM_HIDREAD: poll ret=1, event=1
06-10 20:02:22.562 1828 4865 D XM_HIDREAD: [9 bytes]:01 00 00 52 00 00 00 00 00
06-10 20:02:22.565 2089 2089 I SogouIME: onKeyDown: keyoCode=19
06-10 20:02:22.565 2089 2089 I DefaultIMS: onKeyDown: keyoCode=19
06-10 20:02:22.685 1828 4865 D XM_HIDREAD: poll ret=1, event=1
06-10 20:02:22.685 1828 4865 D XM_HIDREAD: [9 bytes]:01 00 00 00 00 00 00 00 00
06-10 20:02:22.687 2089 2089 I SogouIME: onKeyUp: keyoCode=19
06-10 20:02:22.687 2089 2089 I DefaultIMS: onKeyUp: keyoCode=19
06-10 20:02:22.833 541 541 I WifiHAL : call wifi_get_link_stats handler
06-10 20:02:22.833 541 541 I WifiHAL : Creating message to get link statistics; iface = 16
06-10 20:02:22.833 541 541 D WifiHAL : error code -95 mapped to -3
06-10 20:02:22.833 740 916 E WifiStaIfaceAidlImpl: getLinkLayerStats failed with service-specific exception: android.os.ServiceSpecificException: (code 4)
06-10 20:02:23.492 740 860 D OomAdjuster: Not killing cached processes
06-10 20:02:23.493 740 860 W ProcessStats: Tracking association SourceState{177183f com.ktcp.video:daemon/10078 Fgs #804} whose proc state 3 is better than process ProcessState{b77e520 com.ktcp.video/10078 pkg=com.ktcp.video} proc state 10 (2 skipped)
06-10 20:02:23.529 1513 1513 E ccc : cccccc 有设备 取消移除任务
06-10 20:02:24.969 1828 4865 D XM_HIDREAD: poll ret=1, event=1
06-10 20:02:24.969 1828 4865 D XM_HIDREAD: [9 bytes]:01 00 00 28 00 00 00 00 00
06-10 20:02:24.972 2089 2089 I SogouIME: onKeyDown: keyoCode=23
06-10 20:02:24.972 2089 2089 I DefaultIMS: onKeyDown: keyoCode=23
06-10 20:02:25.093 1828 4865 D XM_HIDREAD: poll ret=1, event=1
06-10 20:02:25.093 1828 4865 D XM_HIDREAD: [9 bytes]:01 00 00 00 00 00 00 00 00
06-10 20:02:25.095 2089 2089 I SogouIME: onKeyUp: keyoCode=23
06-10 20:02:25.095 2089 2089 I DefaultIMS: onKeyUp: keyoCode=23
06-10 20:02:25.108 4983 5026 E xxxxxxxxxxxxx: ====>DZOH5P8251918256
06-10 20:02:25.104 4983 4983 I RxCachedThreadS: type=1400 audit(0.0:2044): avc: denied { read } for name="u:object_r:serialno_prop:s0" dev="tmpfs" ino=361 scontext=u:r:system_app:s0 tcontext=u:object_r:serialno_prop:s0 tclass=file permissive=1
06-10 20:02:25.104 4983 4983 I RxCachedThreadS: type=1400 audit(0.0:2045): avc: denied { open } for path="/dev/__properties__/u:object_r:serialno_prop:s0" dev="tmpfs" ino=361 scontext=u:r:system_app:s0 tcontext=u:object_r:serialno_prop:s0 tclass=file permissive=1
06-10 20:02:25.104 4983 4983 I RxCachedThreadS: type=1400 audit(0.0:2046): avc: denied { getattr } for path="/dev/__properties__/u:object_r:serialno_prop:s0" dev="tmpfs" ino=361 scontext=u:r:system_app:s0 tcontext=u:object_r:serialno_prop:s0 tclass=file permissive=1
06-10 20:02:25.117 4983 5026 D getEthernetMacAddr: getEthernetMacAddr use eth0
06-10 20:02:25.104 4983 4983 I RxCachedThreadS: type=1400 audit(0.0:2047): avc: denied { map } for path="/dev/__properties__/u:object_r:serialno_prop:s0" dev="tmpfs" ino=361 scontext=u:r:system_app:s0 tcontext=u:object_r:serialno_prop:s0 tclass=file permissive=1
06-10 20:02:25.104 4983 4983 I RxCachedThreadS: type=1400 audit(0.0:2048): avc: denied { search } for name="net" dev="sysfs" ino=12344 scontext=u:r:system_app:s0 tcontext=u:object_r:sysfs_net:s0 tclass=dir permissive=1
06-10 20:02:25.104 4983 4983 I RxCachedThreadS: type=1400 audit(0.0:2049): avc: denied { read } for name="address" dev="sysfs" ino=22126 scontext=u:r:system_app:s0 tcontext=u:object_r:sysfs_net:s0 tclass=file permissive=1
06-10 20:02:25.104 4983 4983 I RxCachedThreadS: type=1400 audit(0.0:2050): avc: denied { open } for path="/sys/devices/virtual/net/dummy0/address" dev="sysfs" ino=22126 scontext=u:r:system_app:s0 tcontext=u:object_r:sysfs_net:s0 tclass=file permissive=1
06-10 20:02:25.104 4983 4983 I RxCachedThreadS: type=1400 audit(0.0:2051): avc: denied { getattr } for path="/sys/devices/virtual/net/dummy0/address" dev="sysfs" ino=22126 scontext=u:r:system_app:s0 tcontext=u:object_r:sysfs_net:s0 tclass=file permissive=1
06-10 20:02:25.838 541 541 I WifiHAL : call wifi_get_link_stats handler
06-10 20:02:25.838 541 541 I WifiHAL : Creating message to get link statistics; iface = 16
06-10 20:02:25.838 541 541 D WifiHAL : error code -95 mapped to -3
06-10 20:02:25.838 740 916 E WifiStaIfaceAidlImpl: getLinkLayerStats failed with service-specific exception: android.os.ServiceSpecificException: (code 4)
06-10 20:02:26.624 536 564 D hdmicecd: [CEC]:printCecMsgBuf, msg: 04 8f
06-10 20:02:26.625 740 740 D HDMI : [R]: 04:8F
06-10 20:02:26.616 1828 1828 I xm_hidread: type=1400 audit(0.0:2052): avc: denied { read } for scontext=u:r:init:s0 tcontext=u:r:init:s0 tclass=netlink_kobject_uevent_socket permissive=1
06-10 20:02:26.626 740 953 D HDMI : [S]: 40:90:00
06-10 20:02:26.620 4766 4766 I rainbow_flow: type=1400 audit(0.0:2053): avc: denied { ioctl } for path="/dev/spidev1.0" dev="tmpfs" ino=587 ioctlcmd=0x6b00 scontext=u:r:init:s0 tcontext=u:object_r:device:s0 tclass=chr_file permissive=1
06-10 20:02:26.882 536 536 D hdmicecd: [CEC]:printCecMessage, [4 -> 0] len: 2, body: 90 00, result:success
06-10 20:02:26.882 536 536 E IPCThreadState: binder thread pool (1 threads) starved for 256 ms
06-10 20:02:26.904 1424 1424 I /apex/com.android.adbd/bin/adbd: type=1400 audit(0.0:2054): avc: denied { connectto } for comm=75736220666673206F70656E path="/dev/socket/property_service" scontext=u:r:su:s0 tcontext=u:r:init:s0 tclass=unix_stream_socket permissive=1
06-10 20:02:26.938 1828 4865 D XM_HIDREAD: poll ret=1, event=1
06-10 20:02:26.938 1828 4865 D XM_HIDREAD: [3 bytes]:03 23 02
06-10 20:02:27.006 1828 4865 D XM_HIDREAD: poll ret=1, event=1
06-10 20:02:27.006 1828 4865 D XM_HIDREAD: [3 bytes]:03 00 00
06-10 20:02:27.008 740 805 D HdmiControlService: Process pid: 740 is calling oneTouchPlay.
06-10 20:02:27.009 740 740 D HDMI : oneTouchPlay com.android.server.hdmi.OneTouchPlayAction@5b3ed8
06-10 20:02:27.010 740 740 D HDMI : setActiveSource logical:0x04 physical:0x2000 OneTouchPlayAction#broadcastActiveSource()
06-10 20:02:27.010 740 953 D HDMI : [S]: 40:0D
06-10 20:02:27.010 536 536 D hdmicecd: [HdmiCecControl]:getPhysicalAddress, physical addr: 2000, last pa: 2000, ret = 0
06-10 20:02:27.011 536 1207 D hdmicecd: [HdmiCecControl]:getPhysicalAddress, physical addr: 2000, last pa: 2000, ret = 0
06-10 20:02:27.012 740 740 D HDMI : ActiveSourceHistoryRecord active source=(0x04, 0x2000) isActiveSource=true from=OneTouchPlayAction#broadcastActiveSource()
06-10 20:02:27.013 740 740 D HDMI : setActiveSource logical:0x04 physical:0x2000 ActiveSourceAction
06-10 20:02:27.013 536 1207 D hdmicecd: [HdmiCecControl]:getPhysicalAddress, physical addr: 2000, last pa: 2000, ret = 0
06-10 20:02:27.014 982 1132 D WindowManagerShell: TvPipMenuController: closeMenu()
06-10 20:02:27.014 982 1132 I WindowManagerShell: TvPipMenuController: switchToMenuMode: setting mCurrentMenuMode=MODE_NO_MENU, mPrevMenuMode=MODE_NO_MENU
06-10 20:02:27.015 536 536 D hdmicecd: [HdmiCecControl]:getPhysicalAddress, physical addr: 2000, last pa: 2000, ret = 0
06-10 20:02:27.015 740 740 D HDMI : ActiveSourceHistoryRecord active source=(0x04, 0x2000) isActiveSource=true from=ActiveSourceAction
06-10 20:02:27.016 982 982 I vol.VolumeDialogImpl: mDialog.dismiss() reason: volume_controller from: com.android.systemui.volume.VolumeDialogImpl$7.onDismissRequested:2350
06-10 20:02:27.016 740 740 D HdmiControlService: Switching to full volume behavior
06-10 20:02:27.018 1550 1550 E hq : HomeKeyReceiver:::onReceive android.intent.action.CLOSE_SYSTEM_DIALOGS
06-10 20:02:27.018 1550 1550 D HomeKeyReceiver: reason:-----------homekey
06-10 20:02:27.018 1550 1550 W eventbuscore: post Event:com.dangbei.leard.base.entity.event.HomeEvent
06-10 20:02:27.019 1550 1550 W eventbuscore: post Event:com.dangbei.leard.base.entity.event.SwitchLauncherPageEvent
06-10 20:02:27.019 740 740 D HdmiControlService: Switching to full volume behavior
06-10 20:02:27.020 740 805 E CellBroadcastUtils: getDefaultCellBroadcastReceiverPackageName: no package found
06-10 20:02:27.028 740 805 I ActivityTaskManager: START u0 {act=android.intent.action.MAIN cat=[android.intent.category.HOME] flg=0x10000100 cmp=com.dangbei.leard.leradlauncher/com.dangbei.launcher.home.LauncherActivity (has extras)} with LAUNCH_SINGLE_TASK from uid 0 (BAL_ALLOW_ALLOWLISTED_UID) result code=2
06-10 20:02:27.029 982 1132 V WindowManagerShell: Transition requested: android.os.BinderProxy@c64f146 TransitionRequestInfo { type = 1, triggerTask = TaskInfo{userId=0 taskId=84 displayId=0 isRunning=true baseIntent=Intent { act=android.intent.action.MAIN cat=[android.intent.category.HOME] flg=0x10800100 cmp=com.dangbei.leard.leradlauncher/com.dangbei.launcher.home.LauncherActivity } baseActivity=ComponentInfo{com.dangbei.leard.leradlauncher/com.dangbei.launcher.home.LauncherActivity} topActivity=ComponentInfo{com.dangbei.leard.leradlauncher/com.dangbei.launcher.home.LauncherActivity} origActivity=null realActivity=ComponentInfo{com.dangbei.leard.leradlauncher/com.dangbei.launcher.home.LauncherActivity} numActivities=1 lastActiveTime=429205 supportsMultiWindow=true resizeMode=0 isResizeable=false minWidth=-1 minHeight=-1 defaultMinSize=220 token=WCT{android.window.IWindowContainerToken$Stub$Proxy@aa23f07} topActivityType=2 pictureInPictureParams=null shouldDockBigOverlays=true launchIntoPipHostTaskId=-1 lastParentTaskIdBeforePip=-1 displayCutoutSafeInsets=null topActivityInfo=ActivityInfo{cb32834 com.dangbei.launcher.home.LauncherActivity} launchCookies=[] positionInParent=Point(0, 0) parentTaskId=-1 isFocused=true isVisible=true isVisibleRequested=true isSleeping=false topActivityInSizeCompat=false topActivityEligibleForLetterboxEducation= false isLetterboxDoubleTapEnabled= false topActivityEligibleForUserAspectRatioButton= false topActivityBoundsLetterboxed= false isFromLetterboxDoubleTap= false topActivityLetterboxVerticalPosition= -1 topActivityLetterboxHorizontalPosition= -1 topActivityLetterboxWidth=-1 topActivityLetterboxHeight=-1 isUserFullscreenOverrideEnabled=false isTopActivityTransparent=false locusId=null displayAreaFeatureId=1 cameraCompatControlState=hidden}, remoteTransition = null, displayChange = null, flags = 0 }
06-10 20:02:27.029 740 1136 E Transition: Trying to add a ready-group twice: Display{#0 state=ON size=1920x1080 ROTATION_0}
06-10 20:02:27.038 740 4192 V WindowManager: app ------------- force_land :0
06-10 20:02:27.040 1550 1550 I hq : 当小贝:::showMessage from=mActivityLifecycleCallbacks
06-10 20:02:27.040 1550 2383 I hq : 当小贝:::showMessage 没有消息需要显示
06-10 20:02:27.044 305 305 I BpBinder: onLastStrongRef automatically unlinking death recipients:
06-10 20:02:27.054 982 1132 V WindowManagerShell: onTransitionReady android.os.BinderProxy@c64f146: {id=10 t=OPEN f=0x0 trk=0 r=[0@Point(0, 0)] c=[{WCT{android.window.IWindowContainerToken$Stub$Proxy@87493a0} m=CHANGE f=MOVE_TO_TOP leash=Surface(name=Task=1)/@0xac0265d sb=Rect(0, 0 - 1920, 1080) eb=Rect(0, 0 - 1920, 1080) d=0},{WCT{android.window.IWindowContainerToken$Stub$Proxy@c5dcb59} m=CLOSE f=TRANSLUCENT leash=Surface(name=Task=85)/@0x86edbd2 sb=Rect(0, 0 - 1920, 1080) eb=Rect(0, 0 - 1920, 1080) d=0}]}
06-10 20:02:27.054 982 1132 V WindowManagerShell: Playing animation for (#10)android.os.BinderProxy@c64f146@0
06-10 20:02:27.054 982 1132 V WindowManagerShell: try handler com.android.wm.shell.keyguard.KeyguardTransitionHandler@78c49e2
06-10 20:02:27.054 982 1132 V WindowManagerShell: try handler com.android.wm.shell.pip.tv.TvPipTransition@c0a8173
06-10 20:02:27.054 982 1132 V WindowManagerShell: try handler com.android.wm.shell.activityembedding.ActivityEmbeddingController@5dc5830
06-10 20:02:27.055 982 1132 V WindowManagerShell: try handler com.android.wm.shell.transition.RemoteTransitionHandler@6d05ca9
06-10 20:02:27.055 982 1132 V WindowManagerShell: Transition doesn't have explicit remote, search filters for match for {id=10 t=OPEN f=0x0 trk=0 r=[0@Point(0, 0)] c=[{WCT{android.window.IWindowContainerToken$Stub$Proxy@87493a0} m=CHANGE f=MOVE_TO_TOP leash=Surface(name=Task=1)/@0xac0265d sb=Rect(0, 0 - 1920, 1080) eb=Rect(0, 0 - 1920, 1080) d=0},{WCT{android.window.IWindowContainerToken$Stub$Proxy@c5dcb59} m=CLOSE f=TRANSLUCENT leash=Surface(name=Task=85)/@0x86edbd2 sb=Rect(0, 0 - 1920, 1080) eb=Rect(0, 0 - 1920, 1080) d=0}]}
06-10 20:02:27.055 982 1132 V WindowManagerShell: Delegate animation for #10 to null
06-10 20:02:27.055 982 1132 V WindowManagerShell: try handler com.android.wm.shell.transition.DefaultTransitionHandler@6a9222e
06-10 20:02:27.055 982 1132 V WindowManagerShell: start default transition animation, info = {id=10 t=OPEN f=0x0 trk=0 r=[0@Point(0, 0)] c=[{WCT{android.window.IWindowContainerToken$Stub$Proxy@87493a0} m=CHANGE f=MOVE_TO_TOP leash=Surface(name=Task=1)/@0xac0265d sb=Rect(0, 0 - 1920, 1080) eb=Rect(0, 0 - 1920, 1080) d=0},{WCT{android.window.IWindowContainerToken$Stub$Proxy@c5dcb59} m=CLOSE f=TRANSLUCENT leash=Surface(name=Task=85)/@0x86edbd2 sb=Rect(0, 0 - 1920, 1080) eb=Rect(0, 0 - 1920, 1080) d=0}]}
06-10 20:02:27.058 1550 4728 D TrafficStats: tagSocket(5) with statsTag=0xffffffff, statsUid=-1
06-10 20:02:27.059 1550 4875 D TrafficStats: tagSocket(123) with statsTag=0xffffffff, statsUid=-1
06-10 20:02:27.060 982 1132 V WindowManagerShell: loadAnimation: anim=android.view.animation.AlphaAnimation@11f49cc animAttr=0x7 type=OPEN isEntrance=false
06-10 20:02:27.064 740 1135 I ImeTracker: com.dangbei.leard.leradlauncher:9fa24ccb: onRequestHide at ORIGIN_SERVER_HIDE_INPUT reason HIDE_ALWAYS_HIDDEN_STATE
06-10 20:02:27.065 740 1135 I ImeTracker: com.dangbei.leard.leradlauncher:9fa24ccb: onCancelled at PHASE_SERVER_SHOULD_HIDE
06-10 20:02:27.068 982 1132 V WindowManagerShell: animated by com.android.wm.shell.transition.DefaultTransitionHandler@6a9222e
06-10 20:02:27.070 2089 2089 I DefaultIMS: onStartInput attribute=android.view.inputmethod.EditorInfo@f547f25 restarting=false inputType: 0
06-10 20:02:27.070 740 804 V WindowManager: Sent Transition #10 createdAt=06-10 20:02:27.019 via request=TransitionRequestInfo { type = 1, triggerTask = TaskInfo{userId=0 taskId=84 displayId=0 isRunning=true baseIntent=Intent { act=android.intent.action.MAIN cat=[android.intent.category.HOME] flg=0x10800100 cmp=com.dangbei.leard.leradlauncher/com.dangbei.launcher.home.LauncherActivity } baseActivity=ComponentInfo{com.dangbei.leard.leradlauncher/com.dangbei.launcher.home.LauncherActivity} topActivity=ComponentInfo{com.dangbei.leard.leradlauncher/com.dangbei.launcher.home.LauncherActivity} origActivity=null realActivity=ComponentInfo{com.dangbei.leard.leradlauncher/com.dangbei.launcher.home.LauncherActivity} numActivities=1 lastActiveTime=429205 supportsMultiWindow=true resizeMode=0 isResizeable=false minWidth=-1 minHeight=-1 defaultMinSize=220 token=WCT{RemoteToken{c623ead Task{84d783c #84 type=home A=1000:com.dangbei.leard.leradlauncher}}} topActivityType=2 pictureInPictureParams=null shouldDockBigOverlays=true launchIntoPipHostTaskId=-1 lastParentTaskIdBeforePip=-1 displayCutoutSafeInsets=null topActivityInfo=ActivityInfo{39b8669 com.dangbei.launcher.home.LauncherActivity} launchCookies=[] positionInParent=Point(0, 0) parentTaskId=-1 isFocused=true isVisible=true isVisibleRequested=true isSleeping=false topActivityInSizeCompat=false topActivityEligibleForLetterboxEducation= false isLetterboxDoubleTapEnabled= false topActivityEligibleForUserAspectRatioButton= false topActivityBoundsLetterboxed= false isFromLetterboxDoubleTap= false topActivityLetterboxVerticalPosition= -1 topActivityLetterboxHorizontalPosition= -1 topActivityLetterboxWidth=-1 topActivityLetterboxHeight=-1 isUserFullscreenOverrideEnabled=false isTopActivityTransparent=false locusId=null displayAreaFeatureId=1 cameraCompatControlState=hidden}, remoteTransition = null, displayChange = null, flags = 0 }
06-10 20:02:27.071 740 804 V WindowManager: startWCT=WindowContainerTransaction { changes = {} hops = [] errorCallbackToken=null taskFragmentOrganizer=null }
06-10 20:02:27.071 740 804 V WindowManager: info={id=10 t=OPEN f=0x0 trk=0 r=[0@Point(0, 0)] c=[{WCT{RemoteToken{a3757a0 Task{336e227 #1 type=home}}} m=CHANGE f=MOVE_TO_TOP leash=Surface(name=Task=1)/@0xbe11a26 sb=Rect(0, 0 - 1920, 1080) eb=Rect(0, 0 - 1920, 1080) d=0},{WCT{RemoteToken{38fbc71 Task{56dc059 #85 type=standard A=1000:com.dangbei.haqusetting}}} m=CLOSE f=TRANSLUCENT leash=Surface(name=Task=85)/@0xa684f8a sb=Rect(0, 0 - 1920, 1080) eb=Rect(0, 0 - 1920, 1080) d=0}]}
06-10 20:02:27.080 1550 1902 D MobclickAgent: 延续上一个会话: 092F51DD7DD2E1B49F1EA58C16E3FA91
06-10 20:02:27.088 1550 1902 W SQLiteLog: (28) double-quoted string literal: "092F51DD7DD2E1B49F1EA58C16E3FA91"
06-10 20:02:27.088 1550 1902 W SQLiteLog: (28) double-quoted string literal: ""
06-10 20:02:27.089 1550 1902 W SQLiteLog: (28) double-quoted string literal: "092F51DD7DD2E1B49F1EA58C16E3FA91"
06-10 20:02:27.089 1550 1902 W SQLiteLog: (28) double-quoted string literal: "-1"
06-10 20:02:27.111 4776 4849 D BluetoothAdapterService: cancelDiscovery
06-10 20:02:27.111 4776 4804 I bt_btif_dm: packages/modules/Bluetooth/system/btif/src/btif_dm.cc:2470 btif_dm_cancel_discovery: Cancel search
06-10 20:02:27.112 4776 4804 I bluetooth: packages/modules/Bluetooth/system/bta/dm/bta_dm_main.cc:96 bta_dm_search_sm_execute: state:BTA_DM_SEARCH_IDLE, event:BTA_DM_API_SEARCH_CANCEL_EVT[0x201]
06-10 20:02:27.116 4983 4983 W WindowOnBackDispatcher: sendCancelIfRunning: isInProgress=falsecallback=android.view.ViewRootImpl$$ExternalSyntheticLambda17@796e0ac
06-10 20:02:27.116 740 1136 D CoreBackPreview: Window{70b6edf u0 com.dangbei.haqusetting/com.dangbei.haqusetting.ui.HomeActivity}: Setting back callback null
06-10 20:02:27.119 740 1136 W InputManager-JNI: Input channel object '70b6edf com.dangbei.haqusetting/com.dangbei.haqusetting.ui.HomeActivity (client)' was disposed without first being removed with the input manager!
06-10 20:02:27.123 740 805 W ContextImpl: Calling a method in the system process without a qualified user: android.app.ContextImpl.startService:1899 com.android.server.wm.DisplayPolicy.lambda$focusChangedLw$5:2126 com.android.server.wm.DisplayPolicy.$r8$lambda$Znxk63oh-WzVnzo_WQefN7uxV48:0 com.android.server.wm.DisplayPolicy$$ExternalSyntheticLambda13.run:0 android.os.Handler.handleCallback:958
06-10 20:02:27.128 1583 1583 D aaa : LedStatusService onStartCommand begin
06-10 20:02:27.130 1583 5103 D aaa : topPkg is -------------- :com.dangbei.leard.leradlauncher
06-10 20:02:27.131 1583 5103 D aaa : WiFi is connect
06-10 20:02:27.142 982 1132 D WindowManagerShell: TvPipController: onTaskStackChanged()
06-10 20:02:27.285 536 563 D hdmicecd: [CEC]:printCecMessage, [4 -> 0] len: 1, body: 0d, result:success
06-10 20:02:27.285 536 563 E IPCThreadState: binder thread pool (1 threads) starved for 275 ms
06-10 20:02:27.286 740 953 D HDMI : [S]: 4F:82:20:00
06-10 20:02:27.286 536 563 D hdmicecd: [HdmiCecControl]:updateActiveState sending messag:82 active state:1
06-10 20:02:27.418 536 563 D hdmicecd: [CEC]:printCecMessage, [4 -> f] len: 3, body: 82 20 00, result:success
06-10 20:02:27.418 536 563 E IPCThreadState: binder thread pool (1 threads) starved for 132 ms
06-10 20:02:27.419 740 953 D HDMI : [S]: 40:8E:00
06-10 20:02:27.473 740 1136 D AudioService: Volume controller visible: false
06-10 20:02:27.483 982 1132 V WindowManagerShell: Transition animation finished (aborted=false), notifying core (#10)android.os.BinderProxy@c64f146@0
06-10 20:02:27.486 740 804 V WindowManager: Finish Transition #10: created at
06-10 20:02:27.019 collect-started=0.073ms request-sent=8.306ms started=10.834ms ready=20.488ms sent=31.419ms finished=465.678ms
06-10 20:02:27.493 982 1132 V WindowManagerShell: Track 0 became idle
06-10 20:02:27.494 982 1132 V WindowManagerShell: All active transition animations finished
06-10 20:02:27.522 536 563 D hdmicecd: [CEC]:printCecMessage, [4 -> 0] len: 2, body: 8e 00, result:success
06-10 20:02:27.522 536 563 E IPCThreadState: binder thread pool (1 threads) starved for 103 ms
06-10 20:02:27.522 740 953 D HDMI : [S]: 45:70:20:00
06-10 20:02:27.577 536 563 D hdmicecd: [CEC]:printCecMessage, [4 -> 5] len: 3, body: 70 20 00, result:no ack
06-10 20:02:27.633 536 563 D hdmicecd: [CEC]:printCecMessage, [4 -> 5] len: 3, body: 70 20 00, result:no ack
06-10 20:02:27.634 740 953 E HDMI : [1]:Failed to send 45:70:20:00 with errorCode=1
06-10 20:02:27.634 740 953 D HDMI : [S]: 40:8F
06-10 20:02:27.713 536 563 D hdmicecd: [CEC]:printCecMessage, [4 -> 0] len: 1, body: 8f, result:success
06-10 20:02:27.820 536 564 D hdmicecd: [CEC]:printCecMsgBuf, msg: 04 90 00
06-10 20:02:27.820 536 564 D hdmicecd: [HdmiCecControl]:updateActiveState received tv power status 0
06-10 20:02:27.822 740 740 D HDMI : [R]: 04:90:00
06-10 20:02:27.822 740 740 D HDMI : One touch play is done for TV's power is ready
06-10 20:02:27.822 740 740 D HDMI : setActiveSource logical:0x04 physical:0x2000 ActiveSourceAction
06-10 20:02:27.823 740 953 D HDMI : [S]: 4F:82:20:00
06-10 20:02:27.823 536 563 D hdmicecd: [HdmiCecControl]:updateActiveState sending messag:82 active state:1
06-10 20:02:27.823 536 536 D hdmicecd: [HdmiCecControl]:getPhysicalAddress, physical addr: 2000, last pa: 2000, ret = 0
06-10 20:02:27.824 536 536 D hdmicecd: [HdmiCecControl]:getPhysicalAddress, physical addr: 2000, last pa: 2000, ret = 0
06-10 20:02:27.824 740 740 D HDMI : ActiveSourceHistoryRecord active source=(0x04, 0x2000) isActiveSource=true from=ActiveSourceAction
06-10 20:02:27.825 740 740 D HdmiControlService: Switching to full volume behavior
06-10 20:02:27.908 1424 1424 I adbd : type=1400 audit(0.0:2055): avc: denied { write } for path="socket:[35271]" dev="sockfs" ino=35271 scontext=u:r:su:s0 tcontext=u:r:adbd:s0 tclass=unix_stream_socket permissive=1
06-10 20:02:27.908 1424 1424 I adbd : type=1400 audit(0.0:2056): avc: denied { read } for path="socket:[35272]" dev="sockfs" ino=35272 scontext=u:r:su:s0 tcontext=u:r:adbd:s0 tclass=unix_stream_socket permissive=1
06-10 20:02:27.944 1424 1424 I /apex/com.android.adbd/bin/adbd: type=1400 audit(0.0:2057): avc: denied { read write } for comm=75736220666673206F70656E name="ep0" dev="functionfs" ino=25678 scontext=u:r:su:s0 tcontext=u:object_r:functionfs:s0 tclass=file permissive=1
06-10 20:02:27.944 1424 1424 I /apex/com.android.adbd/bin/adbd: type=1400 audit(0.0:2058): avc: denied { open } for comm=75736220666673206F70656E path="/dev/usb-ffs/adb/ep0" dev="functionfs" ino=25678 scontext=u:r:su:s0 tcontext=u:object_r:functionfs:s0 tclass=file permissive=1
06-10 20:02:27.954 536 563 D hdmicecd: [CEC]:printCecMessage, [4 -> f] len: 3, body: 82 20 00, result:success
06-10 20:02:27.954 536 563 E IPCThreadState: binder thread pool (1 threads) starved for 131 ms
06-10 20:02:27.955 740 953 D HDMI : [S]: 40:8E:00
06-10 20:02:28.058 536 563 D hdmicecd: [CEC]:printCecMessage, [4 -> 0] len: 2, body: 8e 00, result:success
06-10 20:02:28.058 536 563 E IPCThreadState: binder thread pool (1 threads) starved for 103 ms
06-10 20:02:28.311 1828 4865 D XM_HIDREAD: poll ret=1, event=1
06-10 20:02:28.311 1828 4865 D XM_HIDREAD: [9 bytes]:01 00 00 3F 00 00 00 00 00
06-10 20:02:28.313 2089 2089 I SogouIME: onKeyDown: keyoCode=319
06-10 20:02:28.313 2089 2089 I DefaultIMS: onKeyDown: keyoCode=319
06-10 20:02:28.314 1550 1550 E SecondScreen: FirstScreenLayoutView dispatchKeyEvent 319
06-10 20:02:28.435 1828 4865 D XM_HIDREAD: poll ret=1, event=1
06-10 20:02:28.435 1828 4865 D XM_HIDREAD: [9 bytes]:01 00 00 00 00 00 00 00 00
06-10 20:02:28.436 740 885 W ContextImpl: Calling a method in the system process without a qualified user: android.app.ContextImpl.sendBroadcast:1220 com.android.server.policy.PhoneWindowManager.interceptSystemKeysAndShortcuts:3687 com.android.server.policy.PhoneWindowManager.interceptKeyBeforeDispatching:3212 com.android.server.wm.InputManagerCallback.interceptKeyBeforeDispatching:183 com.android.server.input.InputManagerService.interceptKeyBeforeDispatching:2507
06-10 20:02:28.438 2089 2089 I SogouIME: onKeyUp: keyoCode=319
06-10 20:02:28.438 2089 2089 I DefaultIMS: onKeyUp: keyoCode=319
06-10 20:02:28.438 1550 1550 E hq : HomeKeyReceiver:::onReceive com.dangbei.specialkey
06-10 20:02:28.439 1550 1550 E SecondScreen: FirstScreenLayoutView dispatchKeyEvent 319
06-10 20:02:28.439 4983 4983 D EventBus: No subscribers registered for event class com.dangbei.haqusetting.model.bean.event.RootEvent
06-10 20:02:28.440 4983 4983 D EventBus: No subscribers registered for event class org.greenrobot.eventbus.NoSubscriberEvent
06-10 20:02:28.443 740 1136 W WindowManager: [addWindow] title:
06-10 20:02:28.462 1513 1513 E ccc : cccccc LifecycleFrameLayout onAttachedToWindow com.dangbei.etna.setting.ui.side.view.SideLayout{cd734ad V.E...... ......ID 0,0-1920,1080}
06-10 20:02:28.465 740 1136 D CoreBackPreview: Window{de499a1 u0 com.dangbei.lerad.etna.haqu}: Setting back callback OnBackInvokedCallbackInfo{mCallback=android.window.IOnBackInvokedCallback$Stub$Proxy@4ebf387, mPriority=0, mIsAnimationCallback=false}
06-10 20:02:28.511 740 853 I ImeTracker: com.dangbei.lerad.etna.haqu:5545599f: onRequestHide at ORIGIN_SERVER_HIDE_INPUT reason HIDE_UNSPECIFIED_WINDOW
06-10 20:02:28.511 740 853 I ImeTracker: com.dangbei.lerad.etna.haqu:5545599f: onCancelled at PHASE_SERVER_SHOULD_HIDE
06-10 20:02:28.513 2089 2089 I DefaultIMS: onStartInput attribute=android.view.inputmethod.EditorInfo@15598fa restarting=false inputType: 0
06-10 20:02:28.548 740 805 W ContextImpl: Calling a method in the system process without a qualified user: android.app.ContextImpl.startService:1899 com.android.server.wm.DisplayPolicy.lambda$focusChangedLw$5:2126 com.android.server.wm.DisplayPolicy.$r8$lambda$Znxk63oh-WzVnzo_WQefN7uxV48:0 com.android.server.wm.DisplayPolicy$$ExternalSyntheticLambda13.run:0 android.os.Handler.handleCallback:958
06-10 20:02:28.549 740 805 D OomAdjuster: Not killing cached processes
06-10 20:02:28.552 1583 1583 D aaa : LedStatusService onStartCommand begin
06-10 20:02:28.553 1583 5109 D aaa : topPkg is -------------- :com.dangbei.lerad.etna.haqu
06-10 20:02:28.843 541 541 I WifiHAL : call wifi_get_link_stats handler
06-10 20:02:28.843 541 541 I WifiHAL : Creating message to get link statistics; iface = 16
06-10 20:02:28.843 541 541 D WifiHAL : error code -95 mapped to -3
06-10 20:02:28.844 740 916 E WifiStaIfaceAidlImpl: getLinkLayerStats failed with service-specific exception: android.os.ServiceSpecificException: (code 4)
06-10 20:02:29.177 1828 4865 D XM_HIDREAD: poll ret=1, event=1
06-10 20:02:29.177 1828 4865 D XM_HIDREAD: [9 bytes]:01 00 00 28 00 00 00 00 00
06-10 20:02:29.179 2089 2089 I SogouIME: onKeyDown: keyoCode=23
06-10 20:02:29.180 2089 2089 I DefaultIMS: onKeyDown: keyoCode=23
06-10 20:02:29.302 1828 4865 D XM_HIDREAD: poll ret=1, event=1
06-10 20:02:29.302 1828 4865 D XM_HIDREAD: [9 bytes]:01 00 00 00 00 00 00 00 00
06-10 20:02:29.304 2089 2089 I SogouIME: onKeyUp: keyoCode=23
06-10 20:02:29.304 2089 2089 I DefaultIMS: onKeyUp: keyoCode=23
06-10 20:02:29.307 1513 2206 E ccc : cccccc SideHelper onMessage side_function_tag_pre_setting do
06-10 20:02:29.307 1513 2206 E ccc : cccccc doSetting uri is haqu://setting:8080/home
06-10 20:02:29.307 1513 2206 W ContextImpl: Calling a method in the system process without a qualified user: android.app.ContextImpl.startActivity:1102 android.content.ContextWrapper.startActivity:436 com.dangbei.etna.setting.function.side.SideHelper.doSetting:165 com.dangbei.etna.setting.function.side.SideHelper.onMessage:45 com.dangbei.etna.setting.ui.side.view.SideItemView$onClick$1$1.invokeSuspend:82
06-10 20:02:29.308 1513 2206 W ContextImpl: Calling a method in the system process without a qualified user: android.app.ContextImpl.startActivity:1114 android.app.ContextImpl.startActivity:1103 android.content.ContextWrapper.startActivity:436 com.dangbei.etna.setting.function.side.SideHelper.doSetting:165 com.dangbei.etna.setting.function.side.SideHelper.onMessage:45
06-10 20:02:29.312 740 853 E CellBroadcastUtils: getDefaultCellBroadcastReceiverPackageName: no package found
06-10 20:02:29.323 740 853 I ActivityTaskManager: START u0 {dat=haqu://setting:8080/... flg=0x10000000 pkg=com.dangbei.haqusetting cmp=com.dangbei.haqusetting/.ui.HomeActivity} with LAUNCH_MULTIPLE from uid 1000 (BAL_ALLOW_ALLOWLISTED_UID) result code=0
06-10 20:02:29.324 982 1132 V WindowManagerShell: Transition requested: android.os.BinderProxy@1dd36b8 TransitionRequestInfo { type = 1, triggerTask = TaskInfo{userId=0 taskId=86 displayId=0 isRunning=true baseIntent=Intent { dat=haqu://setting:8080/... flg=0x10000000 pkg=com.dangbei.haqusetting cmp=com.dangbei.haqusetting/.ui.HomeActivity } baseActivity=ComponentInfo{com.dangbei.haqusetting/com.dangbei.haqusetting.ui.HomeActivity} topActivity=ComponentInfo{com.dangbei.haqusetting/com.dangbei.haqusetting.ui.HomeActivity} origActivity=null realActivity=ComponentInfo{com.dangbei.haqusetting/com.dangbei.haqusetting.ui.HomeActivity} numActivities=1 lastActiveTime=441410 supportsMultiWindow=true resizeMode=1 isResizeable=true minWidth=-1 minHeight=-1 defaultMinSize=220 token=WCT{android.window.IWindowContainerToken$Stub$Proxy@c2c8c91} topActivityType=1 pictureInPictureParams=null shouldDockBigOverlays=true launchIntoPipHostTaskId=-1 lastParentTaskIdBeforePip=-1 displayCutoutSafeInsets=null topActivityInfo=ActivityInfo{af237f6 com.dangbei.haqusetting.ui.HomeActivity} launchCookies=[] positionInParent=Point(0, 0) parentTaskId=-1 isFocused=false isVisible=false isVisibleRequested=false isSleeping=false topActivityInSizeCompat=false topActivityEligibleForLetterboxEducation= false isLetterboxDoubleTapEnabled= false topActivityEligibleForUserAspectRatioButton= false topActivityBoundsLetterboxed= false isFromLetterboxDoubleTap= false topActivityLetterboxVerticalPosition= -1 topActivityLetterboxHorizontalPosition= -1 topActivityLetterboxWidth=-1 topActivityLetterboxHeight=-1 isUserFullscreenOverrideEnabled=false isTopActivityTransparent=true locusId=null displayAreaFeatureId=1 cameraCompatControlState=hidden}, remoteTransition = null, displayChange = null, flags = 0 }
06-10 20:02:29.329 1513 1513 W WindowOnBackDispatcher: sendCancelIfRunning: isInProgress=falsecallback=android.view.ViewRootImpl$$ExternalSyntheticLambda17@9988fa4
06-10 20:02:29.329 740 1932 V WindowManager: app ------------- force_land :0
06-10 20:02:29.330 1513 1513 E ccc : cccccc LifecycleFrameLayout onDetachedFromWindow
06-10 20:02:29.336 1550 4728 D TrafficStats: tagSocket(123) with statsTag=0xffffffff, statsUid=-1
06-10 20:02:29.336 740 1136 D CoreBackPreview: Window{de499a1 u0 com.dangbei.lerad.etna.haqu}: Setting back callback null
06-10 20:02:29.337 740 4192 W InputManager-JNI: Input channel object 'de499a1 com.dangbei.lerad.etna.haqu (client)' was disposed without first being removed with the input manager!
06-10 20:02:29.345 305 305 I BpBinder: onLastStrongRef automatically unlinking death recipients:
06-10 20:02:29.347 1550 1902 W SQLiteLog: (28) double-quoted string literal: "
06-10 20:02:29.347 1550 1902 W SQLiteLog: (28) double-quoted string literal: "092F51DD7DD2E1B49F1EA58C16E3FA91"
06-10 20:02:29.349 740 807 V WindowManager: Unknown focus tokens, dropping reportFocusChanged
06-10 20:02:29.380 1513 2002 E ccc : cccccc UpdateHelper onMessageReceived com.dangbei.haqusetting com.dangbei.etna.update {"action":"get","functionTag":"leaf_controller_function_controller_dangbei_update","value":0} com.dangbei.lerad.etna.aidl.IEtnaAidlCallback$Stub$Proxy@ea10210
06-10 20:02:29.380 1513 2002 E ccc : cccccc 缓存获取遥控器版本 DB-15B-H5-R0111
06-10 20:02:29.381 1513 1528 E ccc : cccccc 请求电量缓存 85
06-10 20:02:29.383 740 4192 W WindowManager: [addWindow] title:com.dangbei.haqusetting/com.dangbei.haqusetting.ui.HomeActivity
06-10 20:02:29.404 740 4192 D CoreBackPreview: Window{8d2cc77 u0 com.dangbei.haqusetting/com.dangbei.haqusetting.ui.HomeActivity}: Setting back callback OnBackInvokedCallbackInfo{mCallback=android.window.IOnBackInvokedCallback$Stub$Proxy@29f894d, mPriority=0, mIsAnimationCallback=false}
06-10 20:02:29.404 4983 4992 W bei.haqusetting: Cleared Reference was only reachable from finalizer (only reported once)
06-10 20:02:29.415 4983 5006 E OpenGLRenderer: Unable to match the desired swap behavior.
06-10 20:02:29.416 4983 4983 W RecyclerView: No adapter attached; skipping layout
06-10 20:02:29.434 982 1132 V WindowManagerShell: onTransitionReady android.os.BinderProxy@1dd36b8: {id=11 t=OPEN f=0x0 trk=0 r=[0@Point(0, 0)] c=[{WCT{android.window.IWindowContainerToken$Stub$Proxy@87c60cd} m=OPEN f=TRANSLUCENT leash=Surface(name=Task=86)/@0x472f7f7 sb=Rect(0, 0 - 1920, 1080) eb=Rect(0, 0 - 1920, 1080) d=0}]}
06-10 20:02:29.435 982 1132 V WindowManagerShell: Playing animation for (#11)android.os.BinderProxy@1dd36b8@0
06-10 20:02:29.435 982 1132 V WindowManagerShell: try handler com.android.wm.shell.keyguard.KeyguardTransitionHandler@78c49e2
06-10 20:02:29.435 982 1132 V WindowManagerShell: try handler com.android.wm.shell.pip.tv.TvPipTransition@c0a8173
06-10 20:02:29.435 982 1132 V WindowManagerShell: try handler com.android.wm.shell.activityembedding.ActivityEmbeddingController@5dc5830
06-10 20:02:29.435 982 1132 V WindowManagerShell: try handler com.android.wm.shell.transition.RemoteTransitionHandler@6d05ca9
06-10 20:02:29.435 982 1132 V WindowManagerShell: Transition doesn't have explicit remote, search filters for match for {id=11 t=OPEN f=0x0 trk=0 r=[0@Point(0, 0)] c=[{WCT{android.window.IWindowContainerToken$Stub$Proxy@87c60cd} m=OPEN f=TRANSLUCENT leash=Surface(name=Task=86)/@0x472f7f7 sb=Rect(0, 0 - 1920, 1080) eb=Rect(0, 0 - 1920, 1080) d=0}]}
06-10 20:02:29.435 982 1132 V WindowManagerShell: Delegate animation for #11 to null
06-10 20:02:29.435 982 1132 V WindowManagerShell: try handler com.android.wm.shell.transition.DefaultTransitionHandler@6a9222e
06-10 20:02:29.435 982 1132 V WindowManagerShell: start default transition animation, info = {id=11 t=OPEN f=0x0 trk=0 r=[0@Point(0, 0)] c=[{WCT{android.window.IWindowContainerToken$Stub$Proxy@87c60cd} m=OPEN f=TRANSLUCENT leash=Surface(name=Task=86)/@0x472f7f7 sb=Rect(0, 0 - 1920, 1080) eb=Rect(0, 0 - 1920, 1080) d=0}]}
06-10 20:02:29.436 982 1132 V WindowManagerShell: loadAnimation: anim=android.view.animation.AlphaAnimation@cd51c93 animAttr=0x4 type=OPEN isEntrance=true
06-10 20:02:29.437 982 1132 V WindowManagerShell: animated by com.android.wm.shell.transition.DefaultTransitionHandler@6a9222e
06-10 20:02:29.438 740 804 I ActivityTaskManager: Displayed com.dangbei.haqusetting/.ui.HomeActivity for user 0: +120ms
06-10 20:02:29.438 740 804 V WindowManager: Sent Transition #11 createdAt=06-10 20:02:29.311 via request=TransitionRequestInfo { type = 1, triggerTask = TaskInfo{userId=0 taskId=86 displayId=0 isRunning=true baseIntent=Intent { dat=haqu://setting:8080/... flg=0x10000000 pkg=com.dangbei.haqusetting cmp=com.dangbei.haqusetting/.ui.HomeActivity } baseActivity=ComponentInfo{com.dangbei.haqusetting/com.dangbei.haqusetting.ui.HomeActivity} topActivity=ComponentInfo{com.dangbei.haqusetting/com.dangbei.haqusetting.ui.HomeActivity} origActivity=null realActivity=ComponentInfo{com.dangbei.haqusetting/com.dangbei.haqusetting.ui.HomeActivity} numActivities=1 lastActiveTime=441410 supportsMultiWindow=true resizeMode=1 isResizeable=true minWidth=-1 minHeight=-1 defaultMinSize=220 token=WCT{RemoteToken{5e86d49 Task{d35cc7f #86 type=standard A=1000:com.dangbei.haqusetting}}} topActivityType=1 pictureInPictureParams=null shouldDockBigOverlays=true launchIntoPipHostTaskId=-1 lastParentTaskIdBeforePip=-1 displayCutoutSafeInsets=null topActivityInfo=ActivityInfo{4b8f64e com.dangbei.haqusetting.ui.HomeActivity} launchCookies=[] positionInParent=Point(0, 0) parentTaskId=-1 isFocused=false isVisible=false isVisibleRequested=false isSleeping=false topActivityInSizeCompat=false topActivityEligibleForLetterboxEducation= false isLetterboxDoubleTapEnabled= false topActivityEligibleForUserAspectRatioButton= false topActivityBoundsLetterboxed= false isFromLetterboxDoubleTap= false topActivityLetterboxVerticalPosition= -1 topActivityLetterboxHorizontalPosition= -1 topActivityLetterboxWidth=-1 topActivityLetterboxHeight=-1 isUserFullscreenOverrideEnabled=false isTopActivityTransparent=true locusId=null displayAreaFeatureId=1 cameraCompatControlState=hidden}, remoteTransition = null, displayChange = null, flags = 0 }
06-10 20:02:29.438 740 804 V WindowManager: startWCT=WindowContainerTransaction { changes = {} hops = [] errorCallbackToken=null taskFragmentOrganizer=null }
06-10 20:02:29.438 740 804 V WindowManager: info={id=11 t=OPEN f=0x0 trk=0 r=[0@Point(0, 0)] c=[{WCT{RemoteToken{5e86d49 Task{d35cc7f #86 type=standard A=1000:com.dangbei.haqusetting}}} m=OPEN f=TRANSLUCENT leash=Surface(name=Task=86)/@0x8511c02 sb=Rect(0, 0 - 1920, 1080) eb=Rect(0, 0 - 1920, 1080) d=0}]}
06-10 20:02:29.439 982 1132 D WindowManagerShell: TvPipController: onTaskStackChanged()
06-10 20:02:29.488 740 4192 I ImeTracker: com.dangbei.haqusetting:ae9dd5e0: onRequestHide at ORIGIN_SERVER_HIDE_INPUT reason HIDE_UNSPECIFIED_WINDOW
06-10 20:02:29.489 740 4192 I ImeTracker: com.dangbei.haqusetting:ae9dd5e0: onCancelled at PHASE_SERVER_SHOULD_HIDE
06-10 20:02:29.490 2089 2089 I DefaultIMS: onStartInput attribute=android.view.inputmethod.EditorInfo@fb46ddd restarting=false inputType: 0
06-10 20:02:29.512 740 805 W ContextImpl: Calling a method in the system process without a qualified user: android.app.ContextImpl.startService:1899 com.android.server.wm.DisplayPolicy.lambda$focusChangedLw$5:2126 com.android.server.wm.DisplayPolicy.$r8$lambda$Znxk63oh-WzVnzo_WQefN7uxV48:0 com.android.server.wm.DisplayPolicy$$ExternalSyntheticLambda13.run:0 android.os.Handler.handleCallback:958
06-10 20:02:29.515 1583 1583 D aaa : LedStatusService onStartCommand begin
06-10 20:02:29.516 1583 5121 D aaa : topPkg is -------------- :com.dangbei.haqusetting
06-10 20:02:29.704 1513 2002 E ccc : cccccc UpdateHelper onMessageReceived com.dangbei.haqusetting com.dangbei.etna.update {"action":"get","functionTag":"leaf_controller_function_controller_dangbei_update","value":0} com.dangbei.lerad.etna.aidl.IEtnaAidlCallback$Stub$Proxy@18ef109
06-10 20:02:29.704 1513 2002 E ccc : cccccc 缓存获取遥控器版本 DB-15B-H5-R0111
06-10 20:02:29.706 1513 1528 E ccc : cccccc 请求电量缓存 85
06-10 20:02:29.782 740 4192 D ConnectivityService: requestNetwork for uid/pid:1000/4983 activeRequest: null callbackRequest: 69 [NetworkRequest [ REQUEST id=70, [ Capabilities: INTERNET&NOT_RESTRICTED&TRUSTED&NOT_VCN_MANAGED Uid: 1000 RequestorUid: 1000 RequestorPkg: com.dangbei.haqusetting UnderlyingNetworks: Null] ]] callback flags: 0 order: 2147483647
06-10 20:02:29.787 740 916 D WifiNetworkFactory: got request NetworkRequest [ REQUEST id=70, [ Capabilities: INTERNET&NOT_RESTRICTED&TRUSTED&NOT_VCN_MANAGED Uid: 1000 RequestorUid: 1000 RequestorPkg: com.dangbei.haqusetting UnderlyingNetworks: Null] ]
06-10 20:02:29.788 740 916 D UntrustedWifiNetworkFactory: got request NetworkRequest [ REQUEST id=70, [ Capabilities: INTERNET&NOT_RESTRICTED&TRUSTED&NOT_VCN_MANAGED Uid: 1000 RequestorUid: 1000 RequestorPkg: com.dangbei.haqusetting UnderlyingNetworks: Null] ]
06-10 20:02:29.789 740 916 D OemPaidWifiNetworkFactory: got request NetworkRequest [ REQUEST id=70, [ Capabilities: INTERNET&NOT_RESTRICTED&TRUSTED&NOT_VCN_MANAGED Uid: 1000 RequestorUid: 1000 RequestorPkg: com.dangbei.haqusetting UnderlyingNetworks: Null] ]
06-10 20:02:29.789 740 916 D MultiInternetWifiNetworkFactory: got request NetworkRequest [ REQUEST id=70, [ Capabilities: INTERNET&NOT_RESTRICTED&TRUSTED&NOT_VCN_MANAGED Uid: 1000 RequestorUid: 1000 RequestorPkg: com.dangbei.haqusetting UnderlyingNetworks: Null] ]
06-10 20:02:29.789 740 924 D ConnectivityService: NetReassign [70 : null → 100] [c 1] [a 2] [i 3]
06-10 20:02:29.789 2089 2089 I DefaultIMS: onStartInput attribute=android.view.inputmethod.EditorInfo@d0f0ad9 restarting=false inputType: 0
06-10 20:02:29.843 982 1132 V WindowManagerShell: Transition animation finished (aborted=false), notifying core (#11)android.os.BinderProxy@1dd36b8@0
06-10 20:02:29.848 740 804 V WindowManager: Finish Transition #11: created at
06-10 20:02:29.311 collect-started=0.081ms request-sent=11.267ms started=15.905ms ready=20.866ms sent=121.883ms finished=535.858ms
06-10 20:02:29.849 982 1132 V WindowManagerShell: Track 0 became idle
06-10 20:02:29.850 982 1132 V WindowManagerShell: All active transition animations finished
06-10 20:02:29.950 1513 1528 E ccc : cccccc current is 4k (50 Hz)
06-10 20:02:29.956 1513 1528 E ccc : cccccc ColorFormatManager reset
06-10 20:02:29.957 330 389 D MesonDisplayServer: use connector getDisplayAttribute "HDR Priority": "268435472"
06-10 20:02:29.958 352 402 I SystemControl: [/DisplayMode.cpp, getCurrentHdrPriority, 2840] getCurrentHdrPriority is [0x10000010]
06-10 20:02:29.959 330 389 V MesonDisplayServer: GetDisplayMode:2160p50hz
06-10 20:02:29.960 330 389 D MesonDisplayServer: use connector getDisplayAttribute "HDR Priority": "268435472"
06-10 20:02:29.960 352 402 I SystemControl: [/DisplayMode.cpp, getCurrentHdrPriority, 2840] getCurrentHdrPriority is [0x10000010]
06-10 20:02:29.962 330 389 V MesonDisplayServer: GetDisplayMode:2160p50hz
06-10 20:02:29.962 330 389 D MesonDisplay: meson_write /sys/class/amhdmitx/amhdmitx0/valid_mode, outputmode:2160p50hz420,12bit
06-10 20:02:29.962 330 389 D MesonDisplay: valid mode is true!
06-10 20:02:29.962 330 389 D MesonDisplay: meson_write /sys/class/amhdmitx/amhdmitx0/valid_mode, outputmode:2160p50hz420,10bit
06-10 20:02:29.963 330 389 D MesonDisplay: valid mode is true!
06-10 20:02:29.963 330 389 D MesonDisplay: meson_write /sys/class/amhdmitx/amhdmitx0/valid_mode, outputmode:2160p50hz420,8bit
06-10 20:02:29.963 330 389 D MesonDisplay: valid mode is true!
06-10 20:02:29.963 330 389 D MesonDisplay: meson_write /sys/class/amhdmitx/amhdmitx0/valid_mode, outputmode:2160p50hz444,12bit
