06-10 20:00:09.452 3060 3061 I uninstall: enable_service com.ktcp.video/com.tencent.qqlivetv.keeplive.proc.DaemonService com.ktcp.video/(null)
06-10 20:00:09.454 4672 4672 D uninstall: enable_service pid == 0
06-10 20:00:09.454 3060 3061 D uninstall: enable_service waitpid
06-10 20:00:09.454 4672 4672 D uninstall: enable_service version >= 17 || version == 0 version == 34
06-10 20:00:09.499 3060 3061 I uninstall: watchdaemon process_name = com.ktcp.video:daemon has gone, start it
06-10 20:00:09.500 3060 3061 D uninstall: watchdaemon waitpid
06-10 20:00:09.500 4676 4676 D uninstall: watchdaemon pid == 0
06-10 20:00:09.500 4676 4676 D uninstall: watchdaemon version >= 17 || version == 0 version == 34
06-10 20:00:12.368 541 541 I WifiHAL : call wifi_get_link_stats handler
06-10 20:00:12.368 541 541 I WifiHAL : Creating message to get link statistics; iface = 16
06-10 20:00:12.368 541 541 D WifiHAL : error code -95 mapped to -3
06-10 20:00:12.369 740 916 E WifiStaIfaceAidlImpl: getLinkLayerStats failed with service-specific exception: android.os.ServiceSpecificException: (code 4)
06-10 20:00:12.866 523 698 I audio_hw_hal_alsamgr: alsa format =0x1 delay frames =768 total frames=13690880
06-10 20:00:15.373 541 541 I WifiHAL : call wifi_get_link_stats handler
06-10 20:00:15.373 541 541 I WifiHAL : Creating message to get link statistics; iface = 16
06-10 20:00:15.373 541 541 D WifiHAL : error code -95 mapped to -3
06-10 20:00:15.373 740 916 E WifiStaIfaceAidlImpl: getLinkLayerStats failed with service-specific exception: android.os.ServiceSpecificException: (code 4)
06-10 20:00:18.126 536 564 D hdmicecd: [CEC]:printCecMsgBuf, msg: 0f 82 00 00
06-10 20:00:18.127 536 564 D hdmicecd: [HdmiCecControl]:updateActiveState received messag:82 active state:0
06-10 20:00:18.128 740 740 D HDMI : [R]: 0F:82:00:00
06-10 20:00:18.128 740 740 D HDMI : setActiveSource logical:0x00 physical:0x0000 HdmiCecLocalDeviceSource#handleActiveSource()
06-10 20:00:18.129 536 536 D hdmicecd: [HdmiCecControl]:getPhysicalAddress, physical addr: 2000, last pa: 2000, ret = 0
06-10 20:00:18.129 740 740 D HDMI : ActiveSourceHistoryRecord active source=(0x00, 0x0000) isActiveSource=false from=HdmiCecLocalDeviceSource#handleActiveSource()
06-10 20:00:18.129 740 740 D HDMI : pauseActiveMediaSessions
06-10 20:00:18.130 740 740 D HDMI : onActiveSourceLost with mode:standby_now
06-10 20:00:18.130 740 740 I HDMI : Hdmi cec standby
06-10 20:00:18.130 740 740 I PowerGroup: Powering off display group due to hdmi (groupId= 0, uid= 1000, millisSinceLastUserActivity=172513, lastUserActivityEvent=button)...
06-10 20:00:18.130 740 740 I PowerManagerService: Going to sleep due to hdmi (uid 1000, screenOffTimeout=300000, activityTimeoutWM=-1, maxDimRatio=0.20000005, maxDimDur=7000)...
06-10 20:00:18.133 740 740 D HdmiControlService: Switching to full volume behavior
06-10 20:00:18.133 740 740 D WindowManager: updateCecScreenStatus 1
06-10 20:00:18.134 740 740 D HDMI : setCecSettingIntValue name:cec_screen_state, value:1
06-10 20:00:18.136 740 740 D OomAdjuster: Not killing cached processes
06-10 20:00:18.139 2089 2089 I DefaultIMS: onStartInput attribute=android.view.inputmethod.EditorInfo@edd0e39 restarting=false inputType: 0
06-10 20:00:18.145 740 740 W ProcessStats: Tracking association SourceState{177183f com.ktcp.video:daemon/10078 Fgs #690} whose proc state 3 is better than process ProcessState{b77e520 com.ktcp.video/10078 pkg=com.ktcp.video} proc state 10 (3 skipped)
06-10 20:00:18.146 740 740 I HDMI : screen state is changing to 1
06-10 20:00:18.146 740 740 D HDMI : onStandby action:0, current power:0 initiatedByCec:true
06-10 20:00:18.146 740 740 D HDMI : standby acquireWakeLock 0
06-10 20:00:18.146 740 740 D HDMI : standby releaseWakeLock
06-10 20:00:18.147 536 536 D hdmicecd: [HdmiCecControl]:getPhysicalAddress, physical addr: 2000, last pa: 2000, ret = 0
06-10 20:00:18.148 536 563 D hdmicecd: [HdmiCecControl]:getPhysicalAddress, physical addr: 2000, last pa: 2000, ret = 0
06-10 20:00:18.148 740 740 V HdmiControlService: On standby-action cleared:4
06-10 20:00:18.148 740 740 V HdmiControlService: onPendingActionsCleared
06-10 20:00:18.149 740 740 D HDMI : setActiveSource logical:0xffffffff physical:0xffff HdmiCecLocalDevicePlayback#onStandby()
06-10 20:00:18.149 536 563 D hdmicecd: [HdmiCecControl]:getPhysicalAddress, physical addr: 2000, last pa: 2000, ret = 0
06-10 20:00:18.150 740 740 D HDMI : ActiveSourceHistoryRecord active source=(invalid, invalid) isActiveSource=false from=HdmiCecLocalDevicePlayback#onStandby()
06-10 20:00:18.150 740 740 D HDMI : onStandby sendStandbyNoneActive:false, wasActiveSource:false
06-10 20:00:18.150 740 740 I HDMI : onStandby finally completed
06-10 20:00:18.150 740 740 D HDMI : enableSystemCecControl: false
06-10 20:00:18.164 536 563 D hdmicecd: [HdmiCecControl]:setOption, flag:0x3, value:0x0, ret:0, is_cec_controlled:0
06-10 20:00:18.164 740 740 D HdmiControlService: Switching to full volume behavior
06-10 20:00:18.164 740 953 D HDMI : standby releaseWakeLock
06-10 20:00:18.165 740 740 D HdmiControlService: Switching to full volume behavior
06-10 20:00:18.378 541 541 I WifiHAL : call wifi_get_link_stats handler
06-10 20:00:18.378 541 541 I WifiHAL : Creating message to get link statistics; iface = 16
06-10 20:00:18.378 541 541 D WifiHAL : error code -95 mapped to -3
06-10 20:00:18.379 740 916 E WifiStaIfaceAidlImpl: getLinkLayerStats failed with service-specific exception: android.os.ServiceSpecificException: (code 4)
06-10 20:00:18.576 740 832 I DisplayPowerController2[0]: Blocking screen off
06-10 20:00:18.576 740 832 I DisplayPowerController2[0]: Unblocked screen off after 1 ms
06-10 20:00:18.578 740 832 D ActivityTaskManager: Top Process State changed to PROCESS_STATE_TOP_SLEEPING
06-10 20:00:18.582 982 1132 V WindowManagerShell: Transition requested: android.os.BinderProxy@516149d TransitionRequestInfo { type = 12, triggerTask = null, remoteTransition = null, displayChange = null, flags = 0 }
06-10 20:00:18.582 740 804 V WindowManager: Sent Transition #7 createdAt=06-10 20:00:18.579 via request=TransitionRequestInfo { type = 12, triggerTask = null, remoteTransition = null, displayChange = null, flags = 0 }
06-10 20:00:18.582 740 804 V WindowManager: startWCT=null
06-10 20:00:18.582 740 804 V WindowManager: info={id=7 t=SLEEP f=0x0 trk=0 r=[] c=[]}
06-10 20:00:18.583 740 832 I DisplayBrightnessStrategySelector: Changing the DisplayBrightnessStrategy from InvalidBrightnessStrategy toScreenOffBrightnessStrategy for display 0
06-10 20:00:18.584 740 832 V DisplayPowerController2[0]: Brightness [0.0] reason changing to: 'screen_off', previous reason: 'manual'.
06-10 20:00:18.584 740 832 I DisplayPowerController2[0]: BrightnessEvent: disp=0, physDisp=local:4639170348389509643, brt=0.0, initBrt=0.39763778, rcmdBrt=NaN, preBrt=NaN, lux=0.0, preLux=0.0, hbmMax=1.0, hbmMode=off, rbcStrength=0, thrmMax=1.0, powerFactor=1.0, wasShortTermModelActive=false, flags=, reason=screen_off, autoBrightness=false, strategy=ScreenOffBrightnessStrategy
06-10 20:00:18.585 740 4193 W Transition: Transition already started id=7 state=2
06-10 20:00:18.587 305 305 D SurfaceFlinger: Setting power mode 0 on display 4639170348389509643
06-10 20:00:18.587 740 807 I DisplayDeviceRepository: Display device changed state: "内置屏幕", OFF
06-10 20:00:18.588 982 1132 V WindowManagerShell: onTransitionReady android.os.BinderProxy@516149d: {id=7 t=SLEEP f=0x0 trk=0 r=[] c=[]}
06-10 20:00:18.588 982 1132 V WindowManagerShell: No transition roots in (#7)android.os.BinderProxy@516149d@0 so abort
06-10 20:00:18.589 982 1132 V WindowManagerShell: Transition animation finished (aborted=true), notifying core (#7)android.os.BinderProxy@516149d@0
06-10 20:00:18.590 740 4193 W SurfaceControl: Invalid layer stack -1
06-10 20:00:18.590 740 4193 I DisplayDevice: [0] Layerstack set to -1 for local:4639170348389509643
06-10 20:00:18.593 740 807 I InputManager-JNI: Viewport [0] to add: local:4639170348389509643, isActive: false
06-10 20:00:18.593 740 804 V WindowManager: Finish Transition #7: created at
06-10 20:00:18.579 collect-started=0.086ms request-sent=0.343ms started=0.697ms ready=0.667ms sent=1.068ms finished=13.889ms
06-10 20:00:18.594 740 886 I InputReader: Reconfiguring input devices, changes=DISPLAY_INFO
06-10 20:00:18.598 982 1132 V WindowManagerShell: Track 0 became idle
06-10 20:00:18.598 982 1132 V WindowManagerShell: All active transition animations finished
06-10 20:00:18.601 1550 1902 W SQLiteLog: (28) double-quoted string literal: "
06-10 20:00:18.601 1550 1902 W SQLiteLog: (28) double-quoted string literal: "726F7AFE00C31CA70AFBEE1B4A6F1C37"
06-10 20:00:18.611 1550 4689 D TrafficStats: tagSocket(137) with statsTag=0xffffffff, statsUid=-1
06-10 20:00:18.614 352 972 I SystemControl: [/Ubootenv.cpp, get, 345] [ubootenv] search end and not find env:connector_type
06-10 20:00:18.614 330 422 E MesonHwc: dolby vision driver is not ready
06-10 20:00:18.615 330 422 E MesonHwc: dolby vision driver is not ready
06-10 20:00:18.615 330 422 D MesonHwc: ERR: PLEASE FIX NON-IMPLEMENT FUN(update).
06-10 20:00:18.615 352 972 I SystemControl: [/Ubootenv.cpp, get, 345] [ubootenv] search end and not find env:connector_type
06-10 20:00:18.616 330 422 E MesonHwc: FixedDisplayPipe::getConnectorCfg 15
06-10 20:00:18.616 330 422 E MesonHwc: read screen size 1220x690 from vinfo
06-10 20:00:18.616 330 422 E MesonHwc: dolby vision driver is not ready
06-10 20:00:18.617 352 972 I SystemControl: [/Ubootenv.cpp, get, 345] [ubootenv] search end and not find env:connector_type
06-10 20:00:18.617 330 422 E MesonHwc: FixedDisplayPipe::getConnectorCfg 15
06-10 20:00:18.617 330 422 D MesonHwc: ERR: PLEASE FIX NON-IMPLEMENT FUN(update).
06-10 20:00:18.618 330 422 E MesonHwc: read screen size 1220x690 from vinfo
06-10 20:00:18.618 330 422 E MesonHwc: dolby vision driver is not ready
06-10 20:00:18.619 330 422 E MesonHwc: Do Nothing in updateDisplayMode .
06-10 20:00:18.619 330 422 V MesonDisplayServer: GetDisplayMode:2160p50hz
06-10 20:00:18.690 982 1132 D WindowManagerShell: TvPipController: onTaskStackChanged()
06-10 20:00:18.720 330 422 D MesonDisplayServer: SetDisplay[CVBS] Mode to "dummy_l"
06-10 20:00:18.737 352 360 I SystemControl: [/UEventObserver.cpp, HDMITxUenventThreadLoop, 451] HDMI TX switch_name:hdmitx_current_status, switch_state: 32
06-10 20:00:18.775 330 422 D MesonComposer3: halEventcallback onHotplug client3.0
06-10 20:00:18.776 305 305 D SurfaceFlinger: Finished setting power mode 0 on display 4639170348389509643
06-10 20:00:18.777 740 964 D SurfaceControl: Excessive delay in setPowerMode()
06-10 20:00:18.777 531 531 I android.hardware.power-service.libperfmgr: Power setMode: INTERACTIVE to: 0
06-10 20:00:18.777 740 807 I DisplayDeviceRepository: Display device changed state: "内置屏幕", OFF
06-10 20:00:18.779 330 422 E MesonHwc: getPort 15
06-10 20:00:18.779 330 422 E MesonHwc: getPort 15
06-10 20:00:18.783 305 305 I SurfaceFlinger: Reconnecting display 4639170348389509643 (HAL ID 0)
06-10 20:00:18.783 740 832 I PowerGroup: Sleeping power group (groupId=0, uid=1000, reason=timeout)...
06-10 20:00:18.783 740 832 I PowerManagerService: Sleeping (uid 1000)...
06-10 20:00:18.785 330 422 E MesonComposer3: destroyLayer: display:0 failed to destroy layer:270
06-10 20:00:18.785 305 305 E HwcComposer: destroyLayer failed Status(-8, EX_SERVICE_SPECIFIC): '3: '
06-10 20:00:18.785 305 305 E HWC2 : destroyLayer(0, 270) failed: BadLayer (3)
06-10 20:00:18.786 305 305 E HwcComposer: setClientTargetSlotCount failed Status(-8, EX_SERVICE_SPECIFIC): '4: '
06-10 20:00:18.786 305 305 I FramebufferSurface: Framebuffer size has been limited to [1920x1080] from [3840x2160]
06-10 20:00:18.793 523 1422 I audio_hw_hal_primary: [adev_set_parameters:4123] dev:0xf0f82930, kv: screen_state=off
06-10 20:00:18.793 523 1422 D audio_hw_hal_hfp: [audio_extn_hfp_set_parameters:739] audio_extn_hfp_set_parameters
06-10 20:00:18.793 523 1422 E audio_route: unable to find path 'speaker_fadein'
06-10 20:00:18.793 523 1422 E audio_route: unable to find path 'speaker_fadeout'
06-10 20:00:18.793 523 1422 I audio_hw_hal_resourcemgr: [set_output_device_mute:690] device:0x2 mute:1 port_mute:1 using_fade:1
06-10 20:00:18.806 305 305 I Scheduler: Display 4639170348389509643 is the pacesetter
06-10 20:00:18.806 305 4472 E SchedulerTimer: Terminated
06-10 20:00:18.806 305 438 W EventThread: Failed dispatching Hotplug{displayId=4639170348389509643, connected} for Connection{0xf5e80890, VSyncRequest::None}
06-10 20:00:18.806 305 439 W EventThread: Failed dispatching Hotplug{displayId=4639170348389509643, connected} for Connection{0xf5e80c90, VSyncRequest::None}
06-10 20:00:18.806 305 305 D SurfaceFlinger: Setting power mode 2 on display 4639170348389509643
06-10 20:00:18.807 305 305 D SurfaceFlinger: Finished setting power mode 2 on display 4639170348389509643
06-10 20:00:18.810 740 807 D LocalDisplayAdapter: The active mode was changed from SurfaceFlinger or the display device to {id=60, width=3840, height=2160, fps=50.0, alternativeRefreshRates=[], supportedHdrTypes=[]}
06-10 20:00:18.811 740 807 D LocalDisplayAdapter: New display modes are added and the active mode has changed, use active mode as default mode.
06-10 20:00:18.811 740 807 W LocalDisplayAdapter: DisplayModeSpecs base mode no longer available, using currently active mode.
06-10 20:00:18.812 740 807 I DisplayDeviceRepository: Display device changed: DisplayDeviceInfo{"内置屏幕": uniqueId="local:4639170348389509643", 3840 x 2160, modeId 50, renderFrameRate 50.0, defaultModeId 50, supportedModes [{id=46, width=1920, height=1080, fps=59.94006, alternativeRefreshRates=[], supportedHdrTypes=[2]}, {id=47, width=1920, height=1080, fps=60.000004, alternativeRefreshRates=[], supportedHdrTypes=[2]}, {id=48, width=3840, height=2160, fps=59.94006, alternativeRefreshRates=[], supportedHdrTypes=[2]}, {id=49, width=3840, height=2160, fps=60.000004, alternativeRefreshRates=[], supportedHdrTypes=[2]}, {id=50, width=3840, height=2160, fps=50.0, alternativeRefreshRates=[], supportedHdrTypes=[2]}, {id=51, width=3840, height=2160, fps=29.97003, alternativeRefreshRates=[], supportedHdrTypes=[2]}, {id=52, width=3840, height=2160, fps=30.000002, alternativeRefreshRates=[], supportedHdrTypes=[2]}, {id=53, width=3840, height=2160, fps=25.0, alternativeRefreshRates=[], supportedHdrTypes=[2]}, {id=54, width=3840, height=2160, fps=23.976025, alternativeRefreshRates=[], supportedHdrTypes=[2]}, {id=55, width=3840, height=2160, fps=24.000002, alternativeRefreshRates=[], supportedHdrTypes=[2]}, {id=56, width=1920, height=1080, fps=50.0, alternativeRefreshRates=[], supportedHdrTypes=[2]}, {id=57, width=1280, height=720, fps=59.94006, alternativeRefreshRates=[], supportedHdrTypes=[2]}, {id=58, width=1280, height=720, fps=60.000004, alternativeRefreshRates=[], supportedHdrTypes=[2]}, {id=59, width=1280, height=720, fps=50.0, alternativeRefreshRates=[], supportedHdrTypes=[2]}], colorMode 0, supportedColorModes [0], hdrCapabilities HdrCapabilities{mSupportedHdrTypes=[2], mMaxLuminance=500.0, mMaxAverageLuminance=500.0, mMinLuminance=0.0}, allmSupported false, gameContentTypeSupported true, density 480, 79.947 x 79.513 dpi, appVsyncOff 2000000, presDeadline 17000000, touch INTERNAL, rotation 0, type INTERNAL, address {port=11, model=0x4061a4da3c482a}, deviceProductInfo DeviceProductInfo{name=Mi TV, manufacturerPnpId=XMD, productId=74, modelYear=null, manufactureDate=ManufactureDate{week=13, year=2019}, connectionToSinkType=2}, state OFF, committedState OFF, frameRateOverride , brightnessMinimum 0.0, brightnessMaximum 1.0, brightnessDefault 0.39763778, hdrSdrRatio NaN, FLAG_ALLOWED_TO_BE_DEFAULT_DISPLAY, FLAG_ROTATES_WITH_CONTENT, FLAG_SECURE, FLAG_SUPPORTS_PROTECTED_BUFFERS, FLAG_TRUSTED, installOrientation 0, displayShape DisplayShape{ spec=-545313861 displayWidth=3840 displayHeight=2160 physicalPixelDisplaySizeRatio=1.0 rotation=0 offsetX=0 offsetY=0 scale=1.0}}
06-10 20:00:18.816 740 740 I PowerManagerService: onFlip(): Face up.
06-10 20:00:18.818 740 808 W LocalDisplayAdapter: Ignoring request for invalid base mode id 50
06-10 20:00:18.820 740 807 I DisplayDeviceRepository: Display device changed: DisplayDeviceInfo{"内置屏幕": uniqueId="local:4639170348389509643", 3840 x 2160, modeId 60, renderFrameRate 50.0, defaultModeId 60, supportedModes [{id=60, width=3840, height=2160, fps=50.0, alternativeRefreshRates=[], supportedHdrTypes=[]}], colorMode 0, supportedColorModes [0], hdrCapabilities HdrCapabilities{mSupportedHdrTypes=[], mMaxLuminance=500.0, mMaxAverageLuminance=500.0, mMinLuminance=0.0}, allmSupported false, gameContentTypeSupported true, density 480, 79.947 x 79.513 dpi, appVsyncOff 2000000, presDeadline 17000000, touch INTERNAL, rotation 0, type INTERNAL, address {port=11, model=0x4061a4da3c482a}, deviceProductInfo DeviceProductInfo{name=Linux FHD, manufacturerPnpId=LNX, productId=0, modelYear=null, manufactureDate=ManufactureDate{week=5, year=2012}, connectionToSinkType=0}, state OFF, committedState OFF, frameRateOverride , brightnessMinimum 0.0, brightnessMaximum 1.0, brightnessDefault 0.39763778, hdrSdrRatio NaN, FLAG_ALLOWED_TO_BE_DEFAULT_DISPLAY, FLAG_ROTATES_WITH_CONTENT, FLAG_SECURE, FLAG_SUPPORTS_PROTECTED_BUFFERS, FLAG_TRUSTED, installOrientation 0, displayShape DisplayShape{ spec=-545313861 displayWidth=3840 displayHeight=2160 physicalPixelDisplaySizeRatio=1.0 rotation=0 offsetX=0 offsetY=0 scale=1.0}}
06-10 20:00:18.823 982 982 I vol.VolumeDialogImpl: mDialog.dismiss() reason: screen_off from: com.android.systemui.volume.VolumeDialogImpl$7.onScreenOff:2355
06-10 20:00:18.824 305 305 I RefreshRateSelector: Display 4639170348389509643 policy changed
06-10 20:00:18.824 305 305 I RefreshRateSelector: Previous: {defaultModeId=59, allowGroupSwitching=false, primaryRanges={physical=[0.00 Hz, 340282346638528859811704183484516925440.00 Hz], render=[0.00 Hz, 340282346638528859811704183484516925440.00 Hz]}, appRequestRanges={physical=[0.00 Hz, 340282346638528859811704183484516925440.00 Hz], render=[0.00 Hz, 340282346638528859811704183484516925440.00 Hz]}}
06-10 20:00:18.824 305 305 I RefreshRateSelector: Current: DisplayManagerPolicy{defaultModeId=59, allowGroupSwitching=false, primaryRanges={physical=[0.00 Hz, inf Hz], render=[0.00 Hz, 120.00 Hz]}, appRequestRanges={physical=[0.00 Hz, inf Hz], render=[0.00 Hz, inf Hz]}}
06-10 20:00:18.824 305 305 I RefreshRateSelector: 0 mode changes were performed under the previous policy
06-10 20:00:18.825 998 998 I AudioVideoDevReconnectService: onReceive:android.intent.action.SCREEN_OFF,mWaitForDisconnct:false
06-10 20:00:18.827 1583 1583 D aaa : aaa screen off
06-10 20:00:18.827 1550 1550 E hq : AdHelper:::StrReceiver onReceive=android.intent.action.SCREEN_OFF
06-10 20:00:18.827 1550 1550 W eventbuscore: post Event:com.dangbei.leard.base.entity.event.SwitchLauncherPageEvent
06-10 20:00:18.831 1550 1550 D OsInitLaunch: send: strOpen, null, null, null
06-10 20:00:18.831 1550 1550 E hq : AdHelper:::str 广告刷新
06-10 20:00:18.833 1550 1550 D dangbei ad sdk: AdSdk::current server =online
06-10 20:00:18.834 1550 1550 D FrameWorkHelper: strRestart:
06-10 20:00:18.836 352 360 I SystemControl: [/UEventObserver.cpp, HDMITxUenventThreadLoop, 451] HDMI TX switch_name:hdmitx_hdcppwr, switch_state: 0
06-10 20:00:18.836 352 360 E SystemControl: [/SysWrite.cpp, writeSys, 280] writeSysFs, open /sys/class/amhdmitx/amhdmitx0/hdcp_pwr fail.
06-10 20:00:18.836 352 360 I SystemControl: [/DisplayMode.cpp, onTxEvent, 3267] onTxEvent switchName:hdmitx_hdcppwr hpdstate:0 state: 1
06-10 20:00:18.836 1550 4689 D TrafficStats: tagSocket(83) with statsTag=0xffffffff, statsUid=-1
06-10 20:00:18.836 352 360 I SystemControl: [/SysWrite.cpp, getKernelReleaseVersion, 701] getKernelReleaseVersion: 5.15
06-10 20:00:18.838 531 548 W libperfmgr: Slow writing to file: '/sys/class/meson_pm/early_suspend_trigger' with value: '1' took: 60 ms
06-10 20:00:18.839 352 360 I SystemControl: [/Ubootenv.cpp, get, 336] [ubootenv] get key:hdmimode envValue: 2160p50hz
06-10 20:00:18.839 352 360 I SystemControl: [/Ubootenv.cpp, get, 336] [ubootenv] get key:is.bestmode envValue: false
06-10 20:00:18.839 352 360 I SystemControl: [/Ubootenv.cpp, get, 336] [ubootenv] get key:user_colorattribute envValue: rgb,8bit
06-10 20:00:18.839 352 360 I SystemControl: [/Ubootenv.cpp, get, 345] [ubootenv] search end and not find env:hdr_force_mode
06-10 20:00:18.839 352 360 I SystemControl: [/DisplayMode.cpp, gethdrforcemode, 2742] get hdr force mode is [2]
06-10 20:00:18.839 352 360 I SystemControl: [/Ubootenv.cpp, get, 336] [ubootenv] get key:hdr_policy envValue: 0
06-10 20:00:18.839 352 360 I SystemControl: [/DisplayMode.cpp, getHdrStrategy, 2758] getHdrStrategy is [0]
06-10 20:00:18.839 352 360 I SystemControl: [/Ubootenv.cpp, get, 336] [ubootenv] get key:hdr_priority envValue: 268435472
06-10 20:00:18.839 352 360 I SystemControl: [/DisplayMode.cpp, getHdrPriority, 2891] getHdrPriority is [0x10000010]
06-10 20:00:18.839 352 360 I SystemControl: [/DisplayMode.cpp, getCommonData, 1534] isbestcolorspace:0, isbestpolicy:0, hdr_policy:0, hdr_priority :268435472, hdr_force_mode:2
06-10 20:00:18.840 330 389 E MesonHwc: getCrtc by id(0) failed.
06-10 20:00:18.840 330 389 V MesonDisplayServer: GetDisplayMode:
06-10 20:00:18.840 352 360 I SystemControl: [/DisplayMode.cpp, getDisplayMode, 2331] getDisplayMode mode:
06-10 20:00:18.840 352 360 I SystemControl: [/Ubootenv.cpp, get, 336] [ubootenv] get key:hdmimode envValue: 2160p50hz
06-10 20:00:18.840 352 360 I SystemControl: [/Ubootenv.cpp, get, 336] [ubootenv] get key:cvbsmode envValue: 576cvbs
06-10 20:00:18.840 352 360 I SystemControl: [/DisplayMode.cpp, getCommonData, 1542] hdmi_current_mode:, ubootenv hdmimode:2160p50hz cvbsmode:576cvbs
06-10 20:00:18.841 330 389 E MesonHwc: getCrtc by id(0) failed.
06-10 20:00:18.841 330 389 D MesonDisplayServer: use connector getDisplayAttribute "HDMI Color ATTR": "420,10bit"
06-10 20:00:18.841 352 360 I SystemControl: [/Ubootenv.cpp, get, 336] [ubootenv] get key:user_colorattribute envValue: rgb,8bit
06-10 20:00:18.841 352 360 I SystemControl: [/DisplayMode.cpp, getCommonData, 1554] hdmi_current_attr:420,10bit, ubootenv_colorattribute:rgb,8bit
06-10 20:00:18.841 352 360 I SystemControl: [/Ubootenv.cpp, get, 345] [ubootenv] search end and not find env:dv_enable
06-10 20:00:18.841 352 360 I SystemControl: [/DisplayMode.cpp, getCommonData, 1567] dv_enable:0
06-10 20:00:18.841 352 360 I SystemControl: [/Ubootenv.cpp, get, 345] [ubootenv] search end and not find env:user_prefer_dv_type
06-10 20:00:18.841 352 360 I SystemControl: [/DisplayMode.cpp, getCommonData, 1578] ubootenv_dv_type:0
06-10 20:00:18.843 541 541 I WifiHAL : wifi_set_latency_mode set to 0
06-10 20:00:18.847 352 360 I SystemControl: [/DisplayMode.cpp, getHdmiData, 1721] display sink type:1 [0:none, 1:sink, 2:repeater]
06-10 20:00:18.847 352 360 I SystemControl: [/DisplayMode.cpp, filterHdmiDispcap, 1398] before filtered HdmiDispcap: 480p60hz
06-10 20:00:18.847 352 360 I SystemControl: 720p60hz
06-10 20:00:18.847 352 360 I SystemControl: 1080i60hz
06-10 20:00:18.847 352 360 I SystemControl: 480i60hz
06-10 20:00:18.847 352 360 I SystemControl: 1080p60hz
06-10 20:00:18.847 352 360 I SystemControl: 576p50hz
06-10 20:00:18.847 352 360 I SystemControl: 720p50hz
06-10 20:00:18.847 352 360 I SystemControl: 1080i50hz
06-10 20:00:18.847 352 360 I SystemControl: 576i50hz
06-10 20:00:18.847 352 360 I SystemControl: 1080p50hz
06-10 20:00:18.847 352 360 I SystemControl: 2160p24hz
06-10 20:00:18.847 352 360 I SystemControl: 2160p25hz
06-10 20:00:18.847 352 360 I SystemControl: 2160p30hz
06-10 20:00:18.847 352 360 I SystemControl: 2160p50hz
06-10 20:00:18.847 352 360 I SystemControl: 2160p60hz
06-10 20:00:18.847 352 360 I SystemControl: smpte24hz
06-10 20:00:18.847 352 360 I SystemControl: smpte25hz
06-10 20:00:18.847 352 360 I SystemControl: smpte30hz
06-10 20:00:18.847 352 360 I SystemControl: smpte50hz
06-10 20:00:18.847 352 360 I SystemControl: smpte60hz
06-10 20:00:18.847 352 360 I SystemControl:
06-10 20:00:18.847 998 998 D AudioVideoDevReconnectService: mBondAudioDevices add: A4:39:B3:64:F5:7A
06-10 20:00:18.849 2716 2716 I DaemonService: received ACTION_SCREEN_OFF-------
06-10 20:00:18.851 352 360 I SystemControl: [/DisplayMode.cpp, filterHdmiDispcap, 1427] after filtered HdmiDispcap: 480p60hz
06-10 20:00:18.851 352 360 I SystemControl: 720p60hz
06-10 20:00:18.851 352 360 I SystemControl: 1080i60hz
06-10 20:00:18.851 352 360 I SystemControl: 480i60hz
06-10 20:00:18.851 352 360 I SystemControl: 1080p60hz
06-10 20:00:18.851 352 360 I SystemControl: 576p50hz
06-10 20:00:18.851 352 360 I SystemControl: 720p50hz
06-10 20:00:18.851 352 360 I SystemControl: 1080i50hz
06-10 20:00:18.851 352 360 I SystemControl: 576i50hz
06-10 20:00:18.851 352 360 I SystemControl: 1080p50hz
06-10 20:00:18.851 352 360 I SystemControl: 2160p24hz
06-10 20:00:18.851 352 360 I SystemControl: 2160p25hz
06-10 20:00:18.851 352 360 I SystemControl: 2160p30hz
06-10 20:00:18.851 352 360 I SystemControl: 2160p50hz
06-10 20:00:18.851 352 360 I SystemControl: 2160p60hz
06-10 20:00:18.851 352 360 I SystemControl: smpte24hz
06-10 20:00:18.851 352 360 I SystemControl: smpte25hz
06-10 20:00:18.851 352 360 I SystemControl: smpte30hz
06-10 20:00:18.851 352 360 I SystemControl: smpte50hz
06-10 20:00:18.851 352 360 I SystemControl: smpte60hz
06-10 20:00:18.851 352 360 I SystemControl:
06-10 20:00:18.854 998 998 D CachedBluetoothDevice: Disconnect CachedBluetoothDevice{anonymizedAddress=XX:XX:XX:XX:F5:7A, name=小爱音箱-3073, groupId=-1, member=[]}
06-10 20:00:18.847 4699 4699 I init : type=1400 audit(0.0:1949): avc: denied { execute_no_trans } for path="/vendor/bin/led_switch.sh" dev="dm-20" ino=331701 scontext=u:r:init:s0 tcontext=u:object_r:vendor_file:s0 tclass=file permissive=1
06-10 20:00:18.856 4203 4273 I BluetoothAdapterService: disconnectAllEnabledProfiles: Disconnecting A2dp
06-10 20:00:18.856 330 389 E MesonHwc: getCrtc by id(0) failed.
06-10 20:00:18.856 4203 4273 D A2dpService: disconnect(): XX:XX:XX:XX:F5:7A
06-10 20:00:18.856 4203 4266 D A2dpStateMachine: handleMessage: E msg.what=2
06-10 20:00:18.856 4203 4266 D A2dpStateMachine: processMsg: Connected
06-10 20:00:18.856 4203 4266 D A2dpStateMachine: Connected process message(XX:XX:XX:XX:F5:7A): DISCONNECT
06-10 20:00:18.856 4203 4266 I A2dpStateMachine: Disconnecting from XX:XX:XX:XX:F5:7A
06-10 20:00:18.857 4203 4266 I BluetoothA2dpServiceJni: disconnectA2dpNative: sBluetoothA2dpInterface: 0xc74163c4
06-10 20:00:18.857 4203 4266 I btif_av : packages/modules/Bluetooth/system/btif/src/btif_av.cc:3089 src_disconnect_sink: src_disconnect_sink: Peer xx:xx:xx:xx:f5:7a
06-10 20:00:18.857 4203 4230 I bt_bta_av: packages/modules/Bluetooth/system/bta/av/bta_av_api.cc:178 BTA_AvClose: BTA_AvClose: bta_handle:0x41
06-10 20:00:18.857 4203 4230 I btif_av : packages/modules/Bluetooth/system/btif/src/btif_av.cc:2564 btif_report_connection_state: btif_report_connection_state: peer_address=xx:xx:xx:xx:f5:7a state=3
06-10 20:00:18.857 4203 4230 I bt_btif_a2dp_source: packages/modules/Bluetooth/system/btif/src/btif_a2dp_source.cc:793 btif_a2dp_source_set_tx_flush: btif_a2dp_source_set_tx_flush: enable=true state=STATE_RUNNING
06-10 20:00:18.857 4203 4230 I bt_bta_av: packages/modules/Bluetooth/system/bta/av/bta_av_ssm.cc:426 bta_av_better_stream_state_machine: peer xx:xx:xx:xx:f5:7a p_scb=0x41(0xf5ac3640) AV event=0x120a(API_CLOSE) state=3(OPEN) -> 5(CLOSING)
06-10 20:00:18.857 4203 4250 I BluetoothA2dpServiceJni: bta2dp_connection_state_callback
06-10 20:00:18.858 4203 4250 D A2dpNativeInterface: onConnectionStateChanged: A2dpStackEvent {type:EVENT_TYPE_CONNECTION_STATE_CHANGED, device:XX:XX:XX:XX:F5:7A, value1:DISCONNECTING}
06-10 20:00:18.859 4203 4266 D A2dpStateMachine: transitionTo: destState=Disconnecting
06-10 20:00:18.859 4203 4266 D A2dpStateMachine: handleMessage: new destination call exit/enter
06-10 20:00:18.859 4203 4266 D A2dpStateMachine: setupTempStateStackWithStatesToEnter: X mTempStateStackCount=1,curStateInfo: null
06-10 20:00:18.859 4203 4266 D A2dpStateMachine: invokeExitMethods: Connected
06-10 20:00:18.859 4203 4266 D A2dpStateMachine: Exit Connected(XX:XX:XX:XX:F5:7A): DISCONNECT
06-10 20:00:18.859 4203 4266 D A2dpStateMachine: moveTempStackToStateStack: i=0,j=0
06-10 20:00:18.859 4203 4266 D A2dpStateMachine: moveTempStackToStateStack: X mStateStackTop=0,startingIndex=0,Top=Disconnecting
06-10 20:00:18.859 4203 4266 D A2dpStateMachine: invokeEnterMethods: Disconnecting
06-10 20:00:18.859 4203 4266 I A2dpStateMachine: Enter Disconnecting(XX:XX:XX:XX:F5:7A): DISCONNECT
06-10 20:00:18.859 4203 4266 D A2dpStateMachine: Connection state XX:XX:XX:XX:F5:7A: CONNECTED->DISCONNECTING
06-10 20:00:18.859 4203 4266 I A2dpService: connectionStateChanged (XX:XX:XX:XX:F5:7A): 2 -> 3
06-10 20:00:18.860 4203 4230 E bt_btu_hcif: packages/modules/Bluetooth/system/stack/btu/btu_hcif.cc:182 btu_hcif_log_event_metrics: Unexpectedly received event_code:0x39 that should not be handled here
06-10 20:00:18.860 4203 4230 E bt_btu_hcif: packages/modules/Bluetooth/system/stack/btu/btu_hcif.cc:407 btu_hcif_process_event: Unexpectedly received event_code:0x39 that should not be handled here
06-10 20:00:18.864 740 740 D HDMI : receive android.intent.action.SCREEN_OFF
06-10 20:00:18.869 4203 4266 D A2dpStateMachine: handleMessage: X
06-10 20:00:18.869 4203 4266 D A2dpStateMachine: handleMessage: E msg.what=101
06-10 20:00:18.869 4203 4266 D A2dpStateMachine: processMsg: Disconnecting
06-10 20:00:18.869 4203 4266 D A2dpStateMachine: Disconnecting process message(XX:XX:XX:XX:F5:7A): STACK_EVENT
06-10 20:00:18.869 4203 4266 D A2dpStateMachine: Disconnecting: stack event: A2dpStackEvent {type:EVENT_TYPE_CONNECTION_STATE_CHANGED, device:XX:XX:XX:XX:F5:7A, value1:DISCONNECTING}
06-10 20:00:18.869 4203 4266 D A2dpStateMachine: handleMessage: X
06-10 20:00:18.872 330 389 D MesonDisplayServer: getDisplayAttribute "Dolby Vision CAP2": "The Rx don't support DolbyVision"
06-10 20:00:18.873 352 360 E SystemControl: [/DisplayMode.cpp, getHdmiDvCap, 1618] TV isn't support dolby vision: The Rx don't support DolbyVision
06-10 20:00:18.873 352 360 I SystemControl: [/DisplayMode.cpp, onTxEvent, 3294] onTxEvent boot config enable do nothing, just return
06-10 20:00:18.873 352 360 I SystemControl: [/UEventObserver.cpp, HDMITxUenventThreadLoop, 451] HDMI TX switch_name:hdmitx_audio, switch_state: 0
06-10 20:00:18.873 352 360 I SystemControl: [/DisplayMode.cpp, onTxEvent, 3267] onTxEvent switchName:hdmitx_audio hpdstate:0 state: 1
06-10 20:00:18.873 352 360 I SystemControl: [/SysWrite.cpp, getKernelReleaseVersion, 701] getKernelReleaseVersion: 5.15
06-10 20:00:18.873 352 360 I SystemControl: [/SystemControlHal.cpp, onEvent, 72] onEvent event:4, client size:5
06-10 20:00:18.874 998 998 D CachedBluetoothDevice: onProfileStateChanged: profile A2DP, device XX:XX:XX:XX:F5:7A, newProfileState 3
06-10 20:00:18.874 998 998 D BluetoothAdapter: getActiveDevices(profile= A2DP)
06-10 20:00:18.874 530 544 I SystemControlClient: notifyCallback event type:4
06-10 20:00:18.874 530 544 I SystemControlClient: notifyCallback: listener is NULL.
06-10 20:00:18.874 531 546 I SystemControlClient: notifyCallback event type:4
06-10 20:00:18.874 531 546 I SystemControlClient: notifyCallback: listener is NULL.
06-10 20:00:18.875 282 868 I SystemControlClient: notifyCallback event type:4
06-10 20:00:18.875 282 868 I SystemControlClient: notifyCallback: listener is NULL.
06-10 20:00:18.875 529 635 I SystemControlClient: notifyCallback event type:4
06-10 20:00:18.875 529 635 I SystemControlClient: notifyCallback: listener is NULL.
06-10 20:00:18.875 352 360 I SystemControl: [/UEventObserver.cpp, HDMITxUenventThreadLoop, 451] HDMI TX switch_name:hdmitx_current_status, switch_state: 33
06-10 20:00:18.876 998 1141 I SystemControlEvent: system control callback event: 4
06-10 20:00:18.876 4203 4273 I BluetoothAdapterService: getActiveDevices: A2dp device: XX:XX:XX:XX:F5:7A
06-10 20:00:18.877 998 998 D BluetoothAdapter: getActiveDevices(profile= HEADSET)
06-10 20:00:18.878 4203 4203 D AdapterProperties: PROFILE_CONNECTION_STATE_CHANGE: profile=2, device=XX:XX:XX:XX:F5:7A, 2 -> 3
06-10 20:00:18.878 4203 4273 I BluetoothAdapterService: getActiveDevices: Headset device: null
06-10 20:00:18.879 998 998 D BluetoothAdapter: getActiveDevices(profile= HEARING_AID)
06-10 20:00:18.879 4203 4254 D ActiveDeviceManager: handleA2dpDisconnected: XX:XX:XX:XX:F5:7A
06-10 20:00:18.879 4203 4254 D ActiveDeviceManager: setFallbackDeviceActive
06-10 20:00:18.880 4203 4203 I BluetoothPhonePolicy: processProfileStateChanged, device=XX:XX:XX:XX:F5:7A, profile=2, 2 -> 3
06-10 20:00:18.881 4203 4254 D ActiveDeviceManager: setA2dpActiveDevice(null) hasFallbackDevice=false
06-10 20:00:18.881 4203 4254 D A2dpService: updateAndBroadcastActiveDevice(null)
06-10 20:00:18.881 4203 4254 D AvrcpVolumeManager: volumeDeviceSwitched: mCurrentDevice=XX:XX:XX:XX:F5:7A device=null
06-10 20:00:18.881 4203 4273 I BluetoothAdapterService: getActiveDevices: Hearing Aid devices: Left[null] - Right[null]
06-10 20:00:18.883 740 740 D InstantWifi: mScreenOn is changed to false
06-10 20:00:18.871 352 352 I systemcontrol: type=1400 audit(0.0:1950): avc: denied { call } for scontext=u:r:system_control:s0 tcontext=u:r:hal_oemlock_default:s0 tclass=binder permissive=1
06-10 20:00:18.885 998 998 D CachedBluetoothDevice: onActiveDeviceChanged: profile A2DP, device XX:XX:XX:XX:C0:7D, isActive false
06-10 20:00:18.885 998 998 D CachedBluetoothDevice: onActiveDeviceChanged: profile A2DP, device XX:XX:XX:XX:F5:7A, isActive false
06-10 20:00:18.885 4203 4254 I BluetoothA2dpServiceJni: setActiveDeviceNative: sBluetoothA2dpInterface: 0xc74163c4
06-10 20:00:18.886 4203 4230 I bt_stack: [INFO:btif_av.cc(493)] bool BtifAvSource::SetActivePeer(const RawAddress &, std::promise): peer: 00:00:00:00:00:00
06-10 20:00:18.887 4203 4230 I bt_btif_a2dp_source: packages/modules/Bluetooth/system/btif/src/btif_a2dp_source.cc:458 btif_a2dp_source_end_session: btif_a2dp_source_end_session: peer_address=xx:xx:xx:xx:f5:7a state=STATE_RUNNING
06-10 20:00:18.887 4203 4230 I bt_btif_a2dp_source: packages/modules/Bluetooth/system/btif/src/btif_a2dp_source.cc:611 btif_a2dp_source_cleanup_codec: btif_a2dp_source_cleanup_codec: state=STATE_RUNNING
06-10 20:00:18.887 4203 4230 I bt_btif_a2dp_source: packages/modules/Bluetooth/system/btif/src/btif_a2dp_source.cc:634 btif_a2dp_source_stop_audio_req: btif_a2dp_source_stop_audio_req: state=STATE_RUNNING
06-10 20:00:18.887 4203 4230 I bt_btif_a2dp_source: packages/modules/Bluetooth/system/btif/src/btif_a2dp_source.cc:488 btif_a2dp_source_shutdown: btif_a2dp_source_shutdown: state=STATE_RUNNING
06-10 20:00:18.887 4203 4267 I bt_btif_a2dp_source: packages/modules/Bluetooth/system/btif/src/btif_a2dp_source.cc:470 btif_a2dp_source_end_session_delayed: btif_a2dp_source_end_session_delayed: peer_address=xx:xx:xx:xx:f5:7a state=STATE_RUNNING
06-10 20:00:18.887 4203 4267 I btif_av : packages/modules/Bluetooth/system/btif/src/btif_av.cc:3295 btif_av_stream_stop: btif_av_stream_stop peer xx:xx:xx:xx:f5:7a
06-10 20:00:18.887 523 540 I BTAudioProviderStub: endSession - SessionType=A2DP_SOFTWARE_ENCODING_DATAPATH
06-10 20:00:18.887 523 540 I BTAudioSessionAidl: OnSessionEnded - SessionType=A2DP_SOFTWARE_ENCODING_DATAPATH
06-10 20:00:18.887 523 540 I BTAudioSessionAidl: ReportSessionStatus - SessionType=A2DP_SOFTWARE_ENCODING_DATAPATH notify to bluetooth_audio=0x0100
06-10 20:00:18.887 523 540 I audio_hw_hal_bt: [SessionChangedHandler:315] session_type:A2DP_OUT, cookie=0x100, previous_state=STANDBY
06-10 20:00:18.887 523 540 I BpBinder: onLastStrongRef automatically unlinking death recipients: android.hardware.bluetooth.audio.IBluetoothAudioPort
06-10 20:00:18.888 4203 4267 I bt_btif_a2dp_source: packages/modules/Bluetooth/system/btif/src/btif_a2dp_source.cc:845 btif_a2dp_source_audio_tx_stop_event: btif_a2dp_source_audio_tx_stop_event: streaming false state=STATE_SHUTTING_DOWN
06-10 20:00:18.888 4203 4267 I bt_btif_a2dp_source: packages/modules/Bluetooth/system/btif/src/btif_a2dp_source.cc:619 btif_a2dp_source_cleanup_codec_delayed: btif_a2dp_source_cleanup_codec_delayed: state=STATE_SHUTTING_DOWN
06-10 20:00:18.888 541 541 I WifiHAL : call wifi_get_link_stats handler
06-10 20:00:18.888 541 541 I WifiHAL : Creating message to get link statistics; iface = 16
06-10 20:00:18.888 4203 4203 I BluetoothUtils: Dual mode enable state is: false
06-10 20:00:18.888 4203 4203 I BluetoothPhonePolicy: processActiveDeviceChanged, device=null, profile=2 isDualModeAudioEnabled=false
06-10 20:00:18.888 4203 4267 I bt_btif_a2dp_source: packages/modules/Bluetooth/system/btif/src/btif_a2dp_source.cc:505 btif_a2dp_source_shutdown_delayed: btif_a2dp_source_shutdown_delayed: state=STATE_SHUTTING_DOWN
06-10 20:00:18.888 4203 4267 I bt_stack: [INFO:client_interface_aidl.cc(396)] EndSession: session ended already
06-10 20:00:18.888 541 541 D WifiHAL : error code -95 mapped to -3
06-10 20:00:18.888 4203 4254 D ActiveDeviceManager: handleA2dpActiveDeviceChanged: null
06-10 20:00:18.889 523 540 I BTAudioProviderStub: binderUnlinkedCallbackAidl
06-10 20:00:18.889 740 916 E WifiStaIfaceAidlImpl: getLinkLayerStats failed with service-specific exception: android.os.ServiceSpecificException: (code 4)
06-10 20:00:18.890 1204 1204 I wpa_supplicant: wpa_driver_nl80211_driver_cmd: wifi vendor: aml_w2_s
06-10 20:00:18.890 1204 1204 I wpa_supplicant: wpa_driver_nl80211_driver_cmd: wlan0: private command: SETSUSPENDMODE 1
06-10 20:00:18.892 4203 4203 D AvrcpTargetJni: sendMediaUpdateNative
06-10 20:00:18.892 4203 4203 I bt_stack: [INFO:avrcp_service.cc(515)] virtual void bluetooth::avrcp::AvrcpService::SendMediaUpdate(bool, bool, bool) track_changed=0 : play_state=1 : queue=0
06-10 20:00:18.892 4203 4230 W bt_btif : packages/modules/Bluetooth/system/main/bte_logmsg.cc:108 LogMsg: IsPeerSilenced: peer is not connected
06-10 20:00:18.892 4203 4230 I bt_stack: [INFO:device.cc(1792)] xx:xx:xx:xx:f5:7a : HandlePlayPosUpdate
06-10 20:00:18.892 4203 4250 D AvrcpTargetJni: getCurrentPlayStatus
06-10 20:00:18.893 4203 4250 D AvrcpTargetJni: getCurrentPlayStatus
06-10 20:00:18.893 4203 4230 W bt_stack: [WARNING:device.cc(734)] xx:xx:xx:xx:f5:7a : xx:xx:xx:xx:f5:7a: No update to play position
06-10 20:00:18.895 740 740 I MR2ServiceImpl: removeProviderRoutes | provider: com.android.server.media/.SystemMediaRoute2Provider, routes: [A4:39:B3:64:F5:7A | 小爱音箱-3073]
06-10 20:00:18.899 740 934 I AS.AudioDeviceBroker: msg: onBluetoothActiveDeviceChange BtDeviceInfo: device=XX:XX:XX:XX:F5:7A state=0 prof=2 supprNoisy=false volume=-1 isLeOutput=false eventSource=AudioService audioSystemDevice=128 musicDevice=0
06-10 20:00:18.900 740 934 I AS.AudioDeviceInventory: NOISY: adding 0x80
06-10 20:00:18.900 982 1197 D CachedBluetoothDevice: onProfileStateChanged: profile A2DP, device XX:XX:XX:XX:F5:7A, newProfileState 3
06-10 20:00:18.900 740 934 I AS.AudioDeviceInventory: NOISY: adding 0x400
06-10 20:00:18.900 982 1197 D BluetoothAdapter: getActiveDevices(profile= A2DP)
06-10 20:00:18.901 740 934 I AS.AudioDeviceInventory: NOISY: musicDevice changing from NONE to 0x80
06-10 20:00:18.902 4203 4278 I BluetoothAdapterService: getActiveDevices: A2dp device: null
06-10 20:00:18.902 740 934 I AS.AudioDeviceInventory: not sending NOISY: device:0x80 musicDevice:0x80 inComm:false mediaPolicy:false singleDevice:false
06-10 20:00:18.902 740 934 I AS.AudioDeviceInventory: setBluetoothActiveDevice BtDeviceInfo: device=XX:XX:XX:XX:F5:7A state=0 prof=2 supprNoisy=false volume=-1 isLeOutput=false eventSource=AudioService audioSystemDevice=128 musicDevice=0 delay(ms): 0
06-10 20:00:18.903 982 1197 D BluetoothAdapter: getActiveDevices(profile= HEADSET)
06-10 20:00:18.871 352 352 I systemcontrol: type=1400 audit(0.0:1951): avc: denied { call } for scontext=u:r:system_control:s0 tcontext=u:r:hal_power_default:s0 tclass=binder permissive=1
06-10 20:00:18.905 4203 4278 I BluetoothAdapterService: getActiveDevices: Headset device: null
06-10 20:00:18.906 982 1197 D BluetoothAdapter: getActiveDevices(profile= HEARING_AID)
06-10 20:00:18.907 740 934 D BluetoothA2dp: getCodecStatus(XX:XX:XX:XX:F5:7A)
06-10 20:00:18.907 4203 4278 I BluetoothAdapterService: getActiveDevices: Hearing Aid devices: Left[null] - Right[null]
06-10 20:00:18.909 4203 4273 D A2dpService: getCodecStatus(XX:XX:XX:XX:F5:7A)
06-10 20:00:18.909 740 934 D AS.AudioDeviceInventory: onSetBtActiveDevice btDevice=XX:XX:XX:XX:F5:7A profile=A2DP state=STATE_DISCONNECTED
06-10 20:00:18.910 740 934 I AS.BtHelper: setAvrcpAbsoluteVolumeSupported supported=false
06-10 20:00:18.910 982 1197 D CachedBluetoothDevice: onActiveDeviceChanged: profile A2DP, device XX:XX:XX:XX:C0:7D, isActive false
06-10 20:00:18.910 982 1197 D CachedBluetoothDevice: onActiveDeviceChanged: profile A2DP, device XX:XX:XX:XX:F5:7A, isActive false
06-10 20:00:18.911 559 1246 I APM_AudioPolicyManager: [setDeviceConnectionState:256] curForceUse:NONE(0) disconnect_forceuse:BT_A2DP(4)
06-10 20:00:18.912 523 1422 I audio_hw_hal_primary: [adev_set_device_connected_state_v7:9037] disconnected address:A4:39:B3:64:F5:7A, num_descriptors:0, num_profiles:1
06-10 20:00:18.912 523 1422 I audio_hw_hal_primary: [set_device_connect_state:4044] state:0, dev:OUT_BLUETOOTH_A2DP(0x80), pre_out:0x80082, pre_in:0x4
06-10 20:00:18.912 523 4338 I audio_hw_hal_bt: [a2dp_out_monitor_thread:178] Exit the monitor---
06-10 20:00:18.912 523 1422 I audio_hw_hal_bt: [a2dp_out_close:245]
06-10 20:00:18.912 523 1422 I audio_hw_hal_bt: [Stop:514] session:A2DP_OUT, cookie:0x100, state:DISABLED done
06-10 20:00:18.912 523 1422 I audio_hw_hal_bt: [TearDown:247] session:A2DP_OUT, cookie=0x100
06-10 20:00:18.914 559 1246 W APM::AudioPolicyEngine/PFWWrapper: setDeviceConnectionState: unknown device address reported (A4:39:B3:64:F5:7A) for criterion AvailableOutputDevicesAddresses
06-10 20:00:18.918 559 1246 W APM::Devices: DeviceVector::remove device 00000080 not in
06-10 20:00:18.919 740 934 I AS.AudioDeviceInventory: A2DP device addr=A4:39:B3:64:F5:7A made unavailable
06-10 20:00:18.920 1550 4701 D TrafficStats: tagSocket(93) with statsTag=0xffffffff, statsUid=-1
06-10 20:00:18.921 523 583 D xm_audio: adev_get_parameters
06-10 20:00:18.871 352 352 I systemcontrol: type=1400 audit(0.0:1952): avc: denied { call } for scontext=u:r:system_control:s0 tcontext=u:r:mediacodec:s0 tclass=binder permissive=1
06-10 20:00:18.929 523 1422 D xm_audio: adev_get_parameters
06-10 20:00:18.935 523 1422 D xm_audio: adev_get_parameters
06-10 20:00:18.939 740 740 V MediaRouter: Selecting route: RouteInfo{ name=外部设备, description=null, status=null, category=RouteCategory{ name=系统 types=ROUTE_TYPE_LIVE_AUDIO ROUTE_TYPE_LIVE_VIDEO groupable=false }, supportedTypes=ROUTE_TYPE_LIVE_AUDIO ROUTE_TYPE_LIVE_VIDEO , presentationDisplay=null }
06-10 20:00:18.939 740 740 I MediaRouter: Skip setBluetoothA2dpOn(): types=8388615, isPlaybackActive()=false, BT route=null
06-10 20:00:18.939 740 740 V MediaRouter: Audio routes updated: AudioRoutesInfo{ type=HDMI }, a2dp=false
06-10 20:00:18.939 740 740 V MediaRouter: Selecting route: RouteInfo{ name=外部设备, description=null, status=null, category=RouteCategory{ name=系统 types=ROUTE_TYPE_LIVE_AUDIO ROUTE_TYPE_LIVE_VIDEO groupable=false }, supportedTypes=ROUTE_TYPE_LIVE_AUDIO ROUTE_TYPE_LIVE_VIDEO , presentationDisplay=null }
06-10 20:00:18.940 523 1422 D xm_audio: adev_get_parameters
06-10 20:00:18.943 523 1422 D xm_audio: adev_get_parameters
06-10 20:00:18.944 982 982 V MediaRouter: Selecting route: RouteInfo{ name=外部设备, description=null, status=null, category=RouteCategory{ name=系统 types=ROUTE_TYPE_LIVE_AUDIO ROUTE_TYPE_LIVE_VIDEO groupable=false }, supportedTypes=ROUTE_TYPE_LIVE_AUDIO ROUTE_TYPE_LIVE_VIDEO , presentationDisplay=null }
06-10 20:00:18.945 982 982 I MediaRouter: Skip setBluetoothA2dpOn(): types=8388615, isPlaybackActive()=false, BT route=null
06-10 20:00:18.946 982 982 V MediaRouter: Audio routes updated: AudioRoutesInfo{ type=HDMI }, a2dp=false
06-10 20:00:18.946 523 1422 D xm_audio: adev_get_parameters
06-10 20:00:18.946 982 982 V MediaRouter: Selecting route: RouteInfo{ name=外部设备, description=null, status=null, category=RouteCategory{ name=系统 types=ROUTE_TYPE_LIVE_AUDIO ROUTE_TYPE_LIVE_VIDEO groupable=false }, supportedTypes=ROUTE_TYPE_LIVE_AUDIO ROUTE_TYPE_LIVE_VIDEO , presentationDisplay=null }
06-10 20:00:18.907 4704 4704 I stop : type=1400 audit(0.0:1953): avc: denied { write } for name="property_service" dev="tmpfs" ino=449 scontext=u:r:vendor_toolbox:s0 tcontext=u:object_r:property_socket:s0 tclass=sock_file permissive=1
06-10 20:00:18.949 523 1422 D xm_audio: adev_get_parameters
06-10 20:00:18.951 523 1422 D xm_audio: adev_get_parameters
06-10 20:00:18.907 4704 4704 I stop : type=1400 audit(0.0:1954): avc: denied { connectto } for path="/dev/socket/property_service" scontext=u:r:vendor_toolbox:s0 tcontext=u:r:init:s0 tclass=unix_stream_socket permissive=1
06-10 20:00:18.956 523 1422 D xm_audio: adev_get_parameters
06-10 20:00:18.961 523 1422 D xm_audio: adev_get_parameters
06-10 20:00:18.963 523 1422 D xm_audio: adev_get_parameters
06-10 20:00:18.968 523 1422 D xm_audio: adev_get_parameters
06-10 20:00:18.969 523 1422 D xm_audio: adev_get_parameters
06-10 20:00:18.974 523 1422 D xm_audio: adev_get_parameters
06-10 20:00:18.975 523 1422 D xm_audio: adev_get_parameters
06-10 20:00:18.980 523 1422 D xm_audio: adev_get_parameters
06-10 20:00:18.985 523 1422 D xm_audio: adev_get_parameters
06-10 20:00:18.986 523 1422 D xm_audio: adev_get_parameters
06-10 20:00:18.991 523 1422 D xm_audio: adev_get_parameters
06-10 20:00:18.993 523 583 D xm_audio: adev_get_parameters
06-10 20:00:18.998 523 583 D xm_audio: adev_get_parameters
06-10 20:00:19.000 523 583 D xm_audio: adev_get_parameters
06-10 20:00:19.005 523 583 D xm_audio: adev_get_parameters
06-10 20:00:19.007 523 583 D xm_audio: adev_get_parameters
06-10 20:00:19.012 523 583 D xm_audio: adev_get_parameters
06-10 20:00:19.013 523 583 D xm_audio: adev_get_parameters
06-10 20:00:19.017 523 583 D xm_audio: adev_get_parameters
06-10 20:00:19.018 523 583 D xm_audio: adev_get_parameters
06-10 20:00:19.024 523 583 D xm_audio: adev_get_parameters
06-10 20:00:19.025 523 583 D xm_audio: adev_get_parameters
06-10 20:00:19.029 523 583 D xm_audio: adev_get_parameters
06-10 20:00:19.029 523 583 D xm_audio: adev_get_parameters
06-10 20:00:19.033 523 583 D xm_audio: adev_get_parameters
06-10 20:00:19.034 523 583 D xm_audio: adev_get_parameters
06-10 20:00:19.037 523 583 D xm_audio: adev_get_parameters
06-10 20:00:19.041 523 583 D xm_audio: adev_get_parameters
06-10 20:00:19.041 523 583 D xm_audio: adev_get_parameters
06-10 20:00:19.044 523 583 D xm_audio: adev_get_parameters
06-10 20:00:19.046 523 583 D xm_audio: adev_get_parameters
06-10 20:00:19.049 523 583 D xm_audio: adev_get_parameters
06-10 20:00:19.050 523 583 D xm_audio: adev_get_parameters
06-10 20:00:19.054 523 583 D xm_audio: adev_get_parameters
06-10 20:00:19.054 523 583 D xm_audio: adev_get_parameters
06-10 20:00:19.058 523 583 D xm_audio: adev_get_parameters
06-10 20:00:19.059 523 583 D xm_audio: adev_get_parameters
06-10 20:00:19.063 523 583 D xm_audio: adev_get_parameters
06-10 20:00:19.064 523 583 D xm_audio: adev_get_parameters
06-10 20:00:19.069 523 583 D xm_audio: adev_get_parameters
06-10 20:01:51.187 523 698 E audio_hw_hal_alsamgr: aml_alsa_output_get_delayframe:824, pcm_ioctl fail, ret:0xffffffff, error info:Streams pipe error
06-10 20:01:51.187 523 698 I audio_hw_hal_alsamgr: aml_alsa_output_write alsa_running_status[0xf0ec64b0] change from 1 to 0
06-10 20:01:51.187 523 698 E audio_hw_utils_tinyalsa: pcm oops: cannot write stream data: Streams pipe error
06-10 20:01:51.187 523 698 E audio_hw_hal_alsamgr: aml_alsa_output_write write failed,pcm handle 0xf32c0c40 err=cannot write stream data: Streams pipe error, stream 0xf0ec64b0, PCM_NORMAL
06-10 20:01:51.189 4203 4235 I bluetooth: packages/modules/Bluetooth/system/gd/hci/acl_manager.cc:177 dequeue_and_route_acl_packet_to_connection: Saving packet of size 10 to unknown connection 0xff
06-10 20:01:51.189 305 438 W EventThread: Faking VSYNC due to driver stall for thread app
06-10 20:01:51.189 4203 4234 I bt_osi_alarm: packages/modules/Bluetooth/system/osi/src/alarm.cc:540 reschedule_root_alarm: reschedule_root_alarm alarm expiration too close for posix timers, switching to guns
06-10 20:01:51.189 4203 4230 I bt_btm_pm: packages/modules/Bluetooth/system/stack/acl/btm_pm.cc:269 BTM_SetPowerMode: Setting power mode for peer:xx:xx:xx:xx:f5:7a current_mode:immediate:sniff[2] new_mode:forced:active[0]
06-10 20:01:51.189 4203 4230 I bt_btm_pm: packages/modules/Bluetooth/system/stack/acl/btm_pm.cc:570 btm_pm_snd_md_req: Switching from immediate:sniff[0x02] to immediate:active[0x00]
06-10 20:01:51.189 4203 4230 W l2c_csm : packages/modules/Bluetooth/system/stack/l2cap/l2c_csm.cc:1379 l2c_csm_open: Unable to set link policy active
06-10 20:01:51.189 4203 4230 I bt_btm_pm: packages/modules/Bluetooth/system/stack/acl/btm_pm.cc:256 BTM_SetPowerMode: Current power mode is hold or pending status or pending links state:immediate:sniff[2] pm_pending_link:51
06-10 20:01:51.190 4203 4230 I bt_bta_av: packages/modules/Bluetooth/system/bta/av/bta_av_main.cc:364 bta_av_conn_cback: bta_av_conn_cback: conn_cback bd_addr: xx:xx:xx:xx:f5:7a
06-10 20:01:51.190 4203 4230 E bluetooth: packages/modules/Bluetooth/system/stack/avdt/avdt_api.cc:962 AVDT_DisconnectReq: Unable to find AVDT stream endpoint peer:xx:xx:xx:xx:f5:7a
06-10 20:01:51.190 4203 4230 I bt_bta_av: packages/modules/Bluetooth/system/bta/av/bta_av_ssm.cc:426 bta_av_better_stream_state_machine: peer xx:xx:xx:xx:f5:7a p_scb=0x41(0xf5ac3640) AV event=0x1227(AVDT_DISCONNECT) state=5(CLOSING) -> 0(INIT)
