06-10 20:01:51.680 330 394 I MesonDisplay: [/HDCPTxAuth.cpp, stop, 137] hdcp_tx pthread exit id = 3951280576, (null) done
06-10 20:01:51.680 330 394 D MesonDisplayServer: SetDisplay[HDMI] Mode to "2160p50hz"
06-10 20:01:51.682 1550 1902 W SQLiteLog: (28) double-quoted string literal: "1749556818586"
06-10 20:01:51.682 1550 1902 W SQLiteLog: (28) double-quoted string literal: "0"
06-10 20:01:51.682 1550 1902 W SQLiteLog: (28) double-quoted string literal: ""
06-10 20:01:51.682 1550 1902 W SQLiteLog: (28) double-quoted string literal: ""
06-10 20:01:51.682 1550 1902 W SQLiteLog: (28) double-quoted string literal: "726F7AFE00C31CA70AFBEE1B4A6F1C37"
06-10 20:01:51.685 536 563 D hdmicecd: [CEC]:printCecMessage, [4 -> 4] len: 0, body:, result:no ack
06-10 20:01:51.692 4737 4737 D uninstall: enable_service pid == 0
06-10 20:01:51.692 4737 4737 D uninstall: enable_service version >= 17 || version == 0 version == 34
06-10 20:01:51.693 740 1940 I ImeTracker: com.dangbei.leard.leradlauncher:f083d45f: onRequestHide at ORIGIN_SERVER_HIDE_INPUT reason HIDE_SAME_WINDOW_FOCUSED_WITHOUT_EDITOR
06-10 20:01:51.694 740 1940 I ImeTracker: com.dangbei.leard.leradlauncher:f083d45f: onCancelled at PHASE_SERVER_SHOULD_HIDE
06-10 20:01:51.695 740 740 D HDMI : receive android.intent.action.SCREEN_ON
06-10 20:01:51.697 523 1422 D xm_audio: adev_get_parameters
06-10 20:01:51.698 2089 2089 I DefaultIMS: onStartInput attribute=android.view.inputmethod.EditorInfo@78a9c7e restarting=false inputType: 0
06-10 20:01:51.704 330 395 E MesonHwc: waitVBlank failed crtc[63]ret[-1]
06-10 20:01:51.704 330 395 E MesonHwc: wait for hw vsync error:-1
06-10 20:01:51.705 305 1004 W HWComposer: Ignoring duplicate VSYNC event from HWC for display 4639170348389509643 (t=305311187000)
06-10 20:01:51.707 523 1422 D xm_audio: adev_get_parameters
06-10 20:01:51.709 523 1422 D xm_audio: adev_get_parameters
06-10 20:01:51.717 523 1422 D xm_audio: adev_get_parameters
06-10 20:01:51.721 740 805 W ContextImpl: Calling a method in the system process without a qualified user: android.app.ContextImpl.startService:1899 com.android.server.wm.DisplayPolicy.lambda$focusChangedLw$5:2126 com.android.server.wm.DisplayPolicy.$r8$lambda$Znxk63oh-WzVnzo_WQefN7uxV48:0 com.android.server.wm.DisplayPolicy$$ExternalSyntheticLambda13.run:0 android.os.Handler.handleCallback:958
06-10 20:01:51.725 1583 1583 D aaa : LedStatusService onStartCommand begin
06-10 20:01:51.727 523 1422 D xm_audio: adev_get_parameters
06-10 20:01:51.732 1583 4742 D aaa : topPkg is -------------- :com.dangbei.leard.leradlauncher
06-10 20:01:51.734 523 1422 D xm_audio: adev_get_parameters
06-10 20:01:51.736 1583 4742 D aaa : WiFi is connect
06-10 20:01:51.736 523 1422 D xm_audio: adev_get_parameters
06-10 20:01:51.739 740 740 D InstantWifi: mScreenOn is changed to true
06-10 20:01:51.741 536 563 D hdmicecd: [CEC]:printCecMessage, [4 -> 4] len: 0, body:, result:no ack
06-10 20:01:51.741 740 953 D HDMI : New logical address for device [4]: [preferred:4, assigned:4]
06-10 20:01:51.744 523 4177 D xm_audio: adev_get_parameters
06-10 20:01:51.746 523 583 D xm_audio: adev_get_parameters
06-10 20:01:51.747 541 541 I WifiHAL : call wifi_get_link_stats handler
06-10 20:01:51.747 541 541 I WifiHAL : Creating message to get link statistics; iface = 16
06-10 20:01:51.747 541 541 D WifiHAL : error code -95 mapped to -3
06-10 20:01:51.748 740 916 E WifiStaIfaceAidlImpl: getLinkLayerStats failed with service-specific exception: android.os.ServiceSpecificException: (code 4)
06-10 20:01:51.749 541 541 I WifiHAL : call wifi_get_link_stats handler
06-10 20:01:51.749 541 541 I WifiHAL : Creating message to get link statistics; iface = 16
06-10 20:01:51.749 541 541 D WifiHAL : error code -95 mapped to -3
06-10 20:01:51.750 740 916 E WifiStaIfaceAidlImpl: getLinkLayerStats failed with service-specific exception: android.os.ServiceSpecificException: (code 4)
06-10 20:01:51.752 523 1422 D xm_audio: adev_get_parameters
06-10 20:01:51.754 523 4177 D xm_audio: adev_get_parameters
06-10 20:01:51.762 523 4177 D xm_audio: adev_get_parameters
06-10 20:01:51.763 523 4177 D xm_audio: adev_get_parameters
06-10 20:01:51.770 523 4177 D xm_audio: adev_get_parameters
06-10 20:01:51.772 523 4177 D xm_audio: adev_get_parameters
06-10 20:01:51.779 523 4177 D xm_audio: adev_get_parameters
06-10 20:01:51.780 1550 1902 E d.leradlauncher: Invalid resource ID 0x00000000.
06-10 20:01:51.780 523 4177 D xm_audio: adev_get_parameters
06-10 20:01:51.786 1204 1204 I wpa_supplicant: wpa_driver_nl80211_driver_cmd: wifi vendor: aml_w2_s
06-10 20:01:51.786 1204 1204 I wpa_supplicant: wpa_driver_nl80211_driver_cmd: wlan0: private command: SETSUSPENDMODE 0
06-10 20:01:51.789 523 583 D xm_audio: adev_get_parameters
06-10 20:01:51.791 523 583 D xm_audio: adev_get_parameters
06-10 20:01:51.791 740 943 D InstantWifi: Receive Wifi is connected, freq = 5180 and currentNetworkId : 0, wifiinfo = SSID: , BSSID: 02:00:00:00:00:00, MAC: 02:00:00:00:00:00, IP: /192.168.3.107, Security type: 2, Supplicant state: COMPLETED, Wi-Fi standard: 6, RSSI: -46, Link speed: 1200Mbps, Tx Link speed: 1200Mbps, Max Supported Tx Link speed: 1200Mbps, Rx Link speed: 480Mbps, Max Supported Rx Link speed: 1200Mbps, Frequency: 5180MHz, Net ID: -1, Metered hint: false, score: 60, isUsable: true, CarrierMerged: false, SubscriptionId: -1, IsPrimary: 1, Trusted: true, Restricted: false, Ephemeral: false, OEM paid: false, OEM private: false, OSU AP: false, FQDN: , Provider friendly name: , Requesting package name: MLO Information: , Is TID-To-Link negotiation supported by the AP: false, AP MLD Address: , AP MLO Link Id: , AP MLO Affiliated links:
06-10 20:01:51.795 740 924 W IPCThreadState: Sending oneway calls to frozen process.
06-10 20:01:51.797 1828 1862 D XM_HIDREAD: remove@ remove@/devices/virtual/misc/uhid/0005:000D:3838.0004/input/input16/event11
06-10 20:01:51.798 740 886 I EventHub: Removing device Dangbei due to epoll hang-up event.
06-10 20:01:51.798 740 886 I EventHub: Removed device: path=/dev/input/event11 name=Dangbei id=14 fd=425 classes=KEYBOARD | DPAD | EXTERNAL
06-10 20:01:51.798 1828 1862 D XM_HIDREAD: remove@ remove@/devices/virtual/wakeup/wakeup34
06-10 20:01:51.800 740 924 W IPCThreadState: Sending oneway calls to frozen process.
06-10 20:01:51.800 740 924 W IPCThreadState: Sending oneway calls to frozen process.
06-10 20:01:51.801 740 924 W IPCThreadState: Sending oneway calls to frozen process.
06-10 20:01:51.801 523 583 D xm_audio: adev_get_parameters
06-10 20:01:51.801 740 924 W IPCThreadState: Sending oneway calls to frozen process.
06-10 20:01:51.803 523 583 D xm_audio: adev_get_parameters
06-10 20:01:51.808 523 701 I audio_hw_hal_primary: [adev_uevent_callback:9131] uevent type=0
06-10 20:01:51.809 523 583 D xm_audio: adev_get_parameters
06-10 20:01:51.811 523 583 D xm_audio: adev_get_parameters
06-10 20:01:51.813 352 360 I SystemControl: [/UEventObserver.cpp, HDMITxUenventThreadLoop, 451] HDMI TX switch_name:hdmitx_vmode_audio, switch_state: 1
06-10 20:01:51.815 3060 3061 I uninstall: watchdaemon process_name = com.ktcp.video:daemon has gone, start it
06-10 20:01:51.816 3060 3061 D uninstall: watchdaemon waitpid
06-10 20:01:51.816 4747 4747 D uninstall: watchdaemon pid == 0
06-10 20:01:51.816 4747 4747 D uninstall: watchdaemon version >= 17 || version == 0 version == 34
06-10 20:01:51.820 740 886 I InputReader: Device removed: id=13, eventHubId=14, name='Dangbei', descriptor='5bf61da49c3f961ffea2e2e86eddd822e5631010', sources=KEYBOARD | DPAD | JOYSTICK
06-10 20:01:51.823 740 886 I EventHub: Removing device '/dev/input/event11' due to inotify event
06-10 20:01:51.823 352 360 I SystemControl: [/UEventObserver.cpp, HDMITxUenventThreadLoop, 451] HDMI TX switch_name:hdmitx_current_status, switch_state: 37
06-10 20:01:51.823 352 360 I SystemControl: [/UEventObserver.cpp, HDMITxUenventThreadLoop, 451] HDMI TX switch_name:hdmitx_current_status, switch_state: 38
06-10 20:01:51.824 523 698 I audio_hw_hal_alsamgr: raw to lpcm switch aml_alsa_output_write
06-10 20:01:51.824 536 563 D hdmicecd: [HdmiCecControl]:getPhysicalAddress, physical addr: 2000, last pa: 2000, ret = 0
06-10 20:01:51.835 740 807 W ActivityManager: pid 740 system sent binder code 1 with flags 1 to frozen apps and got error -32
06-10 20:01:51.836 740 807 W DisplayManagerService: Failed to notify process 4203 that displays changed, assuming it died.
06-10 20:01:51.836 740 807 W DisplayManagerService: android.os.DeadObjectException
06-10 20:01:51.836 740 807 W DisplayManagerService: at android.os.BinderProxy.transactNative(Native Method)
06-10 20:01:51.836 740 807 W DisplayManagerService: at android.os.BinderProxy.transact(BinderProxy.java:584)
06-10 20:01:51.836 740 807 W DisplayManagerService: at android.hardware.display.IDisplayManagerCallback$Stub$Proxy.onDisplayEvent(IDisplayManagerCallback.java:121)
06-10 20:01:51.836 740 807 W DisplayManagerService: at com.android.server.display.DisplayManagerService$CallbackRecord.notifyDisplayEventAsync(DisplayManagerService.java:3370)
06-10 20:01:51.836 740 807 W DisplayManagerService: at com.android.server.display.DisplayManagerService.deliverDisplayEvent(DisplayManagerService.java:2913)
06-10 20:01:51.836 740 807 W DisplayManagerService: at com.android.server.display.DisplayManagerService.-$$Nest$mdeliverDisplayEvent(DisplayManagerService.java:0)
06-10 20:01:51.836 740 807 W DisplayManagerService: at com.android.server.display.DisplayManagerService$DisplayManagerHandler.handleMessage(DisplayManagerService.java:3231)
06-10 20:01:51.836 740 807 W DisplayManagerService: at android.os.Handler.dispatchMessage(Handler.java:106)
06-10 20:01:51.836 740 807 W DisplayManagerService: at android.os.Looper.loopOnce(Looper.java:205)
06-10 20:01:51.836 740 807 W DisplayManagerService: at android.os.Looper.loop(Looper.java:294)
06-10 20:01:51.836 740 807 W DisplayManagerService: at android.os.HandlerThread.run(HandlerThread.java:67)
06-10 20:01:51.836 740 807 W DisplayManagerService: at com.android.server.ServiceThread.run(ServiceThread.java:46)
06-10 20:01:51.843 536 536 D hdmicecd: [HdmiCecControl]:getPhysicalAddress, physical addr: 2000, last pa: 2000, ret = 0
06-10 20:01:51.843 536 536 D hdmicecd: [HdmiCecControl]:getPhysicalAddress, physical addr: 2000, last pa: 2000, ret = 0
06-10 20:01:51.843 536 536 D hdmicecd: [HdmiCecControl]:getVendorId, vendorId: 0x1CA410
06-10 20:01:51.843 536 536 D hdmicecd: [HdmiCecControl]:getPhysicalAddress, physical addr: 2000, last pa: 2000, ret = 0
06-10 20:01:51.843 352 360 I SystemControl: [/UEventObserver.cpp, HDMITxUenventThreadLoop, 451] HDMI TX switch_name:hdmitx_current_status, switch_state: 39
06-10 20:01:51.844 740 740 D HDMI : addCecDevice new:CEC: logical_address: 0x04 device_type: 4 cec_version: 5 vendor_id: 1877008 display_name: DBBOX-A3 power_status: 0 physical_address: 0x2000 port_id: 0 old:null
06-10 20:01:51.844 536 536 I hdmicecd: [HdmiCecControl]:addr:4, allocate result:0
06-10 20:01:51.845 523 583 D xm_audio: adev_get_parameters
06-10 20:01:51.847 523 1422 D xm_audio: adev_get_parameters
06-10 20:01:51.848 523 698 I audio_hw_hal_ms12v2: dolby_ms12_threadloop alsa is not running
06-10 20:01:51.848 523 698 I audio_hw_hal_alsamgr: aml_alsa_output_write alsa_running_status[0xf0ec64b0] change from 0 to 1
06-10 20:01:51.850 536 536 D hdmicecd: [HdmiCecControl]:onAddressAllocated:4
06-10 20:01:51.850 740 740 D HDMI : onInitializeCecComplete 2
06-10 20:01:51.851 740 740 D HDMI : oneTouchPlay com.android.server.hdmi.OneTouchPlayAction@f447b4d
06-10 20:01:51.851 740 740 I HDMI : Not ready to start action. Queued for deferred start:com.android.server.hdmi.OneTouchPlayAction@f447b4d
06-10 20:01:51.851 740 740 D HdmiControlService: Local device is under address allocation. Queue display callback for later process.
06-10 20:01:51.851 740 740 D HDMI : onAddressAllocated address:4 reason:2
06-10 20:01:51.851 536 536 D hdmicecd: [HdmiCecControl]:getPhysicalAddress, physical addr: 2000, last pa: 2000, ret = 0
06-10 20:01:51.852 536 536 D hdmicecd: [HdmiCecControl]:getVendorId, vendorId: 0x1CA410
06-10 20:01:51.852 740 953 D HDMI : [S]: 4F:84:20:00:04
06-10 20:01:51.852 536 536 D hdmicecd: [HdmiCecControl]:getPhysicalAddress, physical addr: 2000, last pa: 2000, ret = 0
06-10 20:01:51.852 740 740 D HDMI : DeviceDiscoveryAction start com.android.server.hdmi.DeviceDiscoveryAction@8482602
06-10 20:01:51.852 740 740 I HdmiCecLocalDevice: Starting queued action:com.android.server.hdmi.OneTouchPlayAction@f447b4d
06-10 20:01:51.853 740 740 D HDMI : setActiveSource logical:0x04 physical:0x2000 OneTouchPlayAction#broadcastActiveSource()
06-10 20:01:51.853 536 563 D hdmicecd: [HdmiCecControl]:getPhysicalAddress, physical addr: 2000, last pa: 2000, ret = 0
06-10 20:01:51.854 536 563 D hdmicecd: [HdmiCecControl]:getPhysicalAddress, physical addr: 2000, last pa: 2000, ret = 0
06-10 20:01:51.854 740 740 D HDMI : ActiveSourceHistoryRecord active source=(0x04, 0x2000) isActiveSource=true from=OneTouchPlayAction#broadcastActiveSource()
06-10 20:01:51.854 740 740 D HDMI : setActiveSource logical:0x04 physical:0x2000 ActiveSourceAction
06-10 20:01:51.854 536 563 D hdmicecd: [HdmiCecControl]:getPhysicalAddress, physical addr: 2000, last pa: 2000, ret = 0
06-10 20:01:51.855 536 563 D hdmicecd: [HdmiCecControl]:getPhysicalAddress, physical addr: 2000, last pa: 2000, ret = 0
06-10 20:01:51.855 740 740 D HDMI : ActiveSourceHistoryRecord active source=(0x04, 0x2000) isActiveSource=true from=ActiveSourceAction
06-10 20:01:51.860 330 394 V MesonDisplayServer: GetDisplayMode:2160p50hz
06-10 20:01:51.860 740 740 W Looper : Slow dispatch took 119ms main h=android.os.Handler c=com.android.server.hdmi.WorkSourceUidPreservingRunnable@9d8fb13 m=0
06-10 20:01:51.861 1828 1862 D XM_HIDREAD: remove@ remove@/devices/virtual/misc/uhid/0005:000D:3838.0004/input/input16
06-10 20:01:51.861 1828 1862 D XM_HIDREAD: remove@ remove@/devices/virtual/misc/uhid/0005:000D:3838.0004/input/input18/event12
06-10 20:01:51.861 740 740 D HdmiControlService: Switching to full volume behavior
06-10 20:01:51.861 740 740 D HdmiControlService: Switching to full volume behavior
06-10 20:01:51.861 740 886 I EventHub: Removing device Dangbei Consumer Control due to epoll hang-up event.
06-10 20:01:51.861 740 886 I EventHub: Removed device: path=/dev/input/event12 name=Dangbei Consumer Control id=15 fd=452 classes=KEYBOARD | DPAD | JOYSTICK | EXTERNAL
06-10 20:01:51.863 352 402 I SystemControl: [/Ubootenv.cpp, get, 336] [ubootenv] get key:2160p_x envValue: 0
06-10 20:01:51.863 352 402 I SystemControl: [/Ubootenv.cpp, get, 336] [ubootenv] get key:2160p_y envValue: 0
06-10 20:01:51.864 352 402 I SystemControl: [/Ubootenv.cpp, get, 336] [ubootenv] get key:2160p_w envValue: 3840
06-10 20:01:51.864 352 402 I SystemControl: [/Ubootenv.cpp, get, 336] [ubootenv] get key:2160p_h envValue: 2160
06-10 20:01:51.865 523 4177 D xm_audio: adev_get_parameters
06-10 20:01:51.866 352 402 I SystemControl: [/Ubootenv.cpp, updateValue, 68] [ubootenv] update value name [ubootenv.var.2160p_x]: value [0]
06-10 20:01:51.866 352 402 I SystemControl: [/Ubootenv.cpp, get, 336] [ubootenv] get key:2160p_x envValue: 0
06-10 20:01:51.866 352 402 I SystemControl: [/Ubootenv.cpp, updateValue, 68] [ubootenv] update value name [ubootenv.var.2160p_y]: value [0]
06-10 20:01:51.866 352 402 I SystemControl: [/Ubootenv.cpp, get, 336] [ubootenv] get key:2160p_y envValue: 0
06-10 20:01:51.866 523 583 D xm_audio: adev_get_parameters
06-10 20:01:51.867 352 402 I SystemControl: [/Ubootenv.cpp, updateValue, 68] [ubootenv] update value name [ubootenv.var.2160p_w]: value [3840]
06-10 20:01:51.867 352 402 I SystemControl: [/Ubootenv.cpp, get, 336] [ubootenv] get key:2160p_w envValue: 3840
06-10 20:01:51.867 352 402 I SystemControl: [/Ubootenv.cpp, updateValue, 68] [ubootenv] update value name [ubootenv.var.2160p_h]: value [2160]
06-10 20:01:51.867 352 402 I SystemControl: [/Ubootenv.cpp, get, 336] [ubootenv] get key:2160p_h envValue: 2160
06-10 20:01:51.867 330 394 V MesonDisplayServer: SetDisplay[HDMI] DisplayRect to "(0,0,3840,2160)"
06-10 20:01:51.867 330 394 V MesonDisplayServer: SetDisplayViewPort done
06-10 20:01:51.868 1828 1862 D XM_HIDREAD: remove@ remove@/devices/virtual/wakeup/wakeup35
06-10 20:01:51.873 523 4177 D xm_audio: adev_get_parameters
06-10 20:01:51.874 523 4177 D xm_audio: adev_get_parameters
06-10 20:01:51.880 523 583 D xm_audio: adev_get_parameters
06-10 20:01:51.882 523 583 D xm_audio: adev_get_parameters
06-10 20:01:51.886 305 305 E Scheduler: trackPendingFrame: Invalid present fence
06-10 20:01:51.888 330 394 E MesonHwc: open file [/sys/class/amhdmitx/amhdmitx0/aud_mute] error:Permission denied
06-10 20:01:51.888 330 394 E MesonHwc: open file [/sys/class/amhdmitx/amhdmitx0/aud_mute] error:Permission denied
06-10 20:01:51.888 330 394 E MesonHwc: dolby vision driver is not ready
06-10 20:01:51.888 523 583 D xm_audio: adev_get_parameters
06-10 20:01:51.888 1828 1862 D XM_HIDREAD: remove@ remove@/devices/virtual/misc/uhid/0005:000D:3838.0004/input/input18
06-10 20:01:51.889 1828 4284 D XM_HIDREAD: poll ret=1, event=18
06-10 20:01:51.889 1828 4284 E XM_HIDREAD: (10) thread_io_ready, poll error, event=18
06-10 20:01:51.889 1828 4284 D XM_HIDREAD: (10) thread_io_thread, finish
06-10 20:01:51.889 524 524 E android.hardware.bluetooth@1.1-impl: BluetoothDeathRecipient::serviceDied - Bluetooth service died
06-10 20:01:51.889 524 524 I android.hardware.bluetooth@1.1-impl: BluetoothHci::close()
06-10 20:01:51.889 524 524 I android.hardware.bluetooth@1.1-impl: Skipping unlink call, service died.
06-10 20:01:51.889 1828 1862 D XM_HIDREAD: remove@ remove@/devices/virtual/misc/uhid/0005:000D:3838.0004/hidraw/hidraw2
06-10 20:01:51.889 1828 1862 D XM_HIDREAD: remove@ remove@/devices/virtual/misc/uhid/0005:000D:3838.0004
06-10 20:01:51.889 524 524 D bt_vendor: op for 6
06-10 20:01:51.889 524 524 D bt_upio : upio_set : pio 2 action 1, polarity 0
06-10 20:01:51.889 524 524 E bt_upio : upio_set : open(/proc/bluetooth/sleep/lpm) for write failed: No such file or directory (2)
06-10 20:01:51.889 524 524 E bt_hwcfg: LPM disabled!!
06-10 20:01:51.891 740 1940 I ActivityManager: Process com.android.bluetooth (pid 4203) has died: psvc PER
06-10 20:01:51.891 740 1937 W AS.PlaybackActivityMon: client died
06-10 20:01:51.891 330 4749 I MesonDisplay: [/HDCPTxAuth.cpp, authThread, 173] hdcp_tx thread loop entry
06-10 20:01:51.891 740 1937 I MediaSessionStack: removeSession | record: com.android.bluetooth/BluetoothMediaBrowserService (userId=0)
06-10 20:01:51.891 330 4749 D MesonDisplay: read /sys/class/amhdmitx/amhdmitx0/hdcp_lstore, result length:0, val:
06-10 20:01:51.891 740 1937 W BluetoothManagerService: Profile service for profile: ComponentInfo{com.android.bluetooth/com.android.bluetooth.hfp.HeadsetService} died.
06-10 20:01:51.891 740 1937 D BluetoothHeadset: Proxy object disconnected
06-10 20:01:51.891 740 1937 D BluetoothHeadset: Unbinding service...
06-10 20:01:51.892 740 1937 D BluetoothHeadset: Proxy object disconnected
06-10 20:01:51.892 740 1937 D BluetoothHeadset: Unbinding service...
06-10 20:01:51.892 982 995 D BluetoothHeadset: Proxy object disconnected
06-10 20:01:51.892 982 995 D BluetoothHeadset: Unbinding service...
06-10 20:01:51.892 740 740 D BluetoothManagerService: BluetoothServiceConnection, disconnected: com.android.bluetooth.gatt.GattService
06-10 20:01:51.892 740 740 D BluetoothManagerService: BluetoothServiceConnection, disconnected: com.android.bluetooth.btservice.AdapterService
06-10 20:01:51.892 740 817 I libprocessgroup: Successfully killed process cgroup uid 1002 pid 4203 in 0ms
06-10 20:01:51.892 740 1940 W ActivityManager: Scheduling restart of crashed service com.android.bluetooth/.btservice.AdapterService in 1000ms for connection
06-10 20:01:51.892 740 1940 W ActivityManager: Scheduling restart of crashed service com.android.bluetooth/.gatt.GattService in 11000ms for connection
06-10 20:01:51.892 740 740 D BluetoothHearingAid: Proxy object disconnected
06-10 20:01:51.893 740 740 D BluetoothHearingAid: Unbinding service...
06-10 20:01:51.893 740 740 D BluetoothHearingAid: Proxy object disconnected
06-10 20:01:51.893 740 740 D BluetoothHearingAid: Unbinding service...
06-10 20:01:51.893 740 740 D BluetoothHearingAid: Proxy object disconnected
06-10 20:01:51.893 740 740 D BluetoothHearingAid: Unbinding service...
06-10 20:01:51.893 740 740 D BluetoothHearingAid: Proxy object disconnected
06-10 20:01:51.893 740 740 D BluetoothHearingAid: Unbinding service...
06-10 20:01:51.893 982 1526 D BluetoothHearingAid: Proxy object disconnected
06-10 20:01:51.893 740 740 D BluetoothHearingAid: Proxy object disconnected
06-10 20:01:51.893 982 1526 D BluetoothHearingAid: Unbinding service...
06-10 20:01:51.893 740 740 D BluetoothHearingAid: Unbinding service...
06-10 20:01:51.893 740 740 D BluetoothHearingAid: Proxy object disconnected
06-10 20:01:51.893 740 740 D BluetoothHearingAid: Unbinding service...
06-10 20:01:51.893 998 1015 D BluetoothHearingAid: Proxy object disconnected
06-10 20:01:51.893 998 1015 D BluetoothHearingAid: Unbinding service...
06-10 20:01:51.893 740 740 D BluetoothA2dp: Proxy object disconnected
06-10 20:01:51.893 998 4196 D BluetoothHidHost: Proxy object disconnected
06-10 20:01:51.893 740 740 D BluetoothA2dp: Unbinding service...
06-10 20:01:51.893 998 4196 D BluetoothHidHost: Unbinding service...
06-10 20:01:51.893 740 740 D BluetoothA2dp: Proxy object disconnected
06-10 20:01:51.893 740 740 D BluetoothA2dp: Unbinding service...
06-10 20:01:51.893 740 740 D BluetoothA2dp: Proxy object disconnected
06-10 20:01:51.893 740 740 D BluetoothA2dp: Unbinding service...
06-10 20:01:51.893 740 740 D BluetoothA2dp: Proxy object disconnected
06-10 20:01:51.893 740 740 D BluetoothA2dp: Unbinding service...
06-10 20:01:51.893 740 740 D BluetoothA2dp: Proxy object disconnected
06-10 20:01:51.893 740 740 D BluetoothA2dp: Unbinding service...
06-10 20:01:51.893 740 740 D BluetoothA2dp: Proxy object disconnected
06-10 20:01:51.893 740 740 D BluetoothA2dp: Unbinding service...
06-10 20:01:51.893 998 1775 D BluetoothPan: Proxy object disconnected
06-10 20:01:51.893 998 1775 D BluetoothPan: Unbinding service...
06-10 20:01:51.894 982 4195 D BluetoothPan: Proxy object disconnected
06-10 20:01:51.894 982 4195 D BluetoothPan: Unbinding service...
06-10 20:01:51.894 982 4751 D BluetoothHidHost: Proxy object disconnected
06-10 20:01:51.894 982 4751 D BluetoothHidHost: Unbinding service...
06-10 20:01:51.894 740 805 D DisplayManagerService: Drop pending events for gone uid 1002
06-10 20:01:51.894 982 4752 D BluetoothA2dp: Proxy object disconnected
06-10 20:01:51.894 982 4752 D BluetoothA2dp: Unbinding service...
06-10 20:01:51.894 740 1937 I MediaSessionStack: removeSession | record: com.android.bluetooth/BluetoothMediaBrowserService (userId=0)
06-10 20:01:51.895 330 394 I MesonDisplay: [/HDCPTxAuth.cpp, start, 109] hdcp_tx, create hdcp thread id = 3951280576 done
06-10 20:01:51.895 982 995 D BluetoothHeadset: Proxy object disconnected
06-10 20:01:51.895 982 1526 D BluetoothHearingAid: Proxy object disconnected
06-10 20:01:51.896 740 886 I InputReader: Device removed: id=13, eventHubId=15, name='Dangbei', descriptor='5bf61da49c3f961ffea2e2e86eddd822e5631010', sources=KEYBOARD | DPAD | JOYSTICK
06-10 20:01:51.896 352 402 I SystemControl: [/Ubootenv.cpp, get, 345] [ubootenv] search end and not find env:digitaudiooutput
06-10 20:01:51.899 330 394 V MesonDisplayServer: GetDisplayMode:2160p50hz
06-10 20:01:51.899 740 887 E BluetoothManagerService: MESSAGE_BLUETOOTH_SERVICE_DISCONNECTED(2)
06-10 20:01:51.899 740 887 E BluetoothManagerService: MESSAGE_BLUETOOTH_SERVICE_DISCONNECTED(1)
06-10 20:01:51.899 740 887 D BluetoothManagerService: Broadcasting onBluetoothServiceDown() to 8 receivers.
06-10 20:01:51.899 1550 1913 D BluetoothAdapter: onBluetoothServiceDown
06-10 20:01:51.899 352 402 I SystemControl: [/Ubootenv.cpp, get, 336] [ubootenv] get key:hdmichecksum envValue: 0x88640000
06-10 20:01:51.899 330 394 D MesonDisplayServer: use connector getDisplayAttribute "HDMI Color ATTR": "420,10bit"
06-10 20:01:51.900 512 512 I Zygote : Process 4203 exited due to signal 9 (Killed)
06-10 20:01:51.901 998 1011 D BluetoothA2dp: Proxy object disconnected
06-10 20:01:51.901 998 1011 D BluetoothA2dp: Unbinding service...
06-10 20:01:51.901 352 402 I SystemControl: [/Ubootenv.cpp, updateValue, 68] [ubootenv] update value name [ubootenv.var.2160p50hz_deepcolor]: value [420,10bit]
06-10 20:01:51.901 352 402 I SystemControl: [/Ubootenv.cpp, get, 336] [ubootenv] get key:2160p50hz_deepcolor envValue: 420,10bit
06-10 20:01:51.901 998 1014 D BluetoothHeadset: Proxy object disconnected
06-10 20:01:51.901 998 1014 D BluetoothHeadset: Unbinding service...
06-10 20:01:51.902 352 402 I SystemControl: [/Ubootenv.cpp, updateValue, 68] [ubootenv] update value name [ubootenv.var.colorattribute]: value [420,10bit]
06-10 20:01:51.902 352 402 I SystemControl: [/Ubootenv.cpp, get, 336] [ubootenv] get key:colorattribute envValue: 420,10bit
06-10 20:01:51.902 523 583 D xm_audio: adev_get_parameters
06-10 20:01:51.902 352 402 I SystemControl: [/Ubootenv.cpp, updateValue, 68] [ubootenv] update value name [ubootenv.var.hdmi_colordepth]: value [8]
06-10 20:01:51.902 352 402 I SystemControl: [/Ubootenv.cpp, get, 336] [ubootenv] get key:hdmi_colordepth envValue: 8
06-10 20:01:51.902 352 402 I SystemControl: [/Ubootenv.cpp, updateValue, 68] [ubootenv] update value name [ubootenv.var.hdmi_colorspace]: value [auto]
06-10 20:01:51.902 352 402 I SystemControl: [/Ubootenv.cpp, get, 336] [ubootenv] get key:hdmi_colorspace envValue: auto
06-10 20:01:51.903 352 402 I SystemControl: [/Ubootenv.cpp, updateValue, 68] [ubootenv] update value name [ubootenv.var.outputmode]: value [2160p50hz]
06-10 20:01:51.903 352 402 I SystemControl: [/Ubootenv.cpp, get, 336] [ubootenv] get key:outputmode envValue: 2160p50hz
06-10 20:01:51.903 330 394 E MesonHwc: dolby vision driver is not ready
06-10 20:01:51.903 740 887 W IPCThreadState: Sending oneway calls to frozen process.
06-10 20:01:51.903 740 887 D BluetoothAdapter: onBluetoothServiceDown
06-10 20:01:51.903 740 887 D BluetoothManagerService: Sending BLE State Change: ON > TURNING_OFF
06-10 20:01:51.903 2532 2553 D BluetoothAdapter: onBluetoothServiceDown
06-10 20:01:51.904 330 394 E MesonHwc: dolby vision driver is not ready
06-10 20:01:51.904 982 1363 D BluetoothAdapter: onBluetoothServiceDown
06-10 20:01:51.904 2114 2135 D BluetoothAdapter: onBluetoothServiceDown
06-10 20:01:51.904 524 524 D bt_vendor: op for 4
06-10 20:01:51.905 330 394 E MesonHwc: dolby vision driver is not ready
06-10 20:01:51.905 1513 1528 D BluetoothAdapter: onBluetoothServiceDown
06-10 20:01:51.905 524 524 D bt_vendor: property_set_state: HW_STATE_SUCCESS
06-10 20:01:51.905 524 524 D bt_vendor: op: shutdwon_status =
06-10 20:01:51.905 524 524 D bt_vendor: hw_reg_pum_power_cfg_clear start
06-10 20:01:51.905 998 4755 D BluetoothAdapter: onBluetoothServiceDown
06-10 20:01:51.905 330 394 D MesonHwc: ERR: PLEASE FIX NON-IMPLEMENT FUN(update).
06-10 20:01:51.905 330 394 D MesonComposer3: halEventcallback onHotplug client3.0
06-10 20:01:51.906 330 422 E MesonHwc: getPort 11
06-10 20:01:51.906 330 422 E MesonHwc: getPort 11
06-10 20:01:51.906 352 402 I SystemControl: notify plugin
06-10 20:01:51.906 352 402 I SystemControl: [/SystemControlHal.cpp, onEvent, 72] onEvent event:3, client size:5
06-10 20:01:51.906 530 544 I SystemControlClient: notifyCallback event type:3
06-10 20:01:51.906 530 544 I SystemControlClient: notifyCallback: listener is NULL.
06-10 20:01:51.906 531 546 I SystemControlClient: notifyCallback event type:3
06-10 20:01:51.906 531 546 I SystemControlClient: notifyCallback: listener is NULL.
06-10 20:01:51.906 282 868 I SystemControlClient: notifyCallback event type:3
06-10 20:01:51.906 282 868 I SystemControlClient: notifyCallback: listener is NULL.
06-10 20:01:51.907 529 635 I SystemControlClient: notifyCallback event type:3
06-10 20:01:51.907 529 635 I SystemControlClient: notifyCallback: listener is NULL.
06-10 20:01:51.907 998 1141 I SystemControlEvent: system control callback event: 3
06-10 20:01:51.911 305 305 I SurfaceFlinger: Reconnecting display 4639170348389509643 (HAL ID 0)
06-10 20:01:51.919 523 583 D xm_audio: adev_get_parameters
06-10 20:01:51.920 524 524 D bt_vendor: hw_reg_pum_power_cfg_clear end
06-10 20:01:51.922 740 886 I EventHub: Removing device '/dev/input/event12' due to inotify event
06-10 20:01:51.924 330 422 E MesonComposer3: destroyLayer: display:0 failed to destroy layer:15
06-10 20:01:51.924 305 305 E HwcComposer: destroyLayer failed Status(-8, EX_SERVICE_SPECIFIC): '3: '
06-10 20:01:51.924 305 305 E HWC2 : destroyLayer(0, 15) failed: BadLayer (3)
06-10 20:01:51.924 305 305 E HwcComposer: setClientTargetSlotCount failed Status(-8, EX_SERVICE_SPECIFIC): '4: '
06-10 20:01:51.925 305 305 I FramebufferSurface: Framebuffer size has been limited to [1920x1080] from [3840x2160]
06-10 20:01:51.929 523 583 D xm_audio: adev_get_parameters
06-10 20:01:51.933 1550 1550 E xxxxxxxxxxxxxxx: onReceive:mIsHDMIPlugged = true
06-10 20:01:51.935 1513 1513 E ccc : cccccc hdmi plug reset
06-10 20:01:51.936 998 1015 D BluetoothHearingAid: Proxy object disconnected
06-10 20:01:51.938 523 583 D xm_audio: adev_get_parameters
06-10 20:01:51.939 523 583 D xm_audio: adev_get_parameters
06-10 20:01:51.942 305 305 I Scheduler: Display 4639170348389509643 is the pacesetter
06-10 20:01:51.942 305 4698 E SchedulerTimer: Terminated
06-10 20:01:51.942 305 305 D SurfaceFlinger: Setting power mode 2 on display 4639170348389509643
06-10 20:01:51.942 305 438 W EventThread: Failed dispatching Hotplug{displayId=4639170348389509643, connected} for Connection{0xf5e80890, VSyncRequest::None}
06-10 20:01:51.942 305 439 W EventThread: Failed dispatching Hotplug{displayId=4639170348389509643, connected} for Connection{0xf5e80c90, VSyncRequest::None}
06-10 20:01:51.943 305 305 D SurfaceFlinger: Finished setting power mode 2 on display 4639170348389509643
06-10 20:01:51.951 523 4177 D xm_audio: adev_get_parameters
06-10 20:01:51.952 523 4177 D xm_audio: adev_get_parameters
06-10 20:01:51.953 330 422 I MesonDisplay: [/mode_policy.c, meson_mode_set_policy, 1177] connector:0 to policy:0
06-10 20:01:51.953 330 422 I MesonDisplay: [/mode_policy.c, is_dv_prefer, 66] not prefer dv, hdr_priority:10000010
06-10 20:01:51.953 330 422 I MesonDisplay: [/mode_policy.c, is_dv_prefer, 66] not prefer dv, hdr_priority:10000010
06-10 20:01:51.953 330 422 I MesonDisplay: [/mode_policy.c, hdr_scene_process, 721] Do not output 8bit hdr. Change to auto color space
06-10 20:01:51.953 330 422 I MesonDisplay: [/mode_policy.c, hdr_scene_process, 724] policy:0 is_bestcolorspace:1 state:0
06-10 20:01:51.953 330 422 I MesonDisplay: [/mode_policy_parser.c, is_support_hdmimode, 110] is_support_hdmimode mode: 2160p50hz
06-10 20:01:51.953 330 422 I MesonDisplay: [/mode_policy_parser.c, is_support_hdmimode, 110] is_support_hdmimode mode: 2160p60hz
06-10 20:01:51.953 330 422 D MesonDisplay: meson_write /sys/class/amhdmitx/amhdmitx0/valid_mode, outputmode:2160p60hz420,10bit
06-10 20:01:51.953 330 422 D MesonDisplay: valid mode is true!
06-10 20:01:51.953 330 422 I MesonDisplay: [/mode_policy.c, is_support_4kHDR, 499] is_support_4kHDR mode:[420,10bit], deep color:[2160p60hz]
06-10 20:01:51.953 330 422 I MesonDisplay: [/mode_policy.c, meson_mode_get_policy_output, 1289] final_displaymode:2160p60hz, final_deepcolor:420,10bit, amdv_type:0
06-10 20:01:51.953 330 422 I MesonDisplay: [/mode_policy.c, meson_mode_set_policy, 1177] connector:0 to policy:8
06-10 20:01:51.954 740 807 D LocalDisplayAdapter: The active mode was changed from SurfaceFlinger or the display device to {id=65, width=3840, height=2160, fps=50.0, alternativeRefreshRates=[], supportedHdrTypes=[2]}
06-10 20:01:51.954 740 807 D LocalDisplayAdapter: New display modes are added and the active mode has changed, use active mode as default mode.
06-10 20:01:51.954 740 807 W LocalDisplayAdapter: DisplayModeSpecs base mode no longer available, using currently active mode.
06-10 20:01:51.955 740 807 I DisplayDeviceRepository: Display device changed: DisplayDeviceInfo{"内置屏幕": uniqueId="local:4639170348389509643", 3840 x 2160, modeId 60, renderFrameRate 50.0, defaultModeId 60, supportedModes [{id=60, width=3840, height=2160, fps=50.0, alternativeRefreshRates=[], supportedHdrTypes=[]}], colorMode 0, supportedColorModes [0], hdrCapabilities HdrCapabilities{mSupportedHdrTypes=[], mMaxLuminance=500.0, mMaxAverageLuminance=500.0, mMinLuminance=0.0}, allmSupported false, gameContentTypeSupported true, density 480, 79.947 x 79.513 dpi, appVsyncOff 2000000, presDeadline 17000000, touch INTERNAL, rotation 0, type INTERNAL, address {port=11, model=0x4061a4da3c482a}, deviceProductInfo DeviceProductInfo{name=Linux FHD, manufacturerPnpId=LNX, productId=0, modelYear=null, manufactureDate=ManufactureDate{week=5, year=2012}, connectionToSinkType=0}, state ON, committedState ON, frameRateOverride , brightnessMinimum 0.0, brightnessMaximum 1.0, brightnessDefault 0.39763778, hdrSdrRatio NaN, FLAG_ALLOWED_TO_BE_DEFAULT_DISPLAY, FLAG_ROTATES_WITH_CONTENT, FLAG_SECURE, FLAG_SUPPORTS_PROTECTED_BUFFERS, FLAG_TRUSTED, installOrientation 0, displayShape DisplayShape{ spec=-545313861 displayWidth=3840 displayHeight=2160 physicalPixelDisplaySizeRatio=1.0 rotation=0 offsetX=0 offsetY=0 scale=1.0}}
06-10 20:01:51.961 982 1358 I vol.Events: writeEvent level_changed STREAM_ALARM 55
06-10 20:01:51.961 305 305 I RefreshRateSelector: Display 4639170348389509643 policy changed
06-10 20:01:51.961 305 305 I RefreshRateSelector: Previous: {defaultModeId=64, allowGroupSwitching=false, primaryRanges={physical=[0.00 Hz, 340282346638528859811704183484516925440.00 Hz], render=[0.00 Hz, 340282346638528859811704183484516925440.00 Hz]}, appRequestRanges={physical=[0.00 Hz, 340282346638528859811704183484516925440.00 Hz], render=[0.00 Hz, 340282346638528859811704183484516925440.00 Hz]}}
06-10 20:01:51.961 305 305 I RefreshRateSelector: Current: DisplayManagerPolicy{defaultModeId=64, allowGroupSwitching=false, primaryRanges={physical=[0.00 Hz, inf Hz], render=[0.00 Hz, 120.00 Hz]}, appRequestRanges={physical=[0.00 Hz, inf Hz], render=[0.00 Hz, inf Hz]}}
06-10 20:01:51.961 305 305 I RefreshRateSelector: 0 mode changes were performed under the previous policy
06-10 20:01:51.964 998 4196 D BluetoothHidHost: Proxy object disconnected
06-10 20:01:51.964 740 887 D BluetoothManagerService: Sending State Change: ON > TURNING_OFF
06-10 20:01:51.964 998 1775 D BluetoothPan: Proxy object disconnected
06-10 20:01:51.965 982 4195 D BluetoothPan: Proxy object disconnected
06-10 20:01:51.966 982 4751 D BluetoothHidHost: Proxy object disconnected
06-10 20:01:51.966 740 887 D BluetoothManagerService: Bluetooth is complete send Service Down
06-10 20:01:51.966 740 887 D BluetoothManagerService: Broadcasting onBluetoothServiceDown() to 8 receivers.
06-10 20:01:51.966 1550 1913 D BluetoothAdapter: onBluetoothServiceDown
06-10 20:01:51.966 982 4752 D BluetoothA2dp: Proxy object disconnected
06-10 20:01:51.966 998 1014 D BluetoothHeadset: Proxy object disconnected
06-10 20:01:51.968 998 998 I BLE_Service: ACTION STATE CHANGED was 13
06-10 20:01:51.969 523 583 D xm_audio: adev_get_parameters
06-10 20:01:51.969 998 998 E BluetoothDevice: BT not enabled. Cannot get bond state
06-10 20:01:51.969 998 998 E BluetoothDevice: BT not enabled. Cannot get bond state
06-10 20:01:51.970 982 1197 E BluetoothDevice: BT not enabled. Cannot get bond state
06-10 20:01:51.970 982 1197 E BluetoothDevice: BT not enabled. Cannot get bond state
06-10 20:01:51.971 523 583 D xm_audio: adev_get_parameters
06-10 20:01:51.979 998 4196 D BluetoothAdapter: onBluetoothServiceDown
06-10 20:01:51.979 740 887 W IPCThreadState: Sending oneway calls to frozen process.
06-10 20:01:51.979 740 887 D BluetoothAdapter: onBluetoothServiceDown
06-10 20:01:51.979 740 887 D BluetoothManagerService: unbindAndFinish(): null mBinding = false mUnbinding = false
06-10 20:01:51.979 740 887 D BluetoothManagerService: Sending BLE State Change: TURNING_OFF > OFF
06-10 20:01:51.979 998 1011 D BluetoothA2dp: Proxy object disconnected
06-10 20:01:51.979 2114 2135 D BluetoothAdapter: onBluetoothServiceDown
06-10 20:01:51.980 2532 2553 D BluetoothAdapter: onBluetoothServiceDown
06-10 20:01:51.981 1204 1204 I wpa_supplicant: wpa_driver_nl80211_driver_cmd: wifi vendor: aml_w2_s
06-10 20:01:51.981 1204 1204 I wpa_supplicant: wpa_driver_nl80211_driver_cmd: wlan0: private command: BTCOEXSCAN-START
06-10 20:01:51.984 982 1363 D BluetoothAdapter: onBluetoothServiceDown
06-10 20:01:51.984 1513 1528 D BluetoothAdapter: onBluetoothServiceDown
06-10 20:01:51.985 740 887 D BluetoothManagerService: Sending State Change: TURNING_OFF > OFF
06-10 20:01:51.985 982 4288 W BluetoothHidHost: Proxy not attached to service
06-10 20:01:51.985 982 4288 D BluetoothHidHost: java.lang.Throwable
06-10 20:01:51.985 982 4288 D BluetoothHidHost: at android.bluetooth.BluetoothHidHost.getConnectionState(BluetoothHidHost.java:441)
06-10 20:01:51.985 982 4288 D BluetoothHidHost: at com.android.settingslib.bluetooth.HidProfile.getConnectionStatus(HidProfile.java:108)
06-10 20:01:51.985 982 4288 D BluetoothHidHost: at com.android.settingslib.bluetooth.CachedBluetoothDevice.getProfileConnectionState(CachedBluetoothDevice.java:528)
06-10 20:01:51.985 982 4288 D BluetoothHidHost: at com.android.settingslib.bluetooth.CachedBluetoothDevice.getMaxConnectionState(CachedBluetoothDevice.java:1089)
06-10 20:01:51.985 982 4288 D BluetoothHidHost: at com.android.systemui.statusbar.policy.bluetooth.BluetoothRepositoryImpl$fetchConnectionStatus$2.invokeSuspend(BluetoothRepository.kt:80)
06-10 20:01:51.985 982 4288 D BluetoothHidHost: at kotlin.coroutines.jvm.internal.BaseContinuationImpl.resumeWith(ContinuationImpl.kt:33)
06-10 20:01:51.985 982 4288 D BluetoothHidHost: at kotlinx.coroutines.DispatchedTask.run(DispatchedTask.kt:108)
06-10 20:01:51.985 982 4288 D BluetoothHidHost: at kotlinx.coroutines.internal.LimitedDispatcher$Worker.run(LimitedDispatcher.kt:115)
06-10 20:01:51.985 982 4288 D BluetoothHidHost: at kotlinx.coroutines.scheduling.TaskImpl.run(Tasks.kt:103)
06-10 20:01:51.985 982 4288 D BluetoothHidHost: at kotlinx.coroutines.scheduling.CoroutineScheduler.runSafely(CoroutineScheduler.kt:584)
06-10 20:01:51.985 982 4288 D BluetoothHidHost: at kotlinx.coroutines.scheduling.CoroutineScheduler$Worker.executeTask(CoroutineScheduler.kt:793)
06-10 20:01:51.985 982 4288 D BluetoothHidHost: at kotlinx.coroutines.scheduling.CoroutineScheduler$Worker.runWorker(CoroutineScheduler.kt:697)
06-10 20:01:51.985 982 4288 D BluetoothHidHost: at kotlinx.coroutines.scheduling.CoroutineScheduler$Worker.run(CoroutineScheduler.kt:684)
06-10 20:01:51.985 982 4288 W BluetoothA2dp: Proxy not attached to service
06-10 20:01:51.986 982 4288 D BluetoothA2dp: java.lang.Throwable
06-10 20:01:51.986 982 4288 D BluetoothA2dp: at android.bluetooth.BluetoothA2dp.getConnectionState(BluetoothA2dp.java:467)
06-10 20:01:51.986 982 4288 D BluetoothA2dp: at com.android.settingslib.bluetooth.A2dpProfile.getConnectionStatus(A2dpProfile.java:164)
06-10 20:01:51.986 982 4288 D BluetoothA2dp: at com.android.settingslib.bluetooth.CachedBluetoothDevice.getProfileConnectionState(CachedBluetoothDevice.java:528)
06-10 20:01:51.986 982 4288 D BluetoothA2dp: at com.android.settingslib.bluetooth.CachedBluetoothDevice.getMaxConnectionState(CachedBluetoothDevice.java:1089)
06-10 20:01:51.986 982 4288 D BluetoothA2dp: at com.android.systemui.statusbar.policy.bluetooth.BluetoothRepositoryImpl$fetchConnectionStatus$2.invokeSuspend(BluetoothRepository.kt:80)
06-10 20:01:51.986 982 4288 D BluetoothA2dp: at kotlin.coroutines.jvm.internal.BaseContinuationImpl.resumeWith(ContinuationImpl.kt:33)
06-10 20:01:51.986 982 4288 D BluetoothA2dp: at kotlinx.coroutines.DispatchedTask.run(DispatchedTask.kt:108)
06-10 20:01:51.986 982 4288 D BluetoothA2dp: at kotlinx.coroutines.internal.LimitedDispatcher$Worker.run(LimitedDispatcher.kt:115)
06-10 20:01:51.986 982 4288 D BluetoothA2dp: at kotlinx.coroutines.scheduling.TaskImpl.run(Tasks.kt:103)
06-10 20:01:51.986 982 4288 D BluetoothA2dp: at kotlinx.coroutines.scheduling.CoroutineScheduler.runSafely(CoroutineScheduler.kt:584)
06-10 20:01:51.986 982 4288 D BluetoothA2dp: at kotlinx.coroutines.scheduling.CoroutineScheduler$Worker.executeTask(CoroutineScheduler.kt:793)
06-10 20:01:51.986 982 4288 D BluetoothA2dp: at kotlinx.coroutines.scheduling.CoroutineScheduler$Worker.runWorker(CoroutineScheduler.kt:697)
06-10 20:01:51.986 982 4288 D BluetoothA2dp: at kotlinx.coroutines.scheduling.CoroutineScheduler$Worker.run(CoroutineScheduler.kt:684)
06-10 20:01:51.986 982 4288 W BluetoothHidHost: Proxy not attached to service
06-10 20:01:51.986 982 4288 D BluetoothHidHost: java.lang.Throwable
06-10 20:01:51.986 982 4288 D BluetoothHidHost: at android.bluetooth.BluetoothHidHost.getConnectionState(BluetoothHidHost.java:441)
06-10 20:01:51.986 982 4288 D BluetoothHidHost: at com.android.settingslib.bluetooth.HidProfile.getConnectionStatus(HidProfile.java:108)
06-10 20:01:51.986 982 4288 D BluetoothHidHost: at com.android.settingslib.bluetooth.CachedBluetoothDevice.getProfileConnectionState(CachedBluetoothDevice.java:528)
06-10 20:01:51.986 982 4288 D BluetoothHidHost: at com.android.settingslib.bluetooth.CachedBluetoothDevice.isConnected(CachedBluetoothDevice.java:793)
06-10 20:01:51.986 982 4288 D BluetoothHidHost: at com.android.systemui.statusbar.policy.bluetooth.BluetoothRepositoryImpl$fetchConnectionStatus$2.invokeSuspend(BluetoothRepository.kt:84)
06-10 20:01:51.986 982 4288 D BluetoothHidHost: at kotlin.coroutines.jvm.internal.BaseContinuationImpl.resumeWith(ContinuationImpl.kt:33)
06-10 20:01:51.986 982 4288 D BluetoothHidHost: at kotlinx.coroutines.DispatchedTask.run(DispatchedTask.kt:108)
06-10 20:01:51.986 982 4288 D BluetoothHidHost: at kotlinx.coroutines.internal.LimitedDispatcher$Worker.run(LimitedDispatcher.kt:115)
06-10 20:01:51.986 982 4288 D BluetoothHidHost: at kotlinx.coroutines.scheduling.TaskImpl.run(Tasks.kt:103)
06-10 20:01:51.986 982 4288 D BluetoothHidHost: at kotlinx.coroutines.scheduling.CoroutineScheduler.runSafely(CoroutineScheduler.kt:584)
06-10 20:01:51.986 982 4288 D BluetoothHidHost: at kotlinx.coroutines.scheduling.CoroutineScheduler$Worker.executeTask(CoroutineScheduler.kt:793)
06-10 20:01:51.986 982 4288 D BluetoothHidHost: at kotlinx.coroutines.scheduling.CoroutineScheduler$Worker.runWorker(CoroutineScheduler.kt:697)
06-10 20:01:51.986 982 4288 D BluetoothHidHost: at kotlinx.coroutines.scheduling.CoroutineScheduler$Worker.run(CoroutineScheduler.kt:684)
06-10 20:01:51.986 982 4288 W BluetoothA2dp: Proxy not attached to service
06-10 20:01:51.986 982 4288 D BluetoothA2dp: java.lang.Throwable
06-10 20:01:51.986 982 4288 D BluetoothA2dp: at android.bluetooth.BluetoothA2dp.getConnectionState(BluetoothA2dp.java:467)
06-10 20:01:51.986 982 4288 D BluetoothA2dp: at com.android.settingslib.bluetooth.A2dpProfile.getConnectionStatus(A2dpProfile.java:164)
06-10 20:01:51.986 982 4288 D BluetoothA2dp: at com.android.settingslib.bluetooth.CachedBluetoothDevice.getProfileConnectionState(CachedBluetoothDevice.java:528)
06-10 20:01:51.986 982 4288 D BluetoothA2dp: at com.android.settingslib.bluetooth.CachedBluetoothDevice.isConnected(CachedBluetoothDevice.java:793)
06-10 20:01:51.986 982 4288 D BluetoothA2dp: at com.android.systemui.statusbar.policy.bluetooth.BluetoothRepositoryImpl$fetchConnectionStatus$2.invokeSuspend(BluetoothRepository.kt:84)
06-10 20:01:51.986 982 4288 D BluetoothA2dp: at kotlin.coroutines.jvm.internal.BaseContinuationImpl.resumeWith(ContinuationImpl.kt:33)
06-10 20:01:51.986 982 4288 D BluetoothA2dp: at kotlinx.coroutines.DispatchedTask.run(DispatchedTask.kt:108)
06-10 20:01:51.986 982 4288 D BluetoothA2dp: at kotlinx.coroutines.internal.LimitedDispatcher$Worker.run(LimitedDispatcher.kt:115)
06-10 20:01:51.986 982 4288 D BluetoothA2dp: at kotlinx.coroutines.scheduling.TaskImpl.run(Tasks.kt:103)
06-10 20:01:51.986 982 4288 D BluetoothA2dp: at kotlinx.coroutines.scheduling.CoroutineScheduler.runSafely(CoroutineScheduler.kt:584)
06-10 20:01:51.986 982 4288 D BluetoothA2dp: at kotlinx.coroutines.scheduling.CoroutineScheduler$Worker.executeTask(CoroutineScheduler.kt:793)
06-10 20:01:51.986 982 4288 D BluetoothA2dp: at kotlinx.coroutines.scheduling.CoroutineScheduler$Worker.runWorker(CoroutineScheduler.kt:697)
06-10 20:01:51.986 982 4288 D BluetoothA2dp: at kotlinx.coroutines.scheduling.CoroutineScheduler$Worker.run(CoroutineScheduler.kt:684)
06-10 20:01:51.987 998 998 I BLE_Service: ACTION STATE CHANGED was 10
06-10 20:01:51.992 1204 1204 I wpa_supplicant: wpa_driver_nl80211_driver_cmd: wifi vendor: aml_w2_s
06-10 20:01:51.992 1204 1204 I wpa_supplicant: wpa_driver_nl80211_driver_cmd: wlan0: private command: BTCOEXSCAN-STOP
06-10 20:01:51.994 523 583 D xm_audio: adev_get_parameters
06-10 20:01:51.995 523 583 D xm_audio: adev_get_parameters
06-10 20:01:52.000 523 583 D xm_audio: adev_get_parameters
06-10 20:01:52.001 523 583 D xm_audio: adev_get_parameters
06-10 20:01:52.006 523 583 D xm_audio: adev_get_parameters
06-10 20:01:52.007 536 536 D hdmicecd: [CEC]:printCecMessage, [4 -> f] len: 4, body: 84 20 00 04, result:success
06-10 20:01:52.007 536 536 E IPCThreadState: binder thread pool (1 threads) starved for 155 ms
06-10 20:01:52.007 740 953 D HDMI : [S]: 4F:87:1C:A4:10
06-10 20:01:52.008 523 583 D xm_audio: adev_get_parameters
06-10 20:01:52.016 523 583 D xm_audio: adev_get_parameters
06-10 20:01:52.017 523 4177 D xm_audio: adev_get_parameters
06-10 20:01:52.021 524 524 D bt_vendor: aml_reset_bt
06-10 20:01:52.022 523 4177 D xm_audio: adev_get_parameters
06-10 20:01:52.023 523 4177 D xm_audio: adev_get_parameters
06-10 20:01:52.028 1550 1904 D CompatibilityChangeReporter: Compat change id reported: 247079863; UID 1000; state: DISABLED
06-10 20:01:52.029 523 4177 D xm_audio: adev_get_parameters
06-10 20:01:52.030 523 4177 D xm_audio: adev_get_parameters
06-10 20:01:52.035 1550 1904 D TrafficStats: tagSocket(102) with statsTag=0xffffffff, statsUid=-1
06-10 20:01:52.036 523 4177 D xm_audio: adev_get_parameters
06-10 20:01:52.037 524 524 D bt_vendor: aml_reset_bt end
06-10 20:01:52.038 523 583 D xm_audio: adev_get_parameters
06-10 20:01:52.039 1550 1902 W SQLiteLog: (28) double-quoted string literal: "092F51DD7DD2E1B49F1EA58C16E3FA91"
06-10 20:01:52.043 1550 1902 W SQLiteLog: (28) double-quoted string literal: "092F51DD7DD2E1B49F1EA58C16E3FA91"
06-10 20:01:52.043 1550 1902 W SQLiteLog: (28) double-quoted string literal: ""
06-10 20:01:52.044 1550 1902 W SQLiteLog: (28) double-quoted string literal: "092F51DD7DD2E1B49F1EA58C16E3FA91"
06-10 20:01:52.044 1550 1902 W SQLiteLog: (28) double-quoted string literal: "-1"
06-10 20:01:52.046 523 4177 D xm_audio: adev_get_parameters
06-10 20:01:52.049 523 4177 D xm_audio: adev_get_parameters
06-10 20:01:52.053 523 4177 D xm_audio: adev_get_parameters
06-10 20:01:52.054 523 4177 D xm_audio: adev_get_parameters
06-10 20:01:52.057 982 1358 I vol.Events: writeEvent level_changed STREAM_RING 55
06-10 20:01:52.063 523 4177 D xm_audio: adev_get_parameters
06-10 20:01:52.064 523 4177 D xm_audio: adev_get_parameters
06-10 20:01:52.070 523 4177 D xm_audio: adev_get_parameters
06-10 20:01:52.073 523 583 D xm_audio: adev_get_parameters
06-10 20:01:52.078 523 583 D xm_audio: adev_get_parameters
06-10 20:01:52.080 523 583 D xm_audio: adev_get_parameters
06-10 20:01:52.086 523 4177 D xm_audio: adev_get_parameters
06-10 20:01:52.088 523 4177 D xm_audio: adev_get_parameters
06-10 20:01:52.093 523 4177 D xm_audio: adev_get_parameters
06-10 20:01:52.094 523 4177 D xm_audio: adev_get_parameters
06-10 20:01:52.097 1550 1902 W SQLiteLog: (28) double-quoted string literal: "726F7AFE00C31CA70AFBEE1B4A6F1C37"
06-10 20:01:52.099 523 4177 D xm_audio: adev_get_parameters
06-10 20:01:52.101 523 583 D xm_audio: adev_get_parameters
06-10 20:01:52.105 1550 1902 D MobclickAgent: 创建新会话: 092F51DD7DD2E1B49F1EA58C16E3FA91
06-10 20:01:52.107 523 583 D xm_audio: adev_get_parameters
06-10 20:01:52.108 523 583 D xm_audio: adev_get_parameters
06-10 20:01:52.112 523 583 D xm_audio: adev_get_parameters
06-10 20:01:52.117 523 583 D xm_audio: adev_get_parameters
06-10 20:01:52.122 523 583 D xm_audio: adev_get_parameters
06-10 20:01:52.123 523 583 D xm_audio: adev_get_parameters
06-10 20:01:52.142 523 583 D xm_audio: adev_get_parameters
06-10 20:01:52.143 523 583 D xm_audio: adev_get_parameters
06-10 20:01:52.146 982 1358 I vol.Events: writeEvent level_changed STREAM_SYSTEM 55
06-10 20:01:52.150 982 1358 I vol.Events: writeEvent level_changed STREAM_VOICE_CALL 55
06-10 20:01:52.153 982 1358 I vol.Events: writeEvent level_changed STREAM_MUSIC 11
06-10 20:01:52.154 982 982 D vol.VolumeDialogImpl: getIconResWithStream levelMax:20 levelMin:0 level:11 getImpliedLevel:3 stream:3
06-10 20:01:52.155 982 982 D vol.VolumeDialogImpl: getIconResWithStream levelMax:20 levelMin:0 level:11 getImpliedLevel:11 stream:3
06-10 20:01:52.155 524 524 D bt_vendor: aml_disbt_configure read rsp [0x4, 0xe, 0x8, 0x1, 0xf0, 0xfc, 0, 0, 0, 0, 0, 0]
06-10 20:01:52.162 536 536 D hdmicecd: [CEC]:printCecMessage, [4 -> f] len: 4, body: 87 1c a4 10, result:success
06-10 20:01:52.163 536 536 E IPCThreadState: binder thread pool (1 threads) starved for 155 ms
06-10 20:01:52.163 740 953 D HDMI : [S]: 40:8C
06-10 20:01:52.171 524 524 D bt_vendor: aml_disbt_configure end
06-10 20:01:52.171 524 524 D bt_userial_vendor: SJD userial_vendor_close 9
06-10 20:01:52.171 524 524 D bt_userial_vendor: device fd = 9 close
06-10 20:01:52.171 524 524 D bt_userial_vendor: SJD userial_vendor_closed
06-10 20:01:52.171 524 524 D bt_vendor: op for 0
06-10 20:01:52.171 524 524 D bt_vendor: === power off BT ===
06-10 20:01:52.171 524 524 D bt_upio : is_emulator_context : 0
06-10 20:01:52.171 524 524 D bt_upio : is_rfkill_disabled ? [0]
