06-10 19:56:43.272 740 1936 W ActivityManager: Foreground service started from background can not have location/camera/microphone access: service com.dangbei.screencast/.startup.GuardService
06-10 19:56:43.273 740 1936 D CompatibilityChangeReporter: Compat change id reported: 255038118; UID 10043; state: DISABLED
06-10 19:56:43.273 740 1936 D CompatibilityChangeReporter: Compat change id reported: 255042465; UID 10043; state: DISABLED
06-10 19:56:43.274 740 1936 W ForegroundServiceTypeLoggerModule: Foreground service start for UID: 10043 does not have any types
06-10 19:56:45.119 740 1936 I ActivityManager: Process com.dangbei.screencast (pid 2795) has died: prcp FGS
06-10 19:56:45.120 740 1936 D CompatibilityChangeReporter: Compat change id reported: 261072174; UID 10043; state: DISABLED
06-10 19:56:45.122 740 1936 W ActivityManager: Scheduling restart of crashed service com.dangbei.screencast/.startup.StartupService in 1000ms for start-requested
06-10 19:56:45.122 740 1936 W ActivityManager: Scheduling restart of crashed service com.dangbei.screencast/.huaweicast.service.HuaweiCastService in 10999ms for start-requested
06-10 19:56:45.164 740 1136 I ActivityManager: Process com.huawei.connection (pid 3068) has died: fg SVC
06-10 19:56:45.527 740 873 D ActivityManager: freezing 2143 com.android.permissioncontroller
06-10 19:56:46.123 740 815 D CompatibilityChangeReporter: Compat change id reported: 135634846; UID 10043; state: DISABLED
06-10 19:56:46.124 740 816 D CompatibilityChangeReporter: Compat change id reported: 143937733; UID 10043; state: DISABLED
06-10 19:56:46.137 740 816 I ActivityManager: Start proc 3735:com.dangbei.screencast/u0a43 for service {com.dangbei.screencast/com.dangbei.screencast.startup.StartupService}
06-10 19:56:46.335 740 1137 W ActivityManager: Foreground service started from background can not have location/camera/microphone access: service com.dangbei.screencast/.startup.StartupService
06-10 19:56:46.335 740 1137 I ActivityManager: Background started FGS: Allowed [callingPackage: com.dangbei.screencast; callingUid: 10043; uidState: BTOP; uidBFSL: [BFSL]; intent: Intent { act=com.dangbei.screencast.STARTUP pkg=com.dangbei.screencast }; code:PROC_STATE_BTOP; tempAllowListReason:; targetSdkVersion:28; callerTargetSdkVersion:28; startForegroundCount:1; bindFromPackage:null: isBindService:true]
06-10 19:56:46.417 740 1136 W ActivityManager: Foreground service started from background can not have location/camera/microphone access: service com.dangbei.screencast/.huaweicast.service.HuaweiCastService
06-10 19:56:50.281 740 1137 D OomAdjuster: Not killing cached processes
06-10 19:56:51.410 740 1261 D CompatibilityChangeReporter: Compat change id reported: 135634846; UID 10043; state: DISABLED
06-10 19:56:51.411 740 816 D CompatibilityChangeReporter: Compat change id reported: 143937733; UID 10043; state: DISABLED
06-10 19:56:51.424 740 816 I ActivityManager: Start proc 3893:com.huawei.connection/u0a43 for service {com.dangbei.screencast/com.huawei.connection.service.NearFieldManagerService}
06-10 19:56:52.230 740 815 W ActivityManager: Stopping service due to app idle: u0a75 -1m13s237ms com.xiaodianshi.tv.yst/com.bilibili.lib.neuron.internal.NeuronRemoteService
06-10 19:56:52.234 740 860 D CompatibilityChangeReporter: Compat change id reported: 265195908; UID 10075; state: ENABLED
06-10 19:56:53.070 740 873 D ActivityManager: freezing 2262 com.android.providers.calendar
06-10 19:56:53.320 740 1932 I ActivityManager: Process com.dangbei.screencast:bg_guard (pid 3620) has died: prcp FGS
06-10 19:56:53.321 740 1932 W ForegroundServiceTypeLoggerModule: FGS stop call for: 10043 has no types!
06-10 19:56:53.323 740 1932 W ProcessStats: Tracking association SourceState{177183f com.ktcp.video:daemon/10078 Fgs #576} whose proc state 3 is better than process ProcessState{b77e520 com.ktcp.video/10078 pkg=com.ktcp.video} proc state 10 (2 skipped)
06-10 19:57:00.958 740 740 D HDMI : [R]: 04:8F
06-10 19:57:00.959 740 953 D HDMI : [S]: 40:90:00
06-10 19:57:02.166 320 3953 I keystore2: system/security/keystore2/src/watchdog.rs:319 - Watchdog thread idle -> terminating. Have a great day.
06-10 19:57:02.274 740 873 D ActivityManager: freezing 2440 com.xiaodianshi.tv.yst:stats
06-10 19:57:06.134 740 740 V HotPlugDetectionAction: Poll all devices.
06-10 19:57:06.532 740 740 D HdmiCecController: [P]:AllocatedAddress=[0]
06-10 19:57:13.063 740 860 D OomAdjuster: Not killing cached processes
06-10 19:57:13.065 740 860 W ProcessStats: Tracking association SourceState{177183f com.ktcp.video:daemon/10078 Fgs #578} whose proc state 3 is better than process ProcessState{b77e520 com.ktcp.video/10078 pkg=com.ktcp.video} proc state 10 (0 skipped)
06-10 19:57:15.771 740 740 D HDMI : [R]: 0F:36
06-10 19:57:15.771 740 740 I HDMI : Hdmi cec standby
06-10 19:57:15.772 740 740 I PowerGroup: Powering off display group due to hdmi (groupId= 0, uid= 1000, millisSinceLastUserActivity=3301, lastUserActivityEvent=other)...
06-10 19:57:15.774 740 740 I PowerManagerService: Going to sleep due to hdmi (uid 1000, screenOffTimeout=300000, activityTimeoutWM=-1, maxDimRatio=0.20000005, maxDimDur=7000)...
06-10 19:57:15.776 740 740 D WindowManager: updateCecScreenStatus 1
06-10 19:57:15.778 740 740 D HDMI : setCecSettingIntValue name:cec_screen_state, value:1
06-10 19:57:15.780 740 740 I HDMI : screen state is changing to 1
06-10 19:57:15.780 740 740 D HDMI : onStandby action:0, current power:0 initiatedByCec:true
06-10 19:57:15.780 740 740 D HDMI : standby acquireWakeLock 0
06-10 19:57:15.780 740 740 D HDMI : standby releaseWakeLock
06-10 19:57:15.785 740 740 V HdmiControlService: On standby-action cleared:4
06-10 19:57:15.785 740 740 V HdmiControlService: onPendingActionsCleared
06-10 19:57:15.785 740 740 D HDMI : setActiveSource logical:0xffffffff physical:0xffff HdmiCecLocalDevicePlayback#onStandby()
06-10 19:57:15.787 740 740 D HDMI : ActiveSourceHistoryRecord active source=(invalid, invalid) isActiveSource=false from=HdmiCecLocalDevicePlayback#onStandby()
06-10 19:57:15.787 740 740 D HDMI : onStandby sendStandbyNoneActive:false, wasActiveSource:true
06-10 19:57:15.787 740 740 D HDMI : onStandby sendStandbyNoneActive:false, wasActiveSource:true
06-10 19:57:15.787 740 740 I HDMI : onStandby finally completed
06-10 19:57:15.789 740 740 D HDMI : enableSystemCecControl: false
06-10 19:57:15.803 740 740 D HdmiControlService: Switching to full volume behavior
06-10 19:57:15.803 740 953 D HDMI : standby releaseWakeLock
06-10 19:57:15.803 740 740 D HdmiControlService: Switching to full volume behavior
06-10 19:57:16.216 740 832 I DisplayPowerController2[0]: Blocking screen off
06-10 19:57:16.216 740 832 I DisplayPowerController2[0]: Unblocked screen off after 1 ms
06-10 19:57:16.217 740 832 D ActivityTaskManager: Top Process State changed to PROCESS_STATE_TOP_SLEEPING
06-10 19:57:16.221 740 832 I DisplayBrightnessStrategySelector: Changing the DisplayBrightnessStrategy from InvalidBrightnessStrategy toScreenOffBrightnessStrategy for display 0
06-10 19:57:16.224 740 832 V DisplayPowerController2[0]: Brightness [0.0] reason changing to: 'screen_off', previous reason: 'manual'.
06-10 19:57:16.224 740 832 I DisplayPowerController2[0]: BrightnessEvent: disp=0, physDisp=local:4639170348389509643, brt=0.0, initBrt=0.39763778, rcmdBrt=NaN, preBrt=NaN, lux=0.0, preLux=0.0, hbmMax=1.0, hbmMode=off, rbcStrength=0, thrmMax=1.0, powerFactor=1.0, wasShortTermModelActive=false, flags=, reason=screen_off, autoBrightness=false, strategy=ScreenOffBrightnessStrategy
06-10 19:57:16.226 740 807 I DisplayDeviceRepository: Display device changed state: "内置屏幕", OFF
06-10 19:57:16.228 982 1132 V WindowManagerShell: Transition requested: android.os.BinderProxy@206f7ae TransitionRequestInfo { type = 12, triggerTask = null, remoteTransition = null, displayChange = null, flags = 0 }
06-10 19:57:16.228 740 804 V WindowManager: Sent Transition #5 createdAt=06-10 19:57:16.218 via request=TransitionRequestInfo { type = 12, triggerTask = null, remoteTransition = null, displayChange = null, flags = 0 }
06-10 19:57:16.229 740 1137 W Transition: Transition already started id=5 state=2
06-10 19:57:16.229 982 1132 V WindowManagerShell: onTransitionReady android.os.BinderProxy@206f7ae: {id=5 t=SLEEP f=0x0 trk=0 r=[] c=[]}
06-10 19:57:16.229 982 1132 V WindowManagerShell: No transition roots in (#5)android.os.BinderProxy@206f7ae@0 so abort
06-10 19:57:16.230 740 804 V WindowManager: startWCT=WindowContainerTransaction { changes = {} hops = [] errorCallbackToken=null taskFragmentOrganizer=null }
06-10 19:57:16.230 740 804 V WindowManager: info={id=5 t=SLEEP f=0x0 trk=0 r=[] c=[]}
06-10 19:57:16.231 982 1132 V WindowManagerShell: Transition animation finished (aborted=true), notifying core (#5)android.os.BinderProxy@206f7ae@0
06-10 19:57:16.235 982 1132 V WindowManagerShell: Track 0 became idle
06-10 19:57:16.235 982 1132 V WindowManagerShell: All active transition animations finished
06-10 19:57:16.236 740 808 I DisplayDevice: [0] Layerstack set to -1 for local:4639170348389509643
06-10 19:57:16.246 740 804 V WindowManager: Finish Transition #5: created at
06-10 19:57:16.218 collect-started=0.073ms request-sent=0.236ms started=0.508ms ready=0.502ms sent=0.826ms finished=14.031ms
06-10 19:57:16.343 982 1132 D WindowManagerShell: TvPipController: onTaskStackChanged()
06-10 19:57:16.415 740 807 I DisplayDeviceRepository: Display device changed state: "内置屏幕", OFF
06-10 19:57:16.420 740 832 I PowerGroup: Sleeping power group (groupId=0, uid=1000, reason=timeout)...
06-10 19:57:16.421 740 832 I PowerManagerService: Sleeping (uid 1000)...
06-10 19:57:16.426 1550 1550 W VRI[LauncherActivity]: Cancelling event (window is stopped):MotionEvent { action=ACTION_CANCEL, actionButton=0, id[0]=0, x[0]=1856.9941, y[0]=1099.9492, toolType[0]=TOOL_TYPE_MOUSE, buttonState=0, classification=NONE, metaState=0, flags=0x0, edgeFlags=0x0, pointerCount=1, historySize=0, eventTime=128508, downTime=0, deviceId=5, source=0x2002, displayId=0, eventId=1317341240 }
06-10 19:57:16.426 1550 1550 W VRI[LauncherActivity]: Cancelling event (window is stopped):MotionEvent { action=ACTION_CANCEL, actionButton=0, id[0]=0, x[0]=1856.9941, y[0]=1099.9492, toolType[0]=TOOL_TYPE_MOUSE, buttonState=0, classification=NONE, metaState=0, flags=0x0, edgeFlags=0x0, pointerCount=1, historySize=0, eventTime=128508, downTime=0, deviceId=5, source=0x2002, displayId=0, eventId=1317341240 }
06-10 19:57:16.426 1550 1550 W VRI[LauncherActivity]: Cancelling event (window is stopped):MotionEvent { action=ACTION_CANCEL, actionButton=0, id[0]=0, x[0]=1856.9941, y[0]=1099.9492, toolType[0]=TOOL_TYPE_MOUSE, buttonState=0, classification=NONE, metaState=0, flags=0x0, edgeFlags=0x0, pointerCount=1, historySize=0, eventTime=128508, downTime=0, deviceId=5, source=0x2002, displayId=0, eventId=1317341240 }
06-10 19:57:16.427 1550 1550 D VRI[LauncherActivity]: updatePointerIcon called with position out of bounds
06-10 19:57:16.427 1550 1550 W VRI[LauncherActivity]: Cancelling event (window is stopped):MotionEvent { action=ACTION_CANCEL, actionButton=0, id[0]=0, x[0]=1856.9941, y[0]=1099.9492, toolType[0]=TOOL_TYPE_MOUSE, buttonState=0, classification=NONE, metaState=0, flags=0x0, edgeFlags=0x0, pointerCount=1, historySize=0, eventTime=128508, downTime=0, deviceId=5, source=0x2002, displayId=0, eventId=1317341240 }
06-10 19:57:16.452 740 740 I PowerManagerService: onFlip(): Face up.
06-10 19:57:16.478 740 807 D LocalDisplayAdapter: The active mode was changed from SurfaceFlinger or the display device to {id=30, width=3840, height=2160, fps=50.0, alternativeRefreshRates=[], supportedHdrTypes=[]}
06-10 19:57:16.478 740 807 D LocalDisplayAdapter: New display modes are added and the active mode has changed, use active mode as default mode.
06-10 19:57:16.478 740 807 W LocalDisplayAdapter: DisplayModeSpecs base mode no longer available, using currently active mode.
06-10 19:57:16.480 740 807 I DisplayDeviceRepository: Display device changed: DisplayDeviceInfo{"内置屏幕": uniqueId="local:4639170348389509643", 3840 x 2160, modeId 20, renderFrameRate 50.0, defaultModeId 20, supportedModes [{id=16, width=1920, height=1080, fps=59.94006, alternativeRefreshRates=[], supportedHdrTypes=[2]}, {id=17, width=1920, height=1080, fps=60.000004, alternativeRefreshRates=[], supportedHdrTypes=[2]}, {id=18, width=3840, height=2160, fps=59.94006, alternativeRefreshRates=[], supportedHdrTypes=[2]}, {id=19, width=3840, height=2160, fps=60.000004, alternativeRefreshRates=[], supportedHdrTypes=[2]}, {id=20, width=3840, height=2160, fps=50.0, alternativeRefreshRates=[], supportedHdrTypes=[2]}, {id=21, width=3840, height=2160, fps=29.97003, alternativeRefreshRates=[], supportedHdrTypes=[2]}, {id=22, width=3840, height=2160, fps=30.000002, alternativeRefreshRates=[], supportedHdrTypes=[2]}, {id=23, width=3840, height=2160, fps=25.0, alternativeRefreshRates=[], supportedHdrTypes=[2]}, {id=24, width=3840, height=2160, fps=23.976025, alternativeRefreshRates=[], supportedHdrTypes=[2]}, {id=25, width=3840, height=2160, fps=24.000002, alternativeRefreshRates=[], supportedHdrTypes=[2]}, {id=26, width=1920, height=1080, fps=50.0, alternativeRefreshRates=[], supportedHdrTypes=[2]}, {id=27, width=1280, height=720, fps=59.94006, alternativeRefreshRates=[], supportedHdrTypes=[2]}, {id=28, width=1280, height=720, fps=60.000004, alternativeRefreshRates=[], supportedHdrTypes=[2]}, {id=29, width=1280, height=720, fps=50.0, alternativeRefreshRates=[], supportedHdrTypes=[2]}], colorMode 0, supportedColorModes [0], hdrCapabilities HdrCapabilities{mSupportedHdrTypes=[2], mMaxLuminance=500.0, mMaxAverageLuminance=500.0, mMinLuminance=0.0}, allmSupported false, gameContentTypeSupported true, density 480, 79.947 x 79.513 dpi, appVsyncOff 2000000, presDeadline 17000000, touch INTERNAL, rotation 0, type INTERNAL, address {port=11, model=0x4061a4da3c482a}, deviceProductInfo DeviceProductInfo{name=Mi TV, manufacturerPnpId=XMD, productId=74, modelYear=null, manufactureDate=ManufactureDate{week=13, year=2019}, connectionToSinkType=2}, state OFF, committedState OFF, frameRateOverride , brightnessMinimum 0.0, brightnessMaximum 1.0, brightnessDefault 0.39763778, hdrSdrRatio NaN, FLAG_ALLOWED_TO_BE_DEFAULT_DISPLAY, FLAG_ROTATES_WITH_CONTENT, FLAG_SECURE, FLAG_SUPPORTS_PROTECTED_BUFFERS, FLAG_TRUSTED, installOrientation 0, displayShape DisplayShape{ spec=-545313861 displayWidth=3840 displayHeight=2160 physicalPixelDisplaySizeRatio=1.0 rotation=0 offsetX=0 offsetY=0 scale=1.0}}
06-10 19:57:16.486 740 808 W LocalDisplayAdapter: Ignoring request for invalid base mode id 20
06-10 19:57:16.489 740 807 I DisplayDeviceRepository: Display device changed: DisplayDeviceInfo{"内置屏幕": uniqueId="local:4639170348389509643", 3840 x 2160, modeId 30, renderFrameRate 50.0, defaultModeId 30, supportedModes [{id=30, width=3840, height=2160, fps=50.0, alternativeRefreshRates=[], supportedHdrTypes=[]}], colorMode 0, supportedColorModes [0], hdrCapabilities HdrCapabilities{mSupportedHdrTypes=[], mMaxLuminance=500.0, mMaxAverageLuminance=500.0, mMinLuminance=0.0}, allmSupported false, gameContentTypeSupported true, density 480, 79.947 x 79.513 dpi, appVsyncOff 2000000, presDeadline 17000000, touch INTERNAL, rotation 0, type INTERNAL, address {port=11, model=0x4061a4da3c482a}, deviceProductInfo DeviceProductInfo{name=Linux FHD, manufacturerPnpId=LNX, productId=0, modelYear=null, manufactureDate=ManufactureDate{week=5, year=2012}, connectionToSinkType=0}, state OFF, committedState OFF, frameRateOverride , brightnessMinimum 0.0, brightnessMaximum 1.0, brightnessDefault 0.39763778, hdrSdrRatio NaN, FLAG_ALLOWED_TO_BE_DEFAULT_DISPLAY, FLAG_ROTATES_WITH_CONTENT, FLAG_SECURE, FLAG_SUPPORTS_PROTECTED_BUFFERS, FLAG_TRUSTED, installOrientation 0, displayShape DisplayShape{ spec=-545313861 displayWidth=3840 displayHeight=2160 physicalPixelDisplaySizeRatio=1.0 rotation=0 offsetX=0 offsetY=0 scale=1.0}}
06-10 19:57:16.507 740 740 D HDMI : receive android.intent.action.SCREEN_OFF
06-10 19:57:16.529 740 740 I MR2ServiceImpl: removeProviderRoutes | provider: com.android.server.media/.SystemMediaRoute2Provider, routes: [A4:39:B3:64:F5:7A | 小爱音箱-3073]
06-10 19:57:25.598 740 886 I PowerGroup: Waking up power group from Asleep (groupId=0, uid=1000, reason=WAKE_REASON_POWER_BUTTON, details=android.policy:POWER)...
06-10 19:57:25.599 740 886 I PowerManagerService: Waking up from Asleep (uid=1000, reason=WAKE_REASON_POWER_BUTTON, details=android.policy:POWER)...
06-10 19:57:25.604 740 805 D CompatibilityChangeReporter: Compat change id reported: 173031413; UID 1000; state: ENABLED
06-10 19:57:25.605 740 805 D CompatibilityChangeReporter: Compat change id reported: 173031413; UID 1000; state: DISABLED
06-10 19:57:25.606 740 740 D WindowManager: updateCecScreenStatus 0
06-10 19:57:25.606 740 740 D HDMI : setCecSettingIntValue name:cec_screen_state, value:0
06-10 19:57:25.606 740 740 E ActivityManager: Cancel pending or running compactions as system is awake
06-10 19:57:25.608 740 740 I HDMI : screen state is changing to 0
06-10 19:57:25.608 740 740 D HDMI : onWakeUp action:0, current power status:1
06-10 19:57:25.613 740 740 D HDMI : enableSystemCecControl: true
06-10 19:57:25.619 740 805 D WindowManager: powerPress: eventTime=129333 interactive=true count=1 beganFromNonInteractive=true mShortPressOnPowerBehavior=8
06-10 19:57:25.619 740 805 D WindowManager: definedPowerKey=8,ddrWindow=false
06-10 19:57:25.923 740 832 I DisplayPowerController2[0]: Blocking screen on until initial contents have been drawn.
06-10 19:57:25.923 740 832 D ActivityTaskManager: Top Process State changed to PROCESS_STATE_TOP
06-10 19:57:25.924 740 740 W Looper : Slow dispatch took 316ms main h=android.os.Handler c=com.android.server.hdmi.WorkSourceUidPreservingRunnable@359b4d0 m=0
06-10 19:57:25.924 740 832 E TransitionController: Set visible without transition ActivityRecord{bc32a2f u0 com.dangbei.leard.leradlauncher/com.dangbei.launcher.home.LauncherActivity t84} playing=false caller=com.android.server.wm.TaskFragment.resumeTopActivity:1413
06-10 19:57:25.925 740 740 W Looper : Slow delivery took 308ms main h=com.android.server.power.Notifier$NotifierHandler c=null m=2
06-10 19:57:25.927 740 740 W Looper : Drained
06-10 19:57:25.930 740 832 V WindowManager: app ------------- force_land :0
06-10 19:57:25.931 740 832 I DisplayBrightnessStrategySelector: Changing the DisplayBrightnessStrategy from ScreenOffBrightnessStrategy toInvalidBrightnessStrategy for display 0
06-10 19:57:25.933 740 807 D OomAdjuster: Not killing cached processes
06-10 19:57:25.934 740 832 V DisplayPowerController2[0]: Brightness [0.39763778] reason changing to: 'manual', previous reason: 'screen_off'.
06-10 19:57:25.934 740 832 I DisplayPowerController2[0]: BrightnessEvent: disp=0, physDisp=local:4639170348389509643, brt=0.39763778, initBrt=0.0, rcmdBrt=NaN, preBrt=NaN, lux=0.0, preLux=0.0, hbmMax=1.0, hbmMode=off, rbcStrength=0, thrmMax=1.0, powerFactor=1.0, wasShortTermModelActive=false, flags=, reason=manual, autoBrightness=false, strategy=InvalidBrightnessStrategy
06-10 19:57:25.934 740 832 I DisplayPowerController2[0]: Unblocked screen on after 11 ms
06-10 19:57:25.941 740 807 I DisplayDeviceRepository: Display device changed state: "内置屏幕", ON
06-10 19:57:25.946 740 1932 I DisplayDevice: [0] Layerstack set to 0 for local:4639170348389509643
06-10 19:57:25.954 740 832 W PowerManagerService: Screen on took 1105 ms
06-10 19:57:25.969 740 807 I DisplayDeviceRepository: Display device changed state: "内置屏幕", ON
06-10 19:57:26.050 740 805 W ContextImpl: Calling a method in the system process without a qualified user: android.app.ContextImpl.startService:1899 com.android.server.wm.DisplayPolicy.lambda$focusChangedLw$5:2126 com.android.server.wm.DisplayPolicy.$r8$lambda$Znxk63oh-WzVnzo_WQefN7uxV48:0 com.android.server.wm.DisplayPolicy$$ExternalSyntheticLambda13.run:0 android.os.Handler.handleCallback:958
06-10 19:57:26.064 740 740 D HDMI : receive android.intent.action.SCREEN_ON
06-10 19:57:26.134 740 953 D HDMI : New logical address for device [4]: [preferred:4, assigned:4]
06-10 19:57:26.137 740 740 D HDMI : addCecDevice new:CEC: logical_address: 0x04 device_type: 4 cec_version: 5 vendor_id: 1877008 display_name: DBBOX-A3 power_status: 0 physical_address: 0x2000 port_id: 0 old:null
06-10 19:57:26.146 740 740 D HDMI : onInitializeCecComplete 2
06-10 19:57:26.146 740 740 D HDMI : oneTouchPlay com.android.server.hdmi.OneTouchPlayAction@8c49ce7
06-10 19:57:26.146 740 740 I HDMI : Not ready to start action. Queued for deferred start:com.android.server.hdmi.OneTouchPlayAction@8c49ce7
06-10 19:57:26.147 740 740 D HdmiControlService: Local device is under address allocation. Queue display callback for later process.
06-10 19:57:26.147 740 740 D HDMI : onAddressAllocated address:4 reason:2
06-10 19:57:26.148 740 740 D HDMI : DeviceDiscoveryAction start com.android.server.hdmi.DeviceDiscoveryAction@52f6094
06-10 19:57:26.148 740 740 I HdmiCecLocalDevice: Starting queued action:com.android.server.hdmi.OneTouchPlayAction@8c49ce7
06-10 19:57:26.149 740 740 D HDMI : setActiveSource logical:0x04 physical:0x2000 OneTouchPlayAction#broadcastActiveSource()
06-10 19:57:26.149 740 953 D HDMI : [S]: 4F:84:20:00:04
06-10 19:57:26.154 740 740 D HDMI : ActiveSourceHistoryRecord active source=(0x04, 0x2000) isActiveSource=true from=OneTouchPlayAction#broadcastActiveSource()
06-10 19:57:26.154 740 740 D HDMI : setActiveSource logical:0x04 physical:0x2000 ActiveSourceAction
06-10 19:57:26.156 740 740 D HDMI : ActiveSourceHistoryRecord active source=(0x04, 0x2000) isActiveSource=true from=ActiveSourceAction
06-10 19:57:26.167 740 740 D HdmiControlService: Switching to full volume behavior
06-10 19:57:26.168 740 740 D HdmiControlService: Switching to full volume behavior
06-10 19:57:26.252 740 1136 I ActivityManager: Process com.android.bluetooth (pid 1143) has died: psvc PER
06-10 19:57:26.254 740 2000 I MediaSessionStack: removeSession | record: com.android.bluetooth/BluetoothMediaBrowserService (userId=0)
06-10 19:57:26.259 740 1136 W ActivityManager: Scheduling restart of crashed service com.android.bluetooth/.btservice.AdapterService in 1000ms for connection
06-10 19:57:26.260 740 1136 W ActivityManager: Scheduling restart of crashed service com.android.bluetooth/.gatt.GattService in 11000ms for connection
06-10 19:57:26.260 740 805 D DisplayManagerService: Drop pending events for gone uid 1002
06-10 19:57:26.273 740 2003 I MediaSessionStack: removeSession | record: com.android.bluetooth/BluetoothMediaBrowserService (userId=0)
06-10 19:57:26.307 740 953 D HDMI : [S]: 4F:87:1C:A4:10
06-10 19:57:26.381 740 807 D LocalDisplayAdapter: The active mode was changed from SurfaceFlinger or the display device to {id=35, width=3840, height=2160, fps=50.0, alternativeRefreshRates=[], supportedHdrTypes=[2]}
06-10 19:57:26.381 740 807 D LocalDisplayAdapter: New display modes are added and the active mode has changed, use active mode as default mode.
06-10 19:57:26.381 740 807 W LocalDisplayAdapter: DisplayModeSpecs base mode no longer available, using currently active mode.
06-10 19:57:26.382 740 807 I DisplayDeviceRepository: Display device changed: DisplayDeviceInfo{"内置屏幕": uniqueId="local:4639170348389509643", 3840 x 2160, modeId 30, renderFrameRate 50.0, defaultModeId 30, supportedModes [{id=30, width=3840, height=2160, fps=50.0, alternativeRefreshRates=[], supportedHdrTypes=[]}], colorMode 0, supportedColorModes [0], hdrCapabilities HdrCapabilities{mSupportedHdrTypes=[], mMaxLuminance=500.0, mMaxAverageLuminance=500.0, mMinLuminance=0.0}, allmSupported false, gameContentTypeSupported true, density 480, 79.947 x 79.513 dpi, appVsyncOff 2000000, presDeadline 17000000, touch INTERNAL, rotation 0, type INTERNAL, address {port=11, model=0x4061a4da3c482a}, deviceProductInfo DeviceProductInfo{name=Linux FHD, manufacturerPnpId=LNX, productId=0, modelYear=null, manufactureDate=ManufactureDate{week=5, year=2012}, connectionToSinkType=0}, state ON, committedState ON, frameRateOverride , brightnessMinimum 0.0, brightnessMaximum 1.0, brightnessDefault 0.39763778, hdrSdrRatio NaN, FLAG_ALLOWED_TO_BE_DEFAULT_DISPLAY, FLAG_ROTATES_WITH_CONTENT, FLAG_SECURE, FLAG_SUPPORTS_PROTECTED_BUFFERS, FLAG_TRUSTED, installOrientation 0, displayShape DisplayShape{ spec=-545313861 displayWidth=3840 displayHeight=2160 physicalPixelDisplaySizeRatio=1.0 rotation=0 offsetX=0 offsetY=0 scale=1.0}}
06-10 19:57:26.459 740 953 D HDMI : [S]: 40:8C
06-10 19:57:26.538 740 953 D HDMI : [S]: 40:47:44:42:42:4F:58:2D:41:33
06-10 19:57:26.658 740 887 D CompatibilityChangeReporter: Compat change id reported: 135634846; UID 1002; state: DISABLED
06-10 19:57:26.674 740 816 I ActivityManager: Start proc 4203:com.android.bluetooth/1002 for service {com.android.bluetooth/com.android.bluetooth.btservice.AdapterService}
06-10 19:57:26.678 740 740 D HDMI : [R]: 0F:87:00:00:00
06-10 19:57:26.679 740 740 D HDMI : addCecDevice new:CEC: logical_address: 0x00 device_type: 0 cec_version: 5 vendor_id: 16777215 display_name: TV power_status: -1 physical_address: 0xFFFF port_id: -1 old:null
06-10 19:57:26.681 740 740 D HdmiControlService: Switching to full volume behavior
06-10 19:57:26.704 740 1932 D CompatibilityChangeReporter: Compat change id reported: 168419799; UID 1002; state: DISABLED
06-10 19:57:26.704 740 1932 D CompatibilityChangeReporter: Compat change id reported: 273564678; UID 1002; state: DISABLED
06-10 19:57:26.706 740 860 D CompatibilityChangeReporter: Compat change id reported: 265195908; UID 1002; state: ENABLED
06-10 19:57:26.793 4203 4203 E ActivityThread: Failed to find provider info for bluetooth_legacy.provider
06-10 19:57:26.820 740 1932 D CompatibilityChangeReporter: Compat change id reported: 161145287; UID 1002; state: ENABLED
06-10 19:57:26.966 740 953 D HDMI : [S]: 45:7D
06-10 19:57:27.082 740 953 E HDMI : [2]:Failed to send 45:7D with errorCode=1
06-10 19:57:27.082 740 740 D HDMI : AVR did not respond to
06-10 19:57:27.083 740 740 D HdmiControlService: Switching to full volume behavior
06-10 19:57:27.138 740 953 D HDMI : [S]: 40:0D
06-10 19:57:27.218 740 953 D HDMI : [S]: 4F:82:20:00
06-10 19:57:27.347 740 953 D HDMI : [S]: 40:8E:00
06-10 19:57:27.451 740 953 D HDMI : [S]: 45:70:20:00
06-10 19:57:27.566 740 953 E HDMI : [1]:Failed to send 45:70:20:00 with errorCode=1
06-10 19:57:27.566 740 953 D HDMI : [S]: 40:8F
06-10 19:57:27.646 740 953 D HDMI : [S]: 40:8F
06-10 19:57:27.738 740 740 D HDMI : [R]: 04:90:01
06-10 19:57:27.739 740 740 D HDMI : queryDisplayStatus status=1
06-10 19:57:27.739 740 740 D AudioService: onStatusChange cecEnabled:true available:true
06-10 19:57:27.813 740 4193 D CompatibilityChangeReporter: Compat change id reported: 261072174; UID 1002; state: ENABLED
06-10 19:57:27.817 740 4193 D CompatibilityChangeReporter: Compat change id reported: 161252188; UID 10049; state: DISABLED
06-10 19:57:27.821 740 4193 D ActivityManager: sync unfroze 1557 com.android.music for 6
06-10 19:57:27.824 740 4193 D CompatibilityChangeReporter: Compat change id reported: 161252188; UID 10075; state: DISABLED
06-10 19:57:27.835 740 4193 D ActivityManager: sync unfroze 1568 com.xiaodianshi.tv.yst for 6
06-10 19:57:27.846 740 1932 I MediaSessionStack: addSession to bottom of stack | record: com.android.music/MediaPlaybackService (userId=0)
06-10 19:57:27.880 740 4193 I MediaSessionStack: addSession to bottom of stack | record: com.android.bluetooth/BluetoothMediaBrowserService (userId=0)
06-10 19:57:27.903 740 1174 I MediaSessionStack: addSession to bottom of stack | record: com.xiaodianshi.tv.yst/YstMediaService (userId=0) --------- beginning of main
06-10 19:57:27.981 1204 1204 I wpa_supplicant: wpa_driver_nl80211_driver_cmd: wifi vendor: aml_w2_s
06-10 19:57:27.981 1204 1204 I wpa_supplicant: wpa_driver_nl80211_driver_cmd: wlan0: private command: BTCOEXSCAN-START
06-10 19:57:27.982 740 1932 D CompatibilityChangeReporter: Compat change id reported: 161145287; UID 1000; state: ENABLED
06-10 19:57:27.983 740 1932 D CompatibilityChangeReporter: Compat change id reported: 161145287; UID 1000; state: DISABLED
06-10 19:57:27.983 4203 4203 D AvrcpBrowsablePlayerConnector: Received a message: msg.what=1
06-10 19:57:27.984 4203 4203 I AvrcpBrowsablePlayerConnector: Checking root contents for com.android.bluetooth
06-10 19:57:27.984 536 564 D hdmicecd: [CEC]:printCecMsgBuf, msg: 04 90 01
06-10 19:57:27.984 536 564 D hdmicecd: [HdmiCecControl]:updateActiveState received tv power status 1
06-10 19:57:27.984 740 1932 W ActivityManager: Receiver with filter android.content.IntentFilter@a36eb10 already registered for pid 998, callerPackage is com.droidlogic
06-10 19:57:27.985 740 740 D HDMI : [R]: 04:90:01
06-10 19:57:27.985 4203 4203 D BluetoothAdapterService: isQuietModeEnabled() - Enabled = false
06-10 19:57:27.985 4203 4203 I BluetoothPhonePolicy: autoConnect: Initiate auto connection on BT on...
06-10 19:57:27.986 4203 4203 E BluetoothPhonePolicy: autoConnect: most recently active a2dp device is null
06-10 19:57:27.989 740 887 D BluetoothHeadset: Proxy object connected
06-10 19:57:27.990 740 4193 W ActivityManager: Receiver with filter android.content.IntentFilter@3612609 already registered for pid 982, callerPackage is com.android.systemui
06-10 19:57:27.990 4203 4203 D AdapterProperties: PROFILE_CONNECTION_STATE_CHANGE: profile=4, device=XX:XX:XX:XX:C0:7D, 1 -> 2
06-10 19:57:27.990 740 934 D BluetoothAdapter: getActiveDevices(profile= HEADSET)
06-10 19:57:27.992 4203 4203 D AdapterProperties: ADAPTER_CONNECTION_STATE_CHANGE: XX:XX:XX:XX:C0:7D: 1 -> 2
06-10 19:57:27.997 740 887 D BluetoothA2dp: Proxy object connected
06-10 19:57:27.997 740 740 D BluetoothAdapter: getActiveDevices(profile= A2DP)
06-10 19:57:27.997 740 887 D BluetoothA2dp: Proxy object connected
06-10 19:57:27.998 4203 4203 D BtOppService: start Socket Listeners
06-10 19:57:27.998 4203 4203 D BtOppService: stopListeners: mServerSocket is null
06-10 19:57:27.998 4203 4203 D ObexServerSockets: create(rfcomm = -2, l2capPsm = -2)
06-10 19:57:27.998 1204 1204 I wpa_supplicant: wpa_driver_nl80211_driver_cmd: wifi vendor: aml_w2_s
06-10 19:57:27.998 1204 1204 I wpa_supplicant: wpa_driver_nl80211_driver_cmd: wlan0: private command: BTCOEXSCAN-START
06-10 19:57:28.000 998 1015 D BluetoothHeadset: Proxy object connected
06-10 19:57:28.000 982 1294 D BluetoothA2dp: Proxy object connected
06-10 19:57:28.002 4203 4215 I BluetoothAdapterService: getActiveDevices: Headset device: null
06-10 19:57:28.002 4203 4203 I bt_btif_sock: packages/modules/Bluetooth/system/btif/src/btif_sock.cc:161 btif_sock_connection_logger: address=00:00:00:00:00:00, role=1, state=1
06-10 19:57:28.002 740 934 I AS.BtHelper: onSetBtScoActiveDevice: (null) -> (null)
06-10 19:57:28.003 4203 4203 I bt_btif_sock_rfcomm: packages/modules/Bluetooth/system/btif/src/btif_sock_rfc.cc:320 btsock_rfc_listen: Adding listening socket service_name: (null) - channel: -2
06-10 19:57:28.003 4203 4230 I bt_stack: [INFO:port_api.cc(220)] RFCOMM_CreateConnectionWithSecurity: bd_addr=ff:ff:ff:ff:ff:ff, scn=4, is_server=1, mtu=990, uuid=000000, dlci=8, signal_state=0x0b, p_port=0xc7495a10
06-10 19:57:28.003 4203 4230 I bt_btif_sock: packages/modules/Bluetooth/system/btif/src/btif_sock.cc:161 btif_sock_connection_logger: address=00:00:00:00:00:00, role=1, state=1
06-10 19:57:28.003 4203 4203 D BluetoothAdapter: listenUsingInsecureL2capOn: port=-2
06-10 19:57:28.005 4203 4203 I bt_btif_sock: packages/modules/Bluetooth/system/btif/src/btif_sock.cc:161 btif_sock_connection_logger: address=00:00:00:00:00:00, role=1, state=1
06-10 19:57:28.006 4203 4203 I bluetooth: packages/modules/Bluetooth/system/btif/src/btif_sock_l2cap.cc:332 btsock_l2cap_alloc_l: Allocated l2cap socket structure socket_id:1
06-10 19:57:28.007 4203 4273 I BluetoothAdapterService: getActiveDevices: A2dp device: null
06-10 19:57:28.011 998 998 D LocalBluetoothProfileManager: Current Profiles[]
06-10 19:57:28.012 998 1015 D BluetoothHearingAid: Proxy object connected
06-10 19:57:28.012 998 998 D LocalBluetoothProfileManager: New Profiles[HID]
06-10 19:57:28.012 998 998 D CachedBluetoothDevice: updating profiles for XX:XX:XX:XX:C0:7D
06-10 19:57:28.014 998 998 V CachedBluetoothDevice: Class: 50c
06-10 19:57:28.014 998 998 V CachedBluetoothDevice: UUID:
06-10 19:57:28.014 998 998 V CachedBluetoothDevice: 0000180f-0000-1000-8000-00805f9b34fb
06-10 19:57:28.014 998 998 V CachedBluetoothDevice: 00001812-0000-1000-8000-00805f9b34fb
06-10 19:57:28.014 998 998 D BluetoothAdapter: getActiveDevices(profile= A2DP)
06-10 19:57:28.016 998 1015 D BluetoothHidHost: Proxy object connected
06-10 19:57:28.016 4203 4273 I BluetoothAdapterService: getActiveDevices: A2dp device: null
06-10 19:57:28.017 998 998 D BluetoothAdapter: getActiveDevices(profile= HEADSET)
06-10 19:57:28.017 740 887 D BluetoothHearingAid: Proxy object connected
06-10 19:57:28.017 740 740 D BluetoothAdapter: getActiveDevices(profile= HEARING_AID)
06-10 19:57:28.017 740 887 D BluetoothA2dp: Proxy object connected
06-10 19:57:28.018 740 887 D BluetoothHearingAid: Proxy object connected
06-10 19:57:28.018 740 887 D BluetoothHearingAid: Proxy object connected
06-10 19:57:28.018 4203 4273 I BluetoothAdapterService: getActiveDevices: Headset device: null
06-10 19:57:28.018 998 998 D BluetoothAdapter: getActiveDevices(profile= HEARING_AID)
06-10 19:57:28.020 982 1197 D LocalBluetoothProfileManager: Current Profiles[]
06-10 19:57:28.020 982 1197 D LocalBluetoothProfileManager: New Profiles[HID]
06-10 19:57:28.020 982 1197 D CachedBluetoothDevice: updating profiles for XX:XX:XX:XX:C0:7D
06-10 19:57:28.021 4203 4273 I BluetoothAdapterService: getActiveDevices: Hearing Aid devices: Left[null] - Right[null]
06-10 19:57:28.022 4203 4278 I BluetoothAdapterService: getActiveDevices: Hearing Aid devices: Left[null] - Right[null]
06-10 19:57:28.026 982 1197 D BluetoothAdapter: getActiveDevices(profile= A2DP)
06-10 19:57:28.028 4203 4230 I bt_l2cap: packages/modules/Bluetooth/system/stack/l2cap/l2c_api.cc:172 L2CA_Register: L2CAP Registered service classic PSM: 0x1001
06-10 19:57:28.028 4203 4230 I bt_btif_sock: packages/modules/Bluetooth/system/btif/src/btif_sock.cc:161 btif_sock_connection_logger: address=00:00:00:00:00:00, role=1, state=1
06-10 19:57:28.028 4203 4230 I bluetooth: packages/modules/Bluetooth/system/btif/src/btif_sock_l2cap.cc:357 send_app_psm_or_chan_l: Sending l2cap socket socket_id:1 channel:4097
06-10 19:57:28.028 4203 4215 I BluetoothAdapterService: getActiveDevices: A2dp device: null
06-10 19:57:28.029 4203 4203 D BluetoothAdapter: listenUsingInsecureL2capOn: set assigned channel to 4097
06-10 19:57:28.029 4203 4203 D ObexServerSockets: Succeed to create listening sockets
06-10 19:57:28.029 4203 4203 D ObexServerSockets0: startAccept()
06-10 19:57:28.029 982 1197 D BluetoothAdapter: getActiveDevices(profile= HEADSET)
06-10 19:57:28.029 4203 4282 D ObexServerSockets0: Accepting socket connection...
06-10 19:57:28.030 4203 4203 D BluetoothSdpJni: sdpCreateOppOpsRecordNative
06-10 19:57:28.030 4203 4282 D BluetoothSocket: accept(), timeout (ms):-1
06-10 19:57:28.030 4203 4283 D ObexServerSockets0: Accepting socket connection...
06-10 19:57:28.030 4203 4283 D BluetoothSocket: accept(), timeout (ms):-1
06-10 19:57:28.030 4203 4230 I bt_bta_dm: packages/modules/Bluetooth/system/bta/dm/bta_dm_act.cc:3456 bta_dm_eir_update_uuid: EIR Adding UUID=0x1105 into extended inquiry response
06-10 19:57:28.030 4203 4230 I bt_bta_dm: packages/modules/Bluetooth/system/bta/dm/bta_dm_act.cc:3155 bta_dm_set_eir: Generating extended inquiry response packet EIR
06-10 19:57:28.030 4203 4203 D BluetoothSdpJni: SDP Create record success - handle: 0
06-10 19:57:28.030 4203 4230 E bt_btif : packages/modules/Bluetooth/system/main/bte_logmsg.cc:105 LogMsg: toggleProfile: Unknown service 255 being enabled
06-10 19:57:28.030 4203 4203 D BtOppService: mOppSdpHandle :0
06-10 19:57:28.032 1828 1862 E XM_HIDREAD: trying to reopen hidraw: /dev/hidraw2
06-10 19:57:28.032 1828 1862 D XM_HIDREAD: ready open:/dev/hidraw2
06-10 19:57:28.032 1828 1862 D XM_HIDREAD: open:/dev/hidraw2 resultFD:10
06-10 19:57:28.032 1828 1862 D XM_HIDREAD: 1 ready ioctl hidrawFD 10
06-10 19:57:28.032 1828 1862 D XM_HIDREAD: 2 ready ioctl hidrawFD 10
06-10 19:57:28.032 1828 1862 D XM_HIDREAD: 3 ready ioctl hidrawFD 10
06-10 19:57:28.032 1828 1862 D XM_HIDREAD: 4 ready ioctl hidrawFD 10
06-10 19:57:28.032 1828 1862 D XM_HIDREAD: ioctl hidrawFD HIDIOCGRDESC ret 0
06-10 19:57:28.032 1828 1862 D XM_HIDREAD: dinfo.vendor:13,dinfo.product:14392
06-10 19:57:28.032 1828 1862 D XM_HIDREAD: m_pid:0x3838,m_vid:0x000d
06-10 19:57:28.032 1828 1862 D XM_HIDREAD: /dev/hidraw2 open succussfully!
06-10 19:57:28.032 1828 1862 D XM_HIDREAD: add@ add@/devices/virtual/wakeup/wakeup34
06-10 19:57:28.032 1828 1862 D XM_HIDREAD: add@ add@/devices/virtual/wakeup/wakeup35
06-10 19:57:28.033 4203 4215 I BluetoothAdapterService: getActiveDevices: Headset device: null
06-10 19:57:28.034 982 1197 D BluetoothAdapter: getActiveDevices(profile= HEARING_AID)
06-10 19:57:28.036 4203 4203 I BrowsedPlayerWrapper: onConnected: com.xiaodianshi.tv.yst is connected
06-10 19:57:28.036 4203 4203 D AvrcpBrowsablePlayerConnector: Browse player callback called: package=com.xiaodianshi.tv.yst : status=0
06-10 19:57:28.036 4203 4215 I BluetoothAdapterService: getActiveDevices: Hearing Aid devices: Left[null] - Right[null]
06-10 19:57:28.037 982 1197 W BluetoothHearingAid: Proxy not attached to service
06-10 19:57:28.037 4203 4203 W MediaSessionCompat: Couldn't find a unique registered media button receiver in the given context.
06-10 19:57:28.037 982 1197 D BluetoothHearingAid: java.lang.Throwable
06-10 19:57:28.037 982 1197 D BluetoothHearingAid: at android.bluetooth.BluetoothHearingAid.getHiSyncId(BluetoothHearingAid.java:812)
06-10 19:57:28.037 982 1197 D BluetoothHearingAid: at com.android.settingslib.bluetooth.HearingAidProfile.getHiSyncId(HearingAidProfile.java:271)
06-10 19:57:28.037 982 1197 D BluetoothHearingAid: at com.android.settingslib.bluetooth.HearingAidDeviceManager.getHiSyncId(HearingAidDeviceManager.java:100)
06-10 19:57:28.037 982 1197 D BluetoothHearingAid: at com.android.settingslib.bluetooth.HearingAidDeviceManager.initHearingAidDeviceIfNeeded(HearingAidDeviceManager.java:67)
06-10 19:57:28.037 982 1197 D BluetoothHearingAid: at com.android.settingslib.bluetooth.CachedBluetoothDeviceManager.addDevice(CachedBluetoothDeviceManager.java:141)
06-10 19:57:28.037 982 1197 D BluetoothHearingAid: at com.android.settingslib.bluetooth.CachedBluetoothDeviceManager.addDevice(CachedBluetoothDeviceManager.java:123)
06-10 19:57:28.037 982 1197 D BluetoothHearingAid: at com.android.settingslib.bluetooth.BluetoothEventManager.readPairedDevices(BluetoothEventManager.java:189)
06-10 19:57:28.037 982 1197 D BluetoothHearingAid: at com.android.settingslib.bluetooth.LocalBluetoothProfileManager.setBluetoothStateOn(LocalBluetoothProfileManager.java:319)
06-10 19:57:28.037 982 1197 D BluetoothHearingAid: at com.android.settingslib.bluetooth.LocalBluetoothAdapter.setBluetoothStateInt(LocalBluetoothAdapter.java:220)
06-10 19:57:28.037 982 1197 D BluetoothHearingAid: at com.android.settingslib.bluetooth.BluetoothEventManager$AdapterStateChangedHandler.onReceive(BluetoothEventManager.java:291)
06-10 19:57:28.037 982 1197 D BluetoothHearingAid: at com.android.settingslib.bluetooth.BluetoothEventManager$BluetoothBroadcastReceiver.onReceive(BluetoothEventManager.java:281)
06-10 19:57:28.037 982 1197 D BluetoothHearingAid: at android.app.LoadedApk$ReceiverDispatcher$Args.lambda$getRunnable$0(LoadedApk.java:1811)
06-10 19:57:28.037 982 1197 D BluetoothHearingAid: at android.app.LoadedApk$ReceiverDispatcher$Args.$r8$lambda$gDuJqgxY6Zb-ifyeubKeivTLAwk(Unknown Source:0)
06-10 19:57:28.037 982 1197 D BluetoothHearingAid: at android.app.LoadedApk$ReceiverDispatcher$Args$$ExternalSyntheticLambda0.run(Unknown Source:2)
06-10 19:57:28.037 982 1197 D BluetoothHearingAid: at android.os.Handler.handleCallback(Handler.java:958)
06-10 19:57:28.037 982 1197 D BluetoothHearingAid: at android.os.Handler.dispatchMessage(Handler.java:99)
06-10 19:57:28.037 982 1197 D BluetoothHearingAid: at android.os.Looper.loopOnce(Looper.java:205)
06-10 19:57:28.037 982 1197 D BluetoothHearingAid: at android.os.Looper.loop(Looper.java:294)
06-10 19:57:28.037 982 1197 D BluetoothHearingAid: at android.os.HandlerThread.run(HandlerThread.java:67)
06-10 19:57:28.038 998 998 D LocalBluetoothProfileManager: Current Profiles[]
06-10 19:57:28.038 998 998 D LocalBluetoothProfileManager: New Profiles[A2DP]
06-10 19:57:28.038 998 998 D CachedBluetoothDevice: updating profiles for XX:XX:XX:XX:F5:7A
06-10 19:57:28.039 740 2003 I MediaSessionStack: addSession to bottom of stack | record: com.android.bluetooth/BluetoothMediaBrowserService (userId=0)
06-10 19:57:28.042 998 998 V CachedBluetoothDevice: Class: 40428
06-10 19:57:28.042 998 998 V CachedBluetoothDevice: UUID:
06-10 19:57:28.042 998 998 V CachedBluetoothDevice: 0000110b-0000-1000-8000-00805f9b34fb
06-10 19:57:28.042 998 998 V CachedBluetoothDevice: 0000110e-0000-1000-8000-00805f9b34fb
06-10 19:57:28.042 998 998 D BluetoothAdapter: getActiveDevices(profile= A2DP)
06-10 19:57:28.044 4203 4215 I BluetoothAdapterService: getActiveDevices: A2dp device: null
06-10 19:57:28.044 998 998 D BluetoothAdapter: getActiveDevices(profile= HEADSET)
06-10 19:57:28.045 4203 4203 D AvrcpBrowsablePlayerConnector: Received a message: msg.what=1
06-10 19:57:28.045 4203 4203 I AvrcpBrowsablePlayerConnector: Checking root contents for com.xiaodianshi.tv.yst
06-10 19:57:28.046 4203 4215 I BluetoothAdapterService: getActiveDevices: Headset device: null
06-10 19:57:28.047 998 998 D BluetoothAdapter: getActiveDevices(profile= HEARING_AID)
06-10 19:57:28.049 740 2003 I MediaSessionStack: removeSession | record: com.xiaodianshi.tv.yst/YstMediaService (userId=0)
06-10 19:57:28.050 4203 4203 V MediaPlayerList: onActiveSessionsChanged: number of controllers: 1
06-10 19:57:28.051 982 1197 D LocalBluetoothProfileManager: Current Profiles[]
06-10 19:57:28.051 982 1197 D LocalBluetoothProfileManager: New Profiles[A2DP]
06-10 19:57:28.051 982 1197 D CachedBluetoothDevice: updating profiles for XX:XX:XX:XX:F5:7A
06-10 19:57:28.051 4203 4203 D MediaPlayerList: onActiveSessionsChanged: controller: com.xiaodianshi.tv.yst
06-10 19:57:28.052 4203 4215 I BluetoothAdapterService: getActiveDevices: Hearing Aid devices: Left[null] - Right[null]
06-10 19:57:28.056 4203 4203 V MediaPlayerList: onActiveSessionsChanged: number of controllers: 0
06-10 19:57:28.056 4203 4203 D AvrcpTargetJni: sendPlayerSettingsNative
06-10 19:57:28.056 4203 4203 I bt_stack: [INFO:avrcp_service.cc(551)] virtual void bluetooth::avrcp::AvrcpService::SendPlayerSettingsChanged(std::vector, std::vector)
06-10 19:57:28.056 982 1197 D BluetoothAdapter: getActiveDevices(profile= A2DP)
06-10 19:57:28.056 4203 4203 I bt_stack: [INFO:avrcp_service.cc(565)] attribute=PlayerAttribute::REPEAT : value=PlayerRepeatValue::OFF
06-10 19:57:28.056 4203 4203 I bt_stack: attribute=PlayerAttribute::SHUFFLE : value=PlayerShuffleValue::OFF
06-10 19:57:28.056 4203 4203 I bt_stack:
06-10 19:57:28.056 4203 4203 V MediaPlayerList: onActiveSessionsChanged: number of controllers: 0
06-10 19:57:28.056 4203 4203 D AvrcpTargetJni: sendPlayerSettingsNative
06-10 19:57:28.056 4203 4203 I bt_stack: [INFO:avrcp_service.cc(551)] virtual void bluetooth::avrcp::AvrcpService::SendPlayerSettingsChanged(std::vector, std::vector)
06-10 19:57:28.057 4203 4203 I bt_stack: [INFO:avrcp_service.cc(565)] attribute=PlayerAttribute::REPEAT : value=PlayerRepeatValue::OFF
06-10 19:57:28.057 4203 4203 I bt_stack: attribute=PlayerAttribute::SHUFFLE : value=PlayerShuffleValue::OFF
06-10 19:57:28.057 4203 4203 I bt_stack:
06-10 19:57:28.057 4203 4203 I BrowsedPlayerWrapper: onConnected: com.android.bluetooth is connected
06-10 19:57:28.057 4203 4203 I BrowsedPlayerWrapper: getFolderItems: Connected to browsable player: com.android.bluetooth
06-10 19:57:28.057 998 998 D CachedBluetoothDevice: onProfileStateChanged: profile HID, device XX:XX:XX:XX:C0:7D, newProfileState 1
06-10 19:57:28.057 998 998 D BluetoothAdapter: getActiveDevices(profile= A2DP)
06-10 19:57:28.058 4203 4215 I BluetoothAdapterService: getActiveDevices: A2dp device: null
06-10 19:57:28.059 982 1197 D BluetoothAdapter: getActiveDevices(profile= HEADSET)
06-10 19:57:28.059 4203 4215 I BluetoothAdapterService: getActiveDevices: A2dp device: null
06-10 19:57:28.059 998 998 D BluetoothAdapter: getActiveDevices(profile= HEADSET)
06-10 19:57:28.060 4203 4217 I BluetoothAdapterService: getActiveDevices: Headset device: null
06-10 19:57:28.060 740 1932 I MediaSessionStack: addSession to bottom of stack | record: com.xiaodianshi.tv.yst/YstMediaService (userId=0)
06-10 19:57:28.061 982 1197 D BluetoothAdapter: getActiveDevices(profile= HEARING_AID)
06-10 19:57:28.061 4203 4217 I BluetoothAdapterService: getActiveDevices: Headset device: null
06-10 19:57:28.062 998 998 D BluetoothAdapter: getActiveDevices(profile= HEARING_AID)
06-10 19:57:28.063 4203 4217 I BluetoothAdapterService: getActiveDevices: Hearing Aid devices: Left[null] - Right[null]
06-10 19:57:28.063 4203 4217 I BluetoothAdapterService: getActiveDevices: Hearing Aid devices: Left[null] - Right[null]
06-10 19:57:28.064 982 995 D BluetoothPan: Proxy object connected
06-10 19:57:28.064 998 1775 D BluetoothA2dp: Proxy object connected
06-10 19:57:28.064 982 1294 D BluetoothHearingAid: Proxy object connected
06-10 19:57:28.065 982 997 D BluetoothHidHost: Proxy object connected
06-10 19:57:28.065 982 1363 D BluetoothHeadset: Proxy object connected
06-10 19:57:28.065 998 1015 D BluetoothPan: Proxy object connected
06-10 19:57:28.065 998 998 D CachedBluetoothDevice: onProfileStateChanged: profile HID, device XX:XX:XX:XX:C0:7D, newProfileState 2
06-10 19:57:28.065 998 998 D BluetoothAdapter: getActiveDevices(profile= A2DP)
06-10 19:57:28.067 4203 4203 V MediaPlayerList: onActiveSessionsChanged: number of controllers: 0
06-10 19:57:28.067 4203 4203 D AvrcpTargetJni: sendPlayerSettingsNative
06-10 19:57:28.067 4203 4203 I bt_stack: [INFO:avrcp_service.cc(551)] virtual void bluetooth::avrcp::AvrcpService::SendPlayerSettingsChanged(std::vector, std::vector)
06-10 19:57:28.067 4203 4203 I bt_stack: [INFO:avrcp_service.cc(565)] attribute=PlayerAttribute::REPEAT : value=PlayerRepeatValue::OFF
06-10 19:57:28.067 4203 4203 I bt_stack: attribute=PlayerAttribute::SHUFFLE : value=PlayerShuffleValue::OFF
06-10 19:57:28.067 4203 4203 I bt_stack:
06-10 19:57:28.068 4203 4217 I BluetoothAdapterService: getActiveDevices: A2dp device: null
06-10 19:57:28.068 982 1197 D CachedBluetoothDevice: onProfileStateChanged: profile HID, device XX:XX:XX:XX:C0:7D, newProfileState 1
06-10 19:57:28.068 982 1197 D BluetoothAdapter: getActiveDevices(profile= A2DP)
06-10 19:57:28.069 998 998 D BluetoothAdapter: getActiveDevices(profile= HEADSET)
06-10 19:57:28.070 4203 4215 I BluetoothAdapterService: getActiveDevices: A2dp device: null
06-10 19:57:28.070 982 1197 D BluetoothAdapter: getActiveDevices(profile= HEADSET)
06-10 19:57:28.072 4203 4215 I BluetoothAdapterService: getActiveDevices: Headset device: null
06-10 19:57:28.073 4203 4215 I BluetoothAdapterService: getActiveDevices: Headset device: null
06-10 19:57:28.074 4203 4203 V MediaPlayerList: onActiveSessionsChanged: number of controllers: 1
06-10 19:57:28.074 4203 4203 D MediaPlayerList: onActiveSessionsChanged: controller: com.xiaodianshi.tv.yst
06-10 19:57:28.075 982 1197 D BluetoothAdapter: getActiveDevices(profile= HEARING_AID)
06-10 19:57:28.076 998 998 D BluetoothAdapter: getActiveDevices(profile= HEARING_AID)
06-10 19:57:28.078 4203 4278 I BluetoothAdapterService: getActiveDevices: Hearing Aid devices: Left[null] - Right[null]
06-10 19:57:28.078 4203 4203 I BrowsedPlayerWrapper: onConnected: com.xiaodianshi.tv.yst is connected
06-10 19:57:28.079 4203 4203 I BrowsedPlayerWrapper: getFolderItems: Connected to browsable player: com.xiaodianshi.tv.yst
06-10 19:57:28.079 982 1197 D CachedBluetoothDevice: onProfileStateChanged: profile HID, device XX:XX:XX:XX:C0:7D, newProfileState 2
06-10 19:57:28.079 4203 4278 I BluetoothAdapterService: getActiveDevices: Hearing Aid devices: Left[null] - Right[null]
06-10 19:57:28.081 982 982 D CachedBluetoothDevice: onProfileStateChanged: profile HID, device XX:XX:XX:XX:C0:7D, newProfileState 2
06-10 19:57:28.083 740 1932 I MediaSessionStack: removeSession | record: com.xiaodianshi.tv.yst/YstMediaService (userId=0)
06-10 19:57:28.084 740 952 V MediaSessionRecord: error unlinking to binder death, this=com.xiaodianshi.tv.yst/YstMediaService (userId=0), callback package=com.android.systemui, exception=java.util.NoSuchElementException: Death link does not exist (NAME_NOT_FOUND)
06-10 19:57:28.085 4203 4203 V MediaPlayerList: onActiveSessionsChanged: number of controllers: 0
06-10 19:57:28.085 4203 4203 D AvrcpTargetJni: sendPlayerSettingsNative
06-10 19:57:28.086 4203 4203 I bt_stack: [INFO:avrcp_service.cc(551)] virtual void bluetooth::avrcp::AvrcpService::SendPlayerSettingsChanged(std::vector, std::vector)
06-10 19:57:28.086 4203 4203 I bt_stack: [INFO:avrcp_service.cc(565)] attribute=PlayerAttribute::REPEAT : value=PlayerRepeatValue::OFF
06-10 19:57:28.086 4203 4203 I bt_stack: attribute=PlayerAttribute::SHUFFLE : value=PlayerShuffleValue::OFF
06-10 19:57:28.086 4203 4203 I bt_stack:
06-10 19:57:28.086 4203 4203 V MediaPlayerList: onActiveSessionsChanged: number of controllers: 0
06-10 19:57:28.086 4203 4203 D AvrcpTargetJni: sendPlayerSettingsNative
06-10 19:57:28.086 4203 4203 I bt_stack: [INFO:avrcp_service.cc(551)] virtual void bluetooth::avrcp::AvrcpService::SendPlayerSettingsChanged(std::vector, std::vector)
06-10 19:57:28.086 4203 4203 I bt_stack: [INFO:avrcp_service.cc(565)] attribute=PlayerAttribute::REPEAT : value=PlayerRepeatValue::OFF
