06-10 19:57:33.509 523 585 I audio_hw_hal_stream: force ddp out =0
06-10 19:57:33.509 523 585 D audio_hw_hal_profile: get_hdmi_sink_cap_new is running...
06-10 19:57:33.509 523 585 D audio_hw_hal_profile: query hdmi format...
06-10 19:57:33.509 523 585 D audio_hw_hal_profile: get_hdmi_sink_cap_new ddp is supported; ddp-joc(atmos) is unsupported;
06-10 19:57:33.509 523 585 I audio_hw_hal_profile: get_hdmi_sink_cap_new dts-hd vendor special byte3:0x1
06-10 19:57:33.509 523 585 I audio_hw_hal_profile: PCM cap Max channel =2
06-10 19:57:33.509 523 585 I audio_hw_hal_stream: [get_sink_dts_capability:212] mbox+dvb case sink_capability: DTS(0xb000000)
06-10 19:57:33.509 523 585 D audio_hw_hal_profile: get_hdmi_sink_cap_new is running...
06-10 19:57:33.510 523 585 D audio_hw_hal_profile: query hdmi format...
06-10 19:57:33.510 523 585 D audio_hw_hal_profile: get_hdmi_sink_cap_new ddp is supported; ddp-joc(atmos) is unsupported;
06-10 19:57:33.510 523 585 I audio_hw_hal_profile: get_hdmi_sink_cap_new dts-hd vendor special byte3:0x1
06-10 19:57:33.510 523 585 I audio_hw_hal_profile: PCM cap Max channel =2
06-10 19:57:33.510 523 585 I audio_hw_hal_stream: [get_sink_mpegh_capability:245] mbox+dvb case sink_capability: PCM_16_BIT(0x1)
06-10 19:57:33.510 523 585 D audio_hw_hal_profile: get_hdmi_sink_cap_new is running...
06-10 19:57:33.510 523 585 D audio_hw_hal_profile: [get_hdmi_sink_cap_new:960] query hdmi sample_rate... format: PCM_16_BIT(0x1)
06-10 19:57:33.510 523 585 I audio_hw_hal_profile: get_hdmi_sink_cap_new format =0x1 support rate =sup_sampling_rates=32000|44100|48000
06-10 19:57:33.510 523 585 I audio_hw_hal_stream: pcm_fmt support sample_rate_mask:0x7
06-10 19:57:33.510 523 585 I audio_hw_hal_stream: get_sink_dv_capability : /sys/class/amhdmitx/amhdmitx0/hdmi_hdr_status = HDR10-GAMMA_ST2084
06-10 19:57:33.510 523 585 I audio_hw_hal_stream: get_sink_dv_capability : dv enable 0
06-10 19:57:33.510 523 585 I audio_hw_hal_stream: [get_sink_format:446] out:0xf0ec0e70 out devices:0x80082 cur_out_devices:0x400 format:PCM_16_BIT(0x1) digital_mode(PCM) sink cap:E_AC3(0xa000000)
06-10 19:57:33.510 523 585 I audio_hw_hal_stream: get_sink_format() HDMI ARC or mbox + dvb case
06-10 19:57:33.510 523 585 I audio_hw_hal_stream: [get_sink_format:645] sink_format:PCM_16_BIT(0x1) max channel:2 optical_format:PCM_16_BIT(0x1) dual_output 0
06-10 19:57:33.510 523 585 I audio_hw_hal_ms12common: audiohal_send_msg_2_ms12 mesg_type:MS12_MESG_TYPE_RESET_MS12_ENCODER entry
06-10 19:57:33.510 523 696 D audio_hw_hal_ms12common: ms12_message_threadloop(), msg type: MS12_MESG_TYPE_RESET_MS12_ENCODER
06-10 19:57:33.510 523 696 I audio_hw_hal_ms12v2: +dolby_ms12_encoder_reconfig()
06-10 19:57:33.510 523 696 D libdolbyms12: mch_enable 0
06-10 19:57:33.510 523 696 D audio_hw_hal_continuous_standby: audio_continuous_standby_set, type 1, params 8
06-10 19:57:33.510 523 696 D audio_hw_hal_ms12common: ms12_message_threadloop mesg_list is empty, loop waiting......
06-10 19:57:33.510 523 585 I audio_hw_hal_ms12common: audiohal_send_msg_2_ms12 mesg_type:MS12_MESG_TYPE_RESET_MS12_ENCODER exit
06-10 19:57:33.510 523 585 D audio_hw_hal_ms12v2: set_dolby_ms12_continuous_state audio_continuous_standby_set status 0
06-10 19:57:33.510 523 585 D audio_hw_hal_continuous_standby: audio_continuous_standby_set, type 0, params 0
06-10 19:57:33.510 523 585 I audio_hw_hal_ms12common: aml_set_ms12_scheduler_state ms12_scheduler_state:0, sch_state:0 SCHEDULER_RUNNING is sent to ms12
06-10 19:57:33.512 523 1422 W DeviceHAL: Error from HAL Device in function get_audio_port_v7: Function not implemented
06-10 19:57:33.512 523 698 D libdolbyms12: set runtime mch_enable 0
06-10 19:57:33.512 559 1246 I AudioFlinger: openOutput() this 0xf1b43fd0, module 10 Device AUDIO_DEVICE_OUT_BLUETOOTH_A2DP, @:SUPPRESSED, SamplingRate 32000, Format 0x9000000, Channels 0x1, flags 0x51
06-10 19:57:33.513 523 698 I audio_hw_hal_bt: [a2dp_out_get_latency:602] success:0 report_latency:0 ms, latency:100 ms
06-10 19:57:33.513 523 1422 D audio_hw_hal_primary: [adev_open_output_stream_new:7868] enter: dev=0xf0f82930 handle=16d devices=0x80/'BT_A2DP,' flags=0x51/'DIRECT,COMPRESS_OFFLOAD,HW_AV_SYNC,' config=(rt=32000 ch_mask=0x1 fmt=0x9000000) address='A4:39:B3:64:F5:7A'
06-10 19:57:33.513 523 1422 D audio_hw_hal_primary: adev_open_output_stream_new: enter
06-10 19:57:33.513 523 1422 I audio_hw_hal_primary: [adev_open_output_stream:3285] io 365: out:0xf0ec6be0 dev:OUT_BLUETOOTH_A2DP(0x80) addr:A4:39:B3:64:F5:7A
06-10 19:57:33.513 523 1422 I audio_hw_hal_primary: [adev_open_output_stream:3287] ch_mask:0x1 rate:32000 format:AC3(0x9000000) flags:0x51
06-10 19:57:33.513 523 1422 I audio_hw_hal_primary: adev_open_output_stream: for raw audio output,force alsa stereo output
06-10 19:57:33.513 523 1422 D audio_hw_hal_primary: [adev_open_output_stream:3573] format=AC3 rate=32000
06-10 19:57:33.513 523 1422 I audio_hw_hal_primary: [adev_open_output_stream:3610] result profile ch_mask:0x1 rate:32000 format:AC3(0x9000000) usecase:RAW_HWSYNC
06-10 19:57:33.513 523 1422 I audio_hw_hal_utils: aml_get_stream_dump_file_name line 2929 file_name /data/vendor/audiohal/stream_pid523_tid1422.dd
06-10 19:57:33.513 523 1422 I audio_hw_hal_primary: [adev_open_output_stream_new:8037] io 365: out: 0xf0ec6be0 card:0 alsa devices:0 exit ------
06-10 19:57:33.514 523 1422 I audio_hw_hal_primary: [out_get_buffer_size:552] out:0xf0ec6be0 config.rate=32000, format:AC3(0x9000000), stream format:AC3(0x9000000)
06-10 19:57:33.514 559 1246 I AudioFlinger: HAL output buffer size 2048 frames, normal sink buffer size 2048 frames
06-10 19:57:33.514 523 1422 I audio_hw_hal_primary: [out_set_event_callback:3158] io 365: out:0xf0ec6be0, callback:0xf30cd91d cookie:0xf36c0370
06-10 19:57:33.514 559 4339 I AudioFlinger: AudioFlinger's thread 0xebee85b0 tid=4339 ready to run
06-10 19:57:33.515 559 4339 D AudioFlinger: ro.audio.silent is ignored since no output device is set
06-10 19:57:33.515 523 1422 D audio_hw_hal_primary: [out_set_parameters:971] out:0xf0ec6be0 kvpairs:a2dp_sink_address=A4:39:B3:64:F5:7A out->out_device:0x80, adev->out_device:0x80082
06-10 19:57:33.515 523 1422 E audio_hw_hal_primary: out_set_parameters, ret:-2, hw_sync_mode:is false
06-10 19:57:33.517 559 4339 D AudioFlinger: ro.audio.silent is ignored since no output device is set
06-10 19:57:33.519 559 1246 I AudioFlinger: openOutput() this 0xf1b43fd0, module 10 Device AUDIO_DEVICE_OUT_BLUETOOTH_A2DP, @:SUPPRESSED, SamplingRate 48000, Format 0x000001, Channels 0x3, flags 0x4001
06-10 19:57:33.519 523 1422 D audio_hw_hal_primary: [adev_open_output_stream_new:7868] enter: dev=0xf0f82930 handle=175 devices=0x80/'BT_A2DP,' flags=0x4001/'DIRECT,MMAP_NOIRQ,' config=(rt=48000 ch_mask=0x3 fmt=0x1) address='A4:39:B3:64:F5:7A'
06-10 19:57:33.519 523 1422 D audio_hw_hal_primary: adev_open_output_stream_new: enter
06-10 19:57:33.519 523 1422 I audio_hw_hal_primary: [adev_open_output_stream:3285] io 373: out:0xf0ec1cd0 dev:OUT_BLUETOOTH_A2DP(0x80) addr:A4:39:B3:64:F5:7A
06-10 19:57:33.519 523 1422 I audio_hw_hal_primary: [adev_open_output_stream:3287] ch_mask:0x3 rate:48000 format:PCM_16_BIT(0x1) flags:0x4001
06-10 19:57:33.519 523 1422 I audio_hw_hal_primary: when open aaudio stream, send RUNNING msg to submix & ms12
06-10 19:57:33.519 523 1422 W audio_hw_hal_ms12common: aml_set_ms12_scheduler_state sch_state:0 SCHEDULER_RUNNING, ms12 scheduler state not changed.
06-10 19:57:33.519 523 1422 I audio_hw_hal_mmap: [outMmapInit:680] stream:0xf0ec1cd0
06-10 19:57:33.519 523 1422 I audio_hw_hal_mmap: [dma_buffer_allocate:639] enter
06-10 19:57:33.520 523 1422 I DMABUFHEAPS: Using DMA-BUF heap named: system-uncached
06-10 19:57:33.520 523 1422 I audio_hw_hal_mmap: [dma_buffer_allocate:673] s32DmaFd:24, pu8MmapAddr:0xf4773000
06-10 19:57:33.520 523 1422 I audio_hw_hal_mmap: [mmap_audio_register_client:927] OK ! stream 0xf0ec1cd0, client id 0
06-10 19:57:33.520 523 1422 I audio_hw_hal_primary: [adev_open_output_stream:3540] vendor.media.llp 0
06-10 19:57:33.520 523 1422 I audio_hw_hal_primary: [adev_open_output_stream:3610] result profile ch_mask:0x3 rate:48000 format:PCM_16_BIT(0x1) usecase:PCM_MMAP
06-10 19:57:33.520 523 1422 I audio_hw_hal_utils: aml_get_stream_dump_file_name line 2929 file_name /data/vendor/audiohal/stream_pid523_tid1422.pcm
06-10 19:57:33.520 523 1422 I audio_hw_hal_primary: [adev_open_output_stream_new:8037] io 373: out: 0xf0ec1cd0 card:0 alsa devices:0 exit ------
06-10 19:57:33.521 523 1422 I audio_hw_hal_primary: [out_get_buffer_size:552] out:0xf0ec1cd0 config.rate=48000, format:PCM_16_BIT(0x1), stream format:PCM_16_BIT(0x1)
06-10 19:57:33.521 559 4340 I AudioFlinger: AudioFlinger's thread 0xebd06dc0 tid=4340 ready to run
06-10 19:57:33.521 523 1422 D audio_hw_hal_primary: [out_set_parameters:971] out:0xf0ec1cd0 kvpairs:a2dp_sink_address=A4:39:B3:64:F5:7A out->out_device:0x80, adev->out_device:0x80082
06-10 19:57:33.522 523 1422 E audio_hw_hal_primary: out_set_parameters, ret:-2, hw_sync_mode:is false
06-10 19:57:33.522 523 1422 I audio_hw_hal_primary: [out_set_volume:1406] out:0xf0ec1cd0 left:0.000000 continuous:1 internal_format:PCM_16_BIT dolby:0 direct pcm:1 mmap_pcm:1
06-10 19:57:33.525 559 1246 I AudioFlinger: openOutput() this 0xf1b43fd0, module 10 Device AUDIO_DEVICE_OUT_BLUETOOTH_A2DP, @:SUPPRESSED, SamplingRate 32000, Format 0x000001, Channels 0x1, flags 0x41
06-10 19:57:33.525 523 1422 D audio_hw_hal_primary: [adev_open_output_stream_new:7868] enter: dev=0xf0f82930 handle=17d devices=0x80/'BT_A2DP,' flags=0x41/'DIRECT,HW_AV_SYNC,' config=(rt=32000 ch_mask=0x1 fmt=0x1) address='A4:39:B3:64:F5:7A'
06-10 19:57:33.525 523 1422 D audio_hw_hal_primary: adev_open_output_stream_new: enter
06-10 19:57:33.525 523 1422 I audio_hw_hal_primary: [adev_open_output_stream:3285] io 381: out:0xf0ec2400 dev:OUT_BLUETOOTH_A2DP(0x80) addr:A4:39:B3:64:F5:7A
06-10 19:57:33.525 523 1422 I audio_hw_hal_primary: [adev_open_output_stream:3287] ch_mask:0x1 rate:32000 format:PCM_16_BIT(0x1) flags:0x41
06-10 19:57:33.525 523 1422 D audio_hw_hal_primary: [adev_open_output_stream:3573] format=PCM_16_BIT rate=32000
06-10 19:57:33.525 523 1422 I audio_hw_hal_primary: init resampler from 32000 to 48000!
06-10 19:57:33.525 523 1422 D audio_hw_utils_resampler: resampler_init, Init Resampler: input_sr = 32000, output_sr = 48000
06-10 19:57:33.525 523 1422 I audio_hw_hal_primary: [adev_open_output_stream:3610] result profile ch_mask:0x1 rate:32000 format:PCM_16_BIT(0x1) usecase:PCM_HWSYNC
06-10 19:57:33.525 523 1422 D audio_hw_hal_timer: func:audio_timer_create create timer.1 success.
06-10 19:57:33.526 523 1422 D audio_hw_hal_timer: func:audio_timer_create create timer.2 success.
06-10 19:57:33.526 523 1422 D audio_hw_hal_primary: [adev_open_output_stream_new:7980] timer_id:1
06-10 19:57:33.526 523 1422 I audio_hw_hal_utils: aml_get_stream_dump_file_name line 2929 file_name /data/vendor/audiohal/stream_pid523_tid1422.pcm
06-10 19:57:33.526 523 1422 I audio_hw_hal_primary: [adev_open_output_stream_new:8037] io 381: out: 0xf0ec2400 card:0 alsa devices:0 exit ------
06-10 19:57:33.527 523 1422 I audio_hw_hal_primary: [out_get_buffer_size:552] out:0xf0ec2400 config.rate=32000, format:PCM_16_BIT(0x1), stream format:PCM_16_BIT(0x1)
06-10 19:57:33.527 559 1246 I AudioFlinger: HAL output buffer size 2068 frames, normal sink buffer size 2068 frames
06-10 19:57:33.528 523 585 I audio_hw_hal_primary: [out_set_event_callback:3158] io 381: out:0xf0ec2400, callback:0xf30cd91d cookie:0xf36c24d0
06-10 19:57:33.528 559 4343 I AudioFlinger: AudioFlinger's thread 0xebee4520 tid=4343 ready to run
06-10 19:57:33.529 559 4343 D AudioFlinger: ro.audio.silent is ignored since no output device is set
06-10 19:57:33.529 523 585 D audio_hw_hal_primary: [out_set_parameters:971] out:0xf0ec2400 kvpairs:a2dp_sink_address=A4:39:B3:64:F5:7A out->out_device:0x80, adev->out_device:0x80082
06-10 19:57:33.529 523 585 E audio_hw_hal_primary: out_set_parameters, ret:-2, hw_sync_mode:is false
06-10 19:57:33.529 523 585 D audio_hw_hal_primary: [out_standby_new:5767] io 381: out:0xf0ec2400 usecase:PCM_HWSYNC
06-10 19:57:33.529 523 585 I audio_hw_hal_primary: already standby, do nothing
06-10 19:57:33.530 559 4343 D AudioFlinger: ro.audio.silent is ignored since no output device is set
06-10 19:57:33.531 559 4343 D AudioFlinger: ro.audio.silent is ignored since no output device is set
06-10 19:57:33.531 559 4343 D AudioFlinger: ro.audio.silent is ignored since no output device is set
06-10 19:57:33.531 559 4343 D AudioFlinger: ro.audio.silent is ignored since no output device is set
06-10 19:57:33.531 559 4343 D AudioFlinger: ro.audio.silent is ignored since no output device is set
06-10 19:57:33.532 559 4343 D AudioFlinger: ro.audio.silent is ignored since no output device is set
06-10 19:57:33.532 559 4343 D AudioFlinger: ro.audio.silent is ignored since no output device is set
06-10 19:57:33.532 559 4343 D AudioFlinger: ro.audio.silent is ignored since no output device is set
06-10 19:57:33.536 559 4343 D AudioFlinger: ro.audio.silent is ignored since no output device is set
06-10 19:57:33.537 559 4343 D AudioFlinger: ro.audio.silent is ignored since no output device is set
06-10 19:57:33.537 559 4343 D AudioFlinger: ro.audio.silent is ignored since no output device is set
06-10 19:57:33.537 559 4343 D AudioFlinger: ro.audio.silent is ignored since no output device is set
06-10 19:57:33.538 559 4343 D AudioFlinger: ro.audio.silent is ignored since no output device is set
06-10 19:57:33.539 559 1246 I AudioFlinger: openOutput() this 0xf1b43fd0, module 10 Device AUDIO_DEVICE_OUT_BLUETOOTH_A2DP, @:SUPPRESSED, SamplingRate 32000, Format 0x9000000, Channels 0x1, flags 0x1
06-10 19:57:33.539 523 585 D audio_hw_hal_primary: [adev_open_output_stream_new:7868] enter: dev=0xf0f82930 handle=185 devices=0x80/'BT_A2DP,' flags=0x1/'DIRECT,' config=(rt=32000 ch_mask=0x1 fmt=0x9000000) address='A4:39:B3:64:F5:7A'
06-10 19:57:33.539 523 585 D audio_hw_hal_primary: adev_open_output_stream_new: enter
06-10 19:57:33.539 523 585 I audio_hw_hal_primary: [adev_open_output_stream:3285] io 389: out:0xf0ec47f0 dev:OUT_BLUETOOTH_A2DP(0x80) addr:A4:39:B3:64:F5:7A
06-10 19:57:33.539 523 585 I audio_hw_hal_primary: [adev_open_output_stream:3287] ch_mask:0x1 rate:32000 format:AC3(0x9000000) flags:0x1
06-10 19:57:33.539 523 585 I audio_hw_hal_primary: adev_open_output_stream: for raw audio output,force alsa stereo output
06-10 19:57:33.539 523 585 I audio_hw_hal_primary: [adev_open_output_stream:3610] result profile ch_mask:0x1 rate:32000 format:AC3(0x9000000) usecase:RAW_DIRECT
06-10 19:57:33.539 523 585 I audio_hw_hal_utils: aml_get_stream_dump_file_name line 2929 file_name /data/vendor/audiohal/stream_pid523_tid585.dd
06-10 19:57:33.539 523 585 I audio_hw_hal_primary: [adev_open_output_stream_new:8037] io 389: out: 0xf0ec47f0 card:0 alsa devices:0 exit ------
06-10 19:57:33.541 523 585 I audio_hw_hal_primary: [out_get_buffer_size:552] out:0xf0ec47f0 config.rate=32000, format:AC3(0x9000000), stream format:AC3(0x9000000)
06-10 19:57:33.541 559 1246 I AudioFlinger: HAL output buffer size 2048 frames, normal sink buffer size 2048 frames
06-10 19:57:33.542 523 585 I audio_hw_hal_primary: [out_set_event_callback:3158] io 389: out:0xf0ec47f0, callback:0xf30cd91d cookie:0xf36c0c10
06-10 19:57:33.542 559 4344 I AudioFlinger: AudioFlinger's thread 0xebedc400 tid=4344 ready to run
06-10 19:57:33.543 559 4344 D AudioFlinger: ro.audio.silent is ignored since no output device is set
06-10 19:57:33.543 523 585 D audio_hw_hal_primary: [out_standby_new:5767] io 389: out:0xf0ec47f0 usecase:RAW_DIRECT
06-10 19:57:33.543 523 585 I audio_hw_hal_primary: already standby, do nothing
06-10 19:57:33.544 559 4344 D AudioFlinger: ro.audio.silent is ignored since no output device is set
06-10 19:57:33.544 523 585 D audio_hw_hal_primary: [out_set_parameters:971] out:0xf0ec47f0 kvpairs:a2dp_sink_address=A4:39:B3:64:F5:7A out->out_device:0x80, adev->out_device:0x80082
06-10 19:57:33.544 523 585 E audio_hw_hal_primary: out_set_parameters, ret:-2, hw_sync_mode:is false
06-10 19:57:33.546 4203 4230 I btm_acl : packages/modules/Bluetooth/system/stack/acl/btm_acl.cc:612 BTM_SwitchRoleToCentral: Requested role is already in effect
06-10 19:57:33.548 559 1246 I AudioFlinger: openOutput() this 0xf1b43fd0, module 10 Device AUDIO_DEVICE_OUT_BLUETOOTH_A2DP, @:SUPPRESSED, SamplingRate 44100, Format 0xe000000, Channels 0x1, flags 0x11
06-10 19:57:33.548 523 585 D audio_hw_hal_primary: [adev_open_output_stream_new:7868] enter: dev=0xf0f82930 handle=18d devices=0x80/'BT_A2DP,' flags=0x11/'DIRECT,COMPRESS_OFFLOAD,' config=(rt=44100 ch_mask=0x1 fmt=0xe000000) address='A4:39:B3:64:F5:7A'
06-10 19:57:33.548 523 585 D audio_hw_hal_primary: adev_open_output_stream_new: enter
06-10 19:57:33.548 523 585 I audio_hw_hal_primary: [adev_open_output_stream:3285] io 397: out:0xf0ec40c0 dev:OUT_BLUETOOTH_A2DP(0x80) addr:A4:39:B3:64:F5:7A
06-10 19:57:33.548 523 585 I audio_hw_hal_primary: [adev_open_output_stream:3287] ch_mask:0x1 rate:44100 format:DOLBY_TRUEHD(0xe000000) flags:0x11
06-10 19:57:33.548 523 585 I audio_hw_hal_primary: adev_open_output_stream: for raw audio output,force alsa stereo output
06-10 19:57:33.548 523 585 I audio_hw_hal_primary: [adev_open_output_stream:3610] result profile ch_mask:0x1 rate:44100 format:DOLBY_TRUEHD(0xe000000) usecase:RAW_DIRECT
06-10 19:57:33.548 523 585 I audio_hw_hal_utils: aml_get_stream_dump_file_name line 2929 file_name /data/vendor/audiohal/stream_pid523_tid585.mlp
06-10 19:57:33.548 523 585 I audio_hw_hal_primary: [adev_open_output_stream_new:8037] io 397: out: 0xf0ec40c0 card:0 alsa devices:0 exit ------
06-10 19:57:33.549 523 585 I audio_hw_hal_primary: [out_get_buffer_size:552] out:0xf0ec40c0 config.rate=44100, format:DOLBY_TRUEHD(0xe000000), stream format:DOLBY_TRUEHD(0xe000000)
06-10 19:57:33.550 559 1246 I AudioFlinger: HAL output buffer size 16384 frames, normal sink buffer size 16384 frames
06-10 19:57:33.550 523 585 I audio_hw_hal_primary: [out_set_event_callback:3158] io 397: out:0xf0ec40c0, callback:0xf30cd91d cookie:0xf36c1870
06-10 19:57:33.551 559 4345 I AudioFlinger: AudioFlinger's thread 0xebed8370 tid=4345 ready to run
06-10 19:57:33.552 559 4345 D AudioFlinger: ro.audio.silent is ignored since no output device is set
06-10 19:57:33.552 523 585 D audio_hw_hal_primary: [out_set_parameters:971] out:0xf0ec40c0 kvpairs:a2dp_sink_address=A4:39:B3:64:F5:7A out->out_device:0x80, adev->out_device:0x80082
06-10 19:57:33.552 523 585 E audio_hw_hal_primary: out_set_parameters, ret:-2, hw_sync_mode:is false
06-10 19:57:33.553 559 4345 D AudioFlinger: ro.audio.silent is ignored since no output device is set
06-10 19:57:33.556 523 585 D xm_audio: adev_get_parameters
06-10 19:57:33.556 559 1246 W APM::AudioPolicyEngine/PFWWrapper: setDeviceConnectionState: unknown device address reported (A4:39:B3:64:F5:7A) for criterion AvailableOutputDevicesAddresses
06-10 19:57:33.561 523 585 D audio_hw_hal_primary: [out_dump:848] io 365: out:0xf0ec6be0, fd:26
06-10 19:57:33.562 523 585 D audio_hw_hal_primary: [out_set_parameters:971] out:0xf0ec6be0 kvpairs:closing=true;exiting=1 out->out_device:0x80, adev->out_device:0x80082
06-10 19:57:33.562 523 585 E audio_hw_hal_primary: out_set_parameters, ret:-2, hw_sync_mode:is false
06-10 19:57:33.562 523 585 I audio_hw_hal_primary: [out_set_event_callback:3158] io 365: out:0xf0ec6be0, callback:0xf30cd91d cookie:0xf36c0370
06-10 19:57:33.562 523 585 I audio_hw_hal_primary: [adev_close_output_stream_new:8052] io handle 365: out:0xf0ec6be0
06-10 19:57:33.562 523 585 D audio_hw_hal_primary: adev_close_output_stream_new: enter usecase = RAW_HWSYNC
06-10 19:57:33.562 523 585 I audio_hw_hal_primary: [adev_close_output_stream:3695] io 365: out:0xf0ec6be0 dev:OUT_BLUETOOTH_A2DP(0x80) flags:0x51, usecase:RAW_HWSYNC
06-10 19:57:33.562 523 585 D audio_hw_hal_primary: [out_standby_new:5767] io 365: out:0xf0ec6be0 usecase:RAW_HWSYNC
06-10 19:57:33.562 523 585 I audio_hw_hal_primary: already standby, do nothing
06-10 19:57:33.562 523 585 I audio_hw_hal_resourcemgr: [is_output_device_muted:710] device:0x2 port_mute:0, fade_mute:0
06-10 19:57:33.562 523 585 I audio_hw_hal_primary: [adev_close_output_stream:3863] io 365: out:0xf0ec6be0 exit ------
06-10 19:57:33.563 559 1246 D AudioFlinger: closing mmapThread 0xebd06dc0
06-10 19:57:33.564 559 1246 D AudioFlinger: mmapThread exit()
06-10 19:57:33.564 523 1422 I audio_hw_hal_primary: [adev_close_output_stream_new:8052] io handle 373: out:0xf0ec1cd0
06-10 19:57:33.564 523 1422 D audio_hw_hal_primary: adev_close_output_stream_new: enter usecase = PCM_MMAP
06-10 19:57:33.564 523 1422 I audio_hw_hal_primary: [adev_close_output_stream:3695] io 373: out:0xf0ec1cd0 dev:OUT_BLUETOOTH_A2DP(0x80) flags:0x4001, usecase:PCM_MMAP
06-10 19:57:33.564 523 1422 D audio_hw_hal_primary: [out_standby_new:5767] io 373: out:0xf0ec1cd0 usecase:PCM_MMAP
06-10 19:57:33.564 523 1422 I audio_hw_hal_primary: already standby, do nothing
06-10 19:57:33.564 523 1422 I audio_hw_hal_mmap: [outMmapDeInit:743] stream:0xf0ec1cd0
06-10 19:57:33.564 523 1422 I audio_hw_hal_mmap: [mmap_audio_unregister_client:955] OK ! stream 0xf0ec1cd0, client id 0
06-10 19:57:33.564 523 1422 I audio_hw_hal_primary: when close aaudio stream, send STANDBY msg to submix & ms12
06-10 19:57:33.564 523 1422 I audio_hw_hal_ms12common: aml_set_ms12_scheduler_state ms12_scheduler_state:1, sch_state:1 SCHEDULER_STANDBY is sent to ms12
06-10 19:57:33.564 523 1422 I audio_hw_hal_resourcemgr: [is_output_device_muted:710] device:0x2 port_mute:0, fade_mute:0
06-10 19:57:33.564 523 1422 I audio_hw_hal_primary: [adev_close_output_stream:3863] io 373: out:0xf0ec1cd0 exit ------
06-10 19:57:33.565 523 585 D audio_hw_hal_primary: [out_dump:848] io 381: out:0xf0ec2400, fd:22
06-10 19:57:33.566 523 585 D audio_hw_hal_primary: [out_set_parameters:971] out:0xf0ec2400 kvpairs:closing=true;exiting=1 out->out_device:0x80, adev->out_device:0x80082
06-10 19:57:33.566 523 585 E audio_hw_hal_primary: out_set_parameters, ret:-2, hw_sync_mode:is false
06-10 19:57:33.566 559 4343 D AudioFlinger: ro.audio.silent is ignored since no output device is set
06-10 19:57:33.567 523 585 I audio_hw_hal_primary: [out_set_event_callback:3158] io 381: out:0xf0ec2400, callback:0xf30cd91d cookie:0xf36c24d0
06-10 19:57:33.567 523 1422 I audio_hw_hal_primary: [adev_close_output_stream_new:8052] io handle 381: out:0xf0ec2400
06-10 19:57:33.567 523 1422 D audio_hw_hal_primary: adev_close_output_stream_new: enter usecase = PCM_HWSYNC
06-10 19:57:33.567 523 1422 D audio_hw_hal_timer: func:audio_timer_delete delete timer.1 success.
06-10 19:57:33.567 523 1422 D audio_hw_hal_timer: func:audio_timer_delete delete timer.2 success.
06-10 19:57:33.567 523 1422 D audio_hw_hal_primary: [adev_close_output_stream_new:8076] timer_id:1 ret:2
06-10 19:57:33.567 523 1422 I audio_hw_hal_primary: [adev_close_output_stream:3695] io 381: out:0xf0ec2400 dev:OUT_BLUETOOTH_A2DP(0x80) flags:0x41, usecase:PCM_HWSYNC
06-10 19:57:33.567 523 1422 D audio_hw_hal_primary: [out_standby_new:5767] io 381: out:0xf0ec2400 usecase:PCM_HWSYNC
06-10 19:57:33.567 523 1422 I audio_hw_hal_primary: already standby, do nothing
06-10 19:57:33.567 523 1422 I audio_hw_hal_resourcemgr: [is_output_device_muted:710] device:0x2 port_mute:0, fade_mute:0
06-10 19:57:33.567 523 1422 I audio_hw_hal_primary: [adev_close_output_stream:3863] io 381: out:0xf0ec2400 exit ------
06-10 19:57:33.569 523 585 D audio_hw_hal_primary: [out_dump:848] io 389: out:0xf0ec47f0, fd:22
06-10 19:57:33.569 523 585 D audio_hw_hal_primary: [out_set_parameters:971] out:0xf0ec47f0 kvpairs:closing=true;exiting=1 out->out_device:0x80, adev->out_device:0x80082
06-10 19:57:33.569 523 585 E audio_hw_hal_primary: out_set_parameters, ret:-2, hw_sync_mode:is false
06-10 19:57:33.570 559 4344 D AudioFlinger: ro.audio.silent is ignored since no output device is set
06-10 19:57:33.570 523 585 I audio_hw_hal_primary: [out_set_event_callback:3158] io 389: out:0xf0ec47f0, callback:0xf30cd91d cookie:0xf36c0c10
06-10 19:57:33.570 523 585 I audio_hw_hal_primary: [adev_close_output_stream_new:8052] io handle 389: out:0xf0ec47f0
06-10 19:57:33.570 523 585 D audio_hw_hal_primary: adev_close_output_stream_new: enter usecase = RAW_DIRECT
06-10 19:57:33.570 523 585 I audio_hw_hal_primary: [adev_close_output_stream:3695] io 389: out:0xf0ec47f0 dev:OUT_BLUETOOTH_A2DP(0x80) flags:0x1, usecase:RAW_DIRECT
06-10 19:57:33.570 523 585 D audio_hw_hal_primary: [out_standby_new:5767] io 389: out:0xf0ec47f0 usecase:RAW_DIRECT
06-10 19:57:33.570 523 585 I audio_hw_hal_primary: already standby, do nothing
06-10 19:57:33.570 523 585 I audio_hw_hal_resourcemgr: [is_output_device_muted:710] device:0x2 port_mute:0, fade_mute:0
06-10 19:57:33.570 523 585 I audio_hw_hal_primary: [adev_close_output_stream:3863] io 389: out:0xf0ec47f0 exit ------
06-10 19:57:33.571 523 585 D audio_hw_hal_primary: [out_dump:848] io 397: out:0xf0ec40c0, fd:22
06-10 19:57:33.573 523 585 D audio_hw_hal_primary: [out_set_parameters:971] out:0xf0ec40c0 kvpairs:closing=true;exiting=1 out->out_device:0x80, adev->out_device:0x80082
06-10 19:57:33.573 523 585 E audio_hw_hal_primary: out_set_parameters, ret:-2, hw_sync_mode:is false
06-10 19:57:33.573 523 585 I audio_hw_hal_primary: [out_set_event_callback:3158] io 397: out:0xf0ec40c0, callback:0xf30cd91d cookie:0xf36c1870
06-10 19:57:33.574 523 585 I audio_hw_hal_primary: [adev_close_output_stream_new:8052] io handle 397: out:0xf0ec40c0
06-10 19:57:33.574 523 585 D audio_hw_hal_primary: adev_close_output_stream_new: enter usecase = RAW_DIRECT
06-10 19:57:33.574 523 585 I audio_hw_hal_primary: [adev_close_output_stream:3695] io 397: out:0xf0ec40c0 dev:OUT_BLUETOOTH_A2DP(0x80) flags:0x11, usecase:RAW_DIRECT
06-10 19:57:33.574 523 585 D audio_hw_hal_primary: [out_standby_new:5767] io 397: out:0xf0ec40c0 usecase:RAW_DIRECT
06-10 19:57:33.574 523 585 I audio_hw_hal_primary: already standby, do nothing
06-10 19:57:33.574 523 585 I audio_hw_hal_resourcemgr: [is_output_device_muted:710] device:0x2 port_mute:0, fade_mute:0
06-10 19:57:33.574 523 585 I audio_hw_hal_primary: [adev_close_output_stream:3863] io 397: out:0xf0ec40c0 exit ------
06-10 19:57:33.576 740 934 I AS.AudioDeviceInventory: APM handleDeviceConfigChange success for A2DP device addr=A4:39:B3:64:F5:7A codec=AUDIO_FORMAT_AAC
06-10 19:57:33.577 982 982 V MediaRouter: Audio routes updated: AudioRoutesInfo{ type=HDMI, bluetoothName=小爱音箱-3073 }, a2dp=true
06-10 19:57:33.577 982 982 V MediaRouter: Selecting route: RouteInfo{ name=小爱音箱-3073, description=蓝牙音频, status=null, category=RouteCategory{ name=系统 types=ROUTE_TYPE_LIVE_AUDIO ROUTE_TYPE_LIVE_VIDEO groupable=false }, supportedTypes=ROUTE_TYPE_LIVE_AUDIO , presentationDisplay=null }
06-10 19:57:33.578 982 982 I MediaRouter: Skip setBluetoothA2dpOn(): types=1, isPlaybackActive()=false, BT route=RouteInfo{ name=小爱音箱-3073, description=蓝牙音频, status=null, category=RouteCategory{ name=系统 types=ROUTE_TYPE_LIVE_AUDIO ROUTE_TYPE_LIVE_VIDEO groupable=false }, supportedTypes=ROUTE_TYPE_LIVE_AUDIO , presentationDisplay=null }
06-10 19:57:33.587 4203 4254 D ActiveDeviceManager: onAudioDevicesAdded
06-10 19:57:33.587 4203 4254 D ActiveDeviceManager: Audio device added: 小爱音箱-3073 type: 8
06-10 19:57:33.587 4203 4203 D AvrcpVolumeManager: onAudioDevicesAdded: size: 1
06-10 19:57:33.587 4203 4203 D AvrcpVolumeManager: onAudioDevicesAdded: address=A4:39:B3:64:F5:7A
06-10 19:57:33.587 4203 4203 W AvrcpVolumeManager: volumeDeviceSwitched: Device isn't connected: XX:XX:XX:XX:F5:7A
06-10 19:57:33.602 740 937 I AudioService: onAccessoryPlugMediaUnmute newDevice=128 [bt_a2dp]
06-10 19:57:33.605 523 585 D xm_audio: adev_get_parameters
06-10 19:57:33.606 523 585 D xm_audio: adev_get_parameters
06-10 19:57:33.611 523 585 D xm_audio: adev_get_parameters
06-10 19:57:33.613 523 585 D xm_audio: adev_get_parameters
06-10 19:57:33.618 523 585 D xm_audio: adev_get_parameters
06-10 19:57:33.619 523 585 D xm_audio: adev_get_parameters
06-10 19:57:33.623 523 585 D xm_audio: adev_get_parameters
06-10 19:57:33.624 523 585 D xm_audio: adev_get_parameters
06-10 19:57:33.629 523 585 D xm_audio: adev_get_parameters
06-10 19:57:33.630 523 585 D xm_audio: adev_get_parameters
06-10 19:57:33.635 523 585 D xm_audio: adev_get_parameters
06-10 19:57:33.636 523 585 D xm_audio: adev_get_parameters
06-10 19:57:33.641 523 585 D xm_audio: adev_get_parameters
06-10 19:57:33.641 523 585 D xm_audio: adev_get_parameters
06-10 19:57:33.646 523 585 D xm_audio: adev_get_parameters
06-10 19:57:33.647 523 585 D xm_audio: adev_get_parameters
06-10 19:57:33.652 523 585 D xm_audio: adev_get_parameters
06-10 19:57:33.653 523 585 D xm_audio: adev_get_parameters
06-10 19:57:33.658 523 585 D xm_audio: adev_get_parameters
06-10 19:57:33.658 523 585 D xm_audio: adev_get_parameters
06-10 19:57:33.662 523 585 D xm_audio: adev_get_parameters
06-10 19:57:33.663 523 585 D xm_audio: adev_get_parameters
06-10 19:57:33.668 523 585 D xm_audio: adev_get_parameters
06-10 19:57:33.669 523 585 D xm_audio: adev_get_parameters
06-10 19:57:33.673 523 585 D xm_audio: adev_get_parameters
06-10 19:57:33.674 523 585 D xm_audio: adev_get_parameters
06-10 19:57:33.679 523 585 D xm_audio: adev_get_parameters
06-10 19:57:33.683 523 585 D xm_audio: adev_get_parameters
06-10 19:57:33.683 523 585 D xm_audio: adev_get_parameters
06-10 19:57:33.688 523 585 D xm_audio: adev_get_parameters
06-10 19:57:33.690 523 585 D xm_audio: adev_get_parameters
06-10 19:57:33.694 523 585 D xm_audio: adev_get_parameters
06-10 19:57:33.694 523 585 D xm_audio: adev_get_parameters
06-10 19:57:33.699 523 585 D xm_audio: adev_get_parameters
06-10 19:57:33.699 523 585 D xm_audio: adev_get_parameters
06-10 19:57:33.704 523 585 D xm_audio: adev_get_parameters
06-10 19:57:33.705 523 585 D xm_audio: adev_get_parameters
06-10 19:57:33.710 523 583 D xm_audio: adev_get_parameters
06-10 19:57:33.711 523 583 D xm_audio: adev_get_parameters
06-10 19:57:33.716 523 583 D xm_audio: adev_get_parameters
06-10 19:57:33.717 523 583 D xm_audio: adev_get_parameters
06-10 19:57:33.725 523 583 D xm_audio: adev_get_parameters
06-10 19:57:33.729 523 583 D xm_audio: adev_get_parameters
06-10 19:57:33.730 523 583 D xm_audio: adev_get_parameters
06-10 19:57:33.734 523 583 D xm_audio: adev_get_parameters
06-10 19:57:33.735 523 583 D xm_audio: adev_get_parameters
06-10 19:57:33.739 523 583 D xm_audio: adev_get_parameters
06-10 19:57:33.740 523 583 D xm_audio: adev_get_parameters
06-10 19:57:33.745 523 583 D xm_audio: adev_get_parameters
06-10 19:57:33.746 523 583 D xm_audio: adev_get_parameters
06-10 19:57:33.750 523 585 D xm_audio: adev_get_parameters
06-10 19:57:33.751 523 583 D xm_audio: adev_get_parameters
06-10 19:57:33.755 523 583 D xm_audio: adev_get_parameters
06-10 19:57:33.756 523 583 D xm_audio: adev_get_parameters
06-10 19:57:33.760 523 583 D xm_audio: adev_get_parameters
06-10 19:57:33.760 523 583 D xm_audio: adev_get_parameters
06-10 19:57:33.764 523 583 D xm_audio: adev_get_parameters
06-10 19:57:33.765 523 583 D xm_audio: adev_get_parameters
06-10 19:57:33.769 523 583 D xm_audio: adev_get_parameters
06-10 19:57:33.770 523 583 D xm_audio: adev_get_parameters
06-10 19:57:33.774 523 583 D xm_audio: adev_get_parameters
06-10 19:57:33.775 523 583 D xm_audio: adev_get_parameters
06-10 19:57:33.777 982 1358 I vol.Events: writeEvent level_changed STREAM_MUSIC 3
06-10 19:57:33.781 523 583 D xm_audio: adev_get_parameters
06-10 19:57:33.782 523 583 D xm_audio: adev_get_parameters
06-10 19:57:33.786 523 583 D xm_audio: adev_get_parameters
06-10 19:57:33.787 523 583 D xm_audio: adev_get_parameters
06-10 19:57:33.791 523 583 D xm_audio: adev_get_parameters
06-10 19:57:33.791 523 583 D xm_audio: adev_get_parameters
06-10 19:57:33.796 523 583 D xm_audio: adev_get_parameters
06-10 19:57:33.796 523 583 D xm_audio: adev_get_parameters
06-10 19:57:33.801 523 583 D xm_audio: adev_get_parameters
06-10 19:57:33.803 523 583 D xm_audio: adev_get_parameters
06-10 19:57:33.808 523 583 D xm_audio: adev_get_parameters
06-10 19:57:33.809 523 583 D xm_audio: adev_get_parameters
06-10 19:57:33.814 523 583 D xm_audio: adev_get_parameters
06-10 19:57:33.815 523 583 D xm_audio: adev_get_parameters
06-10 19:57:33.821 523 583 D xm_audio: adev_get_parameters
06-10 19:57:33.823 523 583 D xm_audio: adev_get_parameters
06-10 19:57:33.828 523 583 D xm_audio: adev_get_parameters
06-10 19:57:33.830 523 583 D xm_audio: adev_get_parameters
06-10 19:57:33.835 523 583 D xm_audio: adev_get_parameters
06-10 19:57:33.836 523 583 D xm_audio: adev_get_parameters
06-10 19:57:33.843 523 583 D xm_audio: adev_get_parameters
06-10 19:57:33.845 523 585 D xm_audio: adev_get_parameters
06-10 19:57:33.849 523 585 D xm_audio: adev_get_parameters
06-10 19:57:33.850 523 583 D xm_audio: adev_get_parameters
06-10 19:57:33.855 523 583 D xm_audio: adev_get_parameters
06-10 19:57:33.856 523 583 D xm_audio: adev_get_parameters
06-10 19:57:33.861 523 583 D xm_audio: adev_get_parameters
06-10 19:57:33.862 523 583 D xm_audio: adev_get_parameters
06-10 19:57:33.868 523 583 D xm_audio: adev_get_parameters
06-10 19:57:33.869 523 583 D xm_audio: adev_get_parameters
06-10 19:57:33.877 523 583 D xm_audio: adev_get_parameters
06-10 19:57:33.878 523 583 D xm_audio: adev_get_parameters
06-10 19:57:33.882 523 583 D xm_audio: adev_get_parameters
06-10 19:57:33.883 523 583 D xm_audio: adev_get_parameters
06-10 19:57:33.889 523 583 D xm_audio: adev_get_parameters
06-10 19:57:33.890 523 583 D xm_audio: adev_get_parameters
06-10 19:57:33.896 523 583 D xm_audio: adev_get_parameters
06-10 19:57:33.897 523 583 D xm_audio: adev_get_parameters
06-10 19:57:33.902 523 583 D xm_audio: adev_get_parameters
06-10 19:57:33.903 523 583 D xm_audio: adev_get_parameters
06-10 19:57:33.910 523 583 D xm_audio: adev_get_parameters
06-10 19:57:33.911 523 583 D xm_audio: adev_get_parameters
06-10 19:57:33.915 523 583 D xm_audio: adev_get_parameters
06-10 19:57:33.916 523 583 D xm_audio: adev_get_parameters
06-10 19:57:33.922 523 583 D xm_audio: adev_get_parameters
06-10 19:57:33.925 523 585 D xm_audio: adev_get_parameters
06-10 19:57:33.931 523 585 D xm_audio: adev_get_parameters
06-10 19:57:33.932 523 585 D xm_audio: adev_get_parameters
06-10 19:57:33.935 523 585 D xm_audio: adev_get_parameters
06-10 19:57:33.936 523 585 D xm_audio: adev_get_parameters
06-10 19:57:33.940 523 585 D xm_audio: adev_get_parameters
06-10 19:57:33.941 523 585 D xm_audio: adev_get_parameters
06-10 19:57:33.946 523 585 D xm_audio: adev_get_parameters
06-10 19:57:33.946 523 585 D xm_audio: adev_get_parameters
06-10 19:57:33.952 523 585 D xm_audio: adev_get_parameters
06-10 19:57:33.953 523 585 D xm_audio: adev_get_parameters
06-10 19:57:33.958 523 585 D xm_audio: adev_get_parameters
06-10 19:57:33.959 523 585 D xm_audio: adev_get_parameters
06-10 19:57:33.963 523 585 D xm_audio: adev_get_parameters
06-10 19:57:33.964 523 583 D xm_audio: adev_get_parameters
06-10 19:57:33.970 523 585 D xm_audio: adev_get_parameters
06-10 19:57:33.972 523 585 D xm_audio: adev_get_parameters
06-10 19:57:33.976 523 585 D xm_audio: adev_get_parameters
06-10 19:57:33.977 523 585 D xm_audio: adev_get_parameters
06-10 19:57:33.982 523 585 D xm_audio: adev_get_parameters
06-10 19:57:33.983 523 585 D xm_audio: adev_get_parameters
06-10 19:57:33.988 523 585 D xm_audio: adev_get_parameters
06-10 19:57:33.989 523 585 D xm_audio: adev_get_parameters
06-10 19:57:33.994 523 585 D xm_audio: adev_get_parameters
06-10 19:57:33.994 523 585 D xm_audio: adev_get_parameters
06-10 19:57:33.999 523 585 D xm_audio: adev_get_parameters
06-10 19:57:33.999 523 585 D xm_audio: adev_get_parameters
06-10 19:57:34.004 523 585 D xm_audio: adev_get_parameters
06-10 19:57:34.005 523 585 D xm_audio: adev_get_parameters
06-10 19:57:34.009 523 585 D xm_audio: adev_get_parameters
06-10 19:57:34.010 523 585 D xm_audio: adev_get_parameters
06-10 19:57:34.015 523 585 D xm_audio: adev_get_parameters
06-10 19:57:34.015 523 698 I audio_hw_hal_alsamgr: alsa format =0x1 delay frames =1024 total frames=6064640
06-10 19:57:34.016 523 585 D xm_audio: adev_get_parameters
06-10 19:57:34.020 523 585 D xm_audio: adev_get_parameters
06-10 19:57:34.021 523 585 D xm_audio: adev_get_parameters
06-10 19:57:34.029 523 585 D xm_audio: adev_get_parameters
06-10 19:57:34.030 523 585 D xm_audio: adev_get_parameters
06-10 19:57:34.034 523 585 D xm_audio: adev_get_parameters
06-10 19:57:34.035 523 585 D xm_audio: adev_get_parameters
06-10 19:57:34.039 523 585 D xm_audio: adev_get_parameters
06-10 19:57:34.040 523 585 D xm_audio: adev_get_parameters
06-10 19:57:34.044 523 585 D xm_audio: adev_get_parameters
06-10 19:57:34.045 523 585 D xm_audio: adev_get_parameters
06-10 19:57:34.050 523 585 D xm_audio: adev_get_parameters
06-10 19:57:34.051 523 585 D xm_audio: adev_get_parameters
06-10 19:57:34.055 523 585 D xm_audio: adev_get_parameters
06-10 19:57:34.056 523 585 D xm_audio: adev_get_parameters
06-10 19:57:34.061 523 585 D xm_audio: adev_get_parameters
06-10 19:57:34.061 523 585 D xm_audio: adev_get_parameters
06-10 19:57:34.066 523 585 D xm_audio: adev_get_parameters
06-10 19:57:34.067 523 585 D xm_audio: adev_get_parameters
06-10 19:57:34.073 523 585 D xm_audio: adev_get_parameters
06-10 19:57:34.074 523 585 D xm_audio: adev_get_parameters
06-10 19:57:34.078 523 585 D xm_audio: adev_get_parameters
06-10 19:57:34.080 523 585 D xm_audio: adev_get_parameters
06-10 19:57:34.086 523 585 D xm_audio: adev_get_parameters
06-10 19:57:34.086 523 585 D xm_audio: adev_get_parameters
06-10 19:57:34.091 523 585 D xm_audio: adev_get_parameters
06-10 19:57:34.092 523 585 D xm_audio: adev_get_parameters
06-10 19:57:34.097 523 585 D xm_audio: adev_get_parameters
06-10 19:57:34.098 523 585 D xm_audio: adev_get_parameters
06-10 19:57:34.103 523 585 D xm_audio: adev_get_parameters
06-10 19:57:34.104 523 585 D xm_audio: adev_get_parameters
06-10 19:57:34.108 523 585 D xm_audio: adev_get_parameters
06-10 19:57:34.109 523 585 D xm_audio: adev_get_parameters
06-10 19:57:34.114 523 585 D xm_audio: adev_get_parameters
06-10 19:57:34.115 523 583 D xm_audio: adev_get_parameters
06-10 19:57:34.119 523 583 D xm_audio: adev_get_parameters
06-10 19:57:34.121 523 583 D xm_audio: adev_get_parameters
06-10 19:57:34.130 523 583 D xm_audio: adev_get_parameters
06-10 19:57:34.133 523 583 D xm_audio: adev_get_parameters
06-10 19:57:34.138 523 583 D xm_audio: adev_get_parameters
06-10 19:57:34.139 523 583 D xm_audio: adev_get_parameters
06-10 19:57:34.144 523 583 D xm_audio: adev_get_parameters
06-10 19:57:34.145 523 583 D xm_audio: adev_get_parameters
06-10 19:57:34.147 982 1358 I vol.Events: writeEvent level_changed STREAM_ALARM 15
06-10 19:57:34.151 523 583 D xm_audio: adev_get_parameters
06-10 19:57:34.152 523 583 D xm_audio: adev_get_parameters
06-10 19:57:34.158 523 583 D xm_audio: adev_get_parameters
06-10 19:57:34.159 523 583 D xm_audio: adev_get_parameters
06-10 19:57:34.160 740 740 D HDMI : one touch play retry:4
06-10 19:57:34.161 740 953 D HDMI : [S]: 40:0D
06-10 19:57:34.165 523 583 D xm_audio: adev_get_parameters
06-10 19:57:34.166 523 583 D xm_audio: adev_get_parameters
06-10 19:57:34.170 523 583 D xm_audio: adev_get_parameters
06-10 19:57:34.170 523 583 D xm_audio: adev_get_parameters
06-10 19:57:34.174 523 583 D xm_audio: adev_get_parameters
06-10 19:57:34.176 523 583 D xm_audio: adev_get_parameters
06-10 19:57:34.180 523 583 D xm_audio: adev_get_parameters
06-10 19:57:34.182 523 583 D xm_audio: adev_get_parameters
06-10 19:57:34.187 523 583 D xm_audio: adev_get_parameters
06-10 19:57:34.188 523 583 D xm_audio: adev_get_parameters
06-10 19:57:34.191 523 583 D xm_audio: adev_get_parameters
06-10 19:57:34.192 523 583 D xm_audio: adev_get_parameters
06-10 19:57:34.198 523 583 D xm_audio: adev_get_parameters
06-10 19:57:34.199 523 583 D xm_audio: adev_get_parameters
06-10 19:57:34.203 523 585 D xm_audio: adev_get_parameters
06-10 19:57:34.205 523 585 D xm_audio: adev_get_parameters
06-10 19:57:34.207 982 1358 I vol.Events: writeEvent level_changed STREAM_RING 15
06-10 19:57:34.211 523 585 D xm_audio: adev_get_parameters
06-10 19:57:34.213 523 585 D xm_audio: adev_get_parameters
06-10 19:57:34.218 523 585 D xm_audio: adev_get_parameters
06-10 19:57:34.219 523 585 D xm_audio: adev_get_parameters
06-10 19:57:34.224 523 585 D xm_audio: adev_get_parameters
06-10 19:57:34.226 523 585 D xm_audio: adev_get_parameters
06-10 19:57:34.232 523 585 D xm_audio: adev_get_parameters
06-10 19:57:34.233 523 585 D xm_audio: adev_get_parameters
06-10 19:57:34.239 523 585 D xm_audio: adev_get_parameters
06-10 19:57:34.240 523 585 D xm_audio: adev_get_parameters
06-10 19:57:34.245 523 585 D xm_audio: adev_get_parameters
06-10 19:57:34.245 536 536 D hdmicecd: [CEC]:printCecMessage, [4 -> 0] len: 1, body: 0d, result:success
06-10 19:57:34.246 740 953 D HDMI : [S]: 40:8F
06-10 19:57:34.248 523 585 D xm_audio: adev_get_parameters
06-10 19:57:34.254 523 585 D xm_audio: adev_get_parameters
06-10 19:57:34.255 523 585 D xm_audio: adev_get_parameters
06-10 19:57:34.262 523 585 D xm_audio: adev_get_parameters
06-10 19:57:34.264 523 585 D xm_audio: adev_get_parameters
06-10 19:57:34.270 523 585 D xm_audio: adev_get_parameters
06-10 19:57:34.272 523 585 D xm_audio: adev_get_parameters
06-10 19:57:34.278 523 585 D xm_audio: adev_get_parameters
06-10 19:57:34.280 523 585 D xm_audio: adev_get_parameters
06-10 19:57:34.284 982 1358 I vol.Events: writeEvent level_changed STREAM_SYSTEM 15
06-10 19:57:34.286 982 1358 I vol.Events: writeEvent level_changed STREAM_VOICE_CALL 15
06-10 19:57:34.326 536 536 D hdmicecd: [CEC]:printCecMessage, [4 -> 0] len: 1, body: 8f, result:success
06-10 19:57:34.343 330 4197 D MesonDisplay: read /sys/class/amhdmitx/amhdmitx0/hdcp_lstore, result length:0, val:
06-10 19:57:34.415 536 564 D hdmicecd: [CEC]:printCecMsgBuf, msg: 04 90 01
06-10 19:57:34.415 536 564 D hdmicecd: [HdmiCecControl]:updateActiveState received tv power status 1
06-10 19:57:34.417 740 740 D HDMI : [R]: 04:90:01
06-10 19:57:34.651 4203 4230 I l2c_csm : packages/modules/Bluetooth/system/stack/l2cap/l2c_csm.cc:338 l2c_csm_closed: Check security for psm 0x0017, status 0
06-10 19:57:34.663 4203 4230 I bt_stack: [INFO:connection_handler.cc(320)] void bluetooth::avrcp::ConnectionHandler::AcceptorControlCb(uint8_t, uint8_t, uint16_t, const RawAddress *): handle=0000 result=000000 addr=xx:xx:xx:xx:f5:7a
06-10 19:57:34.663 4203 4230 I bt_stack: [INFO:connection_handler.cc(326)] void bluetooth::avrcp::ConnectionHandler::AcceptorControlCb(uint8_t, uint8_t, uint16_t, const RawAddress *): Connection Opened Event
06-10 19:57:34.663 4203 4230 I bt_stack: [INFO:connection_handler.cc(338)] void bluetooth::avrcp::ConnectionHandler::AcceptorControlCb(uint8_t, uint8_t, uint16_t, const RawAddress *): Performing SDP on connected device. address=xx:xx:xx:xx:f5:7a
06-10 19:57:34.663 4203 4230 I bt_stack: [INFO:connection_handler.cc(176)] virtual bool bluetooth::avrcp::ConnectionHandler::SdpLookup(const RawAddress &, SdpCallback, bool)
06-10 19:57:34.663 4203 4230 I bt_stack: [INFO:connection_handler.cc(200)] Connect to device ff:ff:ff:ff:ff:ff
06-10 19:57:34.663 4203 4230 I bt_stack: [INFO:connection_handler.cc(222)] virtual bool bluetooth::avrcp::ConnectionHandler::AvrcpConnect(bool, const RawAddress &): handle=0x01 status= 000000
06-10 19:57:34.665 4203 4230 I l2c_csm : packages/modules/Bluetooth/system/stack/l2cap/l2c_csm.cc:338 l2c_csm_closed: Check security for psm 0x001b, status 0
06-10 19:57:34.682 4203 4230 I bt_stack: [INFO:connection_handler.cc(320)] void bluetooth::avrcp::ConnectionHandler::AcceptorControlCb(uint8_t, uint8_t, uint16_t, const RawAddress *): handle=0000 result=000000 addr=xx:xx:xx:xx:f5:7a
06-10 19:57:34.682 4203 4230 I bt_stack: [INFO:connection_handler.cc(384)] void bluetooth::avrcp::ConnectionHandler::AcceptorControlCb(uint8_t, uint8_t, uint16_t, const RawAddress *): Browse Open Event
06-10 19:57:34.682 4203 4230 I bt_stack: [INFO:device.cc(76)] xx:xx:xx:xx:f5:7a : void bluetooth::avrcp::Device::SetBrowseMtu(uint16_t): browse_mtu = 669
06-10 19:57:34.691 4203 4250 D AvrcpTargetJni: getCurrentPlayerId
06-10 19:57:34.691 4203 4250 D AvrcpTargetJni: getMediaPlayerList
06-10 19:57:34.703 4203 4230 I bt_stack: [INFO:connection_handler.cc(452)] void bluetooth::avrcp::ConnectionHandler::SdpCb(RawAddress, SdpCallback, tSDP_DISCOVERY_DB *, bool, uint16_t): Device xx:xx:xx:xx:f5:7a supports remote control
06-10 19:57:34.703 4203 4230 I bluetooth: packages/modules/Bluetooth/system/stack/avrc/avrc_api.cc:1447 AVRC_SaveControllerVersion: AVRC controller version same as cached config
06-10 19:57:34.706 4203 4250 D AvrcpTargetJni: getPlayerSettings
06-10 19:57:34.706 4203 4250 D AvrcpTargetJni: getPlayerSettingsResponseNative
06-10 19:57:34.713 4203 4250 D AvrcpTargetJni: getCurrentPlayerId
06-10 19:57:34.713 4203 4250 D AvrcpTargetJni: getMediaPlayerList
06-10 19:57:34.719 4203 4250 D AvrcpTargetJni: volumeDeviceConnected
06-10 19:57:34.720 4203 4250 I AvrcpTargetService: deviceConnected: device=XX:XX:XX:XX:F5:7A absoluteVolume=true
06-10 19:57:34.720 4203 4250 D AvrcpVolumeManager: deviceConnected: device=XX:XX:XX:XX:F5:7A absoluteVolume=true
06-10 19:57:34.720 4203 4250 D AvrcpVolumeManager: switchVolumeDevice: Set Absolute volume support to true
06-10 19:57:34.722 740 1932 I AudioService: setDeviceVolumeBehavior: dev:bt_a2dp addr:A4:39:B3:64:F5:7A behavior:DEVICE_VOLUME_BEHAVIOR_ABSOLUTE pack:com.android.bluetooth
06-10 19:57:34.722 740 1932 I AudioService: avrcpSupportsAbsoluteVolume addr=A4:39:B3:64:F5:7A support=true
06-10 19:57:34.722 740 1932 I AS.BtHelper: setAvrcpAbsoluteVolumeSupported supported=true
06-10 19:57:34.722 4203 4250 D AvrcpVolumeManager: getVolume: Returning volume 3
06-10 19:57:34.722 4203 4250 D AvrcpVolumeManager: switchVolumeDevice: savedVolume=3
06-10 19:57:34.724 4203 4250 D AvrcpVolumeManager: switchVolumeDevice: Updating device volume: avrcpVolume=20
06-10 19:57:34.724 4203 4250 D AvrcpTargetJni: sendVolumeChangedNative
06-10 19:57:34.724 4203 4230 W bt_stack: [WARNING:device.cc(612)] xx:xx:xx:xx:f5:7a : SetVolume: Ignoring volume change same as current volume level
06-10 19:57:34.725 4203 4250 D AvrcpTargetJni: getCurrentPlayStatus
06-10 19:57:34.726 4203 4250 D AvrcpTargetJni: setBrowsedPlayer
06-10 19:57:34.726 4203 4250 D AvrcpTargetJni: setBrowsedPlayerResponseNative
06-10 19:57:34.733 4203 4250 D AvrcpTargetJni: getCurrentMediaId
06-10 19:57:34.733 4203 4250 D AvrcpTargetJni: getNowPlayingList
06-10 19:57:34.733 4203 4230 E bt_stack: [ERROR:device.cc(680)] xx:xx:xx:xx:f5:7a : No match for media ID found
06-10 19:57:34.743 4203 4250 D AvrcpTargetJni: getCurrentPlayStatus
06-10 19:57:34.755 4203 4250 D AvrcpTargetJni: getCurrentPlayStatus
06-10 19:57:34.765 4203 4250 D AvrcpTargetJni: getCurrentPlayStatus
06-10 19:57:35.343 330 4197 D MesonDisplay: read /sys/class/amhdmitx/amhdmitx0/hdcp_lstore, result length:0, val:
06-10 19:57:36.061 541 541 I WifiHAL : call wifi_get_link_stats handler
06-10 19:57:36.061 541 541 I WifiHAL : Creating message to get link statistics; iface = 16
06-10 19:57:36.061 541 541 D WifiHAL : error code -95 mapped to -3
06-10 19:57:36.061 740 916 E WifiStaIfaceAidlImpl: getLinkLayerStats failed with service-specific exception: android.os.ServiceSpecificException: (code 4)
06-10 19:57:36.161 740 740 D HDMI : one touch play retry:5
06-10 19:57:36.161 740 953 D HDMI : [S]: 40:0D
06-10 19:57:36.245 536 536 D hdmicecd: [CEC]:printCecMessage, [4 -> 0] len: 1, body: 0d, result:success
06-10 19:57:36.246 740 953 D HDMI : [S]: 40:8F
06-10 19:57:36.325 536 536 D hdmicecd: [CEC]:printCecMessage, [4 -> 0] len: 1, body: 8f, result:success
06-10 19:57:36.343 330 4197 D MesonDisplay: read /sys/class/amhdmitx/amhdmitx0/hdcp_lstore, result length:0, val:
06-10 19:57:36.415 536 564 D hdmicecd: [CEC]:printCecMsgBuf, msg: 04 90 01
06-10 19:57:36.415 536 564 D hdmicecd: [HdmiCecControl]:updateActiveState received tv power status 1
06-10 19:57:36.418 740 740 D HDMI : [R]: 04:90:01
06-10 19:57:36.564 523 697 D audio_hw_hal_ms12common: func:ms12_timer_callback_handler sigv:0 ~~~~~~~~~~
06-10 19:57:36.564 523 697 D audio_hw_hal_ms12v2: set_dolby_ms12_continuous_state audio_continuous_standby_set status 1
06-10 19:57:36.564 523 697 D audio_hw_hal_continuous_standby: audio_continuous_standby_set, type 0, params 1
06-10 19:57:36.564 523 697 D audio_hw_hal_ms12common: aml_send_ms12_scheduler_state_2_ms12 adev:0xf0f82930, sch_state:1(SCHEDULER_STANDBY)
06-10 19:57:36.834 4203 4230 W bt_btif : packages/modules/Bluetooth/system/main/bte_logmsg.cc:108 LogMsg: bta_av_open_rc: Using the new AVRCP Profile
06-10 19:57:36.834 4203 4230 I bt_stack: [INFO:avrcp_service.cc(493)] void bluetooth::avrcp::AvrcpService::ConnectDevice(const RawAddress &): address=xx:xx:xx:xx:f5:7a
06-10 19:57:36.834 4203 4230 I bt_stack: [INFO:connection_handler.cc(113)] Attempting to connect to device xx:xx:xx:xx:f5:7a
06-10 19:57:36.834 4203 4230 W bt_stack: [WARNING:connection_handler.cc(118)] Already connected to device with address xx:xx:xx:xx:f5:7a
06-10 19:57:37.330 320 4227 I keystore2: system/security/keystore2/src/watchdog.rs:319 - Watchdog thread idle -> terminating. Have a great day.
06-10 19:57:37.344 330 4197 D MesonDisplay: read /sys/class/amhdmitx/amhdmitx0/hdcp_lstore, result length:0, val:
06-10 19:57:37.344 330 4197 D MesonDisplay: read /sys/class/amhdmitx/amhdmitx0/hdcp_lstore, result length:0, val:
06-10 19:57:37.344 330 4197 I MesonDisplay: [/HDCPTxAuth.cpp, authInit, 223] hdcp_tx key:
06-10 19:57:37.462 3060 3061 D uninstall: isAllowStart last_delay 0, current_time 1749556657
06-10 19:57:37.462 3060 3061 I uninstall: enable_service com.ktcp.video/com.tencent.qqlivetv.keeplive.proc.DaemonService com.ktcp.video/(null)
06-10 19:57:37.463 3060 3061 D uninstall: enable_service waitpid
06-10 19:57:37.463 4354 4354 D uninstall: enable_service pid == 0
