06-10 19:57:33.364 4203 4230 W bt_sdp : packages/modules/Bluetooth/system/main/bte_logmsg.cc:108 LogMsg: PBAP PSE dynamic version upgrade is not enabled
06-10 19:57:33.365 4203 4267 I a2dp_aac_encoder: packages/modules/Bluetooth/system/stack/a2dp/a2dp_aac_encoder.cc:196 a2dp_aac_encoder_update: a2dp_aac_encoder_update: sample_rate=44100 bits_per_sample=16 channel_count=2
06-10 19:57:33.365 4203 4267 I a2dp_aac_encoder: packages/modules/Bluetooth/system/stack/a2dp/a2dp_aac_encoder.cc:207 a2dp_aac_encoder_update: a2dp_aac_encoder_update: MTU=660, peer_mtu=660
06-10 19:57:33.365 4203 4267 I a2dp_aac_encoder: packages/modules/Bluetooth/system/stack/a2dp/a2dp_aac_encoder.cc:209 a2dp_aac_encoder_update: a2dp_aac_encoder_update: sample_rate: 44100 channel_mode: 4
06-10 19:57:33.365 4203 4267 I a2dp_aac_encoder: packages/modules/Bluetooth/system/stack/a2dp/a2dp_aac_encoder.cc:292 a2dp_aac_encoder_update: a2dp_aac_encoder_update: MTU = 660 Sampling Frequency = 44100 Bit Rate = 227390
06-10 19:57:33.365 4203 4267 I a2dp_aac_encoder: packages/modules/Bluetooth/system/stack/a2dp/a2dp_aac_encoder.cc:391 a2dp_aac_encoder_update: a2dp_aac_encoder_update: AACENC_BITRATEMODE: 0
06-10 19:57:33.365 4203 4267 I a2dp_aac_encoder: packages/modules/Bluetooth/system/stack/a2dp/a2dp_aac_encoder.cc:427 a2dp_aac_encoder_update: a2dp_aac_encoder_update: AAC frame_length = 1024 input_channels_n = 2 max_encoded_buffer_bytes = 1536
06-10 19:57:33.365 4203 4267 I a2dp_aac_encoder: packages/modules/Bluetooth/system/stack/a2dp/a2dp_aac_encoder.cc:470 a2dp_aac_feeding_reset: a2dp_aac_feeding_reset: PCM bytes 4057 per tick 23 ms
06-10 19:57:33.365 4203 4267 I bt_stack: [INFO:a2dp_encoding_aidl.cc(309)] a2dp_get_selected_hal_codec_config: CodecConfiguration=CodecConfiguration{codecType: AAC, encodedAudioBitrate: 256000, peerMtu: 660, isScmstEnabled: false, config: CodecSpecific{aacConfig: AacConfiguration{objectType: MPEG2_LC, sampleRateHz: 44100, channelMode: STEREO, variableBitRateEnabled: false, bitsPerSample: 16, adaptiveBitRateSupported: false}}}
06-10 19:57:33.365 4203 4267 I bt_stack: [INFO:codec_status_aidl.cc(655)] IsCodecOffloadingEnabled: software codec=CodecConfiguration{codecType: AAC, encodedAudioBitrate: 256000, peerMtu: 660, isScmstEnabled: false, config: CodecSpecific{aacConfig: AacConfiguration{objectType: MPEG2_LC, sampleRateHz: 44100, channelMode: STEREO, variableBitRateEnabled: false, bitsPerSample: 16, adaptiveBitRateSupported: false}}}
06-10 19:57:33.365 523 540 I BTAudioProviderStub: updateAudioConfiguration - SessionType=A2DP_SOFTWARE_ENCODING_DATAPATH has NO session
06-10 19:57:33.365 4203 4267 E bt_stack: [ERROR:client_interface_aidl.cc(238)] UpdateAudioConfig: BluetoothAudioHal failure: Status(-3, EX_ILLEGAL_ARGUMENT): ''
06-10 19:57:33.365 4203 4267 I bt_stack: [INFO:btif_a2dp_source.cc(406)] btif_a2dp_source_start_session_delayed: peer_address=xx:xx:xx:xx:f5:7a state=STATE_RUNNING
06-10 19:57:33.366 4203 4250 D A2dpNativeInterface: onCodecConfigChanged: A2dpStackEvent {type:EVENT_TYPE_CODEC_CONFIG_CHANGED, device:XX:XX:XX:XX:F5:7A, value1:0, codecStatus:{mCodecConfig:{codecName:AAC,mCodecType:1,mCodecPriority:2001,mSampleRate:0x1(44100),mBitsPerSample:0x1(16),mChannelMode:0x2(STEREO),mCodecSpecific1:0,mCodecSpecific2:0,mCodecSpecific3:0,mCodecSpecific4:0},mCodecsLocalCapabilities:[{codecName:LDAC,mCodecType:4,mCodecPriority:5001,mSampleRate:0xf(44100|48000|88200|96000),mBitsPerSample:0x7(16|24|32),mChannelMode:0x2(STEREO),mCodecSpecific1:0,mCodecSpecific2:0,mCodecSpecific3:0,mCodecSpecific4:0}, {codecName:aptX HD,mCodecType:3,mCodecPriority:4001,mSampleRate:0x3(44100|48000),mBitsPerSample:0x2(24),mChannelMode:0x2(STEREO),mCodecSpecific1:0,mCodecSpecific2:0,mCodecSpecific3:0,mCodecSpecific4:0}, {codecName:aptX,mCodecType:2,mCodecPriority:3001,mSampleRate:0x3(44100|48000),mBitsPerSample:0x1(16),mChannelMode:0x2(STEREO),mCodecSpecific1:0,mCodecSpecific2:0,mCodecSpecific3:0,mCodecSpecific4:0}, {codecName:AAC,mCodecType:1,mCodecPriority:2001,mSampleRate:0x1(44100),mBitsPerSample:0x1(16),mChannelMode:0x2(STEREO),mCodecSpecific1:0,mCodecSpecific2:0,mCodecSpecific3:0,mCodecSpecific4:0}, {codecName:SBC,mCodecType:0,mCodecPriority:1001,mSampleRate:0x1(44100),mBitsPerSample:0x1(16),mChannelMode:0x3(MONO|STEREO),mCodecSpecific1:0,mCodecSpecific2:0,mCodecSpecific3:0,mCodecSpecific4:0}],mCodecsSelectableCapabilities:[{codecName:AAC,mCodecType:1,mCodecPriority:2001,mSampleRate:0x1(44100),mBitsPerSample:0x1(16),mChannelMode:0x2(STEREO),mCodecSpecific1:0,mCodecSpecific2:0,mCodecSpecific3:0,mCodecSpecific4:0}, {codecName:SBC,mCodecType:0,mCodecPriority:1001,mSampleRate:0x1(44100),mBitsPerSample:0x1(16),mChannelMode:0x3(MONO|STEREO),mCodecSpecific1:0,mCodecSpecific2:0,mCodecSpecific3:0,mCodecSpecific4:0}]}}
06-10 19:57:33.366 523 540 I BTAudioProviderStub: setLowLatencyModeAllowed - SessionType=A2DP_SOFTWARE_ENCODING_DATAPATH has NO session
06-10 19:57:33.366 4203 4267 W bt_stack: [WARNING:client_interface_aidl.cc(253)] SetLowLatencyModeAllowed: BluetoothAudioHal is not ready: Status(-3, EX_ILLEGAL_ARGUMENT): ''. is_low_latency_allowed_ is saved and it will be sent to BluetoothAudioHal at StartSession.
06-10 19:57:33.367 523 540 I BTAudioProviderStub: startSession - SessionType=A2DP_SOFTWARE_ENCODING_DATAPATH
06-10 19:57:33.367 523 540 I BTAudioSessionAidl: OnSessionStarted - SessionType=A2DP_SOFTWARE_ENCODING_DATAPATH, AudioConfiguration=AudioConfiguration{pcmConfig: PcmConfiguration{sampleRateHz: 44100, channelMode: STEREO, bitsPerSample: 16, dataIntervalUs: 0}}
06-10 19:57:33.367 523 540 I BTAudioSessionAidl: ReportSessionStatus - SessionType=A2DP_SOFTWARE_ENCODING_DATAPATH has NO port state observer
06-10 19:57:33.368 4203 4254 D A2dpService: broadcastCodecConfig(XX:XX:XX:XX:F5:7A): {mCodecConfig:{codecName:AAC,mCodecType:1,mCodecPriority:2001,mSampleRate:0x1(44100),mBitsPerSample:0x1(16),mChannelMode:0x2(STEREO),mCodecSpecific1:0,mCodecSpecific2:0,mCodecSpecific3:0,mCodecSpecific4:0},mCodecsLocalCapabilities:[{codecName:LDAC,mCodecType:4,mCodecPriority:5001,mSampleRate:0xf(44100|48000|88200|96000),mBitsPerSample:0x7(16|24|32),mChannelMode:0x2(STEREO),mCodecSpecific1:0,mCodecSpecific2:0,mCodecSpecific3:0,mCodecSpecific4:0}, {codecName:aptX HD,mCodecType:3,mCodecPriority:4001,mSampleRate:0x3(44100|48000),mBitsPerSample:0x2(24),mChannelMode:0x2(STEREO),mCodecSpecific1:0,mCodecSpecific2:0,mCodecSpecific3:0,mCodecSpecific4:0}, {codecName:aptX,mCodecType:2,mCodecPriority:3001,mSampleRate:0x3(44100|48000),mBitsPerSample:0x1(16),mChannelMode:0x2(STEREO),mCodecSpecific1:0,mCodecSpecific2:0,mCodecSpecific3:0,mCodecSpecific4:0}, {codecName:AAC,mCodecType:1,mCodecPriority:2001,mSampleRate:0x1(44100),mBitsPerSample:0x1(16),mChannelMode:0x2(STEREO),mCodecSpecific1:0,mCodecSpecific2:0,mCodecSpecific3:0,mCodecSpecific4:0}, {codecName:SBC,mCodecType:0,mCodecPriority:1001,mSampleRate:0x1(44100),mBitsPerSample:0x1(16),mChannelMode:0x3(MONO|STEREO),mCodecSpecific1:0,mCodecSpecific2:0,mCodecSpecific3:0,mCodecSpecific4:0}],mCodecsSelectableCapabilities:[{codecName:AAC,mCodecType:1,mCodecPriority:2001,mSampleRate:0x1(44100),mBitsPerSample:0x1(16),mChannelMode:0x2(STEREO),mCodecSpecific1:0,mCodecSpecific2:0,mCodecSpecific3:0,mCodecSpecific4:0}, {codecName:SBC,mCodecType:0,mCodecPriority:1001,mSampleRate:0x1(44100),mBitsPerSample:0x1(16),mChannelMode:0x3(MONO|STEREO),mCodecSpecific1:0,mCodecSpecific2:0,mCodecSpecific3:0,mCodecSpecific4:0}]}
06-10 19:57:33.370 4203 4254 D AvrcpVolumeManager: getVolume: Returning volume 3
06-10 19:57:33.370 4203 4266 D A2dpStateMachine: handleMessage: E msg.what=101
06-10 19:57:33.370 4203 4266 D A2dpStateMachine: processMsg: Connected
06-10 19:57:33.370 4203 4217 I BluetoothAdapterService: getActiveDevices: A2dp device: XX:XX:XX:XX:F5:7A
06-10 19:57:33.371 4203 4266 D A2dpStateMachine: Connected process message(XX:XX:XX:XX:F5:7A): STACK_EVENT
06-10 19:57:33.371 982 1197 D BluetoothAdapter: getActiveDevices(profile= HEADSET)
06-10 19:57:33.371 4203 4266 D A2dpStateMachine: Connected: stack event: A2dpStackEvent {type:EVENT_TYPE_CODEC_CONFIG_CHANGED, device:XX:XX:XX:XX:F5:7A, value1:0, codecStatus:{mCodecConfig:{codecName:AAC,mCodecType:1,mCodecPriority:2001,mSampleRate:0x1(44100),mBitsPerSample:0x1(16),mChannelMode:0x2(STEREO),mCodecSpecific1:0,mCodecSpecific2:0,mCodecSpecific3:0,mCodecSpecific4:0},mCodecsLocalCapabilities:[{codecName:LDAC,mCodecType:4,mCodecPriority:5001,mSampleRate:0xf(44100|48000|88200|96000),mBitsPerSample:0x7(16|24|32),mChannelMode:0x2(STEREO),mCodecSpecific1:0,mCodecSpecific2:0,mCodecSpecific3:0,mCodecSpecific4:0}, {codecName:aptX HD,mCodecType:3,mCodecPriority:4001,mSampleRate:0x3(44100|48000),mBitsPerSample:0x2(24),mChannelMode:0x2(STEREO),mCodecSpecific1:0,mCodecSpecific2:0,mCodecSpecific3:0,mCodecSpecific4:0}, {codecName:aptX,mCodecType:2,mCodecPriority:3001,mSampleRate:0x3(44100|48000),mBitsPerSample:0x1(16),mChannelMode:0x2(STEREO),mCodecSpecific1:0,mCodecSpecific2:0,mCodecSpecific3:0,mCodecSpecific4:0}, {codecName:AAC,mCodecType:1,mCodecPriority:2001,mSampleRate:0x1(44100),mBitsPerSample:0x1(16),mChannelMode:0x2(STEREO),mCodecSpecific1:0,mCodecSpecific2:0,mCodecSpecific3:0,mCodecSpecific4:0}, {codecName:SBC,mCodecType:0,mCodecPriority:1001,mSampleRate:0x1(44100),mBitsPerSample:0x1(16),mChannelMode:0x3(MONO|STEREO),mCodecSpecific1:0,mCodecSpecific2:0,mCodecSpecific3:0,mCodecSpecific4:0}],mCodecsSelectableCapabilities:[{codecName:AAC,mCodecType:1,mCodecPriority:2001,mSampleRate:0x1(44100),mBitsPerSample:0x1(16),mChannelMode:0x2(STEREO),mCodecSpecific1:0,mCodecSpecific2:0,mCodecSpecific3:0,mCodecSpecific4:0}, {codecName:SBC,mCodecType:0,mCodecPriority:1001,mSampleRate:0x1(44100),mBitsPerSample:0x1(16),mChannelMode:0x3(MONO|STEREO),mCodecSpecific1:0,mCodecSpecific2:0,mCodecSpecific3:0,mCodecSpecific4:0}]}}
06-10 19:57:33.371 4203 4266 D A2dpStateMachine: A2DP Codec Config: {codecName:AAC,mCodecType:1,mCodecPriority:2001,mSampleRate:0x1(44100),mBitsPerSample:0x1(16),mChannelMode:0x2(STEREO),mCodecSpecific1:0,mCodecSpecific2:0,mCodecSpecific3:0,mCodecSpecific4:0}->{codecName:AAC,mCodecType:1,mCodecPriority:2001,mSampleRate:0x1(44100),mBitsPerSample:0x1(16),mChannelMode:0x2(STEREO),mCodecSpecific1:0,mCodecSpecific2:0,mCodecSpecific3:0,mCodecSpecific4:0}
06-10 19:57:33.371 4203 4254 I BluetoothUtils: Dual mode enable state is: false
06-10 19:57:33.371 4203 4266 D A2dpStateMachine: A2DP Codec Local Capability: {codecName:LDAC,mCodecType:4,mCodecPriority:5001,mSampleRate:0xf(44100|48000|88200|96000),mBitsPerSample:0x7(16|24|32),mChannelMode:0x2(STEREO),mCodecSpecific1:0,mCodecSpecific2:0,mCodecSpecific3:0,mCodecSpecific4:0}
06-10 19:57:33.371 4203 4254 D ActiveDeviceManager: setLeAudioActiveDevice(null) hasFallbackDevice=true
06-10 19:57:33.372 4203 4254 W LeAudioService: getLeAudioService(): service is NULL
06-10 19:57:33.372 4203 4266 D A2dpStateMachine: A2DP Codec Local Capability: {codecName:aptX HD,mCodecType:3,mCodecPriority:4001,mSampleRate:0x3(44100|48000),mBitsPerSample:0x2(24),mChannelMode:0x2(STEREO),mCodecSpecific1:0,mCodecSpecific2:0,mCodecSpecific3:0,mCodecSpecific4:0}
06-10 19:57:33.372 4203 4266 D A2dpStateMachine: A2DP Codec Local Capability: {codecName:aptX,mCodecType:2,mCodecPriority:3001,mSampleRate:0x3(44100|48000),mBitsPerSample:0x1(16),mChannelMode:0x2(STEREO),mCodecSpecific1:0,mCodecSpecific2:0,mCodecSpecific3:0,mCodecSpecific4:0}
06-10 19:57:33.372 4203 4254 D ActiveDeviceManager: handleA2dpActiveDeviceChanged: XX:XX:XX:XX:F5:7A
06-10 19:57:33.372 4203 4266 D A2dpStateMachine: A2DP Codec Local Capability: {codecName:AAC,mCodecType:1,mCodecPriority:2001,mSampleRate:0x1(44100),mBitsPerSample:0x1(16),mChannelMode:0x2(STEREO),mCodecSpecific1:0,mCodecSpecific2:0,mCodecSpecific3:0,mCodecSpecific4:0}
06-10 19:57:33.372 4203 4266 D A2dpStateMachine: A2DP Codec Local Capability: {codecName:SBC,mCodecType:0,mCodecPriority:1001,mSampleRate:0x1(44100),mBitsPerSample:0x1(16),mChannelMode:0x3(MONO|STEREO),mCodecSpecific1:0,mCodecSpecific2:0,mCodecSpecific3:0,mCodecSpecific4:0}
06-10 19:57:33.372 4203 4266 D A2dpStateMachine: A2DP Codec Selectable Capability: {codecName:AAC,mCodecType:1,mCodecPriority:2001,mSampleRate:0x1(44100),mBitsPerSample:0x1(16),mChannelMode:0x2(STEREO),mCodecSpecific1:0,mCodecSpecific2:0,mCodecSpecific3:0,mCodecSpecific4:0}
06-10 19:57:33.372 4203 4266 D A2dpStateMachine: A2DP Codec Selectable Capability: {codecName:SBC,mCodecType:0,mCodecPriority:1001,mSampleRate:0x1(44100),mBitsPerSample:0x1(16),mChannelMode:0x3(MONO|STEREO),mCodecSpecific1:0,mCodecSpecific2:0,mCodecSpecific3:0,mCodecSpecific4:0}
06-10 19:57:33.372 4203 4266 I bt_btif : packages/modules/Bluetooth/system/btif/src/bluetooth.cc:973 allow_low_latency_audio: allow_low_latency_audio false
06-10 19:57:33.373 4203 4230 W bt_sdp : packages/modules/Bluetooth/system/main/bte_logmsg.cc:108 LogMsg: SDP - Rcvd L2CAP disc, process pend sdp ccb: 0x44
06-10 19:57:33.373 523 540 I BTAudioProviderStub: setLowLatencyModeAllowed - allowed 0
06-10 19:57:33.373 523 540 W BTAudioSessionAidl: ReportLowLatencyModeAllowedChanged - SessionType=A2DP_SOFTWARE_ENCODING_DATAPATH has NO port state observer
06-10 19:57:33.373 4203 4217 I BluetoothAdapterService: getActiveDevices: Headset device: null
06-10 19:57:33.374 982 1197 D BluetoothAdapter: getActiveDevices(profile= HEARING_AID)
06-10 19:57:33.374 4203 4266 D A2dpService: broadcastCodecConfig(XX:XX:XX:XX:F5:7A): {mCodecConfig:{codecName:AAC,mCodecType:1,mCodecPriority:2001,mSampleRate:0x1(44100),mBitsPerSample:0x1(16),mChannelMode:0x2(STEREO),mCodecSpecific1:0,mCodecSpecific2:0,mCodecSpecific3:0,mCodecSpecific4:0},mCodecsLocalCapabilities:[{codecName:LDAC,mCodecType:4,mCodecPriority:5001,mSampleRate:0xf(44100|48000|88200|96000),mBitsPerSample:0x7(16|24|32),mChannelMode:0x2(STEREO),mCodecSpecific1:0,mCodecSpecific2:0,mCodecSpecific3:0,mCodecSpecific4:0}, {codecName:aptX HD,mCodecType:3,mCodecPriority:4001,mSampleRate:0x3(44100|48000),mBitsPerSample:0x2(24),mChannelMode:0x2(STEREO),mCodecSpecific1:0,mCodecSpecific2:0,mCodecSpecific3:0,mCodecSpecific4:0}, {codecName:aptX,mCodecType:2,mCodecPriority:3001,mSampleRate:0x3(44100|48000),mBitsPerSample:0x1(16),mChannelMode:0x2(STEREO),mCodecSpecific1:0,mCodecSpecific2:0,mCodecSpecific3:0,mCodecSpecific4:0}, {codecName:AAC,mCodecType:1,mCodecPriority:2001,mSampleRate:0x1(44100),mBitsPerSample:0x1(16),mChannelMode:0x2(STEREO),mCodecSpecific1:0,mCodecSpecific2:0,mCodecSpecific3:0,mCodecSpecific4:0}, {codecName:SBC,mCodecType:0,mCodecPriority:1001,mSampleRate:0x1(44100),mBitsPerSample:0x1(16),mChannelMode:0x3(MONO|STEREO),mCodecSpecific1:0,mCodecSpecific2:0,mCodecSpecific3:0,mCodecSpecific4:0}],mCodecsSelectableCapabilities:[{codecName:AAC,mCodecType:1,mCodecPriority:2001,mSampleRate:0x1(44100),mBitsPerSample:0x1(16),mChannelMode:0x2(STEREO),mCodecSpecific1:0,mCodecSpecific2:0,mCodecSpecific3:0,mCodecSpecific4:0}, {codecName:SBC,mCodecType:0,mCodecPriority:1001,mSampleRate:0x1(44100),mBitsPerSample:0x1(16),mChannelMode:0x3(MONO|STEREO),mCodecSpecific1:0,mCodecSpecific2:0,mCodecSpecific3:0,mCodecSpecific4:0}]}
06-10 19:57:33.376 740 934 I AS.AudioDeviceBroker: msg: onBluetoothActiveDeviceChange BtDeviceInfo: device=XX:XX:XX:XX:F5:7A state=2 prof=2 supprNoisy=true volume=3 isLeOutput=false eventSource=AudioService audioSystemDevice=128 musicDevice=0
06-10 19:57:33.376 740 934 I AS.AudioDeviceInventory: setBluetoothActiveDevice BtDeviceInfo: device=XX:XX:XX:XX:F5:7A state=2 prof=2 supprNoisy=true volume=3 isLeOutput=false eventSource=AudioService audioSystemDevice=128 musicDevice=0 delay(ms): 0
06-10 19:57:33.376 4203 4266 D A2dpStateMachine: handleMessage: X
06-10 19:57:33.379 4203 4216 I BluetoothAdapterService: getActiveDevices: Hearing Aid devices: Left[null] - Right[null]
06-10 19:57:33.381 740 934 D BluetoothA2dp: getCodecStatus(XX:XX:XX:XX:F5:7A)
06-10 19:57:33.382 982 1197 D CachedBluetoothDevice: onActiveDeviceChanged: profile A2DP, device XX:XX:XX:XX:C0:7D, isActive false
06-10 19:57:33.382 982 1197 D CachedBluetoothDevice: onActiveDeviceChanged: profile A2DP, device XX:XX:XX:XX:F5:7A, isActive true
06-10 19:57:33.385 4203 4217 D A2dpService: getCodecStatus(XX:XX:XX:XX:F5:7A)
06-10 19:57:33.385 740 934 D AS.AudioDeviceInventory: onSetBtActiveDevice btDevice=XX:XX:XX:XX:F5:7A profile=A2DP state=STATE_CONNECTED
06-10 19:57:33.388 559 1246 I APM_AudioPolicyManager: [setForceUse:318] userDbForceUse:NONE(0) force_device:NONE(0)
06-10 19:57:33.390 523 4177 I audio_hw_hal_primary: [adev_set_device_connected_state_v7:9037] connected address:A4:39:B3:64:F5:7A, num_descriptors:0, num_profiles:1
06-10 19:57:33.390 523 4177 I audio_hw_hal_primary: [set_device_connect_state:4044] state:1, dev:OUT_BLUETOOTH_A2DP(0x80), pre_out:0x80002, pre_in:0x4
06-10 19:57:33.390 523 4177 I audio_hw_hal_bt: [init_session_type:231] device:OUT_BLUETOOTH_A2DP(0x80), session:A2DP_OUT
06-10 19:57:33.390 523 4177 I audio_hw_hal_bt: [SetUp:199] session_type=A2DP_OUT, cookie=0x100
06-10 19:57:33.390 523 4177 D audio_hw_hal_bt: [LoadAudioConfig:366] session_type:A2DP_OUT, cookie:0x100, state=STANDBY
06-10 19:57:33.390 523 4177 D audio_hw_hal_bt: PcmConfig=[PcmConfiguration{sampleRateHz: 44100, channelMode: STEREO, bitsPerSample: 16, dataIntervalUs: 0}]
06-10 19:57:33.390 523 4177 I audio_hw_hal_bt: [a2dp_out_open:225] Rx param rate:44100, format:PCM_16_BIT, ch:2
06-10 19:57:33.390 523 4177 D audio_hw_hal_stream: update_sink_format_after_hotplug() active stream 0xf0ec0e70
06-10 19:57:33.390 523 4177 D audio_hw_hal_profile: get_hdmi_sink_cap_new is running...
06-10 19:57:33.390 523 4177 D audio_hw_hal_profile: query hdmi format...
06-10 19:57:33.390 523 4177 D audio_hw_hal_profile: get_hdmi_sink_cap_new ddp is supported; ddp-joc(atmos) is unsupported;
06-10 19:57:33.390 523 4177 I audio_hw_hal_profile: get_hdmi_sink_cap_new dts-hd vendor special byte3:0x1
06-10 19:57:33.390 523 4177 I audio_hw_hal_profile: PCM cap Max channel =2
06-10 19:57:33.390 523 4177 I audio_hw_hal_stream: get_sink_capability mbox+dvb case sink_capability = 0xa000000
06-10 19:57:33.390 523 4177 I audio_hw_hal_stream: force ddp out =0
06-10 19:57:33.390 523 4177 D audio_hw_hal_profile: get_hdmi_sink_cap_new is running...
06-10 19:57:33.391 523 4177 D audio_hw_hal_profile: query hdmi format...
06-10 19:57:33.391 523 4177 D audio_hw_hal_profile: get_hdmi_sink_cap_new ddp is supported; ddp-joc(atmos) is unsupported;
06-10 19:57:33.391 523 4177 I audio_hw_hal_profile: get_hdmi_sink_cap_new dts-hd vendor special byte3:0x1
06-10 19:57:33.391 523 4177 I audio_hw_hal_profile: PCM cap Max channel =2
06-10 19:57:33.391 523 4177 I audio_hw_hal_stream: [get_sink_dts_capability:212] mbox+dvb case sink_capability: DTS(0xb000000)
06-10 19:57:33.391 523 4177 D audio_hw_hal_profile: get_hdmi_sink_cap_new is running...
06-10 19:57:33.391 523 4177 D audio_hw_hal_profile: query hdmi format...
06-10 19:57:33.391 523 4177 D audio_hw_hal_profile: get_hdmi_sink_cap_new ddp is supported; ddp-joc(atmos) is unsupported;
06-10 19:57:33.391 523 4177 I audio_hw_hal_profile: get_hdmi_sink_cap_new dts-hd vendor special byte3:0x1
06-10 19:57:33.391 523 4177 I audio_hw_hal_profile: PCM cap Max channel =2
06-10 19:57:33.391 523 4177 I audio_hw_hal_stream: [get_sink_mpegh_capability:245] mbox+dvb case sink_capability: PCM_16_BIT(0x1)
06-10 19:57:33.391 523 4177 D audio_hw_hal_profile: get_hdmi_sink_cap_new is running...
06-10 19:57:33.391 523 4177 D audio_hw_hal_profile: [get_hdmi_sink_cap_new:960] query hdmi sample_rate... format: PCM_16_BIT(0x1)
06-10 19:57:33.391 523 4177 I audio_hw_hal_profile: get_hdmi_sink_cap_new format =0x1 support rate =sup_sampling_rates=32000|44100|48000
06-10 19:57:33.391 523 4177 I audio_hw_hal_stream: pcm_fmt support sample_rate_mask:0x7
06-10 19:57:33.391 523 4177 I audio_hw_hal_stream: get_sink_dv_capability : /sys/class/amhdmitx/amhdmitx0/hdmi_hdr_status = HDR10-GAMMA_ST2084
06-10 19:57:33.391 523 4177 I audio_hw_hal_stream: get_sink_dv_capability : dv enable 0
06-10 19:57:33.391 523 4177 I audio_hw_hal_stream: [get_sink_format:446] out:0xf0ec0e70 out devices:0x80082 cur_out_devices:0x400 format:PCM_16_BIT(0x1) digital_mode(PCM) sink cap:E_AC3(0xa000000)
06-10 19:57:33.391 523 4177 I audio_hw_hal_stream: get_sink_format() HDMI ARC or mbox + dvb case
06-10 19:57:33.391 523 4177 I audio_hw_hal_stream: [get_sink_format:645] sink_format:PCM_16_BIT(0x1) max channel:2 optical_format:PCM_16_BIT(0x1) dual_output 0
06-10 19:57:33.391 523 4177 I audio_hw_hal_ms12common: audiohal_send_msg_2_ms12 mesg_type:MS12_MESG_TYPE_RESET_MS12_ENCODER entry
06-10 19:57:33.391 523 696 D audio_hw_hal_ms12common: ms12_message_threadloop(), msg type: MS12_MESG_TYPE_RESET_MS12_ENCODER
06-10 19:57:33.391 523 696 I audio_hw_hal_ms12v2: +dolby_ms12_encoder_reconfig()
06-10 19:57:33.391 523 696 D libdolbyms12: mch_enable 0
06-10 19:57:33.391 523 696 D audio_hw_hal_continuous_standby: audio_continuous_standby_set, type 1, params 8
06-10 19:57:33.391 523 696 D audio_hw_hal_ms12common: ms12_message_threadloop mesg_list is empty, loop waiting......
06-10 19:57:33.391 523 4177 I audio_hw_hal_ms12common: audiohal_send_msg_2_ms12 mesg_type:MS12_MESG_TYPE_RESET_MS12_ENCODER exit
06-10 19:57:33.391 523 4177 D audio_hw_hal_ms12v2: set_dolby_ms12_continuous_state audio_continuous_standby_set status 0
06-10 19:57:33.391 523 4177 D audio_hw_hal_continuous_standby: audio_continuous_standby_set, type 0, params 0
06-10 19:57:33.391 523 4177 I audio_hw_hal_ms12common: aml_set_ms12_scheduler_state ms12_scheduler_state:0, sch_state:0 SCHEDULER_RUNNING is sent to ms12
06-10 19:57:33.392 523 698 D libdolbyms12: set runtime mch_enable 0
06-10 19:57:33.393 523 698 I audio_hw_hal_bt: [a2dp_out_get_latency:602] success:0 report_latency:0 ms, latency:100 ms
06-10 19:57:33.395 523 4325 I audio_hw_hal_bt: [a2dp_out_monitor_thread:143] Start monitoring the write rate+++
06-10 19:57:33.395 523 583 W DeviceHAL: Error from HAL Device in function get_audio_port_v7: Function not implemented
06-10 19:57:33.395 559 1246 I AudioFlinger: openOutput() this 0xf1b43fd0, module 10 Device AUDIO_DEVICE_OUT_BLUETOOTH_A2DP, @:SUPPRESSED, SamplingRate 32000, Format 0x9000000, Channels 0x1, flags 0x51
06-10 19:57:33.396 523 583 D audio_hw_hal_primary: [adev_open_output_stream_new:7868] enter: dev=0xf0f82930 handle=145 devices=0x80/'BT_A2DP,' flags=0x51/'DIRECT,COMPRESS_OFFLOAD,HW_AV_SYNC,' config=(rt=32000 ch_mask=0x1 fmt=0x9000000) address='A4:39:B3:64:F5:7A'
06-10 19:57:33.396 523 583 D audio_hw_hal_primary: adev_open_output_stream_new: enter
06-10 19:57:33.396 523 583 I audio_hw_hal_primary: [adev_open_output_stream:3285] io 325: out:0xf0ec2400 dev:OUT_BLUETOOTH_A2DP(0x80) addr:A4:39:B3:64:F5:7A
06-10 19:57:33.396 523 583 I audio_hw_hal_primary: [adev_open_output_stream:3287] ch_mask:0x1 rate:32000 format:AC3(0x9000000) flags:0x51
06-10 19:57:33.396 523 583 I audio_hw_hal_primary: adev_open_output_stream: for raw audio output,force alsa stereo output
06-10 19:57:33.396 523 583 D audio_hw_hal_primary: [adev_open_output_stream:3573] format=AC3 rate=32000
06-10 19:57:33.396 523 583 I audio_hw_hal_primary: [adev_open_output_stream:3610] result profile ch_mask:0x1 rate:32000 format:AC3(0x9000000) usecase:RAW_HWSYNC
06-10 19:57:33.396 523 583 I audio_hw_hal_utils: aml_get_stream_dump_file_name line 2929 file_name /data/vendor/audiohal/stream_pid523_tid583.dd
06-10 19:57:33.396 523 583 I audio_hw_hal_primary: [adev_open_output_stream_new:8037] io 325: out: 0xf0ec2400 card:0 alsa devices:0 exit ------
06-10 19:57:33.397 523 583 I audio_hw_hal_primary: [out_get_buffer_size:552] out:0xf0ec2400 config.rate=32000, format:AC3(0x9000000), stream format:AC3(0x9000000)
06-10 19:57:33.397 559 1246 I AudioFlinger: HAL output buffer size 2048 frames, normal sink buffer size 2048 frames
06-10 19:57:33.398 523 583 I audio_hw_hal_primary: [out_set_event_callback:3158] io 325: out:0xf0ec2400, callback:0xf30cd91d cookie:0xf36c0f70
06-10 19:57:33.398 559 4326 I AudioFlinger: AudioFlinger's thread 0xebed42e0 tid=4326 ready to run
06-10 19:57:33.400 559 4326 D AudioFlinger: ro.audio.silent is ignored since no output device is set
06-10 19:57:33.401 523 583 D audio_hw_hal_primary: [out_set_parameters:971] out:0xf0ec2400 kvpairs:a2dp_sink_address=A4:39:B3:64:F5:7A out->out_device:0x80, adev->out_device:0x80082
06-10 19:57:33.401 523 583 E audio_hw_hal_primary: out_set_parameters, ret:-2, hw_sync_mode:is false
06-10 19:57:33.402 559 4326 D AudioFlinger: ro.audio.silent is ignored since no output device is set
06-10 19:57:33.411 559 1246 I AudioFlinger: openOutput() this 0xf1b43fd0, module 10 Device AUDIO_DEVICE_OUT_BLUETOOTH_A2DP, @:SUPPRESSED, SamplingRate 48000, Format 0x000001, Channels 0x3, flags 0x4001
06-10 19:57:33.411 523 583 D audio_hw_hal_primary: [adev_open_output_stream_new:7868] enter: dev=0xf0f82930 handle=14d devices=0x80/'BT_A2DP,' flags=0x4001/'DIRECT,MMAP_NOIRQ,' config=(rt=48000 ch_mask=0x3 fmt=0x1) address='A4:39:B3:64:F5:7A'
06-10 19:57:33.411 523 583 D audio_hw_hal_primary: adev_open_output_stream_new: enter
06-10 19:57:33.411 523 583 I audio_hw_hal_primary: [adev_open_output_stream:3285] io 333: out:0xf0ec1cd0 dev:OUT_BLUETOOTH_A2DP(0x80) addr:A4:39:B3:64:F5:7A
06-10 19:57:33.411 523 583 I audio_hw_hal_primary: [adev_open_output_stream:3287] ch_mask:0x3 rate:48000 format:PCM_16_BIT(0x1) flags:0x4001
06-10 19:57:33.411 523 583 I audio_hw_hal_primary: when open aaudio stream, send RUNNING msg to submix & ms12
06-10 19:57:33.411 523 583 W audio_hw_hal_ms12common: aml_set_ms12_scheduler_state sch_state:0 SCHEDULER_RUNNING, ms12 scheduler state not changed.
06-10 19:57:33.411 523 583 I audio_hw_hal_mmap: [outMmapInit:680] stream:0xf0ec1cd0
06-10 19:57:33.411 523 583 I audio_hw_hal_mmap: [dma_buffer_allocate:639] enter
06-10 19:57:33.412 523 583 I DMABUFHEAPS: Using DMA-BUF heap named: system-uncached
06-10 19:57:33.412 523 583 I audio_hw_hal_mmap: [dma_buffer_allocate:673] s32DmaFd:24, pu8MmapAddr:0xf4773000
06-10 19:57:33.412 523 583 I audio_hw_hal_mmap: [mmap_audio_register_client:927] OK ! stream 0xf0ec1cd0, client id 0
06-10 19:57:33.412 523 583 I audio_hw_hal_primary: [adev_open_output_stream:3540] vendor.media.llp 0
06-10 19:57:33.412 523 583 I audio_hw_hal_primary: [adev_open_output_stream:3610] result profile ch_mask:0x3 rate:48000 format:PCM_16_BIT(0x1) usecase:PCM_MMAP
06-10 19:57:33.412 523 583 I audio_hw_hal_utils: aml_get_stream_dump_file_name line 2929 file_name /data/vendor/audiohal/stream_pid523_tid583.pcm
06-10 19:57:33.412 523 583 I audio_hw_hal_primary: [adev_open_output_stream_new:8037] io 333: out: 0xf0ec1cd0 card:0 alsa devices:0 exit ------
06-10 19:57:33.413 523 583 I audio_hw_hal_primary: [out_get_buffer_size:552] out:0xf0ec1cd0 config.rate=48000, format:PCM_16_BIT(0x1), stream format:PCM_16_BIT(0x1)
06-10 19:57:33.413 559 4327 I AudioFlinger: AudioFlinger's thread 0xebd00010 tid=4327 ready to run
06-10 19:57:33.414 523 583 D audio_hw_hal_primary: [out_set_parameters:971] out:0xf0ec1cd0 kvpairs:a2dp_sink_address=A4:39:B3:64:F5:7A out->out_device:0x80, adev->out_device:0x80082
06-10 19:57:33.414 523 583 E audio_hw_hal_primary: out_set_parameters, ret:-2, hw_sync_mode:is false
06-10 19:57:33.414 523 583 I audio_hw_hal_primary: [out_set_volume:1406] out:0xf0ec1cd0 left:0.000000 continuous:1 internal_format:PCM_16_BIT dolby:0 direct pcm:1 mmap_pcm:1
06-10 19:57:33.420 559 1246 I AudioFlinger: openOutput() this 0xf1b43fd0, module 10 Device AUDIO_DEVICE_OUT_BLUETOOTH_A2DP, @:SUPPRESSED, SamplingRate 32000, Format 0x000001, Channels 0x1, flags 0x41
06-10 19:57:33.420 523 583 D audio_hw_hal_primary: [adev_open_output_stream_new:7868] enter: dev=0xf0f82930 handle=155 devices=0x80/'BT_A2DP,' flags=0x41/'DIRECT,HW_AV_SYNC,' config=(rt=32000 ch_mask=0x1 fmt=0x1) address='A4:39:B3:64:F5:7A'
06-10 19:57:33.420 523 583 D audio_hw_hal_primary: adev_open_output_stream_new: enter
06-10 19:57:33.420 523 583 I audio_hw_hal_primary: [adev_open_output_stream:3285] io 341: out:0xf0ec40c0 dev:OUT_BLUETOOTH_A2DP(0x80) addr:A4:39:B3:64:F5:7A
06-10 19:57:33.420 523 583 I audio_hw_hal_primary: [adev_open_output_stream:3287] ch_mask:0x1 rate:32000 format:PCM_16_BIT(0x1) flags:0x41
06-10 19:57:33.420 523 583 D audio_hw_hal_primary: [adev_open_output_stream:3573] format=PCM_16_BIT rate=32000
06-10 19:57:33.420 523 583 I audio_hw_hal_primary: init resampler from 32000 to 48000!
06-10 19:57:33.420 523 583 D audio_hw_utils_resampler: resampler_init, Init Resampler: input_sr = 32000, output_sr = 48000
06-10 19:57:33.420 523 583 I audio_hw_hal_primary: [adev_open_output_stream:3610] result profile ch_mask:0x1 rate:32000 format:PCM_16_BIT(0x1) usecase:PCM_HWSYNC
06-10 19:57:33.421 523 583 D audio_hw_hal_timer: func:audio_timer_create create timer.1 success.
06-10 19:57:33.421 523 583 D audio_hw_hal_timer: func:audio_timer_create create timer.2 success.
06-10 19:57:33.421 523 583 D audio_hw_hal_primary: [adev_open_output_stream_new:7980] timer_id:1
06-10 19:57:33.421 523 583 I audio_hw_hal_utils: aml_get_stream_dump_file_name line 2929 file_name /data/vendor/audiohal/stream_pid523_tid583.pcm
06-10 19:57:33.421 523 583 I audio_hw_hal_primary: [adev_open_output_stream_new:8037] io 341: out: 0xf0ec40c0 card:0 alsa devices:0 exit ------
06-10 19:57:33.422 523 583 I audio_hw_hal_primary: [out_get_buffer_size:552] out:0xf0ec40c0 config.rate=32000, format:PCM_16_BIT(0x1), stream format:PCM_16_BIT(0x1)
06-10 19:57:33.422 559 1246 I AudioFlinger: HAL output buffer size 2068 frames, normal sink buffer size 2068 frames
06-10 19:57:33.422 523 583 I audio_hw_hal_primary: [out_set_event_callback:3158] io 341: out:0xf0ec40c0, callback:0xf30cd91d cookie:0xf36c2290
06-10 19:57:33.423 559 4330 I AudioFlinger: AudioFlinger's thread 0xebee0490 tid=4330 ready to run
06-10 19:57:33.423 559 4330 D AudioFlinger: ro.audio.silent is ignored since no output device is set
06-10 19:57:33.424 523 4177 D audio_hw_hal_primary: [out_standby_new:5767] io 341: out:0xf0ec40c0 usecase:PCM_HWSYNC
06-10 19:57:33.424 523 4177 I audio_hw_hal_primary: already standby, do nothing
06-10 19:57:33.424 559 4330 D AudioFlinger: ro.audio.silent is ignored since no output device is set
06-10 19:57:33.424 523 4177 D audio_hw_hal_primary: [out_set_parameters:971] out:0xf0ec40c0 kvpairs:a2dp_sink_address=A4:39:B3:64:F5:7A out->out_device:0x80, adev->out_device:0x80082
06-10 19:57:33.424 523 4177 E audio_hw_hal_primary: out_set_parameters, ret:-2, hw_sync_mode:is false
06-10 19:57:33.426 559 4330 D AudioFlinger: ro.audio.silent is ignored since no output device is set
06-10 19:57:33.426 559 4330 D AudioFlinger: ro.audio.silent is ignored since no output device is set
06-10 19:57:33.427 559 4330 D AudioFlinger: ro.audio.silent is ignored since no output device is set
06-10 19:57:33.428 559 4330 D AudioFlinger: ro.audio.silent is ignored since no output device is set
06-10 19:57:33.429 559 4330 D AudioFlinger: ro.audio.silent is ignored since no output device is set
06-10 19:57:33.430 559 4330 D AudioFlinger: ro.audio.silent is ignored since no output device is set
06-10 19:57:33.430 559 4330 D AudioFlinger: ro.audio.silent is ignored since no output device is set
06-10 19:57:33.431 559 4330 D AudioFlinger: ro.audio.silent is ignored since no output device is set
06-10 19:57:33.432 559 4330 D AudioFlinger: ro.audio.silent is ignored since no output device is set
06-10 19:57:33.433 559 4330 D AudioFlinger: ro.audio.silent is ignored since no output device is set
06-10 19:57:33.433 559 4330 D AudioFlinger: ro.audio.silent is ignored since no output device is set
06-10 19:57:33.434 559 4330 D AudioFlinger: ro.audio.silent is ignored since no output device is set
06-10 19:57:33.435 559 4330 D AudioFlinger: ro.audio.silent is ignored since no output device is set
06-10 19:57:33.436 559 1246 I AudioFlinger: openOutput() this 0xf1b43fd0, module 10 Device AUDIO_DEVICE_OUT_BLUETOOTH_A2DP, @:SUPPRESSED, SamplingRate 32000, Format 0x9000000, Channels 0x1, flags 0x1
06-10 19:57:33.436 523 4177 D audio_hw_hal_primary: [adev_open_output_stream_new:7868] enter: dev=0xf0f82930 handle=15d devices=0x80/'BT_A2DP,' flags=0x1/'DIRECT,' config=(rt=32000 ch_mask=0x1 fmt=0x9000000) address='A4:39:B3:64:F5:7A'
06-10 19:57:33.436 523 4177 D audio_hw_hal_primary: adev_open_output_stream_new: enter
06-10 19:57:33.436 523 4177 I audio_hw_hal_primary: [adev_open_output_stream:3285] io 349: out:0xf0ec6be0 dev:OUT_BLUETOOTH_A2DP(0x80) addr:A4:39:B3:64:F5:7A
06-10 19:57:33.436 523 4177 I audio_hw_hal_primary: [adev_open_output_stream:3287] ch_mask:0x1 rate:32000 format:AC3(0x9000000) flags:0x1
06-10 19:57:33.436 523 4177 I audio_hw_hal_primary: adev_open_output_stream: for raw audio output,force alsa stereo output
06-10 19:57:33.436 523 4177 I audio_hw_hal_primary: [adev_open_output_stream:3610] result profile ch_mask:0x1 rate:32000 format:AC3(0x9000000) usecase:RAW_DIRECT
06-10 19:57:33.436 523 4177 I audio_hw_hal_utils: aml_get_stream_dump_file_name line 2929 file_name /data/vendor/audiohal/stream_pid523_tid4177.dd
06-10 19:57:33.436 523 4177 I audio_hw_hal_primary: [adev_open_output_stream_new:8037] io 349: out: 0xf0ec6be0 card:0 alsa devices:0 exit ------
06-10 19:57:33.438 523 4177 I audio_hw_hal_primary: [out_get_buffer_size:552] out:0xf0ec6be0 config.rate=32000, format:AC3(0x9000000), stream format:AC3(0x9000000)
06-10 19:57:33.438 559 1246 I AudioFlinger: HAL output buffer size 2048 frames, normal sink buffer size 2048 frames
06-10 19:57:33.438 523 4177 I audio_hw_hal_primary: [out_set_event_callback:3158] io 349: out:0xf0ec6be0, callback:0xf30cd91d cookie:0xf36c0c70
06-10 19:57:33.439 559 4331 I AudioFlinger: AudioFlinger's thread 0xebee4520 tid=4331 ready to run
06-10 19:57:33.440 559 4331 D AudioFlinger: ro.audio.silent is ignored since no output device is set
06-10 19:57:33.441 523 4177 D audio_hw_hal_primary: [out_standby_new:5767] io 349: out:0xf0ec6be0 usecase:RAW_DIRECT
06-10 19:57:33.441 523 4177 I audio_hw_hal_primary: already standby, do nothing
06-10 19:57:33.441 559 4331 D AudioFlinger: ro.audio.silent is ignored since no output device is set
06-10 19:57:33.441 523 4177 D audio_hw_hal_primary: [out_set_parameters:971] out:0xf0ec6be0 kvpairs:a2dp_sink_address=A4:39:B3:64:F5:7A out->out_device:0x80, adev->out_device:0x80082
06-10 19:57:33.442 523 4177 E audio_hw_hal_primary: out_set_parameters, ret:-2, hw_sync_mode:is false
06-10 19:57:33.452 559 1246 I AudioFlinger: openOutput() this 0xf1b43fd0, module 10 Device AUDIO_DEVICE_OUT_BLUETOOTH_A2DP, @:SUPPRESSED, SamplingRate 44100, Format 0xe000000, Channels 0x1, flags 0x11
06-10 19:57:33.452 523 4177 D audio_hw_hal_primary: [adev_open_output_stream_new:7868] enter: dev=0xf0f82930 handle=165 devices=0x80/'BT_A2DP,' flags=0x11/'DIRECT,COMPRESS_OFFLOAD,' config=(rt=44100 ch_mask=0x1 fmt=0xe000000) address='A4:39:B3:64:F5:7A'
06-10 19:57:33.452 523 4177 D audio_hw_hal_primary: adev_open_output_stream_new: enter
06-10 19:57:33.452 523 4177 I audio_hw_hal_primary: [adev_open_output_stream:3285] io 357: out:0xf0ec47f0 dev:OUT_BLUETOOTH_A2DP(0x80) addr:A4:39:B3:64:F5:7A
06-10 19:57:33.452 523 4177 I audio_hw_hal_primary: [adev_open_output_stream:3287] ch_mask:0x1 rate:44100 format:DOLBY_TRUEHD(0xe000000) flags:0x11
06-10 19:57:33.452 523 4177 I audio_hw_hal_primary: adev_open_output_stream: for raw audio output,force alsa stereo output
06-10 19:57:33.452 523 4177 I audio_hw_hal_primary: [adev_open_output_stream:3610] result profile ch_mask:0x1 rate:44100 format:DOLBY_TRUEHD(0xe000000) usecase:RAW_DIRECT
06-10 19:57:33.453 523 4177 I audio_hw_hal_utils: aml_get_stream_dump_file_name line 2929 file_name /data/vendor/audiohal/stream_pid523_tid4177.mlp
06-10 19:57:33.453 523 4177 I audio_hw_hal_primary: [adev_open_output_stream_new:8037] io 357: out: 0xf0ec47f0 card:0 alsa devices:0 exit ------
06-10 19:57:33.453 523 4177 I audio_hw_hal_primary: [out_get_buffer_size:552] out:0xf0ec47f0 config.rate=44100, format:DOLBY_TRUEHD(0xe000000), stream format:DOLBY_TRUEHD(0xe000000)
06-10 19:57:33.454 559 1246 I AudioFlinger: HAL output buffer size 16384 frames, normal sink buffer size 16384 frames
06-10 19:57:33.454 523 4177 I audio_hw_hal_primary: [out_set_event_callback:3158] io 357: out:0xf0ec47f0, callback:0xf30cd91d cookie:0xf36c1450
06-10 19:57:33.454 559 4332 I AudioFlinger: AudioFlinger's thread 0xebedc400 tid=4332 ready to run
06-10 19:57:33.455 559 4332 D AudioFlinger: ro.audio.silent is ignored since no output device is set
06-10 19:57:33.456 559 4332 D AudioFlinger: ro.audio.silent is ignored since no output device is set
06-10 19:57:33.456 523 4177 D audio_hw_hal_primary: [out_set_parameters:971] out:0xf0ec47f0 kvpairs:a2dp_sink_address=A4:39:B3:64:F5:7A out->out_device:0x80, adev->out_device:0x80082
06-10 19:57:33.456 523 4177 E audio_hw_hal_primary: out_set_parameters, ret:-2, hw_sync_mode:is false
06-10 19:57:33.465 523 4177 D xm_audio: adev_get_parameters
06-10 19:57:33.465 559 1246 W APM::AudioPolicyEngine/PFWWrapper: setDeviceConnectionState: unknown device address reported (A4:39:B3:64:F5:7A) for criterion AvailableOutputDevicesAddresses
06-10 19:57:33.470 523 4177 D audio_hw_hal_primary: [out_dump:848] io 325: out:0xf0ec2400, fd:26
06-10 19:57:33.471 523 4177 D audio_hw_hal_primary: [out_set_parameters:971] out:0xf0ec2400 kvpairs:closing=true;exiting=1 out->out_device:0x80, adev->out_device:0x80082
06-10 19:57:33.471 523 4177 E audio_hw_hal_primary: out_set_parameters, ret:-2, hw_sync_mode:is false
06-10 19:57:33.472 523 4177 I audio_hw_hal_primary: [out_set_event_callback:3158] io 325: out:0xf0ec2400, callback:0xf30cd91d cookie:0xf36c0f70
06-10 19:57:33.472 523 583 I audio_hw_hal_primary: [adev_close_output_stream_new:8052] io handle 325: out:0xf0ec2400
06-10 19:57:33.472 523 583 D audio_hw_hal_primary: adev_close_output_stream_new: enter usecase = RAW_HWSYNC
06-10 19:57:33.472 523 583 I audio_hw_hal_primary: [adev_close_output_stream:3695] io 325: out:0xf0ec2400 dev:OUT_BLUETOOTH_A2DP(0x80) flags:0x51, usecase:RAW_HWSYNC
06-10 19:57:33.472 523 583 D audio_hw_hal_primary: [out_standby_new:5767] io 325: out:0xf0ec2400 usecase:RAW_HWSYNC
06-10 19:57:33.472 523 583 I audio_hw_hal_primary: already standby, do nothing
06-10 19:57:33.472 523 583 I audio_hw_hal_resourcemgr: [is_output_device_muted:710] device:0x2 port_mute:0, fade_mute:0
06-10 19:57:33.472 523 583 I audio_hw_hal_primary: [adev_close_output_stream:3863] io 325: out:0xf0ec2400 exit ------
06-10 19:57:33.473 559 1246 D AudioFlinger: closing mmapThread 0xebd00010
06-10 19:57:33.473 559 1246 D AudioFlinger: mmapThread exit()
06-10 19:57:33.474 523 1422 I audio_hw_hal_primary: [adev_close_output_stream_new:8052] io handle 333: out:0xf0ec1cd0
06-10 19:57:33.474 523 1422 D audio_hw_hal_primary: adev_close_output_stream_new: enter usecase = PCM_MMAP
06-10 19:57:33.474 523 1422 I audio_hw_hal_primary: [adev_close_output_stream:3695] io 333: out:0xf0ec1cd0 dev:OUT_BLUETOOTH_A2DP(0x80) flags:0x4001, usecase:PCM_MMAP
06-10 19:57:33.474 523 1422 D audio_hw_hal_primary: [out_standby_new:5767] io 333: out:0xf0ec1cd0 usecase:PCM_MMAP
06-10 19:57:33.474 523 1422 I audio_hw_hal_primary: already standby, do nothing
06-10 19:57:33.474 523 1422 I audio_hw_hal_mmap: [outMmapDeInit:743] stream:0xf0ec1cd0
06-10 19:57:33.474 523 1422 I audio_hw_hal_mmap: [mmap_audio_unregister_client:955] OK ! stream 0xf0ec1cd0, client id 0
06-10 19:57:33.474 523 1422 I audio_hw_hal_primary: when close aaudio stream, send STANDBY msg to submix & ms12
06-10 19:57:33.474 523 1422 I audio_hw_hal_ms12common: aml_set_ms12_scheduler_state ms12_scheduler_state:1, sch_state:1 SCHEDULER_STANDBY is sent to ms12
06-10 19:57:33.474 523 1422 I audio_hw_hal_resourcemgr: [is_output_device_muted:710] device:0x2 port_mute:0, fade_mute:0
06-10 19:57:33.474 523 1422 I audio_hw_hal_primary: [adev_close_output_stream:3863] io 333: out:0xf0ec1cd0 exit ------
06-10 19:57:33.475 523 585 D audio_hw_hal_primary: [out_dump:848] io 341: out:0xf0ec40c0, fd:22
06-10 19:57:33.476 523 585 D audio_hw_hal_primary: [out_set_parameters:971] out:0xf0ec40c0 kvpairs:closing=true;exiting=1 out->out_device:0x80, adev->out_device:0x80082
06-10 19:57:33.476 523 585 E audio_hw_hal_primary: out_set_parameters, ret:-2, hw_sync_mode:is false
06-10 19:57:33.477 559 4330 D AudioFlinger: ro.audio.silent is ignored since no output device is set
06-10 19:57:33.477 523 585 I audio_hw_hal_primary: [out_set_event_callback:3158] io 341: out:0xf0ec40c0, callback:0xf30cd91d cookie:0xf36c2290
06-10 19:57:33.477 523 585 I audio_hw_hal_primary: [adev_close_output_stream_new:8052] io handle 341: out:0xf0ec40c0
06-10 19:57:33.477 523 585 D audio_hw_hal_primary: adev_close_output_stream_new: enter usecase = PCM_HWSYNC
06-10 19:57:33.477 523 585 D audio_hw_hal_timer: func:audio_timer_delete delete timer.1 success.
06-10 19:57:33.477 523 585 D audio_hw_hal_timer: func:audio_timer_delete delete timer.2 success.
06-10 19:57:33.477 523 585 D audio_hw_hal_primary: [adev_close_output_stream_new:8076] timer_id:1 ret:2
06-10 19:57:33.477 523 585 I audio_hw_hal_primary: [adev_close_output_stream:3695] io 341: out:0xf0ec40c0 dev:OUT_BLUETOOTH_A2DP(0x80) flags:0x41, usecase:PCM_HWSYNC
06-10 19:57:33.477 523 585 D audio_hw_hal_primary: [out_standby_new:5767] io 341: out:0xf0ec40c0 usecase:PCM_HWSYNC
06-10 19:57:33.477 523 585 I audio_hw_hal_primary: already standby, do nothing
06-10 19:57:33.477 523 585 I audio_hw_hal_resourcemgr: [is_output_device_muted:710] device:0x2 port_mute:0, fade_mute:0
06-10 19:57:33.477 523 585 I audio_hw_hal_primary: [adev_close_output_stream:3863] io 341: out:0xf0ec40c0 exit ------
06-10 19:57:33.479 523 1422 D audio_hw_hal_primary: [out_dump:848] io 349: out:0xf0ec6be0, fd:22
06-10 19:57:33.480 523 1422 D audio_hw_hal_primary: [out_set_parameters:971] out:0xf0ec6be0 kvpairs:closing=true;exiting=1 out->out_device:0x80, adev->out_device:0x80082
06-10 19:57:33.480 523 1422 E audio_hw_hal_primary: out_set_parameters, ret:-2, hw_sync_mode:is false
06-10 19:57:33.480 559 4331 D AudioFlinger: ro.audio.silent is ignored since no output device is set
06-10 19:57:33.481 523 1422 I audio_hw_hal_primary: [out_set_event_callback:3158] io 349: out:0xf0ec6be0, callback:0xf30cd91d cookie:0xf36c0c70
06-10 19:57:33.481 523 1422 I audio_hw_hal_primary: [adev_close_output_stream_new:8052] io handle 349: out:0xf0ec6be0
06-10 19:57:33.481 523 1422 D audio_hw_hal_primary: adev_close_output_stream_new: enter usecase = RAW_DIRECT
06-10 19:57:33.481 523 1422 I audio_hw_hal_primary: [adev_close_output_stream:3695] io 349: out:0xf0ec6be0 dev:OUT_BLUETOOTH_A2DP(0x80) flags:0x1, usecase:RAW_DIRECT
06-10 19:57:33.481 523 1422 D audio_hw_hal_primary: [out_standby_new:5767] io 349: out:0xf0ec6be0 usecase:RAW_DIRECT
06-10 19:57:33.481 523 1422 I audio_hw_hal_primary: already standby, do nothing
06-10 19:57:33.481 523 1422 I audio_hw_hal_resourcemgr: [is_output_device_muted:710] device:0x2 port_mute:0, fade_mute:0
06-10 19:57:33.481 523 1422 I audio_hw_hal_primary: [adev_close_output_stream:3863] io 349: out:0xf0ec6be0 exit ------
06-10 19:57:33.482 523 585 D audio_hw_hal_primary: [out_dump:848] io 357: out:0xf0ec47f0, fd:22
06-10 19:57:33.483 523 1422 D audio_hw_hal_primary: [out_set_parameters:971] out:0xf0ec47f0 kvpairs:closing=true;exiting=1 out->out_device:0x80, adev->out_device:0x80082
06-10 19:57:33.483 523 1422 E audio_hw_hal_primary: out_set_parameters, ret:-2, hw_sync_mode:is false
06-10 19:57:33.484 523 1422 I audio_hw_hal_primary: [out_set_event_callback:3158] io 357: out:0xf0ec47f0, callback:0xf30cd91d cookie:0xf36c1450
06-10 19:57:33.484 523 585 I audio_hw_hal_primary: [adev_close_output_stream_new:8052] io handle 357: out:0xf0ec47f0
06-10 19:57:33.484 523 585 D audio_hw_hal_primary: adev_close_output_stream_new: enter usecase = RAW_DIRECT
06-10 19:57:33.484 523 585 I audio_hw_hal_primary: [adev_close_output_stream:3695] io 357: out:0xf0ec47f0 dev:OUT_BLUETOOTH_A2DP(0x80) flags:0x11, usecase:RAW_DIRECT
06-10 19:57:33.484 523 585 D audio_hw_hal_primary: [out_standby_new:5767] io 357: out:0xf0ec47f0 usecase:RAW_DIRECT
06-10 19:57:33.484 523 585 I audio_hw_hal_primary: already standby, do nothing
06-10 19:57:33.484 523 585 I audio_hw_hal_resourcemgr: [is_output_device_muted:710] device:0x2 port_mute:0, fade_mute:0
06-10 19:57:33.484 523 585 I audio_hw_hal_primary: [adev_close_output_stream:3863] io 357: out:0xf0ec47f0 exit ------
06-10 19:57:33.487 740 934 I AS.AudioDeviceInventory: A2DP device addr=A4:39:B3:64:F5:7A now available
06-10 19:57:33.487 740 934 I AudioService.UuidUtils: uuidFromAudioDeviceAttributes lsb: 4254a439b364f57a
06-10 19:57:33.492 740 934 D BluetoothA2dp: getCodecStatus(XX:XX:XX:XX:F5:7A)
06-10 19:57:33.492 740 740 V MediaRouter: Audio routes updated: AudioRoutesInfo{ type=HDMI, bluetoothName=小爱音箱-3073 }, a2dp=true
06-10 19:57:33.492 740 740 V MediaRouter: Selecting route: RouteInfo{ name=小爱音箱-3073, description=蓝牙音频, status=null, category=RouteCategory{ name=系统 types=ROUTE_TYPE_LIVE_AUDIO ROUTE_TYPE_LIVE_VIDEO groupable=false }, supportedTypes=ROUTE_TYPE_LIVE_AUDIO , presentationDisplay=null }
06-10 19:57:33.493 740 740 I MediaRouter: Skip setBluetoothA2dpOn(): types=1, isPlaybackActive()=false, BT route=RouteInfo{ name=小爱音箱-3073, description=蓝牙音频, status=null, category=RouteCategory{ name=系统 types=ROUTE_TYPE_LIVE_AUDIO ROUTE_TYPE_LIVE_VIDEO groupable=false }, supportedTypes=ROUTE_TYPE_LIVE_AUDIO , presentationDisplay=null }
06-10 19:57:33.494 4203 4278 D A2dpService: getCodecStatus(XX:XX:XX:XX:F5:7A)
06-10 19:57:33.495 740 934 D AS.AudioDeviceInventory: onBluetoothDeviceConfigChange btDevice=XX:XX:XX:XX:F5:7A
06-10 19:57:33.497 4203 4254 D ActiveDeviceManager: onAudioDevicesAdded
06-10 19:57:33.497 4203 4203 D AvrcpVolumeManager: onAudioDevicesAdded: size: 1
06-10 19:57:33.497 4203 4254 D ActiveDeviceManager: Audio device added: 小爱音箱-3073 type: 8
06-10 19:57:33.497 4203 4203 D AvrcpVolumeManager: onAudioDevicesAdded: address=A4:39:B3:64:F5:7A
06-10 19:57:33.497 4203 4203 W AvrcpVolumeManager: volumeDeviceSwitched: Device isn't connected: XX:XX:XX:XX:F5:7A
06-10 19:57:33.498 523 585 D xm_audio: adev_get_parameters
06-10 19:57:33.499 559 706 D AudioFlinger: ro.audio.silent is ignored since no output device is set
06-10 19:57:33.500 559 1246 W RefBase : RefBase: Explicit destruction, weak count = 0 (in 0xeb5b45e4). Use sp<> to manage this object.
06-10 19:57:33.500 559 1246 W RefBase : CallStack::getCurrentInternal not linked, returning null
06-10 19:57:33.501 559 1246 W RefBase : CallStack::logStackInternal not linked
06-10 19:57:33.501 559 1246 I APM_AudioPolicyManager: [setDeviceConnectionState:256] curForceUse:NONE(0) disconnect_forceuse:BT_A2DP(4)
06-10 19:57:33.501 523 585 I audio_hw_hal_primary: [adev_set_device_connected_state_v7:9037] disconnected address:A4:39:B3:64:F5:7A, num_descriptors:0, num_profiles:1
06-10 19:57:33.501 523 585 I audio_hw_hal_primary: [set_device_connect_state:4044] state:0, dev:OUT_BLUETOOTH_A2DP(0x80), pre_out:0x80082, pre_in:0x4
06-10 19:57:33.501 523 4325 I audio_hw_hal_bt: [a2dp_out_monitor_thread:178] Exit the monitor---
06-10 19:57:33.501 523 585 I audio_hw_hal_bt: [a2dp_out_close:245]
06-10 19:57:33.501 4203 4278 I btif_av : packages/modules/Bluetooth/system/btif/src/btif_av.cc:3497 btif_av_get_peer_sep: Peer xx:xx:xx:xx:f5:7a SEP is Sink (1)
06-10 19:57:33.502 4203 4278 I btif_av : packages/modules/Bluetooth/system/btif/src/btif_av.cc:3370 btif_av_stream_started_ready: btif_av_stream_started_ready: Peer xx:xx:xx:xx:f5:7a : state=2 flags=0x0(None) ready=0
06-10 19:57:33.502 523 585 I audio_hw_hal_bt: [Stop:514] session:A2DP_OUT, cookie:0x100, state:DISABLED done
06-10 19:57:33.502 523 585 I audio_hw_hal_bt: [TearDown:247] session:A2DP_OUT, cookie=0x100
06-10 19:57:33.503 559 1246 W APM::AudioPolicyEngine/PFWWrapper: setDeviceConnectionState: unknown device address reported (A4:39:B3:64:F5:7A) for criterion AvailableOutputDevicesAddresses
06-10 19:57:33.507 559 1246 W APM::Devices: DeviceVector::remove device 00000080 not in
06-10 19:57:33.508 559 1246 W RefBase : RefBase: Explicit destruction, weak count = 0 (in 0xeb5b45e4). Use sp<> to manage this object.
06-10 19:57:33.508 559 1246 W RefBase : CallStack::getCurrentInternal not linked, returning null
06-10 19:57:33.508 559 1246 W RefBase : CallStack::logStackInternal not linked
06-10 19:57:33.509 523 585 I audio_hw_hal_primary: [adev_set_device_connected_state_v7:9037] connected address:A4:39:B3:64:F5:7A, num_descriptors:0, num_profiles:1
06-10 19:57:33.509 523 585 I audio_hw_hal_primary: [set_device_connect_state:4044] state:1, dev:OUT_BLUETOOTH_A2DP(0x80), pre_out:0x80002, pre_in:0x4
06-10 19:57:33.509 523 585 I audio_hw_hal_bt: [init_session_type:231] device:OUT_BLUETOOTH_A2DP(0x80), session:A2DP_OUT
06-10 19:57:33.509 523 585 I audio_hw_hal_bt: [SetUp:199] session_type=A2DP_OUT, cookie=0x100
06-10 19:57:33.509 523 585 D audio_hw_hal_bt: [LoadAudioConfig:366] session_type:A2DP_OUT, cookie:0x100, state=STANDBY
06-10 19:57:33.509 523 585 D audio_hw_hal_bt: PcmConfig=[PcmConfiguration{sampleRateHz: 44100, channelMode: STEREO, bitsPerSample: 16, dataIntervalUs: 0}]
06-10 19:57:33.509 523 585 I audio_hw_hal_bt: [a2dp_out_open:225] Rx param rate:44100, format:PCM_16_BIT, ch:2
06-10 19:57:33.509 523 585 D audio_hw_hal_stream: update_sink_format_after_hotplug() active stream 0xf0ec0e70
06-10 19:57:33.509 523 585 D audio_hw_hal_profile: get_hdmi_sink_cap_new is running...
06-10 19:57:33.509 523 4338 I audio_hw_hal_bt: [a2dp_out_monitor_thread:143] Start monitoring the write rate+++
06-10 19:57:33.509 523 585 D audio_hw_hal_profile: query hdmi format...
06-10 19:57:33.509 523 585 D audio_hw_hal_profile: get_hdmi_sink_cap_new ddp is supported; ddp-joc(atmos) is unsupported;
06-10 19:57:33.509 523 585 I audio_hw_hal_profile: get_hdmi_sink_cap_new dts-hd vendor special byte3:0x1
06-10 19:57:33.509 523 585 I audio_hw_hal_profile: PCM cap Max channel =2
06-10 19:57:33.509 523 585 I audio_hw_hal_stream: get_sink_capability mbox+dvb case sink_capability = 0xa000000
