06-10 19:55:33.882 740 1192 D CoreBackPreview: Window{b16408f u0 InputMethod}: Setting back callback OnBackInvokedCallbackInfo{mCallback=android.window.IOnBackInvokedCallback$Stub$Proxy@30f3108, mPriority=0, mIsAnimationCallback=false}
06-10 19:55:33.883 740 815 I ActivityManager: reportOnUserCompletedEvent(0): stored=10, eligible=111
06-10 19:55:33.883 740 815 D SystemServerTimingAsync: ssm.CompletedEventUser-0
06-10 19:55:33.883 740 815 I SystemServiceManager: Calling onCompletedEventUser 0
06-10 19:55:33.885 740 2181 D SystemServerTimingAsync: ssm.onCompletedEventUser-0_{|Unlocked|}_com.android.server.pm.Installer
06-10 19:55:33.885 740 2181 D SystemServerTimingAsync: ssm.onCompletedEventUser-0_{|Unlocked|}_com.android.server.flags.FeatureFlagsService
06-10 19:55:33.885 740 2181 D SystemServerTimingAsync: ssm.onCompletedEventUser-0_{|Unlocked|}_com.android.server.uri.UriGrantsManagerService$Lifecycle
06-10 19:55:33.887 740 2180 D SystemServerTimingAsync: ssm.onCompletedEventUser-0_{|Unlocked|}_com.android.server.security.FileIntegrityService
06-10 19:55:33.887 740 2180 D SystemServerTimingAsync: ssm.onCompletedEventUser-0_{|Unlocked|}_com.android.server.powerstats.PowerStatsService
06-10 19:55:33.887 740 2180 D SystemServerTimingAsync: ssm.onCompletedEventUser-0_{|Unlocked|}_com.android.server.permission.access.AccessCheckingService
06-10 19:55:33.887 740 2180 D SystemServerTimingAsync: ssm.onCompletedEventUser-0_{|Unlocked|}_com.android.server.wm.ActivityTaskManagerService$Lifecycle
06-10 19:55:33.887 740 2180 D SystemServerTimingAsync: ssm.onCompletedEventUser-0_{|Unlocked|}_com.android.server.am.ActivityManagerService$Lifecycle
06-10 19:55:33.887 740 2180 D SystemServerTimingAsync: ssm.onCompletedEventUser-0_{|Unlocked|}_com.android.server.pm.DataLoaderManagerService
06-10 19:55:33.887 740 2180 D SystemServerTimingAsync: ssm.onCompletedEventUser-0_{|Unlocked|}_com.android.server.power.PowerManagerService
06-10 19:55:33.887 740 2180 D SystemServerTimingAsync: ssm.onCompletedEventUser-0_{|Unlocked|}_com.android.server.power.ThermalManagerService
06-10 19:55:33.887 740 2180 D SystemServerTimingAsync: ssm.onCompletedEventUser-0_{|Unlocked|}_com.android.server.power.hint.HintManagerService
06-10 19:55:33.887 740 2180 D SystemServerTimingAsync: ssm.onCompletedEventUser-0_{|Unlocked|}_com.android.server.recoverysystem.RecoverySystemService$Lifecycle
06-10 19:55:33.887 740 2180 D SystemServerTimingAsync: ssm.onCompletedEventUser-0_{|Unlocked|}_com.android.server.lights.LightsService
06-10 19:55:33.887 740 2180 D SystemServerTimingAsync: ssm.onCompletedEventUser-0_{|Unlocked|}_com.android.server.display.DisplayManagerService
06-10 19:55:33.887 740 2180 D SystemServerTimingAsync: ssm.onCompletedEventUser-0_{|Unlocked|}_com.android.server.pm.verify.domain.DomainVerificationService
06-10 19:55:33.887 740 2180 D SystemServerTimingAsync: ssm.onCompletedEventUser-0_{|Unlocked|}_com.android.server.pm.PackageInstallerService$Lifecycle
06-10 19:55:33.887 740 2180 D SystemServerTimingAsync: ssm.onCompletedEventUser-0_{|Unlocked|}_com.android.server.pm.UserManagerService$LifeCycle
06-10 19:55:33.887 740 2180 D SystemServerTimingAsync: ssm.onCompletedEventUser-0_{|Unlocked|}_com.android.server.om.OverlayManagerService
06-10 19:55:33.887 740 2180 D SystemServerTimingAsync: ssm.onCompletedEventUser-0_{|Unlocked|}_com.android.server.resources.ResourcesManagerService
06-10 19:55:33.887 740 2180 D SystemServerTimingAsync: ssm.onCompletedEventUser-0_{|Unlocked|}_com.android.server.sensorprivacy.SensorPrivacyService
06-10 19:55:33.887 740 2180 D SystemServerTimingAsync: ssm.onCompletedEventUser-0_{|Unlocked|}_com.android.server.sensors.SensorService
06-10 19:55:33.888 740 2180 D SystemServerTimingAsync: ssm.onCompletedEventUser-0_{|Unlocked|}_com.android.server.SystemConfigService
06-10 19:55:33.888 740 2180 D SystemServerTimingAsync: ssm.onCompletedEventUser-0_{|Unlocked|}_com.android.server.BatteryService
06-10 19:55:33.888 740 2180 D SystemServerTimingAsync: ssm.onCompletedEventUser-0_{|Unlocked|}_com.android.server.usage.UsageStatsService
06-10 19:55:33.888 740 2180 D SystemServerTimingAsync: ssm.onCompletedEventUser-0_{|Unlocked|}_com.android.server.webkit.WebViewUpdateService
06-10 19:55:33.888 740 2180 D SystemServerTimingAsync: ssm.onCompletedEventUser-0_{|Unlocked|}_com.android.server.CachedDeviceStateService
06-10 19:55:33.888 740 2180 D SystemServerTimingAsync: ssm.onCompletedEventUser-0_{|Unlocked|}_com.android.server.BinderCallsStatsService$LifeCycle
06-10 19:55:33.888 740 2180 D SystemServerTimingAsync: ssm.onCompletedEventUser-0_{|Unlocked|}_com.android.server.LooperStatsService$Lifecycle
06-10 19:55:33.888 740 2180 D SystemServerTimingAsync: ssm.onCompletedEventUser-0_{|Unlocked|}_com.android.server.rollback.RollbackManagerService
06-10 19:55:33.888 740 2180 D SystemServerTimingAsync: ssm.onCompletedEventUser-0_{|Unlocked|}_com.android.server.os.NativeTombstoneManagerService
06-10 19:55:33.888 740 2180 D SystemServerTimingAsync: ssm.onCompletedEventUser-0_{|Unlocked|}_com.android.server.os.BugreportManagerService
06-10 19:55:33.888 740 2180 D SystemServerTimingAsync: ssm.onCompletedEventUser-0_{|Unlocked|}_com.android.server.gpu.GpuService
06-10 19:55:33.888 740 2180 D SystemServerTimingAsync: ssm.onCompletedEventUser-0_{|Unlocked|}_com.android.server.security.rkp.RemoteProvisioningService
06-10 19:55:33.888 740 2180 D SystemServerTimingAsync: ssm.onCompletedEventUser-0_{|Unlocked|}_com.android.server.security.KeyChainSystemService
06-10 19:55:33.888 740 2180 D SystemServerTimingAsync: ssm.onCompletedEventUser-0_{|Unlocked|}_com.android.server.BinaryTransparencyService
06-10 19:55:33.888 740 2180 D SystemServerTimingAsync: ssm.onCompletedEventUser-0_{|Unlocked|}_com.android.server.accounts.AccountManagerService$Lifecycle
06-10 19:55:33.888 740 2180 D SystemServerTimingAsync: ssm.onCompletedEventUser-0_{|Unlocked|}_com.android.server.content.ContentService$Lifecycle
06-10 19:55:33.888 740 2180 D SystemServerTimingAsync: ssm.onCompletedEventUser-0_{|Unlocked|}_com.android.server.deviceconfig.DeviceConfigInit$Lifecycle
06-10 19:55:33.888 740 2180 D SystemServerTimingAsync: ssm.onCompletedEventUser-0_{|Unlocked|}_com.android.server.DropBoxManagerService
06-10 19:55:33.888 740 2180 D SystemServerTimingAsync: ssm.onCompletedEventUser-0_{|Unlocked|}_com.android.role.RoleService
06-10 19:55:33.888 740 2180 D SystemServerTimingAsync: ssm.onCompletedEventUser-0_{|Unlocked|}_com.android.server.vibrator.VibratorManagerService$Lifecycle
06-10 19:55:33.888 740 2180 D SystemServerTimingAsync: ssm.onCompletedEventUser-0_{|Unlocked|}_com.android.server.tare.InternalResourceService
06-10 19:55:33.888 740 2180 D SystemServerTimingAsync: ssm.onCompletedEventUser-0_{|Unlocked|}_com.android.server.alarm.AlarmManagerService
06-10 19:55:33.888 740 2180 D SystemServerTimingAsync: ssm.onCompletedEventUser-0_{|Unlocked|}_com.android.server.devicestate.DeviceStateManagerService
06-10 19:55:33.888 740 2180 D SystemServerTimingAsync: ssm.onCompletedEventUser-0_{|Unlocked|}_com.android.server.camera.CameraServiceProxy
06-10 19:55:33.888 740 2180 D SystemServerTimingAsync: ssm.onCompletedEventUser-0_{|Unlocked|}_com.android.server.bluetooth.BluetoothService
06-10 19:55:33.888 740 2180 D SystemServerTimingAsync: ssm.onCompletedEventUser-0_{|Unlocked|}_com.android.server.connectivity.IpConnectivityMetrics
06-10 19:55:33.888 740 2180 D SystemServerTimingAsync: ssm.onCompletedEventUser-0_{|Unlocked|}_com.android.server.net.watchlist.NetworkWatchlistService$Lifecycle
06-10 19:55:33.888 740 2180 D SystemServerTimingAsync: ssm.onCompletedEventUser-0_{|Unlocked|}_com.android.server.PinnerService
06-10 19:55:33.888 740 2180 D SystemServerTimingAsync: ssm.onCompletedEventUser-0_{|Unlocked|}_com.android.server.integrity.AppIntegrityManagerService
06-10 19:55:33.888 740 2180 D SystemServerTimingAsync: ssm.onCompletedEventUser-0_{|Unlocked|}_com.android.server.logcat.LogcatManagerService
06-10 19:55:33.888 740 2180 D SystemServerTimingAsync: ssm.onCompletedEventUser-0_{|Unlocked|}_com.android.server.inputmethod.InputMethodManagerService$Lifecycle
06-10 19:55:33.888 740 2180 D SystemServerTimingAsync: ssm.onCompletedEventUser-0_{|Unlocked|}_com.android.server.accessibility.AccessibilityManagerService$Lifecycle
06-10 19:55:33.888 740 2180 D SystemServerTimingAsync: ssm.onCompletedEventUser-0_{|Unlocked|}_com.android.server.StorageManagerService$Lifecycle
06-10 19:55:33.888 740 2180 D SystemServerTimingAsync: ssm.onCompletedEventUser-0_{|Unlocked|}_com.android.server.usage.StorageStatsService$Lifecycle
06-10 19:55:33.888 740 2180 D SystemServerTimingAsync: ssm.onCompletedEventUser-0_{|Unlocked|}_com.android.server.UiModeManagerService
06-10 19:55:33.888 740 2180 D SystemServerTimingAsync: ssm.onCompletedEventUser-0_{|Unlocked|}_com.android.server.locales.LocaleManagerService
06-10 19:55:33.888 740 2180 D SystemServerTimingAsync: ssm.onCompletedEventUser-0_{|Unlocked|}_com.android.server.grammaticalinflection.GrammaticalInflectionService
06-10 19:55:33.888 740 2180 D SystemServerTimingAsync: ssm.onCompletedEventUser-0_{|Unlocked|}_com.android.server.apphibernation.AppHibernationService
06-10 19:55:33.888 740 2180 D SystemServerTimingAsync: ssm.onCompletedEventUser-0_{|Unlocked|}_com.android.server.locksettings.LockSettingsService$Lifecycle
06-10 19:55:33.888 740 2180 D SystemServerTimingAsync: ssm.onCompletedEventUser-0_{|Unlocked|}_com.android.server.PersistentDataBlockService
06-10 19:55:33.888 740 2180 D SystemServerTimingAsync: ssm.onCompletedEventUser-0_{|Unlocked|}_com.android.server.testharness.TestHarnessModeService
06-10 19:55:33.888 740 2180 D SystemServerTimingAsync: ssm.onCompletedEventUser-0_{|Unlocked|}_com.android.server.oemlock.OemLockService
06-10 19:55:33.888 740 2180 D SystemServerTimingAsync: ssm.onCompletedEventUser-0_{|Unlocked|}_com.android.server.DeviceIdleController
06-10 19:55:33.888 740 2180 D SystemServerTimingAsync: ssm.onCompletedEventUser-0_{|Unlocked|}_com.android.server.devicepolicy.DevicePolicyManagerService$Lifecycle
06-10 19:55:33.888 740 2180 D SystemServerTimingAsync: ssm.onCompletedEventUser-0_{|Unlocked|}_com.android.server.texttospeech.TextToSpeechManagerService
06-10 19:55:33.889 740 2180 D SystemServerTimingAsync: ssm.onCompletedEventUser-0_{|Unlocked|}_com.android.server.ambientcontext.AmbientContextManagerService
06-10 19:55:33.889 740 2180 D SystemServerTimingAsync: ssm.onCompletedEventUser-0_{|Unlocked|}_com.android.server.wearable.WearableSensingManagerService
06-10 19:55:33.889 740 2180 D SystemServerTimingAsync: ssm.onCompletedEventUser-0_{|Unlocked|}_com.android.server.speech.SpeechRecognitionManagerService
06-10 19:55:33.889 740 2180 D SystemServerTimingAsync: ssm.onCompletedEventUser-0_{|Unlocked|}_com.android.server.searchui.SearchUiManagerService
06-10 19:55:33.889 740 2180 D SystemServerTimingAsync: ssm.onCompletedEventUser-0_{|Unlocked|}_com.android.server.smartspace.SmartspaceManagerService
06-10 19:55:33.889 740 2180 D SystemServerTimingAsync: ssm.onCompletedEventUser-0_{|Unlocked|}_com.android.server.graphics.fonts.FontManagerService$Lifecycle
06-10 19:55:33.889 740 2180 D SystemServerTimingAsync: ssm.onCompletedEventUser-0_{|Unlocked|}_com.android.server.textservices.TextServicesManagerService$Lifecycle
06-10 19:55:33.889 740 2180 D SystemServerTimingAsync: ssm.onCompletedEventUser-0_{|Unlocked|}_com.android.server.textclassifier.TextClassificationManagerService$Lifecycle
06-10 19:55:33.889 740 2180 D SystemServerTimingAsync: ssm.onCompletedEventUser-0_{|Unlocked|}_com.android.server.NetworkScoreService$Lifecycle
06-10 19:55:33.889 740 2180 D SystemServerTimingAsync: ssm.onCompletedEventUser-0_{|Unlocked|}_com.android.server.NetworkStatsServiceInitializer
06-10 19:55:33.889 740 2180 D SystemServerTimingAsync: ssm.onCompletedEventUser-0_{|Unlocked|}_com.android.server.wifi.WifiService
06-10 19:55:33.889 740 2180 D SystemServerTimingAsync: ssm.onCompletedEventUser-0_{|Unlocked|}_com.android.server.wifi.scanner.WifiScanningService
06-10 19:55:33.889 740 2180 D SystemServerTimingAsync: ssm.onCompletedEventUser-0_{|Unlocked|}_com.android.server.wifi.p2p.WifiP2pService
06-10 19:55:33.889 740 2180 D SystemServerTimingAsync: ssm.onCompletedEventUser-0_{|Unlocked|}_com.android.server.ConnectivityServiceInitializer
06-10 19:55:33.889 740 2180 D SystemServerTimingAsync: ssm.onCompletedEventUser-0_{|Unlocked|}_com.android.server.notification.NotificationManagerService
06-10 19:55:33.889 740 2180 D SystemServerTimingAsync: ssm.onCompletedEventUser-0_{|Unlocked|}_com.android.server.storage.DeviceStorageMonitorService
06-10 19:55:33.889 740 2180 D SystemServerTimingAsync: ssm.onCompletedEventUser-0_{|Unlocked|}_com.android.server.timedetector.TimeDetectorService$Lifecycle
06-10 19:55:33.889 740 2180 D SystemServerTimingAsync: ssm.onCompletedEventUser-0_{|Unlocked|}_com.android.server.location.LocationManagerService$Lifecycle
06-10 19:55:33.889 740 2180 D SystemServerTimingAsync: ssm.onCompletedEventUser-0_{|Unlocked|}_com.android.server.timezonedetector.TimeZoneDetectorService$Lifecycle
06-10 19:55:33.889 740 2180 D SystemServerTimingAsync: ssm.onCompletedEventUser-0_{|Unlocked|}_com.android.server.location.altitude.AltitudeService$Lifecycle
06-10 19:55:33.889 740 2180 D SystemServerTimingAsync: ssm.onCompletedEventUser-0_{|Unlocked|}_com.android.server.timezonedetector.location.LocationTimeZoneManagerService$Lifecycle
06-10 19:55:33.889 740 2180 D SystemServerTimingAsync: ssm.onCompletedEventUser-0_{|Unlocked|}_com.android.server.search.SearchManagerService$Lifecycle
06-10 19:55:33.889 740 2180 D SystemServerTimingAsync: ssm.onCompletedEventUser-0_{|Unlocked|}_com.android.server.wallpaper.WallpaperManagerService$Lifecycle
06-10 19:55:33.889 740 2180 D SystemServerTimingAsync: ssm.onCompletedEventUser-0_{|Unlocked|}_com.android.server.wallpapereffectsgeneration.WallpaperEffectsGenerationManagerService
06-10 19:55:33.889 740 2180 D SystemServerTimingAsync: ssm.onCompletedEventUser-0_{|Unlocked|}_com.android.server.audio.AudioService$Lifecycle
06-10 19:55:33.889 740 2180 D SystemServerTimingAsync: ssm.onCompletedEventUser-0_{|Unlocked|}_com.android.server.soundtrigger_middleware.SoundTriggerMiddlewareService$Lifecycle
06-10 19:55:33.889 740 2180 D SystemServerTimingAsync: ssm.onCompletedEventUser-0_{|Unlocked|}_com.android.server.adb.AdbService$Lifecycle
06-10 19:55:33.889 740 2180 D SystemServerTimingAsync: ssm.onCompletedEventUser-0_{|Unlocked|}_com.android.server.usb.UsbService$Lifecycle
06-10 19:55:33.889 740 2180 D SystemServerTimingAsync: ssm.onCompletedEventUser-0_{|Unlocked|}_com.android.server.twilight.TwilightService
06-10 19:55:33.889 740 2180 D SystemServerTimingAsync: ssm.onCompletedEventUser-0_{|Unlocked|}_com.android.server.display.color.ColorDisplayService
06-10 19:55:33.889 740 2180 D SystemServerTimingAsync: ssm.onCompletedEventUser-0_{|Unlocked|}_com.android.server.job.JobSchedulerService
06-10 19:55:33.889 740 2180 D SystemServerTimingAsync: ssm.onCompletedEventUser-0_{|Unlocked|}_com.android.server.soundtrigger.SoundTriggerService
06-10 19:55:33.889 740 2180 D SystemServerTimingAsync: ssm.onCompletedEventUser-0_{|Unlocked|}_com.android.server.trust.TrustManagerService
06-10 19:55:33.889 740 2180 D SystemServerTimingAsync: ssm.onCompletedEventUser-0_{|Unlocked|}_com.android.server.backup.BackupManagerService$Lifecycle
06-10 19:55:33.889 740 2180 D SystemServerTimingAsync: ssm.onCompletedEventUser-0_{|Unlocked|}_com.android.server.appwidget.AppWidgetService
06-10 19:55:33.889 740 2180 D SystemServerTimingAsync: ssm.onCompletedEventUser-0_{|Unlocked|}_com.android.server.voiceinteraction.VoiceInteractionManagerService
06-10 19:55:33.889 740 2180 D SystemServerTimingAsync: ssm.onCompletedEventUser-0_{|Unlocked|}_com.android.server.GestureLauncherService
06-10 19:55:33.889 740 2180 D SystemServerTimingAsync: ssm.onCompletedEventUser-0_{|Unlocked|}_com.android.server.SensorNotificationService
06-10 19:55:33.889 740 2180 D SystemServerTimingAsync: ssm.onCompletedEventUser-0_{|Unlocked|}_com.android.server.emergency.EmergencyAffordanceService
06-10 19:55:33.889 740 2180 D SystemServerTimingAsync: ssm.onCompletedEventUser-0_{|Unlocked|}_com.android.server.blob.BlobStoreManagerService
06-10 19:55:33.889 740 2180 D SystemServerTimingAsync: ssm.onCompletedEventUser-0_{|Unlocked|}_com.android.server.dreams.DreamManagerService
06-10 19:55:33.890 740 2180 D SystemServerTimingAsync: ssm.onCompletedEventUser-0_{|Unlocked|}_com.android.server.security.AttestationVerificationManagerService
06-10 19:55:33.890 740 2180 D SystemServerTimingAsync: ssm.onCompletedEventUser-0_{|Unlocked|}_com.android.server.restrictions.RestrictionsManagerService
06-10 19:55:33.890 740 2180 D SystemServerTimingAsync: ssm.onCompletedEventUser-0_{|Unlocked|}_com.android.server.media.MediaSessionService
06-10 19:55:33.890 740 2180 D SystemServerTimingAsync: ssm.onCompletedEventUser-0_{|Unlocked|}_com.android.server.hdmi.HdmiControlService
06-10 19:55:33.890 740 2180 D SystemServerTimingAsync: ssm.onCompletedEventUser-0_{|Unlocked|}_com.android.server.tv.interactive.TvInteractiveAppManagerService
06-10 19:55:33.890 740 2180 D SystemServerTimingAsync: ssm.onCompletedEventUser-0_{|Unlocked|}_com.android.server.tv.TvInputManagerService
06-10 19:55:33.890 740 2180 D SystemServerTimingAsync: ssm.onCompletedEventUser-0_{|Unlocked|}_com.android.server.media.MediaResourceMonitorService
06-10 19:55:33.890 740 2180 D SystemServerTimingAsync: ssm.onCompletedEventUser-0_{|Unlocked|}_com.android.server.tv.TvRemoteService
06-10 19:55:33.890 740 2180 D SystemServerTimingAsync: ssm.onCompletedEventUser-0_{|Unlocked|}_com.android.server.biometrics.BiometricService
06-10 19:55:33.890 740 2180 D SystemServerTimingAsync: ssm.onCompletedEventUser-0_{|Unlocked|}_com.android.server.biometrics.AuthService
06-10 19:55:33.890 740 2180 D SystemServerTimingAsync: ssm.onCompletedEventUser-0_{|Unlocked|}_com.android.server.pm.ShortcutService$Lifecycle
06-10 19:55:33.890 740 2180 D SystemServerTimingAsync: ssm.onCompletedEventUser-0_{|Unlocked|}_com.android.server.pm.LauncherAppsService
06-10 19:55:33.890 740 2180 D SystemServerTimingAsync: ssm.onCompletedEventUser-0_{|Unlocked|}_com.android.server.pm.CrossProfileAppsService
06-10 19:55:33.890 740 2180 D SystemServerTimingAsync: ssm.onCompletedEventUser-0_{|Unlocked|}_com.android.server.people.PeopleService
06-10 19:55:33.890 740 2180 D SystemServerTimingAsync: ssm.onCompletedEventUser-0_{|Unlocked|}_com.android.server.media.metrics.MediaMetricsManagerService
06-10 19:55:33.890 740 2180 D SystemServerTimingAsync: ssm.onCompletedEventUser-0_{|Unlocked|}_com.android.server.pm.BackgroundInstallControlService
06-10 19:55:33.890 740 2180 D SystemServerTimingAsync: ssm.onCompletedEventUser-0_{|Unlocked|}_com.android.server.media.projection.MediaProjectionManagerService
06-10 19:55:33.890 740 2180 D SystemServerTimingAsync: ssm.onCompletedEventUser-0_{|Unlocked|}_com.android.server.slice.SliceManagerService$Lifecycle
06-10 19:55:33.890 740 2180 D SystemServerTimingAsync: ssm.onCompletedEventUser-0_{|Unlocked|}_com.android.server.stats.StatsCompanion$Lifecycle
06-10 19:55:33.890 740 2180 D SystemServerTimingAsync: ssm.onCompletedEventUser-0_{|Unlocked|}_com.android.server.scheduling.RebootReadinessManagerService$Lifecycle
06-10 19:55:33.890 740 2180 D SystemServerTimingAsync: ssm.onCompletedEventUser-0_{|Unlocked|}_com.android.server.stats.pull.StatsPullAtomService
06-10 19:55:33.890 740 2180 D SystemServerTimingAsync: ssm.onCompletedEventUser-0_{|Unlocked|}_com.android.server.stats.bootstrap.StatsBootstrapAtomService$Lifecycle
06-10 19:55:33.890 740 2180 D SystemServerTimingAsync: ssm.onCompletedEventUser-0_{|Unlocked|}_com.android.server.incident.IncidentCompanionService
06-10 19:55:33.890 740 2180 D SystemServerTimingAsync: ssm.onCompletedEventUser-0_{|Unlocked|}_com.android.server.sdksandbox.SdkSandboxManagerService$Lifecycle
06-10 19:55:33.890 740 2180 D SystemServerTimingAsync: ssm.onCompletedEventUser-0_{|Unlocked|}_com.android.server.adservices.AdServicesManagerService$Lifecycle
06-10 19:55:33.890 740 2180 D SystemServerTimingAsync: ssm.onCompletedEventUser-0_{|Unlocked|}_com.android.server.ondevicepersonalization.OnDevicePersonalizationSystemService$Lifecycle
06-10 19:55:33.890 740 2180 D SystemServerTimingAsync: ssm.onCompletedEventUser-0_{|Unlocked|}_com.android.server.autofill.AutofillManagerService
06-10 19:55:33.890 740 2180 D SystemServerTimingAsync: ssm.onCompletedEventUser-0_{|Unlocked|}_com.android.server.clipboard.ClipboardService
06-10 19:55:33.890 740 2180 D SystemServerTimingAsync: ssm.onCompletedEventUser-0_{|Unlocked|}_com.android.server.appbinding.AppBindingService$Lifecycle
06-10 19:55:33.890 740 2180 D SystemServerTimingAsync: ssm.onCompletedEventUser-0_{|Unlocked|}_com.android.server.tracing.TracingServiceProxy
06-10 19:55:33.890 740 2180 D SystemServerTimingAsync: ssm.onCompletedEventUser-0_{|Unlocked|}_com.android.server.policy.PermissionPolicyService
06-10 19:55:33.890 740 2180 D SystemServerTimingAsync: ssm.onCompletedEventUser-0_{|Unlocked|}_com.android.server.pm.StagingManager$Lifecycle
06-10 19:55:33.890 740 2180 D SystemServerTimingAsync: ssm.onCompletedEventUser-0_{|Unlocked|}_com.android.server.app.GameManagerService$Lifecycle
06-10 19:55:33.890 740 2180 D SystemServerTimingAsync: ssm.onCompletedEventUser-0_{|Unlocked|}_com.android.safetycenter.SafetyCenterService
06-10 19:55:33.890 740 2180 D SystemServerTimingAsync: ssm.onCompletedEventUser-0_{|Unlocked|}_com.android.server.appsearch.AppSearchModule$Lifecycle
06-10 19:55:33.890 740 2180 D SystemServerTimingAsync: ssm.onCompletedEventUser-0_{|Unlocked|}_com.android.server.media.MediaCommunicationService
06-10 19:55:33.890 740 2180 D SystemServerTimingAsync: ssm.onCompletedEventUser-0_{|Unlocked|}_com.android.server.compat.overrides.AppCompatOverridesService$Lifecycle
06-10 19:55:33.890 740 2180 D SystemServerTimingAsync: ssm.onCompletedEventUser-0_{|Unlocked|}_com.android.server.healthconnect.HealthConnectManagerService
06-10 19:55:33.890 740 2180 D SystemServerTimingAsync: ssm.onCompletedEventUser-0_{|Unlocked|}_com.android.server.devicelock.DeviceLockService
06-10 19:55:33.891 740 2182 D SystemServerTimingAsync: ssm.onCompletedEventUser-0_{|Unlocked|}_com.android.server.os.DeviceIdentifiersPolicyService
06-10 19:55:33.902 740 1932 D CompatibilityChangeReporter: Compat change id reported: 161145287; UID 10040; state: DISABLED
06-10 19:55:34.012 2114 2114 W ContextImpl: Calling a method in the system process without a qualified user: android.app.ContextImpl.startService:1899 android.content.ContextWrapper.startService:825 com.cvte.tv.api.TvApiSDKManager.:177 com.cvte.tv.api.TvApiSDKManager.init:217 com.dangbei.rocky.component.system.SystemControlUtils.initSystemAidl:82
06-10 19:55:34.012 740 1932 W ActivityManager: Unable to start service Intent { act=com.cvte.tv.api.TV_API_SERVICE pkg=com.cvte.tv.api.impl } U=0: not found
06-10 19:55:34.013 2114 2114 W ContextImpl: Calling a method in the system process without a qualified user: android.app.ContextImpl.bindService:1988 android.content.ContextWrapper.bindService:861 com.cvte.tv.api.TvApiSDKManager.:178 com.cvte.tv.api.TvApiSDKManager.init:217 com.dangbei.rocky.component.system.SystemControlUtils.initSystemAidl:82
06-10 19:55:34.048 740 2003 W ActivityManager: Unable to start service Intent { act=com.cvte.tv.api.TV_API_SERVICE pkg=com.cvte.tv.api.impl } U=0: not found
06-10 19:55:34.049 2114 2114 W ContextImpl: Calling a method in the system process without a qualified user: android.app.ContextImpl.startService:1899 android.content.ContextWrapper.startService:825 com.cvte.tv.api.TvApiSDKManager.getTvApi:361 com.dangbei.rocky.component.system.SystemControlUtils.initSystemAidl:83 com.dangbei.rocky.component.system.SystemComponent.onAttached:38
06-10 19:55:34.050 740 2003 W ActivityManager: Unable to start service Intent { act=com.cvte.tv.api.TV_API_SERVICE pkg=com.cvte.tv.api.impl } U=0: not found
06-10 19:55:34.052 2114 2114 W ContextImpl: Calling a method in the system process without a qualified user: android.app.ContextImpl.bindService:1988 android.content.ContextWrapper.bindService:861 com.cvte.tv.api.TvApiSDKManager.getTvApi:362 com.dangbei.rocky.component.system.SystemControlUtils.initSystemAidl:83 com.dangbei.rocky.component.system.SystemComponent.onAttached:38
06-10 19:55:34.055 740 2000 W ActivityManager: Unable to start service Intent { act=com.cvte.tv.api.TV_API_SERVICE pkg=com.cvte.tv.api.impl } U=0: not found
06-10 19:55:34.078 2114 2114 W ContextImpl: Calling a method in the system process without a qualified user: android.app.ContextImpl.startService:1899 android.content.ContextWrapper.startService:825 com.dangbei.phrike.core.DownloadManager.register:294 com.dangbei.component_appcontrol.phrike.XPhrikeAppCreator.register:47 com.dangbei.component_appcontrol.AppControlComponent.onAttached:65
06-10 19:55:34.107 740 1936 D CompatibilityChangeReporter: Compat change id reported: 149924527; UID 10040; state: ENABLED
06-10 19:55:34.109 740 1936 D CompatibilityChangeReporter: Compat change id reported: 132649864; UID 10040; state: DISABLED
06-10 19:55:34.501 740 815 D CompatibilityChangeReporter: Compat change id reported: 135634846; UID 10018; state: DISABLED
06-10 19:55:34.501 740 815 D CompatibilityChangeReporter: Compat change id reported: 177438394; UID 10018; state: DISABLED
06-10 19:55:34.501 740 815 D CompatibilityChangeReporter: Compat change id reported: 135772972; UID 10018; state: DISABLED
06-10 19:55:34.502 740 815 D CompatibilityChangeReporter: Compat change id reported: 135754954; UID 10018; state: ENABLED
06-10 19:55:34.503 740 816 D CompatibilityChangeReporter: Compat change id reported: 143937733; UID 10018; state: ENABLED
06-10 19:55:34.555 1568 2219 E ActivityThread: Failed to find provider info for com.bili.xds.sdk.bilidev.provider
06-10 19:55:34.568 740 816 W ActivityManager: Slow operation: 68ms so far, now at startProcess: returned from zygote!
06-10 19:55:34.569 740 816 W ActivityManager: Slow operation: 69ms so far, now at startProcess: done updating battery stats
06-10 19:55:34.569 740 816 W ActivityManager: Slow operation: 69ms so far, now at startProcess: building log message
06-10 19:55:34.569 740 816 I ActivityManager: Start proc 2262:com.android.providers.calendar/u0a18 for broadcast {com.android.providers.calendar/com.android.providers.calendar.CalendarReceiver}
06-10 19:55:34.569 740 816 W ActivityManager: Slow operation: 69ms so far, now at startProcess: starting to update pids map
06-10 19:55:34.570 740 816 W ActivityManager: Slow operation: 69ms so far, now at startProcess: done updating pids map
06-10 19:55:34.573 982 1197 W Looper : Slow delivery took 1062ms SysUiBg h=android.net.ConnectivityManager$CallbackHandler c=null m=2
06-10 19:55:34.632 740 1932 D CompatibilityChangeReporter: Compat change id reported: 168419799; UID 10018; state: DISABLED
06-10 19:55:34.632 740 1932 D CompatibilityChangeReporter: Compat change id reported: 273564678; UID 10018; state: DISABLED
06-10 19:55:34.643 740 1932 D CompatibilityChangeReporter: Compat change id reported: 253665015; UID 10074; state: ENABLED
06-10 19:55:34.643 740 1932 D CompatibilityChangeReporter: Compat change id reported: 194532703; UID 10074; state: ENABLED
06-10 19:55:34.653 740 860 D CompatibilityChangeReporter: Compat change id reported: 265195908; UID 10018; state: ENABLED
06-10 19:55:34.750 740 1136 D CompatibilityChangeReporter: Compat change id reported: 170503758; UID 10018; state: ENABLED
06-10 19:55:34.875 1568 1568 E ActivityThread: Failed to find provider info for com.tcl.xian.StartandroidService.MyContentProvider
06-10 19:55:34.916 740 1937 D CompatibilityChangeReporter: Compat change id reported: 161145287; UID 10018; state: ENABLED
06-10 19:55:34.973 740 815 D CompatibilityChangeReporter: Compat change id reported: 135634846; UID 10026; state: DISABLED
06-10 19:55:34.973 740 815 D CompatibilityChangeReporter: Compat change id reported: 177438394; UID 10026; state: DISABLED
06-10 19:55:34.973 740 815 D CompatibilityChangeReporter: Compat change id reported: 135772972; UID 10026; state: DISABLED
06-10 19:55:34.973 740 815 D CompatibilityChangeReporter: Compat change id reported: 135754954; UID 10026; state: ENABLED
06-10 19:55:34.974 740 816 D CompatibilityChangeReporter: Compat change id reported: 143937733; UID 10026; state: ENABLED
06-10 19:55:35.006 740 816 I ActivityManager: Start proc 2321:com.android.providers.tv/u0a26 for broadcast {com.android.providers.tv/com.android.providers.tv.BootCompletedReceiver}
06-10 19:55:35.071 740 852 D CompatibilityChangeReporter: Compat change id reported: 168419799; UID 10026; state: DISABLED
06-10 19:55:35.072 740 852 D CompatibilityChangeReporter: Compat change id reported: 273564678; UID 10026; state: DISABLED
06-10 19:55:35.106 740 860 D CompatibilityChangeReporter: Compat change id reported: 265195908; UID 10026; state: ENABLED
06-10 19:55:35.165 740 1174 D CompatibilityChangeReporter: Compat change id reported: 170503758; UID 10026; state: ENABLED
06-10 19:55:35.270 740 1936 D CompatibilityChangeReporter: Compat change id reported: 214016041; UID 1000; state: ENABLED
06-10 19:55:35.270 740 1936 D CompatibilityChangeReporter: Compat change id reported: 214016041; UID 1000; state: DISABLED
06-10 19:55:35.273 1568 1568 W Looper : Slow dispatch took 5803ms main h=android.app.ActivityThread$H c=null m=110
06-10 19:55:35.274 1568 1568 W Looper : Slow delivery took 2206ms main h=android.app.ActivityThread$H c=null m=164
06-10 19:55:35.427 740 2003 D CompatibilityChangeReporter: Compat change id reported: 171306433; UID 10018; state: ENABLED
06-10 19:55:35.428 740 2003 D CompatibilityChangeReporter: Compat change id reported: 218533173; UID 10018; state: ENABLED
06-10 19:55:35.445 740 2000 I MediaSessionStack: addSession to bottom of stack | record: com.xiaodianshi.tv.yst/YstMediaService (userId=0)
06-10 19:55:35.456 982 1197 W Looper : Drained
06-10 19:55:35.511 740 2003 D CompatibilityChangeReporter: Compat change id reported: 161252188; UID 10075; state: DISABLED
06-10 19:55:35.513 1568 1568 W Looper : Drained
06-10 19:55:35.523 740 1261 I MediaSessionStack: removeSession | record: com.xiaodianshi.tv.yst/YstMediaService (userId=0)
06-10 19:55:35.543 740 815 D CompatibilityChangeReporter: Compat change id reported: 135634846; UID 10068; state: DISABLED
06-10 19:55:35.543 740 815 D CompatibilityChangeReporter: Compat change id reported: 177438394; UID 10068; state: DISABLED
06-10 19:55:35.543 740 815 D CompatibilityChangeReporter: Compat change id reported: 135772972; UID 10068; state: DISABLED
06-10 19:55:35.543 740 815 D CompatibilityChangeReporter: Compat change id reported: 135754954; UID 10068; state: ENABLED
06-10 19:55:35.544 740 816 D CompatibilityChangeReporter: Compat change id reported: 143937733; UID 10068; state: ENABLED
06-10 19:55:35.545 740 1261 I MediaSessionStack: addSession to bottom of stack | record: com.xiaodianshi.tv.yst/YstMediaService (userId=0)
06-10 19:55:35.602 740 1135 I MediaSessionStack: removeSession | record: com.xiaodianshi.tv.yst/YstMediaService (userId=0)
06-10 19:55:35.630 740 816 W ActivityManager: Slow operation: 87ms so far, now at startProcess: returned from zygote!
06-10 19:55:35.630 740 816 W ActivityManager: Slow operation: 88ms so far, now at startProcess: done updating battery stats
06-10 19:55:35.630 740 816 W ActivityManager: Slow operation: 88ms so far, now at startProcess: building log message
06-10 19:55:35.630 740 816 I ActivityManager: Start proc 2422:com.android.rkpdapp/u0a68 for broadcast {com.android.rkpdapp/com.android.rkpdapp.BootReceiver}
06-10 19:55:35.630 740 816 W ActivityManager: Slow operation: 88ms so far, now at startProcess: starting to update pids map
06-10 19:55:35.630 740 816 W ActivityManager: Slow operation: 88ms so far, now at startProcess: done updating pids map
06-10 19:55:35.681 740 1136 D CompatibilityChangeReporter: Compat change id reported: 168419799; UID 10068; state: DISABLED
06-10 19:55:35.682 740 1136 D CompatibilityChangeReporter: Compat change id reported: 273564678; UID 10068; state: DISABLED
06-10 19:55:35.698 740 1136 D CompatibilityChangeReporter: Compat change id reported: 135634846; UID 10075; state: DISABLED
06-10 19:55:35.699 740 816 D CompatibilityChangeReporter: Compat change id reported: 143937733; UID 10075; state: DISABLED
06-10 19:55:35.712 740 860 D CompatibilityChangeReporter: Compat change id reported: 265195908; UID 10068; state: ENABLED
06-10 19:55:35.733 740 816 I ActivityManager: Start proc 2440:com.xiaodianshi.tv.yst:stats/u0a75 for service {com.xiaodianshi.tv.yst/com.bilibili.lib.neuron.internal.NeuronRemoteService}
06-10 19:55:35.825 740 1136 D CompatibilityChangeReporter: Compat change id reported: 168419799; UID 10075; state: DISABLED
06-10 19:55:35.825 740 1136 D CompatibilityChangeReporter: Compat change id reported: 273564678; UID 10075; state: DISABLED
06-10 19:55:35.835 740 1136 D CompatibilityChangeReporter: Compat change id reported: 170503758; UID 10068; state: ENABLED
06-10 19:55:35.836 740 1136 D CompatibilityChangeReporter: Compat change id reported: 170503758; UID 10075; state: DISABLED
06-10 19:55:36.001 740 2003 D CompatibilityChangeReporter: Compat change id reported: 143231523; UID 10018; state: DISABLED
06-10 19:55:36.046 740 815 I ActivityManager: com.android.shell is exempt from freezer
06-10 19:55:36.046 740 815 D CompatibilityChangeReporter: Compat change id reported: 135634846; UID 2000; state: DISABLED
06-10 19:55:36.047 740 815 D CompatibilityChangeReporter: Compat change id reported: 177438394; UID 2000; state: DISABLED
06-10 19:55:36.047 740 815 D CompatibilityChangeReporter: Compat change id reported: 135772972; UID 2000; state: DISABLED
06-10 19:55:36.047 740 815 D CompatibilityChangeReporter: Compat change id reported: 135754954; UID 2000; state: ENABLED
06-10 19:55:36.115 740 816 W ActivityManager: Slow operation: 69ms so far, now at startProcess: returned from zygote!
06-10 19:55:36.115 740 816 W ActivityManager: Slow operation: 70ms so far, now at startProcess: done updating battery stats
06-10 19:55:36.115 740 816 W ActivityManager: Slow operation: 70ms so far, now at startProcess: building log message
06-10 19:55:36.115 740 816 I ActivityManager: Start proc 2474:com.android.shell/2000 for broadcast {com.android.shell/com.android.shell.HeapDumpReceiver}
06-10 19:55:36.115 740 816 W ActivityManager: Slow operation: 70ms so far, now at startProcess: starting to update pids map
06-10 19:55:36.115 740 816 W ActivityManager: Slow operation: 70ms so far, now at startProcess: done updating pids map
06-10 19:55:36.232 740 1937 D CompatibilityChangeReporter: Compat change id reported: 168419799; UID 2000; state: DISABLED
06-10 19:55:36.233 740 1937 D CompatibilityChangeReporter: Compat change id reported: 273564678; UID 2000; state: DISABLED
06-10 19:55:36.237 740 860 D CompatibilityChangeReporter: Compat change id reported: 265195908; UID 2000; state: ENABLED
06-10 19:55:36.425 740 815 D CompatibilityChangeReporter: Compat change id reported: 135634846; UID 10027; state: DISABLED
06-10 19:55:36.425 740 815 D CompatibilityChangeReporter: Compat change id reported: 177438394; UID 10027; state: DISABLED
06-10 19:55:36.425 740 815 D CompatibilityChangeReporter: Compat change id reported: 135772972; UID 10027; state: DISABLED
06-10 19:55:36.425 740 815 D CompatibilityChangeReporter: Compat change id reported: 135754954; UID 10027; state: DISABLED
06-10 19:55:36.426 740 816 D CompatibilityChangeReporter: Compat change id reported: 143937733; UID 10027; state: DISABLED
06-10 19:55:36.505 740 816 W ActivityManager: Slow operation: 80ms so far, now at startProcess: returned from zygote!
06-10 19:55:36.505 740 816 W ActivityManager: Slow operation: 81ms so far, now at startProcess: done updating battery stats
06-10 19:55:36.505 740 816 W ActivityManager: Slow operation: 81ms so far, now at startProcess: building log message
06-10 19:55:36.505 740 816 I ActivityManager: Start proc 2506:com.android.statementservice/u0a27 for broadcast {com.android.statementservice/com.android.statementservice.domain.BootCompletedReceiver}
06-10 19:55:36.505 740 816 W ActivityManager: Slow operation: 81ms so far, now at startProcess: starting to update pids map
06-10 19:55:36.505 740 816 W ActivityManager: Slow operation: 81ms so far, now at startProcess: done updating pids map
06-10 19:55:36.555 740 1937 D CompatibilityChangeReporter: Compat change id reported: 168419799; UID 10027; state: DISABLED
06-10 19:55:36.556 740 1937 D CompatibilityChangeReporter: Compat change id reported: 273564678; UID 10027; state: DISABLED
06-10 19:55:36.560 740 860 D CompatibilityChangeReporter: Compat change id reported: 265195908; UID 10027; state: ENABLED
06-10 19:55:36.565 740 1937 D CompatibilityChangeReporter: Compat change id reported: 170503758; UID 10027; state: DISABLED
06-10 19:55:36.737 740 815 D CompatibilityChangeReporter: Compat change id reported: 135634846; UID 10078; state: DISABLED
06-10 19:55:36.738 740 816 D CompatibilityChangeReporter: Compat change id reported: 143937733; UID 10078; state: DISABLED
06-10 19:55:36.783 740 816 I ActivityManager: Start proc 2532:com.ktcp.video/u0a78 for broadcast {com.ktcp.video/com.ktcp.msg.lib.BootCompletedReceiver}
06-10 19:55:36.881 2440 2537 E ActivityThread: Failed to find provider info for com.bili.xds.sdk.bilidev.provider
06-10 19:55:36.882 740 1136 D CompatibilityChangeReporter: Compat change id reported: 168419799; UID 10078; state: DISABLED
06-10 19:55:36.883 740 1136 D CompatibilityChangeReporter: Compat change id reported: 273564678; UID 10078; state: DISABLED
06-10 19:55:36.890 740 860 D CompatibilityChangeReporter: Compat change id reported: 265195908; UID 10078; state: ENABLED
06-10 19:55:36.950 740 2003 D CompatibilityChangeReporter: Compat change id reported: 170503758; UID 10078; state: DISABLED
06-10 19:55:37.030 740 2003 D CompatibilityChangeReporter: Compat change id reported: 271850009; UID 10068; state: ENABLED
06-10 19:55:37.031 740 2003 D CompatibilityChangeReporter: Compat change id reported: 253665015; UID 10068; state: ENABLED
06-10 19:55:37.031 740 2003 D CompatibilityChangeReporter: Compat change id reported: 194532703; UID 10068; state: ENABLED
06-10 19:55:37.096 740 2003 W ProcessStats: Tracking association SourceState{411d302 com.xiaodianshi.tv.yst:stats/10075 Service #330} whose proc state 8 is better than process ProcessState{87a841b com.xiaodianshi.tv.yst/10075 pkg=com.xiaodianshi.tv.yst} proc state 14 (0 skipped)
06-10 19:55:37.218 740 1937 D CompatibilityChangeReporter: Compat change id reported: 271850009; UID 10027; state: DISABLED
06-10 19:55:37.218 740 1937 D CompatibilityChangeReporter: Compat change id reported: 253665015; UID 10027; state: DISABLED
06-10 19:55:37.219 740 1937 D CompatibilityChangeReporter: Compat change id reported: 194532703; UID 10027; state: DISABLED
06-10 19:55:37.382 740 1937 D CompatibilityChangeReporter: Compat change id reported: 149924527; UID 10078; state: ENABLED
06-10 19:55:37.383 740 1937 D CompatibilityChangeReporter: Compat change id reported: 132649864; UID 10078; state: DISABLED
06-10 19:55:37.481 740 1937 D CompatibilityChangeReporter: Compat change id reported: 161145287; UID 10078; state: DISABLED
06-10 19:55:37.572 740 1937 W JobScheduler: Job didn't exist in JobStore: 513d15f #u0a68/31 com.android.rkpdapp/androidx.work.impl.background.systemjob.SystemJobService
06-10 19:55:38.048 2532 2532 E ActivityThread: Failed to find provider info for com.tcl.xian.StartandroidService.MyContentProvider
06-10 19:55:38.272 740 838 W BroadcastLoopers: Found previously unknown looper Thread[PackageManager,5,main]
06-10 19:55:38.321 740 814 W BroadcastLoopers: Found previously unknown looper Thread[android.bg,5,main]
06-10 19:55:38.401 740 814 W VoiceInteractionManager: no available voice recognition services found for user 0
06-10 19:55:38.413 740 814 W VoiceInteractionManager: no available voice recognition services found for user 0
06-10 19:55:38.523 740 860 D OomAdjuster: Not killing cached processes
06-10 19:55:38.525 740 860 W BroadcastLoopers: Found previously unknown looper Thread[appscheduling.default,5,main]
06-10 19:55:38.560 740 2003 D CompatibilityChangeReporter: Compat change id reported: 261072174; UID 10078; state: DISABLED
06-10 19:55:38.568 740 815 D CompatibilityChangeReporter: Compat change id reported: 135634846; UID 10019; state: DISABLED
06-10 19:55:38.568 740 815 D CompatibilityChangeReporter: Compat change id reported: 177438394; UID 10019; state: DISABLED
06-10 19:55:38.568 740 815 D CompatibilityChangeReporter: Compat change id reported: 135772972; UID 10019; state: DISABLED
06-10 19:55:38.568 740 815 D CompatibilityChangeReporter: Compat change id reported: 135754954; UID 10019; state: ENABLED
06-10 19:55:38.569 740 816 D CompatibilityChangeReporter: Compat change id reported: 143937733; UID 10019; state: ENABLED
06-10 19:55:38.583 740 1939 D CompatibilityChangeReporter: Compat change id reported: 161145287; UID 10074; state: ENABLED
06-10 19:55:38.601 740 816 I ActivityManager: Start proc 2701:com.android.externalstorage/u0a19 for broadcast {com.android.externalstorage/com.android.externalstorage.MountReceiver}
06-10 19:55:38.629 740 1937 D CompatibilityChangeReporter: Compat change id reported: 135634846; UID 10078; state: DISABLED
06-10 19:55:38.630 740 816 D CompatibilityChangeReporter: Compat change id reported: 143937733; UID 10078; state: DISABLED
06-10 19:55:38.636 740 1939 D CompatibilityChangeReporter: Compat change id reported: 168419799; UID 10019; state: DISABLED
06-10 19:55:38.636 740 1939 D CompatibilityChangeReporter: Compat change id reported: 273564678; UID 10019; state: DISABLED
06-10 19:55:38.640 740 860 D CompatibilityChangeReporter: Compat change id reported: 265195908; UID 10019; state: ENABLED
06-10 19:55:38.648 740 1937 D CompatibilityChangeReporter: Compat change id reported: 170503758; UID 10019; state: ENABLED
06-10 19:55:38.655 740 816 I ActivityManager: Start proc 2716:com.ktcp.video:daemon/u0a78 for service {com.ktcp.video/com.tencent.qqlivetv.keeplive.proc.DaemonService}
06-10 19:55:38.675 740 2003 I BroadcastQueue: BOOT_COMPLETED_BROADCAST_COMPLETION_LATENCY_REPORTED action:android.intent.action.BOOT_COMPLETED dispatchLatency:-24380 completeLatency:9684 dispatchRealLatency:-24380 completeRealLatency:9684 receiversSize:44 userId:0 userType:android.os.usertype.full.SYSTEM
06-10 19:55:38.676 740 804 I ActivityManager: Finished processing BOOT_COMPLETED for u0
06-10 19:55:38.729 740 815 I ActivityManager: com.tv.filemanager.os is exempt from freezer
06-10 19:55:38.729 740 815 D CompatibilityChangeReporter: Compat change id reported: 135634846; UID 10042; state: DISABLED
06-10 19:55:38.729 740 815 D CompatibilityChangeReporter: Compat change id reported: 177438394; UID 10042; state: DISABLED
06-10 19:55:38.730 740 815 D CompatibilityChangeReporter: Compat change id reported: 135772972; UID 10042; state: DISABLED
06-10 19:55:38.730 740 815 D CompatibilityChangeReporter: Compat change id reported: 135754954; UID 10042; state: DISABLED
06-10 19:55:38.731 740 816 D CompatibilityChangeReporter: Compat change id reported: 143937733; UID 10042; state: DISABLED
06-10 19:55:38.746 740 816 I ActivityManager: Start proc 2740:com.tv.filemanager.os/u0a42 for broadcast {com.tv.filemanager.os/com.dangbei.lerad.filemanager.receives.USBReceiver}
06-10 19:55:38.775 740 1939 D CompatibilityChangeReporter: Compat change id reported: 168419799; UID 10042; state: DISABLED
06-10 19:55:38.776 740 1939 D CompatibilityChangeReporter: Compat change id reported: 273564678; UID 10042; state: DISABLED
06-10 19:55:38.779 740 860 D CompatibilityChangeReporter: Compat change id reported: 265195908; UID 10042; state: ENABLED
06-10 19:55:38.782 740 1174 D CompatibilityChangeReporter: Compat change id reported: 170503758; UID 10042; state: DISABLED
06-10 19:55:38.979 740 1932 D CompatibilityChangeReporter: Compat change id reported: 161145287; UID 10042; state: DISABLED
06-10 19:55:38.981 740 1932 D CompatibilityChangeReporter: Compat change id reported: 271850009; UID 10078; state: DISABLED
06-10 19:55:38.982 740 1932 D CompatibilityChangeReporter: Compat change id reported: 253665015; UID 10078; state: DISABLED
06-10 19:55:38.982 740 1932 D CompatibilityChangeReporter: Compat change id reported: 194532703; UID 10078; state: DISABLED
06-10 19:55:39.006 2740 2740 E ActivityThread: Failed to find provider info for lerad.provider.etna
06-10 19:55:39.013 740 1932 W ActivityManager: Permission Denial: get/set setting for user asks to run as user -2 but is calling from uid u0a78; this requires android.permission.INTERACT_ACROSS_USERS_FULL
06-10 19:55:39.027 740 815 D CompatibilityChangeReporter: Compat change id reported: 135634846; UID 10043; state: DISABLED
06-10 19:55:39.028 740 816 D CompatibilityChangeReporter: Compat change id reported: 143937733; UID 10043; state: DISABLED
06-10 19:55:39.036 740 1932 D CompatibilityChangeReporter: Compat change id reported: 170668199; UID 10078; state: DISABLED
06-10 19:55:39.037 740 1932 W ActivityManager: Foreground service started from background can not have location/camera/microphone access: service com.ktcp.video/com.tencent.qqlivetv.keeplive.proc.DaemonService
06-10 19:55:39.037 740 1932 I ActivityManager: Background started FGS: Allowed [callingPackage: com.ktcp.video; callingUid: 10078; uidState: RCVR; uidBFSL: n/a; intent: Intent { cmp=com.ktcp.video/com.tencent.qqlivetv.keeplive.proc.DaemonService (has extras) }; code:SYSTEM_ALERT_WINDOW_PERMISSION; tempAllowListReason:; targetSdkVersion:23; callerTargetSdkVersion:23; startForegroundCount:0; bindFromPackage:null: isBindService:false]
06-10 19:55:39.038 740 1932 D CompatibilityChangeReporter: Compat change id reported: 255038118; UID 10078; state: DISABLED
06-10 19:55:39.038 740 1932 D CompatibilityChangeReporter: Compat change id reported: 255042465; UID 10078; state: DISABLED
06-10 19:55:39.040 740 1932 W ForegroundServiceTypeLoggerModule: Foreground service start for UID: 10078 does not have any types
06-10 19:55:39.056 740 816 I ActivityManager: Start proc 2795:com.dangbei.screencast/u0a43 for broadcast {com.dangbei.screencast/com.dangbei.screencast.startup.BootReceiver}
06-10 19:55:39.057 740 815 I ActivityManager: Deferring FGS notification in legacy app com.ktcp.video/u0a78 : Notification(channel=recommendation_channel shortcut=null contentView=com.ktcp.video/0x10900b9 vibrate=null sound=null defaults=0x0 flags=0x40 color=0x00000000 vis=PRIVATE)
06-10 19:55:39.078 1550 2015 W ContextImpl: Calling a method in the system process without a qualified user: android.app.ContextImpl.bindService:1988 android.content.ContextWrapper.bindService:861 ce.b.h:57 ce.b$c.call:3 ee.c$a.run:5
06-10 19:55:39.079 740 1932 W ActivityManager: Foreground service started from background can not have location/camera/microphone access: service com.ktcp.video/com.tencent.qqlivetv.keeplive.proc.DaemonService$SubService
06-10 19:55:39.079 740 1932 I ActivityManager: Background started FGS: Allowed [callingPackage: com.ktcp.video; callingUid: 10078; uidState: SVC ; uidBFSL: n/a; intent: Intent { cmp=com.ktcp.video/com.tencent.qqlivetv.keeplive.proc.DaemonService$SubService }; code:SYSTEM_ALERT_WINDOW_PERMISSION; tempAllowListReason:; targetSdkVersion:23; callerTargetSdkVersion:23; startForegroundCount:0; bindFromPackage:null: isBindService:false]
06-10 19:55:39.080 740 1932 W ForegroundServiceTypeLoggerModule: Foreground service start for UID: 10078 does not have any types
06-10 19:55:39.087 740 1137 D CompatibilityChangeReporter: Compat change id reported: 261072174; UID 1000; state: DISABLED
06-10 19:55:39.091 740 1174 W ForegroundServiceTypeLoggerModule: FGS stop call for: 10078 has no types!
06-10 19:55:39.093 740 1932 D CompatibilityChangeReporter: Compat change id reported: 168419799; UID 10043; state: DISABLED
06-10 19:55:39.094 740 1932 D CompatibilityChangeReporter: Compat change id reported: 273564678; UID 10043; state: DISABLED
06-10 19:55:39.120 740 860 D CompatibilityChangeReporter: Compat change id reported: 265195908; UID 10043; state: ENABLED
06-10 19:55:39.148 740 1136 D CompatibilityChangeReporter: Compat change id reported: 170503758; UID 10043; state: DISABLED
06-10 19:55:39.282 740 1136 W ActivityManager: Background start not allowed: service Intent { act=com.dangbei.screencast.STARTUP pkg=com.dangbei.screencast } to com.dangbei.screencast/.startup.StartupService from pid=2795 uid=10043 pkg=com.dangbei.screencast startFg?=false
06-10 19:55:39.289 740 1136 W ActivityManager: Background start not allowed: service Intent { act=com.dangbei.screencast.STARTUP pkg=com.dangbei.screencast } to com.dangbei.screencast/.startup.StartupService from pid=2795 uid=10043 pkg=com.dangbei.screencast startFg?=false
06-10 19:55:39.299 740 740 W NotificationHistory: Attempted to add notif for locked/gone/disabled user 0
06-10 19:55:39.324 740 1932 D CompatibilityChangeReporter: Compat change id reported: 149924527; UID 10043; state: ENABLED
06-10 19:55:39.325 740 1932 D CompatibilityChangeReporter: Compat change id reported: 132649864; UID 10043; state: DISABLED
06-10 19:55:39.338 740 1932 D CompatibilityChangeReporter: Compat change id reported: 161145287; UID 10043; state: DISABLED
06-10 19:55:39.412 740 815 I ActivityManager: com.oranth.usbopenft is exempt from freezer
06-10 19:55:39.412 740 815 D CompatibilityChangeReporter: Compat change id reported: 135634846; UID 1000; state: DISABLED
