06-10 20:01:55.330 523 1422 D audio_hw_hal_primary: [adev_open_output_stream_new:7868] enter: dev=0xf0f82930 handle=22d devices=0x80/'BT_A2DP,' flags=0x11/'DIRECT,COMPRESS_OFFLOAD,' config=(rt=44100 ch_mask=0x1 fmt=0xe000000) address='A4:39:B3:64:F5:7A'
06-10 20:01:55.330 523 1422 D audio_hw_hal_primary: adev_open_output_stream_new: enter
06-10 20:01:55.330 523 1422 I audio_hw_hal_primary: [adev_open_output_stream:3285] io 557: out:0xf0ec15a0 dev:OUT_BLUETOOTH_A2DP(0x80) addr:A4:39:B3:64:F5:7A
06-10 20:01:55.330 523 1422 I audio_hw_hal_primary: [adev_open_output_stream:3287] ch_mask:0x1 rate:44100 format:DOLBY_TRUEHD(0xe000000) flags:0x11
06-10 20:01:55.330 523 1422 I audio_hw_hal_primary: adev_open_output_stream: for raw audio output,force alsa stereo output
06-10 20:01:55.330 523 1422 I audio_hw_hal_primary: [adev_open_output_stream:3610] result profile ch_mask:0x1 rate:44100 format:DOLBY_TRUEHD(0xe000000) usecase:RAW_DIRECT
06-10 20:01:55.330 523 1422 I audio_hw_hal_utils: aml_get_stream_dump_file_name line 2929 file_name /data/vendor/audiohal/stream_pid523_tid1422.mlp
06-10 20:01:55.330 523 1422 I audio_hw_hal_primary: [adev_open_output_stream_new:8037] io 557: out: 0xf0ec15a0 card:0 alsa devices:0 exit ------
06-10 20:01:55.332 523 1422 I audio_hw_hal_primary: [out_get_buffer_size:552] out:0xf0ec15a0 config.rate=44100, format:DOLBY_TRUEHD(0xe000000), stream format:DOLBY_TRUEHD(0xe000000)
06-10 20:01:55.332 559 1245 I AudioFlinger: HAL output buffer size 16384 frames, normal sink buffer size 16384 frames
06-10 20:01:55.332 523 1422 I audio_hw_hal_primary: [out_set_event_callback:3158] io 557: out:0xf0ec15a0, callback:0xf30cd91d cookie:0xf36c2230
06-10 20:01:55.333 559 4908 I AudioFlinger: AudioFlinger's thread 0xebed8370 tid=4908 ready to run
06-10 20:01:55.333 559 4908 D AudioFlinger: ro.audio.silent is ignored since no output device is set
06-10 20:01:55.334 523 1422 D audio_hw_hal_primary: [out_set_parameters:971] out:0xf0ec15a0 kvpairs:a2dp_sink_address=A4:39:B3:64:F5:7A out->out_device:0x80, adev->out_device:0x80082
06-10 20:01:55.334 523 1422 E audio_hw_hal_primary: out_set_parameters, ret:-2, hw_sync_mode:is false
06-10 20:01:55.335 559 4908 D AudioFlinger: ro.audio.silent is ignored since no output device is set
06-10 20:01:55.338 523 1422 D xm_audio: adev_get_parameters
06-10 20:01:55.339 559 1245 W APM::AudioPolicyEngine/PFWWrapper: setDeviceConnectionState: unknown device address reported (A4:39:B3:64:F5:7A) for criterion AvailableOutputDevicesAddresses
06-10 20:01:55.344 523 1422 D audio_hw_hal_primary: [out_dump:848] io 525: out:0xf0ec8170, fd:26
06-10 20:01:55.345 523 1422 D audio_hw_hal_primary: [out_set_parameters:971] out:0xf0ec8170 kvpairs:closing=true;exiting=1 out->out_device:0x80, adev->out_device:0x80082
06-10 20:01:55.345 523 1422 E audio_hw_hal_primary: out_set_parameters, ret:-2, hw_sync_mode:is false
06-10 20:01:55.345 523 1422 I audio_hw_hal_primary: [out_set_event_callback:3158] io 525: out:0xf0ec8170, callback:0xf30cd91d cookie:0xf36c16f0
06-10 20:01:55.345 523 1422 I audio_hw_hal_primary: [adev_close_output_stream_new:8052] io handle 525: out:0xf0ec8170
06-10 20:01:55.345 523 1422 D audio_hw_hal_primary: adev_close_output_stream_new: enter usecase = RAW_HWSYNC
06-10 20:01:55.345 523 1422 I audio_hw_hal_primary: [adev_close_output_stream:3695] io 525: out:0xf0ec8170 dev:OUT_BLUETOOTH_A2DP(0x80) flags:0x51, usecase:RAW_HWSYNC
06-10 20:01:55.345 523 1422 D audio_hw_hal_primary: [out_standby_new:5767] io 525: out:0xf0ec8170 usecase:RAW_HWSYNC
06-10 20:01:55.345 523 1422 I audio_hw_hal_primary: already standby, do nothing
06-10 20:01:55.345 523 1422 I audio_hw_hal_resourcemgr: [is_output_device_muted:710] device:0x2 port_mute:0, fade_mute:0
06-10 20:01:55.345 523 1422 I audio_hw_hal_primary: [adev_close_output_stream:3863] io 525: out:0xf0ec8170 exit ------
06-10 20:01:55.346 559 1245 D AudioFlinger: closing mmapThread 0xebd06dc0
06-10 20:01:55.347 559 1245 D AudioFlinger: mmapThread exit()
06-10 20:01:55.347 523 583 I audio_hw_hal_primary: [adev_close_output_stream_new:8052] io handle 533: out:0xf0ec3260
06-10 20:01:55.347 523 583 D audio_hw_hal_primary: adev_close_output_stream_new: enter usecase = PCM_MMAP
06-10 20:01:55.347 523 583 I audio_hw_hal_primary: [adev_close_output_stream:3695] io 533: out:0xf0ec3260 dev:OUT_BLUETOOTH_A2DP(0x80) flags:0x4001, usecase:PCM_MMAP
06-10 20:01:55.347 523 583 D audio_hw_hal_primary: [out_standby_new:5767] io 533: out:0xf0ec3260 usecase:PCM_MMAP
06-10 20:01:55.347 523 583 I audio_hw_hal_primary: already standby, do nothing
06-10 20:01:55.347 523 583 I audio_hw_hal_mmap: [outMmapDeInit:743] stream:0xf0ec3260
06-10 20:01:55.347 523 583 I audio_hw_hal_mmap: [mmap_audio_unregister_client:955] OK ! stream 0xf0ec3260, client id 0
06-10 20:01:55.347 523 583 I audio_hw_hal_primary: when close aaudio stream, send STANDBY msg to submix & ms12
06-10 20:01:55.347 523 583 I audio_hw_hal_ms12common: aml_set_ms12_scheduler_state ms12_scheduler_state:1, sch_state:1 SCHEDULER_STANDBY is sent to ms12
06-10 20:01:55.347 523 583 I audio_hw_hal_resourcemgr: [is_output_device_muted:710] device:0x2 port_mute:0, fade_mute:0
06-10 20:01:55.347 523 583 I audio_hw_hal_primary: [adev_close_output_stream:3863] io 533: out:0xf0ec3260 exit ------
06-10 20:01:55.349 523 1422 D audio_hw_hal_primary: [out_dump:848] io 541: out:0xf0ec2400, fd:22
06-10 20:01:55.350 523 1422 D audio_hw_hal_primary: [out_set_parameters:971] out:0xf0ec2400 kvpairs:closing=true;exiting=1 out->out_device:0x80, adev->out_device:0x80082
06-10 20:01:55.350 523 1422 E audio_hw_hal_primary: out_set_parameters, ret:-2, hw_sync_mode:is false
06-10 20:01:55.350 559 4906 D AudioFlinger: ro.audio.silent is ignored since no output device is set
06-10 20:01:55.350 523 1422 I audio_hw_hal_primary: [out_set_event_callback:3158] io 541: out:0xf0ec2400, callback:0xf30cd91d cookie:0xf36c0c10
06-10 20:01:55.351 523 1422 I audio_hw_hal_primary: [adev_close_output_stream_new:8052] io handle 541: out:0xf0ec2400
06-10 20:01:55.351 523 1422 D audio_hw_hal_primary: adev_close_output_stream_new: enter usecase = PCM_HWSYNC
06-10 20:01:55.351 523 1422 D audio_hw_hal_timer: func:audio_timer_delete delete timer.1 success.
06-10 20:01:55.351 523 1422 D audio_hw_hal_timer: func:audio_timer_delete delete timer.2 success.
06-10 20:01:55.351 523 1422 D audio_hw_hal_primary: [adev_close_output_stream_new:8076] timer_id:1 ret:2
06-10 20:01:55.351 523 1422 I audio_hw_hal_primary: [adev_close_output_stream:3695] io 541: out:0xf0ec2400 dev:OUT_BLUETOOTH_A2DP(0x80) flags:0x41, usecase:PCM_HWSYNC
06-10 20:01:55.351 523 1422 D audio_hw_hal_primary: [out_standby_new:5767] io 541: out:0xf0ec2400 usecase:PCM_HWSYNC
06-10 20:01:55.351 523 1422 I audio_hw_hal_primary: already standby, do nothing
06-10 20:01:55.351 523 1422 I audio_hw_hal_resourcemgr: [is_output_device_muted:710] device:0x2 port_mute:0, fade_mute:0
06-10 20:01:55.351 523 1422 I audio_hw_hal_primary: [adev_close_output_stream:3863] io 541: out:0xf0ec2400 exit ------
06-10 20:01:55.353 523 1422 D audio_hw_hal_primary: [out_dump:848] io 549: out:0xf0ec47f0, fd:22
06-10 20:01:55.354 523 1422 D audio_hw_hal_primary: [out_set_parameters:971] out:0xf0ec47f0 kvpairs:closing=true;exiting=1 out->out_device:0x80, adev->out_device:0x80082
06-10 20:01:55.354 523 1422 E audio_hw_hal_primary: out_set_parameters, ret:-2, hw_sync_mode:is false
06-10 20:01:55.355 559 4907 D AudioFlinger: ro.audio.silent is ignored since no output device is set
06-10 20:01:55.355 523 1422 I audio_hw_hal_primary: [out_set_event_callback:3158] io 549: out:0xf0ec47f0, callback:0xf30cd91d cookie:0xf36c24d0
06-10 20:01:55.356 523 583 I audio_hw_hal_primary: [adev_close_output_stream_new:8052] io handle 549: out:0xf0ec47f0
06-10 20:01:55.356 523 583 D audio_hw_hal_primary: adev_close_output_stream_new: enter usecase = RAW_DIRECT
06-10 20:01:55.356 523 583 I audio_hw_hal_primary: [adev_close_output_stream:3695] io 549: out:0xf0ec47f0 dev:OUT_BLUETOOTH_A2DP(0x80) flags:0x1, usecase:RAW_DIRECT
06-10 20:01:55.356 523 583 D audio_hw_hal_primary: [out_standby_new:5767] io 549: out:0xf0ec47f0 usecase:RAW_DIRECT
06-10 20:01:55.356 523 583 I audio_hw_hal_primary: already standby, do nothing
06-10 20:01:55.356 523 583 I audio_hw_hal_resourcemgr: [is_output_device_muted:710] device:0x2 port_mute:0, fade_mute:0
06-10 20:01:55.356 523 583 I audio_hw_hal_primary: [adev_close_output_stream:3863] io 549: out:0xf0ec47f0 exit ------
06-10 20:01:55.358 523 1422 D audio_hw_hal_primary: [out_dump:848] io 557: out:0xf0ec15a0, fd:22
06-10 20:01:55.359 523 583 D audio_hw_hal_primary: [out_set_parameters:971] out:0xf0ec15a0 kvpairs:closing=true;exiting=1 out->out_device:0x80, adev->out_device:0x80082
06-10 20:01:55.359 523 583 E audio_hw_hal_primary: out_set_parameters, ret:-2, hw_sync_mode:is false
06-10 20:01:55.360 523 583 I audio_hw_hal_primary: [out_set_event_callback:3158] io 557: out:0xf0ec15a0, callback:0xf30cd91d cookie:0xf36c2230
06-10 20:01:55.360 523 583 I audio_hw_hal_primary: [adev_close_output_stream_new:8052] io handle 557: out:0xf0ec15a0
06-10 20:01:55.360 523 583 D audio_hw_hal_primary: adev_close_output_stream_new: enter usecase = RAW_DIRECT
06-10 20:01:55.360 523 583 I audio_hw_hal_primary: [adev_close_output_stream:3695] io 557: out:0xf0ec15a0 dev:OUT_BLUETOOTH_A2DP(0x80) flags:0x11, usecase:RAW_DIRECT
06-10 20:01:55.360 523 583 D audio_hw_hal_primary: [out_standby_new:5767] io 557: out:0xf0ec15a0 usecase:RAW_DIRECT
06-10 20:01:55.360 523 583 I audio_hw_hal_primary: already standby, do nothing
06-10 20:01:55.360 523 583 I audio_hw_hal_resourcemgr: [is_output_device_muted:710] device:0x2 port_mute:0, fade_mute:0
06-10 20:01:55.360 523 583 I audio_hw_hal_primary: [adev_close_output_stream:3863] io 557: out:0xf0ec15a0 exit ------
06-10 20:01:55.363 740 934 I AS.AudioDeviceInventory: APM handleDeviceConfigChange success for A2DP device addr=A4:39:B3:64:F5:7A codec=AUDIO_FORMAT_AAC
06-10 20:01:55.364 982 982 V MediaRouter: Audio routes updated: AudioRoutesInfo{ type=HDMI, bluetoothName=小爱音箱-3073 }, a2dp=true
06-10 20:01:55.364 982 982 V MediaRouter: Selecting route: RouteInfo{ name=小爱音箱-3073, description=蓝牙音频, status=null, category=RouteCategory{ name=系统 types=ROUTE_TYPE_LIVE_AUDIO ROUTE_TYPE_LIVE_VIDEO groupable=false }, supportedTypes=ROUTE_TYPE_LIVE_AUDIO , presentationDisplay=null }
06-10 20:01:55.365 982 982 I MediaRouter: Skip setBluetoothA2dpOn(): types=1, isPlaybackActive()=false, BT route=RouteInfo{ name=小爱音箱-3073, description=蓝牙音频, status=null, category=RouteCategory{ name=系统 types=ROUTE_TYPE_LIVE_AUDIO ROUTE_TYPE_LIVE_VIDEO groupable=false }, supportedTypes=ROUTE_TYPE_LIVE_AUDIO , presentationDisplay=null }
06-10 20:01:55.372 4776 4776 D AvrcpVolumeManager: onAudioDevicesAdded: size: 1
06-10 20:01:55.373 4776 4776 D AvrcpVolumeManager: onAudioDevicesAdded: address=A4:39:B3:64:F5:7A
06-10 20:01:55.373 4776 4776 W AvrcpVolumeManager: volumeDeviceSwitched: Device isn't connected: XX:XX:XX:XX:F5:7A
06-10 20:01:55.373 4776 4827 D ActiveDeviceManager: onAudioDevicesAdded
06-10 20:01:55.373 4776 4827 D ActiveDeviceManager: Audio device added: 小爱音箱-3073 type: 8
06-10 20:01:55.380 740 937 I AudioService: onAccessoryPlugMediaUnmute newDevice=128 [bt_a2dp]
06-10 20:01:55.385 523 583 D xm_audio: adev_get_parameters
06-10 20:01:55.387 523 583 D xm_audio: adev_get_parameters
06-10 20:01:55.392 523 583 D xm_audio: adev_get_parameters
06-10 20:01:55.393 523 583 D xm_audio: adev_get_parameters
06-10 20:01:55.397 523 583 D xm_audio: adev_get_parameters
06-10 20:01:55.398 523 583 D xm_audio: adev_get_parameters
06-10 20:01:55.405 523 583 D xm_audio: adev_get_parameters
06-10 20:01:55.411 523 583 D xm_audio: adev_get_parameters
06-10 20:01:55.412 523 583 D xm_audio: adev_get_parameters
06-10 20:01:55.417 523 1422 D xm_audio: adev_get_parameters
06-10 20:01:55.418 523 1422 D xm_audio: adev_get_parameters
06-10 20:01:55.425 523 1422 D xm_audio: adev_get_parameters
06-10 20:01:55.426 523 1422 D xm_audio: adev_get_parameters
06-10 20:01:55.432 523 1422 D xm_audio: adev_get_parameters
06-10 20:01:55.433 523 1422 D xm_audio: adev_get_parameters
06-10 20:01:55.438 523 1422 D xm_audio: adev_get_parameters
06-10 20:01:55.439 523 1422 D xm_audio: adev_get_parameters
06-10 20:01:55.445 523 1422 D xm_audio: adev_get_parameters
06-10 20:01:55.445 523 1422 D xm_audio: adev_get_parameters
06-10 20:01:55.450 536 564 D hdmicecd: [CEC]:printCecMsgBuf, msg: 04 90 00
06-10 20:01:55.450 536 564 D hdmicecd: [HdmiCecControl]:updateActiveState received tv power status 0
06-10 20:01:55.450 740 740 D HDMI : [R]: 04:90:00
06-10 20:01:55.451 536 536 D hdmicecd: [HdmiCecControl]:getPhysicalAddress, physical addr: 2000, last pa: 2000, ret = 0
06-10 20:01:55.452 740 740 D HDMI : addCecDevice new:CEC: logical_address: 0x00 device_type: 0 cec_version: 5 vendor_id: 60426 display_name: MiTV-ANSP0 power_status: 0 physical_address: 0x0000 port_id: -1 old:CEC: logical_address: 0x00 device_type: 0 cec_version: 5 vendor_id: 60426 display_name: TV power_status: 0 physical_address: 0xFFFF port_id: -1
06-10 20:01:55.453 740 740 D HdmiControlService: Switching to full volume behavior
06-10 20:01:55.453 536 563 D hdmicecd: [HdmiCecControl]:getPhysicalAddress, physical addr: 2000, last pa: 2000, ret = 0
06-10 20:01:55.455 740 740 D HDMI : addCecDevice new:CEC: logical_address: 0x04 device_type: 4 cec_version: 5 vendor_id: 1877008 display_name: DBBOX-A3 power_status: 0 physical_address: 0x2000 port_id: 0 old:null
06-10 20:01:55.455 740 740 D HDMI : Hot-plug detection started.
06-10 20:01:55.457 523 1422 D xm_audio: adev_get_parameters
06-10 20:01:55.459 523 1422 D xm_audio: adev_get_parameters
06-10 20:01:55.465 523 583 D xm_audio: adev_get_parameters
06-10 20:01:55.467 523 583 D xm_audio: adev_get_parameters
06-10 20:01:55.472 523 583 D xm_audio: adev_get_parameters
06-10 20:01:55.473 523 583 D xm_audio: adev_get_parameters
06-10 20:01:55.479 523 583 D xm_audio: adev_get_parameters
06-10 20:01:55.481 523 583 D xm_audio: adev_get_parameters
06-10 20:01:55.486 523 583 D xm_audio: adev_get_parameters
06-10 20:01:55.491 523 583 D xm_audio: adev_get_parameters
06-10 20:01:55.491 523 583 D xm_audio: adev_get_parameters
06-10 20:01:55.496 523 583 D xm_audio: adev_get_parameters
06-10 20:01:55.498 523 583 D xm_audio: adev_get_parameters
06-10 20:01:55.503 523 583 D xm_audio: adev_get_parameters
06-10 20:01:55.504 523 583 D xm_audio: adev_get_parameters
06-10 20:01:55.509 523 583 D xm_audio: adev_get_parameters
06-10 20:01:55.511 523 583 D xm_audio: adev_get_parameters
06-10 20:01:55.516 523 583 D xm_audio: adev_get_parameters
06-10 20:01:55.517 523 583 D xm_audio: adev_get_parameters
06-10 20:01:55.522 523 583 D xm_audio: adev_get_parameters
06-10 20:01:55.523 523 583 D xm_audio: adev_get_parameters
06-10 20:01:55.529 523 583 D xm_audio: adev_get_parameters
06-10 20:01:55.534 523 583 D xm_audio: adev_get_parameters
06-10 20:01:55.535 523 583 D xm_audio: adev_get_parameters
06-10 20:01:55.539 523 583 D xm_audio: adev_get_parameters
06-10 20:01:55.540 523 583 D xm_audio: adev_get_parameters
06-10 20:01:55.546 523 583 D xm_audio: adev_get_parameters
06-10 20:01:55.547 523 583 D xm_audio: adev_get_parameters
06-10 20:01:55.551 523 583 D xm_audio: adev_get_parameters
06-10 20:01:55.552 523 583 D xm_audio: adev_get_parameters
06-10 20:01:55.557 523 583 D xm_audio: adev_get_parameters
06-10 20:01:55.559 523 583 D xm_audio: adev_get_parameters
06-10 20:01:55.564 523 583 D xm_audio: adev_get_parameters
06-10 20:01:55.565 523 583 D xm_audio: adev_get_parameters
06-10 20:01:55.570 523 583 D xm_audio: adev_get_parameters
06-10 20:01:55.571 523 583 D xm_audio: adev_get_parameters
06-10 20:01:55.576 523 583 D xm_audio: adev_get_parameters
06-10 20:01:55.577 523 583 D xm_audio: adev_get_parameters
06-10 20:01:55.583 523 583 D xm_audio: adev_get_parameters
06-10 20:01:55.584 523 583 D xm_audio: adev_get_parameters
06-10 20:01:55.589 523 583 D xm_audio: adev_get_parameters
06-10 20:01:55.590 523 583 D xm_audio: adev_get_parameters
06-10 20:01:55.593 982 982 D vol.VolumeDialogImpl: getIconResWithStream levelMax:20 levelMin:0 level:11 getImpliedLevel:11 stream:3
06-10 20:01:55.593 982 982 D vol.VolumeDialogImpl: getIconResWithStream levelMax:20 levelMin:0 level:11 getImpliedLevel:11 stream:3
06-10 20:01:55.596 523 583 D xm_audio: adev_get_parameters
06-10 20:01:55.598 523 583 D xm_audio: adev_get_parameters
06-10 20:01:55.602 523 583 D xm_audio: adev_get_parameters
06-10 20:01:55.603 523 583 D xm_audio: adev_get_parameters
06-10 20:01:55.607 523 583 D xm_audio: adev_get_parameters
06-10 20:01:55.608 523 1422 D xm_audio: adev_get_parameters
06-10 20:01:55.613 523 1422 D xm_audio: adev_get_parameters
06-10 20:01:55.614 523 1422 D xm_audio: adev_get_parameters
06-10 20:01:55.618 523 1422 D xm_audio: adev_get_parameters
06-10 20:01:55.619 523 1422 D xm_audio: adev_get_parameters
06-10 20:01:55.624 523 1422 D xm_audio: adev_get_parameters
06-10 20:01:55.625 1550 1550 E hq : AdHelper:::启动延迟检查,支持广告的最长播放时间:25000 isLoadAd=false
06-10 20:01:55.626 523 1422 D xm_audio: adev_get_parameters
06-10 20:01:55.626 1550 1550 D OsInitLaunch: send: launchAd, playAd, start, null
06-10 20:01:55.627 1550 1550 I dangbei ad sdk: ADSDK::play splash ad
06-10 20:01:55.628 1550 1550 I dangbei ad sdk: HttpUtils::show online ad
06-10 20:01:55.629 1550 4728 D TrafficStats: tagSocket(102) with statsTag=0xffffffff, statsUid=-1
06-10 20:01:55.629 1550 4875 D TrafficStats: tagSocket(145) with statsTag=0xffffffff, statsUid=-1
06-10 20:01:55.635 523 583 D xm_audio: adev_get_parameters
06-10 20:01:55.636 523 583 D xm_audio: adev_get_parameters
06-10 20:01:55.642 523 583 D xm_audio: adev_get_parameters
06-10 20:01:55.643 523 583 D xm_audio: adev_get_parameters
06-10 20:01:55.649 523 583 D xm_audio: adev_get_parameters
06-10 20:01:55.650 523 583 D xm_audio: adev_get_parameters
06-10 20:01:55.655 523 583 D xm_audio: adev_get_parameters
06-10 20:01:55.656 523 583 D xm_audio: adev_get_parameters
06-10 20:01:55.660 982 982 D vol.VolumeDialogImpl: getIconResWithStream levelMax:20 levelMin:0 level:11 getImpliedLevel:11 stream:3
06-10 20:01:55.660 982 982 D vol.VolumeDialogImpl: getIconResWithStream levelMax:20 levelMin:0 level:11 getImpliedLevel:11 stream:3
06-10 20:01:55.665 523 583 D xm_audio: adev_get_parameters
06-10 20:01:55.666 523 583 D xm_audio: adev_get_parameters
06-10 20:01:55.670 523 583 D xm_audio: adev_get_parameters
06-10 20:01:55.671 523 583 D xm_audio: adev_get_parameters
06-10 20:01:55.676 523 583 D xm_audio: adev_get_parameters
06-10 20:01:55.677 523 583 D xm_audio: adev_get_parameters
06-10 20:01:55.681 523 583 D xm_audio: adev_get_parameters
06-10 20:01:55.682 523 583 D xm_audio: adev_get_parameters
06-10 20:01:55.687 523 583 D xm_audio: adev_get_parameters
06-10 20:01:55.688 523 583 D xm_audio: adev_get_parameters
06-10 20:01:55.684 1424 1424 I adbd : type=1400 audit(0.0:2006): avc: denied { write } for path="socket:[35271]" dev="sockfs" ino=35271 scontext=u:r:su:s0 tcontext=u:r:adbd:s0 tclass=unix_stream_socket permissive=1
06-10 20:01:55.684 1424 1424 I adbd : type=1400 audit(0.0:2007): avc: denied { read } for path="socket:[35272]" dev="sockfs" ino=35272 scontext=u:r:su:s0 tcontext=u:r:adbd:s0 tclass=unix_stream_socket permissive=1
06-10 20:01:55.699 523 583 D xm_audio: adev_get_parameters
06-10 20:01:55.700 523 583 D xm_audio: adev_get_parameters
06-10 20:01:55.706 523 583 D xm_audio: adev_get_parameters
06-10 20:01:55.708 523 583 D xm_audio: adev_get_parameters
06-10 20:01:55.714 523 583 D xm_audio: adev_get_parameters
06-10 20:01:55.715 523 583 D xm_audio: adev_get_parameters
06-10 20:01:55.719 523 583 D xm_audio: adev_get_parameters
06-10 20:01:55.721 523 583 D xm_audio: adev_get_parameters
06-10 20:01:55.725 523 583 D xm_audio: adev_get_parameters
06-10 20:01:55.726 523 583 D xm_audio: adev_get_parameters
06-10 20:01:55.728 982 982 D vol.VolumeDialogImpl: getIconResWithStream levelMax:20 levelMin:0 level:11 getImpliedLevel:11 stream:3
06-10 20:01:55.729 982 982 D vol.VolumeDialogImpl: getIconResWithStream levelMax:20 levelMin:0 level:11 getImpliedLevel:11 stream:3
06-10 20:01:55.733 523 583 D xm_audio: adev_get_parameters
06-10 20:01:55.734 523 583 D xm_audio: adev_get_parameters
06-10 20:01:55.728 1424 1424 I /apex/com.android.adbd/bin/adbd: type=1400 audit(0.0:2008): avc: denied { read write } for comm=75736220666673206F70656E name="ep0" dev="functionfs" ino=25678 scontext=u:r:su:s0 tcontext=u:object_r:functionfs:s0 tclass=file permissive=1
06-10 20:01:55.728 1424 1424 I /apex/com.android.adbd/bin/adbd: type=1400 audit(0.0:2009): avc: denied { open } for comm=75736220666673206F70656E path="/dev/usb-ffs/adb/ep0" dev="functionfs" ino=25678 scontext=u:r:su:s0 tcontext=u:object_r:functionfs:s0 tclass=file permissive=1
06-10 20:01:55.740 523 583 D xm_audio: adev_get_parameters
06-10 20:01:55.741 523 583 D xm_audio: adev_get_parameters
06-10 20:01:55.745 523 583 D xm_audio: adev_get_parameters
06-10 20:01:55.746 523 583 D xm_audio: adev_get_parameters
06-10 20:01:55.751 523 583 D xm_audio: adev_get_parameters
06-10 20:01:55.752 523 583 D xm_audio: adev_get_parameters
06-10 20:01:55.756 523 583 D xm_audio: adev_get_parameters
06-10 20:01:55.757 523 583 D xm_audio: adev_get_parameters
06-10 20:01:55.762 523 583 D xm_audio: adev_get_parameters
06-10 20:01:55.763 523 583 D xm_audio: adev_get_parameters
06-10 20:01:55.767 523 583 D xm_audio: adev_get_parameters
06-10 20:01:55.768 523 1422 D xm_audio: adev_get_parameters
06-10 20:01:55.774 523 1422 D xm_audio: adev_get_parameters
06-10 20:01:55.775 523 1422 D xm_audio: adev_get_parameters
06-10 20:01:55.779 523 1422 D xm_audio: adev_get_parameters
06-10 20:01:55.780 523 1422 D xm_audio: adev_get_parameters
06-10 20:01:55.784 541 541 D WifiHAL : error code -95 mapped to -3
06-10 20:01:55.784 541 541 E IPCThreadState: binder thread pool (1 threads) starved for 996 ms
06-10 20:01:55.785 740 916 E WifiStaIfaceAidlImpl: getLinkLayerStats failed with service-specific exception: android.os.ServiceSpecificException: (code 4)
06-10 20:01:55.786 523 1422 D xm_audio: adev_get_parameters
06-10 20:01:55.787 523 1422 D xm_audio: adev_get_parameters
06-10 20:01:55.793 982 1358 I vol.Events: writeEvent level_changed STREAM_ALARM 15
06-10 20:01:55.795 982 982 D vol.VolumeDialogImpl: getIconResWithStream levelMax:20 levelMin:0 level:11 getImpliedLevel:11 stream:3
06-10 20:01:55.796 982 982 D vol.VolumeDialogImpl: getIconResWithStream levelMax:20 levelMin:0 level:11 getImpliedLevel:11 stream:3
06-10 20:01:55.798 523 583 D xm_audio: adev_get_parameters
06-10 20:01:55.799 1550 4319 D TrafficStats: tagSocket(102) with statsTag=0xffffffff, statsUid=-1
06-10 20:01:55.801 523 1422 D xm_audio: adev_get_parameters
06-10 20:01:55.802 1550 3359 D TrafficStats: tagSocket(137) with statsTag=0xffffffff, statsUid=-1
06-10 20:01:55.807 523 1422 D xm_audio: adev_get_parameters
06-10 20:01:55.808 523 1422 D xm_audio: adev_get_parameters
06-10 20:01:55.813 523 1422 D xm_audio: adev_get_parameters
06-10 20:01:55.814 523 1422 D xm_audio: adev_get_parameters
06-10 20:01:55.818 523 1422 D xm_audio: adev_get_parameters
06-10 20:01:55.819 523 1422 D xm_audio: adev_get_parameters
06-10 20:01:55.823 523 1422 D xm_audio: adev_get_parameters
06-10 20:01:55.824 523 1422 D xm_audio: adev_get_parameters
06-10 20:01:55.828 523 1422 D xm_audio: adev_get_parameters
06-10 20:01:55.829 523 1422 D xm_audio: adev_get_parameters
06-10 20:01:55.834 523 1422 D xm_audio: adev_get_parameters
06-10 20:01:55.834 523 1422 D xm_audio: adev_get_parameters
06-10 20:01:55.840 523 1422 D xm_audio: adev_get_parameters
06-10 20:01:55.841 523 1422 D xm_audio: adev_get_parameters
06-10 20:01:55.844 523 1422 D xm_audio: adev_get_parameters
06-10 20:01:55.845 523 1422 D xm_audio: adev_get_parameters
06-10 20:01:55.849 523 1422 D xm_audio: adev_get_parameters
06-10 20:01:55.850 523 1422 D xm_audio: adev_get_parameters
06-10 20:01:55.852 982 1358 I vol.Events: writeEvent level_changed STREAM_RING 15
06-10 20:01:55.853 982 982 D vol.VolumeDialogImpl: getIconResWithStream levelMax:20 levelMin:0 level:11 getImpliedLevel:11 stream:3
06-10 20:01:55.853 982 982 D vol.VolumeDialogImpl: getIconResWithStream levelMax:20 levelMin:0 level:11 getImpliedLevel:11 stream:3
06-10 20:01:55.856 523 1422 D xm_audio: adev_get_parameters
06-10 20:01:55.857 523 1422 D xm_audio: adev_get_parameters
06-10 20:01:55.862 523 1422 D xm_audio: adev_get_parameters
06-10 20:01:55.864 523 1422 D xm_audio: adev_get_parameters
06-10 20:01:55.869 523 1422 D xm_audio: adev_get_parameters
06-10 20:01:55.869 523 1422 D xm_audio: adev_get_parameters
06-10 20:01:55.874 523 1422 D xm_audio: adev_get_parameters
06-10 20:01:55.874 523 1422 D xm_audio: adev_get_parameters
06-10 20:01:55.878 523 1422 D xm_audio: adev_get_parameters
06-10 20:01:55.879 523 1422 D xm_audio: adev_get_parameters
06-10 20:01:55.884 523 1422 D xm_audio: adev_get_parameters
06-10 20:01:55.885 523 1422 D xm_audio: adev_get_parameters
06-10 20:01:55.889 523 1422 D xm_audio: adev_get_parameters
06-10 20:01:55.890 523 1422 D xm_audio: adev_get_parameters
06-10 20:01:55.893 330 4749 D MesonDisplay: read /sys/class/amhdmitx/amhdmitx0/hdcp_lstore, result length:0, val:
06-10 20:01:55.894 523 1422 D xm_audio: adev_get_parameters
06-10 20:01:55.895 523 583 D xm_audio: adev_get_parameters
06-10 20:01:55.899 523 583 D xm_audio: adev_get_parameters
06-10 20:01:55.900 523 583 D xm_audio: adev_get_parameters
06-10 20:01:55.904 523 583 D xm_audio: adev_get_parameters
06-10 20:01:55.905 523 583 D xm_audio: adev_get_parameters
06-10 20:01:55.907 982 1358 I vol.Events: writeEvent level_changed STREAM_SYSTEM 15
06-10 20:01:55.908 982 982 D vol.VolumeDialogImpl: getIconResWithStream levelMax:20 levelMin:0 level:11 getImpliedLevel:11 stream:3
06-10 20:01:55.908 982 982 D vol.VolumeDialogImpl: getIconResWithStream levelMax:20 levelMin:0 level:11 getImpliedLevel:11 stream:3
06-10 20:01:55.910 982 1358 I vol.Events: writeEvent level_changed STREAM_VOICE_CALL 15
06-10 20:01:55.913 982 982 D vol.VolumeDialogImpl: getIconResWithStream levelMax:20 levelMin:0 level:11 getImpliedLevel:11 stream:3
06-10 20:01:55.913 982 982 D vol.VolumeDialogImpl: getIconResWithStream levelMax:20 levelMin:0 level:11 getImpliedLevel:11 stream:3
06-10 20:01:55.914 982 1358 I vol.Events: writeEvent level_changed STREAM_MUSIC 3
06-10 20:01:56.263 1550 3359 D dangbei ad sdk: HttpUtils.....::response={"msg":"no available advert","code":200}
06-10 20:01:56.263 1550 1550 E hq : AdHelper:::notFetchAd: main
06-10 20:01:56.263 1550 1550 E hq : AdHelper:::onComplete:main
06-10 20:01:56.263 1550 1550 E hq : AdHelper:::adFinish: com.dangbei.launcher.home.LauncherActivity$showAd$1@4c9b593
06-10 20:01:56.346 1550 4319 D dangbei ad sdk: HttpUtils.....::response={"msg":"no available advert","code":200}
06-10 20:01:56.652 4776 4804 I l2c_csm : packages/modules/Bluetooth/system/stack/l2cap/l2c_csm.cc:338 l2c_csm_closed: Check security for psm 0x0017, status 0
06-10 20:01:56.669 4776 4804 I bt_stack: [INFO:connection_handler.cc(320)] void bluetooth::avrcp::ConnectionHandler::AcceptorControlCb(uint8_t, uint8_t, uint16_t, const RawAddress *): handle=0000 result=000000 addr=xx:xx:xx:xx:f5:7a
06-10 20:01:56.669 4776 4804 I bt_stack: [INFO:connection_handler.cc(326)] void bluetooth::avrcp::ConnectionHandler::AcceptorControlCb(uint8_t, uint8_t, uint16_t, const RawAddress *): Connection Opened Event
06-10 20:01:56.670 4776 4804 I bt_stack: [INFO:connection_handler.cc(338)] void bluetooth::avrcp::ConnectionHandler::AcceptorControlCb(uint8_t, uint8_t, uint16_t, const RawAddress *): Performing SDP on connected device. address=xx:xx:xx:xx:f5:7a
06-10 20:01:56.670 4776 4804 I bt_stack: [INFO:connection_handler.cc(176)] virtual bool bluetooth::avrcp::ConnectionHandler::SdpLookup(const RawAddress &, SdpCallback, bool)
06-10 20:01:56.670 4776 4804 I bt_stack: [INFO:connection_handler.cc(200)] Connect to device ff:ff:ff:ff:ff:ff
06-10 20:01:56.670 4776 4804 I bt_stack: [INFO:connection_handler.cc(222)] virtual bool bluetooth::avrcp::ConnectionHandler::AvrcpConnect(bool, const RawAddress &): handle=0x01 status= 000000
06-10 20:01:56.678 4776 4804 I l2c_csm : packages/modules/Bluetooth/system/stack/l2cap/l2c_csm.cc:338 l2c_csm_closed: Check security for psm 0x001b, status 0
06-10 20:01:56.692 4776 4804 I bt_stack: [INFO:connection_handler.cc(320)] void bluetooth::avrcp::ConnectionHandler::AcceptorControlCb(uint8_t, uint8_t, uint16_t, const RawAddress *): handle=0000 result=000000 addr=xx:xx:xx:xx:f5:7a
06-10 20:01:56.692 4776 4804 I bt_stack: [INFO:connection_handler.cc(384)] void bluetooth::avrcp::ConnectionHandler::AcceptorControlCb(uint8_t, uint8_t, uint16_t, const RawAddress *): Browse Open Event
06-10 20:01:56.692 4776 4804 I bt_stack: [INFO:device.cc(76)] xx:xx:xx:xx:f5:7a : void bluetooth::avrcp::Device::SetBrowseMtu(uint16_t): browse_mtu = 669
06-10 20:01:56.705 4776 4823 D AvrcpTargetJni: getCurrentPlayerId
06-10 20:01:56.705 4776 4823 D AvrcpTargetJni: getMediaPlayerList
06-10 20:01:56.722 4776 4804 I bt_stack: [INFO:connection_handler.cc(452)] void bluetooth::avrcp::ConnectionHandler::SdpCb(RawAddress, SdpCallback, tSDP_DISCOVERY_DB *, bool, uint16_t): Device xx:xx:xx:xx:f5:7a supports remote control
06-10 20:01:56.722 4776 4804 I bluetooth: packages/modules/Bluetooth/system/stack/avrc/avrc_api.cc:1447 AVRC_SaveControllerVersion: AVRC controller version same as cached config
06-10 20:01:56.724 4776 4823 D AvrcpTargetJni: getPlayerSettings
06-10 20:01:56.724 4776 4823 D AvrcpTargetJni: getPlayerSettingsResponseNative
06-10 20:01:56.727 4776 4823 D AvrcpTargetJni: getCurrentPlayerId
06-10 20:01:56.727 4776 4823 D AvrcpTargetJni: getMediaPlayerList
06-10 20:01:56.733 4776 4823 D AvrcpTargetJni: volumeDeviceConnected
06-10 20:01:56.733 4776 4823 I AvrcpTargetService: deviceConnected: device=XX:XX:XX:XX:F5:7A absoluteVolume=true
06-10 20:01:56.733 4776 4823 D AvrcpVolumeManager: deviceConnected: device=XX:XX:XX:XX:F5:7A absoluteVolume=true
06-10 20:01:56.734 4776 4823 D AvrcpVolumeManager: switchVolumeDevice: Set Absolute volume support to true
06-10 20:01:56.735 740 4192 I AudioService: setDeviceVolumeBehavior: dev:bt_a2dp addr:A4:39:B3:64:F5:7A behavior:DEVICE_VOLUME_BEHAVIOR_ABSOLUTE pack:com.android.bluetooth
06-10 20:01:56.735 740 4192 I AudioService: avrcpSupportsAbsoluteVolume addr=A4:39:B3:64:F5:7A support=true
06-10 20:01:56.735 740 4192 I AS.BtHelper: setAvrcpAbsoluteVolumeSupported supported=true
06-10 20:01:56.735 4776 4823 D AvrcpVolumeManager: getVolume: Returning volume 3
06-10 20:01:56.736 4776 4823 D AvrcpVolumeManager: switchVolumeDevice: savedVolume=3
06-10 20:01:56.736 4776 4823 D AvrcpVolumeManager: switchVolumeDevice: Updating device volume: avrcpVolume=20
06-10 20:01:56.737 4776 4823 D AvrcpTargetJni: sendVolumeChangedNative
06-10 20:01:56.737 4776 4804 W bt_stack: [WARNING:device.cc(612)] xx:xx:xx:xx:f5:7a : SetVolume: Ignoring volume change same as current volume level
06-10 20:01:56.738 4776 4823 D AvrcpTargetJni: getCurrentPlayStatus
06-10 20:01:56.759 4776 4823 D AvrcpTargetJni: setBrowsedPlayer
06-10 20:01:56.760 4776 4823 D AvrcpTargetJni: setBrowsedPlayerResponseNative
06-10 20:01:56.766 4776 4823 D AvrcpTargetJni: getCurrentMediaId
06-10 20:01:56.767 4776 4823 D AvrcpTargetJni: getNowPlayingList
06-10 20:01:56.767 4776 4804 E bt_stack: [ERROR:device.cc(680)] xx:xx:xx:xx:f5:7a : No match for media ID found
06-10 20:01:56.778 4776 4823 D AvrcpTargetJni: getCurrentPlayStatus
06-10 20:01:56.803 4776 4823 D AvrcpTargetJni: getCurrentPlayStatus
06-10 20:01:56.808 740 740 I ResourceTimer: GetResourceValue count=4449 pvalues=5000,29000,32000,58000
06-10 20:01:56.809 740 740 I ResourceTimer: RetrieveAttributes count=412 pvalues=4000,22000,30000,62000
06-10 20:01:56.814 4776 4823 D AvrcpTargetJni: getCurrentPlayStatus
06-10 20:01:56.893 330 4749 D MesonDisplay: read /sys/class/amhdmitx/amhdmitx0/hdcp_lstore, result length:0, val:
06-10 20:01:57.894 330 4749 D MesonDisplay: read /sys/class/amhdmitx/amhdmitx0/hdcp_lstore, result length:0, val:
06-10 20:01:58.347 523 697 D audio_hw_hal_ms12common: func:ms12_timer_callback_handler sigv:0 ~~~~~~~~~~
06-10 20:01:58.347 523 697 D audio_hw_hal_ms12v2: set_dolby_ms12_continuous_state audio_continuous_standby_set status 1
06-10 20:01:58.347 523 697 D audio_hw_hal_continuous_standby: audio_continuous_standby_set, type 0, params 1
06-10 20:01:58.347 523 697 D audio_hw_hal_ms12common: aml_send_ms12_scheduler_state_2_ms12 adev:0xf0f82930, sch_state:1(SCHEDULER_STANDBY)
06-10 20:01:58.580 4776 4804 W bt_btif : packages/modules/Bluetooth/system/main/bte_logmsg.cc:108 LogMsg: bta_av_open_rc: Using the new AVRCP Profile
06-10 20:01:58.580 4776 4804 I bt_stack: [INFO:avrcp_service.cc(493)] void bluetooth::avrcp::AvrcpService::ConnectDevice(const RawAddress &): address=xx:xx:xx:xx:f5:7a
06-10 20:01:58.580 4776 4804 I bt_stack: [INFO:connection_handler.cc(113)] Attempting to connect to device xx:xx:xx:xx:f5:7a
06-10 20:01:58.580 4776 4804 W bt_stack: [WARNING:connection_handler.cc(118)] Already connected to device with address xx:xx:xx:xx:f5:7a
06-10 20:01:58.628 1550 4914 I dangbei ad sdk: AdSplashView::show offline ad
06-10 20:01:58.788 541 541 I WifiHAL : call wifi_get_link_stats handler
06-10 20:01:58.788 541 541 I WifiHAL : Creating message to get link statistics; iface = 16
06-10 20:01:58.789 541 541 D WifiHAL : error code -95 mapped to -3
06-10 20:01:58.789 740 916 E WifiStaIfaceAidlImpl: getLinkLayerStats failed with service-specific exception: android.os.ServiceSpecificException: (code 4)
06-10 20:01:58.863 523 698 I audio_hw_hal_alsamgr: alsa format =0x1 delay frames =768 total frames=14351360
06-10 20:01:58.894 330 4749 D MesonDisplay: read /sys/class/amhdmitx/amhdmitx0/hdcp_lstore, result length:0, val:
06-10 20:01:59.574 4776 4833 I bt_stack: [INFO:le_scanning_manager.cc(168)] Scan in shim layer stopped
06-10 20:01:59.574 4776 4810 I bluetooth: packages/modules/Bluetooth/system/gd/hci/le_address_manager.cc:193 unregister_client: Client unregistered
06-10 20:01:59.575 4776 4833 I bt_stack: [INFO:le_scanning_manager.cc(346)] SetScanParameters in shim layer
06-10 20:01:59.575 4776 4833 I bt_stack: [INFO:le_scanning_manager.cc(168)] Scan in shim layer started
06-10 20:01:59.575 4776 4810 I bluetooth: packages/modules/Bluetooth/system/gd/hci/le_scanning_manager.cc:588 stop_scan: Scanning already stopped, return!
06-10 20:01:59.575 4776 4810 I bluetooth: packages/modules/Bluetooth/system/gd/hci/le_address_manager.cc:178 register_client: Client registered
06-10 20:01:59.894 330 4749 D MesonDisplay: read /sys/class/amhdmitx/amhdmitx0/hdcp_lstore, result length:0, val:
06-10 20:02:00.895 330 4749 D MesonDisplay: read /sys/class/amhdmitx/amhdmitx0/hdcp_lstore, result length:0, val:
06-10 20:02:01.092 4776 4776 I BluetoothPhonePolicy: processConnectOtherProfiles, device=XX:XX:XX:XX:F5:7A
06-10 20:02:01.092 4776 4776 W LeAudioService: getLeAudioService(): service is NULL
06-10 20:02:01.092 4776 4776 W CsipSetCoordinatorService: getCsipSetCoordinatorService(): service is NULL
06-10 20:02:01.093 4776 4776 W LeAudioService: getLeAudioService(): service is NULL
06-10 20:02:01.093 4776 4776 W CsipSetCoordinatorService: getCsipSetCoordinatorService(): service is NULL
06-10 20:02:01.093 4776 4776 W VolumeControlService: getVolumeControlService(): service is NULL
06-10 20:02:01.093 4776 4776 W BatteryService: getBatteryService(): service is NULL
06-10 20:02:01.093 4776 4776 W BassClientService: getBassClientService(): service is NULL
06-10 20:02:01.093 4776 4776 V BluetoothDatabase: getProfileConnectionPolicy: device XX:XX:XX:XX:F5:7A profile=HEADSET, connectionPolicy=-1
06-10 20:02:01.093 4776 4776 V BluetoothDatabase: getProfileConnectionPolicy: device XX:XX:XX:XX:F5:7A profile=A2DP, connectionPolicy=100
06-10 20:02:01.093 4776 4776 V BluetoothDatabase: getProfileConnectionPolicy: device XX:XX:XX:XX:F5:7A profile=PAN, connectionPolicy=-1
06-10 20:02:01.093 4776 4776 V BluetoothDatabase: getProfileConnectionPolicy: device XX:XX:XX:XX:F5:7A profile=HID_HOST, connectionPolicy=-1
06-10 20:02:01.792 541 541 I WifiHAL : call wifi_get_link_stats handler
06-10 20:02:01.792 541 541 I WifiHAL : Creating message to get link statistics; iface = 16
06-10 20:02:01.793 541 541 D WifiHAL : error code -95 mapped to -3
06-10 20:02:01.793 740 916 E WifiStaIfaceAidlImpl: getLinkLayerStats failed with service-specific exception: android.os.ServiceSpecificException: (code 4)
06-10 20:02:01.895 330 4749 D MesonDisplay: read /sys/class/amhdmitx/amhdmitx0/hdcp_lstore, result length:0, val:
06-10 20:02:02.014 3060 3061 D uninstall: isAllowStart last_delay 0, current_time 1749556922
06-10 20:02:02.014 3060 3061 I uninstall: enable_service com.ktcp.video/com.tencent.qqlivetv.keeplive.proc.DaemonService com.ktcp.video/(null)
06-10 20:02:02.015 3060 3061 D uninstall: enable_service waitpid
06-10 20:02:02.015 4928 4928 D uninstall: enable_service pid == 0
06-10 20:02:02.015 4928 4928 D uninstall: enable_service version >= 17 || version == 0 version == 34
06-10 20:02:02.064 3060 3061 I uninstall: watchdaemon process_name = com.ktcp.video:daemon has gone, start it
06-10 20:02:02.065 3060 3061 D uninstall: watchdaemon waitpid
06-10 20:02:02.065 4932 4932 D uninstall: watchdaemon pid == 0
06-10 20:02:02.065 4932 4932 D uninstall: watchdaemon version >= 17 || version == 0 version == 34
06-10 20:02:02.080 4776 4804 I bt_btm_pm: packages/modules/Bluetooth/system/stack/acl/btm_pm.cc:269 BTM_SetPowerMode: Setting power mode for peer:xx:xx:xx:xx:f5:7a current_mode:immediate:active[0] new_mode:forced:sniff[2]
06-10 20:02:02.080 4776 4804 I bt_btm_pm: packages/modules/Bluetooth/system/stack/acl/btm_pm.cc:570 btm_pm_snd_md_req: Switching from immediate:active[0x00] to immediate:sniff[0x02]
06-10 20:02:02.083 4776 4804 I bt_btm_pm: packages/modules/Bluetooth/system/stack/acl/btm_pm.cc:684 btm_pm_proc_cmd_status: Clearing pending power mode link state:immediate:pending
06-10 20:02:02.083 4776 4804 E bluetooth: packages/modules/Bluetooth/system/bta/dm/bta_dm_pm.cc:1087 bta_dm_pm_btm_status: Received unknown power mode status event:5
06-10 20:02:02.089 4776 4804 I bt_btm_pm: packages/modules/Bluetooth/system/stack/acl/btm_pm.cc:724 btm_pm_proc_mode_change: Power mode switched from immediate:pending[5] to immediate:sniff[2]
06-10 20:02:02.454 3735 4003 D TrafficStats: tagSocket(128) with statsTag=0xffffffff, statsUid=-1
06-10 20:02:02.895 330 4749 D MesonDisplay: read /sys/class/amhdmitx/amhdmitx0/hdcp_lstore, result length:0, val:
06-10 20:02:02.896 330 4749 D MesonDisplay: read /sys/class/amhdmitx/amhdmitx0/hdcp_lstore, result length:0, val:
06-10 20:02:02.896 330 4749 I MesonDisplay: [/HDCPTxAuth.cpp, authInit, 223] hdcp_tx key:
06-10 20:02:02.981 320 4801 I keystore2: system/security/keystore2/src/watchdog.rs:319 - Watchdog thread idle -> terminating. Have a great day.
06-10 20:02:03.397 4776 4776 D AvrcpBrowsablePlayerConnector: Received a message: msg.what=2
06-10 20:02:03.397 4776 4776 V AvrcpBrowsablePlayerConnector: Timed out waiting for players
06-10 20:02:03.397 4776 4776 I AvrcpBrowsablePlayerConnector: Successfully connected to 0 browsable players.
06-10 20:02:03.397 4776 4776 I MediaPlayerList: init: Browsable Player list size is 0
06-10 20:02:03.399 4776 4776 I MediaPlayerList: Set active player to first default
06-10 20:02:03.402 4776 4776 D MediaPlayerList: setActivePlayer(): setting player to com.xiaodianshi.tv.yst
06-10 20:02:03.403 740 4192 I MediaSessionService: tempAllowlistTargetPkgIfPossible callingPackage:com.android.bluetooth targetPackage:com.xiaodianshi.tv.yst reason:MediaSessionRecord:android.support.v4.media.session.command.GET_EXTRA_BINDER [WIU] [FGS]
06-10 20:02:03.405 740 4192 D OomAdjuster: Not killing cached processes
06-10 20:02:03.406 740 4192 W ProcessStats: Tracking association SourceState{177183f com.ktcp.video:daemon/10078 Fgs #784} whose proc state 3 is better than process ProcessState{b77e520 com.ktcp.video/10078 pkg=com.ktcp.video} proc state 10 (19 skipped)
06-10 20:02:03.410 4776 4776 I MediaPlayerList: sendMediaUpdate: Creating a one item queue for a player with no queue
06-10 20:02:03.410 4776 4776 D MediaPlayerList: sendMediaUpdate state=null
06-10 20:02:03.410 4776 4776 D AvrcpTargetJni: sendMediaUpdateNative
06-10 20:02:03.410 4776 4776 I bt_stack: [INFO:avrcp_service.cc(515)] virtual void bluetooth::avrcp::AvrcpService::SendMediaUpdate(bool, bool, bool) track_changed=1 : play_state=0 : queue=1
06-10 20:02:03.410 4776 4804 W bt_stack: [WARNING:device.cc(1697)] Device is not registered for now playing updates
06-10 20:02:03.410 4776 4776 W AudioMediaPlayerWrapper: The session was destroyed com.xiaodianshi.tv.yst
06-10 20:02:03.410 4776 4823 D AvrcpTargetJni: getCurrentMediaId
06-10 20:02:03.410 4776 4776 D MediaPlayerList: sessionUpdatedCallback(): packageName: com.xiaodianshi.tv.yst
06-10 20:02:03.411 4776 4776 D MediaPlayerList: sendMediaUpdate state=null
06-10 20:02:03.411 4776 4776 D AvrcpTargetJni: sendMediaUpdateNative
06-10 20:02:03.411 4776 4776 I bt_stack: [INFO:avrcp_service.cc(515)] virtual void bluetooth::avrcp::AvrcpService::SendMediaUpdate(bool, bool, bool) track_changed=1 : play_state=0 : queue=1
06-10 20:02:03.411 4776 4823 D AvrcpTargetJni: getNowPlayingList
06-10 20:02:03.411 4776 4804 W bt_stack: [WARNING:device.cc(1697)] Device is not registered for now playing updates
06-10 20:02:03.411 4776 4823 D AvrcpTargetJni: getCurrentMediaId
06-10 20:02:03.411 4776 4823 D AvrcpTargetJni: getNowPlayingList
06-10 20:02:03.411 4776 4804 E bt_stack: [ERROR:device.cc(680)] xx:xx:xx:xx:f5:7a : No match for media ID found
06-10 20:02:03.411 4776 4804 I bt_stack: [INFO:device.cc(639)] xx:xx:xx:xx:f5:7a : TrackChangedNotificationResponse: Device not registered for update
06-10 20:02:03.487 4776 4823 I bt_btif_dm: packages/modules/Bluetooth/system/btif/src/btif_dm.cc:691 btif_update_remote_properties: cod from storage is also unclassified
06-10 20:02:03.510 4776 4823 D AvrcpTargetJni: getCurrentMediaId
06-10 20:02:03.511 4776 4823 D AvrcpTargetJni: getNowPlayingList
06-10 20:02:03.511 4776 4804 E bt_stack: [ERROR:device.cc(680)] xx:xx:xx:xx:f5:7a : No match for media ID found
06-10 20:02:03.579 740 873 D ActivityManager: freezing 1557 com.android.music
06-10 20:02:03.647 740 873 D ActivityManager: freezing 1568 com.xiaodianshi.tv.yst
06-10 20:02:03.757 4776 4804 I bt_btm_pm: packages/modules/Bluetooth/system/stack/acl/btm_pm.cc:724 btm_pm_proc_mode_change: Power mode switched from immediate:sniff[2] to immediate:active[0]
06-10 20:02:04.080 1513 3478 D WanClient: onClose:1006 The connection was closed because the other endpoint did not respond with a pong in time. For more information check: https://github.com/TooTallNate/Java-WebSocket/wiki/Lost-connection-detection false
06-10 20:02:04.796 541 541 I WifiHAL : call wifi_get_link_stats handler
06-10 20:02:04.796 541 541 I WifiHAL : Creating message to get link statistics; iface = 16
06-10 20:02:04.796 541 541 D WifiHAL : error code -95 mapped to -3
06-10 20:02:04.797 740 916 E WifiStaIfaceAidlImpl: getLinkLayerStats failed with service-specific exception: android.os.ServiceSpecificException: (code 4)
06-10 20:02:07.800 541 541 I WifiHAL : call wifi_get_link_stats handler
06-10 20:02:07.800 541 541 I WifiHAL : Creating message to get link statistics; iface = 16
06-10 20:02:07.801 541 541 D WifiHAL : error code -95 mapped to -3
06-10 20:02:07.801 740 916 E WifiStaIfaceAidlImpl: getLinkLayerStats failed with service-specific exception: android.os.ServiceSpecificException: (code 4)
06-10 20:02:09.512 740 815 I ActivityManager: Waited long enough for: ServiceRecord{35d7366 u0 com.xiaodianshi.tv.yst/com.bilibili.lib.neuron.internal.NeuronRemoteService}
06-10 20:02:10.216 1424 1424 I UsbFfs-monitor: type=1400 audit(0.0:2011): avc: denied { use } for path="anon_inode:[eventfd]" dev="anon_inodefs" ino=10204 scontext=u:r:su:s0 tcontext=u:r:adbd:s0 tclass=fd permissive=1
06-10 20:02:10.244 1424 1424 I /apex/com.android.adbd/bin/adbd: type=1400 audit(0.0:2012): avc: denied { search } for comm=75736220666673206F70656E name="/" dev="functionfs" ino=25677 scontext=u:r:su:s0 tcontext=u:object_r:functionfs:s0 tclass=dir permissive=1
06-10 20:02:10.757 4776 4804 I bt_btm_pm: packages/modules/Bluetooth/system/stack/acl/btm_pm.cc:269 BTM_SetPowerMode: Setting power mode for peer:xx:xx:xx:xx:f5:7a current_mode:immediate:active[0] new_mode:forced:sniff[2]
06-10 20:02:10.757 4776 4804 I bt_btm_pm: packages/modules/Bluetooth/system/stack/acl/btm_pm.cc:570 btm_pm_snd_md_req: Switching from immediate:active[0x00] to immediate:sniff[0x02]
06-10 20:02:10.760 4776 4804 I bt_btm_pm: packages/modules/Bluetooth/system/stack/acl/btm_pm.cc:684 btm_pm_proc_cmd_status: Clearing pending power mode link state:immediate:pending
06-10 20:02:10.760 4776 4804 E bluetooth: packages/modules/Bluetooth/system/bta/dm/bta_dm_pm.cc:1087 bta_dm_pm_btm_status: Received unknown power mode status event:5
06-10 20:02:10.774 4776 4804 I bt_btm_pm: packages/modules/Bluetooth/system/stack/acl/btm_pm.cc:724 btm_pm_proc_mode_change: Power mode switched from immediate:pending[5] to immediate:sniff[2]
06-10 20:02:10.808 541 541 I WifiHAL : call wifi_get_link_stats handler
06-10 20:02:10.808 541 541 I WifiHAL : Creating message to get link statistics; iface = 16
06-10 20:02:10.808 541 541 D WifiHAL : error code -95 mapped to -3
06-10 20:02:10.809 740 916 E WifiStaIfaceAidlImpl: getLinkLayerStats failed with service-specific exception: android.os.ServiceSpecificException: (code 4)
06-10 20:02:12.137 3060 3061 D uninstall: isAllowStart last_delay 0, current_time 1749556932
06-10 20:02:12.137 3060 3061 I uninstall: enable_service com.ktcp.video/com.tencent.qqlivetv.keeplive.proc.DaemonService com.ktcp.video/(null)
06-10 20:02:12.138 3060 3061 D uninstall: enable_service waitpid
06-10 20:02:12.138 4948 4948 D uninstall: enable_service pid == 0
06-10 20:02:12.138 4948 4948 D uninstall: enable_service version >= 17 || version == 0 version == 34
06-10 20:02:12.185 3060 3061 I uninstall: watchdaemon process_name = com.ktcp.video:daemon has gone, start it
06-10 20:02:12.186 3060 3061 D uninstall: watchdaemon waitpid
06-10 20:02:12.186 4952 4952 D uninstall: watchdaemon pid == 0
06-10 20:02:12.186 4952 4952 D uninstall: watchdaemon version >= 17 || version == 0 version == 34
06-10 20:02:12.361 4776 4786 W System : A resource failed to call close.
06-10 20:02:12.763 1550 1550 E CrashHandler: clear CrashInfo
06-10 20:02:12.763 1550 1550 I FrameWorkHelper: setLastCrashInfo:
06-10 20:02:13.408 740 860 D OomAdjuster: Not killing cached processes
06-10 20:02:13.409 740 860 W ProcessStats: Tracking association SourceState{177183f com.ktcp.video:daemon/10078 Fgs #785} whose proc state 3 is better than process ProcessState{b77e520 com.ktcp.video/10078 pkg=com.ktcp.video} proc state 10 (0 skipped)
06-10 20:02:13.814 541 541 I WifiHAL : call wifi_get_link_stats handler
06-10 20:02:13.814 541 541 I WifiHAL : Creating message to get link statistics; iface = 16
06-10 20:02:13.815 541 541 D WifiHAL : error code -95 mapped to -3
06-10 20:02:13.815 740 916 E WifiStaIfaceAidlImpl: getLinkLayerStats failed with service-specific exception: android.os.ServiceSpecificException: (code 4)
06-10 20:02:16.127 1828 4865 D XM_HIDREAD: poll ret=1, event=1
06-10 20:02:16.127 1828 4865 D XM_HIDREAD: [9 bytes]:01 00 00 3F 00 00 00 00 00
06-10 20:02:16.129 2089 2089 I SogouIME: onKeyDown: keyoCode=319
06-10 20:02:16.129 2089 2089 I DefaultIMS: onKeyDown: keyoCode=319
06-10 20:02:16.131 1550 1550 E SecondScreen: FirstScreenLayoutView dispatchKeyEvent 319
06-10 20:02:16.262 1828 4865 D XM_HIDREAD: poll ret=1, event=1
06-10 20:02:16.262 1828 4865 D XM_HIDREAD: [9 bytes]:01 00 00 00 00 00 00 00 00
06-10 20:02:16.264 740 885 W ContextImpl: Calling a method in the system process without a qualified user: android.app.ContextImpl.sendBroadcast:1220 com.android.server.policy.PhoneWindowManager.interceptSystemKeysAndShortcuts:3687 com.android.server.policy.PhoneWindowManager.interceptKeyBeforeDispatching:3212 com.android.server.wm.InputManagerCallback.interceptKeyBeforeDispatching:183 com.android.server.input.InputManagerService.interceptKeyBeforeDispatching:2507
06-10 20:02:16.265 1550 1550 E hq : HomeKeyReceiver:::onReceive com.dangbei.specialkey
06-10 20:02:16.265 2089 2089 I SogouIME: onKeyUp: keyoCode=319
06-10 20:02:16.265 2089 2089 I DefaultIMS: onKeyUp: keyoCode=319
06-10 20:02:16.266 1550 1550 E SecondScreen: FirstScreenLayoutView dispatchKeyEvent 319
06-10 20:02:16.304 1513 1513 D CompatibilityChangeReporter: Compat change id reported: 237531167; UID 1000; state: DISABLED
06-10 20:02:16.305 740 1135 W WindowManager: [addWindow] title:
06-10 20:02:16.308 740 1135 D CompatibilityChangeReporter: Compat change id reported: 168419799; UID 1000; state: DISABLED
06-10 20:02:16.308 740 1135 D CompatibilityChangeReporter: Compat change id reported: 273564678; UID 1000; state: DISABLED
06-10 20:02:16.323 1513 1513 E ccc : cccccc LifecycleFrameLayout onAttachedToWindow com.dangbei.etna.setting.ui.side.view.SideLayout{cd734ad V.E...... ......I. 0,0-0,0}
06-10 20:02:16.327 740 1135 D CoreBackPreview: Window{5694ae9 u0 com.dangbei.lerad.etna.haqu}: Setting back callback OnBackInvokedCallbackInfo{mCallback=android.window.IOnBackInvokedCallback$Stub$Proxy@13e3a9c, mPriority=0, mIsAnimationCallback=false}
06-10 20:02:16.354 1513 1513 I DMABUFHEAPS: Using : Non-legacy ION heaps
06-10 20:02:16.354 1513 1513 I DMABUFHEAPS: Using DMA-BUF heap named: heap-gfx
06-10 20:02:16.354 1513 1513 I DMABUFHEAPS: Using DMA-BUF heap named: heap-fb
06-10 20:02:16.354 1513 1513 I DMABUFHEAPS: Using DMA-BUF heap named: heap-cached-codecmm
06-10 20:02:16.354 1513 1513 I DMABUFHEAPS: Using DMA-BUF heap named: heap-secure
06-10 20:02:16.354 1513 1513 I DMABUFHEAPS: Using DMA-BUF heap named: heap-codecmm
