06-10 20:03:25.856 5257 5257 I a2dp_codec: packages/modules/Bluetooth/system/stack/a2dp/a2dp_codec_config.cc:642 init: init: updated aptX-HD codec priority to 4001
06-10 20:03:25.856 5257 5257 I a2dp_codec: packages/modules/Bluetooth/system/stack/a2dp/a2dp_codec_config.cc:116 createCodec: LDAC
06-10 20:03:25.856 5257 5257 I a2dp_codec: packages/modules/Bluetooth/system/stack/a2dp/a2dp_codec_config.cc:642 init: init: updated LDAC codec priority to 5001
06-10 20:03:25.856 5257 5257 I a2dp_codec: packages/modules/Bluetooth/system/stack/a2dp/a2dp_codec_config.cc:116 createCodec: LC3 not implemented
06-10 20:03:25.856 5257 5257 I a2dp_codec: packages/modules/Bluetooth/system/stack/a2dp/a2dp_codec_config.cc:633 init: init: OPUS codec disabled, updated priority to -1
06-10 20:03:25.856 5257 5257 I a2dp_codec: packages/modules/Bluetooth/system/stack/a2dp/a2dp_codec_config.cc:116 createCodec: Opus
06-10 20:03:25.856 5257 5257 I a2dp_codec: packages/modules/Bluetooth/system/stack/a2dp/a2dp_codec_config.cc:642 init: init: updated Opus codec priority to -1
06-10 20:03:25.856 5257 5257 I a2dp_codec: packages/modules/Bluetooth/system/stack/a2dp/a2dp_codec_config.cc:116 createCodec: SBC SINK
06-10 20:03:25.856 5257 5257 I a2dp_codec: packages/modules/Bluetooth/system/stack/a2dp/a2dp_codec_config.cc:116 createCodec: AAC SINK
06-10 20:03:25.856 5257 5257 I a2dp_codec: packages/modules/Bluetooth/system/stack/a2dp/a2dp_codec_config.cc:116 createCodec: LDAC SINK
06-10 20:03:25.856 5257 5257 I a2dp_vendor_ldac_decoder: packages/modules/Bluetooth/system/stack/a2dp/a2dp_vendor_ldac_decoder.cc:130 A2DP_VendorLoadDecoderLdac: A2DP_VendorLoadDecoderLdac: cannot open LDAC decoder library libldacBT_bco.so: dlopen failed: library "libldacBT_bco.so" not found
06-10 20:03:25.856 5257 5257 E a2dp_vendor_ldac: packages/modules/Bluetooth/system/stack/a2dp/a2dp_vendor_ldac.cc:1422 init: init: cannot load the decoder
06-10 20:03:25.856 5257 5257 I a2dp_codec: packages/modules/Bluetooth/system/stack/a2dp/a2dp_codec_config.cc:116 createCodec: Opus SINK
06-10 20:03:25.856 5257 5257 I a2dp_codec: packages/modules/Bluetooth/system/stack/a2dp/a2dp_codec_config.cc:667 init: init: initialized Source codec LDAC
06-10 20:03:25.856 5257 5257 I a2dp_codec: packages/modules/Bluetooth/system/stack/a2dp/a2dp_codec_config.cc:667 init: init: initialized Source codec aptX-HD
06-10 20:03:25.856 5257 5257 I a2dp_codec: packages/modules/Bluetooth/system/stack/a2dp/a2dp_codec_config.cc:667 init: init: initialized Source codec aptX
06-10 20:03:25.856 5257 5257 I a2dp_codec: packages/modules/Bluetooth/system/stack/a2dp/a2dp_codec_config.cc:667 init: init: initialized Source codec AAC
06-10 20:03:25.856 5257 5257 I a2dp_codec: packages/modules/Bluetooth/system/stack/a2dp/a2dp_codec_config.cc:667 init: init: initialized Source codec SBC
06-10 20:03:25.856 5257 5257 I a2dp_codec: packages/modules/Bluetooth/system/stack/a2dp/a2dp_codec_config.cc:674 init: init: initialized Sink codec Opus SINK
06-10 20:03:25.856 5257 5257 I a2dp_codec: packages/modules/Bluetooth/system/stack/a2dp/a2dp_codec_config.cc:674 init: init: initialized Sink codec AAC SINK
06-10 20:03:25.856 5257 5257 I a2dp_codec: packages/modules/Bluetooth/system/stack/a2dp/a2dp_codec_config.cc:674 init: init: initialized Sink codec SBC SINK
06-10 20:03:25.856 5257 5257 I a2dp_codec: packages/modules/Bluetooth/system/stack/a2dp/a2dp_codec_config.cc:601 init: init
06-10 20:03:25.856 5257 5257 I a2dp_codec: packages/modules/Bluetooth/system/stack/a2dp/a2dp_codec_config.cc:116 createCodec: SBC
06-10 20:03:25.856 5257 5257 I a2dp_codec: packages/modules/Bluetooth/system/stack/a2dp/a2dp_codec_config.cc:642 init: init: updated SBC codec priority to 1001
06-10 20:03:25.856 5257 5257 I a2dp_codec: packages/modules/Bluetooth/system/stack/a2dp/a2dp_codec_config.cc:116 createCodec: AAC
06-10 20:03:25.856 5257 5257 I a2dp_codec: packages/modules/Bluetooth/system/stack/a2dp/a2dp_codec_config.cc:642 init: init: updated AAC codec priority to 2001
06-10 20:03:25.856 5257 5257 I a2dp_codec: packages/modules/Bluetooth/system/stack/a2dp/a2dp_codec_config.cc:116 createCodec: aptX
06-10 20:03:25.856 5257 5257 I a2dp_codec: packages/modules/Bluetooth/system/stack/a2dp/a2dp_codec_config.cc:642 init: init: updated aptX codec priority to 3001
06-10 20:03:25.856 5257 5257 I a2dp_codec: packages/modules/Bluetooth/system/stack/a2dp/a2dp_codec_config.cc:116 createCodec: aptX-HD
06-10 20:03:25.856 5257 5257 I a2dp_codec: packages/modules/Bluetooth/system/stack/a2dp/a2dp_codec_config.cc:642 init: init: updated aptX-HD codec priority to 4001
06-10 20:03:25.856 5257 5257 I a2dp_codec: packages/modules/Bluetooth/system/stack/a2dp/a2dp_codec_config.cc:116 createCodec: LDAC
06-10 20:03:25.856 5257 5257 I a2dp_codec: packages/modules/Bluetooth/system/stack/a2dp/a2dp_codec_config.cc:642 init: init: updated LDAC codec priority to 5001
06-10 20:03:25.856 5257 5257 I a2dp_codec: packages/modules/Bluetooth/system/stack/a2dp/a2dp_codec_config.cc:116 createCodec: LC3 not implemented
06-10 20:03:25.856 5257 5257 I a2dp_codec: packages/modules/Bluetooth/system/stack/a2dp/a2dp_codec_config.cc:633 init: init: OPUS codec disabled, updated priority to -1
06-10 20:03:25.856 5257 5257 I a2dp_codec: packages/modules/Bluetooth/system/stack/a2dp/a2dp_codec_config.cc:116 createCodec: Opus
06-10 20:03:25.856 5257 5257 I a2dp_codec: packages/modules/Bluetooth/system/stack/a2dp/a2dp_codec_config.cc:642 init: init: updated Opus codec priority to -1
06-10 20:03:25.856 5257 5257 I a2dp_codec: packages/modules/Bluetooth/system/stack/a2dp/a2dp_codec_config.cc:116 createCodec: SBC SINK
06-10 20:03:25.856 5257 5257 I a2dp_codec: packages/modules/Bluetooth/system/stack/a2dp/a2dp_codec_config.cc:116 createCodec: AAC SINK
06-10 20:03:25.856 5257 5257 I a2dp_codec: packages/modules/Bluetooth/system/stack/a2dp/a2dp_codec_config.cc:116 createCodec: LDAC SINK
06-10 20:03:25.857 5257 5257 I a2dp_vendor_ldac_decoder: packages/modules/Bluetooth/system/stack/a2dp/a2dp_vendor_ldac_decoder.cc:130 A2DP_VendorLoadDecoderLdac: A2DP_VendorLoadDecoderLdac: cannot open LDAC decoder library libldacBT_bco.so: dlopen failed: library "libldacBT_bco.so" not found
06-10 20:03:25.857 5257 5257 E a2dp_vendor_ldac: packages/modules/Bluetooth/system/stack/a2dp/a2dp_vendor_ldac.cc:1422 init: init: cannot load the decoder
06-10 20:03:25.857 5257 5257 I a2dp_codec: packages/modules/Bluetooth/system/stack/a2dp/a2dp_codec_config.cc:116 createCodec: Opus SINK
06-10 20:03:25.857 5257 5257 I a2dp_codec: packages/modules/Bluetooth/system/stack/a2dp/a2dp_codec_config.cc:667 init: init: initialized Source codec LDAC
06-10 20:03:25.857 5257 5257 I a2dp_codec: packages/modules/Bluetooth/system/stack/a2dp/a2dp_codec_config.cc:667 init: init: initialized Source codec aptX-HD
06-10 20:03:25.857 5257 5257 I a2dp_codec: packages/modules/Bluetooth/system/stack/a2dp/a2dp_codec_config.cc:667 init: init: initialized Source codec aptX
06-10 20:03:25.857 5257 5257 I a2dp_codec: packages/modules/Bluetooth/system/stack/a2dp/a2dp_codec_config.cc:667 init: init: initialized Source codec AAC
06-10 20:03:25.857 5257 5257 I a2dp_codec: packages/modules/Bluetooth/system/stack/a2dp/a2dp_codec_config.cc:667 init: init: initialized Source codec SBC
06-10 20:03:25.857 5257 5257 I a2dp_codec: packages/modules/Bluetooth/system/stack/a2dp/a2dp_codec_config.cc:674 init: init: initialized Sink codec Opus SINK
06-10 20:03:25.857 5257 5257 I a2dp_codec: packages/modules/Bluetooth/system/stack/a2dp/a2dp_codec_config.cc:674 init: init: initialized Sink codec AAC SINK
06-10 20:03:25.857 5257 5257 I a2dp_codec: packages/modules/Bluetooth/system/stack/a2dp/a2dp_codec_config.cc:674 init: init: initialized Sink codec SBC SINK
06-10 20:03:25.857 5257 5257 I a2dp_codec: packages/modules/Bluetooth/system/stack/a2dp/a2dp_codec_config.cc:601 init: init
06-10 20:03:25.857 5257 5257 I a2dp_codec: packages/modules/Bluetooth/system/stack/a2dp/a2dp_codec_config.cc:116 createCodec: SBC
06-10 20:03:25.857 5257 5257 I a2dp_codec: packages/modules/Bluetooth/system/stack/a2dp/a2dp_codec_config.cc:642 init: init: updated SBC codec priority to 1001
06-10 20:03:25.857 5257 5257 I a2dp_codec: packages/modules/Bluetooth/system/stack/a2dp/a2dp_codec_config.cc:116 createCodec: AAC
06-10 20:03:25.857 5257 5257 I a2dp_codec: packages/modules/Bluetooth/system/stack/a2dp/a2dp_codec_config.cc:642 init: init: updated AAC codec priority to 2001
06-10 20:03:25.857 5257 5257 I a2dp_codec: packages/modules/Bluetooth/system/stack/a2dp/a2dp_codec_config.cc:116 createCodec: aptX
06-10 20:03:25.857 5257 5257 I a2dp_codec: packages/modules/Bluetooth/system/stack/a2dp/a2dp_codec_config.cc:642 init: init: updated aptX codec priority to 3001
06-10 20:03:25.857 5257 5257 I a2dp_codec: packages/modules/Bluetooth/system/stack/a2dp/a2dp_codec_config.cc:116 createCodec: aptX-HD
06-10 20:03:25.857 5257 5257 I a2dp_codec: packages/modules/Bluetooth/system/stack/a2dp/a2dp_codec_config.cc:642 init: init: updated aptX-HD codec priority to 4001
06-10 20:03:25.857 5257 5257 I a2dp_codec: packages/modules/Bluetooth/system/stack/a2dp/a2dp_codec_config.cc:116 createCodec: LDAC
06-10 20:03:25.857 5257 5257 I a2dp_codec: packages/modules/Bluetooth/system/stack/a2dp/a2dp_codec_config.cc:642 init: init: updated LDAC codec priority to 5001
06-10 20:03:25.857 5257 5257 I a2dp_codec: packages/modules/Bluetooth/system/stack/a2dp/a2dp_codec_config.cc:116 createCodec: LC3 not implemented
06-10 20:03:25.857 5257 5257 I a2dp_codec: packages/modules/Bluetooth/system/stack/a2dp/a2dp_codec_config.cc:633 init: init: OPUS codec disabled, updated priority to -1
06-10 20:03:25.857 5257 5257 I a2dp_codec: packages/modules/Bluetooth/system/stack/a2dp/a2dp_codec_config.cc:116 createCodec: Opus
06-10 20:03:25.857 5257 5257 I a2dp_codec: packages/modules/Bluetooth/system/stack/a2dp/a2dp_codec_config.cc:642 init: init: updated Opus codec priority to -1
06-10 20:03:25.857 5257 5257 I a2dp_codec: packages/modules/Bluetooth/system/stack/a2dp/a2dp_codec_config.cc:116 createCodec: SBC SINK
06-10 20:03:25.857 5257 5257 I a2dp_codec: packages/modules/Bluetooth/system/stack/a2dp/a2dp_codec_config.cc:116 createCodec: AAC SINK
06-10 20:03:25.857 5257 5257 I a2dp_codec: packages/modules/Bluetooth/system/stack/a2dp/a2dp_codec_config.cc:116 createCodec: LDAC SINK
06-10 20:03:25.857 5257 5257 I a2dp_vendor_ldac_decoder: packages/modules/Bluetooth/system/stack/a2dp/a2dp_vendor_ldac_decoder.cc:130 A2DP_VendorLoadDecoderLdac: A2DP_VendorLoadDecoderLdac: cannot open LDAC decoder library libldacBT_bco.so: dlopen failed: library "libldacBT_bco.so" not found
06-10 20:03:25.857 5257 5257 E a2dp_vendor_ldac: packages/modules/Bluetooth/system/stack/a2dp/a2dp_vendor_ldac.cc:1422 init: init: cannot load the decoder
06-10 20:03:25.857 5257 5257 I a2dp_codec: packages/modules/Bluetooth/system/stack/a2dp/a2dp_codec_config.cc:116 createCodec: Opus SINK
06-10 20:03:25.857 5257 5257 I a2dp_codec: packages/modules/Bluetooth/system/stack/a2dp/a2dp_codec_config.cc:667 init: init: initialized Source codec LDAC
06-10 20:03:25.857 5257 5257 I a2dp_codec: packages/modules/Bluetooth/system/stack/a2dp/a2dp_codec_config.cc:667 init: init: initialized Source codec aptX-HD
06-10 20:03:25.857 5257 5257 I a2dp_codec: packages/modules/Bluetooth/system/stack/a2dp/a2dp_codec_config.cc:667 init: init: initialized Source codec aptX
06-10 20:03:25.857 5257 5257 I a2dp_codec: packages/modules/Bluetooth/system/stack/a2dp/a2dp_codec_config.cc:667 init: init: initialized Source codec AAC
06-10 20:03:25.857 5257 5257 I a2dp_codec: packages/modules/Bluetooth/system/stack/a2dp/a2dp_codec_config.cc:667 init: init: initialized Source codec SBC
06-10 20:03:25.857 5257 5257 I a2dp_codec: packages/modules/Bluetooth/system/stack/a2dp/a2dp_codec_config.cc:674 init: init: initialized Sink codec Opus SINK
06-10 20:03:25.857 5257 5257 I a2dp_codec: packages/modules/Bluetooth/system/stack/a2dp/a2dp_codec_config.cc:674 init: init: initialized Sink codec AAC SINK
06-10 20:03:25.857 5257 5257 I a2dp_codec: packages/modules/Bluetooth/system/stack/a2dp/a2dp_codec_config.cc:674 init: init: initialized Sink codec SBC SINK
06-10 20:03:25.857 5257 5257 I a2dp_codec: packages/modules/Bluetooth/system/stack/a2dp/a2dp_codec_config.cc:601 init: init
06-10 20:03:25.857 5257 5257 I a2dp_codec: packages/modules/Bluetooth/system/stack/a2dp/a2dp_codec_config.cc:116 createCodec: SBC
06-10 20:03:25.857 5257 5257 I a2dp_codec: packages/modules/Bluetooth/system/stack/a2dp/a2dp_codec_config.cc:642 init: init: updated SBC codec priority to 1001
06-10 20:03:25.857 5257 5257 I a2dp_codec: packages/modules/Bluetooth/system/stack/a2dp/a2dp_codec_config.cc:116 createCodec: AAC
06-10 20:03:25.857 5257 5257 I a2dp_codec: packages/modules/Bluetooth/system/stack/a2dp/a2dp_codec_config.cc:642 init: init: updated AAC codec priority to 2001
06-10 20:03:25.857 5257 5257 I a2dp_codec: packages/modules/Bluetooth/system/stack/a2dp/a2dp_codec_config.cc:116 createCodec: aptX
06-10 20:03:25.857 5257 5257 I a2dp_codec: packages/modules/Bluetooth/system/stack/a2dp/a2dp_codec_config.cc:642 init: init: updated aptX codec priority to 3001
06-10 20:03:25.857 5257 5257 I a2dp_codec: packages/modules/Bluetooth/system/stack/a2dp/a2dp_codec_config.cc:116 createCodec: aptX-HD
06-10 20:03:25.857 5257 5257 I a2dp_codec: packages/modules/Bluetooth/system/stack/a2dp/a2dp_codec_config.cc:642 init: init: updated aptX-HD codec priority to 4001
06-10 20:03:25.857 5257 5257 I a2dp_codec: packages/modules/Bluetooth/system/stack/a2dp/a2dp_codec_config.cc:116 createCodec: LDAC
06-10 20:03:25.857 5257 5257 I a2dp_codec: packages/modules/Bluetooth/system/stack/a2dp/a2dp_codec_config.cc:642 init: init: updated LDAC codec priority to 5001
06-10 20:03:25.857 5257 5257 I a2dp_codec: packages/modules/Bluetooth/system/stack/a2dp/a2dp_codec_config.cc:116 createCodec: LC3 not implemented
06-10 20:03:25.857 5257 5257 I a2dp_codec: packages/modules/Bluetooth/system/stack/a2dp/a2dp_codec_config.cc:633 init: init: OPUS codec disabled, updated priority to -1
06-10 20:03:25.857 5257 5257 I a2dp_codec: packages/modules/Bluetooth/system/stack/a2dp/a2dp_codec_config.cc:116 createCodec: Opus
06-10 20:03:25.858 5257 5257 I a2dp_codec: packages/modules/Bluetooth/system/stack/a2dp/a2dp_codec_config.cc:642 init: init: updated Opus codec priority to -1
06-10 20:03:25.858 5257 5257 I a2dp_codec: packages/modules/Bluetooth/system/stack/a2dp/a2dp_codec_config.cc:116 createCodec: SBC SINK
06-10 20:03:25.858 5257 5257 I a2dp_codec: packages/modules/Bluetooth/system/stack/a2dp/a2dp_codec_config.cc:116 createCodec: AAC SINK
06-10 20:03:25.858 5257 5257 I a2dp_codec: packages/modules/Bluetooth/system/stack/a2dp/a2dp_codec_config.cc:116 createCodec: LDAC SINK
06-10 20:03:25.858 5257 5257 I a2dp_vendor_ldac_decoder: packages/modules/Bluetooth/system/stack/a2dp/a2dp_vendor_ldac_decoder.cc:130 A2DP_VendorLoadDecoderLdac: A2DP_VendorLoadDecoderLdac: cannot open LDAC decoder library libldacBT_bco.so: dlopen failed: library "libldacBT_bco.so" not found
06-10 20:03:25.858 5257 5257 E a2dp_vendor_ldac: packages/modules/Bluetooth/system/stack/a2dp/a2dp_vendor_ldac.cc:1422 init: init: cannot load the decoder
06-10 20:03:25.858 5257 5257 I a2dp_codec: packages/modules/Bluetooth/system/stack/a2dp/a2dp_codec_config.cc:116 createCodec: Opus SINK
06-10 20:03:25.858 5257 5257 I a2dp_codec: packages/modules/Bluetooth/system/stack/a2dp/a2dp_codec_config.cc:667 init: init: initialized Source codec LDAC
06-10 20:03:25.858 5257 5257 I a2dp_codec: packages/modules/Bluetooth/system/stack/a2dp/a2dp_codec_config.cc:667 init: init: initialized Source codec aptX-HD
06-10 20:03:25.858 5257 5257 I a2dp_codec: packages/modules/Bluetooth/system/stack/a2dp/a2dp_codec_config.cc:667 init: init: initialized Source codec aptX
06-10 20:03:25.858 5257 5257 I a2dp_codec: packages/modules/Bluetooth/system/stack/a2dp/a2dp_codec_config.cc:667 init: init: initialized Source codec AAC
06-10 20:03:25.858 5257 5257 I a2dp_codec: packages/modules/Bluetooth/system/stack/a2dp/a2dp_codec_config.cc:667 init: init: initialized Source codec SBC
06-10 20:03:25.858 5257 5257 I a2dp_codec: packages/modules/Bluetooth/system/stack/a2dp/a2dp_codec_config.cc:674 init: init: initialized Sink codec Opus SINK
06-10 20:03:25.858 5257 5257 I a2dp_codec: packages/modules/Bluetooth/system/stack/a2dp/a2dp_codec_config.cc:674 init: init: initialized Sink codec AAC SINK
06-10 20:03:25.858 5257 5257 I a2dp_codec: packages/modules/Bluetooth/system/stack/a2dp/a2dp_codec_config.cc:674 init: init: initialized Sink codec SBC SINK
06-10 20:03:25.858 5257 5257 I a2dp_codec: packages/modules/Bluetooth/system/stack/a2dp/a2dp_codec_config.cc:601 init: init
06-10 20:03:25.858 5257 5257 I a2dp_codec: packages/modules/Bluetooth/system/stack/a2dp/a2dp_codec_config.cc:116 createCodec: SBC
06-10 20:03:25.858 5257 5257 I a2dp_codec: packages/modules/Bluetooth/system/stack/a2dp/a2dp_codec_config.cc:642 init: init: updated SBC codec priority to 1001
06-10 20:03:25.858 5257 5257 I a2dp_codec: packages/modules/Bluetooth/system/stack/a2dp/a2dp_codec_config.cc:116 createCodec: AAC
06-10 20:03:25.858 5257 5257 I a2dp_codec: packages/modules/Bluetooth/system/stack/a2dp/a2dp_codec_config.cc:642 init: init: updated AAC codec priority to 2001
06-10 20:03:25.858 5257 5257 I a2dp_codec: packages/modules/Bluetooth/system/stack/a2dp/a2dp_codec_config.cc:116 createCodec: aptX
06-10 20:03:25.858 5257 5257 I a2dp_codec: packages/modules/Bluetooth/system/stack/a2dp/a2dp_codec_config.cc:642 init: init: updated aptX codec priority to 3001
06-10 20:03:25.858 5257 5257 I a2dp_codec: packages/modules/Bluetooth/system/stack/a2dp/a2dp_codec_config.cc:116 createCodec: aptX-HD
06-10 20:03:25.858 5257 5257 I a2dp_codec: packages/modules/Bluetooth/system/stack/a2dp/a2dp_codec_config.cc:642 init: init: updated aptX-HD codec priority to 4001
06-10 20:03:25.858 5257 5257 I a2dp_codec: packages/modules/Bluetooth/system/stack/a2dp/a2dp_codec_config.cc:116 createCodec: LDAC
06-10 20:03:25.858 5257 5257 I a2dp_codec: packages/modules/Bluetooth/system/stack/a2dp/a2dp_codec_config.cc:642 init: init: updated LDAC codec priority to 5001
06-10 20:03:25.858 5257 5257 I a2dp_codec: packages/modules/Bluetooth/system/stack/a2dp/a2dp_codec_config.cc:116 createCodec: LC3 not implemented
06-10 20:03:25.858 5257 5257 I a2dp_codec: packages/modules/Bluetooth/system/stack/a2dp/a2dp_codec_config.cc:633 init: init: OPUS codec disabled, updated priority to -1
06-10 20:03:25.858 5257 5257 I a2dp_codec: packages/modules/Bluetooth/system/stack/a2dp/a2dp_codec_config.cc:116 createCodec: Opus
06-10 20:03:25.858 5257 5257 I a2dp_codec: packages/modules/Bluetooth/system/stack/a2dp/a2dp_codec_config.cc:642 init: init: updated Opus codec priority to -1
06-10 20:03:25.858 5257 5257 I a2dp_codec: packages/modules/Bluetooth/system/stack/a2dp/a2dp_codec_config.cc:116 createCodec: SBC SINK
06-10 20:03:25.858 5257 5257 I a2dp_codec: packages/modules/Bluetooth/system/stack/a2dp/a2dp_codec_config.cc:116 createCodec: AAC SINK
06-10 20:03:25.858 5257 5257 I a2dp_codec: packages/modules/Bluetooth/system/stack/a2dp/a2dp_codec_config.cc:116 createCodec: LDAC SINK
06-10 20:03:25.858 5257 5257 I a2dp_vendor_ldac_decoder: packages/modules/Bluetooth/system/stack/a2dp/a2dp_vendor_ldac_decoder.cc:130 A2DP_VendorLoadDecoderLdac: A2DP_VendorLoadDecoderLdac: cannot open LDAC decoder library libldacBT_bco.so: dlopen failed: library "libldacBT_bco.so" not found
06-10 20:03:25.858 5257 5257 E a2dp_vendor_ldac: packages/modules/Bluetooth/system/stack/a2dp/a2dp_vendor_ldac.cc:1422 init: init: cannot load the decoder
06-10 20:03:25.858 5257 5257 I a2dp_codec: packages/modules/Bluetooth/system/stack/a2dp/a2dp_codec_config.cc:116 createCodec: Opus SINK
06-10 20:03:25.858 5257 5257 I a2dp_codec: packages/modules/Bluetooth/system/stack/a2dp/a2dp_codec_config.cc:667 init: init: initialized Source codec LDAC
06-10 20:03:25.858 5257 5257 I a2dp_codec: packages/modules/Bluetooth/system/stack/a2dp/a2dp_codec_config.cc:667 init: init: initialized Source codec aptX-HD
06-10 20:03:25.858 5257 5257 I a2dp_codec: packages/modules/Bluetooth/system/stack/a2dp/a2dp_codec_config.cc:667 init: init: initialized Source codec aptX
06-10 20:03:25.858 5257 5257 I a2dp_codec: packages/modules/Bluetooth/system/stack/a2dp/a2dp_codec_config.cc:667 init: init: initialized Source codec AAC
06-10 20:03:25.858 5257 5257 I a2dp_codec: packages/modules/Bluetooth/system/stack/a2dp/a2dp_codec_config.cc:667 init: init: initialized Source codec SBC
06-10 20:03:25.858 5257 5257 I a2dp_codec: packages/modules/Bluetooth/system/stack/a2dp/a2dp_codec_config.cc:674 init: init: initialized Sink codec Opus SINK
06-10 20:03:25.858 5257 5257 I a2dp_codec: packages/modules/Bluetooth/system/stack/a2dp/a2dp_codec_config.cc:674 init: init: initialized Sink codec AAC SINK
06-10 20:03:25.858 5257 5257 I a2dp_codec: packages/modules/Bluetooth/system/stack/a2dp/a2dp_codec_config.cc:674 init: init: initialized Sink codec SBC SINK
06-10 20:03:25.858 5257 5257 I a2dp_codec: packages/modules/Bluetooth/system/stack/a2dp/a2dp_codec_config.cc:601 init: init
06-10 20:03:25.858 5257 5257 I a2dp_codec: packages/modules/Bluetooth/system/stack/a2dp/a2dp_codec_config.cc:116 createCodec: SBC
06-10 20:03:25.858 5257 5257 I a2dp_codec: packages/modules/Bluetooth/system/stack/a2dp/a2dp_codec_config.cc:642 init: init: updated SBC codec priority to 1001
06-10 20:03:25.858 5257 5257 I a2dp_codec: packages/modules/Bluetooth/system/stack/a2dp/a2dp_codec_config.cc:116 createCodec: AAC
06-10 20:03:25.858 5257 5257 I a2dp_codec: packages/modules/Bluetooth/system/stack/a2dp/a2dp_codec_config.cc:642 init: init: updated AAC codec priority to 2001
06-10 20:03:25.858 5257 5257 I a2dp_codec: packages/modules/Bluetooth/system/stack/a2dp/a2dp_codec_config.cc:116 createCodec: aptX
06-10 20:03:25.858 5257 5257 I a2dp_codec: packages/modules/Bluetooth/system/stack/a2dp/a2dp_codec_config.cc:642 init: init: updated aptX codec priority to 3001
06-10 20:03:25.858 5257 5257 I a2dp_codec: packages/modules/Bluetooth/system/stack/a2dp/a2dp_codec_config.cc:116 createCodec: aptX-HD
06-10 20:03:25.858 5257 5257 I a2dp_codec: packages/modules/Bluetooth/system/stack/a2dp/a2dp_codec_config.cc:642 init: init: updated aptX-HD codec priority to 4001
06-10 20:03:25.858 5257 5257 I a2dp_codec: packages/modules/Bluetooth/system/stack/a2dp/a2dp_codec_config.cc:116 createCodec: LDAC
06-10 20:03:25.858 5257 5257 I a2dp_codec: packages/modules/Bluetooth/system/stack/a2dp/a2dp_codec_config.cc:642 init: init: updated LDAC codec priority to 5001
06-10 20:03:25.858 5257 5257 I a2dp_codec: packages/modules/Bluetooth/system/stack/a2dp/a2dp_codec_config.cc:116 createCodec: LC3 not implemented
06-10 20:03:25.858 5257 5257 I a2dp_codec: packages/modules/Bluetooth/system/stack/a2dp/a2dp_codec_config.cc:633 init: init: OPUS codec disabled, updated priority to -1
06-10 20:03:25.858 5257 5257 I a2dp_codec: packages/modules/Bluetooth/system/stack/a2dp/a2dp_codec_config.cc:116 createCodec: Opus
06-10 20:03:25.858 5257 5257 I a2dp_codec: packages/modules/Bluetooth/system/stack/a2dp/a2dp_codec_config.cc:642 init: init: updated Opus codec priority to -1
06-10 20:03:25.858 5257 5257 I a2dp_codec: packages/modules/Bluetooth/system/stack/a2dp/a2dp_codec_config.cc:116 createCodec: SBC SINK
06-10 20:03:25.858 5257 5257 I a2dp_codec: packages/modules/Bluetooth/system/stack/a2dp/a2dp_codec_config.cc:116 createCodec: AAC SINK
06-10 20:03:25.858 5257 5257 I a2dp_codec: packages/modules/Bluetooth/system/stack/a2dp/a2dp_codec_config.cc:116 createCodec: LDAC SINK
06-10 20:03:25.859 5257 5257 I a2dp_vendor_ldac_decoder: packages/modules/Bluetooth/system/stack/a2dp/a2dp_vendor_ldac_decoder.cc:130 A2DP_VendorLoadDecoderLdac: A2DP_VendorLoadDecoderLdac: cannot open LDAC decoder library libldacBT_bco.so: dlopen failed: library "libldacBT_bco.so" not found
06-10 20:03:25.859 5257 5257 E a2dp_vendor_ldac: packages/modules/Bluetooth/system/stack/a2dp/a2dp_vendor_ldac.cc:1422 init: init: cannot load the decoder
06-10 20:03:25.859 5257 5257 I a2dp_codec: packages/modules/Bluetooth/system/stack/a2dp/a2dp_codec_config.cc:116 createCodec: Opus SINK
06-10 20:03:25.859 5257 5257 I a2dp_codec: packages/modules/Bluetooth/system/stack/a2dp/a2dp_codec_config.cc:667 init: init: initialized Source codec LDAC
06-10 20:03:25.859 5257 5257 I a2dp_codec: packages/modules/Bluetooth/system/stack/a2dp/a2dp_codec_config.cc:667 init: init: initialized Source codec aptX-HD
06-10 20:03:25.859 5257 5257 I a2dp_codec: packages/modules/Bluetooth/system/stack/a2dp/a2dp_codec_config.cc:667 init: init: initialized Source codec aptX
06-10 20:03:25.859 5257 5257 I a2dp_codec: packages/modules/Bluetooth/system/stack/a2dp/a2dp_codec_config.cc:667 init: init: initialized Source codec AAC
06-10 20:03:25.859 5257 5257 I a2dp_codec: packages/modules/Bluetooth/system/stack/a2dp/a2dp_codec_config.cc:667 init: init: initialized Source codec SBC
06-10 20:03:25.859 5257 5257 I a2dp_codec: packages/modules/Bluetooth/system/stack/a2dp/a2dp_codec_config.cc:674 init: init: initialized Sink codec Opus SINK
06-10 20:03:25.859 5257 5257 I a2dp_codec: packages/modules/Bluetooth/system/stack/a2dp/a2dp_codec_config.cc:674 init: init: initialized Sink codec AAC SINK
06-10 20:03:25.859 5257 5257 I a2dp_codec: packages/modules/Bluetooth/system/stack/a2dp/a2dp_codec_config.cc:674 init: init: initialized Sink codec SBC SINK
06-10 20:03:25.859 5257 5257 I bt_btif_a2dp_source: packages/modules/Bluetooth/system/btif/src/btif_a2dp_source.cc:331 btif_a2dp_source_init: btif_a2dp_source_init
06-10 20:03:25.859 5257 5314 I bt_stack: [INFO:message_loop_thread.cc(184)] Run: message loop starting for thread bt_a2dp_source_worker_thread
06-10 20:03:25.859 5257 5257 I bt_btif_storage: packages/modules/Bluetooth/system/btif/src/btif_storage.cc:653 btif_storage_get_adapter_property: btif_storage_get_adapter_property service_mask:0x20000008
06-10 20:03:25.859 5257 5284 I bt_bta_av: packages/modules/Bluetooth/system/bta/av/bta_av_main.cc:431 bta_av_api_register: bta_av_api_register: AVRCP version used for sdp: "avrcp15"
06-10 20:03:25.859 5257 5257 D A2dpService: A2DP offload flag set to false
06-10 20:03:25.859 5257 5284 I bt_l2cap: packages/modules/Bluetooth/system/stack/l2cap/l2c_api.cc:172 L2CA_Register: L2CAP Registered service classic PSM: 0x0019
06-10 20:03:25.859 5257 5284 I bt_l2cap: packages/modules/Bluetooth/system/stack/l2cap/l2c_api.cc:172 L2CA_Register: L2CAP Registered service classic PSM: 0x0017
06-10 20:03:25.859 5257 5284 I bt_l2cap: packages/modules/Bluetooth/system/stack/l2cap/l2c_api.cc:172 L2CA_Register: L2CAP Registered service classic PSM: 0x001b
06-10 20:03:25.859 5257 5284 I bt_bta_dm: packages/modules/Bluetooth/system/bta/dm/bta_dm_act.cc:3456 bta_dm_eir_update_uuid: EIR Adding UUID=0x110A into extended inquiry response
06-10 20:03:25.859 5257 5284 I bt_bta_dm: packages/modules/Bluetooth/system/bta/dm/bta_dm_act.cc:3155 bta_dm_set_eir: Generating extended inquiry response packet EIR
06-10 20:03:25.860 5257 5284 I bt_bta_av: packages/modules/Bluetooth/system/bta/av/bta_av_act.cc:305 bta_av_rc_create: Skipping RC creation for the old AVRCP profile
06-10 20:03:25.860 5257 5284 I bt_bta_av: packages/modules/Bluetooth/system/bta/av/bta_av_main.cc:431 bta_av_api_register: bta_av_api_register: AVRCP version used for sdp: "avrcp15"
06-10 20:03:25.860 5257 5284 I bt_bta_av: packages/modules/Bluetooth/system/bta/av/bta_av_main.cc:431 bta_av_api_register: bta_av_api_register: AVRCP version used for sdp: "avrcp15"
06-10 20:03:25.860 5257 5284 I bt_bta_av: packages/modules/Bluetooth/system/bta/av/bta_av_main.cc:431 bta_av_api_register: bta_av_api_register: AVRCP version used for sdp: "avrcp15"
06-10 20:03:25.860 5257 5284 I bt_bta_av: packages/modules/Bluetooth/system/bta/av/bta_av_main.cc:431 bta_av_api_register: bta_av_api_register: AVRCP version used for sdp: "avrcp15"
06-10 20:03:25.860 5257 5284 I bt_bta_av: packages/modules/Bluetooth/system/bta/av/bta_av_main.cc:431 bta_av_api_register: bta_av_api_register: AVRCP version used for sdp: "avrcp15"
06-10 20:03:25.860 5257 5314 I bt_btif_a2dp_source: packages/modules/Bluetooth/system/btif/src/btif_a2dp_source.cc:341 btif_a2dp_source_init_delayed: btif_a2dp_source_init_delayed
06-10 20:03:25.861 5257 5257 D A2dpService: setA2dpService(): set to: com.android.bluetooth.a2dp.A2dpService@3a8250c
06-10 20:03:25.861 5257 5257 D ActivityAttributionService: notifyActivityAttributionInfo UID=1002 packageName=com.android.bluetooth deviceAddress=no_active_device_address
06-10 20:03:25.861 5257 5257 I bt_btif : packages/modules/Bluetooth/system/btif/src/bluetooth.cc:829 get_profile_interface: get_profile_interface: id = activity_attribution
06-10 20:03:25.862 5257 5300 D ActiveDeviceManager: handleAdapterStateChanged: currentState=11
06-10 20:03:25.864 5257 5257 I AvrcpTargetService: User unlocked, initializing the service
06-10 20:03:25.864 5257 5257 I AvrcpTargetService: Starting the AVRCP Target Service
06-10 20:03:25.865 5257 5257 V MediaPlayerList: Creating MediaPlayerList
06-10 20:03:25.869 740 1940 D MediaSessionService: The MediaKeyEventSessionChangedListener (android.os.BinderProxy@f4e06b5) is added by com.android.bluetooth
06-10 20:03:25.869 5257 5257 I AvrcpTargetJni: classInitNative: AvrcpTargetJni initialized!
06-10 20:03:25.869 5257 5257 D AvrcpTargetJni: initNative
06-10 20:03:25.869 5257 5284 I bt_stack: [INFO:avrcp_service.cc(375)] AVRCP Target Service started
06-10 20:03:25.870 5257 5284 I bt_bta_dm: packages/modules/Bluetooth/system/bta/dm/bta_dm_act.cc:3456 bta_dm_eir_update_uuid: EIR Adding UUID=0x110C into extended inquiry response
06-10 20:03:25.870 5257 5284 I bt_bta_dm: packages/modules/Bluetooth/system/bta/dm/bta_dm_act.cc:3155 bta_dm_set_eir: Generating extended inquiry response packet EIR
06-10 20:03:25.870 5257 5284 I bt_bta_dm: packages/modules/Bluetooth/system/bta/dm/bta_dm_act.cc:3456 bta_dm_eir_update_uuid: EIR Adding UUID=0x110E into extended inquiry response
06-10 20:03:25.870 5257 5284 I bt_bta_dm: packages/modules/Bluetooth/system/bta/dm/bta_dm_act.cc:3155 bta_dm_set_eir: Generating extended inquiry response packet EIR
06-10 20:03:25.870 5257 5284 I bt_stack: [INFO:connection_handler.cc(200)] Connect to device ff:ff:ff:ff:ff:ff
06-10 20:03:25.870 5257 5284 I bt_stack: [INFO:connection_handler.cc(222)] virtual bool bluetooth::avrcp::ConnectionHandler::AvrcpConnect(bool, const RawAddress &): handle=0000 status= 000000
06-10 20:03:25.874 5257 5257 V MediaPlayerList: Initializing MediaPlayerList
06-10 20:03:25.876 5257 5257 I BrowsedPlayerWrapper: Wrapping Media Browser com.android.bluetooth
06-10 20:03:25.877 5257 5257 I BrowsedPlayerWrapper: Wrapping Media Browser com.android.music
06-10 20:03:25.877 5257 5257 I BrowsedPlayerWrapper: Wrapping Media Browser com.xiaodianshi.tv.yst
06-10 20:03:25.877 5257 5257 E AvrcpTargetService: Please use AVRCP version 1.6 to enable cover art
06-10 20:03:25.879 5257 5257 D ActivityAttributionService: notifyActivityAttributionInfo UID=1002 packageName=com.android.bluetooth deviceAddress=no_active_device_address
06-10 20:03:25.879 5257 5257 I bt_btif : packages/modules/Bluetooth/system/btif/src/bluetooth.cc:829 get_profile_interface: get_profile_interface: id = activity_attribution
06-10 20:03:25.880 5257 5257 I HeadsetService: create()
06-10 20:03:25.881 5257 5257 I HeadsetService: start()
06-10 20:03:25.886 5257 5257 I BluetoothHeadsetServiceJni: classInitNative: succeeds
06-10 20:03:25.887 5257 5257 W HeadsetClientService: getHeadsetClientService(): service is null
06-10 20:03:25.887 5257 5257 I bt_btif : packages/modules/Bluetooth/system/btif/src/bluetooth.cc:829 get_profile_interface: get_profile_interface: id = handsfree
06-10 20:03:25.887 5257 5257 I bt_stack: [INFO:btif_hf.cc(1626)] GetInterface
06-10 20:03:25.887 5257 5257 I bt_btif_hf: packages/modules/Bluetooth/system/btif/src/btif_hf.cc:1590 ExecuteService: service starts to: Initialize
06-10 20:03:25.887 5257 5284 I bluetooth: packages/modules/Bluetooth/system/bta/ag/bta_ag_main.cc:405 bta_ag_api_enable: AG api enable
06-10 20:03:25.887 5257 5296 I bt_stack: [INFO:btif_hf.cc(318)] btif_hf_upstreams_evt: AG enable/disable event 0
06-10 20:03:25.887 5257 5284 I bluetooth: packages/modules/Bluetooth/system/bta/ag/bta_ag_sdp.cc:146 bta_ag_add_record: features: 135023
06-10 20:03:25.887 5257 5284 I bt_bta_dm: packages/modules/Bluetooth/system/bta/dm/bta_dm_act.cc:3456 bta_dm_eir_update_uuid: EIR Adding UUID=0x1112 into extended inquiry response
06-10 20:03:25.887 5257 5284 I bt_bta_dm: packages/modules/Bluetooth/system/bta/dm/bta_dm_act.cc:3155 bta_dm_set_eir: Generating extended inquiry response packet EIR
06-10 20:03:25.887 5257 5284 I bluetooth: packages/modules/Bluetooth/system/bta/ag/bta_ag_sdp.cc:146 bta_ag_add_record: features: 135023
06-10 20:03:25.887 5257 5284 I bt_bta_dm: packages/modules/Bluetooth/system/bta/dm/bta_dm_act.cc:3456 bta_dm_eir_update_uuid: EIR Adding UUID=0x111F into extended inquiry response
06-10 20:03:25.887 5257 5284 I bt_bta_dm: packages/modules/Bluetooth/system/bta/dm/bta_dm_act.cc:3155 bta_dm_set_eir: Generating extended inquiry response packet EIR
06-10 20:03:25.887 5257 5284 I bt_stack: [INFO:port_api.cc(220)] RFCOMM_CreateConnectionWithSecurity: bd_addr=ff:ff:ff:ff:ff:ff, scn=2, is_server=1, mtu=256, uuid=0x1112, dlci=4, signal_state=0x0b, p_port=0xc72713b0
06-10 20:03:25.887 5257 5284 I bt_stack: [INFO:port_api.cc(220)] RFCOMM_CreateConnectionWithSecurity: bd_addr=ff:ff:ff:ff:ff:ff, scn=3, is_server=1, mtu=256, uuid=0x111f, dlci=6, signal_state=0x0b, p_port=0xc7271438
06-10 20:03:25.888 5257 5284 I bt_stack: [INFO:port_api.cc(220)] RFCOMM_CreateConnectionWithSecurity: bd_addr=ff:ff:ff:ff:ff:ff, scn=2, is_server=1, mtu=256, uuid=0x1112, dlci=4, signal_state=0x0b, p_port=0xc72714c0
06-10 20:03:25.888 5257 5284 I bt_stack: [INFO:port_api.cc(220)] RFCOMM_CreateConnectionWithSecurity: bd_addr=ff:ff:ff:ff:ff:ff, scn=3, is_server=1, mtu=256, uuid=0x111f, dlci=6, signal_state=0x0b, p_port=0xc7271548
06-10 20:03:25.888 5257 5284 I bt_stack: [INFO:port_api.cc(220)] RFCOMM_CreateConnectionWithSecurity: bd_addr=ff:ff:ff:ff:ff:ff, scn=2, is_server=1, mtu=256, uuid=0x1112, dlci=4, signal_state=0x0b, p_port=0xc72715d0
06-10 20:03:25.888 5257 5284 I bt_stack: [INFO:port_api.cc(220)] RFCOMM_CreateConnectionWithSecurity: bd_addr=ff:ff:ff:ff:ff:ff, scn=3, is_server=1, mtu=256, uuid=0x111f, dlci=6, signal_state=0x0b, p_port=0xc7271658
06-10 20:03:25.888 5257 5284 I bt_stack: [INFO:port_api.cc(220)] RFCOMM_CreateConnectionWithSecurity: bd_addr=ff:ff:ff:ff:ff:ff, scn=2, is_server=1, mtu=256, uuid=0x1112, dlci=4, signal_state=0x0b, p_port=0xc72716e0
06-10 20:03:25.888 5257 5284 I bt_stack: [INFO:port_api.cc(220)] RFCOMM_CreateConnectionWithSecurity: bd_addr=ff:ff:ff:ff:ff:ff, scn=3, is_server=1, mtu=256, uuid=0x111f, dlci=6, signal_state=0x0b, p_port=0xc7271768
06-10 20:03:25.888 5257 5284 I bt_stack: [INFO:port_api.cc(220)] RFCOMM_CreateConnectionWithSecurity: bd_addr=ff:ff:ff:ff:ff:ff, scn=2, is_server=1, mtu=256, uuid=0x1112, dlci=4, signal_state=0x0b, p_port=0xc72717f0
06-10 20:03:25.888 5257 5284 I bt_stack: [INFO:port_api.cc(220)] RFCOMM_CreateConnectionWithSecurity: bd_addr=ff:ff:ff:ff:ff:ff, scn=3, is_server=1, mtu=256, uuid=0x111f, dlci=6, signal_state=0x0b, p_port=0xc7271878
06-10 20:03:25.888 5257 5284 I bt_stack: [INFO:port_api.cc(220)] RFCOMM_CreateConnectionWithSecurity: bd_addr=ff:ff:ff:ff:ff:ff, scn=2, is_server=1, mtu=256, uuid=0x1112, dlci=4, signal_state=0x0b, p_port=0xc7271900
06-10 20:03:25.889 5257 5284 I bt_stack: [INFO:port_api.cc(220)] RFCOMM_CreateConnectionWithSecurity: bd_addr=ff:ff:ff:ff:ff:ff, scn=3, is_server=1, mtu=256, uuid=0x111f, dlci=6, signal_state=0x0b, p_port=0xc7271988
06-10 20:03:25.889 5257 5257 I bt_btif_storage: packages/modules/Bluetooth/system/btif/src/btif_storage.cc:653 btif_storage_get_adapter_property: btif_storage_get_adapter_property service_mask:0x20000048
06-10 20:03:25.890 5257 5257 D ActivityAttributionService: notifyActivityAttributionInfo UID=1002 packageName=com.android.bluetooth deviceAddress=no_active_device_address
06-10 20:03:25.890 5257 5257 I bt_btif : packages/modules/Bluetooth/system/btif/src/bluetooth.cc:829 get_profile_interface: get_profile_interface: id = activity_attribution
06-10 20:03:25.891 5257 5257 D HearingAidService: create()
06-10 20:03:25.892 5257 5257 D HearingAidService: start()
06-10 20:03:25.892 5257 5257 I bt_stack: [INFO:com_android_bluetooth_hearing_aid.cpp(97)] classInitNative: succeeds
06-10 20:03:25.894 5257 5257 D HearingAidService: setHearingAidService(): set to: com.android.bluetooth.hearingaid.HearingAidService@8dd097d
06-10 20:03:25.894 5257 5257 I bt_btif : packages/modules/Bluetooth/system/btif/src/bluetooth.cc:829 get_profile_interface: get_profile_interface: id = hearing_aid
06-10 20:03:25.894 5257 5284 I bt_stack: [INFO:hearing_aid_software_encoding_aidl.cc(182)] init
06-10 20:03:25.895 5257 5257 D ActivityAttributionService: notifyActivityAttributionInfo UID=1002 packageName=com.android.bluetooth deviceAddress=no_active_device_address
06-10 20:03:25.895 5257 5257 I bt_btif : packages/modules/Bluetooth/system/btif/src/bluetooth.cc:829 get_profile_interface: get_profile_interface: id = activity_attribution
06-10 20:03:25.896 5257 5257 I bt_btif : packages/modules/Bluetooth/system/btif/src/bluetooth.cc:829 get_profile_interface: get_profile_interface: id = hidhost
06-10 20:03:25.897 5257 5257 I bt_btif_storage: packages/modules/Bluetooth/system/btif/src/btif_storage.cc:653 btif_storage_get_adapter_property: btif_storage_get_adapter_property service_mask:0x20100048
06-10 20:03:25.898 523 540 I BTAudioProviderFactoryAIDL: getProviderCapabilities - SessionType=HEARING_AID_SOFTWARE_ENCODING_DATAPATH supports 1 codecs
06-10 20:03:25.898 5257 5284 I bt_stack: [INFO:client_interface_aidl.cc(124)] FetchAudioProvider: BluetoothAudioHal SessionType=HEARING_AID_SOFTWARE_ENCODING_DATAPATH has 1 AudioCapabilities
06-10 20:03:25.898 523 540 I BTAudioProviderFactoryAIDL: openProvider - SessionType=HEARING_AID_SOFTWARE_ENCODING_DATAPATH
06-10 20:03:25.898 523 540 I BTAudioProviderHearingAid: HearingAidAudioProvider - size of audio buffer 3584 byte(s)
06-10 20:03:25.899 5257 5284 I bt_stack: [INFO:client_interface_aidl.cc(143)] IBluetoothAudioProvidersFactory::openProvider() returned 0xf5ea2950 (remote)
06-10 20:03:25.899 5257 5284 I bluetooth: packages/modules/Bluetooth/system/stack/gatt/gatt_api.cc:1257 GATT_Register: Allocated name:GattClient uuid:45ede62d-7031-a04e-a287-3c1b9099d5cc gatt_if:4 eatt_support:0
06-10 20:03:25.899 5257 5284 I bt_l2cap: packages/modules/Bluetooth/system/stack/l2cap/l2c_api.cc:172 L2CA_Register: L2CAP Registered service classic PSM: 0x0011
06-10 20:03:25.899 5257 5284 I bt_l2cap: packages/modules/Bluetooth/system/stack/l2cap/l2c_api.cc:172 L2CA_Register: L2CAP Registered service classic PSM: 0x0013
06-10 20:03:25.899 5257 5284 I bluetooth: packages/modules/Bluetooth/system/stack/gatt/gatt_api.cc:1257 GATT_Register: Allocated name:GattClient uuid:ed2524cc-0cf7-4827-31e8-579c29df0720 gatt_if:5 eatt_support:0
06-10 20:03:25.900 5257 5296 W bt_stack: [WARNING:btif_hh.cc(467)] Added device xx:xx:xx:xx:c0:7d
06-10 20:03:25.900 5257 5296 W bt_btif : packages/modules/Bluetooth/system/main/bte_logmsg.cc:108 LogMsg: BTA_HH_ADD_DEV_EVT: status = 0, handle = 16
06-10 20:03:25.900 5257 5284 I bt_bta_gattc: packages/modules/Bluetooth/system/bta/gatt/bta_gattc_act.cc:429 bta_gattc_init_bk_conn: Not a connected remote device yet
06-10 20:03:25.900 5257 5289 I bluetooth: packages/modules/Bluetooth/system/gd/hci/le_address_manager.cc:178 register_client: Client registered
06-10 20:03:25.900 5257 5289 I bluetooth: packages/modules/Bluetooth/system/gd/hci/le_address_manager.cc:265 ack_pause: Client already in paused state
06-10 20:03:25.902 5257 5289 I bluetooth: packages/modules/Bluetooth/system/gd/hci/le_address_manager.cc:596 OnCommandComplete: Received command complete with op_code LE_ADD_DEVICE_TO_FILTER_ACCEPT_LIST
06-10 20:03:25.902 5257 5289 I bluetooth: packages/modules/Bluetooth/system/gd/hci/le_address_manager.cc:294 resume_registered_clients: Resuming registered clients
06-10 20:03:25.903 536 564 D hdmicecd: [CEC]:printCecMsgBuf, msg: 04 90 01
06-10 20:03:25.903 536 564 D hdmicecd: [HdmiCecControl]:updateActiveState received tv power status 1
06-10 20:03:25.904 740 740 D HDMI : [R]: 04:90:01
06-10 20:03:25.907 5257 5257 D BtOppService: setBluetoothOppService(): set to: com.android.bluetooth.opp.BluetoothOppService@3b5c079
06-10 20:03:25.907 5257 5257 D ActivityAttributionService: notifyActivityAttributionInfo UID=1002 packageName=com.android.bluetooth deviceAddress=no_active_device_address
06-10 20:03:25.907 5257 5257 I bt_btif : packages/modules/Bluetooth/system/btif/src/bluetooth.cc:829 get_profile_interface: get_profile_interface: id = activity_attribution
06-10 20:03:25.910 5257 5257 D BluetoothPanServiceJni: initializeNative(L113): pan
06-10 20:03:25.910 5257 5257 I bt_btif : packages/modules/Bluetooth/system/btif/src/bluetooth.cc:829 get_profile_interface: get_profile_interface: id = pan
06-10 20:03:25.910 5257 5284 I bt_l2cap: packages/modules/Bluetooth/system/stack/l2cap/l2c_api.cc:172 L2CA_Register: L2CAP Registered service classic PSM: 0x000f
06-10 20:03:25.910 5257 5284 I bt_bta_dm: packages/modules/Bluetooth/system/bta/dm/bta_dm_act.cc:3456 bta_dm_eir_update_uuid: EIR Adding UUID=0x1116 into extended inquiry response
06-10 20:03:25.910 5257 5284 I bt_bta_dm: packages/modules/Bluetooth/system/bta/dm/bta_dm_act.cc:3155 bta_dm_set_eir: Generating extended inquiry response packet EIR
06-10 20:03:25.910 5257 5284 I bt_bta_dm: packages/modules/Bluetooth/system/bta/dm/bta_dm_act.cc:3456 bta_dm_eir_update_uuid: EIR Adding UUID=0x1115 into extended inquiry response
06-10 20:03:25.910 5257 5284 I bt_bta_dm: packages/modules/Bluetooth/system/bta/dm/bta_dm_act.cc:3155 bta_dm_set_eir: Generating extended inquiry response packet EIR
06-10 20:03:25.910 5257 5284 I bt_bta_dm: packages/modules/Bluetooth/system/bta/dm/bta_dm_act.cc:3456 bta_dm_eir_update_uuid: EIR Adding UUID=0x1116 into extended inquiry response
06-10 20:03:25.910 5257 5284 I bt_bta_dm: packages/modules/Bluetooth/system/bta/dm/bta_dm_act.cc:3155 bta_dm_set_eir: Generating extended inquiry response packet EIR
06-10 20:03:25.910 5257 5284 I bt_bta_dm: packages/modules/Bluetooth/system/bta/dm/bta_dm_act.cc:3456 bta_dm_eir_update_uuid: EIR Adding UUID=0x1115 into extended inquiry response
06-10 20:03:25.910 5257 5284 I bt_bta_dm: packages/modules/Bluetooth/system/bta/dm/bta_dm_act.cc:3155 bta_dm_set_eir: Generating extended inquiry response packet EIR
06-10 20:03:25.910 5257 5296 D BluetoothPanServiceJni: control_state_callback(L60): state:0, local_role:3, ifname:bt-pan
06-10 20:03:25.912 5257 5289 I bluetooth: packages/modules/Bluetooth/system/gd/hci/acl_manager/le_impl.h:878 update_connectability_state_after_armed: Le connection state machine armed state:ConnectabilityState::ARMED status:SUCCESS
06-10 20:03:25.912 5257 5257 I TetheringManager: registerTetheringEventCallback:com.android.bluetooth
06-10 20:03:25.912 5257 5257 I TetheringManager: registerTetheringEventCallback caller:com.android.bluetooth
06-10 20:03:25.913 5257 5257 D AvrcpVolumeManager: onAudioDevicesAdded: Not expecting device changed
06-10 20:03:25.924 740 1137 D ActivityManager: sync unfroze 1557 com.android.music for 6
06-10 20:03:25.930 740 1940 I MediaSessionStack: addSession to bottom of stack | record: com.android.music/MediaPlaybackService (userId=0)
06-10 20:03:25.934 740 1137 D ActivityManager: sync unfroze 1568 com.xiaodianshi.tv.yst for 6
06-10 20:03:25.939 5257 5257 D HeadsetPhoneState: sendDeviceStateChanged. mService=0 mSignal=0 mRoam=0 mBatteryCharge=3
06-10 20:03:25.940 5257 5257 D CompatibilityChangeReporter: Compat change id reported: 150939131; UID 1002; state: ENABLED
06-10 20:03:25.940 5257 5257 D AdapterProperties: onBluetoothReady, state=TURNING_ON, ScanMode=20
06-10 20:03:25.944 5257 5257 D BluetoothAdapterService: updateUuids() - Updating UUIDs for bonded devices
06-10 20:03:25.945 1568 4846 D BluetoothAdapter: onBluetoothServiceDown
06-10 20:03:25.945 5257 5257 I BluetoothAdapterService: initProfileServices: Initializing all bluetooth profile services
06-10 20:03:25.945 5257 5257 W HeadsetClientService: getHeadsetClientService(): service is null
06-10 20:03:25.945 5257 5257 W BluetoothMapService: getBluetoothMapService(): service is null
06-10 20:03:25.945 5257 5257 W MapClientService: getMapClientService(): service is null
06-10 20:03:25.945 5257 5257 D HidDeviceService: getHidDeviceService(): service is NULL
06-10 20:03:25.945 5257 5257 W BluetoothPbapService: getBluetoothPbapService(): service is null
06-10 20:03:25.945 5257 5257 W PbapClientService: getPbapClientService(): service is null
06-10 20:03:25.945 5257 5257 W HapClientService: getHapClientService(): service is NULL
06-10 20:03:25.945 1568 4846 D BluetoothAdapter: onBluetoothServiceDown
06-10 20:03:25.945 5257 5257 W SapService: getSapService(): service is null
06-10 20:03:25.945 5257 5257 W VolumeControlService: getVolumeControlService(): service is NULL
06-10 20:03:25.945 5257 5257 W CsipSetCoordinatorService: getCsipSetCoordinatorService(): service is NULL
06-10 20:03:25.945 5257 5257 W LeAudioService: getLeAudioService(): service is NULL
06-10 20:03:25.945 5257 5257 W BassClientService: getBassClientService(): service is NULL
06-10 20:03:25.945 5257 5296 D AdapterProperties: Scan Mode:21
06-10 20:03:25.946 5257 5296 D AdapterProperties: Discoverable Timeout:120
06-10 20:03:25.946 1568 4846 D BluetoothAdapter: onBluetoothServiceUp: android.bluetooth.IBluetooth$Stub$Proxy@588abf8
06-10 20:03:25.947 5257 5257 W BatteryService: getBatteryService(): service is NULL
06-10 20:03:25.948 5257 5278 I AdapterState: ON : entered
06-10 20:03:25.948 5257 5278 D AdapterProperties: Setting state to ON
06-10 20:03:25.950 5257 5278 D BluetoothAdapterService: updateAdapterState() - Broadcasting state ON to 1 receivers.
06-10 20:03:25.950 740 887 D BluetoothManagerService: MESSAGE_BLUETOOTH_STATE_CHANGE: TURNING_ON > ON
06-10 20:03:25.950 740 887 D BluetoothManagerService: Broadcasting onBluetoothStateChange(true) to 22 receivers.
06-10 20:03:25.950 740 887 D BluetoothHeadset: Binding service...
06-10 20:03:25.951 740 887 D BluetoothManagerService: Creating new ProfileServiceConnections object for profile: 1
06-10 20:03:25.953 5257 5296 D AdapterProperties: mLocalIOCapability set to 1
06-10 20:03:25.955 1583 1583 D aaa : WiFi is connect
06-10 20:03:25.957 740 887 D BluetoothLeAudio: Binding service...
06-10 20:03:25.957 740 887 W BluetoothManagerService: Cannot bind profile: 22, not in supported profiles list
06-10 20:03:25.957 740 887 D BluetoothA2dp: Binding service...
06-10 20:03:25.957 5257 5257 I BluetoothCompanionManager: Companion device is null, type=0
06-10 20:03:25.957 740 887 D BluetoothManagerService: Creating new ProfileServiceConnections object for profile: 2
06-10 20:03:25.957 998 4755 D BluetoothHeadset: Binding service...
06-10 20:03:25.960 740 887 D BluetoothA2dp: Binding service...
06-10 20:03:25.960 1583 1583 D aaa : WiFi is connect
06-10 20:03:25.960 740 887 D BluetoothLeAudioBroadcast: Binding service...
06-10 20:03:25.960 998 1014 D BluetoothHearingAid: Binding service...
06-10 20:03:25.960 740 887 W BluetoothManagerService: Cannot bind profile: 26, not in supported profiles list
06-10 20:03:25.960 740 887 D BluetoothHearingAid: Binding service...
06-10 20:03:25.960 740 887 D BluetoothManagerService: Creating new ProfileServiceConnections object for profile: 21
06-10 20:03:25.961 998 1775 D BluetoothHidHost: Binding service...
06-10 20:03:25.961 982 4194 D BluetoothA2dp: Binding service...
06-10 20:03:25.962 5257 5257 W MediaSessionCompat: Couldn't find a unique registered media button receiver in the given context.
06-10 20:03:25.963 740 887 D BluetoothA2dp: Binding service...
06-10 20:03:25.963 740 887 D BluetoothA2dpSink: Binding service...
06-10 20:03:25.963 740 887 W BluetoothManagerService: Cannot bind profile: 11, not in supported profiles list
06-10 20:03:25.963 740 887 D BluetoothHearingAid: Binding service...
06-10 20:03:25.963 982 997 D BluetoothHidHost: Binding service...
06-10 20:03:25.963 740 887 D BluetoothHearingAid: Binding service...
06-10 20:03:25.963 998 4196 D BluetoothPan: Binding service...
06-10 20:03:25.963 740 887 D BluetoothLeAudio: Binding service...
06-10 20:03:25.963 740 887 W BluetoothManagerService: Cannot bind profile: 22, not in supported profiles list
06-10 20:03:25.963 740 887 D BluetoothLeAudio: Binding service...
06-10 20:03:25.963 740 887 W BluetoothManagerService: Cannot bind profile: 22, not in supported profiles list
06-10 20:03:25.963 982 4752 D BluetoothPan: Binding service...
06-10 20:03:25.964 740 1940 D BluetoothManagerService: Creating new ProfileServiceConnections object for profile: 4
06-10 20:03:25.964 740 887 D BluetoothManagerService: Sending BLE State Change: TURNING_ON > ON
06-10 20:03:25.964 998 1011 D BluetoothA2dp: Binding service...
06-10 20:03:25.964 740 1174 I MediaSessionStack: addSession to bottom of stack | record: com.android.bluetooth/BluetoothMediaBrowserService (userId=0)
06-10 20:03:25.964 982 4751 D BluetoothHearingAid: Binding service...
06-10 20:03:25.964 740 887 D BluetoothManagerService: Sending State Change: TURNING_ON > ON
06-10 20:03:25.964 982 4195 D BluetoothHeadset: Binding service...
06-10 20:03:25.972 5324 5324 I init : type=1400 audit(0.0:2151): avc: denied { execute_no_trans } for path="/vendor/bin/led_switch.sh" dev="dm-20" ino=331701 scontext=u:r:init:s0 tcontext=u:object_r:vendor_file:s0 tclass=file permissive=1
