06-10 19:55:24.719 740 860 D CompatibilityChangeReporter: Compat change id reported: 218533173; UID 10019; state: ENABLED
06-10 19:55:24.722 740 860 D CompatibilityChangeReporter: Compat change id reported: 262645982; UID 10019; state: ENABLED
06-10 19:55:24.722 740 932 W ActivityThread: Failed to find provider info for com.android.calendar (user not unlocked)
06-10 19:55:24.726 740 1174 D CompatibilityChangeReporter: Compat change id reported: 171306433; UID 1000; state: ENABLED
06-10 19:55:24.728 740 860 D CompatibilityChangeReporter: Compat change id reported: 218533173; UID 10035; state: ENABLED
06-10 19:55:24.728 740 860 D CompatibilityChangeReporter: Compat change id reported: 262645982; UID 10035; state: ENABLED
06-10 19:55:24.729 740 860 D CompatibilityChangeReporter: Compat change id reported: 218533173; UID 10036; state: ENABLED
06-10 19:55:24.729 740 860 D CompatibilityChangeReporter: Compat change id reported: 262645982; UID 10036; state: ENABLED
06-10 19:55:24.730 740 860 D CompatibilityChangeReporter: Compat change id reported: 218533173; UID 10026; state: ENABLED
06-10 19:55:24.731 740 932 W ActivityThread: Failed to find provider info for com.android.calendar (user not unlocked)
06-10 19:55:24.732 740 860 D CompatibilityChangeReporter: Compat change id reported: 262645982; UID 10026; state: ENABLED
06-10 19:55:24.734 740 860 D CompatibilityChangeReporter: Compat change id reported: 218533173; UID 10064; state: ENABLED
06-10 19:55:24.735 740 860 D CompatibilityChangeReporter: Compat change id reported: 262645982; UID 10064; state: ENABLED
06-10 19:55:24.736 740 860 D CompatibilityChangeReporter: Compat change id reported: 218533173; UID 10001; state: ENABLED
06-10 19:55:24.736 740 860 D CompatibilityChangeReporter: Compat change id reported: 262645982; UID 10001; state: ENABLED
06-10 19:55:24.741 740 860 D CompatibilityChangeReporter: Compat change id reported: 218533173; UID 10078; state: DISABLED
06-10 19:55:24.742 740 860 D CompatibilityChangeReporter: Compat change id reported: 262645982; UID 10078; state: DISABLED
06-10 19:55:24.743 740 860 D CompatibilityChangeReporter: Compat change id reported: 171306433; UID 10078; state: DISABLED
06-10 19:55:24.743 740 860 D CompatibilityChangeReporter: Compat change id reported: 218533173; UID 10041; state: DISABLED
06-10 19:55:24.744 740 860 D CompatibilityChangeReporter: Compat change id reported: 262645982; UID 10041; state: DISABLED
06-10 19:55:24.745 740 860 D CompatibilityChangeReporter: Compat change id reported: 218533173; UID 10008; state: ENABLED
06-10 19:55:24.745 740 860 D CompatibilityChangeReporter: Compat change id reported: 262645982; UID 10008; state: ENABLED
06-10 19:55:24.746 740 932 D CompatibilityChangeReporter: Compat change id reported: 218533173; UID 1000; state: ENABLED
06-10 19:55:24.747 740 860 D CompatibilityChangeReporter: Compat change id reported: 218533173; UID 10073; state: ENABLED
06-10 19:55:24.748 740 860 D CompatibilityChangeReporter: Compat change id reported: 262645982; UID 10073; state: ENABLED
06-10 19:55:24.748 740 860 D CompatibilityChangeReporter: Compat change id reported: 218533173; UID 10037; state: ENABLED
06-10 19:55:24.750 740 860 D CompatibilityChangeReporter: Compat change id reported: 262645982; UID 10037; state: ENABLED
06-10 19:55:24.750 740 860 D CompatibilityChangeReporter: Compat change id reported: 218533173; UID 10061; state: ENABLED
06-10 19:55:24.751 740 860 D CompatibilityChangeReporter: Compat change id reported: 262645982; UID 10061; state: ENABLED
06-10 19:55:24.752 740 860 D CompatibilityChangeReporter: Compat change id reported: 218533173; UID 10047; state: DISABLED
06-10 19:55:24.752 740 860 D CompatibilityChangeReporter: Compat change id reported: 262645982; UID 10047; state: DISABLED
06-10 19:55:24.753 740 860 D CompatibilityChangeReporter: Compat change id reported: 218533173; UID 10032; state: ENABLED
06-10 19:55:24.754 740 860 D CompatibilityChangeReporter: Compat change id reported: 262645982; UID 10032; state: ENABLED
06-10 19:55:24.754 740 860 D CompatibilityChangeReporter: Compat change id reported: 218533173; UID 10055; state: ENABLED
06-10 19:55:24.754 740 860 D CompatibilityChangeReporter: Compat change id reported: 262645982; UID 10055; state: ENABLED
06-10 19:55:24.755 740 860 D CompatibilityChangeReporter: Compat change id reported: 218533173; UID 10048; state: ENABLED
06-10 19:55:24.756 740 860 D CompatibilityChangeReporter: Compat change id reported: 262645982; UID 10048; state: ENABLED
06-10 19:55:24.756 740 860 D CompatibilityChangeReporter: Compat change id reported: 218533173; UID 10016; state: ENABLED
06-10 19:55:24.757 740 860 D CompatibilityChangeReporter: Compat change id reported: 262645982; UID 10016; state: ENABLED
06-10 19:55:24.757 740 860 D CompatibilityChangeReporter: Compat change id reported: 218533173; UID 10012; state: ENABLED
06-10 19:55:24.757 740 860 D CompatibilityChangeReporter: Compat change id reported: 262645982; UID 10012; state: ENABLED
06-10 19:55:24.757 740 860 D CompatibilityChangeReporter: Compat change id reported: 218533173; UID 10007; state: ENABLED
06-10 19:55:24.758 740 860 D CompatibilityChangeReporter: Compat change id reported: 262645982; UID 10007; state: ENABLED
06-10 19:55:24.758 740 860 D CompatibilityChangeReporter: Compat change id reported: 218533173; UID 10027; state: DISABLED
06-10 19:55:24.758 740 860 D CompatibilityChangeReporter: Compat change id reported: 262645982; UID 10027; state: DISABLED
06-10 19:55:24.759 740 860 D CompatibilityChangeReporter: Compat change id reported: 218533173; UID 10043; state: DISABLED
06-10 19:55:24.759 740 860 D CompatibilityChangeReporter: Compat change id reported: 262645982; UID 10043; state: DISABLED
06-10 19:55:24.760 740 860 D CompatibilityChangeReporter: Compat change id reported: 218533173; UID 10046; state: DISABLED
06-10 19:55:24.760 740 860 D CompatibilityChangeReporter: Compat change id reported: 262645982; UID 10046; state: DISABLED
06-10 19:55:24.761 740 860 D CompatibilityChangeReporter: Compat change id reported: 218533173; UID 10025; state: ENABLED
06-10 19:55:24.761 740 860 D CompatibilityChangeReporter: Compat change id reported: 262645982; UID 10025; state: ENABLED
06-10 19:55:24.762 740 860 D CompatibilityChangeReporter: Compat change id reported: 218533173; UID 10038; state: ENABLED
06-10 19:55:24.762 740 860 D CompatibilityChangeReporter: Compat change id reported: 262645982; UID 10038; state: ENABLED
06-10 19:55:24.764 740 860 D CompatibilityChangeReporter: Compat change id reported: 218533173; UID 10031; state: ENABLED
06-10 19:55:24.766 740 860 D CompatibilityChangeReporter: Compat change id reported: 262645982; UID 10031; state: ENABLED
06-10 19:55:24.767 740 860 D CompatibilityChangeReporter: Compat change id reported: 218533173; UID 10051; state: ENABLED
06-10 19:55:24.768 740 860 D CompatibilityChangeReporter: Compat change id reported: 262645982; UID 10051; state: ENABLED
06-10 19:55:24.774 740 860 D CompatibilityChangeReporter: Compat change id reported: 218533173; UID 10068; state: ENABLED
06-10 19:55:24.774 740 860 D CompatibilityChangeReporter: Compat change id reported: 262645982; UID 10068; state: ENABLED
06-10 19:55:24.776 740 860 D CompatibilityChangeReporter: Compat change id reported: 218533173; UID 10010; state: ENABLED
06-10 19:55:24.777 740 860 D CompatibilityChangeReporter: Compat change id reported: 262645982; UID 10010; state: ENABLED
06-10 19:55:24.777 740 740 D ConditionProviders.SCP: evaluateSubscriptionLocked cal=ScheduleCalendar[mDays={1, 2, 3, 4, 5, 6, 7}, mSchedule=ScheduleInfo{days=[1, 2, 3, 4, 5, 6, 7], startHour=22, startMinute=0, endHour=7, endMinute=0, exitAtAlarm=true, nextAlarm=Thu Jan 01 08:00:00 GMT+08:00 1970 (0)}], now=Tue Jun 10 19:55:24 GMT+08:00 2025 (1749556524693), nextUserAlarmTime=Thu Jan 01 08:00:00 GMT+08:00 1970 (0)
06-10 19:55:24.778 740 740 D ConditionProviders.SCP: notifyCondition condition://android/schedule?days=1.2.3.4.5.6.7&start=22.0&end=7.0&exitAtAlarm=true STATE_FALSE reason=!meetsSchedule
06-10 19:55:24.778 740 860 D CompatibilityChangeReporter: Compat change id reported: 218533173; UID 10022; state: ENABLED
06-10 19:55:24.778 740 860 D CompatibilityChangeReporter: Compat change id reported: 262645982; UID 10022; state: ENABLED
06-10 19:55:24.782 740 740 D ConditionProviders.SCP: Scheduling evaluate for Tue Jun 10 22:00:00 GMT+08:00 2025 (1749564000000), in +2h4m35s307ms, now=Tue Jun 10 19:55:24 GMT+08:00 2025 (1749556524693)
06-10 19:55:24.784 740 860 D CompatibilityChangeReporter: Compat change id reported: 218533173; UID 10029; state: DISABLED
06-10 19:55:24.785 740 860 D CompatibilityChangeReporter: Compat change id reported: 262645982; UID 10029; state: DISABLED
06-10 19:55:24.785 740 860 D CompatibilityChangeReporter: Compat change id reported: 218533173; UID 10076; state: DISABLED
06-10 19:55:24.786 740 860 D CompatibilityChangeReporter: Compat change id reported: 262645982; UID 10076; state: DISABLED
06-10 19:55:24.786 740 860 D CompatibilityChangeReporter: Compat change id reported: 218533173; UID 10002; state: ENABLED
06-10 19:55:24.787 740 860 D CompatibilityChangeReporter: Compat change id reported: 262645982; UID 10002; state: ENABLED
06-10 19:55:24.789 740 860 D CompatibilityChangeReporter: Compat change id reported: 218533173; UID 10033; state: ENABLED
06-10 19:55:24.794 740 1136 W WindowManager: [addWindow] title:ShellDropTarget
06-10 19:55:24.798 740 860 D CompatibilityChangeReporter: Compat change id reported: 262645982; UID 10033; state: ENABLED
06-10 19:55:24.799 740 860 D CompatibilityChangeReporter: Compat change id reported: 218533173; UID 10003; state: ENABLED
06-10 19:55:24.800 740 860 D CompatibilityChangeReporter: Compat change id reported: 262645982; UID 10003; state: ENABLED
06-10 19:55:24.801 740 740 D HDMI : [R]: EF:86:20:00
06-10 19:55:24.801 740 1136 D CompatibilityChangeReporter: Compat change id reported: 168419799; UID 10052; state: DISABLED
06-10 19:55:24.801 740 860 D CompatibilityChangeReporter: Compat change id reported: 218533173; UID 10058; state: ENABLED
06-10 19:55:24.802 740 860 D CompatibilityChangeReporter: Compat change id reported: 262645982; UID 10058; state: ENABLED
06-10 19:55:24.803 740 740 D HDMI : addCecDevice new:CEC: logical_address: 0x0E device_type: 2 cec_version: 5 vendor_id: 16777215 display_name: Secondary_TV power_status: -1 physical_address: 0xFFFF port_id: -1 old:null
06-10 19:55:24.803 740 860 D CompatibilityChangeReporter: Compat change id reported: 218533173; UID 10053; state: ENABLED
06-10 19:55:24.804 740 860 D CompatibilityChangeReporter: Compat change id reported: 262645982; UID 10053; state: ENABLED
06-10 19:55:24.805 740 860 D CompatibilityChangeReporter: Compat change id reported: 218533173; UID 10030; state: ENABLED
06-10 19:55:24.805 740 860 D CompatibilityChangeReporter: Compat change id reported: 262645982; UID 10030; state: ENABLED
06-10 19:55:24.806 740 860 D CompatibilityChangeReporter: Compat change id reported: 218533173; UID 10013; state: ENABLED
06-10 19:55:24.806 740 860 D CompatibilityChangeReporter: Compat change id reported: 262645982; UID 10013; state: ENABLED
06-10 19:55:24.806 740 860 D CompatibilityChangeReporter: Compat change id reported: 218533173; UID 10024; state: ENABLED
06-10 19:55:24.813 740 860 D CompatibilityChangeReporter: Compat change id reported: 262645982; UID 10024; state: ENABLED
06-10 19:55:24.819 740 860 D CompatibilityChangeReporter: Compat change id reported: 218533173; UID 10023; state: ENABLED
06-10 19:55:24.819 740 1136 D CompatibilityChangeReporter: Compat change id reported: 273564678; UID 10052; state: DISABLED
06-10 19:55:24.835 740 740 D HDMI : addCecDevice new:CEC: logical_address: 0x04 device_type: 4 cec_version: 5 vendor_id: 1877008 display_name: DBBOX-A3 power_status: 0 physical_address: 0x2000 port_id: 0 old:null
06-10 19:55:24.835 740 860 D CompatibilityChangeReporter: Compat change id reported: 262645982; UID 10023; state: ENABLED
06-10 19:55:24.837 740 860 D CompatibilityChangeReporter: Compat change id reported: 218533173; UID 10021; state: ENABLED
06-10 19:55:24.838 740 860 D CompatibilityChangeReporter: Compat change id reported: 262645982; UID 10021; state: ENABLED
06-10 19:55:24.838 740 860 D CompatibilityChangeReporter: Compat change id reported: 218533173; UID 10062; state: ENABLED
06-10 19:55:24.842 740 860 D CompatibilityChangeReporter: Compat change id reported: 262645982; UID 10062; state: ENABLED
06-10 19:55:24.842 740 860 D CompatibilityChangeReporter: Compat change id reported: 218533173; UID 10020; state: ENABLED
06-10 19:55:24.848 740 740 D HDMI : onInitializeCecComplete 1
06-10 19:55:24.848 740 860 D CompatibilityChangeReporter: Compat change id reported: 262645982; UID 10020; state: ENABLED
06-10 19:55:24.849 740 740 D HdmiControlService: Local device is under address allocation. Queue display callback for later process.
06-10 19:55:24.850 740 740 D HDMI : onAddressAllocated address:4 reason:1
06-10 19:55:24.855 740 860 D CompatibilityChangeReporter: Compat change id reported: 218533173; UID 10004; state: ENABLED
06-10 19:55:24.857 740 953 D HDMI : [S]: 4F:84:20:00:04
06-10 19:55:24.857 740 860 D CompatibilityChangeReporter: Compat change id reported: 262645982; UID 10004; state: ENABLED
06-10 19:55:24.858 740 860 D CompatibilityChangeReporter: Compat change id reported: 218533173; UID 10009; state: ENABLED
06-10 19:55:24.858 740 860 D CompatibilityChangeReporter: Compat change id reported: 262645982; UID 10009; state: ENABLED
06-10 19:55:24.859 740 860 D CompatibilityChangeReporter: Compat change id reported: 218533173; UID 10042; state: DISABLED
06-10 19:55:24.871 740 860 D CompatibilityChangeReporter: Compat change id reported: 262645982; UID 10042; state: DISABLED
06-10 19:55:24.883 740 860 D CompatibilityChangeReporter: Compat change id reported: 218533173; UID 10070; state: DISABLED
06-10 19:55:24.884 740 860 D CompatibilityChangeReporter: Compat change id reported: 262645982; UID 10070; state: DISABLED
06-10 19:55:24.885 740 860 D CompatibilityChangeReporter: Compat change id reported: 218533173; UID 10044; state: ENABLED
06-10 19:55:24.885 740 860 D CompatibilityChangeReporter: Compat change id reported: 262645982; UID 10044; state: ENABLED
06-10 19:55:24.886 740 860 D CompatibilityChangeReporter: Compat change id reported: 218533173; UID 10011; state: ENABLED
06-10 19:55:24.886 740 860 D CompatibilityChangeReporter: Compat change id reported: 262645982; UID 10011; state: ENABLED
06-10 19:55:24.894 740 860 D CompatibilityChangeReporter: Compat change id reported: 218533173; UID 10028; state: ENABLED
06-10 19:55:24.894 740 860 D CompatibilityChangeReporter: Compat change id reported: 262645982; UID 10028; state: ENABLED
06-10 19:55:24.895 740 860 D CompatibilityChangeReporter: Compat change id reported: 218533173; UID 10049; state: DISABLED
06-10 19:55:24.897 740 860 D CompatibilityChangeReporter: Compat change id reported: 262645982; UID 10049; state: DISABLED
06-10 19:55:24.898 740 860 D CompatibilityChangeReporter: Compat change id reported: 218533173; UID 10072; state: ENABLED
06-10 19:55:24.899 740 860 D CompatibilityChangeReporter: Compat change id reported: 262645982; UID 10072; state: ENABLED
06-10 19:55:24.899 740 860 D CompatibilityChangeReporter: Compat change id reported: 218533173; UID 10015; state: ENABLED
06-10 19:55:24.900 740 860 D CompatibilityChangeReporter: Compat change id reported: 262645982; UID 10015; state: ENABLED
06-10 19:55:24.900 740 860 D CompatibilityChangeReporter: Compat change id reported: 218533173; UID 10067; state: ENABLED
06-10 19:55:24.901 740 860 D CompatibilityChangeReporter: Compat change id reported: 262645982; UID 10067; state: ENABLED
06-10 19:55:24.901 740 860 D CompatibilityChangeReporter: Compat change id reported: 218533173; UID 10054; state: ENABLED
06-10 19:55:24.902 740 860 D CompatibilityChangeReporter: Compat change id reported: 262645982; UID 10054; state: ENABLED
06-10 19:55:24.902 740 860 D CompatibilityChangeReporter: Compat change id reported: 218533173; UID 10050; state: DISABLED
06-10 19:55:24.902 740 860 D CompatibilityChangeReporter: Compat change id reported: 262645982; UID 10050; state: DISABLED
06-10 19:55:24.903 740 860 D CompatibilityChangeReporter: Compat change id reported: 171306433; UID 10050; state: DISABLED
06-10 19:55:24.903 740 860 D CompatibilityChangeReporter: Compat change id reported: 218533173; UID 10052; state: ENABLED
06-10 19:55:24.904 740 860 D CompatibilityChangeReporter: Compat change id reported: 218533173; UID 10005; state: ENABLED
06-10 19:55:24.904 740 860 D CompatibilityChangeReporter: Compat change id reported: 262645982; UID 10005; state: ENABLED
06-10 19:55:24.904 740 860 D CompatibilityChangeReporter: Compat change id reported: 218533173; UID 10074; state: ENABLED
06-10 19:55:24.905 740 860 D CompatibilityChangeReporter: Compat change id reported: 262645982; UID 10074; state: ENABLED
06-10 19:55:24.905 740 860 D CompatibilityChangeReporter: Compat change id reported: 218533173; UID 10045; state: ENABLED
06-10 19:55:24.905 740 860 D CompatibilityChangeReporter: Compat change id reported: 262645982; UID 10045; state: ENABLED
06-10 19:55:24.906 740 860 D CompatibilityChangeReporter: Compat change id reported: 218533173; UID 10065; state: ENABLED
06-10 19:55:24.906 740 860 D CompatibilityChangeReporter: Compat change id reported: 262645982; UID 10065; state: ENABLED
06-10 19:55:24.906 740 860 D CompatibilityChangeReporter: Compat change id reported: 218533173; UID 10034; state: ENABLED
06-10 19:55:24.907 740 860 D CompatibilityChangeReporter: Compat change id reported: 262645982; UID 10034; state: DISABLED
06-10 19:55:24.907 740 860 D CompatibilityChangeReporter: Compat change id reported: 218533173; UID 10000; state: ENABLED
06-10 19:55:24.908 740 860 D CompatibilityChangeReporter: Compat change id reported: 262645982; UID 10000; state: ENABLED
06-10 19:55:24.908 740 860 D CompatibilityChangeReporter: Compat change id reported: 218533173; UID 10060; state: ENABLED
06-10 19:55:24.908 740 860 D CompatibilityChangeReporter: Compat change id reported: 262645982; UID 10060; state: ENABLED
06-10 19:55:24.909 740 860 D CompatibilityChangeReporter: Compat change id reported: 218533173; UID 10077; state: DISABLED
06-10 19:55:24.910 740 860 D CompatibilityChangeReporter: Compat change id reported: 262645982; UID 10077; state: DISABLED
06-10 19:55:24.910 740 860 D CompatibilityChangeReporter: Compat change id reported: 218533173; UID 10059; state: ENABLED
06-10 19:55:24.910 740 860 D CompatibilityChangeReporter: Compat change id reported: 262645982; UID 10059; state: ENABLED
06-10 19:55:24.911 740 860 D CompatibilityChangeReporter: Compat change id reported: 218533173; UID 10014; state: ENABLED
06-10 19:55:24.916 740 860 D CompatibilityChangeReporter: Compat change id reported: 262645982; UID 10014; state: ENABLED
06-10 19:55:24.921 740 860 D CompatibilityChangeReporter: Compat change id reported: 265195908; UID 1068; state: ENABLED
06-10 19:55:24.945 982 1132 D WindowManagerShell: TvPipController: onImeVisibilityChanged(), visible=false, height=0
06-10 19:55:24.954 740 1136 D CoreBackPreview: Window{cbae5f8 u0 ShellDropTarget}: Setting back callback OnBackInvokedCallbackInfo{mCallback=android.window.IOnBackInvokedCallback$Stub$Proxy@f58ff4b, mPriority=0, mIsAnimationCallback=false}
06-10 19:55:24.993 740 740 D HDMI : DeviceDiscoveryAction start com.android.server.hdmi.DeviceDiscoveryAction@5ce5b1
06-10 19:55:25.003 740 1192 D CompatibilityChangeReporter: Compat change id reported: 161145287; UID 1068; state: ENABLED
06-10 19:55:25.012 740 953 D HDMI : [S]: 4F:87:1C:A4:10
06-10 19:55:25.029 740 740 W Looper : Slow dispatch took 219ms main h=android.os.Handler c=com.android.server.hdmi.WorkSourceUidPreservingRunnable@e6d6307 m=0
06-10 19:55:25.063 740 740 D CompatibilityChangeReporter: Compat change id reported: 135634846; UID 10058; state: DISABLED
06-10 19:55:25.064 740 816 D CompatibilityChangeReporter: Compat change id reported: 143937733; UID 10058; state: ENABLED
06-10 19:55:25.081 740 740 D HDMI : receive android.intent.action.CONFIGURATION_CHANGED
06-10 19:55:25.081 740 816 I ActivityManager: Start proc 1209:android.ext.services/u0a58 for service {android.ext.services/android.ext.services.autofill.InlineSuggestionRenderServiceImpl}
06-10 19:55:25.109 740 740 D HDMI : receive android.intent.action.CONFIGURATION_CHANGED
06-10 19:55:25.121 658 658 I wificond: Regulatory domain changed to country: 00 on wiphy_index: 0
06-10 19:55:25.121 658 658 I wificond: UpdateBandInfo
06-10 19:55:25.126 658 658 I wificond: 2.4Ghz frequencies: 2412 2417 2422 2427 2432 2437 2442 2447 2452 2457 2462 2467 2472 2484
06-10 19:55:25.126 658 658 I wificond: 5Ghz non-DFS frequencies: 5180 5200 5220 5240 5745 5765 5785 5805 5825
06-10 19:55:25.126 658 658 I wificond: 5Ghz DFS frequencies: 5260 5280 5300 5320 5500 5520 5540 5560 5580 5600 5620 5640 5660 5680 5700 5720
06-10 19:55:25.126 658 658 I wificond: 6Ghz frequencies:
06-10 19:55:25.126 658 658 I wificond: 60Ghz frequencies:
06-10 19:55:25.134 740 740 I HdmiCecLocalDeviceSource: queryDisplayStatus already in progress
06-10 19:55:25.135 658 658 I wificond: Regulatory domain changed to country: CN on wiphy_index: 0
06-10 19:55:25.135 658 658 I wificond: UpdateBandInfo
06-10 19:55:25.139 658 658 I wificond: 2.4Ghz frequencies: 2412 2417 2422 2427 2432 2437 2442 2447 2452 2457 2462 2467 2472
06-10 19:55:25.139 658 658 I wificond: 5Ghz non-DFS frequencies: 5745 5765 5785 5805 5825
06-10 19:55:25.139 658 658 I wificond: 5Ghz DFS frequencies: 5180 5200 5220 5240 5260 5280 5300 5320
06-10 19:55:25.139 658 658 I wificond: 6Ghz frequencies:
06-10 19:55:25.139 658 658 I wificond: 60Ghz frequencies:
06-10 19:55:25.146 658 658 I wificond: Receive notifyCountryCodeChanged
06-10 19:55:25.146 658 658 I wificond: UpdateBandInfo
06-10 19:55:25.149 740 1192 D CompatibilityChangeReporter: Compat change id reported: 161145287; UID 1073; state: ENABLED
06-10 19:55:25.149 658 658 I wificond: 2.4Ghz frequencies: 2412 2417 2422 2427 2432 2437 2442 2447 2452 2457 2462 2467 2472
06-10 19:55:25.149 658 658 I wificond: 5Ghz non-DFS frequencies: 5745 5765 5785 5805 5825
06-10 19:55:25.149 658 658 I wificond: 5Ghz DFS frequencies: 5180 5200 5220 5240 5260 5280 5300 5320
06-10 19:55:25.149 658 658 I wificond: 6Ghz frequencies:
06-10 19:55:25.149 658 658 I wificond: 60Ghz frequencies:
06-10 19:55:25.156 740 740 I PackageWatchdog: Syncing health check requests for packages: {}
06-10 19:55:25.156 740 740 I ExplicitHealthCheckController: Service not ready to get health check supported packages. Binding...
06-10 19:55:25.158 740 740 I ExplicitHealthCheckController: Explicit health check service is bound
06-10 19:55:25.171 740 953 D HDMI : [S]: 40:8C
06-10 19:55:25.205 740 1174 D CompatibilityChangeReporter: Compat change id reported: 168419799; UID 10058; state: DISABLED
06-10 19:55:25.205 740 1174 D CompatibilityChangeReporter: Compat change id reported: 273564678; UID 10058; state: DISABLED
06-10 19:55:25.210 740 860 D CompatibilityChangeReporter: Compat change id reported: 265195908; UID 10058; state: ENABLED
06-10 19:55:25.229 740 1174 D CompatibilityChangeReporter: Compat change id reported: 170503758; UID 10058; state: ENABLED
06-10 19:55:25.230 740 1136 D CompatibilityChangeReporter: Compat change id reported: 157233955; UID 10052; state: ENABLED
06-10 19:55:25.255 740 953 D HDMI : [S]: 40:47:44:42:42:4F:58:2D:41:33
06-10 19:55:25.261 740 740 D CompatibilityChangeReporter: Compat change id reported: 161145287; UID 1000; state: DISABLED
06-10 19:55:25.262 740 740 D CompatibilityChangeReporter: Compat change id reported: 161145287; UID 1000; state: ENABLED
06-10 19:55:25.291 740 852 D CompatibilityChangeReporter: Compat change id reported: 182478738; UID 1073; state: ENABLED
06-10 19:55:25.340 740 740 D HDMI : addCecDevice new:CEC: logical_address: 0x0E device_type: 2 cec_version: 5 vendor_id: 16777215 display_name: Secondary_TV power_status: -1 physical_address: 0xFFFF port_id: -1 old:null
06-10 19:55:25.341 740 740 D HdmiControlService: Switching to full volume behavior
06-10 19:55:25.343 740 740 D HDMI : setActiveSource logical:0x04 physical:0x2000 HdmiCecLocalDeviceSource#handleSetStreamPath()
06-10 19:55:25.348 740 1192 I MR2ServiceImpl: registerManager | uid: 10052, pid: 982, package: com.android.systemui, user: 0
06-10 19:55:25.354 740 740 D HDMI : ActiveSourceHistoryRecord active source=(0x04, 0x2000) isActiveSource=true from=HdmiCecLocalDeviceSource#handleSetStreamPath()
06-10 19:55:25.354 740 740 D HDMI : No wakelock is used to keep the display on.
06-10 19:55:25.355 740 740 D HDMI : setActiveSource logical:0x04 physical:0x2000 ActiveSourceAction
06-10 19:55:25.361 740 740 D HDMI : ActiveSourceHistoryRecord active source=(0x04, 0x2000) isActiveSource=true from=ActiveSourceAction
06-10 19:55:25.362 740 740 D AudioService: onHdmiCecVolumeControlFeature enabled:false
06-10 19:55:25.369 740 934 D AudioService: setWiredDeviceConnectionState( type:400 state:DEVICE_STATE_AVAILABLE addr: name:) from android
06-10 19:55:25.369 740 934 I AS.AudioDeviceInventory: handleDeviceConnection(true dev:400 address: name:)
06-10 19:55:25.370 740 934 I AS.AudioDeviceInventory: deviceKey:0x400:
06-10 19:55:25.370 740 934 I AS.AudioDeviceInventory: deviceInfo:null is(already)Connected:false
06-10 19:55:25.376 740 740 W NotificationHistory: Attempted to add notif for locked/gone/disabled user 0
06-10 19:55:25.384 740 740 D SystemServerTiming: ManagedServices.unbindOtherUserServices_current0
06-10 19:55:25.384 740 740 D SystemServerTiming: ManagedServices.unbindOtherUserServices_current0
06-10 19:55:25.385 740 740 D SystemServerTiming: ManagedServices.unbindOtherUserServices_current0
06-10 19:55:25.385 740 740 V NotificationAssistants: enabling notification assistant for 0: ComponentInfo{android.ext.services/android.ext.services.notification.Assistant}
06-10 19:55:25.385 740 740 V NotificationAssistants: binding: Intent { act=android.service.notification.NotificationAssistantService cmp=android.ext.services/.notification.Assistant (has extras) }
06-10 19:55:25.481 982 982 W Looper : Slow dispatch took 3073ms main h=android.app.ActivityThread$H c=null m=110
06-10 19:55:25.481 982 982 W Looper : Slow delivery took 2276ms main h=android.app.ActivityThread$H c=null m=164
06-10 19:55:25.569 1143 1143 W ActivityThread: Failed to find provider info for bluetooth_legacy.provider (user not unlocked)
06-10 19:55:25.611 740 853 D CompatibilityChangeReporter: Compat change id reported: 161145287; UID 10058; state: ENABLED
06-10 19:55:25.661 998 998 W Looper : Slow dispatch took 3081ms main h=android.app.ActivityThread$H c=null m=110
06-10 19:55:25.662 998 998 W Looper : Slow delivery took 2421ms main h=android.app.ActivityThread$H c=null m=164
06-10 19:55:25.670 1143 1143 W Looper : Slow dispatch took 2180ms main h=android.app.ActivityThread$H c=null m=110
06-10 19:55:25.681 998 998 W ContextImpl: Calling a method in the system process without a qualified user: android.app.ContextImpl.startService:1899 android.content.ContextWrapper.startService:825 com.droidlogic.DroidlogicApplication$1.handleMessage:93 android.os.Handler.dispatchMessage:106 android.os.Looper.loopOnce:205
06-10 19:55:25.692 740 953 D HDMI : [S]: 45:7D
06-10 19:55:25.702 998 998 W Looper : Drained
06-10 19:55:25.732 740 1136 D CompatibilityChangeReporter: Compat change id reported: 161145287; UID 1002; state: ENABLED
06-10 19:55:25.805 740 953 E HDMI : [1]:Failed to send 45:7D with errorCode=1
06-10 19:55:25.862 740 953 D HDMI : [S]: 40:8F
06-10 19:55:25.941 740 953 D HDMI : [S]: 4F:82:20:00
06-10 19:55:26.058 740 807 W ActivityTaskManager: Activity top resumed state loss timeout for ActivityRecord{b432a67 u0 com.android.systemui/.sensorprivacy.television.TvSensorPrivacyChangedActivity t2 f}}
06-10 19:55:26.061 740 807 W ActivityTaskManager: Activity pause timeout for ActivityRecord{b432a67 u0 com.android.systemui/.sensorprivacy.television.TvSensorPrivacyChangedActivity t2 f}}
06-10 19:55:26.063 740 807 D WindowManager: ThemeHomeDelay: Home launch was deferred.
06-10 19:55:26.065 740 807 D WindowManager: ThemeHomeDelay: Home launch was deferred.
06-10 19:55:26.066 740 934 I AS.AudioDeviceInventory: sendDeviceConnectionIntent(dev:0x400 state:0x1 address: name:);
06-10 19:55:26.066 740 807 D WindowManager: ThemeHomeDelay: Home launch was deferred.
06-10 19:55:26.070 740 953 D HDMI : [S]: 4E:8E:00
06-10 19:55:26.169 982 1132 D WindowManagerShell: TvPipController: onTaskStackChanged()
06-10 19:55:26.181 740 953 E HDMI : [1]:Failed to send 4E:8E:00 with errorCode=1
06-10 19:55:26.649 740 805 W WindowManager: Keyguard drawn timeout. Setting mKeyguardDrawComplete
06-10 19:55:26.740 740 1261 D CompatibilityChangeReporter: Compat change id reported: 182478738; UID 10052; state: ENABLED
06-10 19:55:26.791 740 798 I StatusBarManagerService: registerStatusBar bar=com.android.internal.statusbar.IStatusBar$Stub$Proxy@8157d4b
06-10 19:55:26.960 740 1261 D WindowManager: ThemeHomeDelay: Home launch was deferred.
06-10 19:55:27.087 740 852 D CompatibilityChangeReporter: Compat change id reported: 265464455; UID 1000; state: DISABLED
06-10 19:55:27.087 740 852 D CompatibilityChangeReporter: Compat change id reported: 265452344; UID 1000; state: DISABLED
06-10 19:55:27.087 740 852 D CompatibilityChangeReporter: Compat change id reported: 266124927; UID 1000; state: DISABLED
06-10 19:55:27.088 740 852 D CompatibilityChangeReporter: Compat change id reported: 265451093; UID 1000; state: DISABLED
06-10 19:55:27.088 740 852 D CompatibilityChangeReporter: Compat change id reported: 265456536; UID 1000; state: DISABLED
06-10 19:55:27.088 740 852 D CompatibilityChangeReporter: Compat change id reported: 255940284; UID 1000; state: DISABLED
06-10 19:55:27.088 740 852 D CompatibilityChangeReporter: Compat change id reported: 236283604; UID 1000; state: DISABLED
06-10 19:55:27.089 740 852 D CompatibilityChangeReporter: Compat change id reported: 263959004; UID 1000; state: DISABLED
06-10 19:55:27.089 740 852 D CompatibilityChangeReporter: Compat change id reported: 264304459; UID 1000; state: DISABLED
06-10 19:55:27.089 740 852 D CompatibilityChangeReporter: Compat change id reported: 264301586; UID 1000; state: DISABLED
06-10 19:55:27.090 740 852 D CompatibilityChangeReporter: Compat change id reported: 254631730; UID 1000; state: DISABLED
06-10 19:55:27.090 740 852 D CompatibilityChangeReporter: Compat change id reported: 273509367; UID 1000; state: DISABLED
06-10 19:55:27.090 740 852 D CompatibilityChangeReporter: Compat change id reported: 263259275; UID 1000; state: DISABLED
06-10 19:55:27.090 740 852 D CompatibilityChangeReporter: Compat change id reported: 174042980; UID 1000; state: DISABLED
06-10 19:55:27.090 740 852 D CompatibilityChangeReporter: Compat change id reported: 174042936; UID 1000; state: DISABLED
06-10 19:55:27.090 740 852 D CompatibilityChangeReporter: Compat change id reported: 181136395; UID 1000; state: DISABLED
06-10 19:55:27.141 740 740 W Looper : Slow dispatch took 1753ms main h=android.app.ActivityThread$H c=android.app.LoadedApk$ReceiverDispatcher$Args$$ExternalSyntheticLambda0@b7a5b9a m=0
06-10 19:55:27.142 740 852 D CompatibilityChangeReporter: Compat change id reported: 194480991; UID 1000; state: ENABLED
06-10 19:55:27.150 740 852 D CompatibilityChangeReporter: Compat change id reported: 197654537; UID 1000; state: ENABLED
06-10 19:55:27.155 740 852 I ActivityTaskManager: START u0 {act=android.intent.action.MAIN cat=[android.intent.category.HOME] flg=0x10000100 cmp=com.android.tv.settings/.system.FallbackHome (has extras)} with LAUNCH_MULTIPLE from uid 0 (BAL_ALLOW_ALLOWLISTED_UID) result code=0
06-10 19:55:27.157 740 852 D SystemServerTiming: getUserSwitchability-0
06-10 19:55:27.157 740 852 D SystemServerTiming: TM.isInCall
06-10 19:55:27.158 740 807 I ActivityManager: com.android.tv.settings is exempt from freezer
06-10 19:55:27.158 740 807 D CompatibilityChangeReporter: Compat change id reported: 135634846; UID 1000; state: DISABLED
06-10 19:55:27.163 740 852 D SystemServerTiming: hasUserRestriction-DISALLOW_USER_SWITCH
06-10 19:55:27.163 740 852 D SystemServerTiming: getInt-ALLOW_USER_SWITCHING_WHEN_SYSTEM_USER_LOCKED
06-10 19:55:27.163 740 852 D SystemServerTiming: isUserUnlocked-USER_SYSTEM
06-10 19:55:27.172 740 816 I ActivityManager: Start proc 1365:com.android.tv.settings/1000 for top-activity {com.android.tv.settings/com.android.tv.settings.system.FallbackHome}
06-10 19:55:27.193 982 982 W Looper : Drained
06-10 19:55:27.193 740 852 D SystemServerTiming: getUserSwitchability-0
06-10 19:55:27.193 740 852 D SystemServerTiming: TM.isInCall
06-10 19:55:27.194 740 852 D SystemServerTiming: hasUserRestriction-DISALLOW_USER_SWITCH
06-10 19:55:27.194 740 852 D SystemServerTiming: getInt-ALLOW_USER_SWITCHING_WHEN_SYSTEM_USER_LOCKED
06-10 19:55:27.194 740 852 D SystemServerTiming: isUserUnlocked-USER_SYSTEM
06-10 19:55:27.198 740 852 D SystemServerTiming: getUserSwitchability-0
06-10 19:55:27.198 740 852 D SystemServerTiming: TM.isInCall
06-10 19:55:27.198 740 852 D SystemServerTiming: hasUserRestriction-DISALLOW_USER_SWITCH
06-10 19:55:27.198 740 852 D SystemServerTiming: getInt-ALLOW_USER_SWITCHING_WHEN_SYSTEM_USER_LOCKED
06-10 19:55:27.199 740 852 D SystemServerTiming: isUserUnlocked-USER_SYSTEM
06-10 19:55:27.207 740 852 D SystemServerTiming: getUserSwitchability-0
06-10 19:55:27.207 740 852 D SystemServerTiming: TM.isInCall
06-10 19:55:27.208 740 852 D SystemServerTiming: hasUserRestriction-DISALLOW_USER_SWITCH
06-10 19:55:27.208 740 852 D SystemServerTiming: getInt-ALLOW_USER_SWITCHING_WHEN_SYSTEM_USER_LOCKED
06-10 19:55:27.208 740 852 D SystemServerTiming: isUserUnlocked-USER_SYSTEM
06-10 19:55:27.211 740 852 D SystemServerTiming: getUserSwitchability-0
06-10 19:55:27.211 740 852 D SystemServerTiming: TM.isInCall
06-10 19:55:27.212 740 852 D SystemServerTiming: hasUserRestriction-DISALLOW_USER_SWITCH
06-10 19:55:27.212 740 852 D SystemServerTiming: getInt-ALLOW_USER_SWITCHING_WHEN_SYSTEM_USER_LOCKED
06-10 19:55:27.212 740 852 D SystemServerTiming: isUserUnlocked-USER_SYSTEM
06-10 19:55:27.216 740 1174 D CompatibilityChangeReporter: Compat change id reported: 168419799; UID 1000; state: DISABLED
06-10 19:55:27.217 740 1174 D CompatibilityChangeReporter: Compat change id reported: 273564678; UID 1000; state: DISABLED
06-10 19:55:27.334 740 1174 V WindowManager: app ------------- force_land :0
06-10 19:55:27.334 740 1174 V WindowManager: app ------------- force_land :0
06-10 19:55:27.395 740 740 W Looper : Slow dispatch took 254ms main h=android.app.ActivityThread$H c=android.app.LoadedApk$ReceiverDispatcher$Args$$ExternalSyntheticLambda0@d2476a1 m=0
06-10 19:55:27.401 740 740 D HdmiControlService: Switching to full volume behavior
06-10 19:55:27.402 740 740 D HdmiControlService: Switching to full volume behavior
06-10 19:55:27.403 740 740 I MR2ServiceImpl: addProviderRoutes | provider: com.android.server.media/.SystemMediaRoute2Provider, routes: [DEVICE_ROUTE | 电视]
06-10 19:55:27.453 740 852 W WindowManager: [addWindow] title:com.android.tv.settings/com.android.tv.settings.system.FallbackHome
06-10 19:55:27.472 740 852 D CoreBackPreview: Window{f51e776 u0 com.android.tv.settings/com.android.tv.settings.system.FallbackHome}: Setting back callback OnBackInvokedCallbackInfo{mCallback=android.window.IOnBackInvokedCallback$Stub$Proxy@65d01e4, mPriority=0, mIsAnimationCallback=false}
06-10 19:55:27.565 740 740 W Looper : Slow dispatch took 161ms main h=com.android.server.media.MediaRouter2ServiceImpl$UserHandler c= m=0
06-10 19:55:27.566 740 740 I AutofillManagerService: Updating for user 0: disabled=false
06-10 19:55:27.576 740 740 D HDMI : [R]: 0F:87:00:EC:0A
06-10 19:55:27.577 740 740 D HDMI : addCecDevice new:CEC: logical_address: 0x00 device_type: 0 cec_version: 5 vendor_id: 16777215 display_name: TV power_status: -1 physical_address: 0xFFFF port_id: -1 old:null
06-10 19:55:27.578 740 740 D HdmiControlService: Switching to full volume behavior
06-10 19:55:27.579 740 740 D HDMI : TV is available now for receiving its message
06-10 19:55:27.579 740 740 D AudioService: onStatusChange cecEnabled:true available:true
06-10 19:55:27.580 740 805 W ContextImpl: Calling a method in the system process without a qualified user: android.app.ContextImpl.startService:1899 com.android.server.wm.DisplayPolicy.lambda$focusChangedLw$5:2126 com.android.server.wm.DisplayPolicy.$r8$lambda$Znxk63oh-WzVnzo_WQefN7uxV48:0 com.android.server.wm.DisplayPolicy$$ExternalSyntheticLambda13.run:0 android.os.Handler.handleCallback:958
06-10 19:55:27.580 740 805 W ActivityManager: Unable to start service Intent { cmp=com.oranth.ledstatus/.LedStatusService } U=0: not found
06-10 19:55:27.584 740 740 I ExplicitHealthCheckController: Explicit health check service is connected ComponentInfo{android.ext.services/android.ext.services.watchdog.ExplicitHealthCheckServiceImpl}
06-10 19:55:27.584 740 740 I ExplicitHealthCheckController: Service initialized, syncing requests
06-10 19:55:27.585 740 740 D WallpaperManagerService: WPMS.onServiceConnected-ComponentInfo{com.android.systemui/com.android.systemui.wallpapers.ImageWallpaper}
06-10 19:55:27.585 740 740 D WallpaperManagerService: WPMS.attachServiceLocked
06-10 19:55:27.585 740 740 D WallpaperManagerService: WPMS.onServiceConnected-ComponentInfo{com.android.systemui/com.android.systemui.wallpapers.ImageWallpaper}
06-10 19:55:27.585 740 740 D WallpaperManagerService: WPMS.attachServiceLocked
06-10 19:55:27.585 740 740 D WallpaperManagerService: WPMS.connectLocked-ComponentInfo{com.android.systemui/com.android.systemui.wallpapers.ImageWallpaper}
06-10 19:55:27.590 740 740 D WallpaperManagerService: WPMS.saveSettingsLocked-0
06-10 19:55:27.596 740 740 V NotificationAssistants: 0 notification assistant service connected: ComponentInfo{android.ext.services/android.ext.services.notification.Assistant}
06-10 19:55:27.597 740 740 D HDMI : AVR did not respond to
06-10 19:55:27.610 740 804 V WindowManager: Sent Transition #0 createdAt=06-10 19:55:25.558
06-10 19:55:27.610 740 804 V WindowManager: startWCT=WindowContainerTransaction { changes = {} hops = [] errorCallbackToken=null taskFragmentOrganizer=null }
06-10 19:55:27.613 740 804 V WindowManager: info=null
06-10 19:55:27.614 740 804 V WindowManager: Finish Transition #0: created at
06-10 19:55:25.558 collect-started=0.255ms request-sent=0.301ms started=6.649ms ready=1779.269ms sent=2043.276ms finished=2052.996ms
06-10 19:55:27.616 740 807 D ActivityManagerTiming: FinishBooting
06-10 19:55:27.617 740 807 D WindowManager: updateCecScreenStatus 0
06-10 19:55:27.618 740 807 D HDMI : setCecSettingIntValue name:cec_screen_state, value:0
06-10 19:55:27.618 740 1174 W WindowManager: [addWindow] title:com.android.systemui.wallpapers.ImageWallpaper
06-10 19:55:27.640 740 807 D ActivityManagerTiming: FinishBooting
06-10 19:55:27.643 740 807 I ActivityManager: About to commit checkpoint
06-10 19:55:27.644 740 807 I SystemServiceManager: Starting phase 1000
06-10 19:55:27.644 740 807 D ActivityManagerTiming: OnBootPhase_1000
06-10 19:55:27.644 740 807 D ActivityManagerTiming: OnBootPhase_1000_com.android.server.security.FileIntegrityService
06-10 19:55:27.644 740 807 D ActivityManagerTiming: OnBootPhase_1000_com.android.server.pm.Installer
06-10 19:55:27.644 740 807 D ActivityManagerTiming: OnBootPhase_1000_com.android.server.os.DeviceIdentifiersPolicyService
06-10 19:55:27.644 740 807 D ActivityManagerTiming: OnBootPhase_1000_com.android.server.flags.FeatureFlagsService
06-10 19:55:27.644 740 807 D ActivityManagerTiming: OnBootPhase_1000_com.android.server.uri.UriGrantsManagerService$Lifecycle
06-10 19:55:27.644 740 807 D ActivityManagerTiming: OnBootPhase_1000_com.android.server.powerstats.PowerStatsService
06-10 19:55:27.644 740 807 E PowerStatsService: Failed to start PowerStatsService loggers
06-10 19:55:27.644 740 807 D ActivityManagerTiming: OnBootPhase_1000_com.android.server.permission.access.AccessCheckingService
06-10 19:55:27.644 740 807 D ActivityManagerTiming: OnBootPhase_1000_com.android.server.wm.ActivityTaskManagerService$Lifecycle
06-10 19:55:27.644 740 807 D ActivityManagerTiming: OnBootPhase_1000_com.android.server.am.ActivityManagerService$Lifecycle
06-10 19:55:27.645 740 807 D ActivityManagerTiming: OnBootPhase_1000_com.android.server.pm.DataLoaderManagerService
06-10 19:55:27.645 740 807 D ActivityManagerTiming: OnBootPhase_1000_com.android.server.power.PowerManagerService
06-10 19:55:27.646 740 807 D ActivityManagerTiming: OnBootPhase_1000_com.android.server.power.ThermalManagerService
06-10 19:55:27.646 740 807 D ActivityManagerTiming: OnBootPhase_1000_com.android.server.power.hint.HintManagerService
06-10 19:55:27.647 740 807 D ActivityManagerTiming: OnBootPhase_1000_com.android.server.recoverysystem.RecoverySystemService$Lifecycle
06-10 19:55:27.647 740 807 D ActivityManagerTiming: OnBootPhase_1000_com.android.server.lights.LightsService
06-10 19:55:27.647 740 807 D ActivityManagerTiming: OnBootPhase_1000_com.android.server.display.DisplayManagerService
06-10 19:55:27.647 740 832 I DisplayBrightnessStrategySelector: Changing the DisplayBrightnessStrategy from OverrideBrightnessStrategy toInvalidBrightnessStrategy for display 0
06-10 19:55:27.648 740 832 V DisplayPowerController2[0]: Brightness [0.39763778] reason changing to: 'manual', previous reason: 'override'.
06-10 19:55:27.648 740 832 I DisplayPowerController2[0]: BrightnessEvent: disp=0, physDisp=local:4639170348389509643, brt=0.39763778, initBrt=0.39763778, rcmdBrt=NaN, preBrt=NaN, lux=0.0, preLux=0.0, hbmMax=1.0, hbmMode=off, rbcStrength=0, thrmMax=1.0, powerFactor=1.0, wasShortTermModelActive=false, flags=, reason=manual, autoBrightness=false, strategy=InvalidBrightnessStrategy
06-10 19:55:27.650 740 807 I LogicalDisplayMapper: Requesting Transition to state: 0, from state=-1, interactive=true, mBootCompleted=true
06-10 19:55:27.651 740 807 I LogicalDisplayMapper: Applying layout: [{dispId: 0(ON), displayGroupName: , addr: {port=11, model=0x4061a4da3c482a}, mThermalBrightnessThrottlingMapId: null, mRefreshRateZoneId: null, mLeadDisplayId: -1, mLeadDisplayAddress: null, mThermalRefreshRateThrottlingMapId: null}], Previous layout: [{dispId: 0(ON), displayGroupName: , addr: {port=11, model=0x4061a4da3c482a}, mThermalBrightnessThrottlingMapId: null, mRefreshRateZoneId: null, mLeadDisplayId: -1, mLeadDisplayAddress: null, mThermalRefreshRateThrottlingMapId: null}]
06-10 19:55:27.651 740 807 D ActivityManagerTiming: OnBootPhase_1000_com.android.server.pm.verify.domain.DomainVerificationService
06-10 19:55:27.652 740 807 D ActivityManagerTiming: OnBootPhase_1000_com.android.server.pm.PackageInstallerService$Lifecycle
06-10 19:55:27.652 740 807 D ActivityManagerTiming: OnBootPhase_1000_com.android.server.pm.UserManagerService$LifeCycle
06-10 19:55:27.652 740 807 D ActivityManagerTiming: OnBootPhase_1000_com.android.server.om.OverlayManagerService
06-10 19:55:27.652 740 807 D ActivityManagerTiming: OnBootPhase_1000_com.android.server.resources.ResourcesManagerService
06-10 19:55:27.652 740 807 D ActivityManagerTiming: OnBootPhase_1000_com.android.server.sensorprivacy.SensorPrivacyService
06-10 19:55:27.652 740 807 D ActivityManagerTiming: OnBootPhase_1000_com.android.server.sensors.SensorService
06-10 19:55:27.652 740 807 D ActivityManagerTiming: OnBootPhase_1000_com.android.server.SystemConfigService
06-10 19:55:27.652 740 807 D ActivityManagerTiming: OnBootPhase_1000_com.android.server.BatteryService
06-10 19:55:27.652 740 807 D ActivityManagerTiming: OnBootPhase_1000_com.android.server.usage.UsageStatsService
06-10 19:55:27.654 740 807 D ActivityManagerTiming: OnBootPhase_1000_com.android.server.webkit.WebViewUpdateService
06-10 19:55:27.654 740 807 D ActivityManagerTiming: OnBootPhase_1000_com.android.server.CachedDeviceStateService
06-10 19:55:27.654 740 807 D ActivityManagerTiming: OnBootPhase_1000_com.android.server.BinderCallsStatsService$LifeCycle
06-10 19:55:27.654 740 807 D ActivityManagerTiming: OnBootPhase_1000_com.android.server.LooperStatsService$Lifecycle
06-10 19:55:27.654 740 807 D ActivityManagerTiming: OnBootPhase_1000_com.android.server.rollback.RollbackManagerService
06-10 19:55:27.657 740 864 D RollbackManager: mRollbackLifetimeDurationInMillis=1209600000
06-10 19:55:27.657 740 807 D ActivityManagerTiming: OnBootPhase_1000_com.android.server.os.NativeTombstoneManagerService
06-10 19:55:27.657 740 807 D ActivityManagerTiming: OnBootPhase_1000_com.android.server.os.BugreportManagerService
06-10 19:55:27.657 740 807 D ActivityManagerTiming: OnBootPhase_1000_com.android.server.gpu.GpuService
06-10 19:55:27.657 740 807 D ActivityManagerTiming: OnBootPhase_1000_com.android.server.security.rkp.RemoteProvisioningService
06-10 19:55:27.657 740 807 D ActivityManagerTiming: OnBootPhase_1000_com.android.server.security.KeyChainSystemService
06-10 19:55:27.657 740 807 D ActivityManagerTiming: OnBootPhase_1000_com.android.server.BinaryTransparencyService
06-10 19:55:27.657 740 807 I TransparencyService: Boot completed. Getting VBMeta Digest.
06-10 19:55:27.658 740 807 D TransparencyService: VBMeta Digest: 06ed4fca9f32ccd6b453f651cba86f303a09163b47a2b987fac94b048954a7e5
06-10 19:55:27.658 740 807 I TransparencyService: Boot completed. Collecting biometric system properties.
06-10 19:55:27.658 740 807 I TransparencyService: Scheduling measurements to be taken.
06-10 19:55:27.659 740 807 I TransparencyService: Scheduling binary content-digest computation job
06-10 19:55:27.660 740 807 D CompatibilityChangeReporter: Compat change id reported: 253665015; UID 1000; state: DISABLED
06-10 19:55:27.660 740 807 D CompatibilityChangeReporter: Compat change id reported: 253665015; UID 1000; state: ENABLED
06-10 19:55:27.661 740 860 D AppStandbyController: Loaded headless system app cache in 4 ms: appIdleEnabled=true
06-10 19:55:27.661 740 807 D CompatibilityChangeReporter: Compat change id reported: 194532703; UID 1000; state: DISABLED
06-10 19:55:27.662 740 807 D CompatibilityChangeReporter: Compat change id reported: 194532703; UID 1000; state: ENABLED
06-10 19:55:27.664 740 807 D TransparencyService: Job 1740526926 to measure binaries was scheduled successfully.
06-10 19:55:27.664 740 807 D TransparencyService: Registering APK & Non-Staged APEX updates...
06-10 19:55:27.664 740 807 D TransparencyService: Registering APEX updates...
06-10 19:55:27.666 740 807 D ActivityManagerTiming: OnBootPhase_1000_com.android.server.accounts.AccountManagerService$Lifecycle
06-10 19:55:27.667 740 807 D ActivityManagerTiming: OnBootPhase_1000_com.android.server.content.ContentService$Lifecycle
06-10 19:55:27.667 740 807 D ActivityManagerTiming: OnBootPhase_1000_com.android.server.deviceconfig.DeviceConfigInit$Lifecycle
06-10 19:55:27.667 740 807 D ActivityManagerTiming: OnBootPhase_1000_com.android.server.DropBoxManagerService
06-10 19:55:27.667 740 807 D ActivityManagerTiming: OnBootPhase_1000_com.android.role.RoleService
06-10 19:55:27.667 740 807 D ActivityManagerTiming: OnBootPhase_1000_com.android.server.vibrator.VibratorManagerService$Lifecycle
06-10 19:55:27.667 740 807 D ActivityManagerTiming: OnBootPhase_1000_com.android.server.tare.InternalResourceService
06-10 19:55:27.667 740 807 D ActivityManagerTiming: OnBootPhase_1000_com.android.server.alarm.AlarmManagerService
06-10 19:55:27.667 740 807 D ActivityManagerTiming: OnBootPhase_1000_com.android.server.devicestate.DeviceStateManagerService
06-10 19:55:27.667 740 807 D ActivityManagerTiming: OnBootPhase_1000_com.android.server.camera.CameraServiceProxy
06-10 19:55:27.669 740 807 D ActivityManagerTiming: OnBootPhase_1000_com.android.server.bluetooth.BluetoothService
06-10 19:55:27.669 740 807 D ActivityManagerTiming: OnBootPhase_1000_com.android.server.connectivity.IpConnectivityMetrics
06-10 19:55:27.669 740 807 D ActivityManagerTiming: OnBootPhase_1000_com.android.server.net.watchlist.NetworkWatchlistService$Lifecycle
06-10 19:55:27.669 740 807 D ActivityManagerTiming: OnBootPhase_1000_com.android.server.PinnerService
06-10 19:55:27.669 740 807 D ActivityManagerTiming: OnBootPhase_1000_com.android.server.integrity.AppIntegrityManagerService
06-10 19:55:27.669 740 807 D ActivityManagerTiming: OnBootPhase_1000_com.android.server.logcat.LogcatManagerService
06-10 19:55:27.669 740 807 D ActivityManagerTiming: OnBootPhase_1000_com.android.server.inputmethod.InputMethodManagerService$Lifecycle
06-10 19:55:27.669 740 807 D ActivityManagerTiming: OnBootPhase_1000_com.android.server.accessibility.AccessibilityManagerService$Lifecycle
06-10 19:55:27.669 740 807 D ActivityManagerTiming: OnBootPhase_1000_com.android.server.StorageManagerService$Lifecycle
06-10 19:55:27.670 740 807 D ActivityManagerTiming: OnBootPhase_1000_com.android.server.usage.StorageStatsService$Lifecycle
06-10 19:55:27.670 740 807 D ActivityManagerTiming: OnBootPhase_1000_com.android.server.UiModeManagerService
06-10 19:55:27.670 740 807 D ActivityManagerTiming: OnBootPhase_1000_com.android.server.locales.LocaleManagerService
06-10 19:55:27.670 740 807 D ActivityManagerTiming: OnBootPhase_1000_com.android.server.grammaticalinflection.GrammaticalInflectionService
06-10 19:55:27.670 740 807 D ActivityManagerTiming: OnBootPhase_1000_com.android.server.apphibernation.AppHibernationService
06-10 19:55:27.670 740 807 D ActivityManagerTiming: OnBootPhase_1000_com.android.server.locksettings.LockSettingsService$Lifecycle
06-10 19:55:27.670 740 807 D ActivityManagerTiming: OnBootPhase_1000_com.android.server.PersistentDataBlockService
06-10 19:55:27.670 740 807 D ActivityManagerTiming: OnBootPhase_1000_com.android.server.testharness.TestHarnessModeService
06-10 19:55:27.670 740 807 D TestHarnessModeService: Completing Test Harness Mode setup.
