06-10 20:03:24.945 524 524 E bt_vnd_conf: load_aml_stack_conf Btlog 3
06-10 20:03:24.945 524 524 E bt_vnd_conf: load_aml_stack_conf Btfactory 0
06-10 20:03:24.945 524 524 E bt_vnd_conf: load_aml_stack_conf Btsystem 1
06-10 20:03:24.945 524 524 D bt_vendor: [AML_BT] amlbt_transtype_check_by_persist aml_w2_s
06-10 20:03:24.945 524 524 D bt_vendor: [AML_BT] W2S Chip type(3:0:0)
06-10 20:03:24.945 524 524 D bt_vendor: property_get_state: value HW_STATE_SUCCESS
06-10 20:03:24.945 524 524 I bt_vnd_conf: Attempt to load conf from /vendor/etc/bluetooth/bt_vendor.conf
06-10 20:03:24.945 524 524 D android.hardware.bluetooth@1.0-impl: Open vendor library loaded
06-10 20:03:24.945 524 524 D bt_vendor: op for 0
06-10 20:03:24.945 524 524 D bt_vendor: === power on BT ===
06-10 20:03:24.945 524 524 D bt_vendor: bt_power 0
06-10 20:03:24.945 524 524 D bt_upio : is_rfkill_disabled ? [0]
06-10 20:03:24.945 524 524 E bt_upio : break
06-10 20:03:24.945 524 524 D bt_upio : rfkill_state_path : /sys/class/rfkill/rfkill0/state
06-10 20:03:24.945 524 524 D bt_upio : upio_power_get read 1
06-10 20:03:24.945 524 524 D bt_upio : upio_power_get buffer 0 , ret 0
06-10 20:03:24.945 524 524 D bt_vendor: first, set bt power
06-10 20:03:24.945 524 524 D bt_upio : is_emulator_context : 0
06-10 20:03:24.945 524 524 D bt_upio : is_rfkill_disabled ? [0]
06-10 20:03:24.968 536 536 D hdmicecd: [CEC]:printCecMessage, [4 -> 5] len: 1, body: 7d, result:no ack
06-10 20:03:25.020 1424 1424 I adbd : type=1400 audit(0.0:2136): avc: denied { write } for path="socket:[35271]" dev="sockfs" ino=35271 scontext=u:r:su:s0 tcontext=u:r:adbd:s0 tclass=unix_stream_socket permissive=1
06-10 20:03:25.020 1424 1424 I adbd : type=1400 audit(0.0:2137): avc: denied { read } for path="socket:[35272]" dev="sockfs" ino=35272 scontext=u:r:su:s0 tcontext=u:r:adbd:s0 tclass=unix_stream_socket permissive=1
06-10 20:03:25.028 536 536 D hdmicecd: [CEC]:printCecMessage, [4 -> 5] len: 1, body: 7d, result:no ack
06-10 20:03:25.029 740 953 E HDMI : [1]:Failed to send 45:7D with errorCode=1
06-10 20:03:25.029 740 740 D HDMI : AVR did not respond to
06-10 20:03:25.029 740 740 D HdmiControlService: Switching to full volume behavior
06-10 20:03:25.056 1424 1424 I /apex/com.android.adbd/bin/adbd: type=1400 audit(0.0:2138): avc: denied { dac_read_search } for comm=75736220666673206F70656E capability=2 scontext=u:r:su:s0 tcontext=u:r:su:s0 tclass=capability permissive=1
06-10 20:03:25.056 1424 1424 I /apex/com.android.adbd/bin/adbd: type=1400 audit(0.0:2139): avc: denied { dac_override } for comm=75736220666673206F70656E capability=1 scontext=u:r:su:s0 tcontext=u:r:su:s0 tclass=capability permissive=1
06-10 20:03:25.084 536 536 D hdmicecd: [CEC]:printCecMessage, [4 -> e] len: 0, body:, result:no ack
06-10 20:03:25.085 740 953 D HDMI : [S]: 40:0D
06-10 20:03:25.165 536 536 D hdmicecd: [CEC]:printCecMessage, [4 -> 0] len: 1, body: 0d, result:success
06-10 20:03:25.165 740 953 D HDMI : [S]: 4F:82:20:00
06-10 20:03:25.166 536 536 D hdmicecd: [HdmiCecControl]:updateActiveState sending messag:82 active state:1
06-10 20:03:25.285 330 5252 D MesonDisplay: read /sys/class/amhdmitx/amhdmitx0/hdcp_lstore, result length:0, val:
06-10 20:03:25.293 536 536 D hdmicecd: [CEC]:printCecMessage, [4 -> f] len: 3, body: 82 20 00, result:success
06-10 20:03:25.294 536 536 E IPCThreadState: binder thread pool (1 threads) starved for 128 ms
06-10 20:03:25.294 740 953 D HDMI : [S]: 40:8E:00
06-10 20:03:25.360 524 524 D bt_upio : in upio_set_bluetooth_power(), write 1 to rfkill state.
06-10 20:03:25.360 524 524 D bt_vendor: end, set bt power
06-10 20:03:25.360 524 524 W bt_vendor: driver wifi_comm is not detected! count=1, usleep(20ms)...
06-10 20:03:25.381 524 524 D bt_vendor: op amlbt_if_type=1536
06-10 20:03:25.381 524 524 D bt_vendor: [insmod]driver: /vendor/lib/modules/w2_comm.ko
06-10 20:03:25.383 524 524 E bt_vendor: [insmod]finit_module failed! File exists
06-10 20:03:25.383 524 524 W bt_vendor: driver w2_comm is detected! count=1
06-10 20:03:25.383 524 524 D bt_vendor: [insmod]driver: /vendor/lib/modules/aml_bt.ko
06-10 20:03:25.385 524 524 E bt_vendor: [insmod]finit_module failed! File exists
06-10 20:03:25.385 524 524 W bt_vendor: driver aml_bt is detected! count=1
06-10 20:03:25.385 524 524 D bt_vendor: op for 3
06-10 20:03:25.385 524 524 I bt_userial_vendor: userial vendor open: opening /dev/ttyS1
06-10 20:03:25.385 524 524 E bt_userial_vendor: userial vendor open success!!
06-10 20:03:25.385 524 524 I bt_userial_vendor: device fd = 9 open
06-10 20:03:25.386 524 524 D bt_vendor: op for 1
06-10 20:03:25.386 524 524 D bt_hwcfg: hw_config_start-------------
06-10 20:03:25.386 524 524 D bt_hwcfg: hw_config_start uart-------------
06-10 20:03:25.386 524 524 E bt_hwcfg: userial vendor: set baud speed 115200
06-10 20:03:25.386 524 524 D bt_vendor: op for 7
06-10 20:03:25.386 524 524 D bt_upio : upio_set : pio 0 action 2, polarity 1
06-10 20:03:25.386 524 524 D bt_upio : begin open btwrite.
06-10 20:03:25.386 524 524 E bt_upio : upio_set : open(/proc/bluetooth/sleep/btwrite) for write failed: No such file or directory (2)
06-10 20:03:25.388 524 5295 E bt_hwcfg: userial vendor: set baud speed 4000000
06-10 20:03:25.388 524 5295 D bt_hwcfg: hw_config_get_iccm_size chip(3:0:0)
06-10 20:03:25.388 524 5295 D bt_hwcfg: open file: /vendor/firmware/w2_bt_fw_uart.bin
06-10 20:03:25.388 524 5295 D bt_hwcfg: open file: /vendor/firmware/w2_bt_fw_uart.bin successful!
06-10 20:03:25.388 524 5295 D bt_hwcfg: ---------hw_config_get_iccm_size iccm_size 524288---------
06-10 20:03:25.388 524 5295 D bt_hwcfg: hw_config_get_dccm_size chip(3:0:0)
06-10 20:03:25.388 524 5295 D bt_hwcfg: open file: /vendor/firmware/w2_bt_fw_uart.bin
06-10 20:03:25.388 524 5295 D bt_hwcfg: open file: /vendor/firmware/w2_bt_fw_uart.bin successful!
06-10 20:03:25.388 524 5295 D bt_hwcfg: ---------hw_config_get_dccm_size dccm_size 131072---------
06-10 20:03:25.388 524 5295 D bt_hwcfg: uart_target_baud_rate = 4000000
06-10 20:03:25.388 524 5295 D bt_hwcfg: open file: /vendor/firmware/w2_bt_fw_uart.bin
06-10 20:03:25.388 524 5295 D bt_hwcfg: open file: /vendor/firmware/w2_bt_fw_uart.bin successful!
06-10 20:03:25.393 524 5295 D bt_userial_vendor: userial_vendor_devchar_open, device name = /dev/stpbt
06-10 20:03:25.393 524 5295 D bt_userial_vendor: device fd = 13 open
06-10 20:03:25.400 524 5295 D bt_hwcfg: iccm write over successfully 0x423
06-10 20:03:25.401 536 536 D hdmicecd: [CEC]:printCecMessage, [4 -> 0] len: 2, body: 8e 00, result:success
06-10 20:03:25.401 536 536 E IPCThreadState: binder thread pool (1 threads) starved for 107 ms
06-10 20:03:25.402 740 953 D HDMI : [S]: 45:70:20:00
06-10 20:03:25.431 524 5295 D bt_hwcfg: dccm write over successfully 0x211
06-10 20:03:25.432 524 5295 D bt_hwcfg: HW_CFG_AML_DOWNLOAD_FIRMWARE_CLOSE_EVENT
06-10 20:03:25.433 524 5295 D bt_hwcfg: antenna number=2 sink mode=0
06-10 20:03:25.435 524 5295 D bt_hwcfg: amlbt_pin_mux=0 amlbt_br_digit_gain=0x42 amlbt_edr_digit_gain=0x62
06-10 20:03:25.436 524 5295 D bt_hwcfg: amlbt_fwlog_config=1
06-10 20:03:25.437 524 5295 D bt_hwcfg: HW_CFG_AML_DOWNLOAD_FIRMWARE_STRAT_CPU_UART_BEFORE
06-10 20:03:25.438 524 5295 D bt_hwcfg: 0x70000
06-10 20:03:25.438 524 5295 D bt_hwcfg: HW_CFG_AML_DOWNLOAD_FIRMWARE_STRAT_CPU_UART
06-10 20:03:25.440 524 5295 D bt_hwcfg: Setting local bd addr to 22:22:17:2D:7C:10
06-10 20:03:25.460 536 536 D hdmicecd: [CEC]:printCecMessage, [4 -> 5] len: 3, body: 70 20 00, result:no ack
06-10 20:03:25.464 524 5295 D bt_hwcfg: BT Controller model=aml_w2_s,version = 2025.05.31,number = 0x1c65
06-10 20:03:25.466 524 5295 D bt_hwcfg: vendor lib fwcfg completed
06-10 20:03:25.466 524 5295 D bt_hwcfg: vendor lib config manf data
06-10 20:03:25.468 524 5295 D android.hardware.bluetooth@1.0-impl: OnFirmwareConfigured result: 0
06-10 20:03:25.468 524 5295 I android.hardware.bluetooth@1.0-impl: Firmware configured in 0.082s
06-10 20:03:25.468 5257 5291 I bluetooth: packages/modules/Bluetooth/system/gd/hal/hci_hal_android_hidl.cc:107 initializationComplete: initialization complete with status: 0
06-10 20:03:25.468 5257 5290 I BtGdModule: packages/modules/Bluetooth/system/gd/module.cc:99 Start: Started HciHalHidl
06-10 20:03:25.468 5257 5290 I BtGdModule: packages/modules/Bluetooth/system/gd/module.cc:85 Start: Constructing next module
06-10 20:03:25.468 524 5295 D bt_vendor: op for 5
06-10 20:03:25.468 524 5295 I android.hardware.bluetooth@1.0-impl: OnFirmwareConfigured: lpm_timeout_ms 3000
06-10 20:03:25.468 524 5295 D bt_vendor: op for 6
06-10 20:03:25.468 524 5295 D bt_upio : upio_set : pio 2 action 2, polarity 0
06-10 20:03:25.468 5257 5290 I BtGdModule: packages/modules/Bluetooth/system/gd/module.cc:89 Start: Starting dependencies of Hci Layer
06-10 20:03:25.468 524 5295 E bt_upio : upio_set : open(/proc/bluetooth/sleep/lpm) for write failed: No such file or directory (2)
06-10 20:03:25.468 524 5295 D bt_hwcfg: LPM enabled!!
06-10 20:03:25.468 524 5295 D android.hardware.bluetooth@1.0-impl: OnFirmwareConfigured Calling StartLowPowerWatchdog()
06-10 20:03:25.468 524 5295 E android.hardware.bluetooth@1.0-impl: bt_vendor_release_wake_lock call in
06-10 20:03:25.469 524 5295 E android.hardware.bluetooth@1.0-impl: bt_vendor_release_wake_lock release lock
06-10 20:03:25.469 5257 5290 I BtGdModule: packages/modules/Bluetooth/system/gd/module.cc:85 Start: Constructing next module
06-10 20:03:25.469 5257 5290 I BtGdModule: packages/modules/Bluetooth/system/gd/module.cc:89 Start: Starting dependencies of Storage Module
06-10 20:03:25.469 5257 5290 I BtGdModule: packages/modules/Bluetooth/system/gd/module.cc:93 Start: Finished starting dependencies and calling Start() of Storage Module
06-10 20:03:25.472 5257 5290 I droid.bluetooth: [0610/200325.472613:INFO:btif_keystore.cc(61)] ConvertEncryptOrDecryptKeyIfNeeded callback isn't ready.
06-10 20:03:25.472 5257 5290 I BtGdModule: packages/modules/Bluetooth/system/gd/module.cc:99 Start: Started Storage Module
06-10 20:03:25.473 5257 5290 I BtGdModule: packages/modules/Bluetooth/system/gd/module.cc:93 Start: Finished starting dependencies and calling Start() of Hci Layer
06-10 20:03:25.473 5257 5290 I BtGdModule: packages/modules/Bluetooth/system/gd/module.cc:99 Start: Started Hci Layer
06-10 20:03:25.473 5257 5290 I BtGdModule: packages/modules/Bluetooth/system/gd/module.cc:85 Start: Constructing next module
06-10 20:03:25.473 5257 5290 I BtGdModule: packages/modules/Bluetooth/system/gd/module.cc:89 Start: Starting dependencies of shim::Dumpsys
06-10 20:03:25.473 5257 5290 I BtGdModule: packages/modules/Bluetooth/system/gd/module.cc:93 Start: Finished starting dependencies and calling Start() of shim::Dumpsys
06-10 20:03:25.473 5257 5290 I BtGdModule: packages/modules/Bluetooth/system/gd/module.cc:99 Start: Started shim::Dumpsys
06-10 20:03:25.473 5257 5290 I BtGdModule: packages/modules/Bluetooth/system/gd/module.cc:85 Start: Constructing next module
06-10 20:03:25.473 5257 5290 I BtGdModule: packages/modules/Bluetooth/system/gd/module.cc:89 Start: Starting dependencies of Vendor Specific Event Manager
06-10 20:03:25.473 5257 5290 I BtGdModule: packages/modules/Bluetooth/system/gd/module.cc:85 Start: Constructing next module
06-10 20:03:25.474 5257 5290 I BtGdModule: packages/modules/Bluetooth/system/gd/module.cc:89 Start: Starting dependencies of Controller
06-10 20:03:25.474 5257 5290 I BtGdModule: packages/modules/Bluetooth/system/gd/module.cc:85 Start: Constructing next module
06-10 20:03:25.474 5257 5290 I BtGdModule: packages/modules/Bluetooth/system/gd/module.cc:89 Start: Starting dependencies of Sysprops Module
06-10 20:03:25.474 5257 5290 I BtGdModule: packages/modules/Bluetooth/system/gd/module.cc:93 Start: Finished starting dependencies and calling Start() of Sysprops Module
06-10 20:03:25.474 5257 5290 I BtGdModule: packages/modules/Bluetooth/system/gd/module.cc:99 Start: Started Sysprops Module
06-10 20:03:25.474 5257 5290 I BtGdModule: packages/modules/Bluetooth/system/gd/module.cc:93 Start: Finished starting dependencies and calling Start() of Controller
06-10 20:03:25.516 536 536 D hdmicecd: [CEC]:printCecMessage, [4 -> 5] len: 3, body: 70 20 00, result:no ack
06-10 20:03:25.517 740 953 E HDMI : [1]:Failed to send 45:70:20:00 with errorCode=1
06-10 20:03:25.518 740 953 D HDMI : [S]: 40:8F
06-10 20:03:25.597 536 536 D hdmicecd: [CEC]:printCecMessage, [4 -> 0] len: 1, body: 8f, result:success
06-10 20:03:25.597 740 953 D HDMI : [S]: 40:8F
06-10 20:03:25.652 5257 5289 I bluetooth: packages/modules/Bluetooth/system/gd/hci/controller.cc:412 read_default_erroneous_data_reporting_handler: erroneous data reporting: 0
06-10 20:03:25.654 5257 5289 E bluetooth: packages/modules/Bluetooth/system/gd/hci/controller.cc:574 le_get_vendor_capabilities_handler: invalid data for hci requirements v0.96
06-10 20:03:25.656 5257 5290 I BtGdModule: packages/modules/Bluetooth/system/gd/module.cc:99 Start: Started Controller
06-10 20:03:25.656 5257 5290 I BtGdModule: packages/modules/Bluetooth/system/gd/module.cc:93 Start: Finished starting dependencies and calling Start() of Vendor Specific Event Manager
06-10 20:03:25.656 5257 5290 I BtGdModule: packages/modules/Bluetooth/system/gd/module.cc:99 Start: Started Vendor Specific Event Manager
06-10 20:03:25.656 5257 5290 I BtGdModule: packages/modules/Bluetooth/system/gd/module.cc:85 Start: Constructing next module
06-10 20:03:25.656 5257 5290 I BtGdModule: packages/modules/Bluetooth/system/gd/module.cc:89 Start: Starting dependencies of AclSchedulerModule
06-10 20:03:25.656 5257 5290 I BtGdModule: packages/modules/Bluetooth/system/gd/module.cc:93 Start: Finished starting dependencies and calling Start() of AclSchedulerModule
06-10 20:03:25.656 5257 5290 I BtGdModule: packages/modules/Bluetooth/system/gd/module.cc:99 Start: Started AclSchedulerModule
06-10 20:03:25.656 5257 5290 I BtGdModule: packages/modules/Bluetooth/system/gd/module.cc:85 Start: Constructing next module
06-10 20:03:25.656 5257 5290 I BtGdModule: packages/modules/Bluetooth/system/gd/module.cc:89 Start: Starting dependencies of Acl Manager
06-10 20:03:25.656 5257 5290 I BtGdModule: packages/modules/Bluetooth/system/gd/module.cc:93 Start: Finished starting dependencies and calling Start() of Acl Manager
06-10 20:03:25.657 5257 5290 I BtGdModule: packages/modules/Bluetooth/system/gd/module.cc:99 Start: Started Acl Manager
06-10 20:03:25.657 5257 5290 I BtGdModule: packages/modules/Bluetooth/system/gd/module.cc:85 Start: Constructing next module
06-10 20:03:25.657 5257 5290 I BtGdModule: packages/modules/Bluetooth/system/gd/module.cc:89 Start: Starting dependencies of Le Advertising Manager
06-10 20:03:25.657 5257 5290 I BtGdModule: packages/modules/Bluetooth/system/gd/module.cc:93 Start: Finished starting dependencies and calling Start() of Le Advertising Manager
06-10 20:03:25.657 5257 5290 I bluetooth: packages/modules/Bluetooth/system/gd/hci/le_advertising_manager.cc:177 get_tx_path_loss_compensation: Tx path loss compensation: 0
06-10 20:03:25.657 5257 5290 I BtGdModule: packages/modules/Bluetooth/system/gd/module.cc:99 Start: Started Le Advertising Manager
06-10 20:03:25.657 5257 5290 I BtGdModule: packages/modules/Bluetooth/system/gd/module.cc:85 Start: Constructing next module
06-10 20:03:25.657 5257 5290 I bluetooth: packages/modules/Bluetooth/system/gd/hci/msft.cc:305 MsftExtensionManager: MsftExtensionManager()
06-10 20:03:25.657 5257 5290 I BtGdModule: packages/modules/Bluetooth/system/gd/module.cc:89 Start: Starting dependencies of Microsoft Extension Manager
06-10 20:03:25.657 5257 5290 I BtGdModule: packages/modules/Bluetooth/system/gd/module.cc:93 Start: Finished starting dependencies and calling Start() of Microsoft Extension Manager
06-10 20:03:25.657 5257 5290 I bluetooth: packages/modules/Bluetooth/system/gd/hci/msft.cc:51 start: MsftExtensionManager start()
06-10 20:03:25.657 5257 5290 I bluetooth: packages/modules/Bluetooth/system/gd/hci/msft.cc:63 start: MSFT extension is not supported.
06-10 20:03:25.657 5257 5290 I BtGdModule: packages/modules/Bluetooth/system/gd/module.cc:99 Start: Started Microsoft Extension Manager
06-10 20:03:25.657 5257 5290 I BtGdModule: packages/modules/Bluetooth/system/gd/module.cc:85 Start: Constructing next module
06-10 20:03:25.657 5257 5290 I BtGdModule: packages/modules/Bluetooth/system/gd/module.cc:89 Start: Starting dependencies of Le Scanning Manager
06-10 20:03:25.657 5257 5290 I BtGdModule: packages/modules/Bluetooth/system/gd/module.cc:93 Start: Finished starting dependencies and calling Start() of Le Scanning Manager
06-10 20:03:25.657 5257 5290 I bluetooth: packages/modules/Bluetooth/system/gd/hci/le_scanning_manager.cc:304 get_rx_path_loss_compensation: Rx path loss compensation: 0
06-10 20:03:25.657 5257 5290 I BtGdModule: packages/modules/Bluetooth/system/gd/module.cc:99 Start: Started Le Scanning Manager
06-10 20:03:25.657 5257 5290 I BtGdModule: packages/modules/Bluetooth/system/gd/module.cc:85 Start: Constructing next module
06-10 20:03:25.657 5257 5290 I BtGdModule: packages/modules/Bluetooth/system/gd/module.cc:89 Start: Starting dependencies of Distance Measurement Manager
06-10 20:03:25.657 5257 5290 I BtGdModule: packages/modules/Bluetooth/system/gd/module.cc:93 Start: Finished starting dependencies and calling Start() of Distance Measurement Manager
06-10 20:03:25.657 5257 5290 I BtGdModule: packages/modules/Bluetooth/system/gd/module.cc:99 Start: Started Distance Measurement Manager
06-10 20:03:25.658 5257 5283 I bluetooth: packages/modules/Bluetooth/system/gd/stack_manager.cc:52 StartUp: init_status == 0
06-10 20:03:25.658 5257 5283 I bluetooth: packages/modules/Bluetooth/system/gd/stack_manager.cc:59 StartUp: init complete
06-10 20:03:25.658 5257 5283 I bt_gd_shim: packages/modules/Bluetooth/system/main/shim/stack.cc:168 Start: Start Successfully toggled Gd stack
06-10 20:03:25.658 5257 5283 I bt_shim_scanner: packages/modules/Bluetooth/system/main/shim/le_scanning_manager.cc:144 Init: init BleScannerInterfaceImpl
06-10 20:03:25.659 5257 5283 I bt_core_module: packages/modules/Bluetooth/system/btcore/src/module.cc:91 module_start_up: module_start_up Started module "gd_shim_module"
06-10 20:03:25.659 5257 5283 I bt_btif_core: packages/modules/Bluetooth/system/btif/src/btif_core.cc:228 btif_init_bluetooth: btif_init_bluetooth entered
06-10 20:03:25.659 5257 5296 I droid.bluetooth: [0610/200325.659661:INFO:message_loop_thread.cc(184)] Run: message loop starting for thread bt_jni_thread
06-10 20:03:25.659 5257 5283 I bt_btif_core: packages/modules/Bluetooth/system/btif/src/btif_core.cc:232 btif_init_bluetooth: btif_init_bluetooth finished
06-10 20:03:25.670 5257 5283 W bt_device_interop: packages/modules/Bluetooth/system/device/src/interop.cc:1676 interop_database_save_allowlisted_media_players_list: found feature - INTEROP_BROWSE_PLAYER_ALLOW_LIST
06-10 20:03:25.670 5257 5283 I bt_stack_config: packages/modules/Bluetooth/system/main/stack_config.cc:72 init: init attempt to load stack conf from /apex/com.android.btservices/etc/bluetooth/bt_stack.conf
06-10 20:03:25.671 5257 5283 I bt_stack_manager: packages/modules/Bluetooth/system/btif/src/stack_manager.cc:285 event_init_stack: finished
06-10 20:03:25.671 5257 5257 I bt_osi_wakelock: packages/modules/Bluetooth/system/osi/src/wakelock.cc:99 wakelock_set_os_callouts: wakelock_set_os_callouts set to non-native
06-10 20:03:25.671 5257 5257 I bt_btif : packages/modules/Bluetooth/system/btif/src/bluetooth.cc:829 get_profile_interface: get_profile_interface: id = socket
06-10 20:03:25.671 5257 5284 E bt_btif_storage: packages/modules/Bluetooth/system/btif/src/btif_storage.cc:622 btif_storage_get_adapter_property: btif_storage_get_adapter_property: Controller not ready! Unable to return Bluetooth Address
06-10 20:03:25.671 5257 5296 E BluetoothServiceJni: adapter_properties_callback: Status 1 is incorrect
06-10 20:03:25.673 5257 5257 D BluetoothKeystoreService: initJni()
06-10 20:03:25.674 5257 5257 I bt_btif : packages/modules/Bluetooth/system/btif/src/bluetooth.cc:829 get_profile_interface: get_profile_interface: id = bluetooth_keystore
06-10 20:03:25.674 5257 5257 I droid.bluetooth: [0610/200325.674446:INFO:com_android_bluetooth_BluetoothQualityReport.cpp(88)] classInitNative: succeeds
06-10 20:03:25.674 5257 5257 I bt_btif : packages/modules/Bluetooth/system/btif/src/bluetooth.cc:829 get_profile_interface: get_profile_interface: id = bqr
06-10 20:03:25.674 5257 5257 I bluetooth: packages/modules/Bluetooth/system/btif/src/btif_bqr.cc:739 init: BluetoothQualityReportInterfaceImpl
06-10 20:03:25.674 5257 5257 I bt_btif : packages/modules/Bluetooth/system/btif/src/bluetooth.cc:829 get_profile_interface: get_profile_interface: id = sdp
06-10 20:03:25.676 740 740 D BluetoothManagerService: Bluetooth Adapter name changed to DBBOX-A3 62cc by android
06-10 20:03:25.676 5257 5296 D AdapterProperties: Name is: DBBOX-A3 62cc
06-10 20:03:25.676 5257 5296 I bluetooth: packages/modules/Bluetooth/system/gd/storage/config_cache.cc:289 ConvertEncryptOrDecryptKeyIfNeeded: ConvertEncryptOrDecryptKeyIfNeeded
06-10 20:03:25.677 740 740 D BluetoothManagerService: Stored Bluetooth name: DBBOX-A3 62cc
06-10 20:03:25.677 5257 5257 I BluetoothAdapterService: loadLeAudioAllowDevices
06-10 20:03:25.677 5257 5257 I BluetoothAdapterService: LE Audio allow list is disabled.
06-10 20:03:25.680 5257 5257 D BluetoothDatabase: start()
06-10 20:03:25.682 5257 5257 D BluetoothDatabase: Load Database
06-10 20:03:25.683 5257 5257 I BluetoothAdapterService: Phone policy enabled
06-10 20:03:25.685 5257 5257 D ActiveDeviceManager: start()
06-10 20:03:25.686 536 564 D hdmicecd: [CEC]:printCecMsgBuf, msg: 04 90 01
06-10 20:03:25.686 536 564 D hdmicecd: [HdmiCecControl]:updateActiveState received tv power status 1
06-10 20:03:25.687 740 740 D HDMI : [R]: 04:90:01
06-10 20:03:25.688 536 1207 D hdmicecd: [HdmiCecControl]:getPhysicalAddress, physical addr: 2000, last pa: 2000, ret = 0
06-10 20:03:25.688 740 740 D HDMI : queryDisplayStatus status=1
06-10 20:03:25.688 740 740 D AudioService: onStatusChange cecEnabled:true available:true
06-10 20:03:25.688 740 740 D AudioService: TV, no CEC: setting HDMI as regular vol device
06-10 20:03:25.688 740 740 D AudioService: Removing DeviceType: 0x400 from mFullVolumeDevices
06-10 20:03:25.688 740 740 D AudioService: Removing DeviceType: 0x400 from mFixedVolumeDevices
06-10 20:03:25.688 740 740 D AudioService: Removing DeviceType: 0x400 from mAbsoluteVolumeDeviceInfoMap
06-10 20:03:25.691 523 1288 D xm_audio: adev_get_parameters
06-10 20:03:25.693 523 1288 D xm_audio: adev_get_parameters
06-10 20:03:25.698 523 1288 D xm_audio: adev_get_parameters
06-10 20:03:25.699 523 1288 D xm_audio: adev_get_parameters
06-10 20:03:25.705 523 585 D xm_audio: adev_get_parameters
06-10 20:03:25.708 523 1288 D xm_audio: adev_get_parameters
06-10 20:03:25.715 523 585 D xm_audio: adev_get_parameters
06-10 20:03:25.716 523 585 D xm_audio: adev_get_parameters
06-10 20:03:25.717 5257 5300 D ActiveDeviceManager: onAudioDevicesAdded
06-10 20:03:25.717 5257 5300 D ActiveDeviceManager: Audio device added: DBBOX-A3 type: 2
06-10 20:03:25.717 5257 5300 D ActiveDeviceManager: Audio device added: DBBOX-A3 type: 9
06-10 20:03:25.718 5257 5300 D ActiveDeviceManager: Audio device added: DBBOX-A3 type: 14
06-10 20:03:25.718 5257 5300 D ActiveDeviceManager: Audio device added: DBBOX-A3 type: 15
06-10 20:03:25.718 5257 5300 D ActiveDeviceManager: Audio device added: DBBOX-A3 type: 25
06-10 20:03:25.718 5257 5300 D ActiveDeviceManager: Audio device added: DBBOX-A3 type: 17
06-10 20:03:25.718 5257 5300 D ActiveDeviceManager: Audio device added: DBBOX-A3 type: 28
06-10 20:03:25.720 5257 5257 I droid.bluetooth: [0610/200325.720203:INFO:com_android_bluetooth_btservice_ActivityAttribution.cpp(96)] classInitNative: succeeds
06-10 20:03:25.720 5257 5257 D BluetoothAdapterService: setAdapterService() - trying to set service to com.android.bluetooth.btservice.AdapterService@e6cdd33
06-10 20:03:25.721 523 585 D xm_audio: adev_get_parameters
06-10 20:03:25.724 523 585 D xm_audio: adev_get_parameters
06-10 20:03:25.725 5257 5257 D BluetoothAdapterService: onBind()
06-10 20:03:25.727 740 740 D BluetoothManagerService: BluetoothServiceConnection: com.android.bluetooth.btservice.AdapterService
06-10 20:03:25.727 740 887 D BluetoothManagerService: MESSAGE_BLUETOOTH_SERVICE_CONNECTED: 1
06-10 20:03:25.727 5257 5299 D BluetoothDatabase: compactLastConnectionTime: Compacting metadata after load
06-10 20:03:25.728 5257 5299 D BluetoothDatabase: compactLastConnectionTime: Setting last_active_item for device: XX:XX:XX:XX:C0:7D from 2 to 0
06-10 20:03:25.728 5257 5299 D BluetoothDatabase: updateDatabase XX:XX:XX:XX:C0:7D
06-10 20:03:25.728 5257 5299 D BluetoothDatabase: compactLastConnectionTime: Setting last_active_item for device: XX:XX:XX:XX:F5:7A from 4 to 1
06-10 20:03:25.728 5257 5299 D BluetoothDatabase: updateDatabase XX:XX:XX:XX:F5:7A
06-10 20:03:25.728 5257 5299 I BluetoothDatabase: cacheMetadata
06-10 20:03:25.728 5257 5299 V BluetoothDatabase: cacheMetadata: found device XX:XX:XX:XX:F5:7A
06-10 20:03:25.728 5257 5299 V BluetoothDatabase: cacheMetadata: found device XX:XX:XX:XX:C0:7D
06-10 20:03:25.728 5257 5299 V BluetoothDatabase: cacheMetadata: found device null
06-10 20:03:25.728 5257 5299 I BluetoothDatabase: cacheMetadata: Database is ready
06-10 20:03:25.729 740 740 D BluetoothManagerService: BluetoothServiceConnection: com.android.bluetooth.gatt.GattService
06-10 20:03:25.731 523 585 D xm_audio: adev_get_parameters
06-10 20:03:25.734 523 585 D xm_audio: adev_get_parameters
06-10 20:03:25.734 740 887 D BluetoothManagerService: Broadcasting onBluetoothServiceUp() to 10 receivers.
06-10 20:03:25.735 1550 2283 D BluetoothAdapter: onBluetoothServiceUp: android.bluetooth.IBluetooth$Stub$Proxy@c5c554d
06-10 20:03:25.735 740 887 W IPCThreadState: Sending oneway calls to frozen process.
06-10 20:03:25.735 5257 5271 D BluetoothAdapter: onBluetoothServiceUp: com.android.bluetooth.btservice.AdapterService$AdapterServiceBinder@bfa7ff1
06-10 20:03:25.735 740 887 D BluetoothAdapter: onBluetoothServiceUp: android.bluetooth.IBluetooth$Stub$Proxy@8d52c48
06-10 20:03:25.736 1513 1532 D BluetoothAdapter: onBluetoothServiceUp: android.bluetooth.IBluetooth$Stub$Proxy@b7c2f3c
06-10 20:03:25.736 4983 5058 D BluetoothAdapter: onBluetoothServiceUp: android.bluetooth.IBluetooth$Stub$Proxy@d8192a8
06-10 20:03:25.736 2114 2417 D BluetoothAdapter: onBluetoothServiceUp: android.bluetooth.IBluetooth$Stub$Proxy@46daf13
06-10 20:03:25.736 998 1014 D BluetoothAdapter: onBluetoothServiceUp: android.bluetooth.IBluetooth$Stub$Proxy@9aa05b1
06-10 20:03:25.737 982 4751 D BluetoothAdapter: onBluetoothServiceUp: android.bluetooth.IBluetooth$Stub$Proxy@e741b25
06-10 20:03:25.737 2532 2553 D BluetoothAdapter: onBluetoothServiceUp: android.bluetooth.IBluetooth$Stub$Proxy@63c03e2
06-10 20:03:25.740 523 1288 D xm_audio: adev_get_parameters
06-10 20:03:25.741 5257 5271 D BluetoothAdapterService: enable() - Enable called with quiet mode status = false
06-10 20:03:25.741 5257 5278 I AdapterState: BLE_TURNING_ON : entered
06-10 20:03:25.741 5257 5278 D AdapterProperties: Setting state to BLE_TURNING_ON
06-10 20:03:25.741 740 887 D BluetoothManagerService: MESSAGE_BLUETOOTH_SERVICE_CONNECTED: 2
06-10 20:03:25.741 740 887 D BluetoothManagerService: continueFromBleOnState()
06-10 20:03:25.742 523 1288 D xm_audio: adev_get_parameters
06-10 20:03:25.742 5257 5278 D BluetoothAdapterService: updateAdapterState() - Broadcasting state BLE_TURNING_ON to 1 receivers.
06-10 20:03:25.744 740 887 D BluetoothManagerService: Persisting Bluetooth Setting: 1
06-10 20:03:25.744 740 887 D BluetoothManagerService: MESSAGE_BLUETOOTH_STATE_CHANGE: OFF > BLE_TURNING_ON
06-10 20:03:25.744 740 887 D BluetoothManagerService: Sending BLE State Change: OFF > BLE_TURNING_ON
06-10 20:03:25.748 523 1288 D xm_audio: adev_get_parameters
06-10 20:03:25.749 523 1288 D xm_audio: adev_get_parameters
06-10 20:03:25.753 5257 5278 D AdapterState: Start Timeout Delay: 4000
06-10 20:03:25.753 5257 5278 D BluetoothAdapterService: bleOnProcessStart()
06-10 20:03:25.754 5257 5278 I AdapterProperties: init(), maxConnectedAudioDevices, default=5, propertyOverlayed=5, finalValue=5
06-10 20:03:25.756 523 585 D xm_audio: adev_get_parameters
06-10 20:03:25.757 523 585 D xm_audio: adev_get_parameters
06-10 20:03:25.758 5257 5278 D BluetoothAdapterService: bleOnProcessStart() - Make Bond State Machine
06-10 20:03:25.758 5257 5278 D BluetoothBondStateMachine: make
06-10 20:03:25.759 5257 5305 I BluetoothBondStateMachine: StableState(): Entering Off State
06-10 20:03:25.762 523 585 D xm_audio: adev_get_parameters
06-10 20:03:25.764 523 585 D xm_audio: adev_get_parameters
06-10 20:03:25.764 5257 5278 I AdapterState: BLE_TURNING_ON : Unhandled message - USER_TURN_ON
06-10 20:03:25.767 5257 5257 I BtGatt.JNI: classInitNative(L1347): classInitNative: Success!
06-10 20:03:25.767 5257 5257 I bt_btif : packages/modules/Bluetooth/system/btif/src/bluetooth.cc:829 get_profile_interface: get_profile_interface: id = gatt
06-10 20:03:25.767 5257 5257 I droid.bluetooth: [0610/200325.767359:INFO:btif_ble_advertiser.cc(271)] get_ble_advertiser_instance use gd le advertiser
06-10 20:03:25.767 5257 5257 I droid.bluetooth: [0610/200325.767657:INFO:bta_gatts_api.cc(379)] BTA_GATTS_InitBonded
06-10 20:03:25.767 5257 5257 I droid.bluetooth: [0610/200325.767784:INFO:le_scanning_manager.cc(483)] RegisterCallbacks in shim layer
06-10 20:03:25.767 5257 5284 I bt_bta_sys_main: packages/modules/Bluetooth/system/bta/sys/bta_sys_main.cc:101 bta_sys_event: Ignoring receipt of unregistered event id:GATT server
06-10 20:03:25.768 523 585 D xm_audio: adev_get_parameters
06-10 20:03:25.769 523 585 D xm_audio: adev_get_parameters
06-10 20:03:25.769 5257 5257 D CompatibilityChangeReporter: Compat change id reported: 160794467; UID 1002; state: ENABLED
06-10 20:03:25.772 523 1288 D xm_audio: adev_get_parameters
06-10 20:03:25.773 523 1288 D xm_audio: adev_get_parameters
06-10 20:03:25.778 523 585 D xm_audio: adev_get_parameters
06-10 20:03:25.780 523 1288 D xm_audio: adev_get_parameters
06-10 20:03:25.784 523 1288 D xm_audio: adev_get_parameters
06-10 20:03:25.785 523 1288 D xm_audio: adev_get_parameters
06-10 20:03:25.785 5257 5283 I bt_stack_manager: packages/modules/Bluetooth/system/btif/src/stack_manager.cc:310 event_start_up_stack: event_start_up_stack is bringing up the stack
06-10 20:03:25.785 5257 5283 I bt_stack_manager: packages/modules/Bluetooth/system/btif/src/stack_manager.cc:314 event_start_up_stack: event_start_up_stack Gd shim module enabled
06-10 20:03:25.785 5257 5283 I bt_core_module: packages/modules/Bluetooth/system/btcore/src/module.cc:86 module_start_up: module_start_up Starting module "btif_config_module"
06-10 20:03:25.785 5257 5283 I bt_core_module: packages/modules/Bluetooth/system/btcore/src/module.cc:91 module_start_up: module_start_up Started module "btif_config_module"
06-10 20:03:25.786 5257 5283 I bt_l2cap: packages/modules/Bluetooth/system/stack/l2cap/l2c_api.cc:172 L2CA_Register: L2CAP Registered service classic PSM: 0x0001
06-10 20:03:25.786 5257 5283 I bt_l2cap: packages/modules/Bluetooth/system/stack/l2cap/l2c_api.cc:172 L2CA_Register: L2CAP Registered service classic PSM: 0x001f
06-10 20:03:25.786 5257 5283 I bluetooth: packages/modules/Bluetooth/system/stack/gatt/gatt_api.cc:1257 GATT_Register: Allocated name:GattProfileDb uuid:81818181-8181-8181-8181-818181818181 gatt_if:1 eatt_support:0
06-10 20:03:25.786 5257 5283 I droid.bluetooth: [0610/200325.786274:INFO:gatt_api.cc(174)] GATTS_AddService
06-10 20:03:25.786 5257 5283 I droid.bluetooth: [0610/200325.786339:INFO:gatt_api.cc(289)] GATTS_AddService: service parsed correctly, now starting
06-10 20:03:25.786 5257 5283 I droid.bluetooth: [0610/200325.786424:INFO:gatt_sr_hash.cc(127)] gatts_calculate_database_hash: hash=80AEB10BC70DCCEFA207489DCED98FED
06-10 20:03:25.786 5257 5283 I bt_l2cap: packages/modules/Bluetooth/system/stack/l2cap/l2c_api.cc:472 L2CA_RegisterLECoc: Registered service LE COC PSM: 0x0027
06-10 20:03:25.786 5257 5283 I bt_l2cap: packages/modules/Bluetooth/system/stack/l2cap/l2c_api.cc:172 L2CA_Register: L2CAP Registered service classic PSM: 0x0003
06-10 20:03:25.786 5257 5283 I bluetooth: packages/modules/Bluetooth/system/stack/gatt/gatt_api.cc:1257 GATT_Register: Allocated name:Gap uuid:82828282-8282-8282-8282-828282828282 gatt_if:2 eatt_support:0
06-10 20:03:25.786 5257 5283 I droid.bluetooth: [0610/200325.786574:INFO:gatt_api.cc(174)] GATTS_AddService
06-10 20:03:25.786 5257 5283 I droid.bluetooth: [0610/200325.786610:INFO:gatt_api.cc(289)] GATTS_AddService: service parsed correctly, now starting
06-10 20:03:25.786 5257 5283 I droid.bluetooth: [0610/200325.786661:INFO:gatt_sr_hash.cc(127)] gatts_calculate_database_hash: hash=8991C462EBE9D90B9EA0DA3E16D0F513
06-10 20:03:25.786 5257 5283 I bt_bte : packages/modules/Bluetooth/system/btif/src/profile_log_levels.cc:146 load_levels_from_config: BTE_InitTraceLevels -- TRC_HCI : Level 2
06-10 20:03:25.786 5257 5283 I bt_bte : packages/modules/Bluetooth/system/btif/src/profile_log_levels.cc:146 load_levels_from_config: BTE_InitTraceLevels -- TRC_L2CAP : Level 2
06-10 20:03:25.786 5257 5283 I bt_bte : packages/modules/Bluetooth/system/btif/src/profile_log_levels.cc:146 load_levels_from_config: BTE_InitTraceLevels -- TRC_RFCOMM : Level 2
06-10 20:03:25.786 5257 5283 I bt_bte : packages/modules/Bluetooth/system/btif/src/profile_log_levels.cc:146 load_levels_from_config: BTE_InitTraceLevels -- TRC_AVCT : Level 2
06-10 20:03:25.786 5257 5283 I bt_bte : packages/modules/Bluetooth/system/btif/src/profile_log_levels.cc:146 load_levels_from_config: BTE_InitTraceLevels -- TRC_AVDT : Level 2
06-10 20:03:25.786 5257 5283 I bt_bte : packages/modules/Bluetooth/system/btif/src/profile_log_levels.cc:146 load_levels_from_config: BTE_InitTraceLevels -- TRC_AVRC : Level 2
06-10 20:03:25.786 5257 5283 I bt_bte : packages/modules/Bluetooth/system/btif/src/profile_log_levels.cc:146 load_levels_from_config: BTE_InitTraceLevels -- TRC_A2D : Level 2
06-10 20:03:25.786 5257 5283 I bt_bte : packages/modules/Bluetooth/system/btif/src/profile_log_levels.cc:146 load_levels_from_config: BTE_InitTraceLevels -- TRC_BNEP : Level 2
06-10 20:03:25.786 5257 5283 I bt_bte : packages/modules/Bluetooth/system/btif/src/profile_log_levels.cc:146 load_levels_from_config: BTE_InitTraceLevels -- TRC_BTM : Level 2
06-10 20:03:25.786 5257 5283 I bt_bte : packages/modules/Bluetooth/system/btif/src/profile_log_levels.cc:146 load_levels_from_config: BTE_InitTraceLevels -- TRC_HID_HOST : Level 2
06-10 20:03:25.786 5257 5283 I bt_bte : packages/modules/Bluetooth/system/btif/src/profile_log_levels.cc:146 load_levels_from_config: BTE_InitTraceLevels -- TRC_PAN : Level 2
06-10 20:03:25.786 5257 5283 I bt_bte : packages/modules/Bluetooth/system/btif/src/profile_log_levels.cc:146 load_levels_from_config: BTE_InitTraceLevels -- TRC_SDP : Level 2
06-10 20:03:25.786 5257 5283 I bt_bte : packages/modules/Bluetooth/system/btif/src/profile_log_levels.cc:146 load_levels_from_config: BTE_InitTraceLevels -- TRC_SMP : Level 2
06-10 20:03:25.786 5257 5283 I bt_bte : packages/modules/Bluetooth/system/btif/src/profile_log_levels.cc:146 load_levels_from_config: BTE_InitTraceLevels -- TRC_HID_DEV : Level 2
06-10 20:03:25.786 5257 5283 I bt_bte : packages/modules/Bluetooth/system/btif/src/profile_log_levels.cc:146 load_levels_from_config: BTE_InitTraceLevels -- TRC_BTAPP : Level 2
06-10 20:03:25.786 5257 5283 I bt_bte : packages/modules/Bluetooth/system/btif/src/profile_log_levels.cc:146 load_levels_from_config: BTE_InitTraceLevels -- TRC_BTIF : Level 2
06-10 20:03:25.786 5257 5283 W bluetooth: packages/modules/Bluetooth/system/stack/btm/btm_inq.cc:1073 btm_clr_inq_result_flt: Memory being reset multiple times
06-10 20:03:25.786 5257 5283 I bt_core_module: packages/modules/Bluetooth/system/btcore/src/module.cc:86 module_start_up: module_start_up Starting module "gd_controller_module"
06-10 20:03:25.786 5257 5283 I bt_shim_controller: packages/modules/Bluetooth/system/main/shim/controller.cc:65 start_up: start_up Starting up
06-10 20:03:25.786 5257 5283 I bt_shim_controller: packages/modules/Bluetooth/system/main/shim/controller.cc:84 start_up: Mac address:xx:xx:xx:xx:62:cc
06-10 20:03:25.786 5257 5283 I bt_core_module: packages/modules/Bluetooth/system/btcore/src/module.cc:91 module_start_up: module_start_up Started module "gd_controller_module"
06-10 20:03:25.787 5257 5283 I bt_btm_pm: packages/modules/Bluetooth/system/stack/acl/btm_pm.cc:381 btm_pm_reset: reset pm
06-10 20:03:25.787 5257 5283 I bt_bta_dm: packages/modules/Bluetooth/system/bta/dm/bta_dm_act.cc:393 BTA_dm_on_hw_on: BTA_dm_on_hw_on: Read default class of device {0x2c, 0x4, 0x20}
06-10 20:03:25.787 5257 5283 I bt_btm_sec: packages/modules/Bluetooth/system/stack/btm/btm_sec.cc:268 BTM_SecRegister: BTM_SecRegister p_cb_info->p_le_callback == 0x0xc6bc8a11
06-10 20:03:25.787 5257 5283 I bt_btm_sec: packages/modules/Bluetooth/system/stack/btm/btm_sec.cc:283 BTM_SecRegister: BTM_SecRegister btm_cb.api.p_le_callback = 0x0xc6bc8a11
06-10 20:03:25.787 5257 5283 I bt_stack: [INFO:ble_scanner_hci_interface.cc(329)] Advertiser list in controller can be used
06-10 20:03:25.787 5257 5283 I bt_stack: [INFO:ble_scanner_hci_interface.cc(330)] Periodic Adv Sync Transfer Sender role is supported
06-10 20:03:25.790 5257 5284 I bluetooth: packages/modules/Bluetooth/system/stack/gatt/gatt_api.cc:1257 GATT_Register: Allocated name:GattClient uuid:d05c0581-298d-6e90-18bc-7795f67ec41c gatt_if:3 eatt_support:0
06-10 20:03:25.793 523 1288 D xm_audio: adev_get_parameters
06-10 20:03:25.794 523 1288 D xm_audio: adev_get_parameters
06-10 20:03:25.798 523 1288 D xm_audio: adev_get_parameters
06-10 20:03:25.799 523 1288 D xm_audio: adev_get_parameters
06-10 20:03:25.802 523 1288 D xm_audio: adev_get_parameters
06-10 20:03:25.804 5257 5284 I bt_stack: [INFO:ble_advertiser_hci_interface.cc(775)] Extended advertising will be in use
06-10 20:03:25.804 523 1288 D xm_audio: adev_get_parameters
06-10 20:03:25.804 5257 5296 D AdapterProperties: BT_PROPERTY_LOCAL_LE_FEATURES: update from BT controller mNumOfAdvertisementInstancesSupported = 5 mRpaOffloadSupported = true mNumOfOffloadedIrkSupported = 8 mNumOfOffloadedScanFilterSupported = 0 mOffloadedScanResultStorageBytes= 256 mIsActivityAndEnergyReporting = false mVersSupported = 96 mTotNumOfTrackableAdv = 0 mIsExtendedScanSupported = true mIsDebugLogSupported = false mIsLe2MPhySupported = false mIsLeCodedPhySupported = true mIsLeExtendedAdvertisingSupported = true mIsLePeriodicAdvertisingSupported = true mLeMaximumAdvertisingDataLength = 1650 mDynamicAudioBufferSizeSupportedCodecsGroup1 = 0 mDynamicAudioBufferSizeSupportedCodecsGroup2 = 0 mIsLePeriodicAdvertisingSyncTransferSenderSupported = true mIsLeConnectedIsochronousStreamCentralSupported = false mIsLeIsochronousBroadcasterSupported = false mIsLePeriodicAdvertisingSyncTransferRecipientSupported = true mIsOffloadedTransportDiscoveryDataScanSupported = false
06-10 20:03:25.805 5257 5296 V AdapterServiceConfig: Remove McpService from supported list.
06-10 20:03:25.806 5257 5284 I bt_btif_dm: packages/modules/Bluetooth/system/btif/src/btif_dm.cc:2090 BTIF_dm_enable: BTIF_dm_enable BLE Privacy: 0
06-10 20:03:25.807 5257 5284 E bt_btif_storage: packages/modules/Bluetooth/system/btif/src/btif_storage.cc:626 btif_storage_get_adapter_property: btif_storage_get_adapter_property: Controller ready!
06-10 20:03:25.807 5257 5284 I bt_btif_storage: packages/modules/Bluetooth/system/btif/src/btif_storage.cc:653 btif_storage_get_adapter_property: btif_storage_get_adapter_property service_mask:0x20000000
06-10 20:03:25.807 5257 5284 I bt_stack: [INFO:btif_bqr.cc(292)] EnableBtQualityReport: is_enable: true
06-10 20:03:25.807 5257 5284 W bt_stack: [WARNING:btif_bqr.cc(304)] EnableBtQualityReport: Bluetooth Quality Report is disabled. bqr_prop_evtmask: , bqr_prop_interval_ms:
06-10 20:03:25.808 5257 5310 I bt_osi_thread: packages/modules/Bluetooth/system/osi/src/thread.cc:210 run_thread: run_thread: thread id 5310, thread name btif_sock started
06-10 20:03:25.808 5257 5284 I bt_bte_conf: packages/modules/Bluetooth/system/main/bte_conf.cc:83 bte_load_did_conf: Device ID record 1 : primary
06-10 20:03:25.808 5257 5284 I bt_bte_conf: packages/modules/Bluetooth/system/main/bte_conf.cc:84 bte_load_did_conf: vendorId = 00e0
06-10 20:03:25.808 5257 5284 I bt_bte_conf: packages/modules/Bluetooth/system/main/bte_conf.cc:85 bte_load_did_conf: vendorIdSource = 0001
06-10 20:03:25.808 5257 5284 I bt_bte_conf: packages/modules/Bluetooth/system/main/bte_conf.cc:86 bte_load_did_conf: product = 1200
06-10 20:03:25.808 5257 5284 I bt_bte_conf: packages/modules/Bluetooth/system/main/bte_conf.cc:87 bte_load_did_conf: version = 1436
06-10 20:03:25.808 5257 5284 I bt_bte_conf: packages/modules/Bluetooth/system/main/bte_conf.cc:88 bte_load_did_conf: clientExecutableURL =
06-10 20:03:25.808 5257 5284 I bt_bte_conf: packages/modules/Bluetooth/system/main/bte_conf.cc:89 bte_load_did_conf: serviceDescription =
06-10 20:03:25.808 5257 5284 I bt_bte_conf: packages/modules/Bluetooth/system/main/bte_conf.cc:90 bte_load_did_conf: documentationURL =
06-10 20:03:25.808 5257 5284 I bt_bta_dm: packages/modules/Bluetooth/system/bta/dm/bta_dm_act.cc:3456 bta_dm_eir_update_uuid: EIR Adding UUID=0x1200 into extended inquiry response
06-10 20:03:25.808 5257 5284 I bt_bta_dm: packages/modules/Bluetooth/system/bta/dm/bta_dm_act.cc:3155 bta_dm_set_eir: Generating extended inquiry response packet EIR
06-10 20:03:25.808 5257 5284 I bt_bte_conf: packages/modules/Bluetooth/system/main/bte_conf.cc:46 bte_load_did_conf: bte_load_did_conf no section named DID2.
06-10 20:03:25.808 5257 5284 I bt_btif_core: packages/modules/Bluetooth/system/btif/src/btif_core.cc:294 btif_enable_bluetooth_evt: Bluetooth enable event completed
06-10 20:03:25.808 5257 5284 I bt_bta_dm: packages/modules/Bluetooth/system/bta/dm/bta_dm_act.cc:3155 bta_dm_set_eir: Generating extended inquiry response packet EIR
06-10 20:03:25.808 5257 5284 W bt_btm : packages/modules/Bluetooth/system/main/bte_logmsg.cc:108 LogMsg: BTM_BleConfigPrivacy 0
06-10 20:03:25.808 5257 5289 I bluetooth: packages/modules/Bluetooth/system/gd/hci/le_address_manager.cc:72 SetPrivacyPolicyForInitiatorAddress: SetPrivacyPolicyForInitiatorAddress with policy 1
06-10 20:03:25.809 5257 5289 I bluetooth: packages/modules/Bluetooth/system/gd/hci/le_address_manager.cc:294 resume_registered_clients: Resuming registered clients
06-10 20:03:25.809 5257 5283 I bt_core_module: packages/modules/Bluetooth/system/btcore/src/module.cc:86 module_start_up: module_start_up Starting module "rust_module"
06-10 20:03:25.810 5257 5311 I bt : bluetooth_core: starting Rust modules
06-10 20:03:25.810 5257 5311 I bluetooth: packages/modules/Bluetooth/system/stack/arbiter/acl_arbiter.cc:153 StoreCallbacksFromRust: Received callbacks from Rust, registering in Arbiter
06-10 20:03:25.810 5257 5311 I bt : bluetooth_core: starting Tokio event loop
06-10 20:03:25.810 5257 5283 I bt_core_module: packages/modules/Bluetooth/system/btcore/src/module.cc:91 module_start_up: module_start_up Started module "rust_module"
06-10 20:03:25.810 5257 5283 I bt_stack_manager: packages/modules/Bluetooth/system/btif/src/stack_manager.cc:354 event_start_up_stack: event_start_up_stack finished
06-10 20:03:25.811 523 1288 D xm_audio: adev_get_parameters
06-10 20:03:25.812 523 4177 D xm_audio: adev_get_parameters
06-10 20:03:25.814 740 740 D BluetoothManagerService: Bluetooth Adapter address changed to 1C:79:2D:20:62:CC
06-10 20:03:25.814 740 740 D BluetoothManagerService: Stored Bluetoothaddress: 1C:79:2D:20:62:CC
06-10 20:03:25.815 536 536 D hdmicecd: [CEC]:printCecMessage, [4 -> 0] len: 1, body: 8f, result:success
06-10 20:03:25.815 536 536 E IPCThreadState: binder thread pool (1 threads) starved for 217 ms
06-10 20:03:25.817 523 4177 D xm_audio: adev_get_parameters
06-10 20:03:25.818 523 1288 D xm_audio: adev_get_parameters
06-10 20:03:25.818 740 740 D BluetoothManagerService: Bluetooth Adapter name changed to DBBOX-A3 62cc by android
06-10 20:03:25.819 740 740 D BluetoothManagerService: Stored Bluetooth name: DBBOX-A3 62cc
06-10 20:03:25.819 5257 5296 D AdapterProperties: Name is: DBBOX-A3 62cc
06-10 20:03:25.819 1513 2044 D WanClient: sendHeartMessage
06-10 20:03:25.820 1513 2044 D WanClient: -----final------sendMessage: {"type":"2bKPMh2jwmQ="}
06-10 20:03:25.820 5257 5296 D AdapterProperties: Scan Mode:20
06-10 20:03:25.820 5257 5296 D AdapterProperties: Discoverable Timeout:120
06-10 20:03:25.822 5257 5296 D CompatibilityChangeReporter: Compat change id reported: 265103382; UID 1002; state: ENABLED
06-10 20:03:25.822 5257 5296 D AdapterProperties: Adding bonded device:XX:XX:XX:XX:F5:7A
06-10 20:03:25.822 5257 5296 D AdapterProperties: cleanupPrevBondRecordsFor: XX:XX:XX:XX:F5:7A
06-10 20:03:25.823 523 1288 D xm_audio: adev_get_parameters
06-10 20:03:25.823 5257 5296 D AdapterProperties: Adding bonded device:XX:XX:XX:XX:C0:7D
06-10 20:03:25.824 5257 5296 D AdapterProperties: cleanupPrevBondRecordsFor: XX:XX:XX:XX:C0:7D
06-10 20:03:25.824 523 1288 D xm_audio: adev_get_parameters
06-10 20:03:25.832 5257 5296 D AdapterProperties: player_name: com.google.android.apps.youtube.music
06-10 20:03:25.832 5257 5296 D AdapterProperties: updateAllowlistedMediaPlayers
06-10 20:03:25.832 5257 5296 D AdapterProperties: Adding to Allowlisted Players list:com.google.android.apps.youtube.music
06-10 20:03:25.832 5257 5296 D AdapterProperties: player_name: com.gaana
06-10 20:03:25.832 5257 5296 D AdapterProperties: updateAllowlistedMediaPlayers
06-10 20:03:25.832 5257 5296 D AdapterProperties: Adding to Allowlisted Players list:com.gaana
06-10 20:03:25.833 5257 5278 I AdapterState: BLE_ON : entered
06-10 20:03:25.833 5257 5278 D AdapterProperties: Setting state to BLE_ON
06-10 20:03:25.833 5257 5278 D BluetoothAdapterService: updateAdapterState() - Broadcasting state BLE_ON to 1 receivers.
06-10 20:03:25.834 740 887 D BluetoothManagerService: MESSAGE_BLUETOOTH_STATE_CHANGE: BLE_TURNING_ON > BLE_ON
06-10 20:03:25.834 740 887 D BluetoothManagerService: Bluetooth is in LE only mode
06-10 20:03:25.834 740 887 D BluetoothManagerService: continueFromBleOnState()
06-10 20:03:25.836 5257 5278 I AdapterState: TURNING_ON : entered
06-10 20:03:25.836 740 887 D BluetoothManagerService: Persisting Bluetooth Setting: 1
06-10 20:03:25.836 5257 5278 D AdapterProperties: Setting state to TURNING_ON
06-10 20:03:25.836 740 887 D BluetoothManagerService: Sending BLE State Change: BLE_TURNING_ON > BLE_ON
06-10 20:03:25.836 5257 5278 D BluetoothAdapterService: updateAdapterState() - Broadcasting state TURNING_ON to 1 receivers.
06-10 20:03:25.836 740 887 W BluetoothManagerService: bluetooth is recovered from error
06-10 20:03:25.837 740 887 D BluetoothManagerService: MESSAGE_BLUETOOTH_STATE_CHANGE: BLE_ON > TURNING_ON
06-10 20:03:25.837 740 887 D BluetoothManagerService: Sending BLE State Change: BLE_ON > TURNING_ON
06-10 20:03:25.837 5257 5278 D BluetoothAdapterService: startCoreServices()
06-10 20:03:25.837 740 887 D BluetoothManagerService: Sending State Change: OFF > TURNING_ON
06-10 20:03:25.841 5257 5257 I A2dpService: create()
06-10 20:03:25.841 1204 1204 I wpa_supplicant: wpa_driver_nl80211_driver_cmd: wifi vendor: aml_w2_s
06-10 20:03:25.841 1204 1204 I wpa_supplicant: wpa_driver_nl80211_driver_cmd: wlan0: private command: BTCOEXSCAN-STOP
06-10 20:03:25.841 998 998 I BLE_Service: ACTION STATE CHANGED was 11
06-10 20:03:25.848 5257 5257 I A2dpService: start()
06-10 20:03:25.848 5257 5257 I BluetoothA2dpServiceJni: classInitNative: succeeds
06-10 20:03:25.849 5257 5257 I A2dpService: Max connected audio devices set to 5
06-10 20:03:25.850 1513 5182 D WanClient: onMessage:Thread[WebSocketConnectReadThread-81,5,main]--{"msg":"+MSejyjwlbc="}
06-10 20:03:25.852 1513 5182 D WanClient: onMessageReceived:Thread[WebSocketConnectReadThread-81,5,main] {"msg":"+MSejyjwlbc="}
06-10 20:03:25.852 1513 5182 D WanClient: type: null
06-10 20:03:25.852 1513 5182 D WanClient: send:HB7FxtN64oc=
06-10 20:03:25.852 1513 5182 D WanClient: leave:uQ3qCmhm4oA=
06-10 20:03:25.852 1513 5182 D WanClient: join:7EsoetslBbs=
06-10 20:03:25.852 1513 5182 D WanClient: Me3/LwZ5vWJxjtP9s3upnQ==
06-10 20:03:25.855 5257 5257 I bt_btif : packages/modules/Bluetooth/system/btif/src/bluetooth.cc:829 get_profile_interface: get_profile_interface: id = a2dp
06-10 20:03:25.855 5257 5257 I btif_av : packages/modules/Bluetooth/system/btif/src/btif_av.cc:1012 Init: bt_status_t BtifAvSource::Init(btav_source_callbacks_t *, int, const std::vector &, const std::vector &): max_connected_audio_devices=5
06-10 20:03:25.855 5257 5257 I a2dp_codec: packages/modules/Bluetooth/system/stack/a2dp/a2dp_codec_config.cc:601 init: init
06-10 20:03:25.855 5257 5257 I a2dp_codec: packages/modules/Bluetooth/system/stack/a2dp/a2dp_codec_config.cc:116 createCodec: SBC
06-10 20:03:25.856 5257 5257 I a2dp_codec: packages/modules/Bluetooth/system/stack/a2dp/a2dp_codec_config.cc:642 init: init: updated SBC codec priority to 1001
06-10 20:03:25.856 5257 5257 I a2dp_codec: packages/modules/Bluetooth/system/stack/a2dp/a2dp_codec_config.cc:116 createCodec: AAC
06-10 20:03:25.856 5257 5257 I a2dp_codec: packages/modules/Bluetooth/system/stack/a2dp/a2dp_codec_config.cc:642 init: init: updated AAC codec priority to 2001
06-10 20:03:25.856 5257 5257 I a2dp_codec: packages/modules/Bluetooth/system/stack/a2dp/a2dp_codec_config.cc:116 createCodec: aptX
06-10 20:03:25.856 5257 5257 I a2dp_codec: packages/modules/Bluetooth/system/stack/a2dp/a2dp_codec_config.cc:642 init: init: updated aptX codec priority to 3001
06-10 20:03:25.856 5257 5257 I a2dp_codec: packages/modules/Bluetooth/system/stack/a2dp/a2dp_codec_config.cc:116 createCodec: aptX-HD
