06-10 19:55:28.832 740 815 D SystemServerTimingAsync: ssm.onUnlockingUser-0_com.android.server.media.MediaCommunicationService
06-10 19:55:28.832 740 815 D SystemServerTimingAsync: ssm.onUnlockingUser-0_com.android.server.compat.overrides.AppCompatOverridesService$Lifecycle
06-10 19:55:28.832 740 815 D SystemServerTimingAsync: ssm.onUnlockingUser-0_com.android.server.healthconnect.HealthConnectManagerService
06-10 19:55:28.832 740 815 D SystemServerTimingAsync: ssm.onUnlockingUser-0_com.android.server.devicelock.DeviceLockService
06-10 19:55:28.832 740 815 D DeviceLockService: onUserUnlocking
06-10 19:55:28.833 740 815 D SystemServerTiming: finishUserUnlocked-0
06-10 19:55:28.833 740 804 I ActivityTaskManager: Loading recents for user 0 into memory.
06-10 19:55:28.833 740 815 I ActivityManager: User 0 state changed from RUNNING_UNLOCKING to RUNNING_UNLOCKED
06-10 19:55:28.839 740 815 V SystemServerTiming: SystemUserUnlock took to complete: 1051ms
06-10 19:55:28.850 740 945 E BackupPasswordManager: Unable to read backup pw version
06-10 19:55:28.850 740 945 E BackupPasswordManager: Unable to read saved backup pw hash
06-10 19:55:28.865 740 804 V PackageConfigPersister: loadPackages: empty list files from /data/system_ce/0/package_configs
06-10 19:55:28.866 740 815 I ActivityManager: com.dangbei.lerad.etna.haqu is exempt from freezer
06-10 19:55:28.866 740 815 D CompatibilityChangeReporter: Compat change id reported: 135634846; UID 1000; state: DISABLED
06-10 19:55:28.868 740 815 W BroadcastLoopers: Found previously unknown looper Thread[ActivityManager,5,main]
06-10 19:55:28.869 740 815 I ActivityManager: Posting BOOT_COMPLETED user #0
06-10 19:55:28.871 740 815 D SystemServerTimingAsync: ssm.UnlockedUser-0
06-10 19:55:28.871 740 815 I SystemServiceManager: Calling onUnlockedUser 0
06-10 19:55:28.871 740 815 D SystemServerTimingAsync: ssm.onUnlockedUser-0_com.android.server.security.FileIntegrityService
06-10 19:55:28.871 740 815 D SystemServerTimingAsync: ssm.onUnlockedUser-0_com.android.server.pm.Installer
06-10 19:55:28.871 740 815 D SystemServerTimingAsync: ssm.onUnlockedUser-0_com.android.server.os.DeviceIdentifiersPolicyService
06-10 19:55:28.871 740 815 D SystemServerTimingAsync: ssm.onUnlockedUser-0_com.android.server.flags.FeatureFlagsService
06-10 19:55:28.871 740 815 D SystemServerTimingAsync: ssm.onUnlockedUser-0_com.android.server.uri.UriGrantsManagerService$Lifecycle
06-10 19:55:28.871 740 815 D SystemServerTimingAsync: ssm.onUnlockedUser-0_com.android.server.powerstats.PowerStatsService
06-10 19:55:28.871 740 815 D SystemServerTimingAsync: ssm.onUnlockedUser-0_com.android.server.permission.access.AccessCheckingService
06-10 19:55:28.871 740 815 D SystemServerTimingAsync: ssm.onUnlockedUser-0_com.android.server.wm.ActivityTaskManagerService$Lifecycle
06-10 19:55:28.873 740 815 I LaunchParamsPersister: Didn't find launch param folder for user 0
06-10 19:55:28.873 740 815 D SystemServerTimingAsync: ssm.onUnlockedUser-0_com.android.server.am.ActivityManagerService$Lifecycle
06-10 19:55:28.873 740 815 D SystemServerTimingAsync: ssm.onUnlockedUser-0_com.android.server.pm.DataLoaderManagerService
06-10 19:55:28.873 740 815 D SystemServerTimingAsync: ssm.onUnlockedUser-0_com.android.server.power.PowerManagerService
06-10 19:55:28.873 740 815 D SystemServerTimingAsync: ssm.onUnlockedUser-0_com.android.server.power.ThermalManagerService
06-10 19:55:28.873 740 815 D SystemServerTimingAsync: ssm.onUnlockedUser-0_com.android.server.power.hint.HintManagerService
06-10 19:55:28.873 740 815 D SystemServerTimingAsync: ssm.onUnlockedUser-0_com.android.server.recoverysystem.RecoverySystemService$Lifecycle
06-10 19:55:28.873 740 815 D SystemServerTimingAsync: ssm.onUnlockedUser-0_com.android.server.lights.LightsService
06-10 19:55:28.873 740 815 D SystemServerTimingAsync: ssm.onUnlockedUser-0_com.android.server.display.DisplayManagerService
06-10 19:55:28.873 740 815 D SystemServerTimingAsync: ssm.onUnlockedUser-0_com.android.server.pm.verify.domain.DomainVerificationService
06-10 19:55:28.874 740 815 D SystemServerTimingAsync: ssm.onUnlockedUser-0_com.android.server.pm.PackageInstallerService$Lifecycle
06-10 19:55:28.874 740 815 D SystemServerTimingAsync: ssm.onUnlockedUser-0_com.android.server.pm.UserManagerService$LifeCycle
06-10 19:55:28.874 740 815 D SystemServerTimingAsync: ssm.onUnlockedUser-0_com.android.server.om.OverlayManagerService
06-10 19:55:28.874 740 815 D SystemServerTimingAsync: ssm.onUnlockedUser-0_com.android.server.resources.ResourcesManagerService
06-10 19:55:28.874 740 815 D SystemServerTimingAsync: ssm.onUnlockedUser-0_com.android.server.sensorprivacy.SensorPrivacyService
06-10 19:55:28.874 740 815 D SystemServerTimingAsync: ssm.onUnlockedUser-0_com.android.server.sensors.SensorService
06-10 19:55:28.874 740 815 D SystemServerTimingAsync: ssm.onUnlockedUser-0_com.android.server.SystemConfigService
06-10 19:55:28.874 740 815 D SystemServerTimingAsync: ssm.onUnlockedUser-0_com.android.server.BatteryService
06-10 19:55:28.874 740 815 D SystemServerTimingAsync: ssm.onUnlockedUser-0_com.android.server.usage.UsageStatsService
06-10 19:55:28.874 740 815 D SystemServerTimingAsync: ssm.onUnlockedUser-0_com.android.server.webkit.WebViewUpdateService
06-10 19:55:28.874 740 815 D SystemServerTimingAsync: ssm.onUnlockedUser-0_com.android.server.CachedDeviceStateService
06-10 19:55:28.874 740 815 D SystemServerTimingAsync: ssm.onUnlockedUser-0_com.android.server.BinderCallsStatsService$LifeCycle
06-10 19:55:28.874 740 815 D SystemServerTimingAsync: ssm.onUnlockedUser-0_com.android.server.LooperStatsService$Lifecycle
06-10 19:55:28.874 740 815 D SystemServerTimingAsync: ssm.onUnlockedUser-0_com.android.server.rollback.RollbackManagerService
06-10 19:55:28.874 740 815 D SystemServerTimingAsync: ssm.onUnlockedUser-0_com.android.server.os.NativeTombstoneManagerService
06-10 19:55:28.874 740 815 D SystemServerTimingAsync: ssm.onUnlockedUser-0_com.android.server.os.BugreportManagerService
06-10 19:55:28.874 740 815 D SystemServerTimingAsync: ssm.onUnlockedUser-0_com.android.server.gpu.GpuService
06-10 19:55:28.874 740 815 D SystemServerTimingAsync: ssm.onUnlockedUser-0_com.android.server.security.rkp.RemoteProvisioningService
06-10 19:55:28.874 740 815 D SystemServerTimingAsync: ssm.onUnlockedUser-0_com.android.server.security.KeyChainSystemService
06-10 19:55:28.874 740 815 D SystemServerTimingAsync: ssm.onUnlockedUser-0_com.android.server.BinaryTransparencyService
06-10 19:55:28.874 740 815 D SystemServerTimingAsync: ssm.onUnlockedUser-0_com.android.server.accounts.AccountManagerService$Lifecycle
06-10 19:55:28.874 740 815 D SystemServerTimingAsync: ssm.onUnlockedUser-0_com.android.server.content.ContentService$Lifecycle
06-10 19:55:28.874 740 815 D SystemServerTimingAsync: ssm.onUnlockedUser-0_com.android.server.deviceconfig.DeviceConfigInit$Lifecycle
06-10 19:55:28.874 740 815 D SystemServerTimingAsync: ssm.onUnlockedUser-0_com.android.server.DropBoxManagerService
06-10 19:55:28.874 740 815 D SystemServerTimingAsync: ssm.onUnlockedUser-0_com.android.role.RoleService
06-10 19:55:28.874 740 815 D SystemServerTimingAsync: ssm.onUnlockedUser-0_com.android.server.vibrator.VibratorManagerService$Lifecycle
06-10 19:55:28.874 740 815 D SystemServerTimingAsync: ssm.onUnlockedUser-0_com.android.server.tare.InternalResourceService
06-10 19:55:28.874 740 815 D SystemServerTimingAsync: ssm.onUnlockedUser-0_com.android.server.alarm.AlarmManagerService
06-10 19:55:28.874 740 815 D SystemServerTimingAsync: ssm.onUnlockedUser-0_com.android.server.devicestate.DeviceStateManagerService
06-10 19:55:28.874 740 815 D SystemServerTimingAsync: ssm.onUnlockedUser-0_com.android.server.camera.CameraServiceProxy
06-10 19:55:28.874 740 815 D SystemServerTimingAsync: ssm.onUnlockedUser-0_com.android.server.bluetooth.BluetoothService
06-10 19:55:28.874 740 815 D SystemServerTimingAsync: ssm.onUnlockedUser-0_com.android.server.connectivity.IpConnectivityMetrics
06-10 19:55:28.874 740 815 D SystemServerTimingAsync: ssm.onUnlockedUser-0_com.android.server.net.watchlist.NetworkWatchlistService$Lifecycle
06-10 19:55:28.874 740 815 D SystemServerTimingAsync: ssm.onUnlockedUser-0_com.android.server.PinnerService
06-10 19:55:28.874 740 815 D SystemServerTimingAsync: ssm.onUnlockedUser-0_com.android.server.integrity.AppIntegrityManagerService
06-10 19:55:28.874 740 815 D SystemServerTimingAsync: ssm.onUnlockedUser-0_com.android.server.logcat.LogcatManagerService
06-10 19:55:28.874 740 815 D SystemServerTimingAsync: ssm.onUnlockedUser-0_com.android.server.inputmethod.InputMethodManagerService$Lifecycle
06-10 19:55:28.874 740 815 D SystemServerTimingAsync: ssm.onUnlockedUser-0_com.android.server.accessibility.AccessibilityManagerService$Lifecycle
06-10 19:55:28.874 740 815 D SystemServerTimingAsync: ssm.onUnlockedUser-0_com.android.server.StorageManagerService$Lifecycle
06-10 19:55:28.874 740 815 D SystemServerTimingAsync: ssm.onUnlockedUser-0_com.android.server.usage.StorageStatsService$Lifecycle
06-10 19:55:28.874 740 815 D SystemServerTimingAsync: ssm.onUnlockedUser-0_com.android.server.UiModeManagerService
06-10 19:55:28.874 740 815 D SystemServerTimingAsync: ssm.onUnlockedUser-0_com.android.server.locales.LocaleManagerService
06-10 19:55:28.874 740 815 D SystemServerTimingAsync: ssm.onUnlockedUser-0_com.android.server.grammaticalinflection.GrammaticalInflectionService
06-10 19:55:28.875 740 815 D SystemServerTimingAsync: ssm.onUnlockedUser-0_com.android.server.apphibernation.AppHibernationService
06-10 19:55:28.875 740 815 D SystemServerTimingAsync: ssm.onUnlockedUser-0_com.android.server.locksettings.LockSettingsService$Lifecycle
06-10 19:55:28.875 740 815 D SystemServerTimingAsync: ssm.onUnlockedUser-0_com.android.server.PersistentDataBlockService
06-10 19:55:28.875 740 815 D SystemServerTimingAsync: ssm.onUnlockedUser-0_com.android.server.testharness.TestHarnessModeService
06-10 19:55:28.875 740 815 D SystemServerTimingAsync: ssm.onUnlockedUser-0_com.android.server.oemlock.OemLockService
06-10 19:55:28.875 740 815 D SystemServerTimingAsync: ssm.onUnlockedUser-0_com.android.server.DeviceIdleController
06-10 19:55:28.875 740 815 D SystemServerTimingAsync: ssm.onUnlockedUser-0_com.android.server.devicepolicy.DevicePolicyManagerService$Lifecycle
06-10 19:55:28.875 740 815 D SystemServerTimingAsync: ssm.onUnlockedUser-0_com.android.server.texttospeech.TextToSpeechManagerService
06-10 19:55:28.876 740 815 D SystemServerTimingAsync: ssm.onUnlockedUser-0_com.android.server.ambientcontext.AmbientContextManagerService
06-10 19:55:28.876 740 815 D SystemServerTimingAsync: ssm.onUnlockedUser-0_com.android.server.wearable.WearableSensingManagerService
06-10 19:55:28.876 740 815 D SystemServerTimingAsync: ssm.onUnlockedUser-0_com.android.server.speech.SpeechRecognitionManagerService
06-10 19:55:28.876 740 815 D SystemServerTimingAsync: ssm.onUnlockedUser-0_com.android.server.searchui.SearchUiManagerService
06-10 19:55:28.876 740 815 D SystemServerTimingAsync: ssm.onUnlockedUser-0_com.android.server.smartspace.SmartspaceManagerService
06-10 19:55:28.876 740 815 D SystemServerTimingAsync: ssm.onUnlockedUser-0_com.android.server.graphics.fonts.FontManagerService$Lifecycle
06-10 19:55:28.876 740 815 D SystemServerTimingAsync: ssm.onUnlockedUser-0_com.android.server.textservices.TextServicesManagerService$Lifecycle
06-10 19:55:28.876 740 815 D SystemServerTimingAsync: ssm.onUnlockedUser-0_com.android.server.textclassifier.TextClassificationManagerService$Lifecycle
06-10 19:55:28.876 740 815 D SystemServerTimingAsync: ssm.onUnlockedUser-0_com.android.server.NetworkScoreService$Lifecycle
06-10 19:55:28.876 740 815 D SystemServerTimingAsync: ssm.onUnlockedUser-0_com.android.server.NetworkStatsServiceInitializer
06-10 19:55:28.876 740 815 D SystemServerTimingAsync: ssm.onUnlockedUser-0_com.android.server.wifi.WifiService
06-10 19:55:28.876 740 815 D SystemServerTimingAsync: ssm.onUnlockedUser-0_com.android.server.wifi.scanner.WifiScanningService
06-10 19:55:28.876 740 815 D SystemServerTimingAsync: ssm.onUnlockedUser-0_com.android.server.wifi.p2p.WifiP2pService
06-10 19:55:28.876 740 815 D SystemServerTimingAsync: ssm.onUnlockedUser-0_com.android.server.ConnectivityServiceInitializer
06-10 19:55:28.876 740 815 D SystemServerTimingAsync: ssm.onUnlockedUser-0_com.android.server.notification.NotificationManagerService
06-10 19:55:28.877 740 815 D SystemServerTimingAsync: ssm.onUnlockedUser-0_com.android.server.storage.DeviceStorageMonitorService
06-10 19:55:28.877 740 815 D SystemServerTimingAsync: ssm.onUnlockedUser-0_com.android.server.timedetector.TimeDetectorService$Lifecycle
06-10 19:55:28.877 740 815 D SystemServerTimingAsync: ssm.onUnlockedUser-0_com.android.server.location.LocationManagerService$Lifecycle
06-10 19:55:28.877 740 815 D SystemServerTimingAsync: ssm.onUnlockedUser-0_com.android.server.timezonedetector.TimeZoneDetectorService$Lifecycle
06-10 19:55:28.877 740 815 D SystemServerTimingAsync: ssm.onUnlockedUser-0_com.android.server.location.altitude.AltitudeService$Lifecycle
06-10 19:55:28.877 740 815 D SystemServerTimingAsync: ssm.onUnlockedUser-0_com.android.server.timezonedetector.location.LocationTimeZoneManagerService$Lifecycle
06-10 19:55:28.877 740 815 D SystemServerTimingAsync: ssm.onUnlockedUser-0_com.android.server.search.SearchManagerService$Lifecycle
06-10 19:55:28.877 740 815 D SystemServerTimingAsync: ssm.onUnlockedUser-0_com.android.server.wallpaper.WallpaperManagerService$Lifecycle
06-10 19:55:28.877 740 815 D SystemServerTimingAsync: ssm.onUnlockedUser-0_com.android.server.wallpapereffectsgeneration.WallpaperEffectsGenerationManagerService
06-10 19:55:28.877 740 815 D SystemServerTimingAsync: ssm.onUnlockedUser-0_com.android.server.audio.AudioService$Lifecycle
06-10 19:55:28.877 740 815 D SystemServerTimingAsync: ssm.onUnlockedUser-0_com.android.server.soundtrigger_middleware.SoundTriggerMiddlewareService$Lifecycle
06-10 19:55:28.877 740 815 D SystemServerTimingAsync: ssm.onUnlockedUser-0_com.android.server.adb.AdbService$Lifecycle
06-10 19:55:28.877 740 815 D SystemServerTimingAsync: ssm.onUnlockedUser-0_com.android.server.usb.UsbService$Lifecycle
06-10 19:55:28.877 740 815 D SystemServerTimingAsync: ssm.onUnlockedUser-0_com.android.server.twilight.TwilightService
06-10 19:55:28.877 740 815 D SystemServerTimingAsync: ssm.onUnlockedUser-0_com.android.server.display.color.ColorDisplayService
06-10 19:55:28.877 740 815 D SystemServerTimingAsync: ssm.onUnlockedUser-0_com.android.server.job.JobSchedulerService
06-10 19:55:28.877 740 815 D SystemServerTimingAsync: ssm.onUnlockedUser-0_com.android.server.soundtrigger.SoundTriggerService
06-10 19:55:28.877 740 815 D SystemServerTimingAsync: ssm.onUnlockedUser-0_com.android.server.trust.TrustManagerService
06-10 19:55:28.877 740 815 D SystemServerTimingAsync: ssm.onUnlockedUser-0_com.android.server.backup.BackupManagerService$Lifecycle
06-10 19:55:28.877 740 815 D SystemServerTimingAsync: ssm.onUnlockedUser-0_com.android.server.appwidget.AppWidgetService
06-10 19:55:28.877 740 815 D SystemServerTimingAsync: ssm.onUnlockedUser-0_com.android.server.voiceinteraction.VoiceInteractionManagerService
06-10 19:55:28.877 740 815 D SystemServerTimingAsync: ssm.onUnlockedUser-0_com.android.server.GestureLauncherService
06-10 19:55:28.877 740 815 D SystemServerTimingAsync: ssm.onUnlockedUser-0_com.android.server.SensorNotificationService
06-10 19:55:28.877 740 815 D SystemServerTimingAsync: ssm.onUnlockedUser-0_com.android.server.emergency.EmergencyAffordanceService
06-10 19:55:28.877 740 815 D SystemServerTimingAsync: ssm.onUnlockedUser-0_com.android.server.blob.BlobStoreManagerService
06-10 19:55:28.877 740 815 D SystemServerTimingAsync: ssm.onUnlockedUser-0_com.android.server.dreams.DreamManagerService
06-10 19:55:28.877 740 815 D SystemServerTimingAsync: ssm.onUnlockedUser-0_com.android.server.security.AttestationVerificationManagerService
06-10 19:55:28.877 740 815 D SystemServerTimingAsync: ssm.onUnlockedUser-0_com.android.server.restrictions.RestrictionsManagerService
06-10 19:55:28.877 740 815 D SystemServerTimingAsync: ssm.onUnlockedUser-0_com.android.server.media.MediaSessionService
06-10 19:55:28.877 740 815 D SystemServerTimingAsync: ssm.onUnlockedUser-0_com.android.server.hdmi.HdmiControlService
06-10 19:55:28.877 740 815 D SystemServerTimingAsync: ssm.onUnlockedUser-0_com.android.server.tv.interactive.TvInteractiveAppManagerService
06-10 19:55:28.877 740 815 D SystemServerTimingAsync: ssm.onUnlockedUser-0_com.android.server.tv.TvInputManagerService
06-10 19:55:28.878 740 815 D SystemServerTimingAsync: ssm.onUnlockedUser-0_com.android.server.media.MediaResourceMonitorService
06-10 19:55:28.878 740 815 D SystemServerTimingAsync: ssm.onUnlockedUser-0_com.android.server.tv.TvRemoteService
06-10 19:55:28.878 740 815 D SystemServerTimingAsync: ssm.onUnlockedUser-0_com.android.server.biometrics.BiometricService
06-10 19:55:28.878 740 815 D SystemServerTimingAsync: ssm.onUnlockedUser-0_com.android.server.biometrics.AuthService
06-10 19:55:28.878 740 815 D SystemServerTimingAsync: ssm.onUnlockedUser-0_com.android.server.pm.ShortcutService$Lifecycle
06-10 19:55:28.878 740 815 D SystemServerTimingAsync: ssm.onUnlockedUser-0_com.android.server.pm.LauncherAppsService
06-10 19:55:28.878 740 815 D SystemServerTimingAsync: ssm.onUnlockedUser-0_com.android.server.pm.CrossProfileAppsService
06-10 19:55:28.878 740 815 D SystemServerTimingAsync: ssm.onUnlockedUser-0_com.android.server.people.PeopleService
06-10 19:55:28.878 740 815 D SystemServerTimingAsync: ssm.onUnlockedUser-0_com.android.server.media.metrics.MediaMetricsManagerService
06-10 19:55:28.878 740 815 D SystemServerTimingAsync: ssm.onUnlockedUser-0_com.android.server.pm.BackgroundInstallControlService
06-10 19:55:28.879 740 815 D SystemServerTimingAsync: ssm.onUnlockedUser-0_com.android.server.media.projection.MediaProjectionManagerService
06-10 19:55:28.879 740 815 D SystemServerTimingAsync: ssm.onUnlockedUser-0_com.android.server.slice.SliceManagerService$Lifecycle
06-10 19:55:28.879 740 815 D SystemServerTimingAsync: ssm.onUnlockedUser-0_com.android.server.stats.StatsCompanion$Lifecycle
06-10 19:55:28.879 740 815 D SystemServerTimingAsync: ssm.onUnlockedUser-0_com.android.server.scheduling.RebootReadinessManagerService$Lifecycle
06-10 19:55:28.879 740 815 D SystemServerTimingAsync: ssm.onUnlockedUser-0_com.android.server.stats.pull.StatsPullAtomService
06-10 19:55:28.879 740 815 D SystemServerTimingAsync: ssm.onUnlockedUser-0_com.android.server.stats.bootstrap.StatsBootstrapAtomService$Lifecycle
06-10 19:55:28.879 740 815 D SystemServerTimingAsync: ssm.onUnlockedUser-0_com.android.server.incident.IncidentCompanionService
06-10 19:55:28.879 740 815 D SystemServerTimingAsync: ssm.onUnlockedUser-0_com.android.server.sdksandbox.SdkSandboxManagerService$Lifecycle
06-10 19:55:28.879 740 815 D SystemServerTimingAsync: ssm.onUnlockedUser-0_com.android.server.adservices.AdServicesManagerService$Lifecycle
06-10 19:55:28.879 740 815 D SystemServerTimingAsync: ssm.onUnlockedUser-0_com.android.server.ondevicepersonalization.OnDevicePersonalizationSystemService$Lifecycle
06-10 19:55:28.879 740 815 D SystemServerTimingAsync: ssm.onUnlockedUser-0_com.android.server.autofill.AutofillManagerService
06-10 19:55:28.879 740 815 D SystemServerTimingAsync: ssm.onUnlockedUser-0_com.android.server.clipboard.ClipboardService
06-10 19:55:28.879 740 815 D SystemServerTimingAsync: ssm.onUnlockedUser-0_com.android.server.appbinding.AppBindingService$Lifecycle
06-10 19:55:28.879 740 815 D SystemServerTimingAsync: ssm.onUnlockedUser-0_com.android.server.tracing.TracingServiceProxy
06-10 19:55:28.879 740 815 D SystemServerTimingAsync: ssm.onUnlockedUser-0_com.android.server.policy.PermissionPolicyService
06-10 19:55:28.879 740 815 D SystemServerTimingAsync: ssm.onUnlockedUser-0_com.android.server.pm.StagingManager$Lifecycle
06-10 19:55:28.879 740 815 D SystemServerTimingAsync: ssm.onUnlockedUser-0_com.android.server.app.GameManagerService$Lifecycle
06-10 19:55:28.879 740 815 D SystemServerTimingAsync: ssm.onUnlockedUser-0_com.android.safetycenter.SafetyCenterService
06-10 19:55:28.879 740 815 D SystemServerTimingAsync: ssm.onUnlockedUser-0_com.android.server.appsearch.AppSearchModule$Lifecycle
06-10 19:55:28.879 740 815 D SystemServerTimingAsync: ssm.onUnlockedUser-0_com.android.server.media.MediaCommunicationService
06-10 19:55:28.879 740 815 D SystemServerTimingAsync: ssm.onUnlockedUser-0_com.android.server.compat.overrides.AppCompatOverridesService$Lifecycle
06-10 19:55:28.880 740 815 D SystemServerTimingAsync: ssm.onUnlockedUser-0_com.android.server.healthconnect.HealthConnectManagerService
06-10 19:55:28.880 740 815 D HealthConnectManagerService: switchToSetupForUser: UserHandle{0}
06-10 19:55:28.880 740 815 D HealthConnectBackupRestore: Performing user switch operations.
06-10 19:55:28.882 740 815 D SystemServerTimingAsync: ssm.onUnlockedUser-0_com.android.server.devicelock.DeviceLockService
06-10 19:55:28.890 740 1503 E TaskPersister: File error accessing recents directory (directory doesn't exist?).
06-10 19:55:28.905 740 1136 D CompatibilityChangeReporter: Compat change id reported: 265464455; UID 1000; state: DISABLED
06-10 19:55:28.905 740 1136 D CompatibilityChangeReporter: Compat change id reported: 265452344; UID 1000; state: DISABLED
06-10 19:55:28.906 740 1136 D CompatibilityChangeReporter: Compat change id reported: 266124927; UID 1000; state: DISABLED
06-10 19:55:28.906 740 1136 D CompatibilityChangeReporter: Compat change id reported: 265451093; UID 1000; state: DISABLED
06-10 19:55:28.906 740 1136 D CompatibilityChangeReporter: Compat change id reported: 265456536; UID 1000; state: DISABLED
06-10 19:55:28.906 740 1136 D CompatibilityChangeReporter: Compat change id reported: 255940284; UID 1000; state: DISABLED
06-10 19:55:28.906 740 1136 D CompatibilityChangeReporter: Compat change id reported: 236283604; UID 1000; state: DISABLED
06-10 19:55:28.906 740 1136 D CompatibilityChangeReporter: Compat change id reported: 263959004; UID 1000; state: DISABLED
06-10 19:55:28.907 740 1136 D CompatibilityChangeReporter: Compat change id reported: 264304459; UID 1000; state: DISABLED
06-10 19:55:28.907 740 1136 D CompatibilityChangeReporter: Compat change id reported: 264301586; UID 1000; state: DISABLED
06-10 19:55:28.907 740 1136 D CompatibilityChangeReporter: Compat change id reported: 254631730; UID 1000; state: DISABLED
06-10 19:55:28.907 740 1136 D CompatibilityChangeReporter: Compat change id reported: 273509367; UID 1000; state: DISABLED
06-10 19:55:28.908 740 1136 D CompatibilityChangeReporter: Compat change id reported: 263259275; UID 1000; state: DISABLED
06-10 19:55:28.908 740 1136 D CompatibilityChangeReporter: Compat change id reported: 174042980; UID 1000; state: DISABLED
06-10 19:55:28.908 740 1136 D CompatibilityChangeReporter: Compat change id reported: 174042936; UID 1000; state: DISABLED
06-10 19:55:28.908 740 1136 D CompatibilityChangeReporter: Compat change id reported: 181136395; UID 1000; state: DISABLED
06-10 19:55:28.915 982 1132 V WindowManagerShell: Transition requested: android.os.BinderProxy@7bee646 TransitionRequestInfo { type = 2, triggerTask = TaskInfo{userId=0 taskId=3 displayId=0 isRunning=false baseIntent=Intent { act=android.intent.action.MAIN cat=[android.intent.category.HOME] flg=0x10800100 cmp=com.android.tv.settings/.system.FallbackHome } baseActivity=null topActivity=null origActivity=null realActivity=ComponentInfo{com.android.tv.settings/com.android.tv.settings.system.FallbackHome} numActivities=0 lastActiveTime=22725 supportsMultiWindow=true resizeMode=0 isResizeable=false minWidth=-1 minHeight=-1 defaultMinSize=220 token=WCT{android.window.IWindowContainerToken$Stub$Proxy@6959007} topActivityType=2 pictureInPictureParams=null shouldDockBigOverlays=false launchIntoPipHostTaskId=-1 lastParentTaskIdBeforePip=-1 displayCutoutSafeInsets=null topActivityInfo=null launchCookies=[] positionInParent=Point(0, 0) parentTaskId=-1 isFocused=true isVisible=true isVisibleRequested=true isSleeping=false topActivityInSizeCompat=false topActivityEligibleForLetterboxEducation= false isLetterboxDoubleTapEnabled= false topActivityEligibleForUserAspectRatioButton= false topActivityBoundsLetterboxed= false isFromLetterboxDoubleTap= false topActivityLetterboxVerticalPosition= -1 topActivityLetterboxHorizontalPosition= -1 topActivityLetterboxWidth=-1 topActivityLetterboxHeight=-1 isUserFullscreenOverrideEnabled=false isTopActivityTransparent=false locusId=null displayAreaFeatureId=1 cameraCompatControlState=hidden}, remoteTransition = null, displayChange = null, flags = 0 }
06-10 19:55:28.918 740 816 W ActivityManager: Slow operation: 52ms so far, now at startProcess: returned from zygote!
06-10 19:55:28.922 740 740 W Looper : Slow dispatch took 201ms main h=android.app.ActivityThread$H c=android.app.LoadedApk$ReceiverDispatcher$Args$$ExternalSyntheticLambda0@d7a9036 m=0
06-10 19:55:28.922 740 740 W Looper : Slow delivery took 201ms main h=android.app.ActivityThread$H c=android.app.LoadedApk$ReceiverDispatcher$Args$$ExternalSyntheticLambda0@4e40b37 m=0
06-10 19:55:28.934 740 1136 D CompatibilityChangeReporter: Compat change id reported: 194480991; UID 1000; state: ENABLED
06-10 19:55:28.943 740 1136 D CompatibilityChangeReporter: Compat change id reported: 197654537; UID 1000; state: DISABLED
06-10 19:55:28.946 740 1136 I ActivityTaskManager: START u0 {act=android.intent.action.MAIN cat=[android.intent.category.HOME] flg=0x10000100 cmp=com.dangbei.leard.leradlauncher/com.dangbei.launcher.home.LauncherActivity (has extras)} with LAUNCH_SINGLE_TASK from uid 0 (BAL_ALLOW_ALLOWLISTED_UID) result code=0
06-10 19:55:28.957 740 804 D AppWidgetServiceImpl: Unable to load widget provider info from xml for ComponentInfo{com.android.deskclock/com.android.alarmclock.AnalogAppWidgetProvider}
06-10 19:55:28.958 740 804 D AppWidgetServiceImpl: Unable to load widget provider info from xml for ComponentInfo{com.android.deskclock/com.android.alarmclock.DigitalAppWidgetProvider}
06-10 19:55:28.959 740 804 D AppWidgetServiceImpl: Unable to load widget provider info from xml for ComponentInfo{com.android.systemui/com.android.systemui.people.widget.PeopleSpaceWidgetProvider}
06-10 19:55:28.960 740 804 I AppWidgetServiceImpl: Processing of handleUserUnlocked u0 took 89 ms
06-10 19:55:28.982 740 816 W ActivityManager: Slow operation: 116ms so far, now at startProcess: done updating battery stats
06-10 19:55:28.982 740 816 W ActivityManager: Slow operation: 116ms so far, now at startProcess: building log message
06-10 19:55:28.982 740 816 I ActivityManager: Start proc 1513:com.dangbei.lerad.etna.haqu/1000 for added application com.dangbei.lerad.etna.haqu
06-10 19:55:28.982 740 816 W ActivityManager: Slow operation: 116ms so far, now at startProcess: starting to update pids map
06-10 19:55:28.982 740 816 W ActivityManager: Slow operation: 117ms so far, now at startProcess: done updating pids map
06-10 19:55:28.984 740 1174 D CompatibilityChangeReporter: Compat change id reported: 261072174; UID 1002; state: ENABLED
06-10 19:55:28.989 740 805 W Looper : Slow dispatch took 107ms android.ui h=com.android.server.am.ActivityManagerService$UiHandler c=null m=68
06-10 19:55:29.000 740 1135 D CompatibilityChangeReporter: Compat change id reported: 161252188; UID 1000; state: DISABLED
06-10 19:55:29.001 740 1135 I ActivityManager: com.android.keychain is exempt from freezer
06-10 19:55:29.008 740 740 D HDMI : [R]: 04:47:4D:69:54:56:2D:41:4E:53:50:30
06-10 19:55:29.009 740 740 D HdmiCecNetwork: Updating device OSD name from TV to MiTV-ANSP0
06-10 19:55:29.010 998 998 W ContextImpl: Calling a method in the system process without a qualified user: android.app.ContextImpl.startService:1899 android.content.ContextWrapper.startService:825 android.content.ContextWrapper.startService:825 com.droidlogic.btpair.FastBootComplete.onReceive:20 android.app.ActivityThread.handleReceiver:4494
06-10 19:55:29.010 740 807 I ActivityManager: com.dangbei.leard.leradlauncher is exempt from freezer
06-10 19:55:29.012 740 1261 D CompatibilityChangeReporter: Compat change id reported: 168419799; UID 10067; state: DISABLED
06-10 19:55:29.012 740 1261 D CompatibilityChangeReporter: Compat change id reported: 273564678; UID 10067; state: DISABLED
06-10 19:55:29.017 740 740 I NotificationHistory: Attempted to unlock gone/disabled user 0
06-10 19:55:29.020 740 740 V NotificationAssistants: disabling notification assistant for user 0: ComponentInfo{android.ext.services/android.ext.services.notification.Assistant}
06-10 19:55:29.020 740 740 D NotificationListeners: Removing active service ComponentInfo{android.ext.services/android.ext.services.notification.Assistant}
06-10 19:55:29.022 740 860 D CompatibilityChangeReporter: Compat change id reported: 265195908; UID 10067; state: ENABLED
06-10 19:55:29.022 740 953 D HDMI : [S]: 40:8F
06-10 19:55:29.026 740 945 V BackupManagerService: [UserID:0] No ancestral data
06-10 19:55:29.028 740 1495 V BackupManagerConstants: getKeyValueBackupIntervalMilliseconds(...) returns 14400000
06-10 19:55:29.028 740 1495 V BackupManagerConstants: getKeyValueBackupFuzzMilliseconds(...) returns 600000
06-10 19:55:29.028 740 1495 V BackupManagerConstants: getKeyValueBackupRequiredNetworkType(...) returns 1
06-10 19:55:29.028 740 1495 V BackupManagerConstants: getKeyValueBackupRequireCharging(...) returns true
06-10 19:55:29.028 740 1495 V KeyValueBackupJob: Scheduling k/v pass in 243 minutes
06-10 19:55:29.040 740 740 V NotificationAssistants: enabling notification assistant for 0: ComponentInfo{android.ext.services/android.ext.services.notification.Assistant}
06-10 19:55:29.040 740 740 V NotificationAssistants: binding: Intent { act=android.service.notification.NotificationAssistantService cmp=android.ext.services/.notification.Assistant (has extras) }
06-10 19:55:29.042 740 1495 D CompatibilityChangeReporter: Compat change id reported: 271850009; UID 1000; state: ENABLED
06-10 19:55:29.044 740 1261 D CompatibilityChangeReporter: Compat change id reported: 170503758; UID 10067; state: ENABLED
06-10 19:55:29.048 740 1495 D CompatibilityChangeReporter: Compat change id reported: 271850009; UID 1000; state: DISABLED
06-10 19:55:29.051 982 1132 D WindowManagerShell: TvPipController: onTaskStackChanged()
06-10 19:55:29.064 740 1174 D CompatibilityChangeReporter: Compat change id reported: 161252188; UID 10049; state: DISABLED
06-10 19:55:29.068 740 1174 D CompatibilityChangeReporter: Compat change id reported: 135634846; UID 10049; state: DISABLED
06-10 19:55:29.068 740 1174 D CompatibilityChangeReporter: Compat change id reported: 177438394; UID 10049; state: DISABLED
06-10 19:55:29.069 740 1174 D CompatibilityChangeReporter: Compat change id reported: 135772972; UID 10049; state: DISABLED
06-10 19:55:29.069 740 1174 D CompatibilityChangeReporter: Compat change id reported: 135754954; UID 10049; state: ENABLED
06-10 19:55:29.075 740 853 D CompatibilityChangeReporter: Compat change id reported: 168419799; UID 1000; state: DISABLED
06-10 19:55:29.075 740 853 D CompatibilityChangeReporter: Compat change id reported: 273564678; UID 1000; state: DISABLED
06-10 19:55:29.082 998 998 W ContextImpl: Calling a method in the system process without a qualified user: android.app.ContextImpl.startService:1899 android.content.ContextWrapper.startService:825 android.content.ContextWrapper.startService:825 com.droidlogic.btpair.FastBootComplete.onReceive:23 android.app.ActivityThread.handleReceiver:4494
06-10 19:55:29.083 740 816 W ActivityManager: Slow operation: 81ms so far, now at startProcess: returned from zygote!
06-10 19:55:29.085 740 816 W ActivityManager: Slow operation: 84ms so far, now at startProcess: done updating battery stats
06-10 19:55:29.085 740 816 W ActivityManager: Slow operation: 84ms so far, now at startProcess: building log message
06-10 19:55:29.085 740 816 I ActivityManager: Start proc 1533:com.android.keychain/1000 for service {com.android.keychain/com.android.keychain.KeyChainService}
06-10 19:55:29.085 740 816 W ActivityManager: Slow operation: 84ms so far, now at startProcess: starting to update pids map
06-10 19:55:29.085 740 816 W ActivityManager: Slow operation: 84ms so far, now at startProcess: done updating pids map
06-10 19:55:29.085 740 816 W ActivityManager: Slow operation: 76ms so far, now at startProcess: asking zygote to start proc
06-10 19:55:29.087 740 1135 D CompatibilityChangeReporter: Compat change id reported: 161252188; UID 10075; state: DISABLED
06-10 19:55:29.090 740 1135 D CompatibilityChangeReporter: Compat change id reported: 135634846; UID 10075; state: DISABLED
06-10 19:55:29.097 740 815 I ActivityManager: com.oranth.ledstatus is exempt from freezer
06-10 19:55:29.097 740 815 D CompatibilityChangeReporter: Compat change id reported: 135634846; UID 1000; state: DISABLED
06-10 19:55:29.108 740 1505 I HealthConnectBackupRestore: Attempt to schedule download timeout job with state: 0
06-10 19:55:29.108 740 1505 I HealthConnectBackupRestore: Attempt to schedule staging timeout job with state: 0
06-10 19:55:29.108 740 1505 I HealthConnectBackupRestore: Attempt to schedule merging timeout job with state: 0
06-10 19:55:29.121 740 740 V NotificationAssistants: 0 notification assistant service connected: ComponentInfo{android.ext.services/android.ext.services.notification.Assistant}
06-10 19:55:29.123 740 740 W Looper : Drained
06-10 19:55:29.128 740 853 D SystemServerTiming: getUserSwitchability-0
06-10 19:55:29.128 740 853 D SystemServerTiming: TM.isInCall
06-10 19:55:29.128 740 853 D SystemServerTiming: hasUserRestriction-DISALLOW_USER_SWITCH
06-10 19:55:29.129 740 853 D SystemServerTiming: getInt-ALLOW_USER_SWITCHING_WHEN_SYSTEM_USER_LOCKED
06-10 19:55:29.129 740 853 D SystemServerTiming: isUserUnlocked-USER_SYSTEM
06-10 19:55:29.129 740 978 I SyncManager: Loaded persisted syncs: 0 periodic syncs, 0 oneshot syncs, 0 total system server jobs, JobStats: FirstLoad: 5/3/0 LastSave: -1/-1/-1
06-10 19:55:29.132 740 853 D SystemServerTiming: getUserSwitchability-0
06-10 19:55:29.132 740 853 D SystemServerTiming: TM.isInCall
06-10 19:55:29.134 740 853 D SystemServerTiming: hasUserRestriction-DISALLOW_USER_SWITCH
06-10 19:55:29.134 740 853 D SystemServerTiming: getInt-ALLOW_USER_SWITCHING_WHEN_SYSTEM_USER_LOCKED
06-10 19:55:29.137 740 853 D SystemServerTiming: isUserUnlocked-USER_SYSTEM
06-10 19:55:29.147 740 1135 D SystemServerTiming: getUserSwitchability-0
06-10 19:55:29.147 740 1135 D SystemServerTiming: TM.isInCall
06-10 19:55:29.151 740 1135 D SystemServerTiming: hasUserRestriction-DISALLOW_USER_SWITCH
06-10 19:55:29.151 740 1135 D SystemServerTiming: getInt-ALLOW_USER_SWITCHING_WHEN_SYSTEM_USER_LOCKED
06-10 19:55:29.151 740 1135 D SystemServerTiming: isUserUnlocked-USER_SYSTEM
06-10 19:55:29.161 740 1174 D SystemServerTiming: getUserSwitchability-0
06-10 19:55:29.161 740 1174 D SystemServerTiming: TM.isInCall
06-10 19:55:29.162 740 1174 D SystemServerTiming: hasUserRestriction-DISALLOW_USER_SWITCH
06-10 19:55:29.162 740 1174 D SystemServerTiming: getInt-ALLOW_USER_SWITCHING_WHEN_SYSTEM_USER_LOCKED
06-10 19:55:29.162 740 1174 D SystemServerTiming: isUserUnlocked-USER_SYSTEM
06-10 19:55:29.201 740 853 I MediaSessionStack: addSession to bottom of stack | record: com.android.bluetooth/BluetoothMediaBrowserService (userId=0)
06-10 19:55:29.211 740 1174 D SystemServerTiming: getUserSwitchability-0
06-10 19:55:29.211 740 1174 D SystemServerTiming: TM.isInCall
06-10 19:55:29.211 740 816 W ActivityManager: Slow operation: 202ms so far, now at startProcess: returned from zygote!
06-10 19:55:29.212 740 816 W ActivityManager: Slow operation: 203ms so far, now at startProcess: done updating battery stats
06-10 19:55:29.212 740 816 W ActivityManager: Slow operation: 203ms so far, now at startProcess: building log message
06-10 19:55:29.212 740 816 I ActivityManager: Start proc 1550:com.dangbei.leard.leradlauncher/1000 for top-activity {com.dangbei.leard.leradlauncher/com.dangbei.launcher.home.LauncherActivity}
06-10 19:55:29.212 740 816 W ActivityManager: Slow operation: 203ms so far, now at startProcess: starting to update pids map
06-10 19:55:29.212 740 816 W ActivityManager: Slow operation: 203ms so far, now at startProcess: done updating pids map
06-10 19:55:29.212 740 816 W ActivityManager: Slow operation: 145ms so far, now at startProcess: asking zygote to start proc
06-10 19:55:29.213 740 816 D CompatibilityChangeReporter: Compat change id reported: 143937733; UID 10049; state: ENABLED
06-10 19:55:29.214 740 945 I BackupManagerService: isBackupEnabled() => false due to absent settings file
06-10 19:55:29.214 740 945 D BackupManagerService: user:0 readBackupEnableState enabled:false
06-10 19:55:29.215 740 945 I BackupManagerService: [UserID:0] Backup enabled => false
06-10 19:55:29.216 740 1174 D SystemServerTiming: hasUserRestriction-DISALLOW_USER_SWITCH
06-10 19:55:29.216 740 1174 D SystemServerTiming: getInt-ALLOW_USER_SWITCHING_WHEN_SYSTEM_USER_LOCKED
06-10 19:55:29.217 740 1174 D SystemServerTiming: isUserUnlocked-USER_SYSTEM
06-10 19:55:29.218 740 740 D HDMI : [R]: 04:90:00
06-10 19:55:29.220 740 740 D HDMI : addCecDevice new:CEC: logical_address: 0x00 device_type: 0 cec_version: 5 vendor_id: 60426 display_name: MiTV-ANSP0 power_status: 0 physical_address: 0x0000 port_id: -1 old:CEC: logical_address: 0x00 device_type: 0 cec_version: 5 vendor_id: 60426 display_name: MiTV-ANSP0 power_status: 0 physical_address: 0x0000 port_id: -1
06-10 19:55:29.220 740 740 D HdmiControlService: Switching to full volume behavior
06-10 19:55:29.222 740 1135 D SystemServerTiming: getUserSwitchability-0
06-10 19:55:29.222 740 1135 D SystemServerTiming: TM.isInCall
06-10 19:55:29.222 740 1135 D SystemServerTiming: hasUserRestriction-DISALLOW_USER_SWITCH
06-10 19:55:29.222 740 1135 D SystemServerTiming: getInt-ALLOW_USER_SWITCHING_WHEN_SYSTEM_USER_LOCKED
06-10 19:55:29.223 740 1135 D SystemServerTiming: isUserUnlocked-USER_SYSTEM
06-10 19:55:29.223 740 740 D HDMI : addCecDevice new:CEC: logical_address: 0x04 device_type: 4 cec_version: 5 vendor_id: 1877008 display_name: DBBOX-A3 power_status: 0 physical_address: 0x2000 port_id: 0 old:null
06-10 19:55:29.223 740 740 D HDMI : Hot-plug detection started.
06-10 19:55:29.227 740 1135 D SystemServerTiming: getUserSwitchability-0
06-10 19:55:29.227 740 1135 D SystemServerTiming: TM.isInCall
06-10 19:55:29.228 740 1135 D SystemServerTiming: hasUserRestriction-DISALLOW_USER_SWITCH
06-10 19:55:29.228 740 1135 D SystemServerTiming: getInt-ALLOW_USER_SWITCHING_WHEN_SYSTEM_USER_LOCKED
06-10 19:55:29.228 740 1135 D SystemServerTiming: isUserUnlocked-USER_SYSTEM
06-10 19:55:29.228 740 816 W ActivityManager: Slow operation: 161ms so far, now at startProcess: returned from zygote!
06-10 19:55:29.229 740 816 W ActivityManager: Slow operation: 162ms so far, now at startProcess: done updating battery stats
06-10 19:55:29.229 740 816 W ActivityManager: Slow operation: 162ms so far, now at startProcess: building log message
06-10 19:55:29.230 740 816 I ActivityManager: Start proc 1557:com.android.music/u0a49 for service {com.android.music/com.android.music.MediaPlaybackService}
06-10 19:55:29.230 740 816 W ActivityManager: Slow operation: 162ms so far, now at startProcess: starting to update pids map
06-10 19:55:29.230 740 816 W ActivityManager: Slow operation: 162ms so far, now at startProcess: done updating pids map
06-10 19:55:29.230 740 816 W ActivityManager: Slow operation: 141ms so far, now at startProcess: asking zygote to start proc
06-10 19:55:29.230 740 816 D CompatibilityChangeReporter: Compat change id reported: 143937733; UID 10075; state: DISABLED
06-10 19:55:29.231 740 1135 D SystemServerTiming: getUserSwitchability-0
06-10 19:55:29.231 740 1135 D SystemServerTiming: TM.isInCall
06-10 19:55:29.232 740 1135 D SystemServerTiming: hasUserRestriction-DISALLOW_USER_SWITCH
06-10 19:55:29.232 740 1135 D SystemServerTiming: getInt-ALLOW_USER_SWITCHING_WHEN_SYSTEM_USER_LOCKED
06-10 19:55:29.232 740 1135 D SystemServerTiming: isUserUnlocked-USER_SYSTEM
06-10 19:55:29.235 740 1192 D CompatibilityChangeReporter: Compat change id reported: 168419799; UID 1000; state: DISABLED
06-10 19:55:29.236 740 1192 D CompatibilityChangeReporter: Compat change id reported: 273564678; UID 1000; state: DISABLED
06-10 19:55:29.249 740 816 W ActivityManager: Slow operation: 159ms so far, now at startProcess: returned from zygote!
06-10 19:55:29.250 740 816 W ActivityManager: Slow operation: 161ms so far, now at startProcess: done updating battery stats
06-10 19:55:29.250 740 816 W ActivityManager: Slow operation: 161ms so far, now at startProcess: building log message
06-10 19:55:29.250 740 816 I ActivityManager: Start proc 1568:com.xiaodianshi.tv.yst/u0a75 for service {com.xiaodianshi.tv.yst/com.xiaodianshi.tv.yst.video.service.YstMediaService}
06-10 19:55:29.250 740 816 W ActivityManager: Slow operation: 161ms so far, now at startProcess: starting to update pids map
06-10 19:55:29.251 740 816 W ActivityManager: Slow operation: 161ms so far, now at startProcess: done updating pids map
06-10 19:55:29.251 740 816 W ActivityManager: Slow operation: 154ms so far, now at startProcess: asking zygote to start proc
06-10 19:55:29.259 740 814 I UsageStatsService: User[0] Rollover scheduled @ 2025-06-11 17:42:25(1749634945384)
06-10 19:55:29.260 740 853 D CompatibilityChangeReporter: Compat change id reported: 168419799; UID 10049; state: DISABLED
06-10 19:55:29.261 740 853 D CompatibilityChangeReporter: Compat change id reported: 273564678; UID 10049; state: DISABLED
06-10 19:55:29.271 740 1174 D CompatibilityChangeReporter: Compat change id reported: 168419799; UID 1000; state: DISABLED
06-10 19:55:29.271 740 1174 D CompatibilityChangeReporter: Compat change id reported: 273564678; UID 1000; state: DISABLED
06-10 19:55:29.275 740 860 D CompatibilityChangeReporter: Compat change id reported: 265195908; UID 10049; state: ENABLED
06-10 19:55:29.281 740 852 D CompatibilityChangeReporter: Compat change id reported: 170503758; UID 10049; state: DISABLED
06-10 19:55:29.318 740 816 W ActivityManager: Slow operation: 222ms so far, now at startProcess: returned from zygote!
06-10 19:55:29.319 740 816 W ActivityManager: Slow operation: 222ms so far, now at startProcess: done updating battery stats
06-10 19:55:29.319 740 816 W ActivityManager: Slow operation: 223ms so far, now at startProcess: building log message
06-10 19:55:29.319 740 816 I ActivityManager: Start proc 1583:com.oranth.ledstatus/1000 for broadcast {com.oranth.ledstatus/com.oranth.ledstatus.BootCompletedReceiver}
06-10 19:55:29.319 740 816 W ActivityManager: Slow operation: 223ms so far, now at startProcess: starting to update pids map
06-10 19:55:29.319 740 816 W ActivityManager: Slow operation: 223ms so far, now at startProcess: done updating pids map
06-10 19:55:29.455 740 1174 I MediaSessionStack: addSession to bottom of stack | record: com.android.bluetooth/BluetoothMediaBrowserService (userId=0)
06-10 19:55:29.462 740 1136 D CompatibilityChangeReporter: Compat change id reported: 168419799; UID 10075; state: DISABLED
06-10 19:55:29.462 740 1136 D CompatibilityChangeReporter: Compat change id reported: 273564678; UID 10075; state: DISABLED
06-10 19:55:29.474 740 1135 D CompatibilityChangeReporter: Compat change id reported: 170503758; UID 10075; state: DISABLED
06-10 19:55:29.477 740 860 D CompatibilityChangeReporter: Compat change id reported: 265195908; UID 10075; state: ENABLED
06-10 19:55:29.508 740 814 I UsageStatsService: User[0] Flushing usage stats to disk
06-10 19:55:29.563 740 798 D CompatibilityChangeReporter: Compat change id reported: 168419799; UID 1000; state: DISABLED
06-10 19:55:29.563 740 798 D CompatibilityChangeReporter: Compat change id reported: 273564678; UID 1000; state: DISABLED
06-10 19:55:29.577 740 1136 V WindowManager: app ------------- force_land :0
06-10 19:55:29.640 740 1136 W ActivityManager: Slow operation: 64ms so far, now at finishAttachApplicationInner: after mServices.attachApplicationLocked
06-10 19:55:29.640 740 1136 W ActivityManager: Slow operation: 65ms so far, now at finishAttachApplicationInner: after dispatching broadcasts
06-10 19:55:29.648 740 1135 I MediaSessionStack: addSession to bottom of stack | record: com.android.music/MediaPlaybackService (userId=0)
06-10 19:55:29.656 740 1136 W StorageManagerService: Reporting emulated;0 unmounted due to system locked
06-10 19:55:29.716 740 852 W StorageManagerService: Reporting emulated;0 unmounted due to system locked
06-10 19:55:29.769 740 1174 D CompatibilityChangeReporter: Compat change id reported: 261072174; UID 10052; state: ENABLED
06-10 19:55:29.936 740 815 I ActivityManager: com.oranth.storage is exempt from freezer
06-10 19:55:29.937 740 815 D CompatibilityChangeReporter: Compat change id reported: 135634846; UID 1000; state: DISABLED
06-10 19:55:29.964 740 816 I ActivityManager: Start proc 1641:com.oranth.storage/1000 for broadcast {com.oranth.storage/com.oranth.storage.BootCompletedReceiver}
06-10 19:55:30.001 1583 1583 W ContextImpl: Calling a method in the system process without a qualified user: android.app.ContextImpl.startService:1899 android.content.ContextWrapper.startService:825 android.content.ContextWrapper.startService:825 com.oranth.ledstatus.BootCompletedReceiver.onReceive:15 android.app.ActivityThread.handleReceiver:4494
06-10 19:55:30.069 740 1135 D CompatibilityChangeReporter: Compat change id reported: 161145287; UID 10075; state: DISABLED
06-10 19:55:30.081 740 852 D CompatibilityChangeReporter: Compat change id reported: 161145287; UID 10067; state: ENABLED
06-10 19:55:30.137 740 1174 D CompatibilityChangeReporter: Compat change id reported: 168419799; UID 1000; state: DISABLED
06-10 19:55:30.137 740 1174 D CompatibilityChangeReporter: Compat change id reported: 273564678; UID 1000; state: DISABLED
06-10 19:55:30.217 740 1174 E UsbDeviceManager: Usb setCurrentUsbFunctionsCb failed ,functions:4 ,status:1 ,transactionId:6
06-10 19:55:30.218 740 1174 I UsbDeviceManager: notifyCurrentFunction request:1 status:1
06-10 19:55:30.250 740 1490 I StorageUserConnection: Service: [ComponentInfo{com.android.providers.media.module/com.android.providers.media.fuse.ExternalStorageServiceImpl}] connected. User [0]
06-10 19:55:30.270 740 852 W StorageManagerService: Reporting emulated;0 unmounted due to system locked
06-10 19:55:30.274 740 852 W StorageManagerService: Reporting emulated;0 unmounted due to system locked
06-10 19:55:30.281 740 852 W StorageManagerService: Reporting emulated;0 unmounted due to system locked
06-10 19:55:30.284 740 852 W StorageManagerService: Reporting emulated;0 unmounted due to system locked
06-10 19:55:30.297 740 853 W StorageManagerService: Reporting emulated;0 unmounted due to system locked
06-10 19:55:30.298 740 852 D CompatibilityChangeReporter: Compat change id reported: 149924527; UID 1000; state: ENABLED
06-10 19:55:30.299 740 852 D CompatibilityChangeReporter: Compat change id reported: 132649864; UID 1000; state: DISABLED
06-10 19:55:30.300 740 853 W StorageManagerService: Reporting emulated;0 unmounted due to system locked
06-10 19:55:30.307 740 852 W StorageManagerService: Reporting emulated;0 unmounted due to system locked
06-10 19:55:30.312 740 1174 W StorageManagerService: Reporting emulated;0 unmounted due to system locked
06-10 19:55:30.313 740 1174 W StorageManagerService: Reporting emulated;0 unmounted due to system locked
06-10 19:55:30.315 740 852 W StorageManagerService: Reporting emulated;0 unmounted due to system locked
06-10 19:55:30.315 740 1174 W StorageManagerService: Reporting emulated;0 unmounted due to system locked
06-10 19:55:30.317 740 1174 W StorageManagerService: Reporting emulated;0 unmounted due to system locked
06-10 19:55:30.334 740 1501 D CompatibilityChangeReporter: Compat change id reported: 135634846; UID 10015; state: DISABLED
06-10 19:55:30.334 740 1501 D CompatibilityChangeReporter: Compat change id reported: 177438394; UID 10015; state: DISABLED
06-10 19:55:30.334 740 1501 D CompatibilityChangeReporter: Compat change id reported: 135772972; UID 10015; state: DISABLED
06-10 19:55:30.335 740 1501 D CompatibilityChangeReporter: Compat change id reported: 135754954; UID 10015; state: ENABLED
06-10 19:55:30.337 740 816 D CompatibilityChangeReporter: Compat change id reported: 143937733; UID 10015; state: ENABLED
06-10 19:55:30.368 740 816 I ActivityManager: Start proc 1686:android.process.acore/u0a15 for content provider {com.android.providers.contacts/com.android.providers.contacts.ContactsProvider2}
06-10 19:55:30.425 740 1174 D CompatibilityChangeReporter: Compat change id reported: 168419799; UID 10015; state: DISABLED
06-10 19:55:30.425 740 1174 D CompatibilityChangeReporter: Compat change id reported: 273564678; UID 10015; state: DISABLED
06-10 19:55:30.429 740 860 D CompatibilityChangeReporter: Compat change id reported: 265195908; UID 10015; state: ENABLED
06-10 19:55:30.434 740 1174 D CompatibilityChangeReporter: Compat change id reported: 170503758; UID 10015; state: ENABLED
06-10 19:55:30.437 1641 1641 W ContextImpl: Calling a method in the system process without a qualified user: android.app.ContextImpl.startService:1899 android.content.ContextWrapper.startService:825 android.content.ContextWrapper.startService:825 com.oranth.storage.BootCompletedReceiver.onReceive:15 android.app.ActivityThread.handleReceiver:4494
06-10 19:55:30.460 740 740 E BootReceiver: Could not open /sys/kernel/tracing/instances/bootreceiver/trace_pipe
06-10 19:55:30.460 740 740 E BootReceiver: android.system.ErrnoException: open failed: ENOENT (No such file or directory)
06-10 19:55:30.460 740 740 E BootReceiver: at libcore.io.Linux.open(Native Method)
06-10 19:55:30.460 740 740 E BootReceiver: at libcore.io.ForwardingOs.open(ForwardingOs.java:563)
