06-10 19:57:28.086 4203 4203 I bt_stack: attribute=PlayerAttribute::SHUFFLE : value=PlayerShuffleValue::OFF
06-10 19:57:28.086 4203 4203 I bt_stack:
06-10 19:57:28.093 982 982 D BluetoothAdapter: getActiveDevices(profile= A2DP)
06-10 19:57:28.094 982 1197 D BluetoothAdapter: getActiveDevices(profile= A2DP)
06-10 19:57:28.094 4203 4285 I BluetoothAdapterService: getActiveDevices: A2dp device: null
06-10 19:57:28.095 982 982 D BluetoothAdapter: getActiveDevices(profile= HEADSET)
06-10 19:57:28.095 4203 4285 I BluetoothAdapterService: getActiveDevices: A2dp device: null
06-10 19:57:28.096 982 1197 D BluetoothAdapter: getActiveDevices(profile= HEADSET)
06-10 19:57:28.096 4203 4285 I BluetoothAdapterService: getActiveDevices: Headset device: null
06-10 19:57:28.097 982 982 D BluetoothAdapter: getActiveDevices(profile= HEARING_AID)
06-10 19:57:28.097 998 998 D CachedBluetoothDevice: onProfileStateChanged: profile HID, device XX:XX:XX:XX:C0:7D, newProfileState 2
06-10 19:57:28.097 998 998 D BluetoothAdapter: getActiveDevices(profile= A2DP)
06-10 19:57:28.097 536 1207 D hdmicecd: [CEC]:printCecMessage, [4 -> b] len: 0, body:, result:no ack
06-10 19:57:28.097 536 1207 E IPCThreadState: binder thread pool (1 threads) starved for 203 ms
06-10 19:57:28.097 4203 4285 I BluetoothAdapterService: getActiveDevices: Headset device: null
06-10 19:57:28.098 982 1197 D BluetoothAdapter: getActiveDevices(profile= HEARING_AID)
06-10 19:57:28.099 4203 4285 I BluetoothAdapterService: getActiveDevices: Hearing Aid devices: Left[null] - Right[null]
06-10 19:57:28.100 4203 4285 I BluetoothAdapterService: getActiveDevices: A2dp device: null
06-10 19:57:28.100 998 998 D BluetoothAdapter: getActiveDevices(profile= HEADSET)
06-10 19:57:28.101 4203 4285 I BluetoothAdapterService: getActiveDevices: Hearing Aid devices: Left[null] - Right[null]
06-10 19:57:28.103 4203 4285 I BluetoothAdapterService: getActiveDevices: Headset device: null
06-10 19:57:28.104 998 998 D BluetoothAdapter: getActiveDevices(profile= HEARING_AID)
06-10 19:57:28.106 4203 4285 I BluetoothAdapterService: getActiveDevices: Hearing Aid devices: Left[null] - Right[null]
06-10 19:57:28.103 1424 1424 I adbd : type=1400 audit(0.0:1923): avc: denied { write } for path="socket:[35271]" dev="sockfs" ino=35271 scontext=u:r:su:s0 tcontext=u:r:adbd:s0 tclass=unix_stream_socket permissive=1
06-10 19:57:28.103 1424 1424 I adbd : type=1400 audit(0.0:1924): avc: denied { read } for path="socket:[35272]" dev="sockfs" ino=35272 scontext=u:r:su:s0 tcontext=u:r:adbd:s0 tclass=unix_stream_socket permissive=1
06-10 19:57:28.135 1424 1424 I /apex/com.android.adbd/bin/adbd: type=1400 audit(0.0:1925): avc: denied { read write } for comm=75736220666673206F70656E name="ep0" dev="functionfs" ino=25678 scontext=u:r:su:s0 tcontext=u:object_r:functionfs:s0 tclass=file permissive=1
06-10 19:57:28.135 1424 1424 I /apex/com.android.adbd/bin/adbd: type=1400 audit(0.0:1926): avc: denied { open } for comm=75736220666673206F70656E path="/dev/usb-ffs/adb/ep0" dev="functionfs" ino=25678 scontext=u:r:su:s0 tcontext=u:object_r:functionfs:s0 tclass=file permissive=1
06-10 19:57:28.135 1424 1424 I /apex/com.android.adbd/bin/adbd: type=1400 audit(0.0:1927): avc: denied { connectto } for comm=75736220666673206F70656E path="/dev/socket/property_service" scontext=u:r:su:s0 tcontext=u:r:init:s0 tclass=unix_stream_socket permissive=1
06-10 19:57:28.153 536 1207 D hdmicecd: [CEC]:printCecMessage, [4 -> 8] len: 0, body:, result:no ack
06-10 19:57:28.157 740 740 D HDMI : one touch play retry:1
06-10 19:57:28.213 536 1207 D hdmicecd: [CEC]:printCecMessage, [4 -> 5] len: 0, body:, result:no ack
06-10 19:57:28.214 740 953 D HDMI : [S]: 40:0D
06-10 19:57:28.293 536 1207 D hdmicecd: [CEC]:printCecMessage, [4 -> 0] len: 1, body: 0d, result:success
06-10 19:57:28.294 740 953 D HDMI : [S]: 40:8F
06-10 19:57:28.340 330 4197 D MesonDisplay: read /sys/class/amhdmitx/amhdmitx0/hdcp_lstore, result length:0, val:
06-10 19:57:28.373 536 1207 D hdmicecd: [CEC]:printCecMessage, [4 -> 0] len: 1, body: 8f, result:success
06-10 19:57:28.463 536 564 D hdmicecd: [CEC]:printCecMsgBuf, msg: 04 90 01
06-10 19:57:28.463 536 564 D hdmicecd: [HdmiCecControl]:updateActiveState received tv power status 1
06-10 19:57:28.465 740 740 D HDMI : [R]: 04:90:01
06-10 19:57:28.645 536 1207 D hdmicecd: [CEC]:printCecMessage, [4 -> 3] len: 0, body:, result:no ack
06-10 19:57:28.645 536 1207 E IPCThreadState: binder thread pool (1 threads) starved for 271 ms
06-10 19:57:28.705 536 1207 D hdmicecd: [CEC]:printCecMessage, [4 -> 1] len: 0, body:, result:no ack
06-10 19:57:28.765 536 1207 D hdmicecd: [CEC]:printCecMessage, [4 -> 0] len: 0, body:, result:success
06-10 19:57:28.766 740 740 D HdmiCecController: [P]:AllocatedAddress=[0]
06-10 19:57:28.766 536 1207 D hdmicecd: [HdmiCecControl]:getPhysicalAddress, physical addr: 2000, last pa: 2000, ret = 0
06-10 19:57:28.767 740 953 D HDMI : [S]: 40:8F
06-10 19:57:28.845 536 1207 D hdmicecd: [CEC]:printCecMessage, [4 -> 0] len: 1, body: 8f, result:success
06-10 19:57:28.889 740 1932 D ActivityManager: sync unfroze 2440 com.xiaodianshi.tv.yst:stats for 6
06-10 19:57:28.922 740 1932 D CompatibilityChangeReporter: Compat change id reported: 161145287; UID 10075; state: DISABLED
06-10 19:57:28.935 536 564 D hdmicecd: [CEC]:printCecMsgBuf, msg: 04 90 01
06-10 19:57:28.935 536 564 D hdmicecd: [HdmiCecControl]:updateActiveState received tv power status 1
06-10 19:57:28.948 740 740 D HDMI : [R]: 04:90:01
06-10 19:57:28.949 536 1207 D hdmicecd: [HdmiCecControl]:getPhysicalAddress, physical addr: 2000, last pa: 2000, ret = 0
06-10 19:57:28.950 740 740 D HDMI : addCecDevice new:CEC: logical_address: 0x00 device_type: 0 cec_version: 5 vendor_id: 0 display_name: MiTV-ANSP0 power_status: 1 physical_address: 0x0000 port_id: -1 old:CEC: logical_address: 0x00 device_type: 0 cec_version: 5 vendor_id: 0 display_name: TV power_status: 1 physical_address: 0xFFFF port_id: -1
06-10 19:57:28.950 740 740 D HdmiControlService: Switching to full volume behavior
06-10 19:57:28.951 536 536 D hdmicecd: [HdmiCecControl]:getPhysicalAddress, physical addr: 2000, last pa: 2000, ret = 0
06-10 19:57:28.951 740 740 D HDMI : addCecDevice new:CEC: logical_address: 0x04 device_type: 4 cec_version: 5 vendor_id: 1877008 display_name: DBBOX-A3 power_status: 0 physical_address: 0x2000 port_id: 0 old:null
06-10 19:57:28.951 740 740 D HDMI : Hot-plug detection started.
06-10 19:57:28.986 998 1623 D AudioVideoDevReconnectService: device:E4:BB:D3:57:C0:7D
06-10 19:57:28.986 998 1623 D AudioVideoDevReconnectService: device:A4:39:B3:64:F5:7A
06-10 19:57:28.989 998 1623 D AudioVideoDevReconnectService: BluetoothDevice.BondState: 12;BluetoothDevice.isConnected: false
06-10 19:57:28.996 740 1940 E CellBroadcastUtils: getDefaultCellBroadcastReceiverPackageName: no package found
06-10 19:57:28.997 998 1623 D CachedBluetoothDevice: connect CachedBluetoothDevice{anonymizedAddress=XX:XX:XX:XX:F5:7A, name=小爱音箱-3073, groupId=-1, member=[]}
06-10 19:57:28.999 1550 1550 E hq : AdHelper:::后台配置是否展现广告: true
06-10 19:57:28.999 740 1940 I ActivityTaskManager: START u0 {flg=0x14000000 cmp=com.dangbei.leard.leradlauncher/com.dangbei.launcher.home.LauncherActivity (has extras)} with LAUNCH_SINGLE_TASK from uid 1000 (BAL_ALLOW_ALLOWLISTED_UID) result code=3
06-10 19:57:28.999 1550 1550 I hq : 当小贝:::showMessage from=mActivityLifecycleCallbacks
06-10 19:57:29.002 4203 4216 V BluetoothDatabase: getProfileConnectionPolicy: device XX:XX:XX:XX:F5:7A profile=A2DP, connectionPolicy=100
06-10 19:57:29.003 4203 4216 V BluetoothDatabase: getProfileConnectionPolicy: device XX:XX:XX:XX:F5:7A profile=A2DP, connectionPolicy=100
06-10 19:57:29.003 4203 4216 I BluetoothAdapterService: connectEnabledProfiles: Connecting A2dp
06-10 19:57:29.003 4203 4216 D A2dpService: connect(): XX:XX:XX:XX:F5:7A
06-10 19:57:29.003 4203 4216 V BluetoothDatabase: getProfileConnectionPolicy: device XX:XX:XX:XX:F5:7A profile=A2DP, connectionPolicy=100
06-10 19:57:29.003 4203 4216 D A2dpService: Creating a new state machine for XX:XX:XX:XX:F5:7A
06-10 19:57:29.006 4203 4216 I A2dpStateMachine: make for device XX:XX:XX:XX:F5:7A
06-10 19:57:29.011 4203 4216 D A2dpStateMachine: addStateInternal: E state=Disconnected,parent=
06-10 19:57:29.011 4203 4216 D A2dpStateMachine: addStateInternal: X stateInfo: state=Disconnected,active=false,parent=null
06-10 19:57:29.011 4203 4216 D A2dpStateMachine: addStateInternal: E state=Connecting,parent=
06-10 19:57:29.011 4203 4216 D A2dpStateMachine: addStateInternal: X stateInfo: state=Connecting,active=false,parent=null
06-10 19:57:29.011 4203 4216 D A2dpStateMachine: addStateInternal: E state=Disconnecting,parent=
06-10 19:57:29.011 4203 4216 D A2dpStateMachine: addStateInternal: X stateInfo: state=Disconnecting,active=false,parent=null
06-10 19:57:29.011 4203 4216 D A2dpStateMachine: addStateInternal: E state=Connected,parent=
06-10 19:57:29.011 4203 4216 D A2dpStateMachine: addStateInternal: X stateInfo: state=Connected,active=false,parent=null
06-10 19:57:29.011 4203 4216 D A2dpStateMachine: setInitialState: initialState=Disconnected
06-10 19:57:29.011 4203 4216 D A2dpStateMachine: completeConstruction: E
06-10 19:57:29.011 4203 4216 D A2dpStateMachine: completeConstruction: maxDepth=1
06-10 19:57:29.012 4203 4216 D A2dpStateMachine: setupInitialStateStack: E mInitialState=Disconnected
06-10 19:57:29.012 4203 4216 D A2dpStateMachine: moveTempStackToStateStack: i=0,j=0
06-10 19:57:29.012 4203 4216 D A2dpStateMachine: moveTempStackToStateStack: X mStateStackTop=0,startingIndex=0,Top=Disconnected
06-10 19:57:29.012 4203 4216 D A2dpStateMachine: completeConstruction: X
06-10 19:57:29.012 4203 4266 D A2dpStateMachine: handleMessage: E msg.what=-2
06-10 19:57:29.012 4203 4266 D A2dpStateMachine: invokeEnterMethods: Disconnected
06-10 19:57:29.012 4203 4266 I A2dpStateMachine: Enter Disconnected(XX:XX:XX:XX:F5:7A): -2
06-10 19:57:29.012 4203 4266 D A2dpStateMachine: handleMessage: X
06-10 19:57:29.012 4203 4266 D A2dpStateMachine: handleMessage: E msg.what=1
06-10 19:57:29.012 4203 4266 D A2dpStateMachine: processMsg: Disconnected
06-10 19:57:29.012 4203 4266 D A2dpStateMachine: Disconnected process message(XX:XX:XX:XX:F5:7A): CONNECT
06-10 19:57:29.012 4203 4266 I A2dpStateMachine: Connecting to XX:XX:XX:XX:F5:7A
06-10 19:57:29.012 4203 4266 I BluetoothA2dpServiceJni: connectA2dpNative: sBluetoothA2dpInterface: 0xc74163c4
06-10 19:57:29.013 4203 4266 I A2dpService: okToConnect: device XX:XX:XX:XX:F5:7A isOutgoingRequest: true
06-10 19:57:29.013 4203 4266 D BluetoothAdapterService: isQuietModeEnabled() - Enabled = false
06-10 19:57:29.013 4203 4266 V BluetoothDatabase: getProfileConnectionPolicy: device XX:XX:XX:XX:F5:7A profile=A2DP, connectionPolicy=100
06-10 19:57:29.013 4203 4266 D A2dpStateMachine: transitionTo: destState=Connecting
06-10 19:57:29.013 4203 4266 D A2dpStateMachine: handleMessage: new destination call exit/enter
06-10 19:57:29.013 4203 4266 D A2dpStateMachine: setupTempStateStackWithStatesToEnter: X mTempStateStackCount=1,curStateInfo: null
06-10 19:57:29.013 4203 4266 D A2dpStateMachine: invokeExitMethods: Disconnected
06-10 19:57:29.013 4203 4266 D A2dpStateMachine: Exit Disconnected(XX:XX:XX:XX:F5:7A): CONNECT
06-10 19:57:29.013 4203 4266 D A2dpStateMachine: moveTempStackToStateStack: i=0,j=0
06-10 19:57:29.013 4203 4266 D A2dpStateMachine: moveTempStackToStateStack: X mStateStackTop=0,startingIndex=0,Top=Connecting
06-10 19:57:29.013 4203 4266 D A2dpStateMachine: invokeEnterMethods: Connecting
06-10 19:57:29.013 4203 4266 I A2dpStateMachine: Enter Connecting(XX:XX:XX:XX:F5:7A): CONNECT
06-10 19:57:29.013 4203 4266 D A2dpStateMachine: Connection state XX:XX:XX:XX:F5:7A: DISCONNECTED->CONNECTING
06-10 19:57:29.013 4203 4266 I A2dpService: connectionStateChanged (XX:XX:XX:XX:F5:7A): 0 -> 1
06-10 19:57:29.013 1550 1902 W SQLiteLog: (28) double-quoted string literal: "
06-10 19:57:29.013 1550 1902 W SQLiteLog: (28) double-quoted string literal: "726F7AFE00C31CA70AFBEE1B4A6F1C37"
06-10 19:57:29.014 4203 4250 I bt_btif_queue: packages/modules/Bluetooth/system/btif/src/btif_profile_queue.cc:110 queue_int_add: Queueing profile connection request:address=xx:xx:xx:xx:f5:7a UUID=110A busy=false
06-10 19:57:29.014 4203 4250 I bt_btif_queue: packages/modules/Bluetooth/system/btif/src/btif_profile_queue.cc:197 btif_queue_connect_next: Executing profile connection request:address=xx:xx:xx:xx:f5:7a UUID=110A busy=false
06-10 19:57:29.014 4203 4230 I btif_av : packages/modules/Bluetooth/system/btif/src/btif_av.cc:1120 FindOrCreatePeer: BtifAvPeer *BtifAvSource::FindOrCreatePeer(const RawAddress &, tBTA_AV_HNDL): Create peer: peer_address=xx:xx:xx:xx:f5:7a bta_handle=0x41 peer_id=0
06-10 19:57:29.014 4203 4230 I btif_av : packages/modules/Bluetooth/system/btif/src/btif_av.cc:3490 btif_av_get_peer_sep: No active sink or source peer found
06-10 19:57:29.014 4203 4230 I btif_av : packages/modules/Bluetooth/system/btif/src/btif_av.cc:3490 btif_av_get_peer_sep: No active sink or source peer found
06-10 19:57:29.014 4203 4230 I bt_bta_av: packages/modules/Bluetooth/system/bta/av/bta_av_api.cc:153 BTA_AvOpen: BTA_AvOpen: peer xx:xx:xx:xx:f5:7a bta_handle:0x41 use_rc=true uuid=0x110a
06-10 19:57:29.014 4203 4230 I btif_av : packages/modules/Bluetooth/system/btif/src/btif_av.cc:2564 btif_report_connection_state: btif_report_connection_state: peer_address=xx:xx:xx:xx:f5:7a state=1
06-10 19:57:29.014 4203 4230 I bt_bta_av: packages/modules/Bluetooth/system/bta/av/bta_av_ssm.cc:426 bta_av_better_stream_state_machine: peer 00:00:00:00:00:00 p_scb=0x41(0xf5ac3640) AV event=0x1209(API_OPEN) state=0(INIT) -> 2(OPENING)
06-10 19:57:29.014 4203 4230 W btm_acl : packages/modules/Bluetooth/system/stack/acl/btm_acl.cc:570 BTM_GetRole: Unable to find active acl
06-10 19:57:29.014 4203 4230 W bt_bta_av: packages/modules/Bluetooth/system/bta/av/bta_av_main.cc:1021 bta_av_link_role_ok: Unable to find link role for device:00:00:00:00:00:00
06-10 19:57:29.014 4203 4230 I bt_bta_av: packages/modules/Bluetooth/system/bta/av/bta_av_aact.cc:223 bta_av_save_addr: bta_av_save_addr: reset flags old_addr=00:00:00:00:00:00 new_addr=xx:xx:xx:xx:f5:7a
06-10 19:57:29.014 4203 4230 I bt_bta_av: packages/modules/Bluetooth/system/bta/av/bta_av_main.cc:331 SetAvdtpVersion: SetAvdtpVersion: AVDTP version for xx:xx:xx:xx:f5:7a set to 0x103
06-10 19:57:29.014 4203 4230 E bluetooth: packages/modules/Bluetooth/system/bta/dm/bta_dm_pm.cc:377 bta_dm_pm_cback: Unable to find peer device...yet soldiering on...
06-10 19:57:29.014 4203 4235 I bluetooth: packages/modules/Bluetooth/system/gd/hci/acl_manager/acl_scheduler.cc:169 try_dequeue_next_operation: Pending connections is not empty; so sending next connection
06-10 19:57:29.014 4203 4230 I a2dp_api: packages/modules/Bluetooth/system/stack/a2dp/a2dp_api.cc:345 A2DP_FindService: A2DP service discovery for peer xx:xx:xx:xx:f5:7a UUID 0x110b: SDP search started
06-10 19:57:29.015 4203 4250 I BluetoothA2dpServiceJni: bta2dp_mandatory_codec_preferred_callback
06-10 19:57:29.015 4203 4250 D A2dpNativeInterface: isMandatoryCodecPreferred: optional preference 1
06-10 19:57:29.015 4203 4250 I BluetoothA2dpServiceJni: bta2dp_connection_state_callback
06-10 19:57:29.016 4203 4250 D A2dpNativeInterface: onConnectionStateChanged: A2dpStackEvent {type:EVENT_TYPE_CONNECTION_STATE_CHANGED, device:XX:XX:XX:XX:F5:7A, value1:CONNECTING}
06-10 19:57:29.018 1550 4058 D TrafficStats: tagSocket(139) with statsTag=0xffffffff, statsUid=-1
06-10 19:57:29.020 4203 4266 D A2dpStateMachine: handleMessage: X
06-10 19:57:29.020 4203 4266 D A2dpStateMachine: handleMessage: E msg.what=101
06-10 19:57:29.020 4203 4266 D A2dpStateMachine: processMsg: Connecting
06-10 19:57:29.020 4203 4266 D A2dpStateMachine: Connecting process message(XX:XX:XX:XX:F5:7A): STACK_EVENT
06-10 19:57:29.020 4203 4266 D A2dpStateMachine: Connecting: stack event: A2dpStackEvent {type:EVENT_TYPE_CONNECTION_STATE_CHANGED, device:XX:XX:XX:XX:F5:7A, value1:CONNECTING}
06-10 19:57:29.020 4203 4266 D A2dpStateMachine: handleMessage: X
06-10 19:57:29.020 998 998 D CachedBluetoothDevice: onProfileStateChanged: profile A2DP, device XX:XX:XX:XX:F5:7A, newProfileState 1
06-10 19:57:29.020 998 998 D BluetoothAdapter: getActiveDevices(profile= A2DP)
06-10 19:57:29.021 4203 4203 I BluetoothPhonePolicy: processProfileStateChanged, device=XX:XX:XX:XX:F5:7A, profile=2, 0 -> 1
06-10 19:57:29.022 4203 4216 I BluetoothAdapterService: getActiveDevices: A2dp device: null
06-10 19:57:29.022 998 998 D BluetoothAdapter: getActiveDevices(profile= HEADSET)
06-10 19:57:29.023 1550 4298 D TrafficStats: tagSocket(154) with statsTag=0xffffffff, statsUid=-1
06-10 19:57:29.025 4203 4216 I BluetoothAdapterService: getActiveDevices: Headset device: null
06-10 19:57:29.025 998 998 D BluetoothAdapter: getActiveDevices(profile= HEARING_AID)
06-10 19:57:29.025 982 1197 D CachedBluetoothDevice: onProfileStateChanged: profile A2DP, device XX:XX:XX:XX:F5:7A, newProfileState 1
06-10 19:57:29.026 982 1197 D BluetoothAdapter: getActiveDevices(profile= A2DP)
06-10 19:57:29.027 4203 4216 I BluetoothAdapterService: getActiveDevices: Hearing Aid devices: Left[null] - Right[null]
06-10 19:57:29.029 4203 4216 I BluetoothAdapterService: getActiveDevices: A2dp device: null
06-10 19:57:29.030 982 1197 D BluetoothAdapter: getActiveDevices(profile= HEADSET)
06-10 19:57:29.032 4203 4273 I BluetoothAdapterService: getActiveDevices: Headset device: null
06-10 19:57:29.032 4203 4203 D CompatibilityChangeReporter: Compat change id reported: 247079863; UID 1002; state: ENABLED
06-10 19:57:29.033 982 1197 D BluetoothAdapter: getActiveDevices(profile= HEARING_AID)
06-10 19:57:29.033 4203 4203 D AdapterProperties: PROFILE_CONNECTION_STATE_CHANGE: profile=2, device=XX:XX:XX:XX:F5:7A, 0 -> 1
06-10 19:57:29.035 4203 4216 I BluetoothAdapterService: getActiveDevices: Hearing Aid devices: Left[null] - Right[null]
06-10 19:57:29.036 1550 4056 D TrafficStats: tagSocket(94) with statsTag=0xffffffff, statsUid=-1
06-10 19:57:29.041 1550 1902 D MobclickAgent: 延续上一个会话: 726F7AFE00C31CA70AFBEE1B4A6F1C37
06-10 19:57:29.043 1550 1902 W SQLiteLog: (28) double-quoted string literal: "726F7AFE00C31CA70AFBEE1B4A6F1C37"
06-10 19:57:29.043 1550 1902 W SQLiteLog: (28) double-quoted string literal: ""
06-10 19:57:29.043 1550 1902 W SQLiteLog: (28) double-quoted string literal: "726F7AFE00C31CA70AFBEE1B4A6F1C37"
06-10 19:57:29.043 1550 1902 W SQLiteLog: (28) double-quoted string literal: "-1"
06-10 19:57:29.130 541 541 I WifiHAL : call wifi_get_link_stats handler
06-10 19:57:29.131 541 541 I WifiHAL : Creating message to get link statistics; iface = 16
06-10 19:57:29.187 1424 1424 I /apex/com.android.adbd/bin/adbd: type=1400 audit(0.0:1929): avc: denied { search } for comm=75736220666673206F70656E name="/" dev="functionfs" ino=25677 scontext=u:r:su:s0 tcontext=u:object_r:functionfs:s0 tclass=dir permissive=1
06-10 19:57:29.341 330 4197 D MesonDisplay: read /sys/class/amhdmitx/amhdmitx0/hdcp_lstore, result length:0, val:
06-10 19:57:29.848 3735 3779 D TrafficStats: tagSocket(174) with statsTag=0xffffffff, statsUid=-1
06-10 19:57:30.000 1550 1550 E hq : AdHelper:::启动延迟检查,支持广告的最长播放时间:25000 isLoadAd=false
06-10 19:57:30.000 1550 1550 D OsInitLaunch: send: launchAd, playAd, start, null
06-10 19:57:30.002 1550 1550 I dangbei ad sdk: ADSDK::play splash ad
06-10 19:57:30.003 1550 1550 I dangbei ad sdk: HttpUtils::show online ad
06-10 19:57:30.005 1550 4058 D TrafficStats: tagSocket(83) with statsTag=0xffffffff, statsUid=-1
06-10 19:57:30.005 1550 4056 D TrafficStats: tagSocket(94) with statsTag=0xffffffff, statsUid=-1
06-10 19:57:30.049 541 541 D WifiHAL : error code -95 mapped to -3
06-10 19:57:30.049 541 541 E IPCThreadState: binder thread pool (1 threads) starved for 918 ms
06-10 19:57:30.049 740 916 E WifiStaIfaceAidlImpl: getLinkLayerStats failed with service-specific exception: android.os.ServiceSpecificException: (code 4)
06-10 19:57:30.159 740 740 D HDMI : one touch play retry:2
06-10 19:57:30.159 740 953 D HDMI : [S]: 40:0D
06-10 19:57:30.187 1424 1424 I UsbFfs-monitor: type=1400 audit(0.0:1930): avc: denied { use } for path="anon_inode:[eventfd]" dev="anon_inodefs" ino=10204 scontext=u:r:su:s0 tcontext=u:r:adbd:s0 tclass=fd permissive=1
06-10 19:57:30.237 536 536 D hdmicecd: [CEC]:printCecMessage, [4 -> 0] len: 1, body: 0d, result:success
06-10 19:57:30.238 740 953 D HDMI : [S]: 40:8F
06-10 19:57:30.318 536 536 D hdmicecd: [CEC]:printCecMessage, [4 -> 0] len: 1, body: 8f, result:success
06-10 19:57:30.341 330 4197 D MesonDisplay: read /sys/class/amhdmitx/amhdmitx0/hdcp_lstore, result length:0, val:
06-10 19:57:30.408 536 564 D hdmicecd: [CEC]:printCecMsgBuf, msg: 04 90 01
06-10 19:57:30.408 536 564 D hdmicecd: [HdmiCecControl]:updateActiveState received tv power status 1
06-10 19:57:30.409 740 740 D HDMI : [R]: 04:90:01
06-10 19:57:30.489 1641 1641 D bbb : onStartCommand begin !!!!!!! data分区剩余 52968MB
06-10 19:57:30.511 1550 4319 D dangbei ad sdk: HttpUtils.....::response={"msg":"no available advert","code":200}
06-10 19:57:30.511 1550 1550 E hq : AdHelper:::notFetchAd: main
06-10 19:57:30.511 1550 1550 E hq : AdHelper:::onComplete:main
06-10 19:57:30.511 1550 1550 E hq : AdHelper:::adFinish: com.dangbei.launcher.home.LauncherActivity$showAd$1@5ca26ce
06-10 19:57:31.342 330 4197 D MesonDisplay: read /sys/class/amhdmitx/amhdmitx0/hdcp_lstore, result length:0, val:
06-10 19:57:32.160 740 740 D HDMI : one touch play retry:3
06-10 19:57:32.161 740 953 D HDMI : [S]: 40:0D
06-10 19:57:32.207 2532 2548 I com.ktcp.video: Background concurrent copying GC freed 244449(9373KB) AllocSpace objects, 22(596KB) LOS objects, 49% free, 6288KB/12MB, paused 148us,76us total 123.787ms
06-10 19:57:32.245 536 536 D hdmicecd: [CEC]:printCecMessage, [4 -> 0] len: 1, body: 0d, result:success
06-10 19:57:32.247 740 953 D HDMI : [S]: 40:8F
06-10 19:57:32.330 536 536 D hdmicecd: [CEC]:printCecMessage, [4 -> 0] len: 1, body: 8f, result:success
06-10 19:57:32.342 330 4197 D MesonDisplay: read /sys/class/amhdmitx/amhdmitx0/hdcp_lstore, result length:0, val:
06-10 19:57:32.419 536 564 D hdmicecd: [CEC]:printCecMsgBuf, msg: 04 90 01
06-10 19:57:32.420 536 564 D hdmicecd: [HdmiCecControl]:updateActiveState received tv power status 1
06-10 19:57:32.420 740 740 D HDMI : [R]: 04:90:01
06-10 19:57:33.003 1550 4318 I dangbei ad sdk: AdSplashView::show offline ad
06-10 19:57:33.046 4203 4230 I btm_acl : packages/modules/Bluetooth/system/stack/acl/btm_acl.cc:1582 change_connection_packet_types: Unable to include remote supported packet types as read feature incomplete
06-10 19:57:33.046 4203 4230 I btm_acl : packages/modules/Bluetooth/system/stack/acl/btm_acl.cc:1583 change_connection_packet_types: TIP: Maybe wait until read feature complete beforehand
06-10 19:57:33.046 4203 4230 W btm_acl : packages/modules/Bluetooth/system/stack/acl/btm_acl.cc:1216 BTM_SetLinkSuperTout: Role is peripheral so unable to set supervision timeout:80.00ms bd_addr:xx:xx:xx:xx:f5:7a
06-10 19:57:33.046 4203 4230 W btm_acl : packages/modules/Bluetooth/system/stack/acl/btm_acl.cc:1689 BTM_ReadRemoteVersion: Remote version information is invalid
06-10 19:57:33.046 4203 4230 I bt_btif_dm: packages/modules/Bluetooth/system/btif/src/btif_dm.cc:642 btif_update_remote_version_property: Remote version info valid:false [xx:xx:xx:xx:f5:7a]: 0, 0, 0
06-10 19:57:33.046 4203 4230 I bt_bta_dm: packages/modules/Bluetooth/system/bta/dm/bta_dm_act.cc:2580 handle_role_change: Role change callback peer:xx:xx:xx:xx:f5:7a info:0x0 new_role:central dev count:2 hci_status:HCI_SUCCESS
06-10 19:57:33.047 4203 4250 W BatteryService: getBatteryService(): service is NULL
06-10 19:57:33.053 541 541 I WifiHAL : call wifi_get_link_stats handler
06-10 19:57:33.053 541 541 I WifiHAL : Creating message to get link statistics; iface = 16
06-10 19:57:33.053 541 541 D WifiHAL : error code -95 mapped to -3
06-10 19:57:33.054 740 916 E WifiStaIfaceAidlImpl: getLinkLayerStats failed with service-specific exception: android.os.ServiceSpecificException: (code 4)
06-10 19:57:33.058 4203 4203 I BluetoothPhonePolicy: processDeviceConnected, device=XX:XX:XX:XX:F5:7A
06-10 19:57:33.058 4203 4203 D BluetoothDatabase: setConnection: device XX:XX:XX:XX:F5:7A and isA2dpDevice=false
06-10 19:57:33.059 4203 4203 D BluetoothDatabase: Updating last connected time for device: XX:XX:XX:XX:F5:7A to 3
06-10 19:57:33.059 4203 4203 D BluetoothDatabase: updateDatabase XX:XX:XX:XX:F5:7A
06-10 19:57:33.064 4203 4235 I bluetooth: packages/modules/Bluetooth/system/gd/hci/hci_layer.cc:119 drop: Dropping event MAX_SLOTS_CHANGE
06-10 19:57:33.065 998 998 I BLE_Service: >ACL LINK CONNECTED [小爱音箱-3073] - checking for supported devices after delay
06-10 19:57:33.069 4203 4230 I bt_btm_sec: packages/modules/Bluetooth/system/stack/btm/btm_sec.cc:4466 btm_sec_execute_procedure: No immediate action taken in busy state: BTM_SEC_STATE_GETTING_NAME
06-10 19:57:33.082 4203 4235 I bluetooth: packages/modules/Bluetooth/system/main/shim/acl.cc:558 OnReadClockOffsetComplete: UNIMPLEMENTED
06-10 19:57:33.089 4203 4230 I bluetooth: packages/modules/Bluetooth/system/stack/btm/btm_inq.cc:1627 btm_process_remote_name: btm_process_remote_name for xx:xx:xx:xx:f5:7a
06-10 19:57:33.089 4203 4230 I bt_btm_sec: packages/modules/Bluetooth/system/stack/btm/btm_sec.cc:2294 btm_sec_rmt_name_request_complete: btm_sec_rmt_name_request_complete for xx:xx:xx:xx:f5:7a
06-10 19:57:33.158 4203 4230 I a2dp_api: packages/modules/Bluetooth/system/stack/a2dp/a2dp_api.cc:77 a2dp_sdp_cback: a2dp_sdp_cback: status: 0
06-10 19:57:33.158 4203 4230 E a2dp_api: packages/modules/Bluetooth/system/stack/a2dp/a2dp_api.cc:99 a2dp_sdp_cback: ATTR_ID_SERVICE_NAME attr not found!!
06-10 19:57:33.158 4203 4230 E a2dp_api: packages/modules/Bluetooth/system/stack/a2dp/a2dp_api.cc:112 a2dp_sdp_cback: ATTR_ID_PROVIDER_NAME attr not found!!
06-10 19:57:33.158 4203 4230 E a2dp_api: packages/modules/Bluetooth/system/stack/a2dp/a2dp_api.cc:125 a2dp_sdp_cback: ATTR_ID_SUPPORTED_FEATURES attr not found!!
06-10 19:57:33.158 4203 4230 I bt_bta_av: packages/modules/Bluetooth/system/bta/av/bta_av_main.cc:331 SetAvdtpVersion: SetAvdtpVersion: AVDTP version for xx:xx:xx:xx:f5:7a set to 0x103
06-10 19:57:33.158 4203 4230 W bt_avp : packages/modules/Bluetooth/system/main/bte_logmsg.cc:108 LogMsg: AVDT_ConnectReq: address=xx:xx:xx:xx:f5:7a channel_index=0
06-10 19:57:33.158 4203 4230 W bt_avp : packages/modules/Bluetooth/system/main/bte_logmsg.cc:108 LogMsg: AVDT_ConnectReq: address=xx:xx:xx:xx:f5:7a result=0
06-10 19:57:33.158 4203 4230 I bt_btm_sec: packages/modules/Bluetooth/system/stack/btm/btm_sec.cc:4654 btm_sec_auth_timer_timeout: btm_sec_auth_timer_timeout: starting authentication
06-10 19:57:33.247 4203 4230 I bt_bta_av: packages/modules/Bluetooth/system/bta/av/bta_av_main.cc:364 bta_av_conn_cback: bta_av_conn_cback: conn_cback bd_addr: xx:xx:xx:xx:f5:7a
06-10 19:57:33.247 4203 4230 I bt_bta_av: packages/modules/Bluetooth/system/bta/av/bta_av_act.cc:1476 bta_av_sig_chg: bta_av_sig_chg: AVDT_CONNECT_IND_EVT: peer xx:xx:xx:xx:f5:7a selected lcb_index 0
06-10 19:57:33.247 4203 4230 I bt_bta_av: packages/modules/Bluetooth/system/bta/av/bta_av_act.cc:305 bta_av_rc_create: Skipping RC creation for the old AVRCP profile
06-10 19:57:33.282 4203 4230 I bt_stack: [INFO:bta_av_co.cc(1052)] ProcessSourceGetConfig: retrieved 2 capabilities from peer a4:39:b3:64:f5:7a
06-10 19:57:33.282 4203 4230 I bt_stack: [INFO:bta_av_co.cc(1716)] ReportSourceCodecState: peer xx:xx:xx:xx:f5:7a codec_config={codec: AAC priority: 2001 sample_rate: 44100 bits_per_sample: 16 channel_mode: STEREO codec_specific_1: 0 codec_specific_2: 0 codec_specific_3: 0 codec_specific_4: 0}
06-10 19:57:33.282 4203 4230 I bt_bta_av: packages/modules/Bluetooth/system/bta/av/bta_av_aact.cc:1738 bta_av_getcap_results: bta_av_getcap_results: sep_idx=1 avdt_handle=2 bta_handle=0x41
06-10 19:57:33.282 4203 4250 I BluetoothA2dpServiceJni: bta2dp_audio_config_callback
06-10 19:57:33.285 4203 4250 D A2dpNativeInterface: onCodecConfigChanged: A2dpStackEvent {type:EVENT_TYPE_CODEC_CONFIG_CHANGED, device:XX:XX:XX:XX:F5:7A, value1:0, codecStatus:{mCodecConfig:{codecName:AAC,mCodecType:1,mCodecPriority:2001,mSampleRate:0x1(44100),mBitsPerSample:0x1(16),mChannelMode:0x2(STEREO),mCodecSpecific1:0,mCodecSpecific2:0,mCodecSpecific3:0,mCodecSpecific4:0},mCodecsLocalCapabilities:[{codecName:LDAC,mCodecType:4,mCodecPriority:5001,mSampleRate:0xf(44100|48000|88200|96000),mBitsPerSample:0x7(16|24|32),mChannelMode:0x2(STEREO),mCodecSpecific1:0,mCodecSpecific2:0,mCodecSpecific3:0,mCodecSpecific4:0}, {codecName:aptX HD,mCodecType:3,mCodecPriority:4001,mSampleRate:0x3(44100|48000),mBitsPerSample:0x2(24),mChannelMode:0x2(STEREO),mCodecSpecific1:0,mCodecSpecific2:0,mCodecSpecific3:0,mCodecSpecific4:0}, {codecName:aptX,mCodecType:2,mCodecPriority:3001,mSampleRate:0x3(44100|48000),mBitsPerSample:0x1(16),mChannelMode:0x2(STEREO),mCodecSpecific1:0,mCodecSpecific2:0,mCodecSpecific3:0,mCodecSpecific4:0}, {codecName:AAC,mCodecType:1,mCodecPriority:2001,mSampleRate:0x1(44100),mBitsPerSample:0x1(16),mChannelMode:0x2(STEREO),mCodecSpecific1:0,mCodecSpecific2:0,mCodecSpecific3:0,mCodecSpecific4:0}, {codecName:SBC,mCodecType:0,mCodecPriority:1001,mSampleRate:0x1(44100),mBitsPerSample:0x1(16),mChannelMode:0x3(MONO|STEREO),mCodecSpecific1:0,mCodecSpecific2:0,mCodecSpecific3:0,mCodecSpecific4:0}],mCodecsSelectableCapabilities:[{codecName:AAC,mCodecType:1,mCodecPriority:2001,mSampleRate:0x1(44100),mBitsPerSample:0x1(16),mChannelMode:0x2(STEREO),mCodecSpecific1:0,mCodecSpecific2:0,mCodecSpecific3:0,mCodecSpecific4:0}, {codecName:SBC,mCodecType:0,mCodecPriority:1001,mSampleRate:0x1(44100),mBitsPerSample:0x1(16),mChannelMode:0x3(MONO|STEREO),mCodecSpecific1:0,mCodecSpecific2:0,mCodecSpecific3:0,mCodecSpecific4:0}]}}
06-10 19:57:33.286 4203 4266 D A2dpStateMachine: handleMessage: E msg.what=101
06-10 19:57:33.286 4203 4266 D A2dpStateMachine: processMsg: Connecting
06-10 19:57:33.286 4203 4266 D A2dpStateMachine: Connecting process message(XX:XX:XX:XX:F5:7A): STACK_EVENT
06-10 19:57:33.287 4203 4266 D A2dpStateMachine: Connecting: stack event: A2dpStackEvent {type:EVENT_TYPE_CODEC_CONFIG_CHANGED, device:XX:XX:XX:XX:F5:7A, value1:0, codecStatus:{mCodecConfig:{codecName:AAC,mCodecType:1,mCodecPriority:2001,mSampleRate:0x1(44100),mBitsPerSample:0x1(16),mChannelMode:0x2(STEREO),mCodecSpecific1:0,mCodecSpecific2:0,mCodecSpecific3:0,mCodecSpecific4:0},mCodecsLocalCapabilities:[{codecName:LDAC,mCodecType:4,mCodecPriority:5001,mSampleRate:0xf(44100|48000|88200|96000),mBitsPerSample:0x7(16|24|32),mChannelMode:0x2(STEREO),mCodecSpecific1:0,mCodecSpecific2:0,mCodecSpecific3:0,mCodecSpecific4:0}, {codecName:aptX HD,mCodecType:3,mCodecPriority:4001,mSampleRate:0x3(44100|48000),mBitsPerSample:0x2(24),mChannelMode:0x2(STEREO),mCodecSpecific1:0,mCodecSpecific2:0,mCodecSpecific3:0,mCodecSpecific4:0}, {codecName:aptX,mCodecType:2,mCodecPriority:3001,mSampleRate:0x3(44100|48000),mBitsPerSample:0x1(16),mChannelMode:0x2(STEREO),mCodecSpecific1:0,mCodecSpecific2:0,mCodecSpecific3:0,mCodecSpecific4:0}, {codecName:AAC,mCodecType:1,mCodecPriority:2001,mSampleRate:0x1(44100),mBitsPerSample:0x1(16),mChannelMode:0x2(STEREO),mCodecSpecific1:0,mCodecSpecific2:0,mCodecSpecific3:0,mCodecSpecific4:0}, {codecName:SBC,mCodecType:0,mCodecPriority:1001,mSampleRate:0x1(44100),mBitsPerSample:0x1(16),mChannelMode:0x3(MONO|STEREO),mCodecSpecific1:0,mCodecSpecific2:0,mCodecSpecific3:0,mCodecSpecific4:0}],mCodecsSelectableCapabilities:[{codecName:AAC,mCodecType:1,mCodecPriority:2001,mSampleRate:0x1(44100),mBitsPerSample:0x1(16),mChannelMode:0x2(STEREO),mCodecSpecific1:0,mCodecSpecific2:0,mCodecSpecific3:0,mCodecSpecific4:0}, {codecName:SBC,mCodecType:0,mCodecPriority:1001,mSampleRate:0x1(44100),mBitsPerSample:0x1(16),mChannelMode:0x3(MONO|STEREO),mCodecSpecific1:0,mCodecSpecific2:0,mCodecSpecific3:0,mCodecSpecific4:0}]}}
06-10 19:57:33.288 4203 4266 D A2dpStateMachine: A2DP Codec Config: null->{codecName:AAC,mCodecType:1,mCodecPriority:2001,mSampleRate:0x1(44100),mBitsPerSample:0x1(16),mChannelMode:0x2(STEREO),mCodecSpecific1:0,mCodecSpecific2:0,mCodecSpecific3:0,mCodecSpecific4:0}
06-10 19:57:33.288 4203 4266 D A2dpStateMachine: A2DP Codec Local Capability: {codecName:LDAC,mCodecType:4,mCodecPriority:5001,mSampleRate:0xf(44100|48000|88200|96000),mBitsPerSample:0x7(16|24|32),mChannelMode:0x2(STEREO),mCodecSpecific1:0,mCodecSpecific2:0,mCodecSpecific3:0,mCodecSpecific4:0}
06-10 19:57:33.288 4203 4266 D A2dpStateMachine: A2DP Codec Local Capability: {codecName:aptX HD,mCodecType:3,mCodecPriority:4001,mSampleRate:0x3(44100|48000),mBitsPerSample:0x2(24),mChannelMode:0x2(STEREO),mCodecSpecific1:0,mCodecSpecific2:0,mCodecSpecific3:0,mCodecSpecific4:0}
06-10 19:57:33.288 4203 4266 D A2dpStateMachine: A2DP Codec Local Capability: {codecName:aptX,mCodecType:2,mCodecPriority:3001,mSampleRate:0x3(44100|48000),mBitsPerSample:0x1(16),mChannelMode:0x2(STEREO),mCodecSpecific1:0,mCodecSpecific2:0,mCodecSpecific3:0,mCodecSpecific4:0}
06-10 19:57:33.288 4203 4266 D A2dpStateMachine: A2DP Codec Local Capability: {codecName:AAC,mCodecType:1,mCodecPriority:2001,mSampleRate:0x1(44100),mBitsPerSample:0x1(16),mChannelMode:0x2(STEREO),mCodecSpecific1:0,mCodecSpecific2:0,mCodecSpecific3:0,mCodecSpecific4:0}
06-10 19:57:33.288 4203 4266 D A2dpStateMachine: A2DP Codec Local Capability: {codecName:SBC,mCodecType:0,mCodecPriority:1001,mSampleRate:0x1(44100),mBitsPerSample:0x1(16),mChannelMode:0x3(MONO|STEREO),mCodecSpecific1:0,mCodecSpecific2:0,mCodecSpecific3:0,mCodecSpecific4:0}
06-10 19:57:33.288 4203 4266 D A2dpStateMachine: A2DP Codec Selectable Capability: {codecName:AAC,mCodecType:1,mCodecPriority:2001,mSampleRate:0x1(44100),mBitsPerSample:0x1(16),mChannelMode:0x2(STEREO),mCodecSpecific1:0,mCodecSpecific2:0,mCodecSpecific3:0,mCodecSpecific4:0}
06-10 19:57:33.288 4203 4266 D A2dpStateMachine: A2DP Codec Selectable Capability: {codecName:SBC,mCodecType:0,mCodecPriority:1001,mSampleRate:0x1(44100),mBitsPerSample:0x1(16),mChannelMode:0x3(MONO|STEREO),mCodecSpecific1:0,mCodecSpecific2:0,mCodecSpecific3:0,mCodecSpecific4:0}
06-10 19:57:33.289 4203 4266 I bt_btif : packages/modules/Bluetooth/system/btif/src/bluetooth.cc:973 allow_low_latency_audio: allow_low_latency_audio false
06-10 19:57:33.289 4203 4266 E bt_stack: [ERROR:a2dp_encoding_aidl.cc(575)] set_low_latency_mode_allowed: BluetoothAudio HAL is not enabled
06-10 19:57:33.290 4203 4266 D A2dpService: broadcastCodecConfig(XX:XX:XX:XX:F5:7A): {mCodecConfig:{codecName:AAC,mCodecType:1,mCodecPriority:2001,mSampleRate:0x1(44100),mBitsPerSample:0x1(16),mChannelMode:0x2(STEREO),mCodecSpecific1:0,mCodecSpecific2:0,mCodecSpecific3:0,mCodecSpecific4:0},mCodecsLocalCapabilities:[{codecName:LDAC,mCodecType:4,mCodecPriority:5001,mSampleRate:0xf(44100|48000|88200|96000),mBitsPerSample:0x7(16|24|32),mChannelMode:0x2(STEREO),mCodecSpecific1:0,mCodecSpecific2:0,mCodecSpecific3:0,mCodecSpecific4:0}, {codecName:aptX HD,mCodecType:3,mCodecPriority:4001,mSampleRate:0x3(44100|48000),mBitsPerSample:0x2(24),mChannelMode:0x2(STEREO),mCodecSpecific1:0,mCodecSpecific2:0,mCodecSpecific3:0,mCodecSpecific4:0}, {codecName:aptX,mCodecType:2,mCodecPriority:3001,mSampleRate:0x3(44100|48000),mBitsPerSample:0x1(16),mChannelMode:0x2(STEREO),mCodecSpecific1:0,mCodecSpecific2:0,mCodecSpecific3:0,mCodecSpecific4:0}, {codecName:AAC,mCodecType:1,mCodecPriority:2001,mSampleRate:0x1(44100),mBitsPerSample:0x1(16),mChannelMode:0x2(STEREO),mCodecSpecific1:0,mCodecSpecific2:0,mCodecSpecific3:0,mCodecSpecific4:0}, {codecName:SBC,mCodecType:0,mCodecPriority:1001,mSampleRate:0x1(44100),mBitsPerSample:0x1(16),mChannelMode:0x3(MONO|STEREO),mCodecSpecific1:0,mCodecSpecific2:0,mCodecSpecific3:0,mCodecSpecific4:0}],mCodecsSelectableCapabilities:[{codecName:AAC,mCodecType:1,mCodecPriority:2001,mSampleRate:0x1(44100),mBitsPerSample:0x1(16),mChannelMode:0x2(STEREO),mCodecSpecific1:0,mCodecSpecific2:0,mCodecSpecific3:0,mCodecSpecific4:0}, {codecName:SBC,mCodecType:0,mCodecPriority:1001,mSampleRate:0x1(44100),mBitsPerSample:0x1(16),mChannelMode:0x3(MONO|STEREO),mCodecSpecific1:0,mCodecSpecific2:0,mCodecSpecific3:0,mCodecSpecific4:0}]}
06-10 19:57:33.292 4203 4266 D A2dpStateMachine: handleMessage: X
06-10 19:57:33.334 4203 4230 I bt_bta_av: packages/modules/Bluetooth/system/bta/av/bta_av_ssm.cc:426 bta_av_better_stream_state_machine: peer xx:xx:xx:xx:f5:7a p_scb=0x41(0xf5ac3640) AV event=0x121a(STR_OPEN_OK) state=2(OPENING) -> 3(OPEN)
06-10 19:57:33.334 4203 4230 I btm_acl : packages/modules/Bluetooth/system/stack/acl/btm_acl.cc:612 BTM_SwitchRoleToCentral: Requested role is already in effect
06-10 19:57:33.334 4203 4230 I bluetooth: packages/modules/Bluetooth/system/bta/dm/bta_dm_pm.cc:443 bta_dm_pm_cback: New connection service:Advanced audio/video[18] app_id:0
06-10 19:57:33.334 4203 4230 I bluetooth: packages/modules/Bluetooth/system/gd/hal/snoop_logger.cc:1432 GetBtSnoopMode: btsnoop_mode_empty: 0
06-10 19:57:33.334 4203 4230 I btif_av : packages/modules/Bluetooth/system/btif/src/btif_av.cc:1779 ProcessEvent: virtual bool BtifAvStateMachine::StateOpening::ProcessEvent(uint32_t, void *): Peer xx:xx:xx:xx:f5:7a : event=BTA_AV_OPEN_EVT(0x2) flags=0x0(None) status=0(SUCCESS) edr=0x1
06-10 19:57:33.335 4203 4230 I btif_av : packages/modules/Bluetooth/system/btif/src/btif_av.cc:2564 btif_report_connection_state: btif_report_connection_state: peer_address=xx:xx:xx:xx:f5:7a state=2
06-10 19:57:33.335 4203 4250 I BluetoothA2dpServiceJni: bta2dp_connection_state_callback
06-10 19:57:33.335 4203 4230 E bt_btif : packages/modules/Bluetooth/system/main/bte_logmsg.cc:105 LogMsg: btif_rc_get_device_by_bda: device not found, returning NULL!
06-10 19:57:33.335 4203 4230 E bt_btif : packages/modules/Bluetooth/system/main/bte_logmsg.cc:105 LogMsg: btif_rc_check_handle_pending_play: p_dev NULL
06-10 19:57:33.335 4203 4250 D A2dpNativeInterface: onConnectionStateChanged: A2dpStackEvent {type:EVENT_TYPE_CONNECTION_STATE_CHANGED, device:XX:XX:XX:XX:F5:7A, value1:CONNECTED}
06-10 19:57:33.335 4203 4250 I bt_btif_queue: packages/modules/Bluetooth/system/btif/src/btif_profile_queue.cc:121 queue_int_advance: queue_int_advance: removing connection request: address=xx:xx:xx:xx:f5:7a UUID=110A busy=true
06-10 19:57:33.335 4203 4266 D A2dpStateMachine: handleMessage: E msg.what=101
06-10 19:57:33.335 4203 4266 D A2dpStateMachine: processMsg: Connecting
06-10 19:57:33.335 4203 4266 D A2dpStateMachine: Connecting process message(XX:XX:XX:XX:F5:7A): STACK_EVENT
06-10 19:57:33.335 4203 4266 D A2dpStateMachine: Connecting: stack event: A2dpStackEvent {type:EVENT_TYPE_CONNECTION_STATE_CHANGED, device:XX:XX:XX:XX:F5:7A, value1:CONNECTED}
06-10 19:57:33.336 4203 4266 D A2dpStateMachine: transitionTo: destState=Connected
06-10 19:57:33.336 4203 4266 D A2dpStateMachine: handleMessage: new destination call exit/enter
06-10 19:57:33.336 4203 4266 D A2dpStateMachine: setupTempStateStackWithStatesToEnter: X mTempStateStackCount=1,curStateInfo: null
06-10 19:57:33.336 4203 4266 D A2dpStateMachine: invokeExitMethods: Connecting
06-10 19:57:33.336 4203 4266 D A2dpStateMachine: Exit Connecting(XX:XX:XX:XX:F5:7A): STACK_EVENT
06-10 19:57:33.336 4203 4266 D A2dpStateMachine: moveTempStackToStateStack: i=0,j=0
06-10 19:57:33.336 4203 4266 D A2dpStateMachine: moveTempStackToStateStack: X mStateStackTop=0,startingIndex=0,Top=Connected
06-10 19:57:33.336 4203 4266 D A2dpStateMachine: invokeEnterMethods: Connected
06-10 19:57:33.336 4203 4266 I A2dpStateMachine: Enter Connected(XX:XX:XX:XX:F5:7A): STACK_EVENT
06-10 19:57:33.336 4203 4266 D A2dpService: enableOptionalCodecs(XX:XX:XX:XX:F5:7A)
06-10 19:57:33.336 4203 4266 D A2dpService: getCodecStatus(XX:XX:XX:XX:F5:7A)
06-10 19:57:33.337 4203 4230 I l2c_csm : packages/modules/Bluetooth/system/stack/l2cap/l2c_csm.cc:338 l2c_csm_closed: Check security for psm 0x0001, status 0
06-10 19:57:33.337 4203 4266 I bt_btif : packages/modules/Bluetooth/system/btif/src/bluetooth.cc:973 allow_low_latency_audio: allow_low_latency_audio false
06-10 19:57:33.337 4203 4266 E bt_stack: [ERROR:a2dp_encoding_aidl.cc(575)] set_low_latency_mode_allowed: BluetoothAudio HAL is not enabled
06-10 19:57:33.337 4203 4266 I A2dpCodecConfig: enableOptionalCodecs: already using optional codec AAC
06-10 19:57:33.337 4203 4266 I bt_btif : packages/modules/Bluetooth/system/btif/src/bluetooth.cc:973 allow_low_latency_audio: allow_low_latency_audio false
06-10 19:57:33.337 4203 4266 E bt_stack: [ERROR:a2dp_encoding_aidl.cc(575)] set_low_latency_mode_allowed: BluetoothAudio HAL is not enabled
06-10 19:57:33.337 4203 4266 D A2dpStateMachine: Connection state XX:XX:XX:XX:F5:7A: CONNECTING->CONNECTED
06-10 19:57:33.337 4203 4266 I A2dpService: connectionStateChanged (XX:XX:XX:XX:F5:7A): 1 -> 2
06-10 19:57:33.340 4203 4266 D A2dpStateMachine: A2DP Playing state : device: XX:XX:XX:XX:F5:7A State:PLAYING->NOT_PLAYING
06-10 19:57:33.342 998 998 D CachedBluetoothDevice: onProfileStateChanged: profile A2DP, device XX:XX:XX:XX:F5:7A, newProfileState 2
06-10 19:57:33.342 998 998 D BluetoothAdapter: getActiveDevices(profile= A2DP)
06-10 19:57:33.342 330 4197 D MesonDisplay: read /sys/class/amhdmitx/amhdmitx0/hdcp_lstore, result length:0, val:
06-10 19:57:33.343 4203 4203 I BluetoothPhonePolicy: processProfileStateChanged, device=XX:XX:XX:XX:F5:7A, profile=2, 1 -> 2
06-10 19:57:33.344 4203 4203 D BluetoothAdapterService: isQuietModeEnabled() - Enabled = false
06-10 19:57:33.345 4203 4278 I BluetoothAdapterService: getActiveDevices: A2dp device: null
06-10 19:57:33.345 4203 4254 D ActiveDeviceManager: handleA2dpConnected: XX:XX:XX:XX:F5:7A
06-10 19:57:33.345 4203 4254 V BluetoothDatabase: getProfileConnectionPolicy: device XX:XX:XX:XX:F5:7A profile=HEADSET, connectionPolicy=-1
06-10 19:57:33.347 4203 4254 D ActiveDeviceManager: setA2dpActiveDevice(XX:XX:XX:XX:F5:7A)
06-10 19:57:33.347 4203 4254 D A2dpService: setActiveDevice(XX:XX:XX:XX:F5:7A): current is null
06-10 19:57:33.347 4203 4254 D A2dpService: Switch A2DP devices to XX:XX:XX:XX:F5:7A from null
06-10 19:57:33.348 4203 4254 D A2dpService: updateAndBroadcastActiveDevice(XX:XX:XX:XX:F5:7A)
06-10 19:57:33.348 4203 4254 D AvrcpVolumeManager: volumeDeviceSwitched: mCurrentDevice=null device=XX:XX:XX:XX:F5:7A
06-10 19:57:33.348 4203 4203 D AdapterProperties: PROFILE_CONNECTION_STATE_CHANGE: profile=2, device=XX:XX:XX:XX:F5:7A, 1 -> 2
06-10 19:57:33.349 998 998 D BluetoothAdapter: getActiveDevices(profile= HEADSET)
06-10 19:57:33.352 4203 4216 I BluetoothAdapterService: getActiveDevices: Headset device: null
06-10 19:57:33.353 998 998 D BluetoothAdapter: getActiveDevices(profile= HEARING_AID)
06-10 19:57:33.354 740 740 I MR2ServiceImpl: addProviderRoutes | provider: com.android.server.media/.SystemMediaRoute2Provider, routes: [A4:39:B3:64:F5:7A | 小爱音箱-3073]
06-10 19:57:33.354 982 1197 D CachedBluetoothDevice: onProfileStateChanged: profile A2DP, device XX:XX:XX:XX:F5:7A, newProfileState 2
06-10 19:57:33.354 982 1197 D BluetoothAdapter: getActiveDevices(profile= A2DP)
06-10 19:57:33.356 4203 4254 I bt_btif : packages/modules/Bluetooth/system/btif/src/bluetooth.cc:973 allow_low_latency_audio: allow_low_latency_audio false
06-10 19:57:33.356 4203 4266 D A2dpStateMachine: handleMessage: X
06-10 19:57:33.356 4203 4254 E bt_stack: [ERROR:a2dp_encoding_aidl.cc(575)] set_low_latency_mode_allowed: BluetoothAudio HAL is not enabled
06-10 19:57:33.356 4203 4217 I BluetoothAdapterService: getActiveDevices: Hearing Aid devices: Left[null] - Right[null]
06-10 19:57:33.356 4203 4254 I BluetoothA2dpServiceJni: setActiveDeviceNative: sBluetoothA2dpInterface: 0xc74163c4
06-10 19:57:33.356 4203 4230 I bt_stack: [INFO:btif_av.cc(493)] bool BtifAvSource::SetActivePeer(const RawAddress &, std::promise): peer: xx:xx:xx:xx:f5:7a
06-10 19:57:33.356 4203 4230 I bt_stack: [INFO:btif_a2dp_source.cc(429)] btif_a2dp_source_restart_session: old_peer_address=00:00:00:00:00:00 new_peer_address=xx:xx:xx:xx:f5:7a state=STATE_OFF
06-10 19:57:33.356 4203 4230 I bt_btif_a2dp_source: packages/modules/Bluetooth/system/btif/src/btif_a2dp_source.cc:634 btif_a2dp_source_stop_audio_req: btif_a2dp_source_stop_audio_req: state=STATE_OFF
06-10 19:57:33.356 4203 4230 I bt_btif_a2dp_source: packages/modules/Bluetooth/system/btif/src/btif_a2dp_source.cc:346 btif_a2dp_source_startup: btif_a2dp_source_startup: state=STATE_OFF
06-10 19:57:33.356 4203 4230 I bt_stack: [INFO:btif_a2dp_source.cc(385)] btif_a2dp_source_start_session: peer_address=xx:xx:xx:xx:f5:7a state=STATE_STARTING_UP
06-10 19:57:33.356 4203 4230 I bt_btif_a2dp_source: packages/modules/Bluetooth/system/btif/src/btif_a2dp_source.cc:559 btif_a2dp_source_setup_codec: btif_a2dp_source_setup_codec: peer_address=xx:xx:xx:xx:f5:7a state=STATE_STARTING_UP
06-10 19:57:33.356 4203 4230 I bt_btif_a2dp_source: packages/modules/Bluetooth/system/btif/src/btif_a2dp_source.cc:1076 btif_a2dp_source_audio_tx_flush_req: btif_a2dp_source_audio_tx_flush_req: state=STATE_STARTING_UP
06-10 19:57:33.357 4203 4267 I bt_btif_a2dp_source: packages/modules/Bluetooth/system/btif/src/btif_a2dp_source.cc:845 btif_a2dp_source_audio_tx_stop_event: btif_a2dp_source_audio_tx_stop_event: streaming false state=STATE_STARTING_UP
06-10 19:57:33.357 4203 4267 I bt_btif_a2dp_source: packages/modules/Bluetooth/system/btif/src/btif_a2dp_source.cc:365 btif_a2dp_source_startup_delayed: btif_a2dp_source_startup_delayed: state=STATE_STARTING_UP
06-10 19:57:33.357 4203 4267 I bt_stack: [INFO:a2dp_encoding_aidl.cc(362)] init
06-10 19:57:33.359 998 998 D CachedBluetoothDevice: onActiveDeviceChanged: profile A2DP, device XX:XX:XX:XX:C0:7D, isActive false
06-10 19:57:33.359 998 998 D CachedBluetoothDevice: onActiveDeviceChanged: profile A2DP, device XX:XX:XX:XX:F5:7A, isActive true
06-10 19:57:33.360 4203 4203 I BluetoothUtils: Dual mode enable state is: false
06-10 19:57:33.360 4203 4203 I BluetoothPhonePolicy: processActiveDeviceChanged, device=XX:XX:XX:XX:F5:7A, profile=2 isDualModeAudioEnabled=false
06-10 19:57:33.360 4203 4203 D BluetoothDatabase: setConnection: device XX:XX:XX:XX:F5:7A and isA2dpDevice=true
06-10 19:57:33.360 4203 4203 D BluetoothDatabase: resetActiveA2dpDevice()
06-10 19:57:33.360 4203 4203 D BluetoothDatabase: Updating last connected time for device: XX:XX:XX:XX:F5:7A to 4
06-10 19:57:33.360 4203 4203 D BluetoothDatabase: updateDatabase XX:XX:XX:XX:F5:7A
06-10 19:57:33.360 4203 4203 I BluetoothUtils: Dual mode enable state is: false
06-10 19:57:33.362 523 540 I BTAudioProviderFactoryAIDL: getProviderCapabilities - SessionType=A2DP_SOFTWARE_ENCODING_DATAPATH supports 1 codecs
06-10 19:57:33.362 4203 4267 I bt_stack: [INFO:client_interface_aidl.cc(124)] FetchAudioProvider: BluetoothAudioHal SessionType=A2DP_SOFTWARE_ENCODING_DATAPATH has 1 AudioCapabilities
06-10 19:57:33.362 523 540 I BTAudioProviderFactoryAIDL: openProvider - SessionType=A2DP_SOFTWARE_ENCODING_DATAPATH
06-10 19:57:33.363 523 540 I BTAudioProviderA2dpSW: A2dpSoftwareAudioProvider - size of audio buffer 7680 byte(s)
06-10 19:57:33.363 4203 4203 D AvrcpTargetJni: sendMediaUpdateNative
06-10 19:57:33.363 4203 4203 I bt_stack: [INFO:avrcp_service.cc(515)] virtual void bluetooth::avrcp::AvrcpService::SendMediaUpdate(bool, bool, bool) track_changed=0 : play_state=1 : queue=0
06-10 19:57:33.363 4203 4267 I bt_stack: [INFO:client_interface_aidl.cc(143)] IBluetoothAudioProvidersFactory::openProvider() returned 0xf5ea75d0 (remote)
06-10 19:57:33.364 4203 4267 I bt_btif_a2dp_source: packages/modules/Bluetooth/system/btif/src/btif_a2dp_source.cc:1058 btif_a2dp_source_audio_tx_flush_event: btif_a2dp_source_audio_tx_flush_event: state=STATE_RUNNING
06-10 19:57:33.364 4203 4267 I bt_btif_a2dp_source: packages/modules/Bluetooth/system/btif/src/btif_a2dp_source.cc:575 btif_a2dp_source_setup_codec_delayed: btif_a2dp_source_setup_codec_delayed: peer_address=xx:xx:xx:xx:f5:7a state=STATE_RUNNING
06-10 19:57:33.364 4203 4267 I bt_stack: [INFO:bta_av_co.cc(1470)] SetActivePeer: codec = name: AAC
06-10 19:57:33.364 4203 4267 I bt_stack: objectType: (MPEG-2 AAC LC) (0x80)
06-10 19:57:33.364 4203 4267 I bt_stack: samp_freq: 44100 (0x0001)
06-10 19:57:33.364 4203 4267 I bt_stack: ch_mode: Stereo (0x04)
06-10 19:57:33.364 4203 4267 I bt_stack: variableBitRateSupport: false
06-10 19:57:33.364 4203 4267 I bt_stack: bitRate: 256000
06-10 19:57:33.364 4203 4267 I bt_stack:
06-10 19:57:33.364 4203 4267 I bt_stack: [INFO:bta_av_co.cc(1716)] ReportSourceCodecState: peer xx:xx:xx:xx:f5:7a codec_config={codec: AAC priority: 2001 sample_rate: 44100 bits_per_sample: 16 channel_mode: STEREO codec_specific_1: 0 codec_specific_2: 0 codec_specific_3: 0 codec_specific_4: 0}
06-10 19:57:33.364 4203 4230 W bt_sdp : packages/modules/Bluetooth/system/main/bte_logmsg.cc:108 LogMsg: PBAP PSE dynamic version upgrade is not enabled
06-10 19:57:33.364 4203 4230 I SDP_Utils: packages/modules/Bluetooth/system/stack/sdp/sdp_utils.cc:1438 sdpu_set_avrc_target_version: SDP AVRCP DB Version 0
06-10 19:57:33.364 4203 4230 I SDP_Utils: packages/modules/Bluetooth/system/stack/sdp/sdp_utils.cc:1441 sdpu_set_avrc_target_version: Not AVRCP version attribute or version not valid for device xx:xx:xx:xx:f5:7a
06-10 19:57:33.364 4203 4230 I SDP_Utils: packages/modules/Bluetooth/system/stack/sdp/sdp_utils.cc:1438 sdpu_set_avrc_target_version: SDP AVRCP DB Version 0
06-10 19:57:33.364 4203 4230 I SDP_Utils: packages/modules/Bluetooth/system/stack/sdp/sdp_utils.cc:1441 sdpu_set_avrc_target_version: Not AVRCP version attribute or version not valid for device xx:xx:xx:xx:f5:7a
06-10 19:57:33.364 4203 4250 I BluetoothA2dpServiceJni: bta2dp_audio_config_callback
06-10 19:57:33.364 4203 4230 W bt_sdp : packages/modules/Bluetooth/system/main/bte_logmsg.cc:108 LogMsg: PBAP PSE dynamic version upgrade is not enabled
