06-10 19:58:23.246 523 1422 I audio_hw_hal_primary: [adev_open_output_stream:3287] ch_mask:0x1 rate:32000 format:PCM_16_BIT(0x1) flags:0x41
06-10 19:58:23.246 523 1422 D audio_hw_hal_primary: [adev_open_output_stream:3573] format=PCM_16_BIT rate=32000
06-10 19:58:23.246 523 1422 I audio_hw_hal_primary: init resampler from 32000 to 48000!
06-10 19:58:23.246 523 1422 D audio_hw_utils_resampler: resampler_init, Init Resampler: input_sr = 32000, output_sr = 48000
06-10 19:58:23.246 523 1422 I audio_hw_hal_primary: [adev_open_output_stream:3610] result profile ch_mask:0x1 rate:32000 format:PCM_16_BIT(0x1) usecase:PCM_HWSYNC
06-10 19:58:23.246 523 1422 D audio_hw_hal_timer: func:audio_timer_create create timer.1 success.
06-10 19:58:23.247 523 1422 D audio_hw_hal_timer: func:audio_timer_create create timer.2 success.
06-10 19:58:23.247 523 1422 D audio_hw_hal_primary: [adev_open_output_stream_new:7980] timer_id:1
06-10 19:58:23.247 523 1422 I audio_hw_hal_utils: aml_get_stream_dump_file_name line 2929 file_name /data/vendor/audiohal/stream_pid523_tid1422.pcm
06-10 19:58:23.247 523 1422 I audio_hw_hal_primary: [adev_open_output_stream_new:8037] io 429: out: 0xf0ec8170 card:0 alsa devices:0 exit ------
06-10 19:58:23.248 523 1422 I audio_hw_hal_primary: [out_get_buffer_size:552] out:0xf0ec8170 config.rate=32000, format:PCM_16_BIT(0x1), stream format:PCM_16_BIT(0x1)
06-10 19:58:23.248 559 1246 I AudioFlinger: HAL output buffer size 2068 frames, normal sink buffer size 2068 frames
06-10 19:58:23.248 523 1422 I audio_hw_hal_primary: [audiohal_get_latency:1333] io 429: out:0xf0ec8170 frames:1152 rate:32000 whole_latency:36 alsa_latency:36
06-10 19:58:23.249 523 1422 I audio_hw_hal_primary: [out_set_event_callback:3158] io 429: out:0xf0ec8170, callback:0xf30cd91d cookie:0xf36c16f0
06-10 19:58:23.249 523 1422 I audio_hw_hal_primary: [audiohal_get_latency:1333] io 429: out:0xf0ec8170 frames:1152 rate:32000 whole_latency:36 alsa_latency:36
06-10 19:58:23.249 523 1422 I audio_hw_hal_primary: [audiohal_get_latency:1333] io 429: out:0xf0ec8170 frames:1152 rate:32000 whole_latency:36 alsa_latency:36
06-10 19:58:23.249 559 4454 I AudioFlinger: AudioFlinger's thread 0xebedc400 tid=4454 ready to run
06-10 19:58:23.250 559 4454 D AudioFlinger: ro.audio.silent is ignored since no output device is set
06-10 19:58:23.250 523 1422 D audio_hw_hal_primary: [out_standby_new:5767] io 429: out:0xf0ec8170 usecase:PCM_HWSYNC
06-10 19:58:23.250 523 1422 I audio_hw_hal_primary: already standby, do nothing
06-10 19:58:23.251 559 4454 D AudioFlinger: ro.audio.silent is ignored since no output device is set
06-10 19:58:23.252 559 4454 D AudioFlinger: ro.audio.silent is ignored since no output device is set
06-10 19:58:23.253 559 4454 D AudioFlinger: ro.audio.silent is ignored since no output device is set
06-10 19:58:23.253 559 4454 D AudioFlinger: ro.audio.silent is ignored since no output device is set
06-10 19:58:23.254 559 4454 D AudioFlinger: ro.audio.silent is ignored since no output device is set
06-10 19:58:23.254 559 4454 D AudioFlinger: ro.audio.silent is ignored since no output device is set
06-10 19:58:23.256 559 4454 D AudioFlinger: ro.audio.silent is ignored since no output device is set
06-10 19:58:23.258 559 4454 D AudioFlinger: ro.audio.silent is ignored since no output device is set
06-10 19:58:23.259 559 4454 D AudioFlinger: ro.audio.silent is ignored since no output device is set
06-10 19:58:23.260 559 4454 D AudioFlinger: ro.audio.silent is ignored since no output device is set
06-10 19:58:23.260 559 4454 D AudioFlinger: ro.audio.silent is ignored since no output device is set
06-10 19:58:23.261 559 4454 D AudioFlinger: ro.audio.silent is ignored since no output device is set
06-10 19:58:23.262 559 1246 I AudioFlinger: openOutput() this 0xf1b43fd0, module 10 Device AUDIO_DEVICE_OUT_HDMI, @:, SamplingRate 0, Format 00000000, Channels 0, flags 0x1
06-10 19:58:23.262 523 1422 D audio_hw_hal_primary: [adev_open_output_stream_new:7868] enter: dev=0xf0f82930 handle=1b5 devices=0x400/'HDMI,' flags=0x1/'DIRECT,' config=(rt=0 ch_mask=0x0 fmt=0x0) address=''
06-10 19:58:23.262 523 1422 D audio_hw_hal_primary: adev_open_output_stream_new: enter
06-10 19:58:23.262 523 1422 I audio_hw_hal_primary: [adev_open_output_stream:3285] io 437: out:0xf0ec3260 dev:OUT_HDMI(0x400) addr:
06-10 19:58:23.262 523 1422 I audio_hw_hal_primary: [adev_open_output_stream:3287] ch_mask:0 rate:0 format:DEFAULT(0) flags:0x1
06-10 19:58:23.262 523 1422 I audio_hw_hal_primary: [adev_open_output_stream:3610] result profile ch_mask:0x3 rate:48000 format:PCM_16_BIT(0x1) usecase:PCM_DIRECT
06-10 19:58:23.262 523 1422 I audio_hw_hal_utils: aml_get_stream_dump_file_name line 2929 file_name /data/vendor/audiohal/stream_pid523_tid1422.pcm
06-10 19:58:23.262 523 1422 I audio_hw_hal_primary: [adev_open_output_stream_new:8037] io 437: out: 0xf0ec3260 card:0 alsa devices:0 exit ------
06-10 19:58:23.263 523 1422 I audio_hw_hal_primary: [out_get_buffer_size:552] out:0xf0ec3260 config.rate=48000, format:PCM_16_BIT(0x1), stream format:PCM_16_BIT(0x1)
06-10 19:58:23.264 559 1246 I AudioFlinger: HAL output buffer size 2048 frames, normal sink buffer size 2048 frames
06-10 19:58:23.264 523 1422 I audio_hw_hal_primary: [audiohal_get_latency:1333] io 437: out:0xf0ec3260 frames:1152 rate:48000 whole_latency:24 alsa_latency:24
06-10 19:58:23.264 523 1422 I audio_hw_hal_primary: [out_set_event_callback:3158] io 437: out:0xf0ec3260, callback:0xf30cd91d cookie:0xf36c1630
06-10 19:58:23.265 523 1422 I audio_hw_hal_primary: [audiohal_get_latency:1333] io 437: out:0xf0ec3260 frames:1152 rate:48000 whole_latency:24 alsa_latency:24
06-10 19:58:23.265 559 4455 I AudioFlinger: AudioFlinger's thread 0xebee0490 tid=4455 ready to run
06-10 19:58:23.265 523 1422 I audio_hw_hal_primary: [audiohal_get_latency:1333] io 437: out:0xf0ec3260 frames:1152 rate:48000 whole_latency:24 alsa_latency:24
06-10 19:58:23.265 559 4455 D AudioFlinger: ro.audio.silent is ignored since no output device is set
06-10 19:58:23.266 523 4177 D audio_hw_hal_primary: [out_standby_new:5767] io 437: out:0xf0ec3260 usecase:PCM_DIRECT
06-10 19:58:23.266 523 4177 I audio_hw_hal_primary: already standby, do nothing
06-10 19:58:23.266 523 4177 I audio_hw_hal_profile: [out_get_parameters:2085] out:0xf0ec3260 query audio format. ++++++++++ hal_format:PCM_16_BIT
06-10 19:58:23.266 523 4177 D audio_hw_hal_profile: get_hdmi_sink_cap_new is running...
06-10 19:58:23.267 523 4177 D audio_hw_hal_profile: query hdmi format...
06-10 19:58:23.267 523 4177 D audio_hw_hal_profile: get_hdmi_sink_cap_new ddp is supported; ddp-joc(atmos) is unsupported;
06-10 19:58:23.267 523 4177 I audio_hw_hal_profile: get_hdmi_sink_cap_new dts-hd vendor special byte3:0x1
06-10 19:58:23.267 523 4177 I audio_hw_hal_profile: PCM cap Max channel =2
06-10 19:58:23.267 523 4177 I audio_hw_hal_profile: [out_get_parameters:2165] sup_formats=AUDIO_FORMAT_PCM_16_BIT|AUDIO_FORMAT_IEC61937|AUDIO_FORMAT_E_AC3|AUDIO_FORMAT_AC3|AUDIO_FORMAT_DTS
06-10 19:58:23.267 559 1246 D APM_AudioPolicyManager: modifySurroundFormats: forced use = 13
06-10 19:58:23.267 523 4177 I audio_hw_hal_profile: [out_get_parameters:2089] out:0xf0ec3260 query sample rate. Format:PCM_16_BIT(0x1) ++++++++++ hal_format:PCM_16_BIT
06-10 19:58:23.267 523 4177 D audio_hw_hal_profile: get_hdmi_sink_cap_new is running...
06-10 19:58:23.267 523 4177 D audio_hw_hal_profile: [get_hdmi_sink_cap_new:960] query hdmi sample_rate... format: PCM_16_BIT(0x1)
06-10 19:58:23.267 523 4177 I audio_hw_hal_profile: get_hdmi_sink_cap_new format =0x1 support rate =sup_sampling_rates=32000|44100|48000
06-10 19:58:23.267 523 4177 I audio_hw_hal_profile: [out_get_parameters:2165] sup_sampling_rates=32000|44100|48000
06-10 19:58:23.268 523 4177 I audio_hw_hal_profile: [out_get_parameters:2092] out:0xf0ec3260 query channels. Format:PCM_16_BIT(0x1) ++++++++++ hal_format:PCM_16_BIT
06-10 19:58:23.268 523 4177 D audio_hw_hal_profile: get_hdmi_sink_cap_new is running...
06-10 19:58:23.268 523 4177 D audio_hw_hal_profile: [get_hdmi_sink_cap_new:887] query hdmi channels... format: PCM_16_BIT(0x1)
06-10 19:58:23.268 523 4177 I audio_hw_hal_profile: [out_get_parameters:2165] sup_channels=AUDIO_CHANNEL_OUT_STEREO
06-10 19:58:23.269 523 4177 I audio_hw_hal_profile: [out_get_parameters:2089] out:0xf0ec3260 query sample rate. Format:IEC61937(0xd000000) ++++++++++ hal_format:PCM_16_BIT
06-10 19:58:23.269 523 4177 D audio_hw_hal_profile: get_hdmi_sink_cap_new is running...
06-10 19:58:23.269 523 4177 D audio_hw_hal_profile: [get_hdmi_sink_cap_new:960] query hdmi sample_rate... format: IEC61937(0xd000000)
06-10 19:58:23.269 523 4177 I audio_hw_hal_profile: [out_get_parameters:2165] sup_sampling_rates=8000|11025|16000|22050|24000|32000|44100|48000|128000|176400|192000
06-10 19:58:23.269 523 4177 I audio_hw_hal_profile: [out_get_parameters:2092] out:0xf0ec3260 query channels. Format:IEC61937(0xd000000) ++++++++++ hal_format:PCM_16_BIT
06-10 19:58:23.269 523 4177 D audio_hw_hal_profile: get_hdmi_sink_cap_new is running...
06-10 19:58:23.269 523 4177 D audio_hw_hal_profile: [get_hdmi_sink_cap_new:887] query hdmi channels... format: IEC61937(0xd000000)
06-10 19:58:23.269 523 4177 I audio_hw_hal_profile: [out_get_parameters:2165] sup_channels=AUDIO_CHANNEL_OUT_MONO|AUDIO_CHANNEL_OUT_STEREO|AUDIO_CHANNEL_OUT_TRI|AUDIO_CHANNEL_OUT_TRI_BACK|AUDIO_CHANNEL_OUT_3POINT1|AUDIO_CHANNEL_OUT_QUAD|AUDIO_CHANNEL_OUT_SURROUND|AUDIO_CHANNEL_OUT_PENTA|AUDIO_CHANNEL_OUT_5POINT1|AUDIO_CHANNEL_OUT_7POINT1
06-10 19:58:23.270 523 4177 D audio_hw_hal_primary: [out_dump:848] io 437: out:0xf0ec3260, fd:22
06-10 19:58:23.271 523 4177 D audio_hw_hal_primary: [out_set_parameters:971] out:0xf0ec3260 kvpairs:closing=true;exiting=1 out->out_device:0x400, adev->out_device:0x80082
06-10 19:58:23.271 523 4177 E audio_hw_hal_primary: out_set_parameters, ret:-2, hw_sync_mode:is false
06-10 19:58:23.272 536 536 D hdmicecd: [CEC]:printCecMessage, [4 -> 4] len: 0, body:, result:no ack
06-10 19:58:23.272 559 4455 D AudioFlinger: ro.audio.silent is ignored since no output device is set
06-10 19:58:23.272 523 4177 I audio_hw_hal_primary: [out_set_event_callback:3158] io 437: out:0xf0ec3260, callback:0xf30cd91d cookie:0xf36c1630
06-10 19:58:23.272 523 1422 I audio_hw_hal_primary: [adev_close_output_stream_new:8052] io handle 437: out:0xf0ec3260
06-10 19:58:23.273 523 1422 D audio_hw_hal_primary: adev_close_output_stream_new: enter usecase = PCM_DIRECT
06-10 19:58:23.273 523 1422 I audio_hw_hal_primary: [adev_close_output_stream:3695] io 437: out:0xf0ec3260 dev:OUT_HDMI(0x400) flags:0x1, usecase:PCM_DIRECT
06-10 19:58:23.273 523 1422 D audio_hw_hal_primary: [out_standby_new:5767] io 437: out:0xf0ec3260 usecase:PCM_DIRECT
06-10 19:58:23.273 523 1422 I audio_hw_hal_primary: already standby, do nothing
06-10 19:58:23.273 523 1422 I audio_hw_hal_resourcemgr: [is_output_device_muted:710] device:0x2 port_mute:0, fade_mute:0
06-10 19:58:23.273 523 1422 I audio_hw_hal_primary: [adev_close_output_stream:3863] io 437: out:0xf0ec3260 exit ------
06-10 19:58:23.273 559 1246 I AudioFlinger: openOutput() this 0xf1b43fd0, module 10 Device AUDIO_DEVICE_OUT_HDMI, @:, SamplingRate 8000, Format 0xd000000, Channels 0x1, flags 0x1
06-10 19:58:23.273 330 394 E MesonDisplay: open /sys/class/amhdmitx/amhdmitx0/hdcp_pwr fail. Error info [No such file or directory]
06-10 19:58:23.273 330 394 E MesonDisplay: open /sys/class/amhdmitx/amhdmitx0/hdcp_ctrl fail. Error info [No such file or directory]
06-10 19:58:23.273 330 394 E MesonDisplay: open /sys/class/amhdmitx/amhdmitx0/hdcp_ctrl fail. Error info [No such file or directory]
06-10 19:58:23.274 523 1422 D audio_hw_hal_primary: [adev_open_output_stream_new:7868] enter: dev=0xf0f82930 handle=1bd devices=0x400/'HDMI,' flags=0x401/'DIRECT,IEC958_NONAUDIO,' config=(rt=8000 ch_mask=0x1 fmt=0xd000000) address=''
06-10 19:58:23.274 523 1422 D audio_hw_hal_primary: adev_open_output_stream_new: enter
06-10 19:58:23.274 523 1422 I audio_hw_hal_primary: [adev_open_output_stream:3285] io 445: out:0xf0ec3260 dev:OUT_HDMI(0x400) addr:
06-10 19:58:23.274 523 1422 I audio_hw_hal_primary: [adev_open_output_stream:3287] ch_mask:0x1 rate:8000 format:IEC61937(0xd000000) flags:0x401
06-10 19:58:23.274 523 1422 D audio_hw_hal_primary: [adev_open_output_stream:3381] current format is IEC61937
06-10 19:58:23.274 523 1422 I audio_hw_hal_primary: [adev_open_output_stream:3610] result profile ch_mask:0x1 rate:8000 format:IEC61937(0xd000000) usecase:RAW_DIRECT
06-10 19:58:23.274 523 1422 I audio_hw_hal_utils: aml_get_stream_dump_file_name line 2929 file_name /data/vendor/audiohal/stream_pid523_tid1422.pcm
06-10 19:58:23.274 523 1422 I audio_hw_hal_primary: [adev_open_output_stream_new:8037] io 445: out: 0xf0ec3260 card:0 alsa devices:0 exit ------
06-10 19:58:23.276 330 394 I MesonDisplay: [/HDCPTxAuth.cpp, stop, 137] hdcp_tx pthread exit id = 3951280576, (null) done
06-10 19:58:23.276 330 394 D MesonDisplayServer: SetDisplay[HDMI] Mode to "2160p50hz"
06-10 19:58:23.277 523 1422 I audio_hw_hal_primary: [out_get_buffer_size:552] out:0xf0ec3260 config.rate=8000, format:IEC61937(0xd000000), stream format:IEC61937(0xd000000)
06-10 19:58:23.277 523 1422 I audio_hw_hal_primary: out_get_buffer_size AUDIO_FORMAT_IEC61937 buffer size = 4096 frames
06-10 19:58:23.277 559 1246 I AudioFlinger: HAL output buffer size 2048 frames, normal sink buffer size 2048 frames
06-10 19:58:23.277 523 4177 I audio_hw_hal_primary: [audiohal_get_latency:1333] io 445: out:0xf0ec3260 frames:1024 rate:8000 whole_latency:128 alsa_latency:128
06-10 19:58:23.278 523 4177 I audio_hw_hal_primary: [out_set_event_callback:3158] io 445: out:0xf0ec3260, callback:0xf30cd91d cookie:0xf36c1b10
06-10 19:58:23.279 523 1422 I audio_hw_hal_primary: [audiohal_get_latency:1333] io 445: out:0xf0ec3260 frames:1280 rate:8000 whole_latency:160 alsa_latency:160
06-10 19:58:23.279 559 4457 I AudioFlinger: AudioFlinger's thread 0xebee0490 tid=4457 ready to run
06-10 19:58:23.288 523 1422 I audio_hw_hal_primary: [audiohal_get_latency:1333] io 445: out:0xf0ec3260 frames:1024 rate:8000 whole_latency:128 alsa_latency:128
06-10 19:58:23.289 559 4457 D AudioFlinger: ro.audio.silent is ignored since no output device is set
06-10 19:58:23.290 523 4177 D audio_hw_hal_primary: [out_standby_new:5767] io 445: out:0xf0ec3260 usecase:RAW_DIRECT
06-10 19:58:23.290 523 4177 I audio_hw_hal_primary: already standby, do nothing
06-10 19:58:23.290 559 4457 D AudioFlinger: ro.audio.silent is ignored since no output device is set
06-10 19:58:23.298 559 1246 I AudioFlinger: openOutput() this 0xf1b43fd0, module 10 Device AUDIO_DEVICE_OUT_HDMI, @:, SamplingRate 32000, Format 0x9000000, Channels 0x1, flags 0x1
06-10 19:58:23.299 523 4177 D audio_hw_hal_primary: [adev_open_output_stream_new:7868] enter: dev=0xf0f82930 handle=1c5 devices=0x400/'HDMI,' flags=0x1/'DIRECT,' config=(rt=32000 ch_mask=0x1 fmt=0x9000000) address=''
06-10 19:58:23.299 523 4177 D audio_hw_hal_primary: adev_open_output_stream_new: enter
06-10 19:58:23.299 523 4177 I audio_hw_hal_primary: [adev_open_output_stream:3285] io 453: out:0xf0ec2400 dev:OUT_HDMI(0x400) addr:
06-10 19:58:23.299 523 4177 I audio_hw_hal_primary: [adev_open_output_stream:3287] ch_mask:0x1 rate:32000 format:AC3(0x9000000) flags:0x1
06-10 19:58:23.299 523 4177 I audio_hw_hal_primary: adev_open_output_stream: for raw audio output,force alsa stereo output
06-10 19:58:23.299 523 4177 I audio_hw_hal_primary: [adev_open_output_stream:3610] result profile ch_mask:0x1 rate:32000 format:AC3(0x9000000) usecase:RAW_DIRECT
06-10 19:58:23.299 523 4177 I audio_hw_hal_utils: aml_get_stream_dump_file_name line 2929 file_name /data/vendor/audiohal/stream_pid523_tid4177.dd
06-10 19:58:23.299 523 4177 I audio_hw_hal_primary: [adev_open_output_stream_new:8037] io 453: out: 0xf0ec2400 card:0 alsa devices:0 exit ------
06-10 19:58:23.300 523 1422 I audio_hw_hal_primary: [out_get_buffer_size:552] out:0xf0ec2400 config.rate=32000, format:AC3(0x9000000), stream format:AC3(0x9000000)
06-10 19:58:23.301 559 1246 I AudioFlinger: HAL output buffer size 2048 frames, normal sink buffer size 2048 frames
06-10 19:58:23.301 523 1422 I audio_hw_hal_primary: [audiohal_get_latency:1333] io 453: out:0xf0ec2400 frames:1280 rate:32000 whole_latency:40 alsa_latency:40
06-10 19:58:23.301 523 1422 I audio_hw_hal_primary: [out_set_event_callback:3158] io 453: out:0xf0ec2400, callback:0xf30cd91d cookie:0xf36c1450
06-10 19:58:23.301 523 1422 I audio_hw_hal_primary: [audiohal_get_latency:1333] io 453: out:0xf0ec2400 frames:1152 rate:32000 whole_latency:36 alsa_latency:36
06-10 19:58:23.301 559 4458 I AudioFlinger: AudioFlinger's thread 0xebed42e0 tid=4458 ready to run
06-10 19:58:23.302 523 1422 I audio_hw_hal_primary: [audiohal_get_latency:1333] io 453: out:0xf0ec2400 frames:1152 rate:32000 whole_latency:36 alsa_latency:36
06-10 19:58:23.303 559 4458 D AudioFlinger: ro.audio.silent is ignored since no output device is set
06-10 19:58:23.303 523 4177 D audio_hw_hal_primary: [out_standby_new:5767] io 453: out:0xf0ec2400 usecase:RAW_DIRECT
06-10 19:58:23.303 523 4177 I audio_hw_hal_primary: already standby, do nothing
06-10 19:58:23.305 559 4458 D AudioFlinger: ro.audio.silent is ignored since no output device is set
06-10 19:58:23.314 559 1246 I AudioFlinger: openOutput() this 0xf1b43fd0, module 10 Device AUDIO_DEVICE_OUT_HDMI, @:, SamplingRate 44100, Format 0xe000000, Channels 0x1, flags 0x11
06-10 19:58:23.314 523 4177 D audio_hw_hal_primary: [adev_open_output_stream_new:7868] enter: dev=0xf0f82930 handle=1cd devices=0x400/'HDMI,' flags=0x11/'DIRECT,COMPRESS_OFFLOAD,' config=(rt=44100 ch_mask=0x1 fmt=0xe000000) address=''
06-10 19:58:23.314 523 4177 D audio_hw_hal_primary: adev_open_output_stream_new: enter
06-10 19:58:23.314 523 4177 I audio_hw_hal_primary: [adev_open_output_stream:3285] io 461: out:0xf0ec47f0 dev:OUT_HDMI(0x400) addr:
06-10 19:58:23.314 523 4177 I audio_hw_hal_primary: [adev_open_output_stream:3287] ch_mask:0x1 rate:44100 format:DOLBY_TRUEHD(0xe000000) flags:0x11
06-10 19:58:23.314 523 4177 I audio_hw_hal_primary: adev_open_output_stream: for raw audio output,force alsa stereo output
06-10 19:58:23.314 523 4177 I audio_hw_hal_primary: [adev_open_output_stream:3610] result profile ch_mask:0x1 rate:44100 format:DOLBY_TRUEHD(0xe000000) usecase:RAW_DIRECT
06-10 19:58:23.314 523 4177 I audio_hw_hal_utils: aml_get_stream_dump_file_name line 2929 file_name /data/vendor/audiohal/stream_pid523_tid4177.mlp
06-10 19:58:23.314 523 4177 I audio_hw_hal_primary: [adev_open_output_stream_new:8037] io 461: out: 0xf0ec47f0 card:0 alsa devices:0 exit ------
06-10 19:58:23.316 523 1422 I audio_hw_hal_primary: [out_get_buffer_size:552] out:0xf0ec47f0 config.rate=44100, format:DOLBY_TRUEHD(0xe000000), stream format:DOLBY_TRUEHD(0xe000000)
06-10 19:58:23.316 559 1246 I AudioFlinger: HAL output buffer size 16384 frames, normal sink buffer size 16384 frames
06-10 19:58:23.317 523 4177 I audio_hw_hal_primary: [audiohal_get_latency:1333] io 461: out:0xf0ec47f0 frames:1280 rate:44100 whole_latency:29 alsa_latency:29
06-10 19:58:23.317 523 4177 I audio_hw_hal_primary: [out_set_event_callback:3158] io 461: out:0xf0ec47f0, callback:0xf30cd91d cookie:0xf36c2470
06-10 19:58:23.317 523 4177 I audio_hw_hal_primary: [audiohal_get_latency:1333] io 461: out:0xf0ec47f0 frames:1152 rate:44100 whole_latency:26 alsa_latency:26
06-10 19:58:23.317 559 4459 I AudioFlinger: AudioFlinger's thread 0xebee4520 tid=4459 ready to run
06-10 19:58:23.318 523 583 I audio_hw_hal_primary: [audiohal_get_latency:1333] io 461: out:0xf0ec47f0 frames:1152 rate:44100 whole_latency:26 alsa_latency:26
06-10 19:58:23.318 559 4459 D AudioFlinger: ro.audio.silent is ignored since no output device is set
06-10 19:58:23.320 559 4459 D AudioFlinger: ro.audio.silent is ignored since no output device is set
06-10 19:58:23.327 559 1246 I AudioFlinger: openOutput() this 0xf1b43fd0, module 10 Device AUDIO_DEVICE_OUT_HDMI, @:, SamplingRate 0, Format 00000000, Channels 0, flags 0x4001
06-10 19:58:23.328 523 583 D audio_hw_hal_primary: [adev_open_output_stream_new:7868] enter: dev=0xf0f82930 handle=1d5 devices=0x400/'HDMI,' flags=0x4001/'DIRECT,MMAP_NOIRQ,' config=(rt=0 ch_mask=0x0 fmt=0x0) address=''
06-10 19:58:23.328 523 583 D audio_hw_hal_primary: adev_open_output_stream_new: enter
06-10 19:58:23.328 523 583 I audio_hw_hal_primary: [adev_open_output_stream:3285] io 469: out:0xf0ec3990 dev:OUT_HDMI(0x400) addr:
06-10 19:58:23.328 523 583 I audio_hw_hal_primary: [adev_open_output_stream:3287] ch_mask:0 rate:0 format:DEFAULT(0) flags:0x4001
06-10 19:58:23.328 523 583 I audio_hw_hal_primary: when open aaudio stream, send RUNNING msg to submix & ms12
06-10 19:58:23.328 523 583 W audio_hw_hal_ms12common: aml_set_ms12_scheduler_state sch_state:0 SCHEDULER_RUNNING, ms12 scheduler state not changed.
06-10 19:58:23.328 523 583 I audio_hw_hal_mmap: [outMmapInit:680] stream:0xf0ec3990
06-10 19:58:23.328 523 583 I audio_hw_hal_mmap: [dma_buffer_allocate:639] enter
06-10 19:58:23.328 523 583 I DMABUFHEAPS: Using DMA-BUF heap named: system-uncached
06-10 19:58:23.328 523 583 I audio_hw_hal_mmap: [dma_buffer_allocate:673] s32DmaFd:24, pu8MmapAddr:0xf4773000
06-10 19:58:23.328 523 583 I audio_hw_hal_mmap: [mmap_audio_register_client:927] OK ! stream 0xf0ec3990, client id 0
06-10 19:58:23.328 523 583 I audio_hw_hal_primary: [adev_open_output_stream:3540] vendor.media.llp 0
06-10 19:58:23.328 523 583 I audio_hw_hal_primary: [adev_open_output_stream:3610] result profile ch_mask:0x3 rate:48000 format:PCM_16_BIT(0x1) usecase:PCM_MMAP
06-10 19:58:23.328 523 583 I audio_hw_hal_utils: aml_get_stream_dump_file_name line 2929 file_name /data/vendor/audiohal/stream_pid523_tid583.pcm
06-10 19:58:23.328 523 583 I audio_hw_hal_primary: [adev_open_output_stream_new:8037] io 469: out: 0xf0ec3990 card:0 alsa devices:0 exit ------
06-10 19:58:23.329 536 536 D hdmicecd: [CEC]:printCecMessage, [4 -> 4] len: 0, body:, result:no ack
06-10 19:58:23.330 523 4177 I audio_hw_hal_primary: [out_get_buffer_size:552] out:0xf0ec3990 config.rate=48000, format:PCM_16_BIT(0x1), stream format:PCM_16_BIT(0x1)
06-10 19:58:23.330 559 4460 I AudioFlinger: AudioFlinger's thread 0xebd024a0 tid=4460 ready to run
06-10 19:58:23.330 523 4177 I audio_hw_hal_profile: [out_get_parameters:2092] out:0xf0ec3990 query channels. Format:PCM_16_BIT(0x1) ++++++++++ hal_format:PCM_16_BIT
06-10 19:58:23.330 523 4177 D audio_hw_hal_profile: get_hdmi_sink_cap_new is running...
06-10 19:58:23.331 523 4177 D audio_hw_hal_profile: [get_hdmi_sink_cap_new:887] query hdmi channels... format: PCM_16_BIT(0x1)
06-10 19:58:23.331 523 4177 I audio_hw_hal_profile: [out_get_parameters:2165] sup_channels=AUDIO_CHANNEL_OUT_STEREO
06-10 19:58:23.332 559 1246 D AudioFlinger: closing mmapThread 0xebd024a0
06-10 19:58:23.332 559 1246 D AudioFlinger: mmapThread exit()
06-10 19:58:23.332 523 4177 I audio_hw_hal_primary: [adev_close_output_stream_new:8052] io handle 469: out:0xf0ec3990
06-10 19:58:23.332 523 4177 D audio_hw_hal_primary: adev_close_output_stream_new: enter usecase = PCM_MMAP
06-10 19:58:23.332 523 4177 I audio_hw_hal_primary: [adev_close_output_stream:3695] io 469: out:0xf0ec3990 dev:OUT_HDMI(0x400) flags:0x4001, usecase:PCM_MMAP
06-10 19:58:23.332 523 4177 D audio_hw_hal_primary: [out_standby_new:5767] io 469: out:0xf0ec3990 usecase:PCM_MMAP
06-10 19:58:23.332 523 4177 I audio_hw_hal_primary: already standby, do nothing
06-10 19:58:23.332 523 4177 I audio_hw_hal_mmap: [outMmapDeInit:743] stream:0xf0ec3990
06-10 19:58:23.332 523 4177 I audio_hw_hal_mmap: [mmap_audio_unregister_client:955] OK ! stream 0xf0ec3990, client id 0
06-10 19:58:23.333 523 4177 I audio_hw_hal_primary: when close aaudio stream, send STANDBY msg to submix & ms12
06-10 19:58:23.333 523 4177 I audio_hw_hal_ms12common: aml_set_ms12_scheduler_state ms12_scheduler_state:1, sch_state:1 SCHEDULER_STANDBY is sent to ms12
06-10 19:58:23.333 523 4177 I audio_hw_hal_resourcemgr: [is_output_device_muted:710] device:0x2 port_mute:0, fade_mute:0
06-10 19:58:23.333 523 4177 I audio_hw_hal_primary: [adev_close_output_stream:3863] io 469: out:0xf0ec3990 exit ------
06-10 19:58:23.333 559 1246 I AudioFlinger: openOutput() this 0xf1b43fd0, module 10 Device AUDIO_DEVICE_OUT_HDMI, @:, SamplingRate 48000, Format 0x000001, Channels 0x3, flags 0x4001
06-10 19:58:23.333 523 1422 D audio_hw_hal_primary: [adev_open_output_stream_new:7868] enter: dev=0xf0f82930 handle=1dd devices=0x400/'HDMI,' flags=0x4001/'DIRECT,MMAP_NOIRQ,' config=(rt=48000 ch_mask=0x3 fmt=0x1) address=''
06-10 19:58:23.333 523 1422 D audio_hw_hal_primary: adev_open_output_stream_new: enter
06-10 19:58:23.333 523 1422 I audio_hw_hal_primary: [adev_open_output_stream:3285] io 477: out:0xf0ec15a0 dev:OUT_HDMI(0x400) addr:
06-10 19:58:23.333 523 1422 I audio_hw_hal_primary: [adev_open_output_stream:3287] ch_mask:0x3 rate:48000 format:PCM_16_BIT(0x1) flags:0x4001
06-10 19:58:23.333 523 1422 I audio_hw_hal_primary: when open aaudio stream, send RUNNING msg to submix & ms12
06-10 19:58:23.333 523 1422 D audio_hw_hal_ms12v2: set_dolby_ms12_continuous_state audio_continuous_standby_set status 0
06-10 19:58:23.334 523 1422 D audio_hw_hal_continuous_standby: audio_continuous_standby_set, type 0, params 0
06-10 19:58:23.334 523 1422 I audio_hw_hal_ms12common: aml_set_ms12_scheduler_state ms12_scheduler_state:0, sch_state:0 SCHEDULER_RUNNING is sent to ms12
06-10 19:58:23.334 523 1422 I audio_hw_hal_mmap: [outMmapInit:680] stream:0xf0ec15a0
06-10 19:58:23.334 523 1422 I audio_hw_hal_mmap: [dma_buffer_allocate:639] enter
06-10 19:58:23.334 523 1422 I DMABUFHEAPS: Using DMA-BUF heap named: system-uncached
06-10 19:58:23.334 523 1422 I audio_hw_hal_mmap: [dma_buffer_allocate:673] s32DmaFd:24, pu8MmapAddr:0xf4773000
06-10 19:58:23.334 523 1422 I audio_hw_hal_mmap: [mmap_audio_register_client:927] OK ! stream 0xf0ec15a0, client id 0
06-10 19:58:23.334 523 1422 I audio_hw_hal_primary: [adev_open_output_stream:3540] vendor.media.llp 0
06-10 19:58:23.334 523 1422 I audio_hw_hal_primary: [adev_open_output_stream:3610] result profile ch_mask:0x3 rate:48000 format:PCM_16_BIT(0x1) usecase:PCM_MMAP
06-10 19:58:23.334 523 1422 I audio_hw_hal_utils: aml_get_stream_dump_file_name line 2929 file_name /data/vendor/audiohal/stream_pid523_tid1422.pcm
06-10 19:58:23.334 523 1422 I audio_hw_hal_primary: [adev_open_output_stream_new:8037] io 477: out: 0xf0ec15a0 card:0 alsa devices:0 exit ------
06-10 19:58:23.335 523 1422 I audio_hw_hal_primary: [out_get_buffer_size:552] out:0xf0ec15a0 config.rate=48000, format:PCM_16_BIT(0x1), stream format:PCM_16_BIT(0x1)
06-10 19:58:23.339 559 4462 I AudioFlinger: AudioFlinger's thread 0xebd024a0 tid=4462 ready to run
06-10 19:58:23.340 352 360 I SystemControl: [/UEventObserver.cpp, HDMITxUenventThreadLoop, 451] HDMI TX switch_name:hdmitx_vmode_audio, switch_state: 1
06-10 19:58:23.340 352 360 I SystemControl: [/UEventObserver.cpp, HDMITxUenventThreadLoop, 451] HDMI TX switch_name:hdmitx_current_status, switch_state: 29
06-10 19:58:23.343 523 701 I audio_hw_hal_primary: [adev_uevent_callback:9131] uevent type=0
06-10 19:58:23.344 523 1422 I audio_hw_hal_primary: [out_set_volume:1406] out:0xf0ec15a0 left:1.000000 continuous:1 internal_format:PCM_16_BIT dolby:0 direct pcm:1 mmap_pcm:1
06-10 19:58:23.347 523 698 I audio_hw_hal_alsamgr: raw to lpcm switch aml_alsa_output_write
06-10 19:58:23.356 352 360 I SystemControl: [/UEventObserver.cpp, HDMITxUenventThreadLoop, 451] HDMI TX switch_name:hdmitx_current_status, switch_state: 30
06-10 19:58:23.357 330 394 V MesonDisplayServer: GetDisplayMode:2160p50hz
06-10 19:58:23.359 352 972 I SystemControl: [/Ubootenv.cpp, get, 336] [ubootenv] get key:2160p_x envValue: 0
06-10 19:58:23.359 352 972 I SystemControl: [/Ubootenv.cpp, get, 336] [ubootenv] get key:2160p_y envValue: 0
06-10 19:58:23.360 352 972 I SystemControl: [/Ubootenv.cpp, get, 336] [ubootenv] get key:2160p_w envValue: 3840
06-10 19:58:23.360 352 972 I SystemControl: [/Ubootenv.cpp, get, 336] [ubootenv] get key:2160p_h envValue: 2160
06-10 19:58:23.360 352 972 I SystemControl: [/Ubootenv.cpp, updateValue, 68] [ubootenv] update value name [ubootenv.var.2160p_x]: value [0]
06-10 19:58:23.360 352 972 I SystemControl: [/Ubootenv.cpp, get, 336] [ubootenv] get key:2160p_x envValue: 0
06-10 19:58:23.360 352 972 I SystemControl: [/Ubootenv.cpp, updateValue, 68] [ubootenv] update value name [ubootenv.var.2160p_y]: value [0]
06-10 19:58:23.360 352 972 I SystemControl: [/Ubootenv.cpp, get, 336] [ubootenv] get key:2160p_y envValue: 0
06-10 19:58:23.360 352 972 I SystemControl: [/Ubootenv.cpp, updateValue, 68] [ubootenv] update value name [ubootenv.var.2160p_w]: value [3840]
06-10 19:58:23.360 352 972 I SystemControl: [/Ubootenv.cpp, get, 336] [ubootenv] get key:2160p_w envValue: 3840
06-10 19:58:23.360 352 972 I SystemControl: [/Ubootenv.cpp, updateValue, 68] [ubootenv] update value name [ubootenv.var.2160p_h]: value [2160]
06-10 19:58:23.360 352 972 I SystemControl: [/Ubootenv.cpp, get, 336] [ubootenv] get key:2160p_h envValue: 2160
06-10 19:58:23.360 330 394 V MesonDisplayServer: SetDisplay[HDMI] DisplayRect to "(0,0,3840,2160)"
06-10 19:58:23.361 330 394 V MesonDisplayServer: SetDisplayViewPort done
06-10 19:58:23.363 352 360 I SystemControl: [/UEventObserver.cpp, HDMITxUenventThreadLoop, 451] HDMI TX switch_name:hdmitx_current_status, switch_state: 31
06-10 19:58:23.365 523 698 I audio_hw_hal_ms12v2: dolby_ms12_threadloop alsa is not running
06-10 19:58:23.365 523 698 I audio_hw_hal_ms12v2: dolby_ms12_threadloop alsa is not running
06-10 19:58:23.365 523 698 I audio_hw_hal_ms12v2: dolby_ms12_threadloop alsa is not running
06-10 19:58:23.366 523 698 I audio_hw_hal_ms12v2: dolby_ms12_threadloop alsa is not running
06-10 19:58:23.366 523 698 I audio_hw_hal_alsamgr: aml_alsa_output_write alsa_running_status[0xf0ec64b0] change from 0 to 1
06-10 19:58:23.367 523 1422 D xm_audio: adev_get_parameters
06-10 19:58:23.372 523 1422 D audio_hw_hal_primary: [out_dump:848] io 405: out:0xf0ec40c0, fd:26
06-10 19:58:23.373 523 583 D audio_hw_hal_primary: [out_set_parameters:971] out:0xf0ec40c0 kvpairs:closing=true;exiting=1 out->out_device:0x400, adev->out_device:0x80082
06-10 19:58:23.373 523 583 E audio_hw_hal_primary: out_set_parameters, ret:-2, hw_sync_mode:is false
06-10 19:58:23.374 523 583 I audio_hw_hal_primary: [out_set_event_callback:3158] io 405: out:0xf0ec40c0, callback:0xf30cd91d cookie:0xf36c2290
06-10 19:58:23.374 523 1422 I audio_hw_hal_primary: [adev_close_output_stream_new:8052] io handle 405: out:0xf0ec40c0
06-10 19:58:23.374 523 1422 D audio_hw_hal_primary: adev_close_output_stream_new: enter usecase = RAW_HWSYNC
06-10 19:58:23.374 523 1422 I audio_hw_hal_primary: [adev_close_output_stream:3695] io 405: out:0xf0ec40c0 dev:OUT_HDMI(0x400) flags:0x51, usecase:RAW_HWSYNC
06-10 19:58:23.374 523 1422 D audio_hw_hal_primary: [out_standby_new:5767] io 405: out:0xf0ec40c0 usecase:RAW_HWSYNC
06-10 19:58:23.374 523 1422 I audio_hw_hal_primary: already standby, do nothing
06-10 19:58:23.374 523 1422 I audio_hw_hal_resourcemgr: [is_output_device_muted:710] device:0x2 port_mute:0, fade_mute:0
06-10 19:58:23.374 523 1422 I audio_hw_hal_primary: [adev_close_output_stream:3863] io 405: out:0xf0ec40c0 exit ------
06-10 19:58:23.375 523 583 D audio_hw_hal_primary: [out_dump:848] io 421: out:0xf0ec1cd0, fd:26
06-10 19:58:23.376 523 583 D audio_hw_hal_primary: [out_set_parameters:971] out:0xf0ec1cd0 kvpairs:closing=true;exiting=1 out->out_device:0x400, adev->out_device:0x80082
06-10 19:58:23.376 523 583 E audio_hw_hal_primary: out_set_parameters, ret:-2, hw_sync_mode:is false
06-10 19:58:23.377 559 4450 D AudioFlinger: ro.audio.silent is ignored since no output device is set
06-10 19:58:23.378 523 583 I audio_hw_hal_primary: [out_set_event_callback:3158] io 421: out:0xf0ec1cd0, callback:0xf30cd91d cookie:0xf36c0550
06-10 19:58:23.378 523 583 I audio_hw_hal_primary: [adev_close_output_stream_new:8052] io handle 421: out:0xf0ec1cd0
06-10 19:58:23.378 523 583 D audio_hw_hal_primary: adev_close_output_stream_new: enter usecase = RAW_DIRECT
06-10 19:58:23.378 523 583 I audio_hw_hal_primary: [adev_close_output_stream:3695] io 421: out:0xf0ec1cd0 dev:OUT_HDMI(0x400) flags:0x441, usecase:RAW_DIRECT
06-10 19:58:23.378 523 583 D audio_hw_hal_primary: [out_standby_new:5767] io 421: out:0xf0ec1cd0 usecase:RAW_DIRECT
06-10 19:58:23.378 523 583 I audio_hw_hal_primary: already standby, do nothing
06-10 19:58:23.378 523 583 I audio_hw_hal_resourcemgr: [is_output_device_muted:710] device:0x2 port_mute:0, fade_mute:0
06-10 19:58:23.378 523 583 I audio_hw_hal_primary: [adev_close_output_stream:3863] io 421: out:0xf0ec1cd0 exit ------
06-10 19:58:23.379 523 583 D audio_hw_hal_primary: [out_dump:848] io 429: out:0xf0ec8170, fd:26
06-10 19:58:23.381 523 583 D audio_hw_hal_primary: [out_set_parameters:971] out:0xf0ec8170 kvpairs:closing=true;exiting=1 out->out_device:0x400, adev->out_device:0x80082
06-10 19:58:23.381 523 583 E audio_hw_hal_primary: out_set_parameters, ret:-2, hw_sync_mode:is false
06-10 19:58:23.381 559 4454 D AudioFlinger: ro.audio.silent is ignored since no output device is set
06-10 19:58:23.381 330 394 E MesonHwc: open file [/sys/class/amhdmitx/amhdmitx0/aud_mute] error:Permission denied
06-10 19:58:23.382 330 394 E MesonHwc: open file [/sys/class/amhdmitx/amhdmitx0/aud_mute] error:Permission denied
06-10 19:58:23.382 330 394 E MesonHwc: dolby vision driver is not ready
06-10 19:58:23.382 523 583 I audio_hw_hal_primary: [out_set_event_callback:3158] io 429: out:0xf0ec8170, callback:0xf30cd91d cookie:0xf36c16f0
06-10 19:58:23.382 523 583 I audio_hw_hal_primary: [adev_close_output_stream_new:8052] io handle 429: out:0xf0ec8170
06-10 19:58:23.382 523 583 D audio_hw_hal_primary: adev_close_output_stream_new: enter usecase = PCM_HWSYNC
06-10 19:58:23.382 330 4466 I MesonDisplay: [/HDCPTxAuth.cpp, authThread, 173] hdcp_tx thread loop entry
06-10 19:58:23.382 330 394 I MesonDisplay: [/HDCPTxAuth.cpp, start, 109] hdcp_tx, create hdcp thread id = 3951280576 done
06-10 19:58:23.382 523 583 D audio_hw_hal_timer: func:audio_timer_delete delete timer.1 success.
06-10 19:58:23.382 523 583 D audio_hw_hal_timer: func:audio_timer_delete delete timer.2 success.
06-10 19:58:23.382 523 583 D audio_hw_hal_primary: [adev_close_output_stream_new:8076] timer_id:1 ret:2
06-10 19:58:23.382 523 583 I audio_hw_hal_primary: [adev_close_output_stream:3695] io 429: out:0xf0ec8170 dev:OUT_HDMI(0x400) flags:0x41, usecase:PCM_HWSYNC
06-10 19:58:23.382 523 583 D audio_hw_hal_primary: [out_standby_new:5767] io 429: out:0xf0ec8170 usecase:PCM_HWSYNC
06-10 19:58:23.382 330 4466 D MesonDisplay: read /sys/class/amhdmitx/amhdmitx0/hdcp_lstore, result length:0, val:
06-10 19:58:23.382 523 583 I audio_hw_hal_primary: already standby, do nothing
06-10 19:58:23.382 523 583 I audio_hw_hal_resourcemgr: [is_output_device_muted:710] device:0x2 port_mute:0, fade_mute:0
06-10 19:58:23.382 523 583 I audio_hw_hal_primary: [adev_close_output_stream:3863] io 429: out:0xf0ec8170 exit ------
06-10 19:58:23.382 352 972 I SystemControl: [/Ubootenv.cpp, get, 345] [ubootenv] search end and not find env:digitaudiooutput
06-10 19:58:23.383 330 394 V MesonDisplayServer: GetDisplayMode:2160p50hz
06-10 19:58:23.383 352 972 I SystemControl: [/Ubootenv.cpp, get, 336] [ubootenv] get key:hdmichecksum envValue: 0x88640000
06-10 19:58:23.383 330 394 D MesonDisplayServer: use connector getDisplayAttribute "HDMI Color ATTR": "420,10bit"
06-10 19:58:23.384 523 1422 D audio_hw_hal_primary: [out_dump:848] io 445: out:0xf0ec3260, fd:26
06-10 19:58:23.384 352 972 I SystemControl: [/Ubootenv.cpp, updateValue, 68] [ubootenv] update value name [ubootenv.var.2160p50hz_deepcolor]: value [420,10bit]
06-10 19:58:23.384 352 972 I SystemControl: [/Ubootenv.cpp, get, 336] [ubootenv] get key:2160p50hz_deepcolor envValue: 420,10bit
06-10 19:58:23.384 352 972 I SystemControl: [/Ubootenv.cpp, updateValue, 68] [ubootenv] update value name [ubootenv.var.colorattribute]: value [420,10bit]
06-10 19:58:23.384 352 972 I SystemControl: [/Ubootenv.cpp, get, 336] [ubootenv] get key:colorattribute envValue: 420,10bit
06-10 19:58:23.384 352 972 I SystemControl: [/Ubootenv.cpp, updateValue, 68] [ubootenv] update value name [ubootenv.var.hdmi_colordepth]: value [8]
06-10 19:58:23.384 352 972 I SystemControl: [/Ubootenv.cpp, get, 336] [ubootenv] get key:hdmi_colordepth envValue: 8
06-10 19:58:23.385 352 972 I SystemControl: [/Ubootenv.cpp, updateValue, 68] [ubootenv] update value name [ubootenv.var.hdmi_colorspace]: value [auto]
06-10 19:58:23.385 352 972 I SystemControl: [/Ubootenv.cpp, get, 336] [ubootenv] get key:hdmi_colorspace envValue: auto
06-10 19:58:23.385 352 972 I SystemControl: [/Ubootenv.cpp, updateValue, 68] [ubootenv] update value name [ubootenv.var.outputmode]: value [2160p50hz]
06-10 19:58:23.385 352 972 I SystemControl: [/Ubootenv.cpp, get, 336] [ubootenv] get key:outputmode envValue: 2160p50hz
06-10 19:58:23.385 523 1422 D audio_hw_hal_primary: [out_set_parameters:971] out:0xf0ec3260 kvpairs:closing=true;exiting=1 out->out_device:0x400, adev->out_device:0x80082
06-10 19:58:23.385 523 1422 E audio_hw_hal_primary: out_set_parameters, ret:-2, hw_sync_mode:is false
06-10 19:58:23.385 523 1422 I audio_hw_hal_primary: [out_set_event_callback:3158] io 445: out:0xf0ec3260, callback:0xf30cd91d cookie:0xf36c1b10
06-10 19:58:23.386 330 394 E MesonHwc: dolby vision driver is not ready
06-10 19:58:23.386 523 1422 I audio_hw_hal_primary: [adev_close_output_stream_new:8052] io handle 445: out:0xf0ec3260
06-10 19:58:23.386 523 1422 D audio_hw_hal_primary: adev_close_output_stream_new: enter usecase = RAW_DIRECT
06-10 19:58:23.386 523 1422 I audio_hw_hal_primary: [adev_close_output_stream:3695] io 445: out:0xf0ec3260 dev:OUT_HDMI(0x400) flags:0x401, usecase:RAW_DIRECT
06-10 19:58:23.386 523 1422 D audio_hw_hal_primary: [out_standby_new:5767] io 445: out:0xf0ec3260 usecase:RAW_DIRECT
06-10 19:58:23.386 523 1422 I audio_hw_hal_primary: already standby, do nothing
06-10 19:58:23.386 523 1422 I audio_hw_hal_resourcemgr: [is_output_device_muted:710] device:0x2 port_mute:0, fade_mute:0
06-10 19:58:23.386 523 1422 I audio_hw_hal_primary: [adev_close_output_stream:3863] io 445: out:0xf0ec3260 exit ------
06-10 19:58:23.387 330 394 E MesonHwc: dolby vision driver is not ready
06-10 19:58:23.387 523 1422 D audio_hw_hal_primary: [out_dump:848] io 453: out:0xf0ec2400, fd:26
06-10 19:58:23.388 330 394 E MesonHwc: dolby vision driver is not ready
06-10 19:58:23.388 330 394 D MesonHwc: ERR: PLEASE FIX NON-IMPLEMENT FUN(update).
06-10 19:58:23.388 330 394 D MesonComposer3: halEventcallback onHotplug client3.0
06-10 19:58:23.389 330 422 E MesonHwc: getPort 11
06-10 19:58:23.389 330 422 E MesonHwc: getPort 11
06-10 19:58:23.389 536 536 D hdmicecd: [CEC]:printCecMessage, [4 -> 4] len: 0, body:, result:no ack
06-10 19:58:23.389 523 1422 D audio_hw_hal_primary: [out_set_parameters:971] out:0xf0ec2400 kvpairs:closing=true;exiting=1 out->out_device:0x400, adev->out_device:0x80082
06-10 19:58:23.389 523 1422 E audio_hw_hal_primary: out_set_parameters, ret:-2, hw_sync_mode:is false
06-10 19:58:23.389 740 953 D HDMI : New logical address for device [4]: [preferred:4, assigned:4]
06-10 19:58:23.390 352 972 I SystemControl: notify plugin
06-10 19:58:23.390 352 972 I SystemControl: [/SystemControlHal.cpp, onEvent, 72] onEvent event:3, client size:5
06-10 19:58:23.390 536 536 D hdmicecd: [HdmiCecControl]:getPhysicalAddress, physical addr: 2000, last pa: 2000, ret = 0
06-10 19:58:23.390 536 1207 D hdmicecd: [HdmiCecControl]:getPhysicalAddress, physical addr: 2000, last pa: 2000, ret = 0
06-10 19:58:23.390 536 563 D hdmicecd: [HdmiCecControl]:getPhysicalAddress, physical addr: 2000, last pa: 2000, ret = 0
06-10 19:58:23.390 559 4458 D AudioFlinger: ro.audio.silent is ignored since no output device is set
06-10 19:58:23.391 523 1422 I audio_hw_hal_primary: [out_set_event_callback:3158] io 453: out:0xf0ec2400, callback:0xf30cd91d cookie:0xf36c1450
06-10 19:58:23.391 523 1422 I audio_hw_hal_primary: [adev_close_output_stream_new:8052] io handle 453: out:0xf0ec2400
06-10 19:58:23.391 523 1422 D audio_hw_hal_primary: adev_close_output_stream_new: enter usecase = RAW_DIRECT
06-10 19:58:23.391 523 1422 I audio_hw_hal_primary: [adev_close_output_stream:3695] io 453: out:0xf0ec2400 dev:OUT_HDMI(0x400) flags:0x1, usecase:RAW_DIRECT
06-10 19:58:23.391 523 1422 D audio_hw_hal_primary: [out_standby_new:5767] io 453: out:0xf0ec2400 usecase:RAW_DIRECT
06-10 19:58:23.391 523 1422 I audio_hw_hal_primary: already standby, do nothing
06-10 19:58:23.391 523 1422 I audio_hw_hal_resourcemgr: [is_output_device_muted:710] device:0x2 port_mute:0, fade_mute:0
06-10 19:58:23.391 523 1422 I audio_hw_hal_primary: [adev_close_output_stream:3863] io 453: out:0xf0ec2400 exit ------
06-10 19:58:23.393 536 563 D hdmicecd: [HdmiCecControl]:getVendorId, vendorId: 0x1CA410
06-10 19:58:23.393 529 635 I SystemControlClient: notifyCallback event type:3
06-10 19:58:23.393 529 635 I SystemControlClient: notifyCallback: listener is NULL.
06-10 19:58:23.393 998 1141 I SystemControlEvent: system control callback event: 3
06-10 19:58:23.393 536 1207 D hdmicecd: [HdmiCecControl]:getPhysicalAddress, physical addr: 2000, last pa: 2000, ret = 0
06-10 19:58:23.393 530 544 I SystemControlClient: notifyCallback event type:3
06-10 19:58:23.393 530 544 I SystemControlClient: notifyCallback: listener is NULL.
06-10 19:58:23.393 531 546 I SystemControlClient: notifyCallback event type:3
06-10 19:58:23.393 531 546 I SystemControlClient: notifyCallback: listener is NULL.
06-10 19:58:23.393 282 868 I SystemControlClient: notifyCallback event type:3
06-10 19:58:23.393 740 740 D HDMI : addCecDevice new:CEC: logical_address: 0x04 device_type: 4 cec_version: 5 vendor_id: 1877008 display_name: DBBOX-A3 power_status: 0 physical_address: 0x2000 port_id: 0 old:null
06-10 19:58:23.393 282 868 I SystemControlClient: notifyCallback: listener is NULL.
06-10 19:58:23.393 523 1422 D audio_hw_hal_primary: [out_dump:848] io 461: out:0xf0ec47f0, fd:26
06-10 19:58:23.394 536 1207 I hdmicecd: [HdmiCecControl]:addr:4, allocate result:0
06-10 19:58:23.395 305 305 I SurfaceFlinger: Reconnecting display 4639170348389509643 (HAL ID 0)
06-10 19:58:23.396 1550 1550 E xxxxxxxxxxxxxxx: onReceive:mIsHDMIPlugged = true
06-10 19:58:23.396 523 1422 D audio_hw_hal_primary: [out_set_parameters:971] out:0xf0ec47f0 kvpairs:closing=true;exiting=1 out->out_device:0x400, adev->out_device:0x80082
06-10 19:58:23.396 523 1422 E audio_hw_hal_primary: out_set_parameters, ret:-2, hw_sync_mode:is false
06-10 19:58:23.396 1513 1513 E ccc : cccccc hdmi plug reset
06-10 19:58:23.397 523 1422 I audio_hw_hal_primary: [out_set_event_callback:3158] io 461: out:0xf0ec47f0, callback:0xf30cd91d cookie:0xf36c2470
06-10 19:58:23.397 523 1422 I audio_hw_hal_primary: [adev_close_output_stream_new:8052] io handle 461: out:0xf0ec47f0
06-10 19:58:23.397 523 1422 D audio_hw_hal_primary: adev_close_output_stream_new: enter usecase = RAW_DIRECT
06-10 19:58:23.397 523 1422 I audio_hw_hal_primary: [adev_close_output_stream:3695] io 461: out:0xf0ec47f0 dev:OUT_HDMI(0x400) flags:0x11, usecase:RAW_DIRECT
06-10 19:58:23.397 523 1422 D audio_hw_hal_primary: [out_standby_new:5767] io 461: out:0xf0ec47f0 usecase:RAW_DIRECT
06-10 19:58:23.397 523 1422 I audio_hw_hal_primary: already standby, do nothing
06-10 19:58:23.397 523 1422 I audio_hw_hal_resourcemgr: [is_output_device_muted:710] device:0x2 port_mute:0, fade_mute:0
06-10 19:58:23.397 523 1422 I audio_hw_hal_primary: [adev_close_output_stream:3863] io 461: out:0xf0ec47f0 exit ------
06-10 19:58:23.398 559 1246 D AudioFlinger: closing mmapThread 0xebd024a0
06-10 19:58:23.398 559 1246 D AudioFlinger: mmapThread exit()
06-10 19:58:23.398 523 1422 I audio_hw_hal_primary: [adev_close_output_stream_new:8052] io handle 477: out:0xf0ec15a0
06-10 19:58:23.398 523 1422 D audio_hw_hal_primary: adev_close_output_stream_new: enter usecase = PCM_MMAP
06-10 19:58:23.398 523 1422 I audio_hw_hal_primary: [adev_close_output_stream:3695] io 477: out:0xf0ec15a0 dev:OUT_HDMI(0x400) flags:0x4001, usecase:PCM_MMAP
06-10 19:58:23.398 523 1422 D audio_hw_hal_primary: [out_standby_new:5767] io 477: out:0xf0ec15a0 usecase:PCM_MMAP
06-10 19:58:23.398 523 1422 I audio_hw_hal_primary: already standby, do nothing
06-10 19:58:23.398 523 1422 I audio_hw_hal_mmap: [outMmapDeInit:743] stream:0xf0ec15a0
06-10 19:58:23.398 523 1422 I audio_hw_hal_mmap: [mmap_audio_unregister_client:955] OK ! stream 0xf0ec15a0, client id 0
06-10 19:58:23.398 523 1422 I audio_hw_hal_primary: when close aaudio stream, send STANDBY msg to submix & ms12
06-10 19:58:23.398 523 1422 I audio_hw_hal_ms12common: aml_set_ms12_scheduler_state ms12_scheduler_state:1, sch_state:1 SCHEDULER_STANDBY is sent to ms12
06-10 19:58:23.399 523 1422 I audio_hw_hal_resourcemgr: [is_output_device_muted:710] device:0x2 port_mute:0, fade_mute:0
06-10 19:58:23.399 523 1422 I audio_hw_hal_primary: [adev_close_output_stream:3863] io 477: out:0xf0ec15a0 exit ------
06-10 19:58:23.400 330 422 E MesonComposer3: destroyLayer: display:0 failed to destroy layer:12
06-10 19:58:23.400 305 305 E HwcComposer: destroyLayer failed Status(-8, EX_SERVICE_SPECIFIC): '3: '
06-10 19:58:23.400 305 305 E HWC2 : destroyLayer(0, 12) failed: BadLayer (3)
06-10 19:58:23.401 305 305 E HwcComposer: setClientTargetSlotCount failed Status(-8, EX_SERVICE_SPECIFIC): '4: '
06-10 19:58:23.401 305 305 I FramebufferSurface: Framebuffer size has been limited to [1920x1080] from [3840x2160]
06-10 19:58:23.403 740 934 I AS.AudioDeviceInventory: sendDeviceConnectionIntent(dev:0x400 state:0x1 address: name:);
06-10 19:58:23.406 740 937 I AudioService: onAccessoryPlugMediaUnmute newDevice=1024 [hdmi]
06-10 19:58:23.408 536 1207 D hdmicecd: [HdmiCecControl]:onAddressAllocated:4
06-10 19:58:23.409 740 740 D HDMI : onAddressAllocated address:4 reason:4
06-10 19:58:23.409 536 1207 D hdmicecd: [HdmiCecControl]:getPhysicalAddress, physical addr: 2000, last pa: 2000, ret = 0
06-10 19:58:23.410 536 536 D hdmicecd: [HdmiCecControl]:getVendorId, vendorId: 0x1CA410
06-10 19:58:23.410 740 953 D HDMI : [S]: 4F:84:20:00:04
06-10 19:58:23.410 536 1207 D hdmicecd: [HdmiCecControl]:getPhysicalAddress, physical addr: 2000, last pa: 2000, ret = 0
06-10 19:58:23.410 536 563 D hdmicecd: [HdmiCecControl]:getPhysicalAddress, physical addr: 2000, last pa: 2000, ret = 0
06-10 19:58:23.411 740 740 D HDMI : DeviceDiscoveryAction start com.android.server.hdmi.DeviceDiscoveryAction@7343f83
06-10 19:58:23.417 305 305 I Scheduler: Display 4639170348389509643 is the pacesetter
06-10 19:58:23.417 740 740 V MediaRouter: Audio routes updated: AudioRoutesInfo{ type=HDMI, bluetoothName=小爱音箱-3073 }, a2dp=true
06-10 19:58:23.417 305 4444 E SchedulerTimer: Terminated
06-10 19:58:23.418 740 740 V MediaRouter: Selecting route: RouteInfo{ name=小爱音箱-3073, description=蓝牙音频, status=null, category=RouteCategory{ name=系统 types=ROUTE_TYPE_LIVE_AUDIO ROUTE_TYPE_LIVE_VIDEO groupable=false }, supportedTypes=ROUTE_TYPE_LIVE_AUDIO , presentationDisplay=null }
06-10 19:58:23.418 305 305 D SurfaceFlinger: Setting power mode 2 on display 4639170348389509643
06-10 19:58:23.418 305 305 D SurfaceFlinger: Finished setting power mode 2 on display 4639170348389509643
06-10 19:58:23.423 330 422 I MesonDisplay: [/mode_policy.c, meson_mode_set_policy, 1177] connector:0 to policy:0
06-10 19:58:23.423 330 422 I MesonDisplay: [/mode_policy.c, is_dv_prefer, 66] not prefer dv, hdr_priority:10000010
06-10 19:58:23.423 330 422 I MesonDisplay: [/mode_policy.c, is_dv_prefer, 66] not prefer dv, hdr_priority:10000010
06-10 19:58:23.423 330 422 I MesonDisplay: [/mode_policy.c, hdr_scene_process, 721] Do not output 8bit hdr. Change to auto color space
06-10 19:58:23.423 330 422 I MesonDisplay: [/mode_policy.c, hdr_scene_process, 724] policy:0 is_bestcolorspace:1 state:0
06-10 19:58:23.423 330 422 I MesonDisplay: [/mode_policy_parser.c, is_support_hdmimode, 110] is_support_hdmimode mode: 2160p50hz
06-10 19:58:23.423 330 422 I MesonDisplay: [/mode_policy_parser.c, is_support_hdmimode, 110] is_support_hdmimode mode: 2160p60hz
06-10 19:58:23.423 330 422 D MesonDisplay: meson_write /sys/class/amhdmitx/amhdmitx0/valid_mode, outputmode:2160p60hz420,10bit
06-10 19:58:23.423 330 422 D MesonDisplay: valid mode is true!
06-10 19:58:23.424 330 422 I MesonDisplay: [/mode_policy.c, is_support_4kHDR, 499] is_support_4kHDR mode:[420,10bit], deep color:[2160p60hz]
06-10 19:58:23.424 330 422 I MesonDisplay: [/mode_policy.c, meson_mode_get_policy_output, 1289] final_displaymode:2160p60hz, final_deepcolor:420,10bit, amdv_type:0
06-10 19:58:23.424 330 422 I MesonDisplay: [/mode_policy.c, meson_mode_set_policy, 1177] connector:0 to policy:8
06-10 19:58:23.425 740 807 D LocalDisplayAdapter: The active mode was changed from SurfaceFlinger or the display device to {id=50, width=3840, height=2160, fps=50.0, alternativeRefreshRates=[], supportedHdrTypes=[2]}
06-10 19:58:23.426 740 807 D LocalDisplayAdapter: New display modes are added and the active mode has changed, use active mode as default mode.
06-10 19:58:23.426 740 807 W LocalDisplayAdapter: DisplayModeSpecs base mode no longer available, using currently active mode.
