06-10 19:55:23.325 740 740 I ActivityTaskManager: START u0 {flg=0x840000 cmp=com.android.systemui/.sensorprivacy.television.TvSensorPrivacyChangedActivity (has extras)} with LAUNCH_SINGLE_TOP from uid 1000 (BAL_ALLOW_ALLOWLISTED_UID) result code=3
06-10 19:55:23.330 740 805 D DisplayManagerService: Drop pending events for gone uid 1037
06-10 19:55:23.334 740 740 W ActivityTaskManager: startActivity called from non-Activity context; forcing Intent.FLAG_ACTIVITY_NEW_TASK for: Intent { flg=0x840000 cmp=com.android.systemui/.sensorprivacy.television.TvSensorPrivacyChangedActivity (has extras) }
06-10 19:55:23.337 740 740 I ActivityTaskManager: START u0 {flg=0x840000 cmp=com.android.systemui/.sensorprivacy.television.TvSensorPrivacyChangedActivity (has extras)} with LAUNCH_SINGLE_TOP from uid 1000 (BAL_ALLOW_ALLOWLISTED_UID) result code=3
06-10 19:55:23.338 740 852 D OomAdjuster: Not killing cached processes
06-10 19:55:23.340 740 740 W ActivityTaskManager: startActivity called from non-Activity context; forcing Intent.FLAG_ACTIVITY_NEW_TASK for: Intent { flg=0x840000 cmp=com.android.systemui/.sensorprivacy.television.TvSensorPrivacyChangedActivity (has extras) }
06-10 19:55:23.343 740 740 I ActivityTaskManager: START u0 {flg=0x840000 cmp=com.android.systemui/.sensorprivacy.television.TvSensorPrivacyChangedActivity (has extras)} with LAUNCH_SINGLE_TOP from uid 1000 (BAL_ALLOW_ALLOWLISTED_UID) result code=3
06-10 19:55:23.344 740 740 W SystemServiceManager: Service com.android.server.sensorprivacy.SensorPrivacyService took 101 ms in onStartUser-0
06-10 19:55:23.344 740 740 D SystemServerTimingAsync: ssm.onStartUser-0_com.android.server.sensors.SensorService
06-10 19:55:23.344 740 740 D SystemServerTimingAsync: ssm.onStartUser-0_com.android.server.SystemConfigService
06-10 19:55:23.344 740 740 D SystemServerTimingAsync: ssm.onStartUser-0_com.android.server.BatteryService
06-10 19:55:23.344 740 740 D SystemServerTimingAsync: ssm.onStartUser-0_com.android.server.usage.UsageStatsService
06-10 19:55:23.344 740 740 D SystemServerTimingAsync: ssm.onStartUser-0_com.android.server.webkit.WebViewUpdateService
06-10 19:55:23.344 740 740 D SystemServerTimingAsync: ssm.onStartUser-0_com.android.server.CachedDeviceStateService
06-10 19:55:23.344 740 740 D SystemServerTimingAsync: ssm.onStartUser-0_com.android.server.BinderCallsStatsService$LifeCycle
06-10 19:55:23.344 740 740 D SystemServerTimingAsync: ssm.onStartUser-0_com.android.server.LooperStatsService$Lifecycle
06-10 19:55:23.344 740 740 D SystemServerTimingAsync: ssm.onStartUser-0_com.android.server.rollback.RollbackManagerService
06-10 19:55:23.344 740 740 D SystemServerTimingAsync: ssm.onStartUser-0_com.android.server.os.NativeTombstoneManagerService
06-10 19:55:23.344 740 740 D SystemServerTimingAsync: ssm.onStartUser-0_com.android.server.os.BugreportManagerService
06-10 19:55:23.344 740 740 D SystemServerTimingAsync: ssm.onStartUser-0_com.android.server.gpu.GpuService
06-10 19:55:23.344 740 740 D SystemServerTimingAsync: ssm.onStartUser-0_com.android.server.security.rkp.RemoteProvisioningService
06-10 19:55:23.344 740 740 D SystemServerTimingAsync: ssm.onStartUser-0_com.android.server.security.KeyChainSystemService
06-10 19:55:23.344 740 740 D SystemServerTimingAsync: ssm.onStartUser-0_com.android.server.BinaryTransparencyService
06-10 19:55:23.344 740 740 D SystemServerTimingAsync: ssm.onStartUser-0_com.android.server.accounts.AccountManagerService$Lifecycle
06-10 19:55:23.344 740 740 D SystemServerTimingAsync: ssm.onStartUser-0_com.android.server.content.ContentService$Lifecycle
06-10 19:55:23.344 740 740 D SystemServerTimingAsync: ssm.onStartUser-0_com.android.server.deviceconfig.DeviceConfigInit$Lifecycle
06-10 19:55:23.344 740 740 D SystemServerTimingAsync: ssm.onStartUser-0_com.android.server.DropBoxManagerService
06-10 19:55:23.344 740 740 D SystemServerTimingAsync: ssm.onStartUser-0_com.android.role.RoleService
06-10 19:55:23.353 740 740 D SystemServerTimingAsync: ssm.onStartUser-0_com.android.server.vibrator.VibratorManagerService$Lifecycle
06-10 19:55:23.354 740 740 D SystemServerTimingAsync: ssm.onStartUser-0_com.android.server.tare.InternalResourceService
06-10 19:55:23.354 740 740 D SystemServerTimingAsync: ssm.onStartUser-0_com.android.server.alarm.AlarmManagerService
06-10 19:55:23.358 740 740 D SystemServerTimingAsync: ssm.onStartUser-0_com.android.server.devicestate.DeviceStateManagerService
06-10 19:55:23.358 740 740 D SystemServerTimingAsync: ssm.onStartUser-0_com.android.server.camera.CameraServiceProxy
06-10 19:55:23.359 740 740 D SystemServerTimingAsync: ssm.onStartUser-0_com.android.server.bluetooth.BluetoothService
06-10 19:55:23.366 740 887 D CompatibilityChangeReporter: Compat change id reported: 135634846; UID 1002; state: DISABLED
06-10 19:55:23.370 982 982 V WindowManagerShell: Adding init callback for CompatUIController
06-10 19:55:23.384 982 982 V WindowManagerShell: Adding init callback for ShellTaskOrganizer
06-10 19:55:23.386 740 816 I ActivityManager: Start proc 1143:com.android.bluetooth/1002 for service {com.android.bluetooth/com.android.bluetooth.btservice.AdapterService}
06-10 19:55:23.397 740 798 D HDMI : Process pid:998 is calling addHotplugEventListener
06-10 19:55:23.406 740 740 D SystemServerTimingAsync: ssm.onStartUser-0_com.android.server.connectivity.IpConnectivityMetrics
06-10 19:55:23.406 740 740 D SystemServerTimingAsync: ssm.onStartUser-0_com.android.server.net.watchlist.NetworkWatchlistService$Lifecycle
06-10 19:55:23.406 740 740 D SystemServerTimingAsync: ssm.onStartUser-0_com.android.server.PinnerService
06-10 19:55:23.406 740 740 D SystemServerTimingAsync: ssm.onStartUser-0_com.android.server.integrity.AppIntegrityManagerService
06-10 19:55:23.406 740 740 D SystemServerTimingAsync: ssm.onStartUser-0_com.android.server.logcat.LogcatManagerService
06-10 19:55:23.406 740 740 D SystemServerTimingAsync: ssm.onStartUser-0_com.android.server.inputmethod.InputMethodManagerService$Lifecycle
06-10 19:55:23.406 740 740 D SystemServerTimingAsync: ssm.onStartUser-0_com.android.server.accessibility.AccessibilityManagerService$Lifecycle
06-10 19:55:23.406 740 740 D SystemServerTimingAsync: ssm.onStartUser-0_com.android.server.StorageManagerService$Lifecycle
06-10 19:55:23.423 740 740 V StorageManagerService: Package com.dangbei.lerad.leradwatcher has legacy storage
06-10 19:55:23.426 740 740 V StorageManagerService: Package com.android.cts.priv.ctsshim does not have legacy storage
06-10 19:55:23.426 740 740 V StorageManagerService: Package com.android.uwb.resources does not have legacy storage
06-10 19:55:23.426 740 740 V StorageManagerService: Package com.android.adservices.api does not have legacy storage
06-10 19:55:23.426 740 740 V StorageManagerService: Package com.android.dynsystem does not have legacy storage
06-10 19:55:23.426 740 740 V StorageManagerService: Package com.dangbei.lerad.rocky does not have legacy storage
06-10 19:55:23.426 740 740 V StorageManagerService: Package com.android.healthconnect.controller does not have legacy storage
06-10 19:55:23.426 740 740 V StorageManagerService: Package com.android.providers.calendar does not have legacy storage
06-10 19:55:23.426 740 740 V StorageManagerService: Package com.android.tv.settings does not have legacy storage
06-10 19:55:23.426 740 740 V StorageManagerService: Package com.xiaodianshi.tv.yst has legacy storage
06-10 19:55:23.426 740 740 V StorageManagerService: Package com.android.providers.media does not have legacy storage
06-10 19:55:23.426 740 740 V StorageManagerService: Package com.android.health.connect.backuprestore does not have legacy storage
06-10 19:55:23.426 740 740 V StorageManagerService: Package com.android.virtualmachine.res does not have legacy storage
06-10 19:55:23.426 740 740 V StorageManagerService: Package com.dangbei.zhushou.os does not have legacy storage
06-10 19:55:23.427 740 740 V StorageManagerService: Package com.sohu.inputmethod.sogou.tv has legacy storage
06-10 19:55:23.427 740 740 V StorageManagerService: Package com.droidlogic.tvprovider.overlay does not have legacy storage
06-10 19:55:23.427 740 740 V StorageManagerService: Package com.android.externalstorage does not have legacy storage
06-10 19:55:23.427 740 740 V StorageManagerService: Package com.android.htmlviewer does not have legacy storage
06-10 19:55:23.427 740 740 V StorageManagerService: Package com.android.companiondevicemanager does not have legacy storage
06-10 19:55:23.427 740 740 V StorageManagerService: Package com.android.providers.downloads does not have legacy storage
06-10 19:55:23.427 740 740 V StorageManagerService: Package com.android.providers.tv does not have legacy storage
06-10 19:55:23.437 982 982 V WindowManagerShell: Adding init callback for DefaultTransitionHandler
06-10 19:55:23.437 982 982 V WindowManagerShell: addHandler: Default
06-10 19:55:23.437 982 982 V WindowManagerShell: addHandler: Remote
06-10 19:55:23.437 982 982 V WindowManagerShell: Adding init callback for Transitions
06-10 19:55:23.439 740 740 V StorageManagerService: Package com.droidlogic.mediacenter does not have legacy storage
06-10 19:55:23.439 740 740 V StorageManagerService: Package com.android.federatedcompute.services does not have legacy storage
06-10 19:55:23.439 740 740 V StorageManagerService: Package com.droidlogic does not have legacy storage
06-10 19:55:23.439 740 740 V StorageManagerService: Package com.droidlogic.tv.settings does not have legacy storage
06-10 19:55:23.439 740 740 V StorageManagerService: Package com.oranth.ledstatus does not have legacy storage
06-10 19:55:23.440 740 740 V StorageManagerService: Package com.android.tv.overlay.lps.disabled does not have legacy storage
06-10 19:55:23.440 740 740 V StorageManagerService: Package com.ktcp.video has legacy storage
06-10 19:55:23.440 740 740 V StorageManagerService: Package com.dangbei.lerad.videoposter has legacy storage
06-10 19:55:23.440 740 740 V StorageManagerService: Package com.android.tv.overlay.settingsprovider does not have legacy storage
06-10 19:55:23.447 982 982 V WindowManagerShell: Adding init callback for FullscreenTaskListener
06-10 19:55:23.450 740 740 V StorageManagerService: Package com.android.safetycenter.resources does not have legacy storage
06-10 19:55:23.454 982 982 V WindowManagerShell: Adding init callback for ActivityEmbeddingController
06-10 19:55:23.455 740 740 V StorageManagerService: Package com.android.pacprocessor does not have legacy storage
06-10 19:55:23.456 740 740 V StorageManagerService: Package com.android.networkstack does not have legacy storage
06-10 19:55:23.457 740 740 V StorageManagerService: Package com.android.connectivity.resources does not have legacy storage
06-10 19:55:23.457 740 740 V StorageManagerService: Package com.android.modulemetadata does not have legacy storage
06-10 19:55:23.457 740 740 V StorageManagerService: Package com.android.certinstaller does not have legacy storage
06-10 19:55:23.457 740 740 V StorageManagerService: Package com.android.wifi.dialog does not have legacy storage
06-10 19:55:23.457 740 740 V StorageManagerService: Package android does not have legacy storage
06-10 19:55:23.466 740 852 D GameManagerService: User ID '0' does not have a Game Mode selected for package: 'com.android.bluetooth'
06-10 19:55:23.467 740 852 D CompatibilityChangeReporter: Compat change id reported: 168419799; UID 1002; state: DISABLED
06-10 19:55:23.469 740 852 D CompatibilityChangeReporter: Compat change id reported: 273564678; UID 1002; state: DISABLED
06-10 19:55:23.479 740 740 V StorageManagerService: Package com.android.camera2 does not have legacy storage
06-10 19:55:23.479 740 740 V StorageManagerService: Package com.android.mtp does not have legacy storage
06-10 19:55:23.479 740 740 V StorageManagerService: Package com.android.backupconfirm does not have legacy storage
06-10 19:55:23.480 740 740 V StorageManagerService: Package com.android.systemui.auto_generated_rro_vendor__ does not have legacy storage
06-10 19:55:23.480 740 740 V StorageManagerService: Package com.android.tv.overlay.networkstack does not have legacy storage
06-10 19:55:23.480 740 740 V StorageManagerService: Package com.android.statementservice does not have legacy storage
06-10 19:55:23.480 740 740 V StorageManagerService: Package com.dangbei.screencast has legacy storage
06-10 19:55:23.480 740 740 V StorageManagerService: Package com.android.settings.intelligence does not have legacy storage
06-10 19:55:23.480 740 740 V StorageManagerService: Package com.dangbei.leard.leradlauncher does not have legacy storage
06-10 19:55:23.480 740 740 V StorageManagerService: Package com.android.providers.settings does not have legacy storage
06-10 19:55:23.480 740 740 V StorageManagerService: Package com.android.sharedstoragebackup does not have legacy storage
06-10 19:55:23.480 740 740 V StorageManagerService: Package com.android.printspooler does not have legacy storage
06-10 19:55:23.480 740 740 V StorageManagerService: Package com.android.dreams.basic does not have legacy storage
06-10 19:55:23.480 740 740 V StorageManagerService: Package com.android.webview does not have legacy storage
06-10 19:55:23.480 740 740 V StorageManagerService: Package com.android.se does not have legacy storage
06-10 19:55:23.480 740 740 V StorageManagerService: Package com.android.inputdevices does not have legacy storage
06-10 19:55:23.480 740 740 V StorageManagerService: Package com.android.rkpdapp does not have legacy storage
06-10 19:55:23.480 740 740 V StorageManagerService: Package com.android.tv.overlay.wifi.resources does not have legacy storage
06-10 19:55:23.480 740 740 V StorageManagerService: Package com.oranth.inputmacsn does not have legacy storage
06-10 19:55:23.480 740 740 V StorageManagerService: Package com.android.musicfx does not have legacy storage
06-10 19:55:23.480 740 740 V StorageManagerService: Package com.dangbei.hqguide does not have legacy storage
06-10 19:55:23.480 740 740 V StorageManagerService: Package com.dangbei.hqmedia does not have legacy storage
06-10 19:55:23.480 740 740 V StorageManagerService: Package com.droidlogic.systemui.overlay does not have legacy storage
06-10 19:55:23.480 740 740 V StorageManagerService: Package android.ext.shared does not have legacy storage
06-10 19:55:23.480 740 740 V StorageManagerService: Package com.android.keychain does not have legacy storage
06-10 19:55:23.480 740 740 V StorageManagerService: Package com.dlg.framework.overlay does not have legacy storage
06-10 19:55:23.481 740 740 V StorageManagerService: Package android.ext.services does not have legacy storage
06-10 19:55:23.481 740 740 V StorageManagerService: Package com.android.wifi.resources does not have legacy storage
06-10 19:55:23.481 740 740 V StorageManagerService: Package com.android.cameraextensions does not have legacy storage
06-10 19:55:23.481 740 740 V StorageManagerService: Package com.android.localtransport does not have legacy storage
06-10 19:55:23.481 740 740 V StorageManagerService: Package com.android.networkstack.tethering.droidlogic does not have legacy storage
06-10 19:55:23.481 740 740 V StorageManagerService: Package com.droidlogic.mictoggle does not have legacy storage
06-10 19:55:23.481 740 740 V StorageManagerService: Package com.android.packageinstaller does not have legacy storage
06-10 19:55:23.481 740 740 V StorageManagerService: Package com.cskj.factorytest does not have legacy storage
06-10 19:55:23.481 740 740 V StorageManagerService: Package com.android.proxyhandler does not have legacy storage
06-10 19:55:23.481 740 740 V StorageManagerService: Package com.android.intentresolver does not have legacy storage
06-10 19:55:23.481 740 740 V StorageManagerService: Package com.android.nearby.halfsheet does not have legacy storage
06-10 19:55:23.481 740 740 V StorageManagerService: Package com.android.managedprovisioning does not have legacy storage
06-10 19:55:23.481 740 740 V StorageManagerService: Package com.oranth.usbopenft does not have legacy storage
06-10 19:55:23.481 740 740 V StorageManagerService: Package com.android.networkstack.tethering does not have legacy storage
06-10 19:55:23.481 740 740 V StorageManagerService: Package com.android.soundpicker does not have legacy storage
06-10 19:55:23.481 740 740 V StorageManagerService: Package com.dangbei.lerad.etna.haqu does not have legacy storage
06-10 19:55:23.481 740 740 V StorageManagerService: Package com.droidlogic.miracast does not have legacy storage
06-10 19:55:23.481 740 740 V StorageManagerService: Package com.amlogic.tv.overlay.matchcontent does not have legacy storage
06-10 19:55:23.481 740 740 V StorageManagerService: Package com.droidlogic.wifitetheringoverlay does not have legacy storage
06-10 19:55:23.481 740 740 V StorageManagerService: Package com.tv.filemanager.os has legacy storage
06-10 19:55:23.481 740 740 V StorageManagerService: Package com.oranth.powerwindow does not have legacy storage
06-10 19:55:23.481 740 740 V StorageManagerService: Package com.android.cts.ctsshim does not have legacy storage
06-10 19:55:23.481 740 740 V StorageManagerService: Package com.dangbei.lerad.screensaver does not have legacy storage
06-10 19:55:23.481 740 740 V StorageManagerService: Package com.droidlogic.wifion does not have legacy storage
06-10 19:55:23.482 740 740 V StorageManagerService: Package com.android.vpndialogs does not have legacy storage
06-10 19:55:23.482 740 740 V StorageManagerService: Package com.android.music does not have legacy storage
06-10 19:55:23.482 740 740 V StorageManagerService: Package com.android.shell does not have legacy storage
06-10 19:55:23.482 740 740 V StorageManagerService: Package com.android.sdksandbox does not have legacy storage
06-10 19:55:23.482 740 740 V StorageManagerService: Package com.android.wallpaperbackup does not have legacy storage
06-10 19:55:23.482 740 740 V StorageManagerService: Package com.android.providers.userdictionary does not have legacy storage
06-10 19:55:23.482 740 740 V StorageManagerService: Package com.android.providers.media.module does not have legacy storage
06-10 19:55:23.482 740 740 V StorageManagerService: Package com.oranth.storage does not have legacy storage
06-10 19:55:23.482 740 740 V StorageManagerService: Package com.android.hotspot2.osulogin does not have legacy storage
06-10 19:55:23.482 740 740 V StorageManagerService: Package com.android.location.fused does not have legacy storage
06-10 19:55:23.482 740 740 V StorageManagerService: Package com.android.deskclock does not have legacy storage
06-10 19:55:23.482 740 740 V StorageManagerService: Package com.android.systemui does not have legacy storage
06-10 19:55:23.482 740 740 V StorageManagerService: Package com.dangbei.haqusetting does not have legacy storage
06-10 19:55:23.482 740 740 V StorageManagerService: Package com.android.tv.overlay.framework does not have legacy storage
06-10 19:55:23.482 740 740 V StorageManagerService: Package com.android.permissioncontroller does not have legacy storage
06-10 19:55:23.482 740 740 V StorageManagerService: Package com.droidlogic.appinstall does not have legacy storage
06-10 19:55:23.482 740 740 V StorageManagerService: Package com.android.ondevicepersonalization.services does not have legacy storage
06-10 19:55:23.482 740 740 V StorageManagerService: Package com.android.bluetooth does not have legacy storage
06-10 19:55:23.482 740 740 V StorageManagerService: Package com.android.providers.contacts does not have legacy storage
06-10 19:55:23.482 740 740 V StorageManagerService: Package com.android.captiveportallogin does not have legacy storage
06-10 19:55:23.482 740 740 V StorageManagerService: Package com.droidlogic.overlay does not have legacy storage
06-10 19:55:23.482 740 740 V StorageManagerService: Package com.android.devicelockcontroller does not have legacy storage
06-10 19:55:23.482 740 740 V StorageManagerService: Package com.cibn.tv has legacy storage
06-10 19:55:23.482 740 740 V StorageManagerService: Package com.android.ext.adservices.api does not have legacy storage
06-10 19:55:23.483 740 740 V StorageManagerService: Package android.auto_generated_rro_vendor__ does not have legacy storage
06-10 19:55:23.491 740 860 D CompatibilityChangeReporter: Compat change id reported: 265195908; UID 1002; state: ENABLED
06-10 19:55:23.499 740 798 D CompatibilityChangeReporter: Compat change id reported: 161145287; UID 10052; state: ENABLED
06-10 19:55:23.500 740 740 W SystemServiceManager: Service com.android.server.StorageManagerService$Lifecycle took 93 ms in onStartUser-0
06-10 19:55:23.500 740 740 D SystemServerTimingAsync: ssm.onStartUser-0_com.android.server.usage.StorageStatsService$Lifecycle
06-10 19:55:23.500 740 740 D SystemServerTimingAsync: ssm.onStartUser-0_com.android.server.UiModeManagerService
06-10 19:55:23.500 740 740 D SystemServerTimingAsync: ssm.onStartUser-0_com.android.server.locales.LocaleManagerService
06-10 19:55:23.500 740 740 D SystemServerTimingAsync: ssm.onStartUser-0_com.android.server.grammaticalinflection.GrammaticalInflectionService
06-10 19:55:23.500 740 740 D SystemServerTimingAsync: ssm.onStartUser-0_com.android.server.apphibernation.AppHibernationService
06-10 19:55:23.500 740 740 D SystemServerTimingAsync: ssm.onStartUser-0_com.android.server.locksettings.LockSettingsService$Lifecycle
06-10 19:55:23.500 740 740 D SystemServerTimingAsync: ssm.onStartUser-0_com.android.server.PersistentDataBlockService
06-10 19:55:23.500 740 740 D SystemServerTimingAsync: ssm.onStartUser-0_com.android.server.testharness.TestHarnessModeService
06-10 19:55:23.500 740 740 D SystemServerTimingAsync: ssm.onStartUser-0_com.android.server.oemlock.OemLockService
06-10 19:55:23.500 740 740 D SystemServerTimingAsync: ssm.onStartUser-0_com.android.server.DeviceIdleController
06-10 19:55:23.500 740 740 D SystemServerTimingAsync: ssm.onStartUser-0_com.android.server.devicepolicy.DevicePolicyManagerService$Lifecycle
06-10 19:55:23.501 982 982 V WindowManagerShell: Adding init callback for StartingWindowController
06-10 19:55:23.501 982 982 V WindowManagerShell: Adding init callback for ProtoLogController
06-10 19:55:23.515 740 740 D SystemServerTimingAsync: ssm.onStartUser-0_com.android.server.texttospeech.TextToSpeechManagerService
06-10 19:55:23.515 740 740 D SystemServerTimingAsync: ssm.onStartUser-0_com.android.server.ambientcontext.AmbientContextManagerService
06-10 19:55:23.515 740 740 D SystemServerTimingAsync: ssm.onStartUser-0_com.android.server.wearable.WearableSensingManagerService
06-10 19:55:23.515 740 740 D SystemServerTimingAsync: ssm.onStartUser-0_com.android.server.speech.SpeechRecognitionManagerService
06-10 19:55:23.515 740 740 D SystemServerTimingAsync: ssm.onStartUser-0_com.android.server.searchui.SearchUiManagerService
06-10 19:55:23.515 740 740 D SystemServerTimingAsync: ssm.onStartUser-0_com.android.server.smartspace.SmartspaceManagerService
06-10 19:55:23.515 740 740 D SystemServerTimingAsync: ssm.onStartUser-0_com.android.server.graphics.fonts.FontManagerService$Lifecycle
06-10 19:55:23.515 740 740 D SystemServerTimingAsync: ssm.onStartUser-0_com.android.server.textservices.TextServicesManagerService$Lifecycle
06-10 19:55:23.515 740 740 D SystemServerTimingAsync: ssm.onStartUser-0_com.android.server.textclassifier.TextClassificationManagerService$Lifecycle
06-10 19:55:23.520 740 740 D SystemServerTimingAsync: ssm.onStartUser-0_com.android.server.NetworkScoreService$Lifecycle
06-10 19:55:23.520 740 740 D SystemServerTimingAsync: ssm.onStartUser-0_com.android.server.NetworkStatsServiceInitializer
06-10 19:55:23.520 740 740 D SystemServerTimingAsync: ssm.onStartUser-0_com.android.server.wifi.WifiService
06-10 19:55:23.520 740 740 D SystemServerTimingAsync: ssm.onStartUser-0_com.android.server.wifi.scanner.WifiScanningService
06-10 19:55:23.520 740 740 D SystemServerTimingAsync: ssm.onStartUser-0_com.android.server.wifi.p2p.WifiP2pService
06-10 19:55:23.520 740 740 D SystemServerTimingAsync: ssm.onStartUser-0_com.android.server.ConnectivityServiceInitializer
06-10 19:55:23.520 740 740 D SystemServerTimingAsync: ssm.onStartUser-0_com.android.server.notification.NotificationManagerService
06-10 19:55:23.520 740 740 D SystemServerTimingAsync: ssm.onStartUser-0_com.android.server.storage.DeviceStorageMonitorService
06-10 19:55:23.520 740 740 D SystemServerTimingAsync: ssm.onStartUser-0_com.android.server.timedetector.TimeDetectorService$Lifecycle
06-10 19:55:23.520 740 740 D SystemServerTimingAsync: ssm.onStartUser-0_com.android.server.location.LocationManagerService$Lifecycle
06-10 19:55:23.521 740 740 D SystemServerTimingAsync: ssm.onStartUser-0_com.android.server.timezonedetector.TimeZoneDetectorService$Lifecycle
06-10 19:55:23.521 740 740 D SystemServerTimingAsync: ssm.onStartUser-0_com.android.server.location.altitude.AltitudeService$Lifecycle
06-10 19:55:23.521 740 740 D SystemServerTimingAsync: ssm.onStartUser-0_com.android.server.timezonedetector.location.LocationTimeZoneManagerService$Lifecycle
06-10 19:55:23.521 740 740 D SystemServerTimingAsync: ssm.onStartUser-0_com.android.server.search.SearchManagerService$Lifecycle
06-10 19:55:23.521 740 740 D SystemServerTimingAsync: ssm.onStartUser-0_com.android.server.wallpaper.WallpaperManagerService$Lifecycle
06-10 19:55:23.521 740 740 D SystemServerTimingAsync: ssm.onStartUser-0_com.android.server.wallpapereffectsgeneration.WallpaperEffectsGenerationManagerService
06-10 19:55:23.521 740 740 D SystemServerTimingAsync: ssm.onStartUser-0_com.android.server.audio.AudioService$Lifecycle
06-10 19:55:23.521 740 740 D SystemServerTimingAsync: ssm.onStartUser-0_com.android.server.soundtrigger_middleware.SoundTriggerMiddlewareService$Lifecycle
06-10 19:55:23.521 740 740 D SystemServerTimingAsync: ssm.onStartUser-0_com.android.server.adb.AdbService$Lifecycle
06-10 19:55:23.521 740 740 D SystemServerTimingAsync: ssm.onStartUser-0_com.android.server.usb.UsbService$Lifecycle
06-10 19:55:23.521 740 740 D SystemServerTimingAsync: ssm.onStartUser-0_com.android.server.twilight.TwilightService
06-10 19:55:23.521 740 740 D SystemServerTimingAsync: ssm.onStartUser-0_com.android.server.display.color.ColorDisplayService
06-10 19:55:23.521 740 740 D SystemServerTimingAsync: ssm.onStartUser-0_com.android.server.job.JobSchedulerService
06-10 19:55:23.521 740 740 D SystemServerTimingAsync: ssm.onStartUser-0_com.android.server.soundtrigger.SoundTriggerService
06-10 19:55:23.521 740 740 D SystemServerTimingAsync: ssm.onStartUser-0_com.android.server.trust.TrustManagerService
06-10 19:55:23.521 740 740 D SystemServerTimingAsync: ssm.onStartUser-0_com.android.server.backup.BackupManagerService$Lifecycle
06-10 19:55:23.521 740 740 D SystemServerTimingAsync: ssm.onStartUser-0_com.android.server.appwidget.AppWidgetService
06-10 19:55:23.521 740 740 D SystemServerTimingAsync: ssm.onStartUser-0_com.android.server.voiceinteraction.VoiceInteractionManagerService
06-10 19:55:23.522 740 740 W VoiceInteractionManager: no available voice recognition services found for user 0
06-10 19:55:23.522 982 982 V WindowManagerShell: Adding init callback for TvPipTransition
06-10 19:55:23.522 740 740 D SystemServerTimingAsync: ssm.onStartUser-0_com.android.server.GestureLauncherService
06-10 19:55:23.522 740 740 D SystemServerTimingAsync: ssm.onStartUser-0_com.android.server.SensorNotificationService
06-10 19:55:23.522 740 740 D SystemServerTimingAsync: ssm.onStartUser-0_com.android.server.emergency.EmergencyAffordanceService
06-10 19:55:23.522 740 740 D SystemServerTimingAsync: ssm.onStartUser-0_com.android.server.blob.BlobStoreManagerService
06-10 19:55:23.522 740 740 D SystemServerTimingAsync: ssm.onStartUser-0_com.android.server.dreams.DreamManagerService
06-10 19:55:23.522 740 740 D SystemServerTimingAsync: ssm.onStartUser-0_com.android.server.security.AttestationVerificationManagerService
06-10 19:55:23.522 740 740 D SystemServerTimingAsync: ssm.onStartUser-0_com.android.server.restrictions.RestrictionsManagerService
06-10 19:55:23.522 740 740 D SystemServerTimingAsync: ssm.onStartUser-0_com.android.server.media.MediaSessionService
06-10 19:55:23.522 740 740 D SystemServerTimingAsync: ssm.onStartUser-0_com.android.server.hdmi.HdmiControlService
06-10 19:55:23.522 740 740 D SystemServerTimingAsync: ssm.onStartUser-0_com.android.server.tv.interactive.TvInteractiveAppManagerService
06-10 19:55:23.522 740 740 D SystemServerTimingAsync: ssm.onStartUser-0_com.android.server.tv.TvInputManagerService
06-10 19:55:23.522 740 740 D SystemServerTimingAsync: ssm.onStartUser-0_com.android.server.media.MediaResourceMonitorService
06-10 19:55:23.522 740 740 D SystemServerTimingAsync: ssm.onStartUser-0_com.android.server.tv.TvRemoteService
06-10 19:55:23.522 740 740 D SystemServerTimingAsync: ssm.onStartUser-0_com.android.server.biometrics.BiometricService
06-10 19:55:23.522 740 740 D SystemServerTimingAsync: ssm.onStartUser-0_com.android.server.biometrics.AuthService
06-10 19:55:23.522 740 740 D SystemServerTimingAsync: ssm.onStartUser-0_com.android.server.pm.ShortcutService$Lifecycle
06-10 19:55:23.522 740 740 D SystemServerTimingAsync: ssm.onStartUser-0_com.android.server.pm.LauncherAppsService
06-10 19:55:23.522 740 740 D SystemServerTimingAsync: ssm.onStartUser-0_com.android.server.pm.CrossProfileAppsService
06-10 19:55:23.522 740 740 D SystemServerTimingAsync: ssm.onStartUser-0_com.android.server.people.PeopleService
06-10 19:55:23.522 740 740 D SystemServerTimingAsync: ssm.onStartUser-0_com.android.server.media.metrics.MediaMetricsManagerService
06-10 19:55:23.522 740 740 D SystemServerTimingAsync: ssm.onStartUser-0_com.android.server.pm.BackgroundInstallControlService
06-10 19:55:23.522 740 740 D SystemServerTimingAsync: ssm.onStartUser-0_com.android.server.media.projection.MediaProjectionManagerService
06-10 19:55:23.522 740 740 D SystemServerTimingAsync: ssm.onStartUser-0_com.android.server.slice.SliceManagerService$Lifecycle
06-10 19:55:23.522 740 740 D SystemServerTimingAsync: ssm.onStartUser-0_com.android.server.stats.StatsCompanion$Lifecycle
06-10 19:55:23.522 740 740 D SystemServerTimingAsync: ssm.onStartUser-0_com.android.server.scheduling.RebootReadinessManagerService$Lifecycle
06-10 19:55:23.522 740 740 D SystemServerTimingAsync: ssm.onStartUser-0_com.android.server.stats.pull.StatsPullAtomService
06-10 19:55:23.522 740 740 D SystemServerTimingAsync: ssm.onStartUser-0_com.android.server.stats.bootstrap.StatsBootstrapAtomService$Lifecycle
06-10 19:55:23.522 740 740 D SystemServerTimingAsync: ssm.onStartUser-0_com.android.server.incident.IncidentCompanionService
06-10 19:55:23.522 740 740 D SystemServerTimingAsync: ssm.onStartUser-0_com.android.server.sdksandbox.SdkSandboxManagerService$Lifecycle
06-10 19:55:23.523 740 740 D SystemServerTimingAsync: ssm.onStartUser-0_com.android.server.adservices.AdServicesManagerService$Lifecycle
06-10 19:55:23.523 740 740 D SystemServerTimingAsync: ssm.onStartUser-0_com.android.server.ondevicepersonalization.OnDevicePersonalizationSystemService$Lifecycle
06-10 19:55:23.523 740 740 D SystemServerTimingAsync: ssm.onStartUser-0_com.android.server.autofill.AutofillManagerService
06-10 19:55:23.523 740 740 D SystemServerTimingAsync: ssm.onStartUser-0_com.android.server.clipboard.ClipboardService
06-10 19:55:23.523 740 740 D SystemServerTimingAsync: ssm.onStartUser-0_com.android.server.appbinding.AppBindingService$Lifecycle
06-10 19:55:23.527 740 740 W AppBindingService: [Default SMS app] u0 Target package not found
06-10 19:55:23.527 740 740 D SystemServerTimingAsync: ssm.onStartUser-0_com.android.server.tracing.TracingServiceProxy
06-10 19:55:23.527 740 740 D SystemServerTimingAsync: ssm.onStartUser-0_com.android.server.policy.PermissionPolicyService
06-10 19:55:23.528 740 740 D SystemServerTimingAsync: ssm.onStartUser-0_com.android.server.pm.StagingManager$Lifecycle
06-10 19:55:23.528 740 740 D SystemServerTimingAsync: ssm.onStartUser-0_com.android.server.app.GameManagerService$Lifecycle
06-10 19:55:23.528 740 740 D GameManagerService: Starting user 0
06-10 19:55:23.531 740 852 D CompatibilityChangeReporter: Compat change id reported: 253665015; UID 1073; state: ENABLED
06-10 19:55:23.532 740 852 D CompatibilityChangeReporter: Compat change id reported: 194532703; UID 1073; state: ENABLED
06-10 19:55:23.548 740 740 D SystemServerTimingAsync: ssm.onStartUser-0_com.android.safetycenter.SafetyCenterService
06-10 19:55:23.548 740 740 D SystemServerTimingAsync: ssm.onStartUser-0_com.android.server.appsearch.AppSearchModule$Lifecycle
06-10 19:55:23.548 740 740 D SystemServerTimingAsync: ssm.onStartUser-0_com.android.server.media.MediaCommunicationService
06-10 19:55:23.548 740 740 D SystemServerTimingAsync: ssm.onStartUser-0_com.android.server.compat.overrides.AppCompatOverridesService$Lifecycle
06-10 19:55:23.620 740 740 D SystemServerTimingAsync: ssm.onStartUser-0_com.android.server.healthconnect.HealthConnectManagerService
06-10 19:55:23.620 740 740 D SystemServerTimingAsync: ssm.onStartUser-0_com.android.server.devicelock.DeviceLockService
06-10 19:55:23.621 740 740 D SystemServerTiming: startPersistentApps
06-10 19:55:23.623 740 740 D CompatibilityChangeReporter: Compat change id reported: 135634846; UID 1068; state: DISABLED
06-10 19:55:23.623 740 740 D SystemServerTiming: startHomeOnAllDisplays
06-10 19:55:23.624 740 740 D WindowManager: ThemeHomeDelay: Home launch was deferred.
06-10 19:55:23.624 740 740 D SystemServerTiming: showSystemReadyErrorDialogs
06-10 19:55:23.630 982 982 D WindowManagerShell: TvPipActionsProvider: onMediaActionsChanged()
06-10 19:55:23.630 982 982 D WindowManagerShell: TvPipActionsProvider: replaceCustomActions, count: 0
06-10 19:55:23.630 982 982 D WindowManagerShell: TvPipMenuController: setDelegate(), delegate=com.android.wm.shell.pip.tv.TvPipController@9e4a41c
06-10 19:55:23.630 982 982 V WindowManagerShell: Adding init callback for TvPipController
06-10 19:55:23.631 982 982 V WindowManagerShell: Adding init callback for KeyguardTransitionHandler
06-10 19:55:23.695 541 570 I android.hardware.wifi-service.droidlogic: check loading wifi driver is ok...
06-10 19:55:23.695 541 570 W android.hardware.wifi-service.droidlogic: driver loaded
06-10 19:55:23.697 541 570 I android.hardware.wifi-service.droidlogic: After driver loaded, wifi_name:aml_w2_s
06-10 19:55:23.698 541 570 I android.hardware.wifi-service.droidlogic: Even /data/vendor/wifi/wpa/wpa_supplicant.conf exists, still overwrite it.
06-10 19:55:23.698 541 570 I android.hardware.wifi-service.droidlogic: Migrated conf file from /vendor/etc/wifi/unbcm_supplicant.conf to /data/vendor/wifi/wpa/wpa_supplicant.conf: Operation not permitted
06-10 19:55:23.699 541 570 I android.hardware.wifi-service.droidlogic: Even /data/vendor/wifi/wpa/p2p_supplicant.conf exists, still overwrite it.
06-10 19:55:23.699 541 570 I android.hardware.wifi-service.droidlogic: Migrated conf file from /vendor/etc/wifi/p2p_supplicant.conf to /data/vendor/wifi/wpa/p2p_supplicant.conf: Read-only file system
06-10 19:55:23.699 541 570 I android.hardware.wifi-service.droidlogic: no bcm and uwe wifi ,need use p2p0 with p2p interface
06-10 19:55:23.701 541 570 I android.hardware.wifi-service.droidlogic: Wifi HAL started
06-10 19:55:23.757 541 570 W android.hardware.wifi-service.droidlogic: No active wlan interfaces in use! Using default
06-10 19:55:23.757 541 570 E android.hardware.wifi-service.droidlogic: Unknown iface name: wlan0
06-10 19:55:23.757 541 570 E android.hardware.wifi-service.droidlogic: Unknown iface name: wlan0
06-10 19:55:23.807 541 570 W android.hardware.wifi-service.droidlogic: No active wlan interfaces in use! Using default
06-10 19:55:23.808 541 570 E android.hardware.wifi-service.droidlogic: Unknown iface name: wlan0
06-10 19:55:23.808 541 570 E android.hardware.wifi-service.droidlogic: Unknown iface name: wlan0
06-10 19:55:23.935 541 570 I android.hardware.wifi-service.droidlogic: Adding interface handle for p2p0
06-10 19:55:23.935 541 570 I android.hardware.wifi-service.droidlogic: Adding interface handle for ap0
06-10 19:55:23.935 541 570 I android.hardware.wifi-service.droidlogic: Adding interface handle for wlan0
06-10 19:55:23.935 541 570 W android.hardware.wifi-service.droidlogic: No active wlan interfaces in use! Using default
06-10 19:55:23.935 541 570 E android.hardware.wifi-service.droidlogic: Failed to register radio mode change callback
06-10 19:55:23.935 541 570 W android.hardware.wifi-service.droidlogic: No active wlan interfaces in use! Using default
06-10 19:55:23.937 541 570 E android.hardware.wifi-service.droidlogic: Failed to get SupportedIfaceCombinations matrix from legacy HAL: NOT_SUPPORTED
06-10 19:55:23.937 541 570 I android.hardware.wifi-service.droidlogic: Configured chip in mode 3
06-10 19:55:23.937 541 570 W android.hardware.wifi-service.droidlogic: No active wlan interfaces in use! Using default
06-10 19:55:24.005 541 570 W android.hardware.wifi-service.droidlogic: No active wlan interfaces in use! Using default
06-10 19:55:24.015 541 570 I android.hardware.wifi-service.droidlogic: Adding interface handle for p2p0
06-10 19:55:24.015 541 570 I android.hardware.wifi-service.droidlogic: Adding interface handle for ap0
06-10 19:55:24.015 541 570 I android.hardware.wifi-service.droidlogic: Adding interface handle for wlan0
06-10 19:55:24.015 541 570 E android.hardware.wifi-service.droidlogic: Failed to set DFS flag; DFS channels may be unavailable.
06-10 19:55:24.181 541 570 E android.hardware.wifi-service.droidlogic: Failed to get chip capabilities from legacy HAL: NOT_SUPPORTED
06-10 19:55:24.185 658 658 I wificond: createClientInterface: wiphy_index 0 iface_name wlan0
06-10 19:55:24.188 658 658 I wificond: create scanner for interface with index: 16
06-10 19:55:24.188 658 658 I wificond: subscribe scan result for interface with index: 16
06-10 19:55:24.190 658 658 I wificond: add channel type 0 support at wiphy index: 0
06-10 19:55:24.191 658 658 I wificond: add channel type 1 support at wiphy index: 0
06-10 19:55:24.270 740 740 E Build : Vendor interface is incompatible, error=1
06-10 19:55:24.271 740 740 E ActivityTaskManager: Build fingerprint is not consistent, warning user
06-10 19:55:24.276 740 740 D SystemServerTiming: sendUserStartBroadcast
06-10 19:55:24.278 740 740 D SystemServerTiming: resumeTopActivities
06-10 19:55:24.283 740 740 D SystemServerTiming: sendUserSwitchBroadcasts
06-10 19:55:24.284 740 740 D SystemServerTiming: setBinderProxies
06-10 19:55:24.284 740 740 D SystemServerTiming: componentAlias
06-10 19:55:24.285 740 740 D ComponentAliasResolver: Compat listener set.
06-10 19:55:24.285 740 740 D SystemServerTiming: LockSettingsThirdPartyAppsStarted
06-10 19:55:24.285 740 740 D SystemServerTiming: StartSystemUI
06-10 19:55:24.289 982 982 V WindowManagerShell: Adding init callback for BackAnimationController
06-10 19:55:24.291 982 1132 V WindowManagerShell: Initializing Shell Components: 18
06-10 19:55:24.299 982 1132 V WindowManagerShell: DisplayChangeController init took 7ms
06-10 19:55:24.304 982 1132 V WindowManagerShell: DisplayController init took 5ms
06-10 19:55:24.341 982 1132 V WindowManagerShell: DisplayInsetsController init took 38ms
06-10 19:55:24.342 982 1132 V WindowManagerShell: DisplayImeController init took 0ms
06-10 19:55:24.342 982 1132 V WindowManagerShell: Adding dump callback for ShellController
06-10 19:55:24.342 982 1132 V WindowManagerShell: ShellController init took 0ms
06-10 19:55:24.342 982 1132 V WindowManagerShell: Adding external interface from DragAndDropController with key extra_shell_drag_and_drop
06-10 19:55:24.342 982 1132 V WindowManagerShell: Adding dump callback for DragAndDropController
06-10 19:55:24.342 982 1132 V WindowManagerShell: DragAndDropController init took 1ms
06-10 19:55:24.342 982 1132 V WindowManagerShell: Adding command class compatui for CompatUIShellCommandHandler
06-10 19:55:24.342 982 1132 V WindowManagerShell: CompatUIController init took 0ms
06-10 19:55:24.342 982 1132 V WindowManagerShell: Adding dump callback for ShellTaskOrganizer
06-10 19:55:24.363 982 1132 V WindowManagerShell: ShellTaskOrganizer init took 20ms
06-10 19:55:24.376 740 740 W ActivityManager: Unable to start service Intent { flg=0x100 cmp=com.droidlogic/.StubKeyguardService } U=0: not found
06-10 19:55:24.376 740 740 D SystemServerTiming: startApexServices
06-10 19:55:24.376 740 740 D SystemServerTiming: starting com.android.server.scheduling.RebootReadinessManagerService$Lifecycle
06-10 19:55:24.376 740 740 I SystemServiceManager: Starting com.android.server.scheduling.RebootReadinessManagerService$Lifecycle
06-10 19:55:24.377 740 740 I SystemServiceManager: Not starting an already started service com.android.server.scheduling.RebootReadinessManagerService$Lifecycle
06-10 19:55:24.377 740 740 D SystemServerTiming: UpdateWatchdogTimeout
06-10 19:55:24.377 740 740 I Watchdog: Watchdog timeout updated to 60000 millis
06-10 19:55:24.384 740 816 W ActivityManager: Slow operation: 762ms so far, now at startProcess: done updating battery stats
06-10 19:55:24.384 740 816 W ActivityManager: Slow operation: 762ms so far, now at startProcess: building log message
06-10 19:55:24.384 740 816 I ActivityManager: Start proc 1175:com.android.se/1068 for added application com.android.se
06-10 19:55:24.384 740 816 W ActivityManager: Slow operation: 762ms so far, now at startProcess: starting to update pids map
06-10 19:55:24.388 740 816 W ActivityManager: Slow operation: 765ms so far, now at startProcess: done updating pids map
06-10 19:55:24.445 740 1136 D CompatibilityChangeReporter: Compat change id reported: 168419799; UID 1068; state: DISABLED
06-10 19:55:24.445 740 1136 D CompatibilityChangeReporter: Compat change id reported: 273564678; UID 1068; state: DISABLED
06-10 19:55:24.467 982 1132 V WindowManagerShell: DefaultTransitionHandler init took 103ms
06-10 19:55:24.474 982 1132 V WindowManagerShell: Adding external interface from Transitions with key extra_shell_shell_transitions
06-10 19:55:24.500 740 860 D CompatibilityChangeReporter: Compat change id reported: 218533173; UID 10039; state: DISABLED
06-10 19:55:24.502 740 860 D CompatibilityChangeReporter: Compat change id reported: 262645982; UID 10039; state: DISABLED
06-10 19:55:24.510 982 1132 V WindowManagerShell: Adding command class transitions for Transitions
06-10 19:55:24.510 982 1132 V WindowManagerShell: Transitions init took 42ms
06-10 19:55:24.510 982 1132 V WindowManagerShell: FullscreenTaskListener init took 1ms
06-10 19:55:24.510 982 1132 V WindowManagerShell: addHandler: ActivityEmbeddingController
06-10 19:55:24.510 982 1132 V WindowManagerShell: ActivityEmbeddingController init took 0ms
06-10 19:55:24.510 982 1132 V WindowManagerShell: Adding external interface from StartingWindowController with key extra_shell_starting_window
06-10 19:55:24.510 982 1132 V WindowManagerShell: StartingWindowController init took 0ms
06-10 19:55:24.510 982 1132 V WindowManagerShell: Adding command class protolog for ProtoLogController
06-10 19:55:24.510 982 1132 V WindowManagerShell: ProtoLogController init took 0ms
06-10 19:55:24.510 982 1132 V WindowManagerShell: addHandler: TvPipTransition
06-10 19:55:24.510 982 1132 V WindowManagerShell: TvPipTransition init took 0ms
06-10 19:55:24.528 740 860 D CompatibilityChangeReporter: Compat change id reported: 218533173; UID 10069; state: DISABLED
06-10 19:55:24.529 982 1132 V WindowManagerShell: TvPipController init took 18ms
06-10 19:55:24.529 982 1132 V WindowManagerShell: addHandler: KeyguardTransitionHandler
06-10 19:55:24.529 982 1132 V WindowManagerShell: KeyguardTransitionHandler init took 0ms
06-10 19:55:24.540 982 1132 D ShellBackPreview: Back animation enabled=false
06-10 19:55:24.541 982 1132 V WindowManagerShell: Adding external interface from BackAnimationController with key extra_shell_back_animation
06-10 19:55:24.553 982 1132 V WindowManagerShell: BackAnimationController init took 25ms
06-10 19:55:24.554 982 1132 V ShellDragAndDrop: Display added: 0
06-10 19:55:24.558 740 860 D CompatibilityChangeReporter: Compat change id reported: 262645982; UID 10069; state: DISABLED
06-10 19:55:24.565 740 740 W Looper : Slow delivery took 6166ms main h=android.app.PropertyInvalidatedCache$AutoCorker$1 c=null m=0
06-10 19:55:24.565 740 740 W Looper : Slow dispatch took 169ms main h=android.app.PropertyInvalidatedCache$AutoCorker$1 c=null m=0
06-10 19:55:24.568 541 570 E android.hardware.wifi-service.droidlogic: Failed to get SupportedRadioCombinations matrix from legacy HAL: NOT_SUPPORTED
06-10 19:55:24.573 740 860 D CompatibilityChangeReporter: Compat change id reported: 218533173; UID 10063; state: ENABLED
06-10 19:55:24.610 740 807 I DisplayDeviceRepository: Display device changed: DisplayDeviceInfo{"内置屏幕": uniqueId="local:4639170348389509643", 3840 x 2160, modeId 5, renderFrameRate 50.0, defaultModeId 5, supportedModes [{id=1, width=1920, height=1080, fps=59.94006, alternativeRefreshRates=[], supportedHdrTypes=[2]}, {id=2, width=1920, height=1080, fps=60.000004, alternativeRefreshRates=[], supportedHdrTypes=[2]}, {id=3, width=3840, height=2160, fps=59.94006, alternativeRefreshRates=[], supportedHdrTypes=[2]}, {id=4, width=3840, height=2160, fps=60.000004, alternativeRefreshRates=[], supportedHdrTypes=[2]}, {id=5, width=3840, height=2160, fps=50.0, alternativeRefreshRates=[], supportedHdrTypes=[2]}, {id=6, width=3840, height=2160, fps=29.97003, alternativeRefreshRates=[], supportedHdrTypes=[2]}, {id=7, width=3840, height=2160, fps=30.000002, alternativeRefreshRates=[], supportedHdrTypes=[2]}, {id=8, width=3840, height=2160, fps=25.0, alternativeRefreshRates=[], supportedHdrTypes=[2]}, {id=9, width=3840, height=2160, fps=23.976025, alternativeRefreshRates=[], supportedHdrTypes=[2]}, {id=10, width=3840, height=2160, fps=24.000002, alternativeRefreshRates=[], supportedHdrTypes=[2]}, {id=11, width=1920, height=1080, fps=50.0, alternativeRefreshRates=[], supportedHdrTypes=[2]}, {id=12, width=1280, height=720, fps=59.94006, alternativeRefreshRates=[], supportedHdrTypes=[2]}, {id=13, width=1280, height=720, fps=60.000004, alternativeRefreshRates=[], supportedHdrTypes=[2]}, {id=14, width=1280, height=720, fps=50.0, alternativeRefreshRates=[], supportedHdrTypes=[2]}], colorMode 0, supportedColorModes [0], hdrCapabilities HdrCapabilities{mSupportedHdrTypes=[2], mMaxLuminance=500.0, mMaxAverageLuminance=500.0, mMinLuminance=0.0}, allmSupported false, gameContentTypeSupported true, density 480, 79.947 x 79.513 dpi, appVsyncOff 2000000, presDeadline 17000000, touch INTERNAL, rotation 0, type INTERNAL, address {port=11, model=0x4061a4da3c482a}, deviceProductInfo DeviceProductInfo{name=Mi TV, manufacturerPnpId=XMD, productId=74, modelYear=null, manufactureDate=ManufactureDate{week=13, year=2019}, connectionToSinkType=2}, state ON, committedState ON, frameRateOverride , brightnessMinimum 0.0, brightnessMaximum 1.0, brightnessDefault 0.39763778, hdrSdrRatio NaN, FLAG_ALLOWED_TO_BE_DEFAULT_DISPLAY, FLAG_ROTATES_WITH_CONTENT, FLAG_SECURE, FLAG_SUPPORTS_PROTECTED_BUFFERS, FLAG_TRUSTED, installOrientation 0, displayShape DisplayShape{ spec=-545313861 displayWidth=3840 displayHeight=2160 physicalPixelDisplaySizeRatio=1.0 rotation=0 offsetX=0 offsetY=0 scale=1.0}}
06-10 19:55:24.660 740 860 D CompatibilityChangeReporter: Compat change id reported: 262645982; UID 10063; state: ENABLED
06-10 19:55:24.661 740 860 D CompatibilityChangeReporter: Compat change id reported: 218533173; UID 10071; state: ENABLED
06-10 19:55:24.662 740 860 D CompatibilityChangeReporter: Compat change id reported: 262645982; UID 10071; state: ENABLED
06-10 19:55:24.683 740 860 D CompatibilityChangeReporter: Compat change id reported: 218533173; UID 10056; state: ENABLED
06-10 19:55:24.683 740 860 D CompatibilityChangeReporter: Compat change id reported: 262645982; UID 10056; state: ENABLED
06-10 19:55:24.684 740 860 D CompatibilityChangeReporter: Compat change id reported: 218533173; UID 10018; state: ENABLED
06-10 19:55:24.684 740 860 D CompatibilityChangeReporter: Compat change id reported: 262645982; UID 10018; state: ENABLED
06-10 19:55:24.685 740 860 D CompatibilityChangeReporter: Compat change id reported: 218533173; UID 10075; state: DISABLED
06-10 19:55:24.686 740 860 D CompatibilityChangeReporter: Compat change id reported: 262645982; UID 10075; state: DISABLED
06-10 19:55:24.686 740 860 D CompatibilityChangeReporter: Compat change id reported: 218533173; UID 10017; state: ENABLED
06-10 19:55:24.686 740 860 D CompatibilityChangeReporter: Compat change id reported: 262645982; UID 10017; state: ENABLED
06-10 19:55:24.691 740 740 D ConditionProviders.SCP: onConnected
06-10 19:55:24.692 740 740 D ConditionProviders.SCP: onSubscribe condition://android/schedule?days=1.2.3.4.5.6.7&start=22.0&end=7.0&exitAtAlarm=true
06-10 19:55:24.696 740 740 D ConditionProviders.SCP: setRegistered true
06-10 19:55:24.704 740 860 D CompatibilityChangeReporter: Compat change id reported: 218533173; UID 10057; state: ENABLED
06-10 19:55:24.705 740 860 D CompatibilityChangeReporter: Compat change id reported: 262645982; UID 10057; state: ENABLED
06-10 19:55:24.707 740 860 D CompatibilityChangeReporter: Compat change id reported: 218533173; UID 10066; state: ENABLED
06-10 19:55:24.711 740 860 D CompatibilityChangeReporter: Compat change id reported: 262645982; UID 10066; state: ENABLED
06-10 19:55:24.713 740 860 D CompatibilityChangeReporter: Compat change id reported: 218533173; UID 10040; state: DISABLED
06-10 19:55:24.715 740 860 D CompatibilityChangeReporter: Compat change id reported: 262645982; UID 10040; state: DISABLED
06-10 19:55:24.716 740 860 D CompatibilityChangeReporter: Compat change id reported: 218533173; UID 10006; state: ENABLED
06-10 19:55:24.717 740 860 D CompatibilityChangeReporter: Compat change id reported: 262645982; UID 10006; state: ENABLED
