06-10 20:03:23.710 523 585 D xm_audio: adev_get_parameters
06-10 20:03:23.715 523 585 D xm_audio: adev_get_parameters
06-10 20:03:23.716 523 585 D xm_audio: adev_get_parameters
06-10 20:03:23.720 523 585 D xm_audio: adev_get_parameters
06-10 20:03:23.721 523 585 D xm_audio: adev_get_parameters
06-10 20:03:23.737 523 698 E audio_hw_hal_output: ALSA out write fail
06-10 20:03:23.737 352 360 I SystemControl: [/UEventObserver.cpp, HDMITxUenventThreadLoop, 451] HDMI TX switch_name:hdmitx_current_status, switch_state: 44
06-10 20:03:23.740 523 585 D xm_audio: adev_get_parameters
06-10 20:03:23.741 523 585 D xm_audio: adev_get_parameters
06-10 20:03:23.742 523 698 I audio_hw_hal_ms12v2: dolby_ms12_threadloop alsa is not running
06-10 20:03:23.760 523 585 D xm_audio: adev_get_parameters
06-10 20:03:23.761 523 585 D xm_audio: adev_get_parameters
06-10 20:03:23.761 523 698 I audio_hw_hal_ms12v2: dolby_ms12_threadloop alsa is not running
06-10 20:03:23.761 523 698 I audio_hw_hal_alsamgr: aml_alsa_output_write alsa_running_status[0xf0ec64b0] change from 0 to 1
06-10 20:03:23.765 523 585 D xm_audio: adev_get_parameters
06-10 20:03:23.766 523 585 D xm_audio: adev_get_parameters
06-10 20:03:23.772 523 585 D xm_audio: adev_get_parameters
06-10 20:03:23.773 523 585 D xm_audio: adev_get_parameters
06-10 20:03:23.777 523 585 D xm_audio: adev_get_parameters
06-10 20:03:23.778 523 585 D xm_audio: adev_get_parameters
06-10 20:03:23.782 523 585 D xm_audio: adev_get_parameters
06-10 20:03:23.783 523 585 D xm_audio: adev_get_parameters
06-10 20:03:23.788 523 585 D xm_audio: adev_get_parameters
06-10 20:03:23.789 523 585 D xm_audio: adev_get_parameters
06-10 20:03:23.793 523 585 D xm_audio: adev_get_parameters
06-10 20:03:23.794 523 585 D xm_audio: adev_get_parameters
06-10 20:03:23.798 523 585 D xm_audio: adev_get_parameters
06-10 20:03:23.800 523 585 D xm_audio: adev_get_parameters
06-10 20:03:23.807 523 585 D xm_audio: adev_get_parameters
06-10 20:03:23.808 523 585 D xm_audio: adev_get_parameters
06-10 20:03:23.813 523 585 D xm_audio: adev_get_parameters
06-10 20:03:23.814 523 585 D xm_audio: adev_get_parameters
06-10 20:03:23.819 523 585 D xm_audio: adev_get_parameters
06-10 20:03:23.820 523 585 D xm_audio: adev_get_parameters
06-10 20:03:23.825 523 585 D xm_audio: adev_get_parameters
06-10 20:03:23.826 523 585 D xm_audio: adev_get_parameters
06-10 20:03:23.835 523 585 D xm_audio: adev_get_parameters
06-10 20:03:23.836 523 585 D xm_audio: adev_get_parameters
06-10 20:03:23.841 523 585 D xm_audio: adev_get_parameters
06-10 20:03:23.842 523 585 D xm_audio: adev_get_parameters
06-10 20:03:23.847 523 585 D xm_audio: adev_get_parameters
06-10 20:03:23.848 523 585 D xm_audio: adev_get_parameters
06-10 20:03:23.852 523 585 D xm_audio: adev_get_parameters
06-10 20:03:23.853 523 585 D xm_audio: adev_get_parameters
06-10 20:03:23.858 523 585 D xm_audio: adev_get_parameters
06-10 20:03:23.859 523 585 D xm_audio: adev_get_parameters
06-10 20:03:23.863 523 585 D xm_audio: adev_get_parameters
06-10 20:03:23.864 523 585 D xm_audio: adev_get_parameters
06-10 20:03:23.872 523 585 D xm_audio: adev_get_parameters
06-10 20:03:23.873 523 585 D xm_audio: adev_get_parameters
06-10 20:03:23.878 523 585 D xm_audio: adev_get_parameters
06-10 20:03:23.879 523 585 D xm_audio: adev_get_parameters
06-10 20:03:23.885 536 536 D hdmicecd: [HdmiCecControl]:setOption, flag:0x3, value:0x1, ret:0, is_cec_controlled:1
06-10 20:03:23.886 536 536 E IPCThreadState: binder thread pool (1 threads) starved for 311 ms
06-10 20:03:23.886 536 563 I HdmiCec : setLanguage 7a686f
06-10 20:03:23.887 536 536 I hdmicecd: [HdmiCecControl]:clearLogicaladdress
06-10 20:03:23.887 740 832 I DisplayPowerController2[0]: Blocking screen on until initial contents have been drawn.
06-10 20:03:23.887 523 585 D xm_audio: adev_get_parameters
06-10 20:03:23.887 740 832 D ActivityTaskManager: Top Process State changed to PROCESS_STATE_TOP
06-10 20:03:23.889 523 585 D xm_audio: adev_get_parameters
06-10 20:03:23.889 740 832 E TransitionController: Set visible without transition ActivityRecord{f30e99e u0 com.dangbei.haqusetting/.ui.HomeActivity t86} playing=false caller=com.android.server.wm.TaskFragment.resumeTopActivity:1413
06-10 20:03:23.893 536 536 I hdmicecd: [HdmiCecControl]:clearLogicaladdress
06-10 20:03:23.893 740 740 W Looper : Slow dispatch took 321ms main h=android.os.Handler c=com.android.server.hdmi.WorkSourceUidPreservingRunnable@c58b788 m=0
06-10 20:03:23.893 740 740 E ActivityManager: Cancel pending or running compactions as system is awake
06-10 20:03:23.894 523 4177 D xm_audio: adev_get_parameters
06-10 20:03:23.895 523 4177 D xm_audio: adev_get_parameters
06-10 20:03:23.897 740 740 W Looper : Slow delivery took 321ms main h=com.android.server.power.Notifier$NotifierHandler c=com.android.server.power.Notifier$1@4e1c521 m=0
06-10 20:03:23.900 523 585 D xm_audio: adev_get_parameters
06-10 20:03:23.901 523 585 D xm_audio: adev_get_parameters
06-10 20:03:23.904 740 832 E TransitionController: Set visible without transition ActivityRecord{bc32a2f u0 com.dangbei.leard.leradlauncher/com.dangbei.launcher.home.LauncherActivity t84} playing=false caller=com.android.server.wm.ActivityRecord.makeVisibleIfNeeded:6051
06-10 20:03:23.906 523 585 D xm_audio: adev_get_parameters
06-10 20:03:23.906 523 585 D xm_audio: adev_get_parameters
06-10 20:03:23.907 740 740 W Looper : Drained
06-10 20:03:23.910 740 832 V WindowManager: app ------------- force_land :0
06-10 20:03:23.911 523 585 D xm_audio: adev_get_parameters
06-10 20:03:23.912 523 585 D xm_audio: adev_get_parameters
06-10 20:03:23.912 740 832 I DisplayBrightnessStrategySelector: Changing the DisplayBrightnessStrategy from ScreenOffBrightnessStrategy toInvalidBrightnessStrategy for display 0
06-10 20:03:23.914 740 832 V DisplayPowerController2[0]: Brightness [0.39763778] reason changing to: 'manual', previous reason: 'screen_off'.
06-10 20:03:23.915 523 585 I audio_hw_hal_primary: [adev_set_parameters:4123] dev:0xf0f82930, kv: screen_state=on
06-10 20:03:23.915 523 585 D audio_hw_hal_hfp: [audio_extn_hfp_set_parameters:739] audio_extn_hfp_set_parameters
06-10 20:03:23.915 523 585 E audio_route: unable to find path 'speaker_fadein'
06-10 20:03:23.915 523 585 I audio_hw_hal_resourcemgr: [set_output_device_mute:690] device:0x2 mute:0 port_mute:0 using_fade:1
06-10 20:03:23.915 523 585 I audio_hw_hal_primary: adev_set_parameters : screen_state=on pthread_cond_broadcast
06-10 20:03:23.915 740 832 I DisplayPowerController2[0]: BrightnessEvent: disp=0, physDisp=local:4639170348389509643, brt=0.39763778, initBrt=0.0, rcmdBrt=NaN, preBrt=NaN, lux=0.0, preLux=0.0, hbmMax=1.0, hbmMode=off, rbcStrength=0, thrmMax=1.0, powerFactor=1.0, wasShortTermModelActive=false, flags=, reason=manual, autoBrightness=false, strategy=InvalidBrightnessStrategy
06-10 20:03:23.918 740 1937 D ConnectivityService: requestNetwork for uid/pid:1000/4983 activeRequest: null callbackRequest: 71 [NetworkRequest [ REQUEST id=72, [ Capabilities: INTERNET&NOT_RESTRICTED&TRUSTED&NOT_VCN_MANAGED Uid: 1000 RequestorUid: 1000 RequestorPkg: com.dangbei.haqusetting UnderlyingNetworks: Null] ]] callback flags: 0 order: 2147483647
06-10 20:03:23.921 523 1288 D xm_audio: adev_get_parameters
06-10 20:03:23.924 740 916 D WifiNetworkFactory: got request NetworkRequest [ REQUEST id=72, [ Capabilities: INTERNET&NOT_RESTRICTED&TRUSTED&NOT_VCN_MANAGED Uid: 1000 RequestorUid: 1000 RequestorPkg: com.dangbei.haqusetting UnderlyingNetworks: Null] ]
06-10 20:03:23.924 740 916 D UntrustedWifiNetworkFactory: got request NetworkRequest [ REQUEST id=72, [ Capabilities: INTERNET&NOT_RESTRICTED&TRUSTED&NOT_VCN_MANAGED Uid: 1000 RequestorUid: 1000 RequestorPkg: com.dangbei.haqusetting UnderlyingNetworks: Null] ]
06-10 20:03:23.924 740 916 D OemPaidWifiNetworkFactory: got request NetworkRequest [ REQUEST id=72, [ Capabilities: INTERNET&NOT_RESTRICTED&TRUSTED&NOT_VCN_MANAGED Uid: 1000 RequestorUid: 1000 RequestorPkg: com.dangbei.haqusetting UnderlyingNetworks: Null] ]
06-10 20:03:23.924 740 916 D MultiInternetWifiNetworkFactory: got request NetworkRequest [ REQUEST id=72, [ Capabilities: INTERNET&NOT_RESTRICTED&TRUSTED&NOT_VCN_MANAGED Uid: 1000 RequestorUid: 1000 RequestorPkg: com.dangbei.haqusetting UnderlyingNetworks: Null] ]
06-10 20:03:23.924 740 924 D ConnectivityService: NetReassign [72 : null → 100] [c 0] [a 3] [i 2]
06-10 20:03:23.925 523 1288 D xm_audio: adev_get_parameters
06-10 20:03:23.926 1513 2002 E ccc : cccccc 请求电量缓存 85
06-10 20:03:23.929 740 740 E SensorManager: sensor or listener is null
06-10 20:03:23.930 531 531 I android.hardware.power-service.libperfmgr: Power setMode: INTERACTIVE to: 1
06-10 20:03:23.930 1513 1528 E ccc : cccccc UpdateHelper onMessageReceived com.dangbei.haqusetting com.dangbei.etna.update {"action":"get","functionTag":"leaf_controller_function_controller_dangbei_update","value":0} com.dangbei.lerad.etna.aidl.IEtnaAidlCallback$Stub$Proxy@e2e5d2f
06-10 20:03:23.930 352 402 I SystemControl: [/Ubootenv.cpp, get, 336] [ubootenv] get key:quiescent_env_bk envValue: 0
06-10 20:03:23.931 531 531 I android.hardware.power-service.libperfmgr: quiescent_env_bk: 0
06-10 20:03:23.931 352 972 I SystemControl: [/Ubootenv.cpp, updateValue, 68] [ubootenv] update value name [ubootenv.var.quiescent_env_bk]: value [0]
06-10 20:03:23.931 352 972 I SystemControl: [/Ubootenv.cpp, get, 336] [ubootenv] get key:quiescent_env_bk envValue: 0
06-10 20:03:23.932 1513 1528 E ccc : cccccc 缓存获取遥控器版本 DB-15B-H5-R0111
06-10 20:03:23.933 740 807 I DisplayDeviceRepository: Display device changed: DisplayDeviceInfo{"内置屏幕": uniqueId="local:4639170348389509643", 3840 x 2160, modeId 75, renderFrameRate 50.0, defaultModeId 75, supportedModes [{id=75, width=3840, height=2160, fps=50.0, alternativeRefreshRates=[], supportedHdrTypes=[]}], colorMode 0, supportedColorModes [0], hdrCapabilities HdrCapabilities{mSupportedHdrTypes=[], mMaxLuminance=500.0, mMaxAverageLuminance=500.0, mMinLuminance=0.0}, allmSupported false, gameContentTypeSupported true, density 480, 79.947 x 79.513 dpi, appVsyncOff 2000000, presDeadline 17000000, touch INTERNAL, rotation 0, type INTERNAL, address {port=11, model=0x4061a4da3c482a}, deviceProductInfo DeviceProductInfo{name=Linux FHD, manufacturerPnpId=LNX, productId=0, modelYear=null, manufactureDate=ManufactureDate{week=5, year=2012}, connectionToSinkType=0}, state ON, committedState OFF, frameRateOverride , brightnessMinimum 0.0, brightnessMaximum 1.0, brightnessDefault 0.39763778, hdrSdrRatio NaN, FLAG_ALLOWED_TO_BE_DEFAULT_DISPLAY, FLAG_ROTATES_WITH_CONTENT, FLAG_SECURE, FLAG_SUPPORTS_PROTECTED_BUFFERS, FLAG_TRUSTED, installOrientation 0, displayShape DisplayShape{ spec=-545313861 displayWidth=3840 displayHeight=2160 physicalPixelDisplaySizeRatio=1.0 rotation=0 offsetX=0 offsetY=0 scale=1.0}}
06-10 20:03:23.933 740 740 D FastPairService: onReceive: ACTION_SCREEN_ON
06-10 20:03:23.933 740 740 V FastPairService: invalidateScan: scan is disabled
06-10 20:03:23.933 740 740 E NearbyManager: Cannot stop scan with this callback because it is never registered.
06-10 20:03:23.935 4776 4804 E bt_btu_hcif: packages/modules/Bluetooth/system/stack/btu/btu_hcif.cc:182 btu_hcif_log_event_metrics: Unexpectedly received event_code:0x10 that should not be handled here
06-10 20:03:23.935 4776 4804 E bt_btu_hcif: packages/modules/Bluetooth/system/stack/btu/btu_hcif.cc:1375 btu_hcif_hardware_error_evt: UNHANDLED Ctlr H/w error event - code:0x10
06-10 20:03:23.935 352 360 I SystemControl: [/UEventObserver.cpp, HDMITxUenventThreadLoop, 451] HDMI TX switch_name:hdmitx_hpd, switch_state: 1
06-10 20:03:23.935 352 360 I SystemControl: [/UEventObserver.cpp, HDMITxUenventThreadLoop, 451] HDMI TX switch_name:hdmitx_audio, switch_state: 1
06-10 20:03:23.935 352 360 I SystemControl: [/DisplayMode.cpp, onTxEvent, 3267] onTxEvent switchName:hdmitx_audio hpdstate:1 state: 1
06-10 20:03:23.935 352 360 I SystemControl: [/SysWrite.cpp, getKernelReleaseVersion, 701] getKernelReleaseVersion: 5.15
06-10 20:03:23.936 352 360 I SystemControl: [/SystemControlHal.cpp, onEvent, 72] onEvent event:5, client size:5
06-10 20:03:23.936 352 360 I SystemControl: [/UEventObserver.cpp, HDMITxUenventThreadLoop, 451] HDMI TX switch_name:hdmitx_hdcppwr, switch_state: 1
06-10 20:03:23.936 352 360 I SystemControl: [/DisplayMode.cpp, onTxEvent, 3267] onTxEvent switchName:hdmitx_hdcppwr hpdstate:1 state: 1
06-10 20:03:23.939 530 544 I SystemControlClient: notifyCallback event type:5
06-10 20:03:23.939 530 544 I SystemControlClient: notifyCallback: listener is NULL.
06-10 20:03:23.940 282 868 I SystemControlClient: notifyCallback event type:5
06-10 20:03:23.940 282 868 I SystemControlClient: notifyCallback: listener is NULL.
06-10 20:03:23.940 531 546 I SystemControlClient: notifyCallback event type:5
06-10 20:03:23.940 531 546 I SystemControlClient: notifyCallback: listener is NULL.
06-10 20:03:23.941 740 884 E WiredAccessoryManager: No state change.
06-10 20:03:23.941 740 807 I InputManager-JNI: Viewport [0] to add: local:4639170348389509643, isActive: true
06-10 20:03:23.941 352 360 I SystemControl: [/SysWrite.cpp, getKernelReleaseVersion, 701] getKernelReleaseVersion: 5.15
06-10 20:03:23.941 352 360 I SystemControl: [/Ubootenv.cpp, get, 336] [ubootenv] get key:hdmimode envValue: 2160p50hz
06-10 20:03:23.941 352 360 I SystemControl: [/Ubootenv.cpp, get, 336] [ubootenv] get key:is.bestmode envValue: false
06-10 20:03:23.941 352 360 I SystemControl: [/Ubootenv.cpp, get, 336] [ubootenv] get key:user_colorattribute envValue: rgb,8bit
06-10 20:03:23.941 352 360 I SystemControl: [/Ubootenv.cpp, get, 345] [ubootenv] search end and not find env:hdr_force_mode
06-10 20:03:23.941 352 360 I SystemControl: [/DisplayMode.cpp, gethdrforcemode, 2742] get hdr force mode is [2]
06-10 20:03:23.941 352 360 I SystemControl: [/Ubootenv.cpp, get, 336] [ubootenv] get key:hdr_policy envValue: 0
06-10 20:03:23.941 352 360 I SystemControl: [/DisplayMode.cpp, getHdrStrategy, 2758] getHdrStrategy is [0]
06-10 20:03:23.941 352 360 I SystemControl: [/Ubootenv.cpp, get, 336] [ubootenv] get key:hdr_priority envValue: 268435472
06-10 20:03:23.941 352 360 I SystemControl: [/DisplayMode.cpp, getHdrPriority, 2891] getHdrPriority is [0x10000010]
06-10 20:03:23.942 352 360 I SystemControl: [/DisplayMode.cpp, getCommonData, 1534] isbestcolorspace:0, isbestpolicy:0, hdr_policy:0, hdr_priority :268435472, hdr_force_mode:2
06-10 20:03:23.942 4983 5006 E OpenGLRenderer: Unable to match the desired swap behavior.
06-10 20:03:23.942 740 886 I InputReader: Reconfiguring input devices, changes=DISPLAY_INFO
06-10 20:03:23.943 1583 1583 D aaa : aaa screen on
06-10 20:03:23.944 998 998 I AudioVideoDevReconnectService: onReceive:android.intent.action.SCREEN_ON,mWaitForDisconnct:true
06-10 20:03:23.945 740 808 I DisplayDevice: [0] Layerstack set to 0 for local:4639170348389509643
06-10 20:03:23.949 352 972 I SystemControl: [/Ubootenv.cpp, get, 345] [ubootenv] search end and not find env:connector_type
06-10 20:03:23.950 536 536 D hdmicecd: [CEC]:printCecMessage, [4 -> 4] len: 0, body:, result:no ack
06-10 20:03:23.960 330 394 E MesonHwc: read screen size 0x0 from vinfo
06-10 20:03:23.960 330 394 E MesonHwc: dolby vision driver is not ready
06-10 20:03:23.960 330 394 D MesonHwc: ERR: PLEASE FIX NON-IMPLEMENT FUN(update).
06-10 20:03:23.962 305 305 D SurfaceFlinger: Setting power mode 2 on display 4639170348389509643
06-10 20:03:23.964 740 807 I DisplayDeviceRepository: Display device changed state: "内置屏幕", ON
06-10 20:03:23.970 541 541 I WifiHAL : wifi_set_latency_mode set to 1
06-10 20:03:23.975 523 1288 D xm_audio: adev_get_parameters
06-10 20:03:23.977 523 1288 D xm_audio: adev_get_parameters
06-10 20:03:23.987 330 394 E MesonHwc: dolby vision driver is not ready
06-10 20:03:23.987 523 1288 D xm_audio: adev_get_parameters
06-10 20:03:23.989 523 1288 D xm_audio: adev_get_parameters
06-10 20:03:23.990 330 394 E MesonHwc: dolby vision driver is not ready
06-10 20:03:23.991 352 972 I SystemControl: [/Ubootenv.cpp, get, 345] [ubootenv] search end and not find env:connector_type
06-10 20:03:23.991 330 394 E MesonHwc: FixedDisplayPipe::getConnectorCfg 11
06-10 20:03:23.992 330 394 E MesonHwc: dolby vision driver is not ready
06-10 20:03:23.993 330 394 E MesonHwc: dolby vision driver is not ready
06-10 20:03:23.993 352 972 I SystemControl: [/Ubootenv.cpp, get, 345] [ubootenv] search end and not find env:connector_type
06-10 20:03:23.993 330 394 E MesonHwc: FixedDisplayPipe::getConnectorCfg 11
06-10 20:03:23.993 330 394 D MesonHwc: ERR: PLEASE FIX NON-IMPLEMENT FUN(update).
06-10 20:03:23.993 330 389 E MesonHwc: getCrtc by id(0) failed.
06-10 20:03:23.993 330 389 V MesonDisplayServer: GetDisplayMode:
06-10 20:03:23.993 352 360 I SystemControl: [/DisplayMode.cpp, getDisplayMode, 2331] getDisplayMode mode:
06-10 20:03:23.993 352 360 I SystemControl: [/Ubootenv.cpp, get, 336] [ubootenv] get key:hdmimode envValue: 2160p50hz
06-10 20:03:23.993 352 360 I SystemControl: [/Ubootenv.cpp, get, 336] [ubootenv] get key:cvbsmode envValue: 576cvbs
06-10 20:03:23.993 352 360 I SystemControl: [/DisplayMode.cpp, getCommonData, 1542] hdmi_current_mode:, ubootenv hdmimode:2160p50hz cvbsmode:576cvbs
06-10 20:03:23.994 330 394 E MesonHwc: dolby vision driver is not ready
06-10 20:03:23.995 330 394 E MesonHwc: dolby vision driver is not ready
06-10 20:03:23.995 529 635 I SystemControlClient: notifyCallback event type:5
06-10 20:03:23.995 529 635 I SystemControlClient: notifyCallback: listener is NULL.
06-10 20:03:23.996 998 1141 I SystemControlEvent: system control callback event: 5
06-10 20:03:23.996 523 1288 D xm_audio: adev_get_parameters
06-10 20:03:23.996 330 394 V MesonDisplayServer: GetDisplayMode:dummy_l
06-10 20:03:23.996 2716 2716 I DaemonService: received ACTION_SCREEN_ON----------
06-10 20:03:23.997 352 972 I SystemControl: [/Ubootenv.cpp, get, 336] [ubootenv] get key:hdr_preferred_policy envValue: 0
06-10 20:03:23.997 523 1288 D xm_audio: adev_get_parameters
06-10 20:03:23.997 330 389 D MesonDisplayServer: use connector getDisplayAttribute "HDMI Color ATTR": "420,10bit"
06-10 20:03:23.997 352 360 I SystemControl: [/Ubootenv.cpp, get, 336] [ubootenv] get key:user_colorattribute envValue: rgb,8bit
06-10 20:03:23.997 352 360 I SystemControl: [/DisplayMode.cpp, getCommonData, 1554] hdmi_current_attr:420,10bit, ubootenv_colorattribute:rgb,8bit
06-10 20:03:23.997 352 360 I SystemControl: [/Ubootenv.cpp, get, 345] [ubootenv] search end and not find env:dv_enable
06-10 20:03:23.997 352 360 I SystemControl: [/DisplayMode.cpp, getCommonData, 1567] dv_enable:0
06-10 20:03:23.997 352 360 I SystemControl: [/Ubootenv.cpp, get, 345] [ubootenv] search end and not find env:user_prefer_dv_type
06-10 20:03:23.997 352 360 I SystemControl: [/DisplayMode.cpp, getCommonData, 1578] ubootenv_dv_type:0
06-10 20:03:23.998 352 360 I SystemControl: [/DisplayMode.cpp, getHdmiData, 1721] display sink type:1 [0:none, 1:sink, 2:repeater]
06-10 20:03:23.998 352 360 I SystemControl: [/DisplayMode.cpp, filterHdmiDispcap, 1398] before filtered HdmiDispcap: 480p60hz
06-10 20:03:23.998 352 360 I SystemControl: 720p60hz
06-10 20:03:23.998 352 360 I SystemControl: 1080i60hz
06-10 20:03:23.998 352 360 I SystemControl: 480i60hz
06-10 20:03:23.998 352 360 I SystemControl: 1080p60hz
06-10 20:03:23.998 352 360 I SystemControl: 576p50hz
06-10 20:03:23.998 352 360 I SystemControl: 720p50hz
06-10 20:03:23.998 352 360 I SystemControl: 1080i50hz
06-10 20:03:23.998 352 360 I SystemControl: 576i50hz
06-10 20:03:23.998 352 360 I SystemControl: 1080p50hz
06-10 20:03:23.998 352 360 I SystemControl: 2160p24hz
06-10 20:03:23.998 352 360 I SystemControl: 2160p25hz
06-10 20:03:23.998 352 360 I SystemControl: 2160p30hz
06-10 20:03:23.998 352 360 I SystemControl: 2160p50hz
06-10 20:03:23.998 352 360 I SystemControl: 2160p60hz
06-10 20:03:23.998 352 360 I SystemControl: smpte24hz
06-10 20:03:23.998 352 360 I SystemControl: smpte25hz
06-10 20:03:23.998 352 360 I SystemControl: smpte30hz
06-10 20:03:23.998 352 360 I SystemControl: smpte50hz
06-10 20:03:23.998 352 360 I SystemControl: smpte60hz
06-10 20:03:23.998 352 360 I SystemControl:
06-10 20:03:23.999 352 360 I SystemControl: [/DisplayMode.cpp, filterHdmiDispcap, 1427] after filtered HdmiDispcap: 480p60hz
06-10 20:03:23.999 352 360 I SystemControl: 720p60hz
06-10 20:03:23.999 352 360 I SystemControl: 1080i60hz
06-10 20:03:23.999 352 360 I SystemControl: 480i60hz
06-10 20:03:23.999 352 360 I SystemControl: 1080p60hz
06-10 20:03:23.999 352 360 I SystemControl: 576p50hz
06-10 20:03:23.999 352 360 I SystemControl: 720p50hz
06-10 20:03:23.999 352 360 I SystemControl: 1080i50hz
06-10 20:03:23.999 352 360 I SystemControl: 576i50hz
06-10 20:03:23.999 352 360 I SystemControl: 1080p50hz
06-10 20:03:23.999 352 360 I SystemControl: 2160p24hz
06-10 20:03:23.999 352 360 I SystemControl: 2160p25hz
06-10 20:03:23.999 352 360 I SystemControl: 2160p30hz
06-10 20:03:23.999 352 360 I SystemControl: 2160p50hz
06-10 20:03:23.999 352 360 I SystemControl: 2160p60hz
06-10 20:03:23.999 352 360 I SystemControl: smpte24hz
06-10 20:03:23.999 352 360 I SystemControl: smpte25hz
06-10 20:03:23.999 352 360 I SystemControl: smpte30hz
06-10 20:03:23.999 352 360 I SystemControl: smpte50hz
06-10 20:03:23.999 352 360 I SystemControl: smpte60hz
06-10 20:03:23.999 352 360 I SystemControl:
06-10 20:03:24.004 305 305 E Scheduler: trackPendingFrame: Invalid present fence
06-10 20:03:24.004 352 972 I SystemControl: [/Ubootenv.cpp, get, 336] [ubootenv] get key:user_hdr_type envValue: 3
06-10 20:03:24.005 330 394 D MesonDisplayServer: getDisplayAttribute "Dolby Vision CAP2": "The Rx don't support DolbyVision"
06-10 20:03:24.005 352 972 I SystemControl: [/Ubootenv.cpp, updateValue, 68] [ubootenv] update value name [ubootenv.var.hdr_policy]: value [0]
06-10 20:03:24.005 352 972 I SystemControl: [/Ubootenv.cpp, get, 336] [ubootenv] get key:hdr_policy envValue: 0
06-10 20:03:24.005 523 1288 D xm_audio: adev_get_parameters
06-10 20:03:24.006 352 972 I SystemControl: [/Ubootenv.cpp, updateValue, 68] [ubootenv] update value name [ubootenv.var.hdr_priority]: value [268435472]
06-10 20:03:24.006 352 972 I SystemControl: [/Ubootenv.cpp, get, 336] [ubootenv] get key:hdr_priority envValue: 268435472
06-10 20:03:24.007 523 1288 D xm_audio: adev_get_parameters
06-10 20:03:24.008 352 972 I SystemControl: [/Ubootenv.cpp, get, 336] [ubootenv] get key:user_colorattribute envValue: rgb,8bit
06-10 20:03:24.008 536 536 D hdmicecd: [CEC]:printCecMessage, [4 -> 4] len: 0, body:, result:no ack
06-10 20:03:24.008 1550 1796 E OpenGLRenderer: Unable to match the desired swap behavior.
06-10 20:03:24.009 330 394 V MesonDisplayServer: GetDisplayMode:dummy_l
06-10 20:03:24.010 330 389 D MesonDisplayServer: getDisplayAttribute "Dolby Vision CAP2": "The Rx don't support DolbyVision"
06-10 20:03:24.010 352 360 E SystemControl: [/DisplayMode.cpp, getHdmiDvCap, 1618] TV isn't support dolby vision: The Rx don't support DolbyVision
06-10 20:03:24.010 352 360 I SystemControl: [/DisplayMode.cpp, onTxEvent, 3294] onTxEvent boot config enable do nothing, just return
06-10 20:03:24.010 352 972 I SystemControl: [/Ubootenv.cpp, get, 336] [ubootenv] get key:hdmimode envValue: 2160p50hz
06-10 20:03:24.011 352 972 I SystemControl: [/Ubootenv.cpp, get, 336] [ubootenv] get key:cvbsmode envValue: 576cvbs
06-10 20:03:24.012 352 972 I SystemControl: [/Ubootenv.cpp, get, 336] [ubootenv] get key:user_colorattribute envValue: rgb,8bit
06-10 20:03:24.013 740 740 D HDMI : receive android.intent.action.SCREEN_ON
06-10 20:03:24.005 4776 4833 I bt_stack: [INFO:le_scanning_manager.cc(168)] Scan in shim layer stopped
06-10 20:03:24.014 4776 4810 I bluetooth: packages/modules/Bluetooth/system/gd/hci/le_address_manager.cc:193 unregister_client: Client unregistered
06-10 20:03:24.018 4776 4833 I bt_stack: [INFO:le_scanning_manager.cc(346)] SetScanParameters in shim layer
06-10 20:03:24.019 4776 4833 I bt_stack: [INFO:le_scanning_manager.cc(168)] Scan in shim layer started
06-10 20:03:24.019 4776 4810 I bluetooth: packages/modules/Bluetooth/system/gd/hci/le_scanning_manager.cc:588 stop_scan: Scanning already stopped, return!
06-10 20:03:24.019 4776 4810 I bluetooth: packages/modules/Bluetooth/system/gd/hci/le_address_manager.cc:178 register_client: Client registered
06-10 20:03:24.020 352 972 I SystemControl: [/Ubootenv.cpp, get, 345] [ubootenv] search end and not find env:dv_enable
06-10 20:03:24.023 330 394 E MesonHwc: dolby vision driver is not ready
06-10 20:03:24.024 352 972 I SystemControl: [/Ubootenv.cpp, get, 345] [ubootenv] search end and not find env:user_prefer_dv_type
06-10 20:03:24.024 330 394 E MesonHwc: dolby vision driver is not ready
06-10 20:03:24.025 330 394 D MesonDisplayServer: getDisplayAttribute "Dolby Vision CAP2": "The Rx don't support DolbyVision"
06-10 20:03:24.025 330 394 E MesonHwc: TV isn't support dv: The Rx don't support DolbyVision
06-10 20:03:24.025 352 972 I SystemControl: [/Ubootenv.cpp, get, 345] [ubootenv] search end and not find env:hdr_force_mode
06-10 20:03:24.026 352 972 I SystemControl: [/Ubootenv.cpp, get, 336] [ubootenv] get key:hdr_policy envValue: 0
06-10 20:03:24.028 352 972 I SystemControl: [/Ubootenv.cpp, get, 336] [ubootenv] get key:hdr_priority envValue: 268435472
06-10 20:03:24.029 523 585 D xm_audio: adev_get_parameters
06-10 20:03:24.030 523 1288 D xm_audio: adev_get_parameters
06-10 20:03:24.031 740 832 I DisplayPowerController2[0]: Unblocked screen on after 143 ms
06-10 20:03:24.033 740 832 W PowerManagerService: Screen on took 1237 ms
06-10 20:03:24.036 740 805 W ContextImpl: Calling a method in the system process without a qualified user: android.app.ContextImpl.startService:1899 com.android.server.wm.DisplayPolicy.lambda$focusChangedLw$5:2126 com.android.server.wm.DisplayPolicy.$r8$lambda$Znxk63oh-WzVnzo_WQefN7uxV48:0 com.android.server.wm.DisplayPolicy$$ExternalSyntheticLambda13.run:0 android.os.Handler.handleCallback:958
06-10 20:03:24.039 330 394 E MesonHwc: dolby vision driver is not ready
06-10 20:03:24.039 330 394 D MesonDisplayServer: getDisplayAttribute "Dolby Vision CAP2": "The Rx don't support DolbyVision"
06-10 20:03:24.040 352 972 I SystemControl: [/Ubootenv.cpp, get, 345] [ubootenv] search end and not find env:hdr_resolution_priority
06-10 20:03:24.040 352 972 I SystemControl: [/Ubootenv.cpp, get, 345] [ubootenv] search end and not find env:user_prefer_dv_type
06-10 20:03:24.042 740 740 D InstantWifi: mScreenOn is changed to true
06-10 20:03:24.042 523 1288 D xm_audio: adev_get_parameters
06-10 20:03:24.044 523 1288 D xm_audio: adev_get_parameters
06-10 20:03:24.044 330 394 E MesonHwc: dolby vision driver is not ready
06-10 20:03:24.044 330 394 V MesonDisplayServer: GetDisplayMode:dummy_l
06-10 20:03:24.044 352 972 I SystemControl: [/Ubootenv.cpp, get, 345] [ubootenv] search end and not find env:framerate_priority
06-10 20:03:24.052 352 972 I SystemControl: [/Ubootenv.cpp, get, 336] [ubootenv] get key:hdmimode envValue: 2160p50hz
06-10 20:03:24.054 352 972 I SystemControl: [/Ubootenv.cpp, get, 336] [ubootenv] get key:is.bestmode envValue: false
06-10 20:03:24.054 330 394 I MesonDisplay: [/mode_policy.c, meson_mode_set_policy, 1177] connector:0 to policy:8
06-10 20:03:24.054 330 394 I MesonDisplay: [/mode_policy.c, is_dv_prefer, 66] not prefer dv, hdr_priority:10000010
06-10 20:03:24.054 330 394 I MesonDisplay: [/mode_policy.c, is_dv_prefer, 66] not prefer dv, hdr_priority:10000010
06-10 20:03:24.054 330 394 I MesonDisplay: [/mode_policy.c, hdr_scene_process, 721] Do not output 8bit hdr. Change to auto color space
06-10 20:03:24.054 330 394 I MesonDisplay: [/mode_policy.c, hdr_scene_process, 724] policy:8 is_bestcolorspace:1 state:1
06-10 20:03:24.054 330 394 I MesonDisplay: [/mode_policy_parser.c, is_support_hdmimode, 110] is_support_hdmimode mode: 2160p50hz
06-10 20:03:24.054 330 394 D MesonDisplay: meson_write /sys/class/amhdmitx/amhdmitx0/valid_mode, outputmode:2160p50hz420,10bit
06-10 20:03:24.054 330 394 D MesonDisplay: valid mode is true!
06-10 20:03:24.054 330 394 I MesonDisplay: [/mode_policy.c, hdr_scene_process, 860] hdr_scene_process mode:[2160p50hz], color format:[420,10bit]
06-10 20:03:24.054 330 394 I MesonDisplay: [/mode_policy.c, meson_mode_get_policy_output, 1289] final_displaymode:2160p50hz, final_deepcolor:420,10bit, amdv_type:0
06-10 20:03:24.055 352 972 I SystemControl: [/Ubootenv.cpp, get, 336] [ubootenv] get key:hdr_preferred_policy envValue: 0
06-10 20:03:24.055 352 972 I SystemControl: [/Ubootenv.cpp, get, 336] [ubootenv] get key:frac_rate_policy envValue: 0
06-10 20:03:24.055 330 394 D MesonDisplayServer: use connector getDisplayAttribute "HDMI Color ATTR": "420,10bit"
06-10 20:03:24.055 330 394 D MesonDisplayServer: getDisplayAttribute "HDR Policy": "0"
06-10 20:03:24.055 330 394 D MesonDisplayServer: getDisplayAttribute "FORCE HDR Mode": "0"
06-10 20:03:24.055 330 394 D MesonDisplayServer: getDisplayAttribute "Dolby Vision Mode": "usage: echo mode > /sys/class/amdolby_vision/dv_mode AMDV_OUTPUT_MODE_BYPASS 0 AMDV_OUTPUT_MODE_IPT 1 AMDV_OUTPUT_MODE_IPT_TUNNEL 2 AMDV_OUTPUT_MODE_HDR10 3 AMDV_OUTPUT_MODE_SDR10 4 AMDV_OUTPUT_MODE_SDR8 5current dv_mode = off"
06-10 20:03:24.055 330 394 D MesonDisplayServer: getDisplayAttribute "Dolby Vision Policy": "0"
06-10 20:03:24.055 740 1936 I ImeTracker: com.dangbei.haqusetting:ef2067fb: onRequestHide at ORIGIN_SERVER_HIDE_INPUT reason HIDE_SAME_WINDOW_FOCUSED_WITHOUT_EDITOR
06-10 20:03:24.055 352 972 I SystemControl: [/Ubootenv.cpp, get, 345] [ubootenv] search end and not find env:hdr_force_mode
06-10 20:03:24.056 740 1936 I ImeTracker: com.dangbei.haqusetting:ef2067fb: onCancelled at PHASE_SERVER_SHOULD_HIDE
06-10 20:03:24.056 352 972 I SystemControl: [/Ubootenv.cpp, get, 336] [ubootenv] get key:hdr_policy envValue: 0
06-10 20:03:24.056 330 394 E MesonHwc: dolby vision driver is not ready
06-10 20:03:24.056 330 394 D MesonDisplayServer: use connector getDisplayAttribute "HDR Priority": "268435472"
06-10 20:03:24.057 352 972 I SystemControl: [/Ubootenv.cpp, get, 336] [ubootenv] get key:hdr_priority envValue: 268435472
06-10 20:03:24.057 330 394 D MesonDisplayServer: getDisplayAttribute "Dolby Vision Enable": "N"
06-10 20:03:24.057 330 394 D MesonDisplayServer: getDisplayAttribute "Dolby Vision LL Policy": "0"
06-10 20:03:24.057 330 394 E MesonHwc: dolby vision driver is not ready
06-10 20:03:24.057 330 394 V MesonDisplayServer: GetDisplayMode:dummy_l
06-10 20:03:24.057 330 394 I MesonDisplay: [/HDCPTxAuth.cpp, stopVerAll, 344] hdcp_tx 2.2 & 1.4 stop hdcp pwr
06-10 20:03:24.057 330 394 E MesonDisplay: open /sys/class/amhdmitx/amhdmitx0/hdcp_pwr fail. Error info [No such file or directory]
06-10 20:03:24.057 523 4177 D xm_audio: adev_get_parameters
06-10 20:03:24.058 2089 2089 I DefaultIMS: onStartInput attribute=android.view.inputmethod.EditorInfo@15edb68 restarting=false inputType: 0
06-10 20:03:24.053 982 991 I ndroid.systemui: Background young concurrent copying GC freed 170492(6424KB) AllocSpace objects, 0(0B) LOS objects, 47% free, 7153KB/13MB, paused 893us,70us total 186.105ms
06-10 20:03:24.059 523 1288 D xm_audio: adev_get_parameters
06-10 20:03:24.061 982 993 W System : A resource failed to call release.
06-10 20:03:24.061 982 993 W System : A resource failed to call release.
06-10 20:03:24.061 982 993 W System : A resource failed to call release.
06-10 20:03:24.061 982 993 W System : A resource failed to call release.
06-10 20:03:24.061 982 993 W System : A resource failed to call release.
06-10 20:03:24.062 541 541 I WifiHAL : call wifi_get_link_stats handler
06-10 20:03:24.062 541 541 I WifiHAL : Creating message to get link statistics; iface = 16
06-10 20:03:24.062 982 993 W System : A resource failed to call release.
06-10 20:03:24.062 982 993 W System : A resource failed to call release.
06-10 20:03:24.062 541 541 D WifiHAL : error code -95 mapped to -3
06-10 20:03:24.065 740 916 E WifiStaIfaceAidlImpl: getLinkLayerStats failed with service-specific exception: android.os.ServiceSpecificException: (code 4)
06-10 20:03:24.065 523 1288 D xm_audio: adev_get_parameters
06-10 20:03:24.066 541 541 I WifiHAL : call wifi_get_link_stats handler
06-10 20:03:24.066 541 541 I WifiHAL : Creating message to get link statistics; iface = 16
06-10 20:03:24.066 536 536 D hdmicecd: [CEC]:printCecMessage, [4 -> 4] len: 0, body:, result:no ack
06-10 20:03:24.066 541 541 D WifiHAL : error code -95 mapped to -3
06-10 20:03:24.066 740 953 D HDMI : New logical address for device [4]: [preferred:4, assigned:4]
06-10 20:03:24.068 523 1288 D xm_audio: adev_get_parameters
06-10 20:03:24.069 536 536 D hdmicecd: [HdmiCecControl]:getPhysicalAddress, physical addr: 2000, last pa: 2000, ret = 0
06-10 20:03:24.070 536 536 D hdmicecd: [HdmiCecControl]:getPhysicalAddress, physical addr: 2000, last pa: 2000, ret = 0
06-10 20:03:24.070 536 563 D hdmicecd: [HdmiCecControl]:getPhysicalAddress, physical addr: 2000, last pa: 2000, ret = 0
06-10 20:03:24.071 536 536 D hdmicecd: [HdmiCecControl]:getVendorId, vendorId: 0x1CA410
06-10 20:03:24.072 536 536 D hdmicecd: [HdmiCecControl]:getPhysicalAddress, physical addr: 2000, last pa: 2000, ret = 0
06-10 20:03:24.072 740 740 D HDMI : addCecDevice new:CEC: logical_address: 0x04 device_type: 4 cec_version: 5 vendor_id: 1877008 display_name: DBBOX-A3 power_status: 0 physical_address: 0x2000 port_id: 0 old:null
06-10 20:03:24.072 536 563 I hdmicecd: [HdmiCecControl]:addr:4, allocate result:0
06-10 20:03:24.074 740 916 E WifiStaIfaceAidlImpl: getLinkLayerStats failed with service-specific exception: android.os.ServiceSpecificException: (code 4)
06-10 20:03:24.076 523 1288 D xm_audio: adev_get_parameters
06-10 20:03:24.080 1583 1583 D aaa : LedStatusService onStartCommand begin
06-10 20:03:24.081 1583 5251 D aaa : topPkg is -------------- :com.dangbei.haqusetting
06-10 20:03:24.081 523 4177 D xm_audio: adev_get_parameters
06-10 20:03:24.092 536 563 D hdmicecd: [HdmiCecControl]:onAddressAllocated:4
06-10 20:03:24.093 740 740 D HDMI : onInitializeCecComplete 2
06-10 20:03:24.093 740 740 D HDMI : oneTouchPlay com.android.server.hdmi.OneTouchPlayAction@b6cb015
06-10 20:03:24.093 740 740 I HDMI : Not ready to start action. Queued for deferred start:com.android.server.hdmi.OneTouchPlayAction@b6cb015
06-10 20:03:24.093 740 740 D HdmiControlService: Local device is under address allocation. Queue display callback for later process.
06-10 20:03:24.094 740 740 D HDMI : onAddressAllocated address:4 reason:2
06-10 20:03:24.097 536 536 D hdmicecd: [HdmiCecControl]:getPhysicalAddress, physical addr: 2000, last pa: 2000, ret = 0
06-10 20:03:24.097 1204 1204 I wpa_supplicant: wpa_driver_nl80211_driver_cmd: wifi vendor: aml_w2_s
06-10 20:03:24.097 1204 1204 I wpa_supplicant: wpa_driver_nl80211_driver_cmd: wlan0: private command: SETSUSPENDMODE 0
06-10 20:03:24.098 536 536 D hdmicecd: [HdmiCecControl]:getVendorId, vendorId: 0x1CA410
06-10 20:03:24.098 740 953 D HDMI : [S]: 4F:84:20:00:04
06-10 20:03:24.099 536 563 D hdmicecd: [HdmiCecControl]:getPhysicalAddress, physical addr: 2000, last pa: 2000, ret = 0
06-10 20:03:24.099 740 740 D HDMI : DeviceDiscoveryAction start com.android.server.hdmi.DeviceDiscoveryAction@2b8f2a
06-10 20:03:24.100 740 740 I HdmiCecLocalDevice: Starting queued action:com.android.server.hdmi.OneTouchPlayAction@b6cb015
06-10 20:03:24.100 740 740 D HDMI : setActiveSource logical:0x04 physical:0x2000 OneTouchPlayAction#broadcastActiveSource()
06-10 20:03:24.100 536 1207 D hdmicecd: [HdmiCecControl]:getPhysicalAddress, physical addr: 2000, last pa: 2000, ret = 0
06-10 20:03:24.101 536 1207 D hdmicecd: [HdmiCecControl]:getPhysicalAddress, physical addr: 2000, last pa: 2000, ret = 0
06-10 20:03:24.101 740 740 D HDMI : ActiveSourceHistoryRecord active source=(0x04, 0x2000) isActiveSource=true from=OneTouchPlayAction#broadcastActiveSource()
06-10 20:03:24.101 740 740 D HDMI : setActiveSource logical:0x04 physical:0x2000 ActiveSourceAction
06-10 20:03:24.102 536 563 D hdmicecd: [HdmiCecControl]:getPhysicalAddress, physical addr: 2000, last pa: 2000, ret = 0
06-10 20:03:24.102 523 1288 D xm_audio: adev_get_parameters
06-10 20:03:24.103 536 1207 D hdmicecd: [HdmiCecControl]:getPhysicalAddress, physical addr: 2000, last pa: 2000, ret = 0
06-10 20:03:24.103 740 740 D HDMI : ActiveSourceHistoryRecord active source=(0x04, 0x2000) isActiveSource=true from=ActiveSourceAction
06-10 20:03:24.104 523 1288 D xm_audio: adev_get_parameters
06-10 20:03:24.108 740 943 D InstantWifi: Receive Wifi is connected, freq = 5180 and currentNetworkId : 0, wifiinfo = SSID: , BSSID: 02:00:00:00:00:00, MAC: 02:00:00:00:00:00, IP: /192.168.3.107, Security type: 2, Supplicant state: COMPLETED, Wi-Fi standard: 6, RSSI: -46, Link speed: 1200Mbps, Tx Link speed: 1200Mbps, Max Supported Tx Link speed: 1200Mbps, Rx Link speed: 6Mbps, Max Supported Rx Link speed: 1200Mbps, Frequency: 5180MHz, Net ID: -1, Metered hint: false, score: 60, isUsable: true, CarrierMerged: false, SubscriptionId: -1, IsPrimary: 1, Trusted: true, Restricted: false, Ephemeral: false, OEM paid: false, OEM private: false, OSU AP: false, FQDN: , Provider friendly name: , Requesting package name: MLO Information: , Is TID-To-Link negotiation supported by the AP: false, AP MLD Address: , AP MLO Link Id: , AP MLO Affiliated links:
06-10 20:03:24.113 740 924 W IPCThreadState: Sending oneway calls to frozen process.
06-10 20:03:24.114 740 924 W IPCThreadState: Sending oneway calls to frozen process.
06-10 20:03:24.114 740 924 W IPCThreadState: Sending oneway calls to frozen process.
06-10 20:03:24.116 330 394 E MesonDisplay: open /sys/class/amhdmitx/amhdmitx0/hdcp_pwr fail. Error info [No such file or directory]
06-10 20:03:24.116 330 394 E MesonDisplay: open /sys/class/amhdmitx/amhdmitx0/hdcp_ctrl fail. Error info [No such file or directory]
06-10 20:03:24.116 330 394 E MesonDisplay: open /sys/class/amhdmitx/amhdmitx0/hdcp_ctrl fail. Error info [No such file or directory]
06-10 20:03:24.118 330 394 I MesonDisplay: [/HDCPTxAuth.cpp, stop, 137] hdcp_tx pthread exit id = 3951280576, (null) done
06-10 20:03:24.118 330 394 D MesonDisplayServer: SetDisplay[HDMI] Mode to "2160p50hz"
06-10 20:03:24.121 523 585 D xm_audio: adev_get_parameters
06-10 20:03:24.122 523 585 D xm_audio: adev_get_parameters
06-10 20:03:24.128 330 395 E MesonHwc: waitVBlank failed crtc[63]ret[-1]
06-10 20:03:24.128 330 395 E MesonHwc: wait for hw vsync error:-1
06-10 20:03:24.131 523 585 D xm_audio: adev_get_parameters
06-10 20:03:24.139 523 4177 D xm_audio: adev_get_parameters
06-10 20:03:24.140 740 740 D HdmiControlService: Switching to full volume behavior
06-10 20:03:24.141 740 740 D HdmiControlService: Switching to full volume behavior
06-10 20:03:24.150 523 4177 D xm_audio: adev_get_parameters
06-10 20:03:24.151 523 4177 D xm_audio: adev_get_parameters
06-10 20:03:24.153 1550 1550 E hq : AdHelper:::StrReceiver onReceive=android.intent.action.SCREEN_ON
06-10 20:03:24.153 1550 1550 D FrameWorkHelper: isStrRestart:>>> true
06-10 20:03:24.158 523 4177 D xm_audio: adev_get_parameters
06-10 20:03:24.159 1550 1550 D FrameWorkHelper: resetRestart:
06-10 20:03:24.160 1550 1550 E hq : AdHelper:::str 开启,重新走广告流程
06-10 20:03:24.164 523 585 D xm_audio: adev_get_parameters
06-10 20:03:24.169 523 585 D xm_audio: adev_get_parameters
06-10 20:03:24.171 523 585 D xm_audio: adev_get_parameters
06-10 20:03:24.177 523 585 D xm_audio: adev_get_parameters
06-10 20:03:24.178 523 585 D xm_audio: adev_get_parameters
06-10 20:03:24.184 523 585 D xm_audio: adev_get_parameters
06-10 20:03:24.185 523 585 D xm_audio: adev_get_parameters
06-10 20:03:24.190 523 585 D xm_audio: adev_get_parameters
06-10 20:03:24.191 523 585 D xm_audio: adev_get_parameters
06-10 20:03:24.195 523 585 D xm_audio: adev_get_parameters
06-10 20:03:24.198 523 585 D xm_audio: adev_get_parameters
06-10 20:03:24.203 523 585 D xm_audio: adev_get_parameters
06-10 20:03:24.204 523 585 D xm_audio: adev_get_parameters
06-10 20:03:24.207 523 701 I audio_hw_hal_primary: [adev_uevent_callback:9131] uevent type=0
06-10 20:03:24.207 352 360 I SystemControl: [/UEventObserver.cpp, HDMITxUenventThreadLoop, 451] HDMI TX switch_name:hdmitx_vmode_audio, switch_state: 1
06-10 20:03:24.208 523 585 D xm_audio: adev_get_parameters
06-10 20:03:24.209 523 585 D xm_audio: adev_get_parameters
06-10 20:03:24.214 523 585 D xm_audio: adev_get_parameters
06-10 20:03:24.215 523 585 D xm_audio: adev_get_parameters
06-10 20:03:24.215 523 698 I audio_hw_hal_alsamgr: raw to lpcm switch aml_alsa_output_write
06-10 20:03:24.222 523 585 D xm_audio: adev_get_parameters
06-10 20:03:24.223 523 585 D xm_audio: adev_get_parameters
06-10 20:03:24.225 740 886 I EventHub: Removing device Dangbei due to epoll hang-up event.
06-10 20:03:24.225 740 886 I EventHub: Removed device: path=/dev/input/event11 name=Dangbei id=16 fd=458 classes=KEYBOARD | DPAD | EXTERNAL
06-10 20:03:24.232 523 585 D xm_audio: adev_get_parameters
06-10 20:03:24.233 523 585 D xm_audio: adev_get_parameters
06-10 20:03:24.234 1828 1862 D XM_HIDREAD: remove@ remove@/devices/virtual/misc/uhid/0005:000D:3838.0005/input/input19/event11
06-10 20:03:24.234 1828 1862 D XM_HIDREAD: remove@ remove@/devices/virtual/wakeup/wakeup34
06-10 20:03:24.234 352 360 I SystemControl: [/UEventObserver.cpp, HDMITxUenventThreadLoop, 451] HDMI TX switch_name:hdmitx_current_status, switch_state: 45
06-10 20:03:24.235 352 360 I SystemControl: [/UEventObserver.cpp, HDMITxUenventThreadLoop, 451] HDMI TX switch_name:hdmitx_current_status, switch_state: 46
06-10 20:03:24.235 352 360 I SystemControl: [/UEventObserver.cpp, HDMITxUenventThreadLoop, 451] HDMI TX switch_name:hdmitx_current_status, switch_state: 47
06-10 20:03:24.239 523 698 I audio_hw_hal_ms12v2: dolby_ms12_threadloop alsa is not running
06-10 20:03:24.239 523 698 I audio_hw_hal_alsamgr: aml_alsa_output_write alsa_running_status[0xf0ec64b0] change from 0 to 1
06-10 20:03:24.240 352 360 I SystemControl: [/UEventObserver.cpp, HDMITxUenventThreadLoop, 451] HDMI TX switch_name:hdmitx_current_status, switch_state: 48
06-10 20:03:24.240 523 4177 D xm_audio: adev_get_parameters
06-10 20:03:24.242 523 4177 D xm_audio: adev_get_parameters
06-10 20:03:24.246 330 394 V MesonDisplayServer: GetDisplayMode:2160p50hz
06-10 20:03:24.248 1828 1862 D XM_HIDREAD: remove@ remove@/devices/virtual/misc/uhid/0005:000D:3838.0005/input/input19
06-10 20:03:24.248 1828 1862 D XM_HIDREAD: remove@ remove@/devices/virtual/misc/uhid/0005:000D:3838.0005/input/input21/event12
06-10 20:03:24.248 352 972 I SystemControl: [/Ubootenv.cpp, get, 336] [ubootenv] get key:2160p_x envValue: 0
06-10 20:03:24.248 523 585 D xm_audio: adev_get_parameters
06-10 20:03:24.249 352 972 I SystemControl: [/Ubootenv.cpp, get, 336] [ubootenv] get key:2160p_y envValue: 0
06-10 20:03:24.249 352 972 I SystemControl: [/Ubootenv.cpp, get, 336] [ubootenv] get key:2160p_w envValue: 3840
06-10 20:03:24.249 352 402 I SystemControl: [/Ubootenv.cpp, get, 336] [ubootenv] get key:2160p_h envValue: 2160
06-10 20:03:24.249 352 402 I SystemControl: [/Ubootenv.cpp, updateValue, 68] [ubootenv] update value name [ubootenv.var.2160p_x]: value [0]
06-10 20:03:24.249 352 402 I SystemControl: [/Ubootenv.cpp, get, 336] [ubootenv] get key:2160p_x envValue: 0
06-10 20:03:24.250 352 402 I SystemControl: [/Ubootenv.cpp, updateValue, 68] [ubootenv] update value name [ubootenv.var.2160p_y]: value [0]
06-10 20:03:24.250 352 402 I SystemControl: [/Ubootenv.cpp, get, 336] [ubootenv] get key:2160p_y envValue: 0
06-10 20:03:24.250 352 402 I SystemControl: [/Ubootenv.cpp, updateValue, 68] [ubootenv] update value name [ubootenv.var.2160p_w]: value [3840]
06-10 20:03:24.250 352 402 I SystemControl: [/Ubootenv.cpp, get, 336] [ubootenv] get key:2160p_w envValue: 3840
06-10 20:03:24.250 352 402 I SystemControl: [/Ubootenv.cpp, updateValue, 68] [ubootenv] update value name [ubootenv.var.2160p_h]: value [2160]
06-10 20:03:24.250 352 402 I SystemControl: [/Ubootenv.cpp, get, 336] [ubootenv] get key:2160p_h envValue: 2160
06-10 20:03:24.250 330 394 V MesonDisplayServer: SetDisplay[HDMI] DisplayRect to "(0,0,3840,2160)"
06-10 20:03:24.250 330 394 V MesonDisplayServer: SetDisplayViewPort done
06-10 20:03:24.251 523 585 D xm_audio: adev_get_parameters
06-10 20:03:24.252 740 886 I InputReader: Device removed: id=14, eventHubId=16, name='Dangbei', descriptor='5bf61da49c3f961ffea2e2e86eddd822e5631010', sources=KEYBOARD | DPAD | JOYSTICK
06-10 20:03:24.254 536 536 D hdmicecd: [CEC]:printCecMessage, [4 -> f] len: 4, body: 84 20 00 04, result:success
06-10 20:03:24.254 536 536 E IPCThreadState: binder thread pool (1 threads) starved for 153 ms
06-10 20:03:24.255 740 886 I EventHub: Removing device Dangbei Consumer Control due to epoll hang-up event.
06-10 20:03:24.255 740 886 I EventHub: Removed device: path=/dev/input/event12 name=Dangbei Consumer Control id=17 fd=460 classes=KEYBOARD | DPAD | JOYSTICK | EXTERNAL
06-10 20:03:24.255 740 953 D HDMI : [S]: 4F:87:1C:A4:10
06-10 20:03:24.256 1828 1862 D XM_HIDREAD: remove@ remove@/devices/virtual/wakeup/wakeup35
06-10 20:03:24.264 305 305 E Scheduler: trackPendingFrame: Invalid present fence
06-10 20:03:24.265 523 585 D xm_audio: adev_get_parameters
06-10 20:03:24.266 523 585 D xm_audio: adev_get_parameters
06-10 20:03:24.268 1828 1862 D XM_HIDREAD: remove@ remove@/devices/virtual/misc/uhid/0005:000D:3838.0005/input/input21
06-10 20:03:24.268 1828 4865 D XM_HIDREAD: poll ret=1, event=18
06-10 20:03:24.268 1828 4865 E XM_HIDREAD: (10) thread_io_ready, poll error, event=18
06-10 20:03:24.269 1828 4865 D XM_HIDREAD: (10) thread_io_thread, finish
06-10 20:03:24.269 1828 1862 D XM_HIDREAD: remove@ remove@/devices/virtual/misc/uhid/0005:000D:3838.0005/hidraw/hidraw2
06-10 20:03:24.269 1828 1862 D XM_HIDREAD: remove@ remove@/devices/virtual/misc/uhid/0005:000D:3838.0005
06-10 20:03:24.271 330 394 E MesonHwc: open file [/sys/class/amhdmitx/amhdmitx0/aud_mute] error:Permission denied
06-10 20:03:24.271 330 394 E MesonHwc: open file [/sys/class/amhdmitx/amhdmitx0/aud_mute] error:Permission denied
06-10 20:03:24.271 330 394 E MesonHwc: dolby vision driver is not ready
06-10 20:03:24.272 524 524 E android.hardware.bluetooth@1.1-impl: BluetoothDeathRecipient::serviceDied - Bluetooth service died
06-10 20:03:24.272 524 524 I android.hardware.bluetooth@1.1-impl: BluetoothHci::close()
06-10 20:03:24.272 524 524 I android.hardware.bluetooth@1.1-impl: Skipping unlink call, service died.
06-10 20:03:24.272 524 524 D bt_vendor: op for 6
06-10 20:03:24.272 524 524 D bt_upio : upio_set : pio 2 action 1, polarity 0
06-10 20:03:24.272 524 524 E bt_upio : upio_set : open(/proc/bluetooth/sleep/lpm) for write failed: No such file or directory (2)
06-10 20:03:24.272 524 524 E bt_hwcfg: LPM disabled!!
06-10 20:03:24.273 740 1940 I ActivityManager: Process com.android.bluetooth (pid 4776) has died: psvc PER
06-10 20:03:24.273 740 1135 W AS.PlaybackActivityMon: client died
06-10 20:03:24.274 740 817 I libprocessgroup: Successfully killed process cgroup uid 1002 pid 4776 in 0ms
06-10 20:03:24.274 740 4193 I MediaSessionStack: removeSession | record: com.android.bluetooth/BluetoothMediaBrowserService (userId=0)
06-10 20:03:24.274 740 1137 W BluetoothManagerService: Profile service for profile: ComponentInfo{com.android.bluetooth/com.android.bluetooth.hid.HidHostService} died.
06-10 20:03:24.274 740 4193 W BluetoothManagerService: Profile service for profile: ComponentInfo{com.android.bluetooth/com.android.bluetooth.pan.PanService} died.
06-10 20:03:24.274 740 1137 W BluetoothManagerService: Profile service for profile: ComponentInfo{com.android.bluetooth/com.android.bluetooth.a2dp.A2dpService} died.
06-10 20:03:24.274 740 1137 D BluetoothA2dp: Proxy object disconnected
06-10 20:03:24.274 740 1137 D BluetoothA2dp: Unbinding service...
06-10 20:03:24.274 740 1137 D BluetoothA2dp: Proxy object disconnected
06-10 20:03:24.274 740 1137 D BluetoothA2dp: Unbinding service...
06-10 20:03:24.274 998 1014 D BluetoothHidHost: Proxy object disconnected
06-10 20:03:24.274 740 1137 D BluetoothA2dp: Proxy object disconnected
06-10 20:03:24.274 998 1014 D BluetoothHidHost: Unbinding service...
06-10 20:03:24.274 740 1137 D BluetoothA2dp: Unbinding service...
06-10 20:03:24.274 740 4193 I MediaSessionStack: removeSession | record: com.android.bluetooth/BluetoothMediaBrowserService (userId=0)
06-10 20:03:24.274 998 1011 D BluetoothPan: Proxy object disconnected
06-10 20:03:24.274 998 1011 D BluetoothPan: Unbinding service...
06-10 20:03:24.274 982 4195 D BluetoothHidHost: Proxy object disconnected
06-10 20:03:24.274 982 4195 D BluetoothHidHost: Unbinding service...
06-10 20:03:24.275 740 740 D BluetoothManagerService: BluetoothServiceConnection, disconnected: com.android.bluetooth.gatt.GattService
06-10 20:03:24.275 740 740 D BluetoothManagerService: BluetoothServiceConnection, disconnected: com.android.bluetooth.btservice.AdapterService
06-10 20:03:24.275 740 887 E BluetoothManagerService: MESSAGE_BLUETOOTH_SERVICE_DISCONNECTED(2)
06-10 20:03:24.275 740 887 E BluetoothManagerService: MESSAGE_BLUETOOTH_SERVICE_DISCONNECTED(1)
06-10 20:03:24.276 982 1525 D BluetoothPan: Proxy object disconnected
06-10 20:03:24.276 982 1525 D BluetoothPan: Unbinding service...
06-10 20:03:24.277 523 4177 D xm_audio: adev_get_parameters
06-10 20:03:24.277 740 1932 W BluetoothManagerService: Profile service for profile: ComponentInfo{com.android.bluetooth/com.android.bluetooth.hearingaid.HearingAidService} died.
06-10 20:03:24.277 740 887 D BluetoothManagerService: Broadcasting onBluetoothServiceDown() to 9 receivers.
06-10 20:03:24.277 740 887 W IPCThreadState: Sending oneway calls to frozen process.
06-10 20:03:24.278 740 887 D BluetoothAdapter: onBluetoothServiceDown
06-10 20:03:24.278 330 5252 I MesonDisplay: [/HDCPTxAuth.cpp, authThread, 173] hdcp_tx thread loop entry
06-10 20:03:24.278 330 394 I MesonDisplay: [/HDCPTxAuth.cpp, start, 109] hdcp_tx, create hdcp thread id = 3951280576 done
