06-13 20:07:40.477 I/ActivityManager( 485): Start proc 1101:com.dangbei.leard.leradlauncher/1000 for top-activity {com.dangbei.leard.leradlauncher/com.dangbei.launcher.home.LauncherActivity}
06-13 20:07:40.477 W/ActivityManager( 485): Slow operation: 90ms so far, now at startProcess: starting to update pids map
06-13 20:07:40.483 W/ActivityManager( 485): Slow operation: 96ms so far, now at startProcess: done updating pids map
06-13 20:07:40.489 W/Looper ( 485): Slow dispatch took 100ms main h=android.app.ActivityThread$H c=android.app.LoadedApk$ReceiverDispatcher$Args$$ExternalSyntheticLambda0@d560767 m=0
06-13 20:07:40.497 W/Looper ( 485): Slow delivery took 297ms main h=android.app.ActivityThread$H c=android.app.LoadedApk$ReceiverDispatcher$Args$$ExternalSyntheticLambda0@48cb914 m=0
06-13 20:07:40.501 I/adbd ( 389): jdwp connection from 1101
06-13 20:07:40.504 D/Zygote ( 255): Forked child process 1120
06-13 20:07:40.509 I/ActivityManager( 485): app.processName = com.android.keychain
06-13 20:07:40.509 I/ActivityManager( 485): Start proc 1120:com.android.keychain/1000 for service {com.android.keychain/com.android.keychain.KeyChainService}
06-13 20:07:40.519 I/Zygote ( 1120): seccomp disabled by setenforce 0
06-13 20:07:40.552 I/adbd ( 389): jdwp connection from 1120
06-13 20:07:40.552 D/AW_CODE ( 485): rotation =0
06-13 20:07:40.560 D/CompatibilityChangeReporter( 485): Compat change id reported: 174042980; UID 1000; state: DISABLED
06-13 20:07:40.586 I/MultiDex( 1039): VM with version 2.1.0 has multidex support
06-13 20:07:40.587 I/MultiDex( 1039): Installing application
06-13 20:07:40.587 I/MultiDex( 1039): VM has multidex support, MultiDex support library is disabled.
06-13 20:07:40.589 I/AccountManagerService( 485): User 0 is unlocked - opening CE database
06-13 20:07:40.605 V/MediaProvider( 1042): Attached media from com.android.providers.media.module
06-13 20:07:40.614 V/GraphicsEnvironment( 1074): ANGLE Developer option for 'com.android.traceur' set to: 'default'
06-13 20:07:40.614 V/GraphicsEnvironment( 1074): Neither updatable production driver nor prerelease driver is supported.
06-13 20:07:40.616 D/NetworkSecurityConfig( 1074): No Network Security Config specified, using platform default
06-13 20:07:40.617 D/NetworkSecurityConfig( 1074): No Network Security Config specified, using platform default
06-13 20:07:40.617 D/VoHCI ( 1117): VoHCI service version: v1.0.0
06-13 20:07:40.620 W/ActivityManager( 485): Slow operation: 84ms so far, now at attachApplicationLocked: after mServices.attachApplicationLocked
06-13 20:07:40.625 D/CompatibilityChangeReporter( 1101): Compat change id reported: 171979766; UID 1000; state: DISABLED
06-13 20:07:40.627 D/CompatibilityChangeReporter( 485): Compat change id reported: 168419799; UID 1000; state: DISABLED
06-13 20:07:40.627 V/WallpaperService( 684): Setting wallpaper dimming: 0.05
06-13 20:07:40.646 D/ApplicationLoaders( 1101): Returning zygote-cached class loader: /system/framework/android.test.base.jar
06-13 20:07:40.646 D/ApplicationLoaders( 1101): Returning zygote-cached class loader: /system/framework/android.hidl.manager-V1.0-java.jar
06-13 20:07:40.646 D/ApplicationLoaders( 1101): Returning zygote-cached class loader: /system/framework/android.hidl.base-V1.0-java.jar
06-13 20:07:40.646 D/CompatibilityChangeReporter( 1120): Compat change id reported: 171979766; UID 1000; state: ENABLED
06-13 20:07:40.647 E/VoHCI ( 1117): Cannot get card id for name: VoHCILoopback
06-13 20:07:40.661 I/Traceur ( 1074): Received BOOT_COMPLETE
06-13 20:07:40.696 W/Looper ( 485): Slow dispatch took 199ms main h=android.app.ActivityThread$H c=android.app.LoadedApk$ReceiverDispatcher$Args$$ExternalSyntheticLambda0@ad491ae m=0
06-13 20:07:40.702 V/NotificationAssistants( 485): 0 notification assistant service connected: ComponentInfo{android.ext.services/android.ext.services.notification.Assistant}
06-13 20:07:40.705 I/SyncManager( 485): Loaded persisted syncs: 0 periodic syncs, 0 oneshot syncs, 16 total system server jobs, JobStats: FirstLoad: 5/2/0 LastSave: -1/-1/-1
06-13 20:07:40.711 I/ActivityManager( 485): com.oranth.ledstatus is exempt from freezer
06-13 20:07:40.714 D/CompatibilityChangeReporter( 485): Compat change id reported: 135634846; UID 1000; state: DISABLED
06-13 20:07:40.722 I/system_server( 485): Background concurrent copying GC freed 161771(4762KB) AllocSpace objects, 13(1100KB) LOS objects, 49% free, 15MB/30MB, paused 3.413ms total 1.352s
06-13 20:07:40.725 W/Looper ( 485): Drained
06-13 20:07:40.727 I/hwservicemanager( 193): getTransport: Cannot find entry android.hardware.graphics.mapper@4.0::IMapper/default in either framework or device VINTF manifest.
06-13 20:07:40.727 I/Gralloc4( 684): mapper 4.x is not supported
06-13 20:07:40.728 I/hwservicemanager( 193): getTransport: Cannot find entry android.hardware.graphics.mapper@3.0::IMapper/default in either framework or device VINTF manifest.
06-13 20:07:40.728 W/Gralloc3( 684): mapper 3.x is not supported
06-13 20:07:40.734 D/Zygote ( 255): Forked child process 1146
06-13 20:07:40.735 I/ActivityManager( 485): app.processName = com.oranth.ledstatus
06-13 20:07:40.735 I/ActivityManager( 485): Start proc 1146:com.oranth.ledstatus/1000 for broadcast {com.oranth.ledstatus/com.oranth.ledstatus.BootCompletedReceiver}
06-13 20:07:40.737 E/gralloc ( 684): Arm Module v1.0
06-13 20:07:40.741 I/hwservicemanager( 193): getTransport: Cannot find entry android.hardware.graphics.allocator@4.0::IAllocator/default in either framework or device VINTF manifest.
06-13 20:07:40.741 W/Gralloc4( 684): allocator 4.x is not supported
06-13 20:07:40.742 I/hwservicemanager( 193): getTransport: Cannot find entry android.hardware.graphics.allocator@3.0::IAllocator/default in either framework or device VINTF manifest.
06-13 20:07:40.742 W/Gralloc3( 684): allocator 3.x is not supported
06-13 20:07:40.743 I/Zygote ( 1146): seccomp disabled by setenforce 0
06-13 20:07:40.750 I/gralloc ( 265): alloc buffer:W:1920 H:1080 S:1920 PL[1920 1080] SZ:8294400 fmt:43 if:0 af:43 usg:20000b00 fg:00000004
06-13 20:07:40.751 E/ion ( 684): ioctl c0044901 failed with code -1: Inappropriate ioctl for device
06-13 20:07:40.759 I/ranth.ledstatu( 1146): Late-enabling -Xcheck:jni
06-13 20:07:40.762 I/TranscodeHelper( 1042): Empty transcode compat stale
06-13 20:07:40.763 I/TranscodeHelper( 1042): Parsed 0 packages from resource
06-13 20:07:40.764 I/TranscodeHelper( 1042): Empty device config transcode compat manifest
06-13 20:07:40.772 I/gralloc ( 265): alloc buffer:W:1920 H:1080 S:1920 PL[1920 1080] SZ:8294400 fmt:43 if:0 af:43 usg:20000b00 fg:00000004
06-13 20:07:40.784 V/GraphicsEnvironment( 1101): ANGLE Developer option for 'com.dangbei.leard.leradlauncher' set to: 'default'
06-13 20:07:40.785 V/GraphicsEnvironment( 1101): Neither updatable production driver nor prerelease driver is supported.
06-13 20:07:40.785 W/sunxihwc( 269): computeLayerMemoryFootprint: Unknown pixelformat(-1)
06-13 20:07:40.790 D/NetworkSecurityConfig( 1101): Using Network Security Config from resource network_permission_config debugBuild: false
06-13 20:07:40.797 D/NetworkSecurityConfig( 1101): Using Network Security Config from resource network_permission_config debugBuild: false
06-13 20:07:40.822 V/GraphicsEnvironment( 1120): ANGLE Developer option for 'com.android.keychain' set to: 'default'
06-13 20:07:40.822 V/GraphicsEnvironment( 1120): Neither updatable production driver nor prerelease driver is supported.
06-13 20:07:40.824 D/NetworkSecurityConfig( 1120): No Network Security Config specified, using platform default
06-13 20:07:40.825 D/NetworkSecurityConfig( 1120): No Network Security Config specified, using platform default
06-13 20:07:40.856 I/MultiDex( 1101): VM with version 2.1.0 has multidex support
06-13 20:07:40.856 I/MultiDex( 1101): Installing application
06-13 20:07:40.857 I/MultiDex( 1101): VM has multidex support, MultiDex support library is disabled.
06-13 20:07:40.864 V/MediaStore( 1042): Examining volume emulated;0 with name external_primary and state checking
06-13 20:07:40.876 I/adbd ( 389): jdwp connection from 1146
06-13 20:07:40.881 D/CompatibilityChangeReporter( 1042): Compat change id reported: 148180766; UID 10074; state: ENABLED
06-13 20:07:40.895 D/PulledMetrics( 1042): Registering callback with StatsManager
06-13 20:07:40.900 I/rainbow_flow( 332): type=1400 audit(0.0:405): avc: denied { ioctl } for path="/dev/spidev1.0" dev="tmpfs" ino=249 ioctlcmd=0x6b00 scontext=u:r:init:s0 tcontext=u:object_r:device:s0 tclass=chr_file permissive=1
06-13 20:07:40.920 V/MediaProvider( 1042): onConfigure() for external.db
06-13 20:07:40.925 D/CompatibilityChangeReporter( 485): Compat change id reported: 168419799; UID 1000; state: DISABLED
06-13 20:07:40.929 I/StorageUserConnection( 485): Service: [ComponentInfo{com.android.providers.media.module/com.android.providers.media.fuse.ExternalStorageServiceImpl}] connected. User [0]
06-13 20:07:40.933 V/MediaProvider( 1042): onOpen() for external.db
06-13 20:07:40.933 I/ExternalStorageServiceImpl( 1042): Starting session for id: emulated;0
06-13 20:07:40.934 V/FuseDaemonThread( 1042): Waiting 1000ms for FUSE start. Count 4
06-13 20:07:40.935 V/MediaProvider( 1042): onOpen() finished for external.db
06-13 20:07:40.939 I/FuseDaemonThread( 1042): Starting thread for emulated;0 ...
06-13 20:07:40.942 I/FuseDaemon( 1042): Starting fuse...
06-13 20:07:40.953 D/GattService( 671): Unlocked userId 0
06-13 20:07:40.977 W/IorapForwardingService( 485): No service published for: iorapd
06-13 20:07:40.980 D/CompatibilityChangeReporter( 1146): Compat change id reported: 171979766; UID 1000; state: DISABLED
06-13 20:07:40.982 D/CompatibilityChangeReporter( 485): Compat change id reported: 149924527; UID 1000; state: ENABLED
06-13 20:07:40.984 D/CompatibilityChangeReporter( 485): Compat change id reported: 132649864; UID 1000; state: DISABLED
06-13 20:07:41.015 D/ApplicationLoaders( 1146): Returning zygote-cached class loader: /system/framework/android.test.base.jar
06-13 20:07:41.015 D/ApplicationLoaders( 1146): Returning zygote-cached class loader: /system/framework/android.hidl.manager-V1.0-java.jar
06-13 20:07:41.015 D/ApplicationLoaders( 1146): Returning zygote-cached class loader: /system/framework/android.hidl.base-V1.0-java.jar
06-13 20:07:41.040 E/ccc ( 1039): cccccc etna EtnaApplication init com.dangbei.lerad.etna.haqu.EtnaApplication@6c3f25b
06-13 20:07:41.046 I/MMKV ( 1039): Disable checkProcessMode()
06-13 20:07:41.052 W/ranth.ledstatu( 1146): ClassLoaderContext shared library size mismatch. Expected=0, found=4 (PCL[] | PCL[]{PCL[/system/framework/android.test.base.jar*3790657674]#PCL[/system/framework/android.hidl.manager-V1.0-java.jar*1809561547]#PCL[/system/framework/android.hidl.base-V1.0-java.jar*2233032481]#PCL[/system/framework/org.apache.http.legacy.jar*2058259660]})
06-13 20:07:41.055 I/MMKV ( 1039): current API level = 31
06-13 20:07:41.056 I/MMKV ( 1039): version v1.2.8 page size:4096
06-13 20:07:41.057 I/MMKV ( 1039): root dir: /data/user/0/com.dangbei.lerad.etna.haqu/files/mmkv
06-13 20:07:41.080 I/EventThread( 273): type=1400 audit(0.0:406): avc: denied { search } for name="extcon" dev="sysfs" ino=18109 scontext=u:r:hal_tv_cec_default:s0 tcontext=u:object_r:sysfs_extcon:s0 tclass=dir permissive=1
06-13 20:07:41.098 V/GraphicsEnvironment( 1146): ANGLE Developer option for 'com.oranth.ledstatus' set to: 'default'
06-13 20:07:41.098 V/GraphicsEnvironment( 1146): Neither updatable production driver nor prerelease driver is supported.
06-13 20:07:41.106 D/NetworkSecurityConfig( 1146): No Network Security Config specified, using platform default
06-13 20:07:41.109 D/NetworkSecurityConfig( 1146): No Network Security Config specified, using platform default
06-13 20:07:41.117 I/aaa ( 1146): BootCompleteService is start !!!
06-13 20:07:41.119 W/ContextImpl( 1146): Calling a method in the system process without a qualified user: android.app.ContextImpl.startService:1816 android.content.ContextWrapper.startService:774 android.content.ContextWrapper.startService:774 com.oranth.ledstatus.BootCompletedReceiver.onReceive:15 android.app.ActivityThread.handleReceiver:4308
06-13 20:07:41.131 I/ActivityManager( 485): com.oranth.storage is exempt from freezer
06-13 20:07:41.132 D/CompatibilityChangeReporter( 485): Compat change id reported: 135634846; UID 1000; state: DISABLED
06-13 20:07:41.137 D/aaa ( 1146): onCreate()
06-13 20:07:41.138 E/SELinux ( 192): avc: denied { find } for pid=1146 uid=1000 name=MyLedService scontext=u:r:system_app:s0 tcontext=u:object_r:default_android_service:s0 tclass=service_manager permissive=1
06-13 20:07:41.140 E/SELinux ( 192): avc: denied { add } for pid=1146 uid=1000 name=MyLedService scontext=u:r:system_app:s0 tcontext=u:object_r:default_android_service:s0 tclass=service_manager permissive=1
06-13 20:07:41.155 D/Zygote ( 255): Forked child process 1185
06-13 20:07:41.157 I/ActivityManager( 485): app.processName = com.oranth.storage
06-13 20:07:41.157 I/ActivityManager( 485): Start proc 1185:com.oranth.storage/1000 for broadcast {com.oranth.storage/com.oranth.storage.BootCompletedReceiver}
06-13 20:07:41.168 I/Zygote ( 1185): seccomp disabled by setenforce 0
06-13 20:07:41.170 E/ccc ( 1039): cccccc ota-path is cache/recovery/
06-13 20:07:41.174 D/aaa ( 1146): LedStatusService onStartCommand begin
06-13 20:07:41.176 D/aaa ( 1146): topPkg is -------------- :com.android.tv.settings
06-13 20:07:41.179 I/.oranth.storag( 1185): Late-enabling -Xcheck:jni
06-13 20:07:41.182 W/ContextImpl( 1039): Calling a method in the system process without a qualified user: android.app.ContextImpl.startService:1816 android.content.ContextWrapper.startService:774 com.dangbei.lerad.etna.core.EtnaManager.startService:64 com.dangbei.lerad.etna.core.EtnaManager.init:39 com.dangbei.lerad.etna.haqu.EtnaApplication.init:87
06-13 20:07:41.197 W/ContextImpl( 1039): Calling a method in the system process without a qualified user: android.app.ContextImpl.startService:1816 android.content.ContextWrapper.startService:774 com.dangbei.andes.CoreService$Companion.start:29 com.dangbei.lerad.etna.haqu.EtnaApplication.init:88 com.dangbei.lerad.etna.haqu.EtnaApplication.onCreate:59
06-13 20:07:41.207 I/WCN ( 345): WCND at cmd read:3
06-13 20:07:41.205 W/ServiceManager( 378): Waited one second for gsiservice (is service started? are binder threads started and available?)
06-13 20:07:41.213 I/BpBinder( 192): onLastStrongRef automatically unlinking death recipients:
06-13 20:07:41.218 D/XM_HIDREAD( 328): remove@ remove@/devices/virtual/block/dm-4
06-13 20:07:41.221 D/XM_HIDREAD( 328): remove@ remove@/devices/virtual/bdi/253:4
06-13 20:07:41.216 I/kdevtmpfs( 29): type=1400 audit(0.0:407): avc: denied { setattr } for name="dm-4" dev="devtmpfs" ino=3288 scontext=u:r:kernel:s0 tcontext=u:object_r:device:s0 tclass=blk_file permissive=1
06-13 20:07:41.216 I/kdevtmpfs( 29): type=1400 audit(0.0:408): avc: denied { unlink } for name="dm-4" dev="devtmpfs" ino=3288 scontext=u:r:kernel:s0 tcontext=u:object_r:device:s0 tclass=blk_file permissive=1
06-13 20:07:41.221 I/FrameWorkHelper( 1101): userHttps:
06-13 20:07:41.223 D/XM_HIDREAD( 328): remove@ remove@/devices/virtual/block/dm-4
06-13 20:07:41.228 I/WCN ( 662): get_board_ant_num [three_ant]
06-13 20:07:41.228 E/ ( 662): wifi ini path = /vendor/etc/wifi_56630001_3ant.ini
06-13 20:07:41.243 D/DisplayOutputManager( 1039): ro.build.characteristics=homlet
06-13 20:07:41.240 E/sprdwl ( 662): __sprdwl_cmd_getbuf cant't get vif, ctx_id: 0
06-13 20:07:41.245 I/servicemanager( 192): Found vendor.display.output.IDisplayOutputManager/default in device VINTF manifest.
06-13 20:07:41.249 I/update_engine( 378): CheckTargetMergeState for vendor_b returned: 5
06-13 20:07:41.262 I/adbd ( 389): jdwp connection from 1185
06-13 20:07:41.256 I/update_engine( 378): type=1400 audit(0.0:409): avc: denied { read } for name="bootconfig" dev="proc" ino=4026532054 scontext=u:r:update_engine:s0 tcontext=u:object_r:proc_bootconfig:s0 tclass=file permissive=1
06-13 20:07:41.263 W/audit ( 378): audit_lost=24 audit_rate_limit=5 audit_backlog_limit=64
06-13 20:07:41.263 E/audit ( 378): rate limit exceeded
06-13 20:07:41.271 E/sprdwl ( 662): __sprdwl_cmd_getbuf cant't get vif, ctx_id: 0
06-13 20:07:41.278 D/HomletDisplayOutputManager( 1039): get IDisplayOutputManager service success
06-13 20:07:41.287 D/AudioManagerEx( 1039): AudioManagerEx
06-13 20:07:41.288 D/XM_HIDREAD( 328): remove@ remove@/devices/virtual/block/dm-0
06-13 20:07:41.295 D/audio_hw_primary( 260): Mic get_audio_devices_active:
06-13 20:07:41.296 D/audio_hw_primary( 260): get_audio_devices_active: AUDIO_HDMI
06-13 20:07:41.296 D/xm_audio( 260): adev_get_parameters
06-13 20:07:41.296 I/hash_map_utils( 279): system/bt/osi/src/hash_map_utils.cc:81 hash_map_utils_dump_string_keys_string_values: key: 'audio_devices_out_active' value: ''
06-13 20:07:41.297 D/AudioManagerEx( 1039): type audio_devices_out_active list AUDIO_HDMI=
06-13 20:07:41.299 D/XM_HIDREAD( 328): remove@ remove@/devices/virtual/bdi/253:0
06-13 20:07:41.300 D/XM_HIDREAD( 328): remove@ remove@/devices/virtual/block/dm-0
06-13 20:07:41.311 D/XM_HIDREAD( 328): remove@ remove@/devices/virtual/block/dm-1
06-13 20:07:41.312 D/XM_HIDREAD( 328): remove@ remove@/devices/virtual/bdi/253:1
06-13 20:07:41.312 D/XM_HIDREAD( 328): remove@ remove@/devices/virtual/block/dm-1
06-13 20:07:41.316 D/audio_hw_primary( 260): getAudioDevices()
06-13 20:07:41.316 D/audio_hw_primary( 260): out dev:AUDIO_CODEC
06-13 20:07:41.316 D/audio_hw_primary( 260): in dev:AUDIO_SPDIF
06-13 20:07:41.316 D/audio_hw_primary( 260): out dev:AUDIO_SPDIF
06-13 20:07:41.316 D/audio_hw_primary( 260): in dev:AUDIO_HDMI
06-13 20:07:41.316 D/audio_hw_primary( 260): out dev:AUDIO_HDMI
06-13 20:07:41.316 D/audio_hw_primary( 260): in dev:AUDIO_I2S2
06-13 20:07:41.316 D/audio_hw_primary( 260): out playback: AUDIO_CODEC,AUDIO_SPDIF,AUDIO_HDMI
06-13 20:07:41.317 D/xm_audio( 260): adev_get_parameters
06-13 20:07:41.317 I/hash_map_utils( 279): system/bt/osi/src/hash_map_utils.cc:81 hash_map_utils_dump_string_keys_string_values: key: 'audio_devices_out' value: ''
06-13 20:07:41.318 D/AudioManagerEx( 1039): type audio_devices_out list AUDIO_CODEC,AUDIO_SPDIF,AUDIO_HDMI=
06-13 20:07:41.320 D/CompatibilityChangeReporter( 485): Compat change id reported: 168419799; UID 1000; state: DISABLED
06-13 20:07:41.346 W/ContextImpl( 1039): Calling a method in the system process without a qualified user: android.app.ContextImpl.bindService:1895 android.content.ContextWrapper.bindService:810 com.dangbei.lerad.etna.lib.client.EtnaClient.bindServer:138 com.dangbei.lerad.etna.lib.client.EtnaClient.access$600:29 com.dangbei.lerad.etna.lib.client.EtnaClient$3.call:205
06-13 20:07:41.347 I/update_engine( 378): CheckTargetMergeState for system_b returned: 5
06-13 20:07:41.336 E/sprdwl ( 662): sprdwl_get_fw_info, drv_version=1, fw_version=2, compat_ver=0
06-13 20:07:41.350 E/sprdwl ( 662): chip_model:0x2355, chip_ver:0x0
06-13 20:07:41.365 D/ConnectivityService( 485): NetReassign [no changes]
06-13 20:07:41.357 E/sprdwl ( 662): fw_ver:0, fw_std:0x53, fw_capa:0x120f4f
06-13 20:07:41.364 E/sprdwl ( 662): mac_addr:b4:2f:03:15:e8:b9
06-13 20:07:41.376 D/CompatibilityChangeReporter( 1185): Compat change id reported: 171979766; UID 1000; state: ENABLED
06-13 20:07:41.377 D/ConnectivityService( 485): NetReassign [no changes]
06-13 20:07:41.373 E/sprdwl ( 662): credit_capa:TX_WITH_CREDIT, extend_feature:0x1
06-13 20:07:41.386 E/sprdwl ( 662): ott support:1
06-13 20:07:41.389 D/XM_HIDREAD( 328): add@ add@/devices/platform/unisoc_wifi/ieee80211/phy0
06-13 20:07:41.391 D/XM_HIDREAD( 328): remove@ remove@/devices/virtual/block/dm-6
06-13 20:07:41.394 D/XM_HIDREAD( 328): remove@ remove@/devices/virtual/bdi/253:6
06-13 20:07:41.395 D/XM_HIDREAD( 328): remove@ remove@/devices/virtual/block/dm-6
06-13 20:07:41.403 D/XM_HIDREAD( 328): add@ add@/devices/platform/unisoc_wifi/ieee80211/phy0/rfkill2
06-13 20:07:41.415 D/XM_HIDREAD( 328): remove@ remove@/devices/virtual/block/dm-7
06-13 20:07:41.405 E/sprdwl ( 662): __sprdwl_cmd_getbuf cant't get vif, ctx_id: 0
06-13 20:07:41.419 D/XM_HIDREAD( 328): remove@ remove@/devices/virtual/bdi/253:7
06-13 20:07:41.420 D/XM_HIDREAD( 328): remove@ remove@/devices/virtual/block/dm-7
06-13 20:07:41.444 I/update_engine( 378): CheckTargetMergeState for product_b returned: 5
06-13 20:07:41.446 I/update_engine( 378): CheckMergeState for snapshots returned: 5
06-13 20:07:41.447 I/update_engine( 378): Removing all update state.
06-13 20:07:41.459 W/ContextImpl( 1039): Calling a method in the system process without a qualified user: android.app.ContextImpl.bindService:1895 android.content.ContextWrapper.bindService:810 com.dangbei.lerad.etna.lib.client.EtnaClient.bindServer:138 com.dangbei.lerad.etna.lib.client.EtnaClient.access$600:29 com.dangbei.lerad.etna.lib.client.EtnaClient$3.call:205
06-13 20:07:41.473 I/update_engine( 378): ProcessUpdateState handling state: 5
06-13 20:07:41.475 I/update_engine( 378): [INFO:cleanup_previous_update_action.cc(320)] Merge finished with state MergeCompleted.
06-13 20:07:41.476 I/update_engine( 378): [INFO:cleanup_previous_update_action.cc(130)] Stopping/suspending/completing CleanupPreviousUpdateAction
06-13 20:07:41.478 I/update_engine( 378): [INFO:cleanup_previous_update_action.cc(491)] Reporting merge stats: MergeCompleted in 1356ms (resumed 1 times), using 0 bytes of COW image.
06-13 20:07:41.481 I/update_engine( 378): [INFO:cleanup_previous_update_action.cc(130)] Stopping/suspending/completing CleanupPreviousUpdateAction
06-13 20:07:41.484 I/update_engine( 378): [INFO:action_processor.cc(116)] ActionProcessor: finished last action CleanupPreviousUpdateAction with code ErrorCode::kSuccess
06-13 20:07:41.487 I/update_engine( 378): [INFO:update_attempter_android.cc(549)] Processing Done.
06-13 20:07:41.490 I/update_engine( 378): [INFO:update_attempter_android.cc(701)] Terminating cleanup previous update.
06-13 20:07:41.492 I/bt_core_module( 671): system/bt/btcore/src/module.cc:90 module_start_up: module_start_up Started module "controller_module"
06-13 20:07:41.492 I/bt_btm_pm( 671): system/bt/stack/acl/btm_pm.cc:392 btm_pm_reset: reset pm
06-13 20:07:41.493 I/btm_acl ( 671): system/bt/stack/acl/btm_acl.cc:654 check_link_policy: hold not supported (settings: 0x000d)
06-13 20:07:41.493 I/btm_acl ( 671): system/bt/stack/acl/btm_acl.cc:664 check_link_policy: park not supported (settings: 0x0005)
06-13 20:07:41.494 I/bt_btm_sec( 671): system/bt/stack/btm/btm_sec.cc:226 BTM_SecRegister: BTM_SecRegister p_cb_info->p_le_callback == 0x0xbe7886c1
06-13 20:07:41.494 I/bt_btm_sec( 671): system/bt/stack/btm/btm_sec.cc:241 BTM_SecRegister: BTM_SecRegister btm_cb.api.p_le_callback = 0x0xbe7886c1
06-13 20:07:41.495 V/GraphicsEnvironment( 1185): ANGLE Developer option for 'com.oranth.storage' set to: 'default'
06-13 20:07:41.495 D/XM_HIDREAD( 328): add@ add@/devices/platform/unisoc_wifi/net/wlan0
06-13 20:07:41.495 D/XM_HIDREAD( 328): add@ add@/devices/platform/unisoc_wifi/net/wlan0/queues/rx-0
06-13 20:07:41.495 D/XM_HIDREAD( 328): add@ add@/devices/platform/unisoc_wifi/net/wlan0/queues/tx-0
06-13 20:07:41.496 I/bluetooth( 671): system/bt/stack/gatt/gatt_api.cc:1019 GATT_Register: Allocated name:GattClient uuid:fe2dc0b7-7801-a21e-200e-1d1fbe04cbe8 gatt_if:3 eatt_support:0
06-13 20:07:41.497 V/GraphicsEnvironment( 1185): Neither updatable production driver nor prerelease driver is supported.
06-13 20:07:41.497 W/unisoc_wifi wlan0( 662): mixed HW and IP checksum settings.
06-13 20:07:41.503 W/unisoc_wifi wlan1( 662): mixed HW and IP checksum settings.
06-13 20:07:41.502 D/XM_HIDREAD( 328): add@ add@/devices/platform/unisoc_wifi/net/wlan1
06-13 20:07:41.502 D/XM_HIDREAD( 328): add@ add@/devices/platform/unisoc_wifi/net/wlan1/queues/rx-0
06-13 20:07:41.502 D/XM_HIDREAD( 328): add@ add@/devices/platform/unisoc_wifi/net/wlan1/queues/tx-0
06-13 20:07:41.512 W/PppoeNetworkFactory( 485): interfaceAdded
06-13 20:07:41.512 I/Tethering( 789): adding IpServer for: wlan0
06-13 20:07:41.513 I/EthernetTracker( 485): interfaceLinkStateChanged, iface: wlan0, up: false
06-13 20:07:41.513 W/PppoeNetworkFactory( 485): interfaceLinkStateChanged
06-13 20:07:41.513 D/PppoeNetworkFactory( 485): updateInterface: mIface: mPhyIface:eth0 iface:wlan0 link:down
06-13 20:07:41.513 D/PppoeNetworkFactory( 485): not tracker interface
06-13 20:07:41.513 W/PppoeNetworkFactory( 485): interfaceAdded
06-13 20:07:41.513 I/EthernetTracker( 485): interfaceLinkStateChanged, iface: wlan1, up: false
06-13 20:07:41.513 W/PppoeNetworkFactory( 485): interfaceLinkStateChanged
06-13 20:07:41.513 D/PppoeNetworkFactory( 485): updateInterface: mIface: mPhyIface:eth0 iface:wlan1 link:down
06-13 20:07:41.513 D/PppoeNetworkFactory( 485): not tracker interface
06-13 20:07:41.512 E/unisoc_wifi wlan1( 662): netif_napi_add() called with weight 128
06-13 20:07:41.531 D/NetworkSecurityConfig( 1185): No Network Security Config specified, using platform default
06-13 20:07:41.534 D/XM_HIDREAD( 328): add@ add@/module/sprdwl_ng
06-13 20:07:41.541 D/wifi_hal-auto-detect( 662): libwifi hal name: libwifi-hal-sprd.so
06-13 20:07:41.542 D/NetworkSecurityConfig( 1185): No Network Security Config specified, using platform default
06-13 20:07:41.544 I/Tethering( 789): adding IpServer for: wlan1
06-13 20:07:41.544 I/bt_stack( 671): [INFO:ble_advertiser_hci_interface.cc(767)] Extended advertising will be in use
06-13 20:07:41.546 D/AdapterProperties( 671): BT_PROPERTY_LOCAL_LE_FEATURES: update from BT controller mNumOfAdvertisementInstancesSupported = 0 mRpaOffloadSupported = false mNumOfOffloadedIrkSupported = 0 mNumOfOffloadedScanFilterSupported = 0 mOffloadedScanResultStorageBytes= 0 mIsActivityAndEnergyReporting = false mVersSupported = 0 mTotNumOfTrackableAdv = 0 mIsExtendedScanSupported = false mIsDebugLogSupported = false mIsLe2MPhySupported = true mIsLeCodedPhySupported = true mIsLeExtendedAdvertisingSupported = true mIsLePeriodicAdvertisingSupported = true mLeMaximumAdvertisingDataLength = 1650 mDynamicAudioBufferSizeSupportedCodecsGroup1 = 0 mDynamicAudioBufferSizeSupportedCodecsGroup2 = 0
06-13 20:07:41.547 E/bt_btif_storage( 671): system/bt/btif/src/btif_storage.cc:632 btif_storage_get_adapter_property: btif_storage_get_adapter_property: Controller ready!
06-13 20:07:41.547 I/bt_btif_storage( 671): system/bt/btif/src/btif_storage.cc:661 btif_storage_get_adapter_property: btif_storage_get_adapter_property service_mask:0x20000000
06-13 20:07:41.547 I/bt_stack( 671): [INFO:btif_bqr.cc(229)] EnableBtQualityReport: is_enable: true
06-13 20:07:41.547 W/bt_stack( 671): [WARNING:btif_bqr.cc(237)] EnableBtQualityReport: Bluetooth Quality Report is disabled. bqr_prop_evtmask: , bqr_prop_interval_ms:
06-13 20:07:41.548 I/bt_osi_thread( 671): system/bt/osi/src/thread.cc:209 run_thread: run_thread: thread id 1221, thread name btif_sock started
06-13 20:07:41.550 I/bt_bte_conf( 671): system/bt/main/bte_conf.cc:84 bte_load_did_conf: Device ID record 1 : primary
06-13 20:07:41.550 I/bt_bte_conf( 671): system/bt/main/bte_conf.cc:85 bte_load_did_conf: vendorId = 00e0
06-13 20:07:41.550 I/bt_bte_conf( 671): system/bt/main/bte_conf.cc:86 bte_load_did_conf: vendorIdSource = 0001
06-13 20:07:41.550 I/bt_bte_conf( 671): system/bt/main/bte_conf.cc:87 bte_load_did_conf: product = 1200
06-13 20:07:41.550 I/bt_bte_conf( 671): system/bt/main/bte_conf.cc:88 bte_load_did_conf: version = 1436
06-13 20:07:41.550 I/bt_bte_conf( 671): system/bt/main/bte_conf.cc:89 bte_load_did_conf: clientExecutableURL =
06-13 20:07:41.550 I/bt_bte_conf( 671): system/bt/main/bte_conf.cc:90 bte_load_did_conf: serviceDescription =
06-13 20:07:41.550 I/bt_bte_conf( 671): system/bt/main/bte_conf.cc:91 bte_load_did_conf: documentationURL =
06-13 20:07:41.550 I/bt_bta_dm( 671): system/bt/bta/dm/bta_dm_act.cc:3191 bta_dm_eir_update_uuid: EIR Adding UUID=0x1200 into extended inquiry response
06-13 20:07:41.550 I/bt_bta_dm( 671): system/bt/bta/dm/bta_dm_act.cc:2890 bta_dm_set_eir: Generating extended inquiry response packet EIR
06-13 20:07:41.550 I/bt_bte_conf( 671): system/bt/main/bte_conf.cc:47 bte_load_did_conf: bte_load_did_conf no section named DID2.
06-13 20:07:41.550 I/bt_btif_core( 671): system/bt/btif/src/btif_core.cc:312 btif_enable_bluetooth_evt: Bluetooth enable event completed
06-13 20:07:41.550 I/bt_bta_dm( 671): system/bt/bta/dm/bta_dm_act.cc:2890 bta_dm_set_eir: Generating extended inquiry response packet EIR
06-13 20:07:41.550 I/bt_stack_manager( 671): system/bt/btif/src/stack_manager.cc:311 event_start_up_stack: event_start_up_stack finished
06-13 20:07:41.559 D/BluetoothManagerService( 485): Bluetooth Adapter address changed to B4:2F:03:15:73:2F
06-13 20:07:41.559 D/BluetoothManagerService( 485): Stored Bluetoothaddress: B4:2F:03:15:73:2F
06-13 20:07:41.564 I/android.hardware.wifi@1.0-service-lazy( 662): Wifi HAL started
06-13 20:07:41.567 D/BluetoothManagerService( 485): Bluetooth Adapter name changed to DBBOX-A2 by android
06-13 20:07:41.568 D/BluetoothManagerService( 485): Stored Bluetooth name: DBBOX-A2
06-13 20:07:41.569 D/AdapterProperties( 671): Name is: DBBOX-A2
06-13 20:07:41.570 I/WifiVendorHal( 485): Vendor Hal started successfully
06-13 20:07:41.571 I/aaa ( 1185): low stroage service is start !!!
06-13 20:07:41.573 W/ContextImpl( 1185): Calling a method in the system process without a qualified user: android.app.ContextImpl.startService:1816 android.content.ContextWrapper.startService:774 android.content.ContextWrapper.startService:774 com.oranth.storage.BootCompletedReceiver.onReceive:15 android.app.ActivityThread.handleReceiver:4308
06-13 20:07:41.575 D/AdapterProperties( 671): Scan Mode:20
06-13 20:07:41.576 D/AdapterProperties( 671): Discoverable Timeout:120
06-13 20:07:41.578 D/AdapterProperties( 671): Adding bonded device:E4:BB:D3:57:C0:7D
06-13 20:07:41.580 I/WifiService( 485): updateInterfaceIpState uid=1073
06-13 20:07:41.584 W/android.hardware.wifi@1.0-service-lazy( 662): No active wlan interfaces in use! Using default
06-13 20:07:41.585 E/android.hardware.wifi@1.0-service-lazy( 662): Unknown iface name: wlan0
06-13 20:07:41.585 E/android.hardware.wifi@1.0-service-lazy( 662): Unknown iface name: wlan0
06-13 20:07:41.587 W/BestClock( 485): java.time.DateTimeException: Missing NTP fix
06-13 20:07:41.601 V/SystemUIService( 684): BOOT_COMPLETED received
06-13 20:07:41.603 D/SystemUIBootTiming( 684): SystemUIService: bootcomplete com.android.systemui.util.NotificationChannels took 0 ms
06-13 20:07:41.603 D/SystemUIService( 684): loading: com.android.systemui.volume.VolumeUI
06-13 20:07:41.605 I/WifiHAL ( 662): Initializing wifi
06-13 20:07:41.606 D/bbb ( 1185): onCreate()
06-13 20:07:41.612 D/CompatibilityChangeReporter( 1185): Compat change id reported: 160794467; UID 1000; state: ENABLED
06-13 20:07:41.614 I/ieee80211 phy0( 662): sprdwl_vendor_get_support_feature
06-13 20:07:41.614 E/WifiHAL ( 662): wifi_get_logger_supported_feature_set: Error -5 happened.
06-13 20:07:41.614 E/WifiHAL ( 662): Failed to get supported logger feature set: -5
06-13 20:07:41.614 E/WifiHAL ( 662): wifi_get_firmware_version: Error -5 happened.
06-13 20:07:41.614 E/WifiHAL ( 662): Failed to get supported logger feature set: -5
06-13 20:07:41.615 E/WifiHAL ( 662): get_firmware_bus_max_size_supported: requestResponse Error:-3
06-13 20:07:41.615 E/WifiHAL ( 662): Failed to get supported bus size, error : -3
06-13 20:07:41.615 E/WifiHAL ( 662): wifi_logger_ring_buffers_init: Ring buffer logging feature not supported 0
06-13 20:07:41.615 E/WifiHAL ( 662): Wifi Logger Ring Initialization Failed
06-13 20:07:41.616 E/WifiHAL ( 662): wifiGetCapabilities: Failed to send request, Error:-5
06-13 20:07:41.616 E/WifiHAL ( 662): Failed to get wifi Capabilities, error: -5
06-13 20:07:41.617 I/android.hardware.wifi@1.0-service-lazy( 662): Adding interface handle for wlan1
06-13 20:07:41.618 I/android.hardware.wifi@1.0-service-lazy( 662): Adding interface handle for wlan0
06-13 20:07:41.618 W/android.hardware.wifi@1.0-service-lazy( 662): No active wlan interfaces in use! Using default
06-13 20:07:41.618 I/EthernetTracker( 485): interfaceLinkStateChanged, iface: wlan0, up: true
06-13 20:07:41.618 W/PppoeNetworkFactory( 485): interfaceLinkStateChanged
06-13 20:07:41.618 D/PppoeNetworkFactory( 485): updateInterface: mIface: mPhyIface:eth0 iface:wlan0 link:up
06-13 20:07:41.618 W/android.hardware.wifi@1.0-service-lazy( 662): No active wlan interfaces in use! Using default
06-13 20:07:41.618 D/PppoeNetworkFactory( 485): not tracker interface
06-13 20:07:41.619 E/WifiHAL ( 662): wifi_get_driver_version: Error -5 happened.
06-13 20:07:41.619 E/android.hardware.wifi@1.0-service-lazy( 662): Failed to get driver version: INVALID_ARGS
06-13 20:07:41.621 I/android.hardware.wifi@1.0-service-lazy( 662): Configured chip in mode 3
06-13 20:07:41.621 W/android.hardware.wifi@1.0-service-lazy( 662): No active wlan interfaces in use! Using default
06-13 20:07:41.624 D/HalDevMgr( 485): updateRttController: no one is interested in RTT controllers
06-13 20:07:41.626 D/bbb ( 1185): onStartCommand begin !!!!!!! data分区剩余 24690MB
06-13 20:07:41.626 D/WifiHAL ( 662): wifi_virtual_interface_create: ifname=wlan0 create
06-13 20:07:41.627 I/android.hardware.wifi@1.0-service-lazy( 662): Adding interface handle for wlan1
06-13 20:07:41.627 I/android.hardware.wifi@1.0-service-lazy( 662): Adding interface handle for wlan0
06-13 20:07:41.627 E/android.hardware.wifi@1.0-service-lazy( 662): Failed to set DFS flag; DFS channels may be unavailable.
06-13 20:07:41.629 I/vol.Events( 684): writeEvent collection_started
06-13 20:07:41.632 D/CompatibilityChangeReporter( 485): Compat change id reported: 171306433; UID 1000; state: ENABLED
06-13 20:07:41.644 I/WifiHAL ( 662): mpdu_size_threshold : 128, aggressive_statistics_gathering : 0
06-13 20:07:41.645 E/WifiHAL ( 662): wifi_set_link_stats: requestResponse Error:-5
06-13 20:07:41.649 I/WifiService( 485): updateInterfaceIpState uid=1073
06-13 20:07:41.650 W/BestClock( 485): java.time.DateTimeException: Missing NTP fix
06-13 20:07:41.657 E/WifiVendorHal( 485): enableLinkLayerStats(l.1461) failed {.code = ERROR_INVALID_ARGS, .description = }
06-13 20:07:41.657 E/WifiVendorHal( 485): unable to enable link layer stats collection
06-13 20:07:41.658 D/WifiNl80211Manager( 485): Setting up interface for client mode: wlan0
06-13 20:07:41.660 I/wificond( 366): createClientInterface: wiphy_index 0 iface_name wlan0
06-13 20:07:41.662 I/AdapterState( 671): BLE_ON : entered
06-13 20:07:41.663 D/AdapterProperties( 671): Setting state to BLE_ON
06-13 20:07:41.663 I/wificond( 366): create scanner for interface with index: 14
06-13 20:07:41.663 I/wificond( 366): subscribe scan result for interface with index: 14
06-13 20:07:41.664 D/BluetoothAdapterService( 671): updateAdapterState() - Broadcasting state BLE_ON to 1 receivers.
06-13 20:07:41.667 D/BluetoothManagerService( 485): MESSAGE_BLUETOOTH_STATE_CHANGE: BLE_TURNING_ON > BLE_ON
06-13 20:07:41.667 D/BluetoothManagerService( 485): Bluetooth is in LE only mode
06-13 20:07:41.667 D/BluetoothManagerService( 485): Binding Bluetooth GATT service
06-13 20:07:41.668 I/wificond( 366): add channel type 0 support at wiphy index: 0
06-13 20:07:41.669 I/wificond( 366): add channel type 1 support at wiphy index: 0
06-13 20:07:41.671 W/BestClock( 485): java.time.DateTimeException: Missing NTP fix
06-13 20:07:41.671 D/BluetoothManagerService( 485): Sending BLE State Change: BLE_TURNING_ON > BLE_ON
06-13 20:07:41.672 D/BluetoothManagerService( 485): BluetoothServiceConnection: com.android.bluetooth.gatt.GattService
06-13 20:07:41.673 D/BluetoothManagerService( 485): MESSAGE_BLUETOOTH_SERVICE_CONNECTED: 2
06-13 20:07:41.673 D/BluetoothManagerService( 485): continueFromBleOnState()
06-13 20:07:41.675 I/AdapterState( 671): TURNING_ON : entered
06-13 20:07:41.675 D/AdapterProperties( 671): Setting state to TURNING_ON
06-13 20:07:41.676 D/BluetoothAdapterService( 671): updateAdapterState() - Broadcasting state TURNING_ON to 1 receivers.
06-13 20:07:41.677 D/BluetoothManagerService( 485): Persisting Bluetooth Setting: 1
06-13 20:07:41.677 D/BluetoothManagerService( 485): MESSAGE_BLUETOOTH_STATE_CHANGE: BLE_ON > TURNING_ON
06-13 20:07:41.677 D/BluetoothManagerService( 485): Sending BLE State Change: BLE_ON > TURNING_ON
06-13 20:07:41.678 D/BluetoothAdapterService( 671): startCoreServices()
06-13 20:07:41.679 D/BluetoothManagerService( 485): Sending State Change: OFF > TURNING_ON
06-13 20:07:41.696 I/WifiNative( 485): Interface state changed on Iface:{Name=wlan0,Id=0,Type=STA_SCAN}, isUp=true
06-13 20:07:41.696 I/WifiNative( 485): Successfully setup Iface:{Name=wlan0,Id=0,Type=STA_SCAN}
06-13 20:07:41.696 E/SupplicantStaIfaceHal( 485): checkHalVersionByInterfaceName: called but mServiceManager is null
06-13 20:07:41.696 E/SupplicantStaIfaceHal( 485): checkHalVersionByInterfaceName: called but mServiceManager is null
06-13 20:07:41.696 E/SupplicantStaIfaceHal( 485): Method getKeyMgmtCapabilities is not supported in existing HAL
06-13 20:07:41.696 E/SupplicantStaIfaceHal( 485): checkHalVersionByInterfaceName: called but mServiceManager is null
06-13 20:07:41.706 D/BluetoothActiveDeviceManager( 671): handleMessage(MESSAGE_ADAPTER_ACTION_STATE_CHANGED): newState=11
06-13 20:07:41.709 E/update_engine( 378): [ERROR:update_attempter_android.cc(-1)] unknown(...): Domain=update_engine, Code=generic_error, Message=No ongoing update to cancel.
06-13 20:07:41.711 E/WifiHAL ( 662): wifi_get_logger_supported_feature_set: Error -5 happened.
06-13 20:07:41.711 D/CompatibilityChangeReporter( 485): Compat change id reported: 168419799; UID 1002; state: DISABLED
06-13 20:07:41.712 E/update_engine( 378): [ERROR:update_attempter_android.cc(90)] Replying with failure: pc:0xc668a79: No ongoing update to cancel.
06-13 20:07:41.712 I/ieee80211 phy0( 662): sprdwl_vendor_get_support_feature
06-13 20:07:41.717 E/ccc ( 1039): cccccc 故意做的cancel 捕获 No ongoing update to cancel.
06-13 20:07:41.717 W/System.err( 1039): android.os.ServiceSpecificException: No ongoing update to cancel. (code 1)
06-13 20:07:41.718 W/System.err( 1039): at android.os.Parcel.createExceptionOrNull(Parcel.java:2439)
06-13 20:07:41.719 W/System.err( 1039): at android.os.Parcel.createException(Parcel.java:2409)
06-13 20:07:41.719 W/System.err( 1039): at android.os.Parcel.readException(Parcel.java:2392)
06-13 20:07:41.719 W/System.err( 1039): at android.os.Parcel.readException(Parcel.java:2334)
06-13 20:07:41.719 W/System.err( 1039): at android.os.IUpdateEngine$Stub$Proxy.cancel(IUpdateEngine.java:480)
06-13 20:07:41.719 W/System.err( 1039): at android.os.UpdateEngine.cancel(UpdateEngine.java:381)
06-13 20:07:41.719 W/System.err( 1039): at com.oranth.otalibrary.OTAManager.cancel(OTAManager.java:54)
06-13 20:07:41.720 W/System.err( 1039): at com.dangbei.etna.update.ota.OtaUpdateHelper.cancelInstalling(OtaUpdateHelper.kt:134)
06-13 20:07:41.720 W/System.err( 1039): at com.dangbei.etna.update.ota.OtaUpdateHelper.init(OtaUpdateHelper.kt:72)
06-13 20:07:41.720 W/System.err( 1039): at com.dangbei.etna.update.UpdateHelper.init(UpdateHelper.kt:60)
06-13 20:07:41.720 W/System.err( 1039): at com.dangbei.lerad.etna.haqu.EtnaApplication.init(EtnaApplication.kt:97)
06-13 20:07:41.720 W/System.err( 1039): at com.dangbei.lerad.etna.haqu.EtnaApplication.onCreate(EtnaApplication.kt:59)
06-13 20:07:41.720 W/System.err( 1039): at android.app.Instrumentation.callApplicationOnCreate(Instrumentation.java:1211)
06-13 20:07:41.720 W/System.err( 1039): at android.app.ActivityThread.handleBindApplication(ActivityThread.java:6740)
06-13 20:07:41.720 W/System.err( 1039): at android.app.ActivityThread.access$1500(ActivityThread.java:247)
06-13 20:07:41.720 W/System.err( 1039): at android.app.ActivityThread$H.handleMessage(ActivityThread.java:2053)
06-13 20:07:41.720 W/System.err( 1039): at android.os.Handler.dispatchMessage(Handler.java:106)
06-13 20:07:41.720 W/System.err( 1039): at android.os.Looper.loopOnce(Looper.java:201)
06-13 20:07:41.720 W/System.err( 1039): at android.os.Looper.loop(Looper.java:288)
06-13 20:07:41.720 W/System.err( 1039): at android.app.ActivityThread.main(ActivityThread.java:7854)
06-13 20:07:41.720 W/System.err( 1039): at java.lang.reflect.Method.invoke(Native Method)
06-13 20:07:41.720 W/System.err( 1039): at com.android.internal.os.RuntimeInit$MethodAndArgsCaller.run(RuntimeInit.java:548)
06-13 20:07:41.720 W/System.err( 1039): at com.android.internal.os.ZygoteInit.main(ZygoteInit.java:1182)
06-13 20:07:41.720 I/update_engine( 378): [INFO:update_attempter_android.cc(365)] Attempting to reset state from UPDATE_STATUS_IDLE to UpdateStatus::IDLE
06-13 20:07:41.723 I/update_engine( 378): [INFO:update_attempter_android.cc(369)] Cleaning up reserved space for compressed APEX (if any)
06-13 20:07:41.726 I/update_engine( 378): [INFO:dynamic_partition_control_android.cc(1284)] ResetUpdate resetting update state and deleting snapshots.
06-13 20:07:41.727 I/HeadsetService( 671): create()
06-13 20:07:41.729 W/BestClock( 485): java.time.DateTimeException: Missing NTP fix
06-13 20:07:41.731 E/WifiHAL ( 662): wifi_get_logger_supported_feature_set: Error -5 happened.
06-13 20:07:41.732 I/ieee80211 phy0( 662): sprdwl_vendor_get_support_feature
06-13 20:07:41.738 I/update_engine( 378): [INFO:delta_performer.cc(1389)] Resetting recorded hash for prepared partitions.
06-13 20:07:41.738 I/HeadsetService( 671): start()
06-13 20:07:41.742 E/ccc ( 1039): cccccc 只是做下reset 哈
06-13 20:07:41.744 W/BestClock( 485): java.time.DateTimeException: Missing NTP fix
06-13 20:07:41.745 W/BestClock( 485): java.time.DateTimeException: Missing NTP fix
06-13 20:07:41.747 W/BestClock( 485): java.time.DateTimeException: Missing NTP fix
06-13 20:07:41.749 E/WifiHAL ( 662): wifi_get_logger_supported_feature_set: Error -5 happened.
06-13 20:07:41.751 I/ieee80211 phy0( 662): sprdwl_vendor_get_support_feature
06-13 20:07:41.751 W/BestClock( 485): java.time.DateTimeException: Missing NTP fix
06-13 20:07:41.753 I/BluetoothHeadsetServiceJni( 671): classInitNative: succeeds
06-13 20:07:41.754 I/bt_btif ( 671): system/bt/btif/src/bluetooth.cc:417 get_profile_interface: get_profile_interface: id = handsfree
06-13 20:07:41.754 I/bt_stack( 671): [INFO:btif_hf.cc(1491)] GetInterface
06-13 20:07:41.754 I/bt_btif_storage( 671): system/bt/btif/src/btif_storage.cc:661 btif_storage_get_adapter_property: btif_storage_get_adapter_property service_mask:0x20000040
06-13 20:07:41.754 I/bt_bta_dm( 671): system/bt/bta/dm/bta_dm_act.cc:3191 bta_dm_eir_update_uuid: EIR Adding UUID=0x1112 into extended inquiry response
06-13 20:07:41.754 I/bt_bta_dm( 671): system/bt/bta/dm/bta_dm_act.cc:2890 bta_dm_set_eir: Generating extended inquiry response packet EIR
06-13 20:07:41.755 I/bt_bta_dm( 671): system/bt/bta/dm/bta_dm_act.cc:3191 bta_dm_eir_update_uuid: EIR Adding UUID=0x111F into extended inquiry response
06-13 20:07:41.755 I/bt_bta_dm( 671): system/bt/bta/dm/bta_dm_act.cc:2890 bta_dm_set_eir: Generating extended inquiry response packet EIR
06-13 20:07:41.755 I/bt_stack( 671): [INFO:btif_hf.cc(289)] btif_hf_upstreams_evt: AG enable/disable event 0
06-13 20:07:41.755 I/bt_stack( 671): [INFO:port_api.cc(234)] RFCOMM_CreateConnection: bd_addr=ff:ff:ff:ff:ff:ff, scn=2, is_server=1, mtu=256, uuid=0x1112, dlci=4, signal_state=0x0b, p_port=0xbec92524
06-13 20:07:41.755 I/bt_stack( 671): [INFO:port_api.cc(234)] RFCOMM_CreateConnection: bd_addr=ff:ff:ff:ff:ff:ff, scn=3, is_server=1, mtu=256, uuid=0x111f, dlci=6, signal_state=0x0b, p_port=0xbec925ac
06-13 20:07:41.755 I/bt_stack( 671): [INFO:port_api.cc(234)] RFCOMM_CreateConnection: bd_addr=ff:ff:ff:ff:ff:ff, scn=2, is_server=1, mtu=256, uuid=0x1112, dlci=4, signal_state=0x0b, p_port=0xbec92634
06-13 20:07:41.755 I/bt_stack( 671): [INFO:port_api.cc(234)] RFCOMM_CreateConnection: bd_addr=ff:ff:ff:ff:ff:ff, scn=3, is_server=1, mtu=256, uuid=0x111f, dlci=6, signal_state=0x0b, p_port=0xbec926bc
06-13 20:07:41.759 I/MMKV ( 1039): loading [mmkv.default] with 2437 actual size, file size 4096, InterProcess 0, meta info version:3
06-13 20:07:41.760 I/MMKV ( 1039): loading [mmkv.default] with crc 2605935297 sequence 2 version 3
06-13 20:07:41.760 I/MMKV ( 1039): loaded [mmkv.default] with 9 key-values
06-13 20:07:41.777 I/A2dpService( 671): create()
06-13 20:07:41.779 D/BluetoothA2dp( 485): Proxy object connected
06-13 20:07:41.779 D/BluetoothA2dp( 485): Proxy object connected
06-13 20:07:41.779 E/SupplicantStaIfaceHal( 485): checkHalVersionByInterfaceName: called but mServiceManager is null
06-13 20:07:41.779 E/SupplicantStaIfaceHal( 485): checkHalVersionByInterfaceName: called but mServiceManager is null
06-13 20:07:41.779 I/SupplicantStaIfaceHal( 485): Method getWpaDriverFeatureSet is not supported in existing HAL
06-13 20:07:41.780 D/BluetoothA2dp( 485): Proxy object connected
06-13 20:07:41.781 D/WifiClientModeManager[wlan0]( 485): entering StartedState
06-13 20:07:41.787 D/WifiService( 485): updateInterfaceIpState: ifaceName=wlan0 mode=-1 previous LOHS mode= -1
06-13 20:07:41.787 D/WifiService( 485): updateInterfaceIpState: ifaceName=wlan1 mode=-1 previous LOHS mode= -1
06-13 20:07:41.789 I/A2dpService( 671): start()
06-13 20:07:41.790 I/bt_stack( 671): [INFO:port_api.cc(234)] RFCOMM_CreateConnection: bd_addr=ff:ff:ff:ff:ff:ff, scn=2, is_server=1, mtu=256, uuid=0x1112, dlci=4, signal_state=0x0b, p_port=0xbec92744
06-13 20:07:41.790 I/bt_stack( 671): [INFO:port_api.cc(234)] RFCOMM_CreateConnection: bd_addr=ff:ff:ff:ff:ff:ff, scn=3, is_server=1, mtu=256, uuid=0x111f, dlci=6, signal_state=0x0b, p_port=0xbec927cc
06-13 20:07:41.790 I/bt_stack( 671): [INFO:port_api.cc(234)] RFCOMM_CreateConnection: bd_addr=ff:ff:ff:ff:ff:ff, scn=2, is_server=1, mtu=256, uuid=0x1112, dlci=4, signal_state=0x0b, p_port=0xbec92854
06-13 20:07:41.790 I/bt_stack( 671): [INFO:port_api.cc(234)] RFCOMM_CreateConnection: bd_addr=ff:ff:ff:ff:ff:ff, scn=3, is_server=1, mtu=256, uuid=0x111f, dlci=6, signal_state=0x0b, p_port=0xbec928dc
06-13 20:07:41.790 I/bt_stack( 671): [INFO:port_api.cc(234)] RFCOMM_CreateConnection: bd_addr=ff:ff:ff:ff:ff:ff, scn=2, is_server=1, mtu=256, uuid=0x1112, dlci=4, signal_state=0x0b, p_port=0xbec92964
06-13 20:07:41.791 I/bt_stack( 671): [INFO:port_api.cc(234)] RFCOMM_CreateConnection: bd_addr=ff:ff:ff:ff:ff:ff, scn=3, is_server=1, mtu=256, uuid=0x111f, dlci=6, signal_state=0x0b, p_port=0xbec929ec
06-13 20:07:41.791 I/bt_stack( 671): [INFO:port_api.cc(234)] RFCOMM_CreateConnection: bd_addr=ff:ff:ff:ff:ff:ff, scn=2, is_server=1, mtu=256, uuid=0x1112, dlci=4, signal_state=0x0b, p_port=0xbec92a74
06-13 20:07:41.791 I/bt_stack( 671): [INFO:port_api.cc(234)] RFCOMM_CreateConnection: bd_addr=ff:ff:ff:ff:ff:ff, scn=3, is_server=1, mtu=256, uuid=0x111f, dlci=6, signal_state=0x0b, p_port=0xbec92afc
06-13 20:07:41.791 I/BluetoothA2dpServiceJni( 671): classInitNative: succeeds
06-13 20:07:41.792 I/A2dpService( 671): Max connected audio devices set to 5
06-13 20:07:41.797 I/bt_btif ( 671): system/bt/btif/src/bluetooth.cc:417 get_profile_interface: get_profile_interface: id = a2dp
06-13 20:07:41.797 I/btif_av ( 671): system/bt/btif/src/btif_av.cc:965 Init: bt_status_t BtifAvSource::Init(btav_source_callbacks_t *, int, const std::vector &, const std::vector &): max_connected_audio_devices=5
06-13 20:07:41.798 I/a2dp_codec( 671): system/bt/stack/a2dp/a2dp_codec_config.cc:569 init: init
06-13 20:07:41.798 I/a2dp_codec( 671): system/bt/stack/a2dp/a2dp_codec_config.cc:113 createCodec: createCodec: codec SBC
06-13 20:07:41.799 I/a2dp_codec( 671): system/bt/stack/a2dp/a2dp_codec_config.cc:633 init: init: updated SBC codec priority to 1001
06-13 20:07:41.799 I/a2dp_codec( 671): system/bt/stack/a2dp/a2dp_codec_config.cc:113 createCodec: createCodec: codec AAC
06-13 20:07:41.799 I/a2dp_codec( 671): system/bt/stack/a2dp/a2dp_codec_config.cc:633 init: init: updated AAC codec priority to 2001
06-13 20:07:41.799 I/a2dp_codec( 671): system/bt/stack/a2dp/a2dp_codec_config.cc:113 createCodec: createCodec: codec aptX
06-13 20:07:41.801 E/a2dp_vendor_aptx_encoder( 671): system/bt/stack/a2dp/a2dp_vendor_aptx_encoder.cc:123 A2DP_VendorLoadEncoderAptx: A2DP_VendorLoadEncoderAptx: cannot open aptX encoder library libaptX_encoder.so: dlopen failed: library "libaptX_encoder.so" not found
06-13 20:07:41.801 E/a2dp_vendor_aptx( 671): system/bt/stack/a2dp/a2dp_vendor_aptx.cc:465 init: init: cannot load the encoder
06-13 20:07:41.801 I/a2dp_codec( 671): system/bt/stack/a2dp/a2dp_codec_config.cc:113 createCodec: createCodec: codec aptX-HD
06-13 20:07:41.803 E/a2dp_vendor_aptx_hd_encoder( 671): system/bt/stack/a2dp/a2dp_vendor_aptx_hd_encoder.cc:123 A2DP_VendorLoadEncoderAptxHd: A2DP_VendorLoadEncoderAptxHd: cannot open aptX-HD encoder library libaptXHD_encoder.so: dlopen failed: library "libaptXHD_encoder.so" not found
06-13 20:07:41.803 E/a2dp_vendor_aptx_hd( 671): system/bt/stack/a2dp/a2dp_vendor_aptx_hd.cc:483 init: init: cannot load the encoder
06-13 20:07:41.803 I/a2dp_codec( 671): system/bt/stack/a2dp/a2dp_codec_config.cc:113 createCodec: createCodec: codec LDAC
06-13 20:07:41.808 D/WifiP2pService( 485): Wifi enabled=false
06-13 20:07:41.813 E/ccc ( 1039): cccccc updateHelper 通知更新
06-13 20:07:41.817 E/ccc ( 1039): cccccc updateHelper 通知更新
06-13 20:07:41.818 I/android_os_HwBinder( 485): HwBinder: Starting thread pool for getting: android.hidl.manager@1.0::IServiceManager/default
06-13 20:07:41.822 E/ccc ( 1039): cccccc updateHelper 通知更新
06-13 20:07:41.826 I/a2dp_codec( 671): system/bt/stack/a2dp/a2dp_codec_config.cc:633 init: init: updated LDAC codec priority to 5001
06-13 20:07:41.826 I/a2dp_codec( 671): system/bt/stack/a2dp/a2dp_codec_config.cc:113 createCodec: createCodec: codec SBC SINK
06-13 20:07:41.826 I/a2dp_codec( 671): system/bt/stack/a2dp/a2dp_codec_config.cc:113 createCodec: createCodec: codec AAC SINK
