06-13 20:07:36.535 W/omx_vdec( 368): : pParamProfileLevel->nProfileIndex[0x3] error!
06-13 20:07:36.535 E/OMXNodeInstance( 368): getParameter(0xf6d1e000:allwinner.decoder.avc, ParamVideoProfileLevelQuerySupported(0x600000f)) ERROR: BadParameter(0x80001005)
06-13 20:07:36.536 W/omx_vdec( 368): <__AwOmxVdecGetExtensionIndex:1737>: GetExtensionIndex OMX.google.android.index.describeColorFormat, err [0x80001001].
06-13 20:07:36.536 W/omx_vdec( 368): <__AwOmxVdecGetExtensionIndex:1737>: GetExtensionIndex OMX.google.android.index.describeColorFormat2, err [0x80001001].
06-13 20:07:36.536 E/omx_vdec( 368): : erro: pParamData->nIndex > m_sPortFormatType.nIndex
06-13 20:07:36.536 W/omx_vdec( 368): <__AwOmxVdecGetExtensionIndex:1737>: GetExtensionIndex OMX.google.android.index.describeColorFormat, err [0x80001001].
06-13 20:07:36.536 W/omx_vdec( 368): <__AwOmxVdecGetExtensionIndex:1737>: GetExtensionIndex OMX.google.android.index.describeColorFormat2, err [0x80001001].
06-13 20:07:36.536 E/omx_vdec( 368): : erro: pParamData->nIndex > m_sPortFormatType.nIndex
06-13 20:07:36.536 W/omx_vdec( 368): <__AwOmxVdecGetExtensionIndex:1737>: GetExtensionIndex OMX.google.android.index.describeColorFormat, err [0x80001001].
06-13 20:07:36.536 W/omx_vdec( 368): <__AwOmxVdecGetExtensionIndex:1737>: GetExtensionIndex OMX.google.android.index.describeColorFormat2, err [0x80001001].
06-13 20:07:36.537 E/omx_vdec( 368): : erro: pParamData->nIndex > m_sPortFormatType.nIndex
06-13 20:07:36.537 W/omx_vdec( 368): <__AwOmxVdecGetExtensionIndex:1737>: GetExtensionIndex OMX.google.android.index.describeColorFormat, err [0x80001001].
06-13 20:07:36.537 W/omx_vdec( 368): <__AwOmxVdecGetExtensionIndex:1737>: GetExtensionIndex OMX.google.android.index.describeColorFormat2, err [0x80001001].
06-13 20:07:36.537 E/omx_vdec( 368): : erro: pParamData->nIndex > m_sPortFormatType.nIndex
06-13 20:07:36.537 W/omx_vdec( 368): <__AwOmxVdecGetExtensionIndex:1737>: GetExtensionIndex OMX.google.android.index.describeColorFormat, err [0x80001001].
06-13 20:07:36.537 W/omx_vdec( 368): <__AwOmxVdecGetExtensionIndex:1737>: GetExtensionIndex OMX.google.android.index.describeColorFormat2, err [0x80001001].
06-13 20:07:36.537 E/omx_vdec( 368): : erro: pParamData->nIndex > m_sPortFormatType.nIndex
06-13 20:07:36.537 W/omx_vdec( 368): <__AwOmxVdecGetExtensionIndex:1737>: GetExtensionIndex OMX.google.android.index.describeColorFormat, err [0x80001001].
06-13 20:07:36.537 W/omx_vdec( 368): <__AwOmxVdecGetExtensionIndex:1737>: GetExtensionIndex OMX.google.android.index.describeColorFormat2, err [0x80001001].
06-13 20:07:36.537 E/omx_vdec( 368): : erro: pParamData->nIndex > m_sPortFormatType.nIndex
06-13 20:07:36.537 W/omx_vdec( 368): <__AwOmxVdecGetExtensionIndex:1737>: GetExtensionIndex OMX.google.android.index.describeColorFormat, err [0x80001001].
06-13 20:07:36.538 W/omx_vdec( 368): <__AwOmxVdecGetExtensionIndex:1737>: GetExtensionIndex OMX.google.android.index.describeColorFormat2, err [0x80001001].
06-13 20:07:36.538 E/omx_vdec( 368): : erro: pParamData->nIndex > m_sPortFormatType.nIndex
06-13 20:07:36.538 W/omx_vdec( 368): <__AwOmxVdecGetExtensionIndex:1737>: GetExtensionIndex OMX.google.android.index.describeColorFormat, err [0x80001001].
06-13 20:07:36.538 W/omx_vdec( 368): <__AwOmxVdecGetExtensionIndex:1737>: GetExtensionIndex OMX.google.android.index.describeColorFormat2, err [0x80001001].
06-13 20:07:36.538 E/omx_vdec( 368): : erro: pParamData->nIndex > m_sPortFormatType.nIndex
06-13 20:07:36.538 W/omx_vdec( 368): <__AwOmxVdecGetExtensionIndex:1737>: GetExtensionIndex OMX.google.android.index.describeColorFormat, err [0x80001001].
06-13 20:07:36.538 W/omx_vdec( 368): <__AwOmxVdecGetExtensionIndex:1737>: GetExtensionIndex OMX.google.android.index.describeColorFormat2, err [0x80001001].
06-13 20:07:36.538 E/omx_vdec( 368): : erro: pParamData->nIndex > m_sPortFormatType.nIndex
06-13 20:07:36.538 W/omx_vdec( 368): <__AwOmxVdecGetExtensionIndex:1737>: GetExtensionIndex OMX.google.android.index.describeColorFormat, err [0x80001001].
06-13 20:07:36.539 W/omx_vdec( 368): <__AwOmxVdecGetExtensionIndex:1737>: GetExtensionIndex OMX.google.android.index.describeColorFormat2, err [0x80001001].
06-13 20:07:36.539 E/omx_vdec( 368): : erro: pParamData->nIndex > m_sPortFormatType.nIndex
06-13 20:07:36.539 W/omx_vdec( 368): <__AwOmxVdecGetExtensionIndex:1737>: GetExtensionIndex OMX.google.android.index.describeColorFormat, err [0x80001001].
06-13 20:07:36.539 W/omx_vdec( 368): <__AwOmxVdecGetExtensionIndex:1737>: GetExtensionIndex OMX.google.android.index.describeColorFormat2, err [0x80001001].
06-13 20:07:36.539 E/omx_vdec( 368): : erro: pParamData->nIndex > m_sPortFormatType.nIndex
06-13 20:07:36.539 W/omx_vdec( 368): <__AwOmxVdecGetExtensionIndex:1737>: GetExtensionIndex OMX.google.android.index.describeColorFormat, err [0x80001001].
06-13 20:07:36.539 W/omx_vdec( 368): <__AwOmxVdecGetExtensionIndex:1737>: GetExtensionIndex OMX.google.android.index.describeColorFormat2, err [0x80001001].
06-13 20:07:36.539 E/omx_vdec( 368): : erro: pParamData->nIndex > m_sPortFormatType.nIndex
06-13 20:07:36.539 W/omx_vdec( 368): <__AwOmxVdecGetExtensionIndex:1737>: GetExtensionIndex OMX.google.android.index.describeColorFormat, err [0x80001001].
06-13 20:07:36.540 W/omx_vdec( 368): <__AwOmxVdecGetExtensionIndex:1737>: GetExtensionIndex OMX.google.android.index.describeColorFormat2, err [0x80001001].
06-13 20:07:36.540 E/omx_vdec( 368): : erro: pParamData->nIndex > m_sPortFormatType.nIndex
06-13 20:07:36.540 W/omx_vdec( 368): <__AwOmxVdecGetExtensionIndex:1737>: GetExtensionIndex OMX.google.android.index.describeColorFormat, err [0x80001001].
06-13 20:07:36.540 W/omx_vdec( 368): <__AwOmxVdecGetExtensionIndex:1737>: GetExtensionIndex OMX.google.android.index.describeColorFormat2, err [0x80001001].
06-13 20:07:36.540 E/omx_vdec( 368): : erro: pParamData->nIndex > m_sPortFormatType.nIndex
06-13 20:07:36.540 W/omx_vdec( 368): <__AwOmxVdecGetExtensionIndex:1737>: GetExtensionIndex OMX.google.android.index.describeColorFormat, err [0x80001001].
06-13 20:07:36.540 W/omx_vdec( 368): <__AwOmxVdecGetExtensionIndex:1737>: GetExtensionIndex OMX.google.android.index.describeColorFormat2, err [0x80001001].
06-13 20:07:36.540 E/omx_vdec( 368): : erro: pParamData->nIndex > m_sPortFormatType.nIndex
06-13 20:07:36.540 W/omx_vdec( 368): <__AwOmxVdecGetExtensionIndex:1737>: GetExtensionIndex OMX.google.android.index.describeColorFormat, err [0x80001001].
06-13 20:07:36.540 W/omx_vdec( 368): <__AwOmxVdecGetExtensionIndex:1737>: GetExtensionIndex OMX.google.android.index.describeColorFormat2, err [0x80001001].
06-13 20:07:36.541 E/omx_vdec( 368): : erro: pParamData->nIndex > m_sPortFormatType.nIndex
06-13 20:07:36.541 W/omx_vdec( 368): <__AwOmxVdecGetExtensionIndex:1737>: GetExtensionIndex OMX.google.android.index.describeColorFormat, err [0x80001001].
06-13 20:07:36.541 W/omx_vdec( 368): <__AwOmxVdecGetExtensionIndex:1737>: GetExtensionIndex OMX.google.android.index.describeColorFormat2, err [0x80001001].
06-13 20:07:36.541 E/omx_vdec( 368): : erro: pParamData->nIndex > m_sPortFormatType.nIndex
06-13 20:07:36.541 W/omx_vdec( 368): <__AwOmxVdecGetExtensionIndex:1737>: GetExtensionIndex OMX.google.android.index.describeColorFormat, err [0x80001001].
06-13 20:07:36.541 W/omx_vdec( 368): <__AwOmxVdecGetExtensionIndex:1737>: GetExtensionIndex OMX.google.android.index.describeColorFormat2, err [0x80001001].
06-13 20:07:36.541 E/omx_vdec( 368): : erro: pParamData->nIndex > m_sPortFormatType.nIndex
06-13 20:07:36.541 W/omx_vdec( 368): <__AwOmxVdecGetExtensionIndex:1737>: GetExtensionIndex OMX.google.android.index.describeColorFormat, err [0x80001001].
06-13 20:07:36.541 W/omx_vdec( 368): <__AwOmxVdecGetExtensionIndex:1737>: GetExtensionIndex OMX.google.android.index.describeColorFormat2, err [0x80001001].
06-13 20:07:36.542 E/omx_vdec( 368): : erro: pParamData->nIndex > m_sPortFormatType.nIndex
06-13 20:07:36.542 W/omx_vdec( 368): <__AwOmxVdecGetExtensionIndex:1737>: GetExtensionIndex OMX.google.android.index.describeColorFormat, err [0x80001001].
06-13 20:07:36.542 W/omx_vdec( 368): <__AwOmxVdecGetExtensionIndex:1737>: GetExtensionIndex OMX.google.android.index.describeColorFormat2, err [0x80001001].
06-13 20:07:36.542 E/omx_vdec( 368): : erro: pParamData->nIndex > m_sPortFormatType.nIndex
06-13 20:07:36.542 W/omx_vdec( 368): <__AwOmxVdecGetExtensionIndex:1737>: GetExtensionIndex OMX.google.android.index.describeColorFormat, err [0x80001001].
06-13 20:07:36.542 W/omx_vdec( 368): <__AwOmxVdecGetExtensionIndex:1737>: GetExtensionIndex OMX.google.android.index.describeColorFormat2, err [0x80001001].
06-13 20:07:36.542 E/omx_vdec( 368): : erro: pParamData->nIndex > m_sPortFormatType.nIndex
06-13 20:07:36.542 W/omx_vdec( 368): <__AwOmxVdecGetExtensionIndex:1737>: GetExtensionIndex OMX.google.android.index.describeColorFormat, err [0x80001001].
06-13 20:07:36.543 W/omx_vdec( 368): <__AwOmxVdecGetExtensionIndex:1737>: GetExtensionIndex OMX.google.android.index.describeColorFormat2, err [0x80001001].
06-13 20:07:36.543 E/omx_vdec( 368): : erro: pParamData->nIndex > m_sPortFormatType.nIndex
06-13 20:07:36.543 W/omx_vdec( 368): <__AwOmxVdecGetExtensionIndex:1737>: GetExtensionIndex OMX.google.android.index.describeColorFormat, err [0x80001001].
06-13 20:07:36.543 W/omx_vdec( 368): <__AwOmxVdecGetExtensionIndex:1737>: GetExtensionIndex OMX.google.android.index.describeColorFormat2, err [0x80001001].
06-13 20:07:36.543 E/omx_vdec( 368): : erro: pParamData->nIndex > m_sPortFormatType.nIndex
06-13 20:07:36.543 W/omx_vdec( 368): <__AwOmxVdecGetExtensionIndex:1737>: GetExtensionIndex OMX.google.android.index.describeColorFormat, err [0x80001001].
06-13 20:07:36.543 W/omx_vdec( 368): <__AwOmxVdecGetExtensionIndex:1737>: GetExtensionIndex OMX.google.android.index.describeColorFormat2, err [0x80001001].
06-13 20:07:36.543 E/omx_vdec( 368): : erro: pParamData->nIndex > m_sPortFormatType.nIndex
06-13 20:07:36.543 W/omx_vdec( 368): <__AwOmxVdecGetExtensionIndex:1737>: GetExtensionIndex OMX.google.android.index.describeColorFormat, err [0x80001001].
06-13 20:07:36.544 W/omx_vdec( 368): <__AwOmxVdecGetExtensionIndex:1737>: GetExtensionIndex OMX.google.android.index.describeColorFormat2, err [0x80001001].
06-13 20:07:36.544 E/omx_vdec( 368): : erro: pParamData->nIndex > m_sPortFormatType.nIndex
06-13 20:07:36.544 W/omx_vdec( 368): <__AwOmxVdecGetExtensionIndex:1737>: GetExtensionIndex OMX.google.android.index.describeColorFormat, err [0x80001001].
06-13 20:07:36.544 W/omx_vdec( 368): <__AwOmxVdecGetExtensionIndex:1737>: GetExtensionIndex OMX.google.android.index.describeColorFormat2, err [0x80001001].
06-13 20:07:36.544 E/omx_vdec( 368): : erro: pParamData->nIndex > m_sPortFormatType.nIndex
06-13 20:07:36.544 W/omx_vdec( 368): <__AwOmxVdecGetExtensionIndex:1737>: GetExtensionIndex OMX.google.android.index.describeColorFormat, err [0x80001001].
06-13 20:07:36.544 W/omx_vdec( 368): <__AwOmxVdecGetExtensionIndex:1737>: GetExtensionIndex OMX.google.android.index.describeColorFormat2, err [0x80001001].
06-13 20:07:36.544 E/omx_vdec( 368): : erro: pParamData->nIndex > m_sPortFormatType.nIndex
06-13 20:07:36.544 W/omx_vdec( 368): <__AwOmxVdecGetExtensionIndex:1737>: GetExtensionIndex OMX.google.android.index.describeColorFormat, err [0x80001001].
06-13 20:07:36.544 W/omx_vdec( 368): <__AwOmxVdecGetExtensionIndex:1737>: GetExtensionIndex OMX.google.android.index.describeColorFormat2, err [0x80001001].
06-13 20:07:36.545 E/omx_vdec( 368): : erro: pParamData->nIndex > m_sPortFormatType.nIndex
06-13 20:07:36.545 W/SystemServiceManager( 485): Service com.android.server.policy.PermissionPolicyService took 73 ms in onBootPhase
06-13 20:07:36.545 I/SystemServerTiming( 485): StartObservingNativeCrashes
06-13 20:07:36.545 D/CompatibilityChangeReporter( 485): Compat change id reported: 168419799; UID 10065; state: DISABLED
06-13 20:07:36.545 W/omx_vdec( 368): <__AwOmxVdecGetExtensionIndex:1737>: GetExtensionIndex OMX.google.android.index.describeColorFormat, err [0x80001001].
06-13 20:07:36.546 W/omx_vdec( 368): <__AwOmxVdecGetExtensionIndex:1737>: GetExtensionIndex OMX.google.android.index.describeColorFormat2, err [0x80001001].
06-13 20:07:36.546 E/omx_vdec( 368): : erro: pParamData->nIndex > m_sPortFormatType.nIndex
06-13 20:07:36.546 I/SystemServerTiming( 485): RegisterAppOpsPolicy
06-13 20:07:36.546 W/omx_vdec( 368): <__AwOmxVdecGetExtensionIndex:1737>: GetExtensionIndex OMX.google.android.index.describeColorFormat, err [0x80001001].
06-13 20:07:36.546 W/omx_vdec( 368): <__AwOmxVdecGetExtensionIndex:1737>: GetExtensionIndex OMX.google.android.index.describeColorFormat2, err [0x80001001].
06-13 20:07:36.546 E/omx_vdec( 368): : erro: pParamData->nIndex > m_sPortFormatType.nIndex
06-13 20:07:36.546 W/omx_vdec( 368): <__AwOmxVdecGetExtensionIndex:1737>: GetExtensionIndex OMX.google.android.index.describeColorFormat, err [0x80001001].
06-13 20:07:36.546 W/omx_vdec( 368): <__AwOmxVdecGetExtensionIndex:1737>: GetExtensionIndex OMX.google.android.index.describeColorFormat2, err [0x80001001].
06-13 20:07:36.546 E/omx_vdec( 368): : erro: pParamData->nIndex > m_sPortFormatType.nIndex
06-13 20:07:36.546 W/ActivityManager( 485): Slow operation: 63ms so far, now at attachApplicationLocked: immediately before bindApplication
06-13 20:07:36.547 W/omx_vdec( 368): <__AwOmxVdecGetExtensionIndex:1737>: GetExtensionIndex OMX.google.android.index.describeColorFormat, err [0x80001001].
06-13 20:07:36.547 W/omx_vdec( 368): <__AwOmxVdecGetExtensionIndex:1737>: GetExtensionIndex OMX.google.android.index.describeColorFormat2, err [0x80001001].
06-13 20:07:36.547 E/omx_vdec( 368): : erro: pParamData->nIndex > m_sPortFormatType.nIndex
06-13 20:07:36.547 W/omx_vdec( 368): <__AwOmxVdecGetExtensionIndex:1737>: GetExtensionIndex OMX.google.android.index.describeColorFormat, err [0x80001001].
06-13 20:07:36.547 W/omx_vdec( 368): <__AwOmxVdecGetExtensionIndex:1737>: GetExtensionIndex OMX.google.android.index.describeColorFormat2, err [0x80001001].
06-13 20:07:36.547 W/ACodec ( 360): [OMX.allwinner.video.decoder.avc] stopping checking formats after 32: COLOR_FormatYUV420Planar(13)
06-13 20:07:36.547 W/omx_vdec( 368): <__AwOmxVdecGetExtensionIndex:1737>: GetExtensionIndex OMX.google.android.index.configureVideoTunnelMode, err [0x80001001].
06-13 20:07:36.547 E/OMXNodeInstance( 368): getExtensionIndex(0xf6d1e000:allwinner.decoder.avc, OMX.google.android.index.configureVideoTunnelMode) ERROR: Undefined(0x80001001)
06-13 20:07:36.547 D/MediaCodecInfo( 360): detail feature-tunneled-playback wasn't present to remove
06-13 20:07:36.548 W/omx_vdec( 368): <__AwOmxVdecGetExtensionIndex:1737>: GetExtensionIndex OMX.google.android.index.storeANWBufferInMetadata, err [0x80001001].
06-13 20:07:36.548 W/omx_vdec_aw( 368): <__anSetExtPara:3011>: Setparameter: unknown param 2131755011
06-13 20:07:36.548 W/OMXNodeInstance( 368): [0xf6d1e000:allwinner.decoder.avc] component does not support metadata mode; using fallback
06-13 20:07:36.548 W/libc ( 368): invalid pthread_t (0) passed to pthread_join
06-13 20:07:36.548 W/libc ( 368): invalid pthread_t (0) passed to pthread_join
06-13 20:07:36.548 W/ActivityManager( 485): Slow operation: 65ms so far, now at attachApplicationLocked: immediately after bindApplication
06-13 20:07:36.548 W/libc ( 368): invalid pthread_t (0) passed to pthread_join
06-13 20:07:36.548 W/ActivityManager( 485): Slow operation: 65ms so far, now at attachApplicationLocked: after updateLruProcessLocked
06-13 20:07:36.552 W/ActivityManager( 485): Slow operation: 69ms so far, now at attachApplicationLocked: after mServices.attachApplicationLocked
06-13 20:07:36.554 V/GraphicsEnvironment( 671): ANGLE Developer option for 'com.android.bluetooth' set to: 'default'
06-13 20:07:36.554 V/GraphicsEnvironment( 671): Neither updatable production driver nor prerelease driver is supported.
06-13 20:07:36.555 I/OMXClient( 360): IOmx service obtained
06-13 20:07:36.555 I/SystemServerTiming( 485): MakeNetworkManagementServiceReady
06-13 20:07:36.555 I/SystemServerTimingAsync( 485): InitThreadPoolExec:WebViewFactoryPreparation
06-13 20:07:36.555 D/SystemServerInitThreadPool( 485): Started executing WebViewFactoryPreparation
06-13 20:07:36.556 I/SystemServer( 485): WebViewFactoryPreparation
06-13 20:07:36.556 I/SystemServerTimingAsync( 485): WebViewFactoryPreparation
06-13 20:07:36.556 I/OMXStore( 368): makeComponentInstance(OMX.allwinner.video.decoder.avc.secure) in android.hardwar process
06-13 20:07:36.556 W/NetworkManagement( 485): setDataSaverMode(): already false
06-13 20:07:36.557 D/NetworkSecurityConfig( 671): No Network Security Config specified, using platform default
06-13 20:07:36.557 D/NetworkSecurityConfig( 671): No Network Security Config specified, using platform default
06-13 20:07:36.559 D/CompatibilityChangeReporter( 684): Compat change id reported: 171979766; UID 10065; state: ENABLED
06-13 20:07:36.560 I/SystemServerTiming( 485): MakeIpSecServiceReady
06-13 20:07:36.561 E/omx_vdec( 368): : This platform does not support secure video playback
06-13 20:07:36.561 E/omx_sem ( 368): : handle is null
06-13 20:07:36.561 E/omx_sem ( 368): : handle is null
06-13 20:07:36.561 E/omx_sem ( 368): : handle is null
06-13 20:07:36.561 E/omx_sem ( 368): : handle is null
06-13 20:07:36.561 E/omx_sem ( 368): : handle is null
06-13 20:07:36.561 W/omx_vdec_aw( 368): : pdec is null
06-13 20:07:36.562 E/android.hardware.media.omx@1.0-service( 368): Failed to allocate omx component 'OMX.allwinner.video.decoder.avc.secure' err=InvalidComponentName(0x80001002)
06-13 20:07:36.562 W/OmxInfoBuilder( 360): Fail to add media type video/avc to codec OMX.allwinner.video.decoder.avc.secure
06-13 20:07:36.563 D/IpSecService( 485): IpSecService is ready
06-13 20:07:36.563 I/SystemServerTiming( 485): MakeNetworkStatsServiceReady
06-13 20:07:36.564 W/BatteryExternalStatsWorker( 485): error reading modem stats:ERROR_PHONE_NOT_AVAILABLE
06-13 20:07:36.569 D/CompatibilityChangeReporter( 485): Compat change id reported: 135634846; UID 1000; state: DISABLED
06-13 20:07:36.570 D/CompatibilityChangeReporter( 485): Compat change id reported: 177438394; UID 1000; state: DISABLED
06-13 20:07:36.570 D/CompatibilityChangeReporter( 485): Compat change id reported: 135772972; UID 1000; state: DISABLED
06-13 20:07:36.570 D/CompatibilityChangeReporter( 485): Compat change id reported: 178038272; UID 1000; state: DISABLED
06-13 20:07:36.571 I/OMXClient( 360): IOmx service obtained
06-13 20:07:36.571 D/SystemServerInitThreadPool( 485): Finished executing WebViewFactoryPreparation
06-13 20:07:36.572 I/OMXStore( 368): makeComponentInstance(OMX.allwinner.video.decoder.hevc) in android.hardwar process
06-13 20:07:36.572 W/BestClock( 485): java.time.DateTimeException: Missing NTP fix
06-13 20:07:36.572 W/NetworkPolicy( 485): setRestrictBackgroundUL: already false
06-13 20:07:36.573 I/omx_vdec_aw( 368): : OmxDecoderCreate.
06-13 20:07:36.575 W/omx_vdec( 368): <__AwOmxVdecSetParameter:1561>: Set Parameter called in valid state
06-13 20:07:36.575 W/omx_vdec( 368): : pParamProfileLevel->nProfileIndex[0x1] error!
06-13 20:07:36.575 E/OMXNodeInstance( 368): getParameter(0xf6d1e000:allwinner.decoder.hevc, ParamVideoProfileLevelQuerySupported(0x600000f)) ERROR: BadParameter(0x80001005)
06-13 20:07:36.576 W/omx_vdec( 368): <__AwOmxVdecGetExtensionIndex:1737>: GetExtensionIndex OMX.google.android.index.describeColorFormat, err [0x80001001].
06-13 20:07:36.576 W/omx_vdec( 368): <__AwOmxVdecGetExtensionIndex:1737>: GetExtensionIndex OMX.google.android.index.describeColorFormat2, err [0x80001001].
06-13 20:07:36.576 E/omx_vdec( 368): : erro: pParamData->nIndex > m_sPortFormatType.nIndex
06-13 20:07:36.576 W/omx_vdec( 368): <__AwOmxVdecGetExtensionIndex:1737>: GetExtensionIndex OMX.google.android.index.describeColorFormat, err [0x80001001].
06-13 20:07:36.576 W/omx_vdec( 368): <__AwOmxVdecGetExtensionIndex:1737>: GetExtensionIndex OMX.google.android.index.describeColorFormat2, err [0x80001001].
06-13 20:07:36.576 E/omx_vdec( 368): : erro: pParamData->nIndex > m_sPortFormatType.nIndex
06-13 20:07:36.576 W/omx_vdec( 368): <__AwOmxVdecGetExtensionIndex:1737>: GetExtensionIndex OMX.google.android.index.describeColorFormat, err [0x80001001].
06-13 20:07:36.576 W/omx_vdec( 368): <__AwOmxVdecGetExtensionIndex:1737>: GetExtensionIndex OMX.google.android.index.describeColorFormat2, err [0x80001001].
06-13 20:07:36.576 E/omx_vdec( 368): : erro: pParamData->nIndex > m_sPortFormatType.nIndex
06-13 20:07:36.577 W/omx_vdec( 368): <__AwOmxVdecGetExtensionIndex:1737>: GetExtensionIndex OMX.google.android.index.describeColorFormat, err [0x80001001].
06-13 20:07:36.577 W/omx_vdec( 368): <__AwOmxVdecGetExtensionIndex:1737>: GetExtensionIndex OMX.google.android.index.describeColorFormat2, err [0x80001001].
06-13 20:07:36.577 E/omx_vdec( 368): : erro: pParamData->nIndex > m_sPortFormatType.nIndex
06-13 20:07:36.577 W/omx_vdec( 368): <__AwOmxVdecGetExtensionIndex:1737>: GetExtensionIndex OMX.google.android.index.describeColorFormat, err [0x80001001].
06-13 20:07:36.577 W/omx_vdec( 368): <__AwOmxVdecGetExtensionIndex:1737>: GetExtensionIndex OMX.google.android.index.describeColorFormat2, err [0x80001001].
06-13 20:07:36.577 E/omx_vdec( 368): : erro: pParamData->nIndex > m_sPortFormatType.nIndex
06-13 20:07:36.577 W/omx_vdec( 368): <__AwOmxVdecGetExtensionIndex:1737>: GetExtensionIndex OMX.google.android.index.describeColorFormat, err [0x80001001].
06-13 20:07:36.577 W/omx_vdec( 368): <__AwOmxVdecGetExtensionIndex:1737>: GetExtensionIndex OMX.google.android.index.describeColorFormat2, err [0x80001001].
06-13 20:07:36.577 E/omx_vdec( 368): : erro: pParamData->nIndex > m_sPortFormatType.nIndex
06-13 20:07:36.577 W/omx_vdec( 368): <__AwOmxVdecGetExtensionIndex:1737>: GetExtensionIndex OMX.google.android.index.describeColorFormat, err [0x80001001].
06-13 20:07:36.572 I/rainbow_flow( 332): type=1400 audit(0.0:331): avc: denied { ioctl } for path="/dev/spidev1.0" dev="tmpfs" ino=249 ioctlcmd=0x6b00 scontext=u:r:init:s0 tcontext=u:object_r:device:s0 tclass=chr_file permissive=1
06-13 20:07:36.578 W/omx_vdec( 368): <__AwOmxVdecGetExtensionIndex:1737>: GetExtensionIndex OMX.google.android.index.describeColorFormat2, err [0x80001001].
06-13 20:07:36.578 E/omx_vdec( 368): : erro: pParamData->nIndex > m_sPortFormatType.nIndex
06-13 20:07:36.579 W/omx_vdec( 368): <__AwOmxVdecGetExtensionIndex:1737>: GetExtensionIndex OMX.google.android.index.describeColorFormat, err [0x80001001].
06-13 20:07:36.579 W/omx_vdec( 368): <__AwOmxVdecGetExtensionIndex:1737>: GetExtensionIndex OMX.google.android.index.describeColorFormat2, err [0x80001001].
06-13 20:07:36.579 E/omx_vdec( 368): : erro: pParamData->nIndex > m_sPortFormatType.nIndex
06-13 20:07:36.580 W/omx_vdec( 368): <__AwOmxVdecGetExtensionIndex:1737>: GetExtensionIndex OMX.google.android.index.describeColorFormat, err [0x80001001].
06-13 20:07:36.581 W/omx_vdec( 368): <__AwOmxVdecGetExtensionIndex:1737>: GetExtensionIndex OMX.google.android.index.describeColorFormat2, err [0x80001001].
06-13 20:07:36.582 E/omx_vdec( 368): : erro: pParamData->nIndex > m_sPortFormatType.nIndex
06-13 20:07:36.583 W/omx_vdec( 368): <__AwOmxVdecGetExtensionIndex:1737>: GetExtensionIndex OMX.google.android.index.describeColorFormat, err [0x80001001].
06-13 20:07:36.583 W/omx_vdec( 368): <__AwOmxVdecGetExtensionIndex:1737>: GetExtensionIndex OMX.google.android.index.describeColorFormat2, err [0x80001001].
06-13 20:07:36.584 E/omx_vdec( 368): : erro: pParamData->nIndex > m_sPortFormatType.nIndex
06-13 20:07:36.584 W/omx_vdec( 368): <__AwOmxVdecGetExtensionIndex:1737>: GetExtensionIndex OMX.google.android.index.describeColorFormat, err [0x80001001].
06-13 20:07:36.584 W/omx_vdec( 368): <__AwOmxVdecGetExtensionIndex:1737>: GetExtensionIndex OMX.google.android.index.describeColorFormat2, err [0x80001001].
06-13 20:07:36.584 E/omx_vdec( 368): : erro: pParamData->nIndex > m_sPortFormatType.nIndex
06-13 20:07:36.584 W/omx_vdec( 368): <__AwOmxVdecGetExtensionIndex:1737>: GetExtensionIndex OMX.google.android.index.describeColorFormat, err [0x80001001].
06-13 20:07:36.585 W/omx_vdec( 368): <__AwOmxVdecGetExtensionIndex:1737>: GetExtensionIndex OMX.google.android.index.describeColorFormat2, err [0x80001001].
06-13 20:07:36.585 E/omx_vdec( 368): : erro: pParamData->nIndex > m_sPortFormatType.nIndex
06-13 20:07:36.585 W/omx_vdec( 368): <__AwOmxVdecGetExtensionIndex:1737>: GetExtensionIndex OMX.google.android.index.describeColorFormat, err [0x80001001].
06-13 20:07:36.585 W/omx_vdec( 368): <__AwOmxVdecGetExtensionIndex:1737>: GetExtensionIndex OMX.google.android.index.describeColorFormat2, err [0x80001001].
06-13 20:07:36.585 E/omx_vdec( 368): : erro: pParamData->nIndex > m_sPortFormatType.nIndex
06-13 20:07:36.585 W/omx_vdec( 368): <__AwOmxVdecGetExtensionIndex:1737>: GetExtensionIndex OMX.google.android.index.describeColorFormat, err [0x80001001].
06-13 20:07:36.586 W/omx_vdec( 368): <__AwOmxVdecGetExtensionIndex:1737>: GetExtensionIndex OMX.google.android.index.describeColorFormat2, err [0x80001001].
06-13 20:07:36.586 E/omx_vdec( 368): : erro: pParamData->nIndex > m_sPortFormatType.nIndex
06-13 20:07:36.586 D/Zygote ( 255): Forked child process 720
06-13 20:07:36.586 W/omx_vdec( 368): <__AwOmxVdecGetExtensionIndex:1737>: GetExtensionIndex OMX.google.android.index.describeColorFormat, err [0x80001001].
06-13 20:07:36.586 W/omx_vdec( 368): <__AwOmxVdecGetExtensionIndex:1737>: GetExtensionIndex OMX.google.android.index.describeColorFormat2, err [0x80001001].
06-13 20:07:36.586 E/omx_vdec( 368): : erro: pParamData->nIndex > m_sPortFormatType.nIndex
06-13 20:07:36.587 I/ActivityManager( 485): app.processName = WebViewLoader-armeabi-v7a
06-13 20:07:36.587 I/ActivityManager( 485): Start proc 720:WebViewLoader-armeabi-v7a/1037 [android.webkit.WebViewLibraryLoader$RelroFileCreator] for null
06-13 20:07:36.587 W/omx_vdec( 368): <__AwOmxVdecGetExtensionIndex:1737>: GetExtensionIndex OMX.google.android.index.describeColorFormat, err [0x80001001].
06-13 20:07:36.587 W/omx_vdec( 368): <__AwOmxVdecGetExtensionIndex:1737>: GetExtensionIndex OMX.google.android.index.describeColorFormat2, err [0x80001001].
06-13 20:07:36.587 E/omx_vdec( 368): : erro: pParamData->nIndex > m_sPortFormatType.nIndex
06-13 20:07:36.587 W/omx_vdec( 368): <__AwOmxVdecGetExtensionIndex:1737>: GetExtensionIndex OMX.google.android.index.describeColorFormat, err [0x80001001].
06-13 20:07:36.587 W/omx_vdec( 368): <__AwOmxVdecGetExtensionIndex:1737>: GetExtensionIndex OMX.google.android.index.describeColorFormat2, err [0x80001001].
06-13 20:07:36.588 E/omx_vdec( 368): : erro: pParamData->nIndex > m_sPortFormatType.nIndex
06-13 20:07:36.588 W/omx_vdec( 368): <__AwOmxVdecGetExtensionIndex:1737>: GetExtensionIndex OMX.google.android.index.describeColorFormat, err [0x80001001].
06-13 20:07:36.588 W/omx_vdec( 368): <__AwOmxVdecGetExtensionIndex:1737>: GetExtensionIndex OMX.google.android.index.describeColorFormat2, err [0x80001001].
06-13 20:07:36.588 E/omx_vdec( 368): : erro: pParamData->nIndex > m_sPortFormatType.nIndex
06-13 20:07:36.588 W/omx_vdec( 368): <__AwOmxVdecGetExtensionIndex:1737>: GetExtensionIndex OMX.google.android.index.describeColorFormat, err [0x80001001].
06-13 20:07:36.588 W/omx_vdec( 368): <__AwOmxVdecGetExtensionIndex:1737>: GetExtensionIndex OMX.google.android.index.describeColorFormat2, err [0x80001001].
06-13 20:07:36.588 E/omx_vdec( 368): : erro: pParamData->nIndex > m_sPortFormatType.nIndex
06-13 20:07:36.588 W/omx_vdec( 368): <__AwOmxVdecGetExtensionIndex:1737>: GetExtensionIndex OMX.google.android.index.describeColorFormat, err [0x80001001].
06-13 20:07:36.588 W/omx_vdec( 368): <__AwOmxVdecGetExtensionIndex:1737>: GetExtensionIndex OMX.google.android.index.describeColorFormat2, err [0x80001001].
06-13 20:07:36.588 E/omx_vdec( 368): : erro: pParamData->nIndex > m_sPortFormatType.nIndex
06-13 20:07:36.589 W/omx_vdec( 368): <__AwOmxVdecGetExtensionIndex:1737>: GetExtensionIndex OMX.google.android.index.describeColorFormat, err [0x80001001].
06-13 20:07:36.595 I/Zygote ( 720): seccomp disabled by setenforce 0
06-13 20:07:36.595 W/BestClock( 485): java.time.DateTimeException: Missing NTP fix
06-13 20:07:36.597 W/omx_vdec( 368): <__AwOmxVdecGetExtensionIndex:1737>: GetExtensionIndex OMX.google.android.index.describeColorFormat2, err [0x80001001].
06-13 20:07:36.598 E/omx_vdec( 368): : erro: pParamData->nIndex > m_sPortFormatType.nIndex
06-13 20:07:36.598 W/omx_vdec( 368): <__AwOmxVdecGetExtensionIndex:1737>: GetExtensionIndex OMX.google.android.index.describeColorFormat, err [0x80001001].
06-13 20:07:36.598 W/omx_vdec( 368): <__AwOmxVdecGetExtensionIndex:1737>: GetExtensionIndex OMX.google.android.index.describeColorFormat2, err [0x80001001].
06-13 20:07:36.598 E/omx_vdec( 368): : erro: pParamData->nIndex > m_sPortFormatType.nIndex
06-13 20:07:36.599 W/omx_vdec( 368): <__AwOmxVdecGetExtensionIndex:1737>: GetExtensionIndex OMX.google.android.index.describeColorFormat, err [0x80001001].
06-13 20:07:36.599 W/omx_vdec( 368): <__AwOmxVdecGetExtensionIndex:1737>: GetExtensionIndex OMX.google.android.index.describeColorFormat2, err [0x80001001].
06-13 20:07:36.599 D/ConnectivityService( 485): NetReassign [no changes]
06-13 20:07:36.599 E/omx_vdec( 368): : erro: pParamData->nIndex > m_sPortFormatType.nIndex
06-13 20:07:36.600 W/omx_vdec( 368): <__AwOmxVdecGetExtensionIndex:1737>: GetExtensionIndex OMX.google.android.index.describeColorFormat, err [0x80001001].
06-13 20:07:36.600 W/omx_vdec( 368): <__AwOmxVdecGetExtensionIndex:1737>: GetExtensionIndex OMX.google.android.index.describeColorFormat2, err [0x80001001].
06-13 20:07:36.600 E/omx_vdec( 368): : erro: pParamData->nIndex > m_sPortFormatType.nIndex
06-13 20:07:36.600 W/omx_vdec( 368): <__AwOmxVdecGetExtensionIndex:1737>: GetExtensionIndex OMX.google.android.index.describeColorFormat, err [0x80001001].
06-13 20:07:36.600 W/omx_vdec( 368): <__AwOmxVdecGetExtensionIndex:1737>: GetExtensionIndex OMX.google.android.index.describeColorFormat2, err [0x80001001].
06-13 20:07:36.600 E/omx_vdec( 368): : erro: pParamData->nIndex > m_sPortFormatType.nIndex
06-13 20:07:36.600 W/omx_vdec( 368): <__AwOmxVdecGetExtensionIndex:1737>: GetExtensionIndex OMX.google.android.index.describeColorFormat, err [0x80001001].
06-13 20:07:36.601 W/omx_vdec( 368): <__AwOmxVdecGetExtensionIndex:1737>: GetExtensionIndex OMX.google.android.index.describeColorFormat2, err [0x80001001].
06-13 20:07:36.601 E/omx_vdec( 368): : erro: pParamData->nIndex > m_sPortFormatType.nIndex
06-13 20:07:36.601 W/omx_vdec( 368): <__AwOmxVdecGetExtensionIndex:1737>: GetExtensionIndex OMX.google.android.index.describeColorFormat, err [0x80001001].
06-13 20:07:36.601 W/omx_vdec( 368): <__AwOmxVdecGetExtensionIndex:1737>: GetExtensionIndex OMX.google.android.index.describeColorFormat2, err [0x80001001].
06-13 20:07:36.601 E/omx_vdec( 368): : erro: pParamData->nIndex > m_sPortFormatType.nIndex
06-13 20:07:36.601 W/omx_vdec( 368): <__AwOmxVdecGetExtensionIndex:1737>: GetExtensionIndex OMX.google.android.index.describeColorFormat, err [0x80001001].
06-13 20:07:36.601 W/omx_vdec( 368): <__AwOmxVdecGetExtensionIndex:1737>: GetExtensionIndex OMX.google.android.index.describeColorFormat2, err [0x80001001].
06-13 20:07:36.601 E/omx_vdec( 368): : erro: pParamData->nIndex > m_sPortFormatType.nIndex
06-13 20:07:36.601 W/omx_vdec( 368): <__AwOmxVdecGetExtensionIndex:1737>: GetExtensionIndex OMX.google.android.index.describeColorFormat, err [0x80001001].
06-13 20:07:36.601 W/omx_vdec( 368): <__AwOmxVdecGetExtensionIndex:1737>: GetExtensionIndex OMX.google.android.index.describeColorFormat2, err [0x80001001].
06-13 20:07:36.602 E/omx_vdec( 368): : erro: pParamData->nIndex > m_sPortFormatType.nIndex
06-13 20:07:36.602 W/omx_vdec( 368): <__AwOmxVdecGetExtensionIndex:1737>: GetExtensionIndex OMX.google.android.index.describeColorFormat, err [0x80001001].
06-13 20:07:36.602 W/omx_vdec( 368): <__AwOmxVdecGetExtensionIndex:1737>: GetExtensionIndex OMX.google.android.index.describeColorFormat2, err [0x80001001].
06-13 20:07:36.602 E/omx_vdec( 368): : erro: pParamData->nIndex > m_sPortFormatType.nIndex
06-13 20:07:36.603 W/omx_vdec( 368): <__AwOmxVdecGetExtensionIndex:1737>: GetExtensionIndex OMX.google.android.index.describeColorFormat, err [0x80001001].
06-13 20:07:36.603 W/omx_vdec( 368): <__AwOmxVdecGetExtensionIndex:1737>: GetExtensionIndex OMX.google.android.index.describeColorFormat2, err [0x80001001].
06-13 20:07:36.603 E/omx_vdec( 368): : erro: pParamData->nIndex > m_sPortFormatType.nIndex
06-13 20:07:36.603 W/omx_vdec( 368): <__AwOmxVdecGetExtensionIndex:1737>: GetExtensionIndex OMX.google.android.index.describeColorFormat, err [0x80001001].
06-13 20:07:36.603 W/omx_vdec( 368): <__AwOmxVdecGetExtensionIndex:1737>: GetExtensionIndex OMX.google.android.index.describeColorFormat2, err [0x80001001].
06-13 20:07:36.604 E/omx_vdec( 368): : erro: pParamData->nIndex > m_sPortFormatType.nIndex
06-13 20:07:36.604 W/omx_vdec( 368): <__AwOmxVdecGetExtensionIndex:1737>: GetExtensionIndex OMX.google.android.index.describeColorFormat, err [0x80001001].
06-13 20:07:36.604 W/omx_vdec( 368): <__AwOmxVdecGetExtensionIndex:1737>: GetExtensionIndex OMX.google.android.index.describeColorFormat2, err [0x80001001].
06-13 20:07:36.604 W/ACodec ( 360): [OMX.allwinner.video.decoder.hevc] stopping checking formats after 32: COLOR_FormatYUV420Planar(13)
06-13 20:07:36.604 W/omx_vdec( 368): <__AwOmxVdecGetExtensionIndex:1737>: GetExtensionIndex OMX.google.android.index.configureVideoTunnelMode, err [0x80001001].
06-13 20:07:36.604 E/OMXNodeInstance( 368): getExtensionIndex(0xf6d1e000:allwinner.decoder.hevc, OMX.google.android.index.configureVideoTunnelMode) ERROR: Undefined(0x80001001)
06-13 20:07:36.604 D/MediaCodecInfo( 360): detail feature-tunneled-playback wasn't present to remove
06-13 20:07:36.604 W/omx_vdec( 368): <__AwOmxVdecGetExtensionIndex:1737>: GetExtensionIndex OMX.google.android.index.storeANWBufferInMetadata, err [0x80001001].
06-13 20:07:36.604 W/omx_vdec_aw( 368): <__anSetExtPara:3011>: Setparameter: unknown param 2131755011
06-13 20:07:36.604 W/OMXNodeInstance( 368): [0xf6d1e000:allwinner.decoder.hevc] component does not support metadata mode; using fallback
06-13 20:07:36.605 W/libc ( 368): invalid pthread_t (0) passed to pthread_join
06-13 20:07:36.605 W/libc ( 368): invalid pthread_t (0) passed to pthread_join
06-13 20:07:36.605 W/libc ( 368): invalid pthread_t (0) passed to pthread_join
06-13 20:07:36.612 I/SystemServerTiming( 485): MakeConnectivityServiceReady
06-13 20:07:36.614 D/PermissionMonitor( 485): Monitoring
06-13 20:07:36.614 I/adbd ( 389): jdwp connection from 720
06-13 20:07:36.615 I/OMXClient( 360): IOmx service obtained
06-13 20:07:36.616 I/OMXStore( 368): makeComponentInstance(OMX.allwinner.video.decoder.hevc.secure) in android.hardwar process
06-13 20:07:36.617 E/omx_vdec( 368): : This platform does not support secure video playback
06-13 20:07:36.617 E/omx_sem ( 368): : handle is null
06-13 20:07:36.617 E/omx_sem ( 368): : handle is null
06-13 20:07:36.617 E/omx_sem ( 368): : handle is null
06-13 20:07:36.617 E/omx_sem ( 368): : handle is null
06-13 20:07:36.617 E/omx_sem ( 368): : handle is null
06-13 20:07:36.617 W/omx_vdec_aw( 368): : pdec is null
06-13 20:07:36.617 E/android.hardware.media.omx@1.0-service( 368): Failed to allocate omx component 'OMX.allwinner.video.decoder.hevc.secure' err=InvalidComponentName(0x80001002)
06-13 20:07:36.620 W/OmxInfoBuilder( 360): Fail to add media type video/hevc to codec OMX.allwinner.video.decoder.hevc.secure
06-13 20:07:36.621 I/OMXClient( 360): IOmx service obtained
06-13 20:07:36.621 I/OMXStore( 368): makeComponentInstance(OMX.allwinner.video.decoder.mpeg2) in android.hardwar process
06-13 20:07:36.623 I/omx_vdec_aw( 368): : OmxDecoderCreate.
06-13 20:07:36.628 W/omx_vdec( 368): <__AwOmxVdecSetParameter:1561>: Set Parameter called in valid state
06-13 20:07:36.628 W/omx_vdec( 368): : pParamProfileLevel->nProfileIndex[0x2] error!
06-13 20:07:36.628 E/OMXNodeInstance( 368): getParameter(0xf6d1e000:allwinner.decoder.mpeg2, ParamVideoProfileLevelQuerySupported(0x600000f)) ERROR: BadParameter(0x80001005)
06-13 20:07:36.629 W/omx_vdec( 368): <__AwOmxVdecGetExtensionIndex:1737>: GetExtensionIndex OMX.google.android.index.describeColorFormat, err [0x80001001].
06-13 20:07:36.629 W/omx_vdec( 368): <__AwOmxVdecGetExtensionIndex:1737>: GetExtensionIndex OMX.google.android.index.describeColorFormat2, err [0x80001001].
06-13 20:07:36.629 E/omx_vdec( 368): : erro: pParamData->nIndex > m_sPortFormatType.nIndex
06-13 20:07:36.629 W/omx_vdec( 368): <__AwOmxVdecGetExtensionIndex:1737>: GetExtensionIndex OMX.google.android.index.describeColorFormat, err [0x80001001].
06-13 20:07:36.629 W/omx_vdec( 368): <__AwOmxVdecGetExtensionIndex:1737>: GetExtensionIndex OMX.google.android.index.describeColorFormat2, err [0x80001001].
06-13 20:07:36.629 E/omx_vdec( 368): : erro: pParamData->nIndex > m_sPortFormatType.nIndex
06-13 20:07:36.629 W/omx_vdec( 368): <__AwOmxVdecGetExtensionIndex:1737>: GetExtensionIndex OMX.google.android.index.describeColorFormat, err [0x80001001].
06-13 20:07:36.629 W/omx_vdec( 368): <__AwOmxVdecGetExtensionIndex:1737>: GetExtensionIndex OMX.google.android.index.describeColorFormat2, err [0x80001001].
06-13 20:07:36.629 E/omx_vdec( 368): : erro: pParamData->nIndex > m_sPortFormatType.nIndex
06-13 20:07:36.629 W/omx_vdec( 368): <__AwOmxVdecGetExtensionIndex:1737>: GetExtensionIndex OMX.google.android.index.describeColorFormat, err [0x80001001].
06-13 20:07:36.630 W/omx_vdec( 368): <__AwOmxVdecGetExtensionIndex:1737>: GetExtensionIndex OMX.google.android.index.describeColorFormat2, err [0x80001001].
06-13 20:07:36.630 E/omx_vdec( 368): : erro: pParamData->nIndex > m_sPortFormatType.nIndex
06-13 20:07:36.630 W/omx_vdec( 368): <__AwOmxVdecGetExtensionIndex:1737>: GetExtensionIndex OMX.google.android.index.describeColorFormat, err [0x80001001].
06-13 20:07:36.630 W/omx_vdec( 368): <__AwOmxVdecGetExtensionIndex:1737>: GetExtensionIndex OMX.google.android.index.describeColorFormat2, err [0x80001001].
06-13 20:07:36.630 E/omx_vdec( 368): : erro: pParamData->nIndex > m_sPortFormatType.nIndex
06-13 20:07:36.630 W/omx_vdec( 368): <__AwOmxVdecGetExtensionIndex:1737>: GetExtensionIndex OMX.google.android.index.describeColorFormat, err [0x80001001].
06-13 20:07:36.630 W/omx_vdec( 368): <__AwOmxVdecGetExtensionIndex:1737>: GetExtensionIndex OMX.google.android.index.describeColorFormat2, err [0x80001001].
06-13 20:07:36.630 E/omx_vdec( 368): : erro: pParamData->nIndex > m_sPortFormatType.nIndex
06-13 20:07:36.631 W/omx_vdec( 368): <__AwOmxVdecGetExtensionIndex:1737>: GetExtensionIndex OMX.google.android.index.describeColorFormat, err [0x80001001].
06-13 20:07:36.631 W/omx_vdec( 368): <__AwOmxVdecGetExtensionIndex:1737>: GetExtensionIndex OMX.google.android.index.describeColorFormat2, err [0x80001001].
06-13 20:07:36.631 E/omx_vdec( 368): : erro: pParamData->nIndex > m_sPortFormatType.nIndex
06-13 20:07:36.631 W/omx_vdec( 368): <__AwOmxVdecGetExtensionIndex:1737>: GetExtensionIndex OMX.google.android.index.describeColorFormat, err [0x80001001].
06-13 20:07:36.631 W/omx_vdec( 368): <__AwOmxVdecGetExtensionIndex:1737>: GetExtensionIndex OMX.google.android.index.describeColorFormat2, err [0x80001001].
06-13 20:07:36.631 E/omx_vdec( 368): : erro: pParamData->nIndex > m_sPortFormatType.nIndex
06-13 20:07:36.631 W/omx_vdec( 368): <__AwOmxVdecGetExtensionIndex:1737>: GetExtensionIndex OMX.google.android.index.describeColorFormat, err [0x80001001].
06-13 20:07:36.631 W/omx_vdec( 368): <__AwOmxVdecGetExtensionIndex:1737>: GetExtensionIndex OMX.google.android.index.describeColorFormat2, err [0x80001001].
06-13 20:07:36.631 E/omx_vdec( 368): : erro: pParamData->nIndex > m_sPortFormatType.nIndex
06-13 20:07:36.631 W/omx_vdec( 368): <__AwOmxVdecGetExtensionIndex:1737>: GetExtensionIndex OMX.google.android.index.describeColorFormat, err [0x80001001].
06-13 20:07:36.631 W/omx_vdec( 368): <__AwOmxVdecGetExtensionIndex:1737>: GetExtensionIndex OMX.google.android.index.describeColorFormat2, err [0x80001001].
06-13 20:07:36.632 E/omx_vdec( 368): : erro: pParamData->nIndex > m_sPortFormatType.nIndex
06-13 20:07:36.632 W/omx_vdec( 368): <__AwOmxVdecGetExtensionIndex:1737>: GetExtensionIndex OMX.google.android.index.describeColorFormat, err [0x80001001].
06-13 20:07:36.632 W/omx_vdec( 368): <__AwOmxVdecGetExtensionIndex:1737>: GetExtensionIndex OMX.google.android.index.describeColorFormat2, err [0x80001001].
06-13 20:07:36.632 E/omx_vdec( 368): : erro: pParamData->nIndex > m_sPortFormatType.nIndex
06-13 20:07:36.632 D/PermissionMonitor( 485): Users: 1, Apps: 10
06-13 20:07:36.632 W/omx_vdec( 368): <__AwOmxVdecGetExtensionIndex:1737>: GetExtensionIndex OMX.google.android.index.describeColorFormat, err [0x80001001].
06-13 20:07:36.632 W/omx_vdec( 368): <__AwOmxVdecGetExtensionIndex:1737>: GetExtensionIndex OMX.google.android.index.describeColorFormat2, err [0x80001001].
06-13 20:07:36.632 E/omx_vdec( 368): : erro: pParamData->nIndex > m_sPortFormatType.nIndex
06-13 20:07:36.632 W/omx_vdec( 368): <__AwOmxVdecGetExtensionIndex:1737>: GetExtensionIndex OMX.google.android.index.describeColorFormat, err [0x80001001].
06-13 20:07:36.632 W/omx_vdec( 368): <__AwOmxVdecGetExtensionIndex:1737>: GetExtensionIndex OMX.google.android.index.describeColorFormat2, err [0x80001001].
06-13 20:07:36.633 E/omx_vdec( 368): : erro: pParamData->nIndex > m_sPortFormatType.nIndex
06-13 20:07:36.633 W/omx_vdec( 368): <__AwOmxVdecGetExtensionIndex:1737>: GetExtensionIndex OMX.google.android.index.describeColorFormat, err [0x80001001].
06-13 20:07:36.633 W/omx_vdec( 368): <__AwOmxVdecGetExtensionIndex:1737>: GetExtensionIndex OMX.google.android.index.describeColorFormat2, err [0x80001001].
06-13 20:07:36.633 E/omx_vdec( 368): : erro: pParamData->nIndex > m_sPortFormatType.nIndex
06-13 20:07:36.633 W/omx_vdec( 368): <__AwOmxVdecGetExtensionIndex:1737>: GetExtensionIndex OMX.google.android.index.describeColorFormat, err [0x80001001].
06-13 20:07:36.633 W/omx_vdec( 368): <__AwOmxVdecGetExtensionIndex:1737>: GetExtensionIndex OMX.google.android.index.describeColorFormat2, err [0x80001001].
06-13 20:07:36.634 E/omx_vdec( 368): : erro: pParamData->nIndex > m_sPortFormatType.nIndex
06-13 20:07:36.634 W/omx_vdec( 368): <__AwOmxVdecGetExtensionIndex:1737>: GetExtensionIndex OMX.google.android.index.describeColorFormat, err [0x80001001].
06-13 20:07:36.634 W/omx_vdec( 368): <__AwOmxVdecGetExtensionIndex:1737>: GetExtensionIndex OMX.google.android.index.describeColorFormat2, err [0x80001001].
06-13 20:07:36.634 E/omx_vdec( 368): : erro: pParamData->nIndex > m_sPortFormatType.nIndex
06-13 20:07:36.634 W/omx_vdec( 368): <__AwOmxVdecGetExtensionIndex:1737>: GetExtensionIndex OMX.google.android.index.describeColorFormat, err [0x80001001].
06-13 20:07:36.635 W/omx_vdec( 368): <__AwOmxVdecGetExtensionIndex:1737>: GetExtensionIndex OMX.google.android.index.describeColorFormat2, err [0x80001001].
06-13 20:07:36.635 E/omx_vdec( 368): : erro: pParamData->nIndex > m_sPortFormatType.nIndex
06-13 20:07:36.636 W/omx_vdec( 368): <__AwOmxVdecGetExtensionIndex:1737>: GetExtensionIndex OMX.google.android.index.describeColorFormat, err [0x80001001].
06-13 20:07:36.636 W/omx_vdec( 368): <__AwOmxVdecGetExtensionIndex:1737>: GetExtensionIndex OMX.google.android.index.describeColorFormat2, err [0x80001001].
06-13 20:07:36.636 E/omx_vdec( 368): : erro: pParamData->nIndex > m_sPortFormatType.nIndex
06-13 20:07:36.636 W/omx_vdec( 368): <__AwOmxVdecGetExtensionIndex:1737>: GetExtensionIndex OMX.google.android.index.describeColorFormat, err [0x80001001].
06-13 20:07:36.636 W/omx_vdec( 368): <__AwOmxVdecGetExtensionIndex:1737>: GetExtensionIndex OMX.google.android.index.describeColorFormat2, err [0x80001001].
06-13 20:07:36.637 E/omx_vdec( 368): : erro: pParamData->nIndex > m_sPortFormatType.nIndex
06-13 20:07:36.637 W/omx_vdec( 368): <__AwOmxVdecGetExtensionIndex:1737>: GetExtensionIndex OMX.google.android.index.describeColorFormat, err [0x80001001].
06-13 20:07:36.637 W/omx_vdec( 368): <__AwOmxVdecGetExtensionIndex:1737>: GetExtensionIndex OMX.google.android.index.describeColorFormat2, err [0x80001001].
06-13 20:07:36.637 E/omx_vdec( 368): : erro: pParamData->nIndex > m_sPortFormatType.nIndex
06-13 20:07:36.637 W/omx_vdec( 368): <__AwOmxVdecGetExtensionIndex:1737>: GetExtensionIndex OMX.google.android.index.describeColorFormat, err [0x80001001].
06-13 20:07:36.638 W/omx_vdec( 368): <__AwOmxVdecGetExtensionIndex:1737>: GetExtensionIndex OMX.google.android.index.describeColorFormat2, err [0x80001001].
06-13 20:07:36.638 E/omx_vdec( 368): : erro: pParamData->nIndex > m_sPortFormatType.nIndex
06-13 20:07:36.638 W/omx_vdec( 368): <__AwOmxVdecGetExtensionIndex:1737>: GetExtensionIndex OMX.google.android.index.describeColorFormat, err [0x80001001].
06-13 20:07:36.638 W/omx_vdec( 368): <__AwOmxVdecGetExtensionIndex:1737>: GetExtensionIndex OMX.google.android.index.describeColorFormat2, err [0x80001001].
06-13 20:07:36.638 E/omx_vdec( 368): : erro: pParamData->nIndex > m_sPortFormatType.nIndex
06-13 20:07:36.638 W/omx_vdec( 368): <__AwOmxVdecGetExtensionIndex:1737>: GetExtensionIndex OMX.google.android.index.describeColorFormat, err [0x80001001].
06-13 20:07:36.639 W/omx_vdec( 368): <__AwOmxVdecGetExtensionIndex:1737>: GetExtensionIndex OMX.google.android.index.describeColorFormat2, err [0x80001001].
06-13 20:07:36.639 E/omx_vdec( 368): : erro: pParamData->nIndex > m_sPortFormatType.nIndex
06-13 20:07:36.639 W/omx_vdec( 368): <__AwOmxVdecGetExtensionIndex:1737>: GetExtensionIndex OMX.google.android.index.describeColorFormat, err [0x80001001].
06-13 20:07:36.639 W/omx_vdec( 368): <__AwOmxVdecGetExtensionIndex:1737>: GetExtensionIndex OMX.google.android.index.describeColorFormat2, err [0x80001001].
06-13 20:07:36.639 E/omx_vdec( 368): : erro: pParamData->nIndex > m_sPortFormatType.nIndex
06-13 20:07:36.641 D/CompatibilityChangeReporter( 485): Compat change id reported: 168419799; UID 1000; state: DISABLED
06-13 20:07:36.641 W/omx_vdec( 368): <__AwOmxVdecGetExtensionIndex:1737>: GetExtensionIndex OMX.google.android.index.describeColorFormat, err [0x80001001].
06-13 20:07:36.641 W/omx_vdec( 368): <__AwOmxVdecGetExtensionIndex:1737>: GetExtensionIndex OMX.google.android.index.describeColorFormat2, err [0x80001001].
06-13 20:07:36.642 E/omx_vdec( 368): : erro: pParamData->nIndex > m_sPortFormatType.nIndex
06-13 20:07:36.642 W/omx_vdec( 368): <__AwOmxVdecGetExtensionIndex:1737>: GetExtensionIndex OMX.google.android.index.describeColorFormat, err [0x80001001].
06-13 20:07:36.642 W/omx_vdec( 368): <__AwOmxVdecGetExtensionIndex:1737>: GetExtensionIndex OMX.google.android.index.describeColorFormat2, err [0x80001001].
06-13 20:07:36.643 E/omx_vdec( 368): : erro: pParamData->nIndex > m_sPortFormatType.nIndex
06-13 20:07:36.643 W/omx_vdec( 368): <__AwOmxVdecGetExtensionIndex:1737>: GetExtensionIndex OMX.google.android.index.describeColorFormat, err [0x80001001].
06-13 20:07:36.643 W/omx_vdec( 368): <__AwOmxVdecGetExtensionIndex:1737>: GetExtensionIndex OMX.google.android.index.describeColorFormat2, err [0x80001001].
06-13 20:07:36.643 E/omx_vdec( 368): : erro: pParamData->nIndex > m_sPortFormatType.nIndex
06-13 20:07:36.643 W/omx_vdec( 368): <__AwOmxVdecGetExtensionIndex:1737>: GetExtensionIndex OMX.google.android.index.describeColorFormat, err [0x80001001].
06-13 20:07:36.643 W/omx_vdec( 368): <__AwOmxVdecGetExtensionIndex:1737>: GetExtensionIndex OMX.google.android.index.describeColorFormat2, err [0x80001001].
06-13 20:07:36.644 E/omx_vdec( 368): : erro: pParamData->nIndex > m_sPortFormatType.nIndex
06-13 20:07:36.644 W/omx_vdec( 368): <__AwOmxVdecGetExtensionIndex:1737>: GetExtensionIndex OMX.google.android.index.describeColorFormat, err [0x80001001].
06-13 20:07:36.645 W/omx_vdec( 368): <__AwOmxVdecGetExtensionIndex:1737>: GetExtensionIndex OMX.google.android.index.describeColorFormat2, err [0x80001001].
06-13 20:07:36.645 E/omx_vdec( 368): : erro: pParamData->nIndex > m_sPortFormatType.nIndex
06-13 20:07:36.645 W/omx_vdec( 368): <__AwOmxVdecGetExtensionIndex:1737>: GetExtensionIndex OMX.google.android.index.describeColorFormat, err [0x80001001].
06-13 20:07:36.645 W/omx_vdec( 368): <__AwOmxVdecGetExtensionIndex:1737>: GetExtensionIndex OMX.google.android.index.describeColorFormat2, err [0x80001001].
06-13 20:07:36.645 E/omx_vdec( 368): : erro: pParamData->nIndex > m_sPortFormatType.nIndex
06-13 20:07:36.645 W/omx_vdec( 368): <__AwOmxVdecGetExtensionIndex:1737>: GetExtensionIndex OMX.google.android.index.describeColorFormat, err [0x80001001].
06-13 20:07:36.645 W/omx_vdec( 368): <__AwOmxVdecGetExtensionIndex:1737>: GetExtensionIndex OMX.google.android.index.describeColorFormat2, err [0x80001001].
06-13 20:07:36.646 E/omx_vdec( 368): : erro: pParamData->nIndex > m_sPortFormatType.nIndex
06-13 20:07:36.646 W/omx_vdec( 368): <__AwOmxVdecGetExtensionIndex:1737>: GetExtensionIndex OMX.google.android.index.describeColorFormat, err [0x80001001].
06-13 20:07:36.646 W/omx_vdec( 368): <__AwOmxVdecGetExtensionIndex:1737>: GetExtensionIndex OMX.google.android.index.describeColorFormat2, err [0x80001001].
06-13 20:07:36.646 E/omx_vdec( 368): : erro: pParamData->nIndex > m_sPortFormatType.nIndex
06-13 20:07:36.646 W/omx_vdec( 368): <__AwOmxVdecGetExtensionIndex:1737>: GetExtensionIndex OMX.google.android.index.describeColorFormat, err [0x80001001].
06-13 20:07:36.646 W/omx_vdec( 368): <__AwOmxVdecGetExtensionIndex:1737>: GetExtensionIndex OMX.google.android.index.describeColorFormat2, err [0x80001001].
06-13 20:07:36.646 W/ACodec ( 360): [OMX.allwinner.video.decoder.mpeg2] stopping checking formats after 32: COLOR_FormatYUV420Planar(13)
06-13 20:07:36.646 W/omx_vdec( 368): <__AwOmxVdecGetExtensionIndex:1737>: GetExtensionIndex OMX.google.android.index.configureVideoTunnelMode, err [0x80001001].
