06-13 20:07:36.646 E/OMXNodeInstance( 368): getExtensionIndex(0xf6d1e000:allwinner.decoder.mpeg2, OMX.google.android.index.configureVideoTunnelMode) ERROR: Undefined(0x80001001)
06-13 20:07:36.646 D/MediaCodecInfo( 360): detail feature-tunneled-playback wasn't present to remove
06-13 20:07:36.647 W/omx_vdec( 368): <__AwOmxVdecGetExtensionIndex:1737>: GetExtensionIndex OMX.google.android.index.storeANWBufferInMetadata, err [0x80001001].
06-13 20:07:36.647 W/omx_vdec_aw( 368): <__anSetExtPara:3011>: Setparameter: unknown param 2131755011
06-13 20:07:36.647 W/OMXNodeInstance( 368): [0xf6d1e000:allwinner.decoder.mpeg2] component does not support metadata mode; using fallback
06-13 20:07:36.647 I/SystemServerTiming( 485): MakeVpnManagerServiceReady
06-13 20:07:36.647 W/libc ( 368): invalid pthread_t (0) passed to pthread_join
06-13 20:07:36.647 W/libc ( 368): invalid pthread_t (0) passed to pthread_join
06-13 20:07:36.647 W/libc ( 368): invalid pthread_t (0) passed to pthread_join
06-13 20:07:36.650 D/ConnectivityService( 485): NetReassign [no changes]
06-13 20:07:36.651 I/OMXClient( 360): IOmx service obtained
06-13 20:07:36.651 I/OMXStore( 368): makeComponentInstance(OMX.allwinner.video.decoder.mpeg4) in android.hardwar process
06-13 20:07:36.652 I/omx_vdec_aw( 368): : OmxDecoderCreate.
06-13 20:07:36.653 W/omx_vdec( 368): <__AwOmxVdecSetParameter:1561>: Set Parameter called in valid state
06-13 20:07:36.654 W/omx_vdec( 368): : pParamProfileLevel->nProfileIndex[0x2] error!
06-13 20:07:36.654 E/OMXNodeInstance( 368): getParameter(0xf6d1e000:allwinner.decoder.mpeg4, ParamVideoProfileLevelQuerySupported(0x600000f)) ERROR: BadParameter(0x80001005)
06-13 20:07:36.654 W/omx_vdec( 368): <__AwOmxVdecGetExtensionIndex:1737>: GetExtensionIndex OMX.google.android.index.describeColorFormat, err [0x80001001].
06-13 20:07:36.654 W/omx_vdec( 368): <__AwOmxVdecGetExtensionIndex:1737>: GetExtensionIndex OMX.google.android.index.describeColorFormat2, err [0x80001001].
06-13 20:07:36.654 E/omx_vdec( 368): : erro: pParamData->nIndex > m_sPortFormatType.nIndex
06-13 20:07:36.654 W/omx_vdec( 368): <__AwOmxVdecGetExtensionIndex:1737>: GetExtensionIndex OMX.google.android.index.describeColorFormat, err [0x80001001].
06-13 20:07:36.654 W/omx_vdec( 368): <__AwOmxVdecGetExtensionIndex:1737>: GetExtensionIndex OMX.google.android.index.describeColorFormat2, err [0x80001001].
06-13 20:07:36.654 E/omx_vdec( 368): : erro: pParamData->nIndex > m_sPortFormatType.nIndex
06-13 20:07:36.655 W/omx_vdec( 368): <__AwOmxVdecGetExtensionIndex:1737>: GetExtensionIndex OMX.google.android.index.describeColorFormat, err [0x80001001].
06-13 20:07:36.655 W/omx_vdec( 368): <__AwOmxVdecGetExtensionIndex:1737>: GetExtensionIndex OMX.google.android.index.describeColorFormat2, err [0x80001001].
06-13 20:07:36.655 E/omx_vdec( 368): : erro: pParamData->nIndex > m_sPortFormatType.nIndex
06-13 20:07:36.655 W/omx_vdec( 368): <__AwOmxVdecGetExtensionIndex:1737>: GetExtensionIndex OMX.google.android.index.describeColorFormat, err [0x80001001].
06-13 20:07:36.655 W/omx_vdec( 368): <__AwOmxVdecGetExtensionIndex:1737>: GetExtensionIndex OMX.google.android.index.describeColorFormat2, err [0x80001001].
06-13 20:07:36.655 E/omx_vdec( 368): : erro: pParamData->nIndex > m_sPortFormatType.nIndex
06-13 20:07:36.655 W/omx_vdec( 368): <__AwOmxVdecGetExtensionIndex:1737>: GetExtensionIndex OMX.google.android.index.describeColorFormat, err [0x80001001].
06-13 20:07:36.655 W/omx_vdec( 368): <__AwOmxVdecGetExtensionIndex:1737>: GetExtensionIndex OMX.google.android.index.describeColorFormat2, err [0x80001001].
06-13 20:07:36.655 E/omx_vdec( 368): : erro: pParamData->nIndex > m_sPortFormatType.nIndex
06-13 20:07:36.655 W/omx_vdec( 368): <__AwOmxVdecGetExtensionIndex:1737>: GetExtensionIndex OMX.google.android.index.describeColorFormat, err [0x80001001].
06-13 20:07:36.655 W/omx_vdec( 368): <__AwOmxVdecGetExtensionIndex:1737>: GetExtensionIndex OMX.google.android.index.describeColorFormat2, err [0x80001001].
06-13 20:07:36.656 E/omx_vdec( 368): : erro: pParamData->nIndex > m_sPortFormatType.nIndex
06-13 20:07:36.656 W/omx_vdec( 368): <__AwOmxVdecGetExtensionIndex:1737>: GetExtensionIndex OMX.google.android.index.describeColorFormat, err [0x80001001].
06-13 20:07:36.656 W/omx_vdec( 368): <__AwOmxVdecGetExtensionIndex:1737>: GetExtensionIndex OMX.google.android.index.describeColorFormat2, err [0x80001001].
06-13 20:07:36.656 E/omx_vdec( 368): : erro: pParamData->nIndex > m_sPortFormatType.nIndex
06-13 20:07:36.658 I/SystemServerTiming( 485): MakeVcnManagementServiceReady
06-13 20:07:36.658 W/omx_vdec( 368): <__AwOmxVdecGetExtensionIndex:1737>: GetExtensionIndex OMX.google.android.index.describeColorFormat, err [0x80001001].
06-13 20:07:36.658 W/omx_vdec( 368): <__AwOmxVdecGetExtensionIndex:1737>: GetExtensionIndex OMX.google.android.index.describeColorFormat2, err [0x80001001].
06-13 20:07:36.658 E/omx_vdec( 368): : erro: pParamData->nIndex > m_sPortFormatType.nIndex
06-13 20:07:36.658 D/ConnectivityService( 485): Got NetworkProvider Messenger for VcnNetworkProvider
06-13 20:07:36.660 W/omx_vdec( 368): <__AwOmxVdecGetExtensionIndex:1737>: GetExtensionIndex OMX.google.android.index.describeColorFormat, err [0x80001001].
06-13 20:07:36.660 W/omx_vdec( 368): <__AwOmxVdecGetExtensionIndex:1737>: GetExtensionIndex OMX.google.android.index.describeColorFormat2, err [0x80001001].
06-13 20:07:36.660 E/omx_vdec( 368): : erro: pParamData->nIndex > m_sPortFormatType.nIndex
06-13 20:07:36.661 W/omx_vdec( 368): <__AwOmxVdecGetExtensionIndex:1737>: GetExtensionIndex OMX.google.android.index.describeColorFormat, err [0x80001001].
06-13 20:07:36.661 W/omx_vdec( 368): <__AwOmxVdecGetExtensionIndex:1737>: GetExtensionIndex OMX.google.android.index.describeColorFormat2, err [0x80001001].
06-13 20:07:36.661 E/omx_vdec( 368): : erro: pParamData->nIndex > m_sPortFormatType.nIndex
06-13 20:07:36.661 W/omx_vdec( 368): <__AwOmxVdecGetExtensionIndex:1737>: GetExtensionIndex OMX.google.android.index.describeColorFormat, err [0x80001001].
06-13 20:07:36.661 W/omx_vdec( 368): <__AwOmxVdecGetExtensionIndex:1737>: GetExtensionIndex OMX.google.android.index.describeColorFormat2, err [0x80001001].
06-13 20:07:36.661 E/omx_vdec( 368): : erro: pParamData->nIndex > m_sPortFormatType.nIndex
06-13 20:07:36.661 W/omx_vdec( 368): <__AwOmxVdecGetExtensionIndex:1737>: GetExtensionIndex OMX.google.android.index.describeColorFormat, err [0x80001001].
06-13 20:07:36.661 W/omx_vdec( 368): <__AwOmxVdecGetExtensionIndex:1737>: GetExtensionIndex OMX.google.android.index.describeColorFormat2, err [0x80001001].
06-13 20:07:36.661 V/WebViewLibraryLoader( 720): RelroFileCreator (64bit = false), package: com.android.webview library: libwebviewchromium.so
06-13 20:07:36.661 E/omx_vdec( 368): : erro: pParamData->nIndex > m_sPortFormatType.nIndex
06-13 20:07:36.662 W/omx_vdec( 368): <__AwOmxVdecGetExtensionIndex:1737>: GetExtensionIndex OMX.google.android.index.describeColorFormat, err [0x80001001].
06-13 20:07:36.662 W/omx_vdec( 368): <__AwOmxVdecGetExtensionIndex:1737>: GetExtensionIndex OMX.google.android.index.describeColorFormat2, err [0x80001001].
06-13 20:07:36.662 E/omx_vdec( 368): : erro: pParamData->nIndex > m_sPortFormatType.nIndex
06-13 20:07:36.662 W/omx_vdec( 368): <__AwOmxVdecGetExtensionIndex:1737>: GetExtensionIndex OMX.google.android.index.describeColorFormat, err [0x80001001].
06-13 20:07:36.662 W/omx_vdec( 368): <__AwOmxVdecGetExtensionIndex:1737>: GetExtensionIndex OMX.google.android.index.describeColorFormat2, err [0x80001001].
06-13 20:07:36.662 E/omx_vdec( 368): : erro: pParamData->nIndex > m_sPortFormatType.nIndex
06-13 20:07:36.662 W/omx_vdec( 368): <__AwOmxVdecGetExtensionIndex:1737>: GetExtensionIndex OMX.google.android.index.describeColorFormat, err [0x80001001].
06-13 20:07:36.663 W/omx_vdec( 368): <__AwOmxVdecGetExtensionIndex:1737>: GetExtensionIndex OMX.google.android.index.describeColorFormat2, err [0x80001001].
06-13 20:07:36.663 E/omx_vdec( 368): : erro: pParamData->nIndex > m_sPortFormatType.nIndex
06-13 20:07:36.663 W/omx_vdec( 368): <__AwOmxVdecGetExtensionIndex:1737>: GetExtensionIndex OMX.google.android.index.describeColorFormat, err [0x80001001].
06-13 20:07:36.663 W/omx_vdec( 368): <__AwOmxVdecGetExtensionIndex:1737>: GetExtensionIndex OMX.google.android.index.describeColorFormat2, err [0x80001001].
06-13 20:07:36.663 E/omx_vdec( 368): : erro: pParamData->nIndex > m_sPortFormatType.nIndex
06-13 20:07:36.663 W/omx_vdec( 368): <__AwOmxVdecGetExtensionIndex:1737>: GetExtensionIndex OMX.google.android.index.describeColorFormat, err [0x80001001].
06-13 20:07:36.663 W/omx_vdec( 368): <__AwOmxVdecGetExtensionIndex:1737>: GetExtensionIndex OMX.google.android.index.describeColorFormat2, err [0x80001001].
06-13 20:07:36.663 E/omx_vdec( 368): : erro: pParamData->nIndex > m_sPortFormatType.nIndex
06-13 20:07:36.663 W/omx_vdec( 368): <__AwOmxVdecGetExtensionIndex:1737>: GetExtensionIndex OMX.google.android.index.describeColorFormat, err [0x80001001].
06-13 20:07:36.663 W/omx_vdec( 368): <__AwOmxVdecGetExtensionIndex:1737>: GetExtensionIndex OMX.google.android.index.describeColorFormat2, err [0x80001001].
06-13 20:07:36.663 E/omx_vdec( 368): : erro: pParamData->nIndex > m_sPortFormatType.nIndex
06-13 20:07:36.664 W/omx_vdec( 368): <__AwOmxVdecGetExtensionIndex:1737>: GetExtensionIndex OMX.google.android.index.describeColorFormat, err [0x80001001].
06-13 20:07:36.664 W/omx_vdec( 368): <__AwOmxVdecGetExtensionIndex:1737>: GetExtensionIndex OMX.google.android.index.describeColorFormat2, err [0x80001001].
06-13 20:07:36.664 E/omx_vdec( 368): : erro: pParamData->nIndex > m_sPortFormatType.nIndex
06-13 20:07:36.664 W/omx_vdec( 368): <__AwOmxVdecGetExtensionIndex:1737>: GetExtensionIndex OMX.google.android.index.describeColorFormat, err [0x80001001].
06-13 20:07:36.664 W/omx_vdec( 368): <__AwOmxVdecGetExtensionIndex:1737>: GetExtensionIndex OMX.google.android.index.describeColorFormat2, err [0x80001001].
06-13 20:07:36.664 E/omx_vdec( 368): : erro: pParamData->nIndex > m_sPortFormatType.nIndex
06-13 20:07:36.666 W/omx_vdec( 368): <__AwOmxVdecGetExtensionIndex:1737>: GetExtensionIndex OMX.google.android.index.describeColorFormat, err [0x80001001].
06-13 20:07:36.667 W/omx_vdec( 368): <__AwOmxVdecGetExtensionIndex:1737>: GetExtensionIndex OMX.google.android.index.describeColorFormat2, err [0x80001001].
06-13 20:07:36.667 E/omx_vdec( 368): : erro: pParamData->nIndex > m_sPortFormatType.nIndex
06-13 20:07:36.668 W/omx_vdec( 368): <__AwOmxVdecGetExtensionIndex:1737>: GetExtensionIndex OMX.google.android.index.describeColorFormat, err [0x80001001].
06-13 20:07:36.668 W/omx_vdec( 368): <__AwOmxVdecGetExtensionIndex:1737>: GetExtensionIndex OMX.google.android.index.describeColorFormat2, err [0x80001001].
06-13 20:07:36.668 E/omx_vdec( 368): : erro: pParamData->nIndex > m_sPortFormatType.nIndex
06-13 20:07:36.668 W/omx_vdec( 368): <__AwOmxVdecGetExtensionIndex:1737>: GetExtensionIndex OMX.google.android.index.describeColorFormat, err [0x80001001].
06-13 20:07:36.668 W/omx_vdec( 368): <__AwOmxVdecGetExtensionIndex:1737>: GetExtensionIndex OMX.google.android.index.describeColorFormat2, err [0x80001001].
06-13 20:07:36.668 E/omx_vdec( 368): : erro: pParamData->nIndex > m_sPortFormatType.nIndex
06-13 20:07:36.668 W/omx_vdec( 368): <__AwOmxVdecGetExtensionIndex:1737>: GetExtensionIndex OMX.google.android.index.describeColorFormat, err [0x80001001].
06-13 20:07:36.668 W/omx_vdec( 368): <__AwOmxVdecGetExtensionIndex:1737>: GetExtensionIndex OMX.google.android.index.describeColorFormat2, err [0x80001001].
06-13 20:07:36.668 E/omx_vdec( 368): : erro: pParamData->nIndex > m_sPortFormatType.nIndex
06-13 20:07:36.668 W/omx_vdec( 368): <__AwOmxVdecGetExtensionIndex:1737>: GetExtensionIndex OMX.google.android.index.describeColorFormat, err [0x80001001].
06-13 20:07:36.669 W/omx_vdec( 368): <__AwOmxVdecGetExtensionIndex:1737>: GetExtensionIndex OMX.google.android.index.describeColorFormat2, err [0x80001001].
06-13 20:07:36.669 E/omx_vdec( 368): : erro: pParamData->nIndex > m_sPortFormatType.nIndex
06-13 20:07:36.669 W/omx_vdec( 368): <__AwOmxVdecGetExtensionIndex:1737>: GetExtensionIndex OMX.google.android.index.describeColorFormat, err [0x80001001].
06-13 20:07:36.669 W/omx_vdec( 368): <__AwOmxVdecGetExtensionIndex:1737>: GetExtensionIndex OMX.google.android.index.describeColorFormat2, err [0x80001001].
06-13 20:07:36.669 E/omx_vdec( 368): : erro: pParamData->nIndex > m_sPortFormatType.nIndex
06-13 20:07:36.669 W/omx_vdec( 368): <__AwOmxVdecGetExtensionIndex:1737>: GetExtensionIndex OMX.google.android.index.describeColorFormat, err [0x80001001].
06-13 20:07:36.669 W/omx_vdec( 368): <__AwOmxVdecGetExtensionIndex:1737>: GetExtensionIndex OMX.google.android.index.describeColorFormat2, err [0x80001001].
06-13 20:07:36.669 E/omx_vdec( 368): : erro: pParamData->nIndex > m_sPortFormatType.nIndex
06-13 20:07:36.669 W/omx_vdec( 368): <__AwOmxVdecGetExtensionIndex:1737>: GetExtensionIndex OMX.google.android.index.describeColorFormat, err [0x80001001].
06-13 20:07:36.669 W/omx_vdec( 368): <__AwOmxVdecGetExtensionIndex:1737>: GetExtensionIndex OMX.google.android.index.describeColorFormat2, err [0x80001001].
06-13 20:07:36.669 E/omx_vdec( 368): : erro: pParamData->nIndex > m_sPortFormatType.nIndex
06-13 20:07:36.670 W/omx_vdec( 368): <__AwOmxVdecGetExtensionIndex:1737>: GetExtensionIndex OMX.google.android.index.describeColorFormat, err [0x80001001].
06-13 20:07:36.670 W/omx_vdec( 368): <__AwOmxVdecGetExtensionIndex:1737>: GetExtensionIndex OMX.google.android.index.describeColorFormat2, err [0x80001001].
06-13 20:07:36.670 E/omx_vdec( 368): : erro: pParamData->nIndex > m_sPortFormatType.nIndex
06-13 20:07:36.670 W/omx_vdec( 368): <__AwOmxVdecGetExtensionIndex:1737>: GetExtensionIndex OMX.google.android.index.describeColorFormat, err [0x80001001].
06-13 20:07:36.670 W/omx_vdec( 368): <__AwOmxVdecGetExtensionIndex:1737>: GetExtensionIndex OMX.google.android.index.describeColorFormat2, err [0x80001001].
06-13 20:07:36.670 E/omx_vdec( 368): : erro: pParamData->nIndex > m_sPortFormatType.nIndex
06-13 20:07:36.670 W/omx_vdec( 368): <__AwOmxVdecGetExtensionIndex:1737>: GetExtensionIndex OMX.google.android.index.describeColorFormat, err [0x80001001].
06-13 20:07:36.670 W/omx_vdec( 368): <__AwOmxVdecGetExtensionIndex:1737>: GetExtensionIndex OMX.google.android.index.describeColorFormat2, err [0x80001001].
06-13 20:07:36.670 D/ConnectivityService( 485): NetReassign [no changes]
06-13 20:07:36.670 E/omx_vdec( 368): : erro: pParamData->nIndex > m_sPortFormatType.nIndex
06-13 20:07:36.671 W/omx_vdec( 368): <__AwOmxVdecGetExtensionIndex:1737>: GetExtensionIndex OMX.google.android.index.describeColorFormat, err [0x80001001].
06-13 20:07:36.671 W/omx_vdec( 368): <__AwOmxVdecGetExtensionIndex:1737>: GetExtensionIndex OMX.google.android.index.describeColorFormat2, err [0x80001001].
06-13 20:07:36.671 E/omx_vdec( 368): : erro: pParamData->nIndex > m_sPortFormatType.nIndex
06-13 20:07:36.671 W/omx_vdec( 368): <__AwOmxVdecGetExtensionIndex:1737>: GetExtensionIndex OMX.google.android.index.describeColorFormat, err [0x80001001].
06-13 20:07:36.671 W/omx_vdec( 368): <__AwOmxVdecGetExtensionIndex:1737>: GetExtensionIndex OMX.google.android.index.describeColorFormat2, err [0x80001001].
06-13 20:07:36.671 W/ACodec ( 360): [OMX.allwinner.video.decoder.mpeg4] stopping checking formats after 32: COLOR_FormatYUV420Planar(13)
06-13 20:07:36.671 W/omx_vdec( 368): <__AwOmxVdecGetExtensionIndex:1737>: GetExtensionIndex OMX.google.android.index.configureVideoTunnelMode, err [0x80001001].
06-13 20:07:36.671 E/OMXNodeInstance( 368): getExtensionIndex(0xf6d1e000:allwinner.decoder.mpeg4, OMX.google.android.index.configureVideoTunnelMode) ERROR: Undefined(0x80001001)
06-13 20:07:36.671 D/MediaCodecInfo( 360): detail feature-tunneled-playback wasn't present to remove
06-13 20:07:36.671 W/omx_vdec( 368): <__AwOmxVdecGetExtensionIndex:1737>: GetExtensionIndex OMX.google.android.index.storeANWBufferInMetadata, err [0x80001001].
06-13 20:07:36.671 W/omx_vdec_aw( 368): <__anSetExtPara:3011>: Setparameter: unknown param 2131755011
06-13 20:07:36.671 W/OMXNodeInstance( 368): [0xf6d1e000:allwinner.decoder.mpeg4] component does not support metadata mode; using fallback
06-13 20:07:36.672 W/libc ( 368): invalid pthread_t (0) passed to pthread_join
06-13 20:07:36.672 W/libc ( 368): invalid pthread_t (0) passed to pthread_join
06-13 20:07:36.672 W/libc ( 368): invalid pthread_t (0) passed to pthread_join
06-13 20:07:36.674 I/OMXClient( 360): IOmx service obtained
06-13 20:07:36.675 I/OMXStore( 368): makeComponentInstance(OMX.allwinner.video.decoder.vp8) in android.hardwar process
06-13 20:07:36.676 I/omx_vdec_aw( 368): : OmxDecoderCreate.
06-13 20:07:36.672 I/ndroid.systemui( 684): type=1400 audit(0.0:332): avc: denied { getattr } for path="/data/user_de/0/com.android.systemui" dev="mmcblk0p25" ino=484 scontext=u:r:platform_app:s0:c512,c768 tcontext=u:object_r:app_data_file:s0:c512,c768 tclass=dir permissive=1 app=com.softwinner.screenshot
06-13 20:07:36.677 W/omx_vdec( 368): <__AwOmxVdecSetParameter:1561>: Set Parameter called in valid state
06-13 20:07:36.681 W/omx_vdec( 368): : OMX_IndexParamVideoProfileLevelQuerySupported, Format[0x9] not support
06-13 20:07:36.681 E/OMXNodeInstance( 368): getParameter(0xf6d1e000:allwinner.decoder.vp8, ParamVideoProfileLevelQuerySupported(0x600000f)) ERROR: BadParameter(0x80001005)
06-13 20:07:36.683 W/omx_vdec( 368): <__AwOmxVdecGetExtensionIndex:1737>: GetExtensionIndex OMX.google.android.index.describeColorFormat, err [0x80001001].
06-13 20:07:36.683 W/omx_vdec( 368): <__AwOmxVdecGetExtensionIndex:1737>: GetExtensionIndex OMX.google.android.index.describeColorFormat2, err [0x80001001].
06-13 20:07:36.683 E/omx_vdec( 368): : erro: pParamData->nIndex > m_sPortFormatType.nIndex
06-13 20:07:36.683 W/omx_vdec( 368): <__AwOmxVdecGetExtensionIndex:1737>: GetExtensionIndex OMX.google.android.index.describeColorFormat, err [0x80001001].
06-13 20:07:36.683 W/omx_vdec( 368): <__AwOmxVdecGetExtensionIndex:1737>: GetExtensionIndex OMX.google.android.index.describeColorFormat2, err [0x80001001].
06-13 20:07:36.683 E/omx_vdec( 368): : erro: pParamData->nIndex > m_sPortFormatType.nIndex
06-13 20:07:36.683 W/omx_vdec( 368): <__AwOmxVdecGetExtensionIndex:1737>: GetExtensionIndex OMX.google.android.index.describeColorFormat, err [0x80001001].
06-13 20:07:36.684 W/omx_vdec( 368): <__AwOmxVdecGetExtensionIndex:1737>: GetExtensionIndex OMX.google.android.index.describeColorFormat2, err [0x80001001].
06-13 20:07:36.684 E/omx_vdec( 368): : erro: pParamData->nIndex > m_sPortFormatType.nIndex
06-13 20:07:36.684 I/SystemServerTiming( 485): MakeNetworkPolicyServiceReady
06-13 20:07:36.685 W/omx_vdec( 368): <__AwOmxVdecGetExtensionIndex:1737>: GetExtensionIndex OMX.google.android.index.describeColorFormat, err [0x80001001].
06-13 20:07:36.685 W/omx_vdec( 368): <__AwOmxVdecGetExtensionIndex:1737>: GetExtensionIndex OMX.google.android.index.describeColorFormat2, err [0x80001001].
06-13 20:07:36.685 E/omx_vdec( 368): : erro: pParamData->nIndex > m_sPortFormatType.nIndex
06-13 20:07:36.685 W/omx_vdec( 368): <__AwOmxVdecGetExtensionIndex:1737>: GetExtensionIndex OMX.google.android.index.describeColorFormat, err [0x80001001].
06-13 20:07:36.685 W/omx_vdec( 368): <__AwOmxVdecGetExtensionIndex:1737>: GetExtensionIndex OMX.google.android.index.describeColorFormat2, err [0x80001001].
06-13 20:07:36.685 E/omx_vdec( 368): : erro: pParamData->nIndex > m_sPortFormatType.nIndex
06-13 20:07:36.685 W/omx_vdec( 368): <__AwOmxVdecGetExtensionIndex:1737>: GetExtensionIndex OMX.google.android.index.describeColorFormat, err [0x80001001].
06-13 20:07:36.686 W/omx_vdec( 368): <__AwOmxVdecGetExtensionIndex:1737>: GetExtensionIndex OMX.google.android.index.describeColorFormat2, err [0x80001001].
06-13 20:07:36.687 E/omx_vdec( 368): : erro: pParamData->nIndex > m_sPortFormatType.nIndex
06-13 20:07:36.690 W/omx_vdec( 368): <__AwOmxVdecGetExtensionIndex:1737>: GetExtensionIndex OMX.google.android.index.describeColorFormat, err [0x80001001].
06-13 20:07:36.692 W/omx_vdec( 368): <__AwOmxVdecGetExtensionIndex:1737>: GetExtensionIndex OMX.google.android.index.describeColorFormat2, err [0x80001001].
06-13 20:07:36.692 I/SystemServerTiming( 485): PhaseThirdPartyAppsCanStart
06-13 20:07:36.692 I/SystemServiceManager( 485): Starting phase 600
06-13 20:07:36.692 I/SystemServerTiming( 485): OnBootPhase_600
06-13 20:07:36.692 D/ConnectivityService( 485): NetReassign [no changes]
06-13 20:07:36.693 E/omx_vdec( 368): : erro: pParamData->nIndex > m_sPortFormatType.nIndex
06-13 20:07:36.694 W/omx_vdec( 368): <__AwOmxVdecGetExtensionIndex:1737>: GetExtensionIndex OMX.google.android.index.describeColorFormat, err [0x80001001].
06-13 20:07:36.694 W/omx_vdec( 368): <__AwOmxVdecGetExtensionIndex:1737>: GetExtensionIndex OMX.google.android.index.describeColorFormat2, err [0x80001001].
06-13 20:07:36.694 E/omx_vdec( 368): : erro: pParamData->nIndex > m_sPortFormatType.nIndex
06-13 20:07:36.694 W/omx_vdec( 368): <__AwOmxVdecGetExtensionIndex:1737>: GetExtensionIndex OMX.google.android.index.describeColorFormat, err [0x80001001].
06-13 20:07:36.694 W/omx_vdec( 368): <__AwOmxVdecGetExtensionIndex:1737>: GetExtensionIndex OMX.google.android.index.describeColorFormat2, err [0x80001001].
06-13 20:07:36.695 I/ExplicitHealthCheckController( 485): Explicit health checks enabled.
06-13 20:07:36.695 I/PackageWatchdog( 485): Syncing state, reason: health check state enabled
06-13 20:07:36.695 I/PackageWatchdog( 485): Not pruning observers, elapsed time: 0ms
06-13 20:07:36.695 I/PackageWatchdog( 485): Saving observer state to file
06-13 20:07:36.695 I/PackageWatchdog( 485): Cancelling state sync, nothing to sync
06-13 20:07:36.695 E/omx_vdec( 368): : erro: pParamData->nIndex > m_sPortFormatType.nIndex
06-13 20:07:36.696 W/omx_vdec( 368): <__AwOmxVdecGetExtensionIndex:1737>: GetExtensionIndex OMX.google.android.index.describeColorFormat, err [0x80001001].
06-13 20:07:36.699 W/omx_vdec( 368): <__AwOmxVdecGetExtensionIndex:1737>: GetExtensionIndex OMX.google.android.index.describeColorFormat2, err [0x80001001].
06-13 20:07:36.700 E/omx_vdec( 368): : erro: pParamData->nIndex > m_sPortFormatType.nIndex
06-13 20:07:36.701 W/omx_vdec( 368): <__AwOmxVdecGetExtensionIndex:1737>: GetExtensionIndex OMX.google.android.index.describeColorFormat, err [0x80001001].
06-13 20:07:36.701 W/omx_vdec( 368): <__AwOmxVdecGetExtensionIndex:1737>: GetExtensionIndex OMX.google.android.index.describeColorFormat2, err [0x80001001].
06-13 20:07:36.701 E/omx_vdec( 368): : erro: pParamData->nIndex > m_sPortFormatType.nIndex
06-13 20:07:36.701 W/omx_vdec( 368): <__AwOmxVdecGetExtensionIndex:1737>: GetExtensionIndex OMX.google.android.index.describeColorFormat, err [0x80001001].
06-13 20:07:36.701 W/omx_vdec( 368): <__AwOmxVdecGetExtensionIndex:1737>: GetExtensionIndex OMX.google.android.index.describeColorFormat2, err [0x80001001].
06-13 20:07:36.702 E/omx_vdec( 368): : erro: pParamData->nIndex > m_sPortFormatType.nIndex
06-13 20:07:36.702 W/omx_vdec( 368): <__AwOmxVdecGetExtensionIndex:1737>: GetExtensionIndex OMX.google.android.index.describeColorFormat, err [0x80001001].
06-13 20:07:36.702 W/omx_vdec( 368): <__AwOmxVdecGetExtensionIndex:1737>: GetExtensionIndex OMX.google.android.index.describeColorFormat2, err [0x80001001].
06-13 20:07:36.702 E/omx_vdec( 368): : erro: pParamData->nIndex > m_sPortFormatType.nIndex
06-13 20:07:36.703 W/omx_vdec( 368): <__AwOmxVdecGetExtensionIndex:1737>: GetExtensionIndex OMX.google.android.index.describeColorFormat, err [0x80001001].
06-13 20:07:36.703 W/omx_vdec( 368): <__AwOmxVdecGetExtensionIndex:1737>: GetExtensionIndex OMX.google.android.index.describeColorFormat2, err [0x80001001].
06-13 20:07:36.703 E/omx_vdec( 368): : erro: pParamData->nIndex > m_sPortFormatType.nIndex
06-13 20:07:36.705 W/PackageManager( 485): Loading a package that does not exist for the calling user. package=null, user=0
06-13 20:07:36.705 W/omx_vdec( 368): <__AwOmxVdecGetExtensionIndex:1737>: GetExtensionIndex OMX.google.android.index.describeColorFormat, err [0x80001001].
06-13 20:07:36.706 W/omx_vdec( 368): <__AwOmxVdecGetExtensionIndex:1737>: GetExtensionIndex OMX.google.android.index.describeColorFormat2, err [0x80001001].
06-13 20:07:36.706 V/AdapterServiceConfig( 671): Adding HeadsetService
06-13 20:07:36.706 E/omx_vdec( 368): : erro: pParamData->nIndex > m_sPortFormatType.nIndex
06-13 20:07:36.706 V/AdapterServiceConfig( 671): Adding A2dpService
06-13 20:07:36.706 W/omx_vdec( 368): <__AwOmxVdecGetExtensionIndex:1737>: GetExtensionIndex OMX.google.android.index.describeColorFormat, err [0x80001001].
06-13 20:07:36.706 V/AdapterServiceConfig( 671): Adding HidHostService
06-13 20:07:36.706 W/omx_vdec( 368): <__AwOmxVdecGetExtensionIndex:1737>: GetExtensionIndex OMX.google.android.index.describeColorFormat2, err [0x80001001].
06-13 20:07:36.706 V/AdapterServiceConfig( 671): Adding PanService
06-13 20:07:36.706 V/AdapterServiceConfig( 671): Adding GattService
06-13 20:07:36.706 E/omx_vdec( 368): : erro: pParamData->nIndex > m_sPortFormatType.nIndex
06-13 20:07:36.706 V/AdapterServiceConfig( 671): Adding BluetoothMapService
06-13 20:07:36.706 W/omx_vdec( 368): <__AwOmxVdecGetExtensionIndex:1737>: GetExtensionIndex OMX.google.android.index.describeColorFormat, err [0x80001001].
06-13 20:07:36.706 V/AdapterServiceConfig( 671): Adding AvrcpTargetService
06-13 20:07:36.706 V/AdapterServiceConfig( 671): Adding HidDeviceService
06-13 20:07:36.707 W/omx_vdec( 368): <__AwOmxVdecGetExtensionIndex:1737>: GetExtensionIndex OMX.google.android.index.describeColorFormat2, err [0x80001001].
06-13 20:07:36.707 V/AdapterServiceConfig( 671): Adding BluetoothOppService
06-13 20:07:36.707 V/AdapterServiceConfig( 671): Adding BluetoothPbapService
06-13 20:07:36.707 E/omx_vdec( 368): : erro: pParamData->nIndex > m_sPortFormatType.nIndex
06-13 20:07:36.707 W/omx_vdec( 368): <__AwOmxVdecGetExtensionIndex:1737>: GetExtensionIndex OMX.google.android.index.describeColorFormat, err [0x80001001].
06-13 20:07:36.707 W/omx_vdec( 368): <__AwOmxVdecGetExtensionIndex:1737>: GetExtensionIndex OMX.google.android.index.describeColorFormat2, err [0x80001001].
06-13 20:07:36.707 E/omx_vdec( 368): : erro: pParamData->nIndex > m_sPortFormatType.nIndex
06-13 20:07:36.707 W/omx_vdec( 368): <__AwOmxVdecGetExtensionIndex:1737>: GetExtensionIndex OMX.google.android.index.describeColorFormat, err [0x80001001].
06-13 20:07:36.707 W/omx_vdec( 368): <__AwOmxVdecGetExtensionIndex:1737>: GetExtensionIndex OMX.google.android.index.describeColorFormat2, err [0x80001001].
06-13 20:07:36.707 E/omx_vdec( 368): : erro: pParamData->nIndex > m_sPortFormatType.nIndex
06-13 20:07:36.707 W/omx_vdec( 368): <__AwOmxVdecGetExtensionIndex:1737>: GetExtensionIndex OMX.google.android.index.describeColorFormat, err [0x80001001].
06-13 20:07:36.707 W/omx_vdec( 368): <__AwOmxVdecGetExtensionIndex:1737>: GetExtensionIndex OMX.google.android.index.describeColorFormat2, err [0x80001001].
06-13 20:07:36.708 E/omx_vdec( 368): : erro: pParamData->nIndex > m_sPortFormatType.nIndex
06-13 20:07:36.708 W/omx_vdec( 368): <__AwOmxVdecGetExtensionIndex:1737>: GetExtensionIndex OMX.google.android.index.describeColorFormat, err [0x80001001].
06-13 20:07:36.708 W/omx_vdec( 368): <__AwOmxVdecGetExtensionIndex:1737>: GetExtensionIndex OMX.google.android.index.describeColorFormat2, err [0x80001001].
06-13 20:07:36.708 E/omx_vdec( 368): : erro: pParamData->nIndex > m_sPortFormatType.nIndex
06-13 20:07:36.708 W/omx_vdec( 368): <__AwOmxVdecGetExtensionIndex:1737>: GetExtensionIndex OMX.google.android.index.describeColorFormat, err [0x80001001].
06-13 20:07:36.708 W/omx_vdec( 368): <__AwOmxVdecGetExtensionIndex:1737>: GetExtensionIndex OMX.google.android.index.describeColorFormat2, err [0x80001001].
06-13 20:07:36.708 E/omx_vdec( 368): : erro: pParamData->nIndex > m_sPortFormatType.nIndex
06-13 20:07:36.709 D/nativeloader( 720): classloader namespace configured for unbundled product apk. library_path=/product/app/webview/lib/arm:/product/app/webview/webview.apk!/lib/armeabi-v7a:/product/lib:/system/product/lib
06-13 20:07:36.709 W/omx_vdec( 368): <__AwOmxVdecGetExtensionIndex:1737>: GetExtensionIndex OMX.google.android.index.describeColorFormat, err [0x80001001].
06-13 20:07:36.709 W/omx_vdec( 368): <__AwOmxVdecGetExtensionIndex:1737>: GetExtensionIndex OMX.google.android.index.describeColorFormat2, err [0x80001001].
06-13 20:07:36.709 E/omx_vdec( 368): : erro: pParamData->nIndex > m_sPortFormatType.nIndex
06-13 20:07:36.709 W/omx_vdec( 368): <__AwOmxVdecGetExtensionIndex:1737>: GetExtensionIndex OMX.google.android.index.describeColorFormat, err [0x80001001].
06-13 20:07:36.710 W/omx_vdec( 368): <__AwOmxVdecGetExtensionIndex:1737>: GetExtensionIndex OMX.google.android.index.describeColorFormat2, err [0x80001001].
06-13 20:07:36.710 E/omx_vdec( 368): : erro: pParamData->nIndex > m_sPortFormatType.nIndex
06-13 20:07:36.710 W/omx_vdec( 368): <__AwOmxVdecGetExtensionIndex:1737>: GetExtensionIndex OMX.google.android.index.describeColorFormat, err [0x80001001].
06-13 20:07:36.710 W/omx_vdec( 368): <__AwOmxVdecGetExtensionIndex:1737>: GetExtensionIndex OMX.google.android.index.describeColorFormat2, err [0x80001001].
06-13 20:07:36.710 E/omx_vdec( 368): : erro: pParamData->nIndex > m_sPortFormatType.nIndex
06-13 20:07:36.710 W/omx_vdec( 368): <__AwOmxVdecGetExtensionIndex:1737>: GetExtensionIndex OMX.google.android.index.describeColorFormat, err [0x80001001].
06-13 20:07:36.710 W/omx_vdec( 368): <__AwOmxVdecGetExtensionIndex:1737>: GetExtensionIndex OMX.google.android.index.describeColorFormat2, err [0x80001001].
06-13 20:07:36.711 E/omx_vdec( 368): : erro: pParamData->nIndex > m_sPortFormatType.nIndex
06-13 20:07:36.711 W/omx_vdec( 368): <__AwOmxVdecGetExtensionIndex:1737>: GetExtensionIndex OMX.google.android.index.describeColorFormat, err [0x80001001].
06-13 20:07:36.711 W/omx_vdec( 368): <__AwOmxVdecGetExtensionIndex:1737>: GetExtensionIndex OMX.google.android.index.describeColorFormat2, err [0x80001001].
06-13 20:07:36.711 E/omx_vdec( 368): : erro: pParamData->nIndex > m_sPortFormatType.nIndex
06-13 20:07:36.711 W/omx_vdec( 368): <__AwOmxVdecGetExtensionIndex:1737>: GetExtensionIndex OMX.google.android.index.describeColorFormat, err [0x80001001].
06-13 20:07:36.711 W/omx_vdec( 368): <__AwOmxVdecGetExtensionIndex:1737>: GetExtensionIndex OMX.google.android.index.describeColorFormat2, err [0x80001001].
06-13 20:07:36.712 E/omx_vdec( 368): : erro: pParamData->nIndex > m_sPortFormatType.nIndex
06-13 20:07:36.712 W/omx_vdec( 368): <__AwOmxVdecGetExtensionIndex:1737>: GetExtensionIndex OMX.google.android.index.describeColorFormat, err [0x80001001].
06-13 20:07:36.712 W/omx_vdec( 368): <__AwOmxVdecGetExtensionIndex:1737>: GetExtensionIndex OMX.google.android.index.describeColorFormat2, err [0x80001001].
06-13 20:07:36.712 E/omx_vdec( 368): : erro: pParamData->nIndex > m_sPortFormatType.nIndex
06-13 20:07:36.712 W/omx_vdec( 368): <__AwOmxVdecGetExtensionIndex:1737>: GetExtensionIndex OMX.google.android.index.describeColorFormat, err [0x80001001].
06-13 20:07:36.712 W/omx_vdec( 368): <__AwOmxVdecGetExtensionIndex:1737>: GetExtensionIndex OMX.google.android.index.describeColorFormat2, err [0x80001001].
06-13 20:07:36.712 E/omx_vdec( 368): : erro: pParamData->nIndex > m_sPortFormatType.nIndex
06-13 20:07:36.713 W/omx_vdec( 368): <__AwOmxVdecGetExtensionIndex:1737>: GetExtensionIndex OMX.google.android.index.describeColorFormat, err [0x80001001].
06-13 20:07:36.713 W/omx_vdec( 368): <__AwOmxVdecGetExtensionIndex:1737>: GetExtensionIndex OMX.google.android.index.describeColorFormat2, err [0x80001001].
06-13 20:07:36.713 E/omx_vdec( 368): : erro: pParamData->nIndex > m_sPortFormatType.nIndex
06-13 20:07:36.713 W/omx_vdec( 368): <__AwOmxVdecGetExtensionIndex:1737>: GetExtensionIndex OMX.google.android.index.describeColorFormat, err [0x80001001].
06-13 20:07:36.713 W/omx_vdec( 368): <__AwOmxVdecGetExtensionIndex:1737>: GetExtensionIndex OMX.google.android.index.describeColorFormat2, err [0x80001001].
06-13 20:07:36.713 E/omx_vdec( 368): : erro: pParamData->nIndex > m_sPortFormatType.nIndex
06-13 20:07:36.713 W/omx_vdec( 368): <__AwOmxVdecGetExtensionIndex:1737>: GetExtensionIndex OMX.google.android.index.describeColorFormat, err [0x80001001].
06-13 20:07:36.713 W/omx_vdec( 368): <__AwOmxVdecGetExtensionIndex:1737>: GetExtensionIndex OMX.google.android.index.describeColorFormat2, err [0x80001001].
06-13 20:07:36.714 W/ACodec ( 360): [OMX.allwinner.video.decoder.vp8] stopping checking formats after 32: COLOR_FormatYUV420Planar(13)
06-13 20:07:36.714 W/omx_vdec( 368): <__AwOmxVdecGetExtensionIndex:1737>: GetExtensionIndex OMX.google.android.index.configureVideoTunnelMode, err [0x80001001].
06-13 20:07:36.714 E/OMXNodeInstance( 368): getExtensionIndex(0xf6d1e000:allwinner.decoder.vp8, OMX.google.android.index.configureVideoTunnelMode) ERROR: Undefined(0x80001001)
06-13 20:07:36.714 D/MediaCodecInfo( 360): detail feature-tunneled-playback wasn't present to remove
06-13 20:07:36.714 W/omx_vdec( 368): <__AwOmxVdecGetExtensionIndex:1737>: GetExtensionIndex OMX.google.android.index.storeANWBufferInMetadata, err [0x80001001].
06-13 20:07:36.714 W/omx_vdec_aw( 368): <__anSetExtPara:3011>: Setparameter: unknown param 2131755011
06-13 20:07:36.714 W/OMXNodeInstance( 368): [0xf6d1e000:allwinner.decoder.vp8] component does not support metadata mode; using fallback
06-13 20:07:36.715 W/libc ( 368): invalid pthread_t (0) passed to pthread_join
06-13 20:07:36.715 W/libc ( 368): invalid pthread_t (0) passed to pthread_join
06-13 20:07:36.715 W/libc ( 368): invalid pthread_t (0) passed to pthread_join
06-13 20:07:36.717 I/OMXClient( 360): IOmx service obtained
06-13 20:07:36.718 I/OMXStore( 368): makeComponentInstance(OMX.allwinner.video.decoder.vp9) in android.hardwar process
06-13 20:07:36.718 W/LocationManagerService( 485): no network location provider found
06-13 20:07:36.719 I/omx_vdec_aw( 368): : OmxDecoderCreate.
06-13 20:07:36.720 W/omx_vdec( 368): <__AwOmxVdecSetParameter:1561>: Set Parameter called in valid state
06-13 20:07:36.720 W/omx_vdec( 368): : OMX_IndexParamVideoProfileLevelQuerySupported, Format[0xa] not support
06-13 20:07:36.720 E/OMXNodeInstance( 368): getParameter(0xf6c3d000:allwinner.decoder.vp9, ParamVideoProfileLevelQuerySupported(0x600000f)) ERROR: BadParameter(0x80001005)
06-13 20:07:36.721 W/omx_vdec( 368): <__AwOmxVdecGetExtensionIndex:1737>: GetExtensionIndex OMX.google.android.index.describeColorFormat, err [0x80001001].
06-13 20:07:36.721 W/omx_vdec( 368): <__AwOmxVdecGetExtensionIndex:1737>: GetExtensionIndex OMX.google.android.index.describeColorFormat2, err [0x80001001].
06-13 20:07:36.721 E/omx_vdec( 368): : erro: pParamData->nIndex > m_sPortFormatType.nIndex
06-13 20:07:36.721 W/omx_vdec( 368): <__AwOmxVdecGetExtensionIndex:1737>: GetExtensionIndex OMX.google.android.index.describeColorFormat, err [0x80001001].
06-13 20:07:36.721 W/omx_vdec( 368): <__AwOmxVdecGetExtensionIndex:1737>: GetExtensionIndex OMX.google.android.index.describeColorFormat2, err [0x80001001].
06-13 20:07:36.721 E/omx_vdec( 368): : erro: pParamData->nIndex > m_sPortFormatType.nIndex
06-13 20:07:36.721 W/omx_vdec( 368): <__AwOmxVdecGetExtensionIndex:1737>: GetExtensionIndex OMX.google.android.index.describeColorFormat, err [0x80001001].
06-13 20:07:36.722 W/omx_vdec( 368): <__AwOmxVdecGetExtensionIndex:1737>: GetExtensionIndex OMX.google.android.index.describeColorFormat2, err [0x80001001].
06-13 20:07:36.722 E/omx_vdec( 368): : erro: pParamData->nIndex > m_sPortFormatType.nIndex
06-13 20:07:36.722 W/omx_vdec( 368): <__AwOmxVdecGetExtensionIndex:1737>: GetExtensionIndex OMX.google.android.index.describeColorFormat, err [0x80001001].
06-13 20:07:36.722 W/omx_vdec( 368): <__AwOmxVdecGetExtensionIndex:1737>: GetExtensionIndex OMX.google.android.index.describeColorFormat2, err [0x80001001].
06-13 20:07:36.722 E/omx_vdec( 368): : erro: pParamData->nIndex > m_sPortFormatType.nIndex
06-13 20:07:36.723 W/omx_vdec( 368): <__AwOmxVdecGetExtensionIndex:1737>: GetExtensionIndex OMX.google.android.index.describeColorFormat, err [0x80001001].
06-13 20:07:36.723 W/omx_vdec( 368): <__AwOmxVdecGetExtensionIndex:1737>: GetExtensionIndex OMX.google.android.index.describeColorFormat2, err [0x80001001].
06-13 20:07:36.723 E/omx_vdec( 368): : erro: pParamData->nIndex > m_sPortFormatType.nIndex
06-13 20:07:36.723 W/omx_vdec( 368): <__AwOmxVdecGetExtensionIndex:1737>: GetExtensionIndex OMX.google.android.index.describeColorFormat, err [0x80001001].
06-13 20:07:36.723 W/omx_vdec( 368): <__AwOmxVdecGetExtensionIndex:1737>: GetExtensionIndex OMX.google.android.index.describeColorFormat2, err [0x80001001].
06-13 20:07:36.723 E/omx_vdec( 368): : erro: pParamData->nIndex > m_sPortFormatType.nIndex
06-13 20:07:36.724 W/omx_vdec( 368): <__AwOmxVdecGetExtensionIndex:1737>: GetExtensionIndex OMX.google.android.index.describeColorFormat, err [0x80001001].
06-13 20:07:36.724 W/omx_vdec( 368): <__AwOmxVdecGetExtensionIndex:1737>: GetExtensionIndex OMX.google.android.index.describeColorFormat2, err [0x80001001].
06-13 20:07:36.724 E/omx_vdec( 368): : erro: pParamData->nIndex > m_sPortFormatType.nIndex
06-13 20:07:36.724 W/omx_vdec( 368): <__AwOmxVdecGetExtensionIndex:1737>: GetExtensionIndex OMX.google.android.index.describeColorFormat, err [0x80001001].
06-13 20:07:36.724 W/omx_vdec( 368): <__AwOmxVdecGetExtensionIndex:1737>: GetExtensionIndex OMX.google.android.index.describeColorFormat2, err [0x80001001].
06-13 20:07:36.724 E/omx_vdec( 368): : erro: pParamData->nIndex > m_sPortFormatType.nIndex
06-13 20:07:36.724 W/omx_vdec( 368): <__AwOmxVdecGetExtensionIndex:1737>: GetExtensionIndex OMX.google.android.index.describeColorFormat, err [0x80001001].
06-13 20:07:36.724 W/omx_vdec( 368): <__AwOmxVdecGetExtensionIndex:1737>: GetExtensionIndex OMX.google.android.index.describeColorFormat2, err [0x80001001].
06-13 20:07:36.725 E/omx_vdec( 368): : erro: pParamData->nIndex > m_sPortFormatType.nIndex
06-13 20:07:36.725 W/omx_vdec( 368): <__AwOmxVdecGetExtensionIndex:1737>: GetExtensionIndex OMX.google.android.index.describeColorFormat, err [0x80001001].
06-13 20:07:36.725 W/omx_vdec( 368): <__AwOmxVdecGetExtensionIndex:1737>: GetExtensionIndex OMX.google.android.index.describeColorFormat2, err [0x80001001].
06-13 20:07:36.725 E/omx_vdec( 368): : erro: pParamData->nIndex > m_sPortFormatType.nIndex
06-13 20:07:36.725 W/omx_vdec( 368): <__AwOmxVdecGetExtensionIndex:1737>: GetExtensionIndex OMX.google.android.index.describeColorFormat, err [0x80001001].
06-13 20:07:36.725 W/omx_vdec( 368): <__AwOmxVdecGetExtensionIndex:1737>: GetExtensionIndex OMX.google.android.index.describeColorFormat2, err [0x80001001].
06-13 20:07:36.725 E/omx_vdec( 368): : erro: pParamData->nIndex > m_sPortFormatType.nIndex
06-13 20:07:36.726 W/omx_vdec( 368): <__AwOmxVdecGetExtensionIndex:1737>: GetExtensionIndex OMX.google.android.index.describeColorFormat, err [0x80001001].
06-13 20:07:36.726 I/ServiceWatcher( 485): [fused] chose new implementation 1000/com.android.location.fused/.FusedLocationService@0
06-13 20:07:36.726 W/omx_vdec( 368): <__AwOmxVdecGetExtensionIndex:1737>: GetExtensionIndex OMX.google.android.index.describeColorFormat2, err [0x80001001].
06-13 20:07:36.726 E/omx_vdec( 368): : erro: pParamData->nIndex > m_sPortFormatType.nIndex
06-13 20:07:36.726 W/omx_vdec( 368): <__AwOmxVdecGetExtensionIndex:1737>: GetExtensionIndex OMX.google.android.index.describeColorFormat, err [0x80001001].
06-13 20:07:36.727 W/omx_vdec( 368): <__AwOmxVdecGetExtensionIndex:1737>: GetExtensionIndex OMX.google.android.index.describeColorFormat2, err [0x80001001].
06-13 20:07:36.727 E/omx_vdec( 368): : erro: pParamData->nIndex > m_sPortFormatType.nIndex
06-13 20:07:36.728 W/omx_vdec( 368): <__AwOmxVdecGetExtensionIndex:1737>: GetExtensionIndex OMX.google.android.index.describeColorFormat, err [0x80001001].
06-13 20:07:36.728 W/omx_vdec( 368): <__AwOmxVdecGetExtensionIndex:1737>: GetExtensionIndex OMX.google.android.index.describeColorFormat2, err [0x80001001].
06-13 20:07:36.728 E/omx_vdec( 368): : erro: pParamData->nIndex > m_sPortFormatType.nIndex
06-13 20:07:36.728 W/omx_vdec( 368): <__AwOmxVdecGetExtensionIndex:1737>: GetExtensionIndex OMX.google.android.index.describeColorFormat, err [0x80001001].
06-13 20:07:36.728 W/omx_vdec( 368): <__AwOmxVdecGetExtensionIndex:1737>: GetExtensionIndex OMX.google.android.index.describeColorFormat2, err [0x80001001].
06-13 20:07:36.728 E/omx_vdec( 368): : erro: pParamData->nIndex > m_sPortFormatType.nIndex
06-13 20:07:36.728 W/omx_vdec( 368): <__AwOmxVdecGetExtensionIndex:1737>: GetExtensionIndex OMX.google.android.index.describeColorFormat, err [0x80001001].
06-13 20:07:36.728 W/omx_vdec( 368): <__AwOmxVdecGetExtensionIndex:1737>: GetExtensionIndex OMX.google.android.index.describeColorFormat2, err [0x80001001].
06-13 20:07:36.729 E/omx_vdec( 368): : erro: pParamData->nIndex > m_sPortFormatType.nIndex
06-13 20:07:36.729 W/omx_vdec( 368): <__AwOmxVdecGetExtensionIndex:1737>: GetExtensionIndex OMX.google.android.index.describeColorFormat, err [0x80001001].
06-13 20:07:36.729 W/omx_vdec( 368): <__AwOmxVdecGetExtensionIndex:1737>: GetExtensionIndex OMX.google.android.index.describeColorFormat2, err [0x80001001].
06-13 20:07:36.729 E/omx_vdec( 368): : erro: pParamData->nIndex > m_sPortFormatType.nIndex
06-13 20:07:36.729 W/omx_vdec( 368): <__AwOmxVdecGetExtensionIndex:1737>: GetExtensionIndex OMX.google.android.index.describeColorFormat, err [0x80001001].
06-13 20:07:36.729 W/omx_vdec( 368): <__AwOmxVdecGetExtensionIndex:1737>: GetExtensionIndex OMX.google.android.index.describeColorFormat2, err [0x80001001].
06-13 20:07:36.730 E/omx_vdec( 368): : erro: pParamData->nIndex > m_sPortFormatType.nIndex
06-13 20:07:36.730 W/omx_vdec( 368): <__AwOmxVdecGetExtensionIndex:1737>: GetExtensionIndex OMX.google.android.index.describeColorFormat, err [0x80001001].
06-13 20:07:36.730 W/omx_vdec( 368): <__AwOmxVdecGetExtensionIndex:1737>: GetExtensionIndex OMX.google.android.index.describeColorFormat2, err [0x80001001].
06-13 20:07:36.730 D/CompatibilityChangeReporter( 485): Compat change id reported: 168419799; UID 1000; state: DISABLED
06-13 20:07:36.730 E/omx_vdec( 368): : erro: pParamData->nIndex > m_sPortFormatType.nIndex
06-13 20:07:36.730 W/omx_vdec( 368): <__AwOmxVdecGetExtensionIndex:1737>: GetExtensionIndex OMX.google.android.index.describeColorFormat, err [0x80001001].
06-13 20:07:36.730 W/omx_vdec( 368): <__AwOmxVdecGetExtensionIndex:1737>: GetExtensionIndex OMX.google.android.index.describeColorFormat2, err [0x80001001].
06-13 20:07:36.731 E/omx_vdec( 368): : erro: pParamData->nIndex > m_sPortFormatType.nIndex
06-13 20:07:36.731 W/omx_vdec( 368): <__AwOmxVdecGetExtensionIndex:1737>: GetExtensionIndex OMX.google.android.index.describeColorFormat, err [0x80001001].
06-13 20:07:36.731 W/omx_vdec( 368): <__AwOmxVdecGetExtensionIndex:1737>: GetExtensionIndex OMX.google.android.index.describeColorFormat2, err [0x80001001].
06-13 20:07:36.731 E/omx_vdec( 368): : erro: pParamData->nIndex > m_sPortFormatType.nIndex
06-13 20:07:36.731 W/omx_vdec( 368): <__AwOmxVdecGetExtensionIndex:1737>: GetExtensionIndex OMX.google.android.index.describeColorFormat, err [0x80001001].
06-13 20:07:36.731 W/omx_vdec( 368): <__AwOmxVdecGetExtensionIndex:1737>: GetExtensionIndex OMX.google.android.index.describeColorFormat2, err [0x80001001].
06-13 20:07:36.731 E/omx_vdec( 368): : erro: pParamData->nIndex > m_sPortFormatType.nIndex
06-13 20:07:36.732 W/omx_vdec( 368): <__AwOmxVdecGetExtensionIndex:1737>: GetExtensionIndex OMX.google.android.index.describeColorFormat, err [0x80001001].
06-13 20:07:36.732 W/omx_vdec( 368): <__AwOmxVdecGetExtensionIndex:1737>: GetExtensionIndex OMX.google.android.index.describeColorFormat2, err [0x80001001].
06-13 20:07:36.732 E/omx_vdec( 368): : erro: pParamData->nIndex > m_sPortFormatType.nIndex
06-13 20:07:36.732 W/omx_vdec( 368): <__AwOmxVdecGetExtensionIndex:1737>: GetExtensionIndex OMX.google.android.index.describeColorFormat, err [0x80001001].
06-13 20:07:36.732 W/omx_vdec( 368): <__AwOmxVdecGetExtensionIndex:1737>: GetExtensionIndex OMX.google.android.index.describeColorFormat2, err [0x80001001].
06-13 20:07:36.732 E/omx_vdec( 368): : erro: pParamData->nIndex > m_sPortFormatType.nIndex
06-13 20:07:36.732 W/omx_vdec( 368): <__AwOmxVdecGetExtensionIndex:1737>: GetExtensionIndex OMX.google.android.index.describeColorFormat, err [0x80001001].
06-13 20:07:36.732 W/omx_vdec( 368): <__AwOmxVdecGetExtensionIndex:1737>: GetExtensionIndex OMX.google.android.index.describeColorFormat2, err [0x80001001].
06-13 20:07:36.733 E/omx_vdec( 368): : erro: pParamData->nIndex > m_sPortFormatType.nIndex
06-13 20:07:36.733 W/omx_vdec( 368): <__AwOmxVdecGetExtensionIndex:1737>: GetExtensionIndex OMX.google.android.index.describeColorFormat, err [0x80001001].
06-13 20:07:36.733 W/omx_vdec( 368): <__AwOmxVdecGetExtensionIndex:1737>: GetExtensionIndex OMX.google.android.index.describeColorFormat2, err [0x80001001].
06-13 20:07:36.733 E/omx_vdec( 368): : erro: pParamData->nIndex > m_sPortFormatType.nIndex
06-13 20:07:36.733 W/omx_vdec( 368): <__AwOmxVdecGetExtensionIndex:1737>: GetExtensionIndex OMX.google.android.index.describeColorFormat, err [0x80001001].
06-13 20:07:36.733 W/omx_vdec( 368): <__AwOmxVdecGetExtensionIndex:1737>: GetExtensionIndex OMX.google.android.index.describeColorFormat2, err [0x80001001].
06-13 20:07:36.733 E/omx_vdec( 368): : erro: pParamData->nIndex > m_sPortFormatType.nIndex
06-13 20:07:36.734 W/omx_vdec( 368): <__AwOmxVdecGetExtensionIndex:1737>: GetExtensionIndex OMX.google.android.index.describeColorFormat, err [0x80001001].
06-13 20:07:36.734 W/omx_vdec( 368): <__AwOmxVdecGetExtensionIndex:1737>: GetExtensionIndex OMX.google.android.index.describeColorFormat2, err [0x80001001].
06-13 20:07:36.734 E/omx_vdec( 368): : erro: pParamData->nIndex > m_sPortFormatType.nIndex
06-13 20:07:36.734 W/omx_vdec( 368): <__AwOmxVdecGetExtensionIndex:1737>: GetExtensionIndex OMX.google.android.index.describeColorFormat, err [0x80001001].
06-13 20:07:36.734 W/omx_vdec( 368): <__AwOmxVdecGetExtensionIndex:1737>: GetExtensionIndex OMX.google.android.index.describeColorFormat2, err [0x80001001].
06-13 20:07:36.734 E/omx_vdec( 368): : erro: pParamData->nIndex > m_sPortFormatType.nIndex
06-13 20:07:36.734 W/omx_vdec( 368): <__AwOmxVdecGetExtensionIndex:1737>: GetExtensionIndex OMX.google.android.index.describeColorFormat, err [0x80001001].
06-13 20:07:36.734 W/omx_vdec( 368): <__AwOmxVdecGetExtensionIndex:1737>: GetExtensionIndex OMX.google.android.index.describeColorFormat2, err [0x80001001].
06-13 20:07:36.735 E/omx_vdec( 368): : erro: pParamData->nIndex > m_sPortFormatType.nIndex
06-13 20:07:36.735 W/omx_vdec( 368): <__AwOmxVdecGetExtensionIndex:1737>: GetExtensionIndex OMX.google.android.index.describeColorFormat, err [0x80001001].
06-13 20:07:36.735 W/omx_vdec( 368): <__AwOmxVdecGetExtensionIndex:1737>: GetExtensionIndex OMX.google.android.index.describeColorFormat2, err [0x80001001].
06-13 20:07:36.735 E/omx_vdec( 368): : erro: pParamData->nIndex > m_sPortFormatType.nIndex
06-13 20:07:36.735 W/omx_vdec( 368): <__AwOmxVdecGetExtensionIndex:1737>: GetExtensionIndex OMX.google.android.index.describeColorFormat, err [0x80001001].
06-13 20:07:36.735 W/omx_vdec( 368): <__AwOmxVdecGetExtensionIndex:1737>: GetExtensionIndex OMX.google.android.index.describeColorFormat2, err [0x80001001].
06-13 20:07:36.735 E/omx_vdec( 368): : erro: pParamData->nIndex > m_sPortFormatType.nIndex
06-13 20:07:36.735 W/omx_vdec( 368): <__AwOmxVdecGetExtensionIndex:1737>: GetExtensionIndex OMX.google.android.index.describeColorFormat, err [0x80001001].
06-13 20:07:36.735 W/omx_vdec( 368): <__AwOmxVdecGetExtensionIndex:1737>: GetExtensionIndex OMX.google.android.index.describeColorFormat2, err [0x80001001].
06-13 20:07:36.736 W/ACodec ( 360): [OMX.allwinner.video.decoder.vp9] stopping checking formats after 32: COLOR_FormatYUV420Planar(13)
06-13 20:07:36.736 W/omx_vdec( 368): <__AwOmxVdecGetExtensionIndex:1737>: GetExtensionIndex OMX.google.android.index.configureVideoTunnelMode, err [0x80001001].
06-13 20:07:36.736 E/OMXNodeInstance( 368): getExtensionIndex(0xf6c3d000:allwinner.decoder.vp9, OMX.google.android.index.configureVideoTunnelMode) ERROR: Undefined(0x80001001)
06-13 20:07:36.736 D/MediaCodecInfo( 360): detail feature-tunneled-playback wasn't present to remove
06-13 20:07:36.736 W/omx_vdec( 368): <__AwOmxVdecGetExtensionIndex:1737>: GetExtensionIndex OMX.google.android.index.storeANWBufferInMetadata, err [0x80001001].
06-13 20:07:36.736 W/omx_vdec_aw( 368): <__anSetExtPara:3011>: Setparameter: unknown param 2131755011
06-13 20:07:36.736 W/OMXNodeInstance( 368): [0xf6c3d000:allwinner.decoder.vp9] component does not support metadata mode; using fallback
06-13 20:07:36.736 W/libc ( 368): invalid pthread_t (0) passed to pthread_join
06-13 20:07:36.737 W/libc ( 368): invalid pthread_t (0) passed to pthread_join
06-13 20:07:36.737 W/libc ( 368): invalid pthread_t (0) passed to pthread_join
06-13 20:07:36.739 I/OMXClient( 360): IOmx service obtained
06-13 20:07:36.739 I/OMXStore( 368): makeComponentInstance(OMX.allwinner.video.decoder.vp9.secure) in android.hardwar process
06-13 20:07:36.740 E/omx_vdec( 368): : This platform does not support secure video playback
06-13 20:07:36.740 E/omx_sem ( 368): : handle is null
06-13 20:07:36.740 E/omx_sem ( 368): : handle is null
06-13 20:07:36.740 E/omx_sem ( 368): : handle is null
06-13 20:07:36.740 E/omx_sem ( 368): : handle is null
06-13 20:07:36.740 E/omx_sem ( 368): : handle is null
06-13 20:07:36.740 W/omx_vdec_aw( 368): : pdec is null
06-13 20:07:36.740 E/android.hardware.media.omx@1.0-service( 368): Failed to allocate omx component 'OMX.allwinner.video.decoder.vp9.secure' err=InvalidComponentName(0x80001002)
