06-13 20:07:37.961 D/CCodecConfig( 819): c2 config diff is Dict {
06-13 20:07:37.961 D/CCodecConfig( 819): c2::u32 coded.bitrate.value = 64000
06-13 20:07:37.961 D/CCodecConfig( 819): c2::u32 input.buffers.max-size.value = 32768
06-13 20:07:37.961 D/CCodecConfig( 819): c2::u32 input.delay.value = 0
06-13 20:07:37.961 D/CCodecConfig( 819): string input.media-type.value = "audio/vorbis"
06-13 20:07:37.961 D/CCodecConfig( 819): string output.media-type.value = "audio/raw"
06-13 20:07:37.961 D/CCodecConfig( 819): c2::u32 raw.channel-count.value = 1
06-13 20:07:37.961 D/CCodecConfig( 819): c2::u32 raw.sample-rate.value = 48000
06-13 20:07:37.961 D/CCodecConfig( 819): }
06-13 20:07:37.961 I/hwservicemanager( 193): getTransport: Cannot find entry android.hardware.graphics.mapper@3.0::IMapper/default in either framework or device VINTF manifest.
06-13 20:07:37.961 W/Gralloc3( 819): mapper 3.x is not supported
06-13 20:07:37.962 D/CCodec ( 819): [c2.android.vorbis.decoder] buffers are bound to CCodec for this session
06-13 20:07:37.962 D/CCodecConfig( 819): no c2 equivalents for durationUs
06-13 20:07:37.962 D/CCodecConfig( 819): no c2 equivalents for track-id
06-13 20:07:37.962 D/CCodecConfig( 819): no c2 equivalents for csd-1
06-13 20:07:37.962 D/CCodecConfig( 819): no c2 equivalents for channel-mask
06-13 20:07:37.962 D/CCodecConfig( 819): no c2 equivalents for flags
06-13 20:07:37.963 D/CCodec ( 819): [c2.android.vorbis.decoder] buffers are bound to CCodec for this session
06-13 20:07:37.963 D/CCodecConfig( 819): no c2 equivalents for durationUs
06-13 20:07:37.963 D/CCodecConfig( 819): no c2 equivalents for track-id
06-13 20:07:37.963 D/CCodecConfig( 819): no c2 equivalents for csd-1
06-13 20:07:37.963 D/CCodecConfig( 819): no c2 equivalents for channel-mask
06-13 20:07:37.963 D/CCodecConfig( 819): no c2 equivalents for flags
06-13 20:07:37.963 D/CCodecConfig( 819): c2 config diff is c2::u32 coded.bitrate.value = 224000
06-13 20:07:37.963 D/CCodecConfig( 819): c2::u32 raw.channel-count.value = 2
06-13 20:07:37.970 D/CCodecConfig( 819): c2 config diff is c2::u32 coded.bitrate.value = 224000
06-13 20:07:37.970 D/CCodecConfig( 819): c2::u32 raw.channel-count.value = 2
06-13 20:07:37.971 W/Codec2Client( 819): query -- param skipped: index = 1107298332.
06-13 20:07:37.972 W/Codec2Client( 819): query -- param skipped: index = 1107298332.
06-13 20:07:37.972 D/CCodec ( 819): setup formats input: AMessage(what = 0x00000000) = {
06-13 20:07:37.972 D/CCodec ( 819): int32_t bitrate = 224000
06-13 20:07:37.972 D/CCodec ( 819): int32_t channel-count = 2
06-13 20:07:37.972 D/CCodec ( 819): int32_t max-input-size = 32768
06-13 20:07:37.972 D/CCodec ( 819): string mime = "audio/vorbis"
06-13 20:07:37.972 D/CCodec ( 819): int32_t sample-rate = 48000
06-13 20:07:37.972 D/CCodec ( 819): }
06-13 20:07:37.972 D/CCodec ( 819): setup formats output: AMessage(what = 0x00000000) = {
06-13 20:07:37.972 D/CCodec ( 819): int32_t channel-count = 2
06-13 20:07:37.972 D/CCodec ( 819): string mime = "audio/raw"
06-13 20:07:37.972 D/CCodec ( 819): int32_t sample-rate = 48000
06-13 20:07:37.972 D/CCodec ( 819): int32_t channel-mask = 3
06-13 20:07:37.972 D/CCodec ( 819): }
06-13 20:07:37.972 I/CCodecConfig( 819): query failed after returning 7 values (BAD_INDEX)
06-13 20:07:37.973 D/CCodec ( 819): setup formats input: AMessage(what = 0x00000000) = {
06-13 20:07:37.973 D/CCodec ( 819): int32_t bitrate = 224000
06-13 20:07:37.973 D/CCodec ( 819): int32_t channel-count = 2
06-13 20:07:37.973 D/CCodec ( 819): int32_t max-input-size = 32768
06-13 20:07:37.973 D/CCodec ( 819): string mime = "audio/vorbis"
06-13 20:07:37.973 D/CCodec ( 819): int32_t sample-rate = 48000
06-13 20:07:37.973 D/CCodec ( 819): }
06-13 20:07:37.974 D/CCodec ( 819): setup formats output: AMessage(what = 0x00000000) = {
06-13 20:07:37.974 D/CCodec ( 819): int32_t channel-count = 2
06-13 20:07:37.974 D/CCodec ( 819): string mime = "audio/raw"
06-13 20:07:37.974 D/CCodec ( 819): int32_t sample-rate = 48000
06-13 20:07:37.974 D/CCodec ( 819): int32_t channel-mask = 3
06-13 20:07:37.974 D/CCodec ( 819): }
06-13 20:07:37.974 I/CCodecConfig( 819): query failed after returning 7 values (BAD_INDEX)
06-13 20:07:37.975 E/gralloc ( 819): Arm Module v1.0
06-13 20:07:37.977 W/Codec2Client( 819): query -- param skipped: index = 1342179345.
06-13 20:07:37.977 W/Codec2Client( 819): query -- param skipped: index = 2415921170.
06-13 20:07:37.978 W/Codec2Client( 819): query -- param skipped: index = 1342179345.
06-13 20:07:37.978 D/C2Store ( 819): Using ION
06-13 20:07:37.978 W/Codec2Client( 819): query -- param skipped: index = 2415921170.
06-13 20:07:37.979 D/CCodecBufferChannel( 819): [c2.android.vorbis.decoder#821] Created input block pool with allocatorID 16 => poolID 17 - OK (0)
06-13 20:07:37.980 D/CCodecBufferChannel( 819): [c2.android.vorbis.decoder#709] Created input block pool with allocatorID 16 => poolID 18 - OK (0)
06-13 20:07:37.980 W/ActivityManager( 485): Unable to start service Intent { cmp=com.oranth.storage/.MainService } U=0: not found
06-13 20:07:37.981 I/hwservicemanager( 193): getTransport: Cannot find entry android.hardware.graphics.allocator@4.0::IAllocator/default in either framework or device VINTF manifest.
06-13 20:07:37.981 W/ActivityManager( 485): Unable to start service Intent { cmp=com.oranth.ledstatus/.LedStatusService } U=0: not found
06-13 20:07:37.982 I/CCodecBufferChannel( 819): [c2.android.vorbis.decoder#821] Created output block pool with allocatorID 16 => poolID 19 - OK
06-13 20:07:37.983 D/CCodecBufferChannel( 819): [c2.android.vorbis.decoder#821] Configured output block pool ids 19 => OK
06-13 20:07:37.983 W/Gralloc4( 819): allocator 4.x is not supported
06-13 20:07:37.984 I/CCodecBufferChannel( 819): [c2.android.vorbis.decoder#709] Created output block pool with allocatorID 16 => poolID 20 - OK
06-13 20:07:37.984 I/hwservicemanager( 193): getTransport: Cannot find entry android.hardware.graphics.allocator@3.0::IAllocator/default in either framework or device VINTF manifest.
06-13 20:07:37.984 E/ion ( 819): ioctl c0044901 failed with code -1: Inappropriate ioctl for device
06-13 20:07:37.985 W/Gralloc3( 819): allocator 3.x is not supported
06-13 20:07:37.985 D/CCodecBufferChannel( 819): [c2.android.vorbis.decoder#709] Configured output block pool ids 20 => OK
06-13 20:07:37.990 I/gralloc ( 265): alloc buffer:W:1920 H:1080 S:1920 PL[1920 1080] SZ:8294400 fmt:1 if:0 af:1 usg:20000b00 fg:00000004
06-13 20:07:37.991 E/ion ( 819): ioctl c0044901 failed with code -1: Inappropriate ioctl for device
06-13 20:07:37.994 D/SimpleC2Component( 376): Using output block pool with poolID 19 => got 19 - 0
06-13 20:07:37.996 I/gralloc ( 265): alloc buffer:W:1920 H:1080 S:1920 PL[1920 1080] SZ:8294400 fmt:1 if:0 af:1 usg:20000b00 fg:00000004
06-13 20:07:38.021 I/gralloc ( 265): alloc buffer:W:1920 H:1080 S:1920 PL[1920 1080] SZ:8294400 fmt:1 if:0 af:1 usg:20000b00 fg:00000004
06-13 20:07:38.024 D/SimpleC2Component( 376): Using output block pool with poolID 20 => got 20 - 0
06-13 20:07:38.028 I/EventThread( 273): type=1400 audit(0.0:351): avc: denied { search } for name="extcon" dev="sysfs" ino=18109 scontext=u:r:hal_tv_cec_default:s0 tcontext=u:object_r:sysfs_extcon:s0 tclass=dir permissive=1
06-13 20:07:38.052 W/[DISP] de_cdc_set_para,line( 421): 406:
06-13 20:07:38.064 W/Looper ( 485): Slow dispatch took 344ms main h=android.app.ActivityThread$H c=android.app.LoadedApk$ReceiverDispatcher$Args$$ExternalSyntheticLambda0@d8286d8 m=0
06-13 20:07:38.072 I/AW_PowerHAL( 272): Power setMode: SUSTAINED_PERFORMANCE to: 0
06-13 20:07:38.072 I/AW_PowerHAL( 272): BootCompleted
06-13 20:07:38.068 I/rainbow_flow( 332): type=1400 audit(0.0:352): avc: denied { ioctl } for path="/dev/spidev1.0" dev="tmpfs" ino=249 ioctlcmd=0x6b00 scontext=u:r:init:s0 tcontext=u:object_r:device:s0 tclass=chr_file permissive=1
06-13 20:07:38.075 I/ActivityManagerTiming( 485): FinishBooting
06-13 20:07:38.076 I/AW_PowerHAL( 272): cur-mode:SCHEDUTIL-Home
06-13 20:07:38.080 W/KeyguardServiceDelegate( 485): onScreenTurningOn(): no keyguard service!
06-13 20:07:38.097 W/SystemServiceRegistry( 684): No service published for: fingerprint
06-13 20:07:38.098 W/SystemServiceRegistry( 684): No service published for: face
06-13 20:07:38.107 D/NetworkStats( 485): registerNetworkStatsProvider from OffloadController uid/pid=1073/789
06-13 20:07:38.107 I/update_engine( 378): [INFO:cleanup_previous_update_action.cc(112)] Executing task 5
06-13 20:07:38.109 I/update_engine( 378): [INFO:cleanup_previous_update_action.cc(124)] CleanupPreviousUpdateAction scheduled task ID 6 for WaitBootCompleted
06-13 20:07:38.140 D/ConditionProviders.SCP( 485): onSubscribe condition://android/schedule?days=1.2.3.4.5.6.7&start=22.0&end=7.0&exitAtAlarm=true
06-13 20:07:38.141 D/ConditionProviders.SCP( 485): setRegistered true
06-13 20:07:38.167 W/ActivityThread( 485): Failed to find provider info for com.android.calendar (user not unlocked)
06-13 20:07:38.169 W/ActivityThread( 485): Failed to find provider info for com.android.calendar (user not unlocked)
06-13 20:07:38.176 D/ConditionProviders.SCP( 485): evaluateSubscriptionLocked cal=ScheduleCalendar[mDays={1, 2, 3, 4, 5, 6, 7}, mSchedule=ScheduleInfo{days=[1, 2, 3, 4, 5, 6, 7], startHour=22, startMinute=0, endHour=7, endMinute=0, exitAtAlarm=true, nextAlarm=Thu Jan 01 08:00:00 GMT+08:00 1970 (0)}], now=Fri Jun 13 20:07:38 GMT+08:00 2025 (1749816458141), nextUserAlarmTime=Thu Jan 01 08:00:00 GMT+08:00 1970 (0)
06-13 20:07:38.180 D/ConditionProviders.SCP( 485): notifyCondition condition://android/schedule?days=1.2.3.4.5.6.7&start=22.0&end=7.0&exitAtAlarm=true STATE_FALSE reason=!meetsSchedule
06-13 20:07:38.183 D/ConditionProviders.SCP( 485): Scheduling evaluate for Fri Jun 13 22:00:00 GMT+08:00 2025 (1749823200000), in +1h52m21s859ms, now=Fri Jun 13 20:07:38 GMT+08:00 2025 (1749816458141)
06-13 20:07:38.191 D/CCodecBufferChannel( 819): [c2.android.vorbis.decoder#709] MediaCodec discarded an unknown buffer
06-13 20:07:38.191 D/CCodecBufferChannel( 819): [c2.android.vorbis.decoder#709] MediaCodec discarded an unknown buffer
06-13 20:07:38.194 I/hw-BpHwBinder( 819): onLastStrongRef automatically unlinking death recipients
06-13 20:07:38.196 D/CCodecBufferChannel( 819): [c2.android.vorbis.decoder#821] MediaCodec discarded an unknown buffer
06-13 20:07:38.196 D/CCodecBufferChannel( 819): [c2.android.vorbis.decoder#821] MediaCodec discarded an unknown buffer
06-13 20:07:38.203 I/hw-BpHwBinder( 819): onLastStrongRef automatically unlinking death recipients
06-13 20:07:38.203 I/hw-BpHwBinder( 376): onLastStrongRef automatically unlinking death recipients
06-13 20:07:38.205 I/ConnectivityModuleConnector( 485): Networking module service connected
06-13 20:07:38.206 I/ConnectivityModuleConnector( 485): Networking module service connected
06-13 20:07:38.207 I/NetworkStackClient( 485): Network stack service connected
06-13 20:07:38.213 D/hdmi-cec( 273): cec physical address: 2.0.0.0
06-13 20:07:38.213 D/hdmi-cec( 273): cec physical address: 2.0.0.0
06-13 20:07:38.214 D/hdmi-cec( 273): cec physical address: 2.0.0.0
06-13 20:07:38.214 D/hdmi-cec( 273): addLogicalAddress (4)
06-13 20:07:38.214 D/hdmi-cec( 273): cec physical address: 2.0.0.0
06-13 20:07:38.218 D/CompatibilityChangeReporter( 485): Compat change id reported: 157233955; UID 10065; state: ENABLED
06-13 20:07:38.222 D/NetworkStats( 485): registerNetworkStatsProvider from BpfCoordinator uid/pid=1073/789
06-13 20:07:38.240 D/CompatibilityChangeReporter( 789): Compat change id reported: 147600208; UID 1073; state: ENABLED
06-13 20:07:38.242 D/CompatibilityChangeReporter( 485): Compat change id reported: 182478738; UID 1073; state: DISABLED
06-13 20:07:38.252 V/WifiManager( 789): registerSoftApCallback: callback=com.android.networkstack.tethering.Tethering$TetheringSoftApCallback@131ba3b, executor=com.android.networkstack.tethering.Tethering$TetheringThreadExecutor@d8c7558
06-13 20:07:38.257 D/ApConfigUtil( 485): Update Softap capability, add client control feature support
06-13 20:07:38.259 D/ApConfigUtil( 485): Update Softap capability, add MAC customization support
06-13 20:07:38.259 D/ApConfigUtil( 485): Update Softap capability, add 2.4G support
06-13 20:07:38.259 D/ApConfigUtil( 485): Update Softap capability, max client = 16
06-13 20:07:38.260 V/WifiManager( 789): SoftApCallbackProxy: send InfoChanged, newInfo: SoftApInfo{bandwidth= 0, frequency= 0, wifiStandard= 0, mApInstanceIdentifier= null, mIdleShutdownTimeoutMillis= 0}
06-13 20:07:38.260 V/WifiManager( 789): SoftApCallbackProxy: send InfoChanged, changedInfoList: []
06-13 20:07:38.260 V/WifiManager( 789): SoftApCallbackProxy: send onConnectedClientsChanged(clients): []
06-13 20:07:38.263 D/ConnectivityService( 485): requestNetwork for uid/pid:1073/789 activeRequest: null callbackRequest: 21 [NetworkRequest [ TRACK_SYSTEM_DEFAULT id=21, [ Capabilities: INTERNET&NOT_RESTRICTED&TRUSTED&NOT_VPN&NOT_VCN_MANAGED RequestorUid: 1073 RequestorPkg: com.android.networkstack.tethering] ]] callback flags: 0 priority: 2147483647
06-13 20:07:38.265 D/ConnectivityService( 485): NetReassign [no changes]
06-13 20:07:38.294 D/MediaResumeListener( 684): loaded resume components []
06-13 20:07:38.298 D/LocalBluetoothProfileManager( 684): LocalBluetoothProfileManager construction complete
06-13 20:07:38.299 D/LocalBluetoothProfileManager( 684): supportedList is null
06-13 20:07:38.331 I/hw-BpHwBinder( 485): onLastStrongRef automatically unlinking death recipients
06-13 20:07:38.352 D/MediaCodecList( 485): codecHandlesFormat: no format, so no extra checks
06-13 20:07:38.353 D/CCodec ( 485): allocate(c2.android.vorbis.decoder)
06-13 20:07:38.357 I/CCodec ( 485): Created component [c2.android.vorbis.decoder]
06-13 20:07:38.357 D/CCodecConfig( 485): read media type: audio/vorbis
06-13 20:07:38.360 D/ReflectedParamUpdater( 485): extent() != 1 for single value type: algo.buffers.max-count.values
06-13 20:07:38.360 D/ReflectedParamUpdater( 485): extent() != 1 for single value type: output.subscribed-indices.values
06-13 20:07:38.360 D/ReflectedParamUpdater( 485): extent() != 1 for single value type: input.buffers.allocator-ids.values
06-13 20:07:38.361 D/ReflectedParamUpdater( 485): extent() != 1 for single value type: output.buffers.allocator-ids.values
06-13 20:07:38.361 D/ReflectedParamUpdater( 485): extent() != 1 for single value type: algo.buffers.allocator-ids.values
06-13 20:07:38.361 D/ReflectedParamUpdater( 485): extent() != 1 for single value type: output.buffers.pool-ids.values
06-13 20:07:38.361 D/ReflectedParamUpdater( 485): extent() != 1 for single value type: algo.buffers.pool-ids.values
06-13 20:07:38.364 I/CCodecConfig( 485): query failed after returning 7 values (BAD_INDEX)
06-13 20:07:38.364 D/CCodecConfig( 485): c2 config diff is Dict {
06-13 20:07:38.364 D/CCodecConfig( 485): c2::u32 coded.bitrate.value = 64000
06-13 20:07:38.364 D/CCodecConfig( 485): c2::u32 input.buffers.max-size.value = 32768
06-13 20:07:38.364 D/CCodecConfig( 485): c2::u32 input.delay.value = 0
06-13 20:07:38.364 D/CCodecConfig( 485): string input.media-type.value = "audio/vorbis"
06-13 20:07:38.364 D/CCodecConfig( 485): string output.media-type.value = "audio/raw"
06-13 20:07:38.364 D/CCodecConfig( 485): c2::u32 raw.channel-count.value = 1
06-13 20:07:38.364 D/CCodecConfig( 485): c2::u32 raw.sample-rate.value = 48000
06-13 20:07:38.364 D/CCodecConfig( 485): }
06-13 20:07:38.368 D/CCodec ( 485): [c2.android.vorbis.decoder] buffers are bound to CCodec for this session
06-13 20:07:38.368 D/CCodecConfig( 485): no c2 equivalents for durationUs
06-13 20:07:38.369 D/CCodecConfig( 485): no c2 equivalents for track-id
06-13 20:07:38.369 D/CCodecConfig( 485): no c2 equivalents for csd-1
06-13 20:07:38.369 D/CCodecConfig( 485): no c2 equivalents for channel-mask
06-13 20:07:38.369 D/CCodecConfig( 485): no c2 equivalents for flags
06-13 20:07:38.370 D/CCodecConfig( 485): c2 config diff is c2::u32 coded.bitrate.value = 499821
06-13 20:07:38.370 D/CCodecConfig( 485): c2::u32 raw.channel-count.value = 2
06-13 20:07:38.370 D/CCodecConfig( 485): c2::u32 raw.sample-rate.value = 44100
06-13 20:07:38.374 W/Codec2Client( 485): query -- param skipped: index = 1107298332.
06-13 20:07:38.374 D/CCodec ( 485): setup formats input: AMessage(what = 0x00000000) = {
06-13 20:07:38.374 D/CCodec ( 485): int32_t bitrate = 499821
06-13 20:07:38.374 D/CCodec ( 485): int32_t channel-count = 2
06-13 20:07:38.374 D/CCodec ( 485): int32_t max-input-size = 32768
06-13 20:07:38.374 D/CCodec ( 485): string mime = "audio/vorbis"
06-13 20:07:38.374 D/CCodec ( 485): int32_t sample-rate = 44100
06-13 20:07:38.374 D/CCodec ( 485): }
06-13 20:07:38.375 D/CCodec ( 485): setup formats output: AMessage(what = 0x00000000) = {
06-13 20:07:38.375 D/CCodec ( 485): int32_t channel-count = 2
06-13 20:07:38.375 D/CCodec ( 485): string mime = "audio/raw"
06-13 20:07:38.375 D/CCodec ( 485): int32_t sample-rate = 44100
06-13 20:07:38.375 D/CCodec ( 485): int32_t channel-mask = 3
06-13 20:07:38.375 D/CCodec ( 485): }
06-13 20:07:38.375 I/CCodecConfig( 485): query failed after returning 7 values (BAD_INDEX)
06-13 20:07:38.377 W/Looper ( 485): Slow dispatch took 165ms main h=android.os.Handler c=com.android.server.hdmi.WorkSourceUidPreservingRunnable@af1ff88 m=0
06-13 20:07:38.377 W/Codec2Client( 485): query -- param skipped: index = 1342179345.
06-13 20:07:38.377 W/Codec2Client( 485): query -- param skipped: index = 2415921170.
06-13 20:07:38.378 D/AutofillManagerService( 485): Restriction did not change for user 0
06-13 20:07:38.379 W/AlarmManager( 684): Unrecognized alarm listener com.android.systemui.keyguard.KeyguardSliceProvider$$ExternalSyntheticLambda0@778117d
06-13 20:07:38.381 D/CCodecBufferChannel( 485): [c2.android.vorbis.decoder#320] Created input block pool with allocatorID 16 => poolID 19 - OK (0)
06-13 20:07:38.382 I/ExplicitHealthCheckController( 485): Explicit health check service is connected ComponentInfo{android.ext.services/android.ext.services.watchdog.ExplicitHealthCheckServiceImpl}
06-13 20:07:38.384 I/CCodecBufferChannel( 485): [c2.android.vorbis.decoder#320] Created output block pool with allocatorID 16 => poolID 21 - OK
06-13 20:07:38.384 I/ExplicitHealthCheckController( 485): Service initialized, syncing requests
06-13 20:07:38.384 D/CCodecBufferChannel( 485): [c2.android.vorbis.decoder#320] Configured output block pool ids 21 => OK
06-13 20:07:38.384 D/BluetoothManagerService( 485): BluetoothServiceConnection: com.android.bluetooth.btservice.AdapterService
06-13 20:07:38.384 D/BluetoothManagerService( 485): MESSAGE_BLUETOOTH_SERVICE_CONNECTED: 1
06-13 20:07:38.385 V/NotificationAssistants( 485): 0 notification assistant service connected: ComponentInfo{android.ext.services/android.ext.services.notification.Assistant}
06-13 20:07:38.391 I/ConnectivityModuleConnector( 485): Networking module service connected
06-13 20:07:38.391 I/ConnectivityModuleConnector( 485): Networking module service connected
06-13 20:07:38.392 D/SimpleC2Component( 376): Using output block pool with poolID 21 => got 21 - 0
06-13 20:07:38.399 I/PackageWatchdog( 485): Syncing health check requests for packages: {}
06-13 20:07:38.399 D/ExplicitHealthCheckController( 485): Getting health check supported packages
06-13 20:07:38.407 I/ExplicitHealthCheckController( 485): Explicit health check supported packages [PackageConfig{com.android.networkstack, 86400000}]
06-13 20:07:38.407 D/PackageWatchdog( 485): Received supported packages [PackageConfig{com.android.networkstack, 86400000}]
06-13 20:07:38.411 D/BluetoothManagerService( 485): Broadcasting onBluetoothServiceUp() to 3 receivers.
06-13 20:07:38.412 D/BluetoothAdapter( 485): onBluetoothServiceUp: android.bluetooth.IBluetooth$Stub$Proxy@c93972a
06-13 20:07:38.412 D/BluetoothAdapter( 684): onBluetoothServiceUp: android.bluetooth.IBluetooth$Stub$Proxy@9ba74c3
06-13 20:07:38.414 D/BluetoothAdapter( 671): onBluetoothServiceUp: com.android.bluetooth.btservice.AdapterService$AdapterServiceBinder@817ba9c
06-13 20:07:38.416 D/BluetoothAdapterService( 671): enable() - Enable called with quiet mode status = false
06-13 20:07:38.418 I/AdapterState( 671): BLE_TURNING_ON : entered
06-13 20:07:38.418 D/AdapterProperties( 671): Setting state to BLE_TURNING_ON
06-13 20:07:38.419 D/BluetoothAdapterService( 671): updateAdapterState() - Broadcasting state BLE_TURNING_ON to 1 receivers.
06-13 20:07:38.421 D/BluetoothManagerService( 485): MESSAGE_BLUETOOTH_STATE_CHANGE: OFF > BLE_TURNING_ON
06-13 20:07:38.422 D/BluetoothManagerService( 485): Sending BLE State Change: OFF > BLE_TURNING_ON
06-13 20:07:38.426 V/SystemUIService( 684): SystemUIApplication created.
06-13 20:07:38.427 D/BluetoothAdapterService( 671): bleOnProcessStart()
06-13 20:07:38.427 I/AdapterProperties( 671): init(), maxConnectedAudioDevices, default=5, propertyOverlayed=5, finalValue=5
06-13 20:07:38.427 D/SystemUIService( 684): is homlet
06-13 20:07:38.428 I/SystemUIService( 684): Found SurfaceFlinger's GPU Priority: 12545
06-13 20:07:38.430 D/ExplicitHealthCheckController( 485): Getting health check requested packages
06-13 20:07:38.436 I/ExplicitHealthCheckController( 485): Explicit health check requested packages []
06-13 20:07:38.439 I/ExplicitHealthCheckController( 485): No more health check requests, unbinding...
06-13 20:07:38.442 D/BluetoothAdapterService( 671): bleOnProcessStart() - Make Bond State Machine
06-13 20:07:38.443 D/BluetoothBondStateMachine( 671): make
06-13 20:07:38.451 I/ExplicitHealthCheckController( 485): Explicit health check service is unbound
06-13 20:07:38.463 I/BluetoothBondStateMachine( 671): StableState(): Entering Off State
06-13 20:07:38.477 W/Looper ( 485): Drained
06-13 20:07:38.503 I/hw-BpHwBinder( 485): onLastStrongRef automatically unlinking death recipients
06-13 20:07:38.536 D/MediaCodecList( 485): codecHandlesFormat: no format, so no extra checks
06-13 20:07:38.538 D/CCodec ( 485): allocate(c2.android.vorbis.decoder)
06-13 20:07:38.538 I/BtGatt.JNI( 671): classInitNative(L1073): classInitNative: Success!
06-13 20:07:38.541 I/CCodec ( 485): Created component [c2.android.vorbis.decoder]
06-13 20:07:38.542 D/CCodecConfig( 485): read media type: audio/vorbis
06-13 20:07:38.545 D/ReflectedParamUpdater( 485): extent() != 1 for single value type: algo.buffers.max-count.values
06-13 20:07:38.545 D/ReflectedParamUpdater( 485): extent() != 1 for single value type: output.subscribed-indices.values
06-13 20:07:38.546 D/ReflectedParamUpdater( 485): extent() != 1 for single value type: input.buffers.allocator-ids.values
06-13 20:07:38.546 D/ReflectedParamUpdater( 485): extent() != 1 for single value type: output.buffers.allocator-ids.values
06-13 20:07:38.546 D/ReflectedParamUpdater( 485): extent() != 1 for single value type: algo.buffers.allocator-ids.values
06-13 20:07:38.546 D/ReflectedParamUpdater( 485): extent() != 1 for single value type: output.buffers.pool-ids.values
06-13 20:07:38.546 D/ReflectedParamUpdater( 485): extent() != 1 for single value type: algo.buffers.pool-ids.values
06-13 20:07:38.548 D/BtGatt.DebugUtils( 671): handleDebugAction() action=null
06-13 20:07:38.549 D/CCodecBufferChannel( 485): [c2.android.vorbis.decoder#690] MediaCodec discarded an unknown buffer
06-13 20:07:38.550 I/CCodecConfig( 485): query failed after returning 7 values (BAD_INDEX)
06-13 20:07:38.550 D/CCodecBufferChannel( 485): [c2.android.vorbis.decoder#690] MediaCodec discarded an unknown buffer
06-13 20:07:38.550 D/CCodecBufferChannel( 485): [c2.android.vorbis.decoder#690] MediaCodec discarded an unknown buffer
06-13 20:07:38.550 D/CCodecConfig( 485): c2 config diff is Dict {
06-13 20:07:38.550 D/CCodecConfig( 485): c2::u32 coded.bitrate.value = 64000
06-13 20:07:38.550 D/CCodecConfig( 485): c2::u32 input.buffers.max-size.value = 32768
06-13 20:07:38.550 D/CCodecConfig( 485): c2::u32 input.delay.value = 0
06-13 20:07:38.550 D/CCodecConfig( 485): string input.media-type.value = "audio/vorbis"
06-13 20:07:38.550 D/CCodecConfig( 485): string output.media-type.value = "audio/raw"
06-13 20:07:38.550 D/CCodecConfig( 485): c2::u32 raw.channel-count.value = 1
06-13 20:07:38.550 D/CCodecConfig( 485): c2::u32 raw.sample-rate.value = 48000
06-13 20:07:38.550 D/CCodecConfig( 485): }
06-13 20:07:38.552 D/CCodec ( 485): [c2.android.vorbis.decoder] buffers are bound to CCodec for this session
06-13 20:07:38.552 D/CCodecConfig( 485): no c2 equivalents for durationUs
06-13 20:07:38.552 D/CCodecConfig( 485): no c2 equivalents for track-id
06-13 20:07:38.552 D/CCodecConfig( 485): no c2 equivalents for csd-1
06-13 20:07:38.552 D/CCodecConfig( 485): no c2 equivalents for channel-mask
06-13 20:07:38.552 D/CCodecConfig( 485): no c2 equivalents for flags
06-13 20:07:38.552 I/hw-BpHwBinder( 485): onLastStrongRef automatically unlinking death recipients
06-13 20:07:38.554 D/CCodecConfig( 485): c2 config diff is c2::u32 coded.bitrate.value = 499821
06-13 20:07:38.554 D/CCodecConfig( 485): c2::u32 raw.channel-count.value = 2
06-13 20:07:38.554 D/CCodecConfig( 485): c2::u32 raw.sample-rate.value = 44100
06-13 20:07:38.557 W/Codec2Client( 485): query -- param skipped: index = 1107298332.
06-13 20:07:38.557 D/CCodec ( 485): setup formats input: AMessage(what = 0x00000000) = {
06-13 20:07:38.557 D/CCodec ( 485): int32_t bitrate = 499821
06-13 20:07:38.557 D/CCodec ( 485): int32_t channel-count = 2
06-13 20:07:38.557 D/CCodec ( 485): int32_t max-input-size = 32768
06-13 20:07:38.557 D/CCodec ( 485): string mime = "audio/vorbis"
06-13 20:07:38.557 D/CCodec ( 485): int32_t sample-rate = 44100
06-13 20:07:38.557 D/CCodec ( 485): }
06-13 20:07:38.557 D/CCodec ( 485): setup formats output: AMessage(what = 0x00000000) = {
06-13 20:07:38.557 D/CCodec ( 485): int32_t channel-count = 2
06-13 20:07:38.557 D/CCodec ( 485): string mime = "audio/raw"
06-13 20:07:38.557 D/CCodec ( 485): int32_t sample-rate = 44100
06-13 20:07:38.557 D/CCodec ( 485): int32_t channel-mask = 3
06-13 20:07:38.557 D/CCodec ( 485): }
06-13 20:07:38.557 I/CCodecConfig( 485): query failed after returning 7 values (BAD_INDEX)
06-13 20:07:38.559 W/Codec2Client( 485): query -- param skipped: index = 1342179345.
06-13 20:07:38.560 W/Codec2Client( 485): query -- param skipped: index = 2415921170.
06-13 20:07:38.561 D/CCodecBufferChannel( 485): [c2.android.vorbis.decoder#320] Created input block pool with allocatorID 16 => poolID 20 - OK (0)
06-13 20:07:38.562 I/bt_btif ( 671): system/bt/btif/src/bluetooth.cc:417 get_profile_interface: get_profile_interface: id = gatt
06-13 20:07:38.562 I/CCodecBufferChannel( 485): [c2.android.vorbis.decoder#320] Created output block pool with allocatorID 16 => poolID 22 - OK
06-13 20:07:38.563 D/CCodecBufferChannel( 485): [c2.android.vorbis.decoder#320] Configured output block pool ids 22 => OK
06-13 20:07:38.568 D/SimpleC2Component( 376): Using output block pool with poolID 22 => got 22 - 0
06-13 20:07:38.592 D/CompatibilityChangeReporter( 671): Compat change id reported: 160794467; UID 1002; state: ENABLED
06-13 20:07:38.599 I/ndroid.systemu( 684): Background young concurrent copying GC freed 29312(1439KB) AllocSpace objects, 0(0B) LOS objects, 87% free, 3393KB/27MB, paused 3.873ms total 143.853ms
06-13 20:07:38.610 D/MediaCodecList( 485): codecHandlesFormat: no format, so no extra checks
06-13 20:07:38.623 D/CCodec ( 485): allocate(c2.android.vorbis.decoder)
06-13 20:07:38.628 V/SystemUIService( 684): Starting SystemUI services for user 0.
06-13 20:07:38.628 D/SystemUIService( 684): loading: com.android.systemui.util.NotificationChannels
06-13 20:07:38.629 D/SystemUIService( 684): running: com.android.systemui.util.NotificationChannels@d0041e9
06-13 20:07:38.629 I/CCodec ( 485): Created component [c2.android.vorbis.decoder]
06-13 20:07:38.630 D/CCodecConfig( 485): read media type: audio/vorbis
06-13 20:07:38.636 D/ReflectedParamUpdater( 485): extent() != 1 for single value type: algo.buffers.max-count.values
06-13 20:07:38.637 I/bt_stack_manager( 671): system/bt/btif/src/stack_manager.cc:246 event_start_up_stack: event_start_up_stack is bringing up the stack
06-13 20:07:38.637 D/ReflectedParamUpdater( 485): extent() != 1 for single value type: output.subscribed-indices.values
06-13 20:07:38.637 D/ReflectedParamUpdater( 485): extent() != 1 for single value type: input.buffers.allocator-ids.values
06-13 20:07:38.637 D/ReflectedParamUpdater( 485): extent() != 1 for single value type: output.buffers.allocator-ids.values
06-13 20:07:38.637 I/bt_core_module( 671): system/bt/btcore/src/module.cc:85 module_start_up: module_start_up Starting module "btif_config_module"
06-13 20:07:38.637 I/bt_core_module( 671): system/bt/btcore/src/module.cc:90 module_start_up: module_start_up Started module "btif_config_module"
06-13 20:07:38.637 D/ReflectedParamUpdater( 485): extent() != 1 for single value type: algo.buffers.allocator-ids.values
06-13 20:07:38.637 I/bt_core_module( 671): system/bt/btcore/src/module.cc:85 module_start_up: module_start_up Starting module "btsnoop_module"
06-13 20:07:38.637 D/ReflectedParamUpdater( 485): extent() != 1 for single value type: output.buffers.pool-ids.values
06-13 20:07:38.637 D/ReflectedParamUpdater( 485): extent() != 1 for single value type: algo.buffers.pool-ids.values
06-13 20:07:38.639 I/droid.bluetoot( 671): [0613/200738.639112:INFO:btsnoop.cc(209)] start_up: Snoop Logs disabled
06-13 20:07:38.639 I/droid.bluetoot( 671): [0613/200738.639343:INFO:btsnoop.cc(356)] delete_btsnoop_files: Deleting snoop logs if they exist. filtered = 1
06-13 20:07:38.639 I/droid.bluetoot( 671): [0613/200738.639590:INFO:btsnoop.cc(356)] delete_btsnoop_files: Deleting snoop logs if they exist. filtered = 0
06-13 20:07:38.639 I/bt_core_module( 671): system/bt/btcore/src/module.cc:90 module_start_up: module_start_up Started module "btsnoop_module"
06-13 20:07:38.640 I/bt_core_module( 671): system/bt/btcore/src/module.cc:85 module_start_up: module_start_up Starting module "hci_module"
06-13 20:07:38.640 I/bt_hci ( 671): system/bt/hci/src/hci_layer.cc:200 hci_module_start_up: hci_module_start_up
06-13 20:07:38.640 D/SystemUIService( 684): loading: com.android.systemui.oranth.ManagerService
06-13 20:07:38.640 I/CCodecConfig( 485): query failed after returning 7 values (BAD_INDEX)
06-13 20:07:38.641 E/SELinux ( 192): avc: denied { find } for pid=684 uid=10065 name=oranth_manager scontext=u:r:platform_app:s0:c512,c768 tcontext=u:object_r:default_android_service:s0 tclass=service_manager permissive=1
06-13 20:07:38.643 D/SystemUIService( 684): running: com.android.systemui.oranth.ManagerService@80f490f
06-13 20:07:38.643 I/ManagerService( 684): -------------------- oranth manager service ---------
06-13 20:07:38.650 I/droid.bluetoot( 671): [0613/200738.650302:INFO:message_loop_thread.cc(224)] Run: message loop starting for thread bt_hci_thread
06-13 20:07:38.652 I/droid.bluetoot( 671): Background young concurrent copying GC freed 13489(1068KB) AllocSpace objects, 6(120KB) LOS objects, 88% free, 3226KB/27MB, paused 33.780ms total 229.863ms
06-13 20:07:38.652 D/CCodecConfig( 485): c2 config diff is Dict {
06-13 20:07:38.652 D/CCodecConfig( 485): c2::u32 coded.bitrate.value = 64000
06-13 20:07:38.652 D/CCodecConfig( 485): c2::u32 input.buffers.max-size.value = 32768
06-13 20:07:38.652 D/CCodecConfig( 485): c2::u32 input.delay.value = 0
06-13 20:07:38.652 D/CCodecConfig( 485): string input.media-type.value = "audio/vorbis"
06-13 20:07:38.652 D/CCodecConfig( 485): string output.media-type.value = "audio/raw"
06-13 20:07:38.652 D/CCodecConfig( 485): c2::u32 raw.channel-count.value = 1
06-13 20:07:38.652 D/CCodecConfig( 485): c2::u32 raw.sample-rate.value = 48000
06-13 20:07:38.652 D/CCodecConfig( 485): }
06-13 20:07:38.654 D/CCodec ( 485): [c2.android.vorbis.decoder] buffers are bound to CCodec for this session
06-13 20:07:38.654 D/CCodecConfig( 485): no c2 equivalents for durationUs
06-13 20:07:38.654 D/CCodecConfig( 485): no c2 equivalents for track-id
06-13 20:07:38.654 D/CCodecConfig( 485): no c2 equivalents for csd-1
06-13 20:07:38.654 D/CCodecConfig( 485): no c2 equivalents for channel-mask
06-13 20:07:38.654 D/CCodecConfig( 485): no c2 equivalents for flags
06-13 20:07:38.654 I/bt_hci ( 671): system/bt/hci/src/hci_layer_android.cc:159 hci_initialize: hci_initialize
06-13 20:07:38.655 D/CCodecConfig( 485): c2 config diff is c2::u32 coded.bitrate.value = 499821
06-13 20:07:38.655 D/CCodecConfig( 485): c2::u32 raw.channel-count.value = 2
06-13 20:07:38.655 D/CCodecConfig( 485): c2::u32 raw.sample-rate.value = 44100
06-13 20:07:38.655 I/hwservicemanager( 193): getTransport: Cannot find entry android.hardware.bluetooth@1.1::IBluetoothHci/default in either framework or device VINTF manifest.
06-13 20:07:38.656 I/FalsingManager( 684): xdpi, ydpi: 0.16, 0.16
06-13 20:07:38.656 I/FalsingManager( 684): width, height: 1920, 1080
06-13 20:07:38.656 I/bt_hci ( 671): system/bt/hci/src/hci_layer.cc:257 hci_module_start_up: hci_module_start_up starting async portion
06-13 20:07:38.657 I/bt_hci ( 671): system/bt/hci/src/hci_layer_android.cc:178 hci_initialize: hci_initialize: IBluetoothHci::getService() returned 0xeb57f7a0 (remote)
06-13 20:07:38.657 W/Codec2Client( 485): query -- param skipped: index = 1107298332.
06-13 20:07:38.657 D/CCodec ( 485): setup formats input: AMessage(what = 0x00000000) = {
06-13 20:07:38.657 D/CCodec ( 485): int32_t bitrate = 499821
06-13 20:07:38.657 D/CCodec ( 485): int32_t channel-count = 2
06-13 20:07:38.657 D/CCodec ( 485): int32_t max-input-size = 32768
06-13 20:07:38.657 D/CCodec ( 485): string mime = "audio/vorbis"
06-13 20:07:38.657 D/CCodec ( 485): int32_t sample-rate = 44100
06-13 20:07:38.657 D/CCodec ( 485): }
06-13 20:07:38.657 E/cutils-trace( 671): Error opening trace file: No such file or directory (2)
06-13 20:07:38.657 D/CCodec ( 485): setup formats output: AMessage(what = 0x00000000) = {
06-13 20:07:38.657 D/CCodec ( 485): int32_t channel-count = 2
06-13 20:07:38.657 D/CCodec ( 485): string mime = "audio/raw"
06-13 20:07:38.657 D/CCodec ( 485): int32_t sample-rate = 44100
06-13 20:07:38.657 D/CCodec ( 485): int32_t channel-mask = 3
06-13 20:07:38.657 D/CCodec ( 485): }
06-13 20:07:38.657 I/CCodecConfig( 485): query failed after returning 7 values (BAD_INDEX)
06-13 20:07:38.657 I/android.hardware.bluetooth@1.0-impl( 261): BluetoothHci::initialize()
06-13 20:07:38.658 W/Codec2Client( 485): query -- param skipped: index = 1342179345.
06-13 20:07:38.658 W/Codec2Client( 485): query -- param skipped: index = 2415921170.
06-13 20:07:38.659 D/CCodecBufferChannel( 485): [c2.android.vorbis.decoder#768] Created input block pool with allocatorID 16 => poolID 21 - OK (0)
06-13 20:07:38.660 D/android.hardware.bluetooth@1.0-service( 261): get_local_address: Trying /sys/class/addr_mgt/addr_bt
06-13 20:07:38.660 D/android.hardware.bluetooth@1.0-service( 261): get_local_address: Got Factory BDA 8B:66:39:99:6E:AE
06-13 20:07:38.660 D/WifiHWInfo( 261): Start to load wireless module hardware info table...
06-13 20:07:38.660 D/WifiHWInfo( 261): Entry [01], BUS: SDIO, ID: 0x024C8179, Name: rtl8189es.
06-13 20:07:38.660 D/WifiHWInfo( 261): Entry [02], BUS: SDIO, ID: 0x024CB723, Name: rtl8723bs_vq0.
06-13 20:07:38.660 D/WifiHWInfo( 261): Entry [03], BUS: SDIO, ID: 0x024CB703, Name: rtl8723cs.
06-13 20:07:38.660 D/WifiHWInfo( 261): Entry [04], BUS: SDIO, ID: 0x024CD723, Name: rtl8723ds.
06-13 20:07:38.660 D/WifiHWInfo( 261): Entry [05], BUS: SDIO, ID: 0x024CF179, Name: rtl8189fs.
06-13 20:07:38.660 D/WifiHWInfo( 261): Entry [06], BUS: SDIO, ID: 0x024CB822, Name: rtl88x2bs.
06-13 20:07:38.660 D/WifiHWInfo( 261): Entry [07], BUS: USB, ID: 0x0BDAD723, Name: rtl8723du.
06-13 20:07:38.660 D/WifiHWInfo( 261): Entry [08], BUS: USB, ID: 0x0BDA8179, Name: rtl8188etv.
06-13 20:07:38.660 D/WifiHWInfo( 261): Entry [09], BUS: USB, ID: 0x0BDA0179, Name: rtl8188eu.
06-13 20:07:38.660 D/WifiHWInfo( 261): Entry [10], BUS: USB, ID: 0x0BDA818B, Name: rtl8192eu.
06-13 20:07:38.660 D/WifiHWInfo( 261): Entry [11], BUS: USB, ID: 0x0BDAB720, Name: rtl8723bu.
06-13 20:07:38.660 D/WifiHWInfo( 261): Entry [12], BUS: USB, ID: 0x0BDAC82C, Name: rtl8822cu.
06-13 20:07:38.660 D/WifiHWInfo( 261): Entry [13], BUS: USB, ID: 0x0BDAF179, Name: rtl8188fu.
06-13 20:07:38.660 D/WifiHWInfo( 261): Entry [14], BUS: SDIO, ID: 0x02D0A9A6, Name: ap6212.
06-13 20:07:38.660 D/WifiHWInfo( 261): Entry [15], BUS: SDIO, ID: 0x02D04330, Name: ap6330.
06-13 20:07:38.661 D/WifiHWInfo( 261): Entry [16], BUS: SDIO, ID: 0x02D04356, Name: ap6356s.
06-13 20:07:38.661 D/WifiHWInfo( 261): Entry [17], BUS: SDIO, ID: 0x02D0A9BF, Name: ap6255.
06-13 20:07:38.661 D/WifiHWInfo( 261): Entry [18], BUS: SDIO, ID: 0x02D04334, Name: bcm43342.
06-13 20:07:38.661 D/WifiHWInfo( 261): Entry [19], BUS: SDIO, ID: 0x00202281, Name: xr819.
06-13 20:07:38.661 D/WifiHWInfo( 261): Entry [20], BUS: SDIO, ID: 0x0A9E2282, Name: xr829.
06-13 20:07:38.661 D/WifiHWInfo( 261): Entry [21], BUS: SDIO, ID: 0x0271050A, Name: qca6174a.
06-13 20:07:38.661 D/WifiHWInfo( 261): Entry [22], BUS: SDIO, ID: 0x30303030, Name: ssv6x5x.
06-13 20:07:38.661 D/WifiHWInfo( 261): Entry [23], BUS: SDIO, ID: 0x00000000, Name: uwe5621.
06-13 20:07:38.661 D/WifiHWInfo( 261): Entry [24], BUS: SDIO, ID: 0x54490145, Name: aic8800.
06-13 20:07:38.661 D/WifiHWInfo( 261): Entry [25], BUS: SDIO, ID: 0xC8A1C08D, Name: aic8800.
06-13 20:07:38.661 D/WifiHWInfo( 261): Entry [26], BUS: USB, ID: 0xA69C8800, Name: aic8800.
06-13 20:07:38.661 D/WifiHWInfo( 261): Entry [27], BUS: USB, ID: 0x007A8888, Name: atbm6023is.
06-13 20:07:38.661 D/WifiHWInfo( 261): Entry [28], BUS: SDIO, ID: 0x02E79086, Name: 9012p.
06-13 20:07:38.661 D/WifiHWInfo( 261): Entry [29], BUS: SDIO, ID: 0x007A6011, Name: atbm613x_wifi_sdio.
06-13 20:07:38.661 D/WifiHWInfo( 261): Entry [30], BUS: SDIO, ID: 0x024CC822, Name: 88x2cs.
06-13 20:07:38.661 D/WifiHWInfo( 261): Entry [31], BUS: SDIO, ID: 0x000018F0, Name: dummy.
06-13 20:07:38.661 D/libbt-auto-detect( 261): init, get libbt name: libbt-sprd.so.
06-13 20:07:38.661 I/CCodecBufferChannel( 485): [c2.android.vorbis.decoder#768] Created output block pool with allocatorID 16 => poolID 23 - OK
06-13 20:07:38.661 D/CCodecBufferChannel( 485): [c2.android.vorbis.decoder#768] Configured output block pool ids 23 => OK
06-13 20:07:38.663 I/bt_vendor( 261): init
06-13 20:07:38.665 D/bt_vnd_hci( 261): sprd_vendor_hci_init
06-13 20:07:38.665 I/bt_chip_vendor( 261): marlin3_init
06-13 20:07:38.665 I/bt_vnd_conf( 261): Attempt to load conf from /vendor/etc/bt_configure_pskey.ini
06-13 20:07:38.660 I//system/bin/init( 1): type=1107 audit(0.0:353): uid=0 auid=4294967295 ses=4294967295 subj=u:r:init:s0 msg='avc: denied { set } for property=vendor.driver.lpm.load pid=261 uid=1002 gid=1002 scontext=u:r:hal_bluetooth_default:s0 tcontext=u:object_r:vendor_wireless_prop:s0 tclass=property_service permissive=1'
06-13 20:07:38.052 W/ ( 421): hdr10p2sdr_mode =-1, 255, 2
06-13 20:07:38.660 I/SharedPreferenc( 684): type=1400 audit(0.0:354): avc: denied { open } for path="/data/user_de/0/com.android.systemui/shared_prefs/plugin_prefs.xml" dev="mmcblk0p25" ino=2166 scontext=u:r:platform_app:s0:c512,c768 tcontext=u:object_r:app_data_file:s0:c512,c768 tclass=file permissive=1 app=com.softwinner.screenshot
06-13 20:07:38.667 I/init ( 1): processing action (vendor.driver.lpm.load=1) from (/vendor/etc/init/init.bluetooth.common.rc:68)
06-13 20:07:38.666 D/bt_vnd_conf( 261): device_class -> 0x001F00
06-13 20:07:38.666 D/bt_vnd_conf( 261): feature_set -> 0xBF, 0xFE, 0x8D, 0xFE, 0xDB, 0x3D, 0x7B, 0x87, 0xFF, 0xA7, 0xFF, 0x7F, 0x00, 0xE0, 0xF7, 0x3E
06-13 20:07:38.666 D/bt_vnd_conf( 261): device_addr -> 0x6D, 0x6D, 0x8E, 0x8E, 0x8F, 0x8F
06-13 20:07:38.666 D/bt_vnd_conf( 261): comp_id -> 0x01EC
06-13 20:07:38.666 D/bt_vnd_conf( 261): g_sys_uart0_communication_supported -> 1
06-13 20:07:38.666 D/bt_vnd_conf( 261): cp2_log_mode -> 1
06-13 20:07:38.666 D/bt_vnd_conf( 261): LogLevel -> 0xFF
06-13 20:07:38.666 D/bt_vnd_conf( 261): g_central_or_perpheral -> 0
06-13 20:07:38.670 I/ ( 292): mtty_open probe is success!
06-13 20:07:38.666 D/bt_vnd_conf( 261): Log_BitMask -> 0xFFFF
06-13 20:07:38.666 D/bt_vnd_conf( 261): super_ssp_enable -> 0
06-13 20:07:38.666 D/bt_vnd_conf( 261): common_rfu_b3 -> 2
06-13 20:07:38.670 E/bluetooth_set_power( 292): start_block=0
06-13 20:07:38.666 D/bt_vnd_conf( 261): common_rfu_w -> 0x00000000, 0x00000000
06-13 20:07:38.666 D/bt_vnd_conf( 261): le_rfu_w -> 0x00000000, 0x000000000
06-13 20:07:38.666 D/bt_vnd_conf( 261): lmp_rfu_w -> 0x00000000, 0x000000000
06-13 20:07:38.673 I/init ( 1): processing action (vendor.init.lpm.load=1) from (/vendor/etc/init/init.bluetooth.common.rc:71)
06-13 20:07:38.666 D/bt_vnd_conf( 261): lc_rfu_w -> 0x00000000, 0x000000000
06-13 20:07:38.666 D/bt_vnd_conf( 261): g_wbs_nv_117 -> 0x004D
06-13 20:07:38.676 I/WCN ( 292): start_marlin [MARLIN_BLUETOOTH]
06-13 20:07:38.666 D/bt_vnd_conf( 261): g_wbs_nv_118 -> 0x0066
06-13 20:07:38.666 D/bt_vnd_conf( 261): g_nbv_nv_117 -> 0x009B
06-13 20:07:38.666 D/bt_vnd_conf( 261): g_nbv_nv_118 -> 0x0066
06-13 20:07:38.666 D/bt_vnd_conf( 261): g_sys_sco_transmit_mode -> 0
06-13 20:07:38.666 D/bt_vnd_conf( 261): audio_rfu_b1 -> 0
06-13 20:07:38.666 D/bt_vnd_conf( 261): audio_rfu_b2 -> 0
06-13 20:07:38.666 D/bt_vnd_conf( 261): audio_rfu_b3 -> 0
06-13 20:07:38.666 D/bt_vnd_conf( 261): audio_rfu_w -> 0x00000000, 0x00000000
06-13 20:07:38.666 D/bt_vnd_conf( 261): g_sys_sleep_in_standby_supported -> 1
06-13 20:07:38.666 D/bt_vnd_conf( 261): g_sys_sleep_master_supported -> 1
06-13 20:07:38.666 D/bt_vnd_conf( 261): g_sys_sleep_slave_supported -> 1
06-13 20:07:38.676 D/ ( 292): CPU: 1 PID: 292 Comm: HwBinder:261_1 Tainted: G O 5.4.125+ #10
06-13 20:07:38.666 D/bt_vnd_conf( 261): power_rfu_b1 -> 0
06-13 20:07:38.666 D/bt_vnd_conf( 261): power_rfu_w -> 0x00000000, 0x00000000
06-13 20:07:38.676 D/Hardware name( 292): sun50iw9 (DT)
06-13 20:07:38.666 D/bt_vnd_conf( 261): win_ext -> 40
06-13 20:07:38.666 D/bt_vnd_conf( 261): edr_tx_edr_delay -> 6
06-13 20:07:38.676 D/Call trace( 292):
06-13 20:07:38.666 D/bt_vnd_conf( 261): edr_rx_edr_delay -> 8
06-13 20:07:38.667 D/bt_vnd_conf( 261): tx_delay -> 12
06-13 20:07:38.676 D/ ( 292): dump_backtrace.cfi_jt+0x0/0x4
06-13 20:07:38.667 D/bt_vnd_conf( 261): rx_delay -> 34
06-13 20:07:38.667 D/bt_vnd_conf( 261): bb_rfu_w -> 0x00000000, 0x00000000
06-13 20:07:38.676 D/ ( 292): dump_stack+0xbc/0x104
06-13 20:07:38.667 D/bt_vnd_conf( 261): agc_mode -> 0
06-13 20:07:38.667 D/bt_vnd_conf( 261): diff_or_eq -> 0xFF
06-13 20:07:38.676 D/ ( 292): marlin_set_power+0x2c/0x78c [uwe5621_bsp_sdio]
06-13 20:07:38.667 D/bt_vnd_conf( 261): ramp_mode -> 0
06-13 20:07:38.667 D/bt_vnd_conf( 261): modem_rfu_b1 -> 0
06-13 20:07:38.677 D/ ( 292): start_marlin+0xbc/0x14c [uwe5621_bsp_sdio]
06-13 20:07:38.667 D/bt_vnd_conf( 261): modem_rfu_w -> 0x00000000, 0x00000000
06-13 20:07:38.667 D/bt_vnd_conf( 261): BQB_BitMask_1 -> 0x00000000
06-13 20:07:38.677 D/ ( 292): bluetooth_set_power+0x44/0x70 [sprdbt_tty]
06-13 20:07:38.667 D/bt_vnd_conf( 261): BQB_BitMask_2 -> 0x00000000
06-13 20:07:38.667 D/bt_vnd_conf( 261): bt_coex_threshold -> 0x04E2, 0x1F40, 0x0020, 0x00C8, 0x000A, 0x0000, 0x0000, 0x0000
06-13 20:07:38.667 D/bt_vnd_conf( 261): other_rfu_w -> 0x00000000, 0x00000000
06-13 20:07:38.677 D/ ( 292): mtty_open+0xb0/0x150 [sprdbt_tty]
06-13 20:07:38.667 I/bt_vnd_conf( 261): Attempt to load conf from /vendor/etc/bt_configure_rf.ini
06-13 20:07:38.668 D/bt_vnd_conf( 261): g_GainValue_A -> 0xE000, 0xE000, 0xE000, 0xE000, 0xE000, 0xE000
06-13 20:07:38.677 D/ ( 292): tty_open+0x350/0x550
06-13 20:07:38.668 D/bt_vnd_conf( 261): g_ClassicPowerValue_A -> 0x4115, 0x3A15, 0x3415, 0x2E15, 0x2715, 0x2115, 0x1A15, 0x1315, 0x0D15, 0x0715
06-13 20:07:38.668 D/bt_vnd_conf( 261): g_LEPowerValue_A -> 0x3B15, 0x3715, 0x3315, 0x2F15, 0x2B15, 0x2715, 0x2315, 0x1F15, 0x1B15, 0x1715, 0x1315, 0x0F15, 0x0B15, 0x0815, 0x0415, 0x0015
06-13 20:07:38.677 D/ ( 292): chrdev_open+0x1d8/0x254
06-13 20:07:38.668 D/bt_vnd_conf( 261): g_BRChannelpwrvalue_A -> 0x0915, 0x0915, 0x0815, 0x0815, 0x0815, 0x0815, 0x0715, 0x0715
06-13 20:07:38.668 D/bt_vnd_conf( 261): g_EDRChannelpwrvalue_A -> 0x0D15, 0x0D15, 0x0C15, 0x0C15, 0x0B15, 0x0B15, 0x0B15, 0x0B15
06-13 20:07:38.677 D/ ( 292): do_dentry_open+0x270/0x3ac
06-13 20:07:38.668 D/bt_vnd_conf( 261): g_LEChannelpwrvalue_A -> 0x1015,0x1015,0x0F15,0x0F15,0x0F15,0x0F15,0x0F15,0x0F15
06-13 20:07:38.668 D/bt_vnd_conf( 261): g_GainValue_B -> 0xE000, 0xE000, 0xE000, 0xE000, 0xE000, 0xE000
06-13 20:07:38.677 D/ ( 292): vfs_open+0x2c/0x38
06-13 20:07:38.668 D/bt_vnd_conf( 261): g_ClassicPowerValue_B -> 0x4D15, 0x4615, 0x3D15, 0x3615, 0x2D15, 0x2615, 0x1F15, 0x1815, 0x0F15, 0x0815
06-13 20:07:38.668 D/bt_vnd_conf( 261): g_LEPowerValue_B -> 0x4B15, 0x4B15, 0x4B15, 0x4B15, 0x4B15, 0x4615, 0x4015, 0x3B15, 0x3615, 0x3015, 0x2B15, 0x2615, 0x2015, 0x1A15, 0x1415, 0x0E15
06-13 20:07:38.677 D/ ( 292): path_openat+0x6a8/0xf78
06-13 20:07:38.668 D/bt_vnd_conf( 261): g_BRChannelpwrvalue_B -> 0x0915, 0x0915, 0x0815, 0x0815, 0x0815, 0x0815, 0x0715, 0x0715
06-13 20:07:38.668 D/bt_vnd_conf( 261): g_EDRChannelpwrvalue_B -> 0x0D15, 0x0D15, 0x0C15, 0x0C15, 0x0B15, 0x0B15, 0x0B15, 0x0B15
06-13 20:07:38.677 D/ ( 292): do_filp_open+0x78/0x124
06-13 20:07:38.668 D/bt_vnd_conf( 261): g_LEChannelpwrvalue_B -> 0x1015,0x1015,0x0F15,0x0F15,0x0F15,0x0F15,0x0F15,0x0F15
06-13 20:07:38.668 D/bt_vnd_conf( 261): LE_fix_powerword -> 0x00
06-13 20:07:38.677 D/ ( 292): do_sys_open+0x13c/0x290
06-13 20:07:38.668 D/bt_vnd_conf( 261): Classic_pc_by_channel -> 0xFF
06-13 20:07:38.668 D/bt_vnd_conf( 261): LE_pc_by_channel -> 0xFF
06-13 20:07:38.677 D/ ( 292): __arm64_compat_sys_openat+0x24/0x30
06-13 20:07:38.668 D/bt_vnd_conf( 261): RF_switch_mode -> 0x01
06-13 20:07:38.668 D/bt_vnd_conf( 261): Data_Capture_Mode -> 0x00
06-13 20:07:38.677 D/ ( 292): el0_svc_common+0xb8/0x1cc
06-13 20:07:38.668 D/bt_vnd_conf( 261): Analog_IQ_Debug_Mode -> 0x00
06-13 20:07:38.668 D/bt_vnd_conf( 261): RF_common_rfu_b3 -> 0x55
06-13 20:07:38.677 D/ ( 292): el0_svc_compat_handler+0x1c/0x28
06-13 20:07:38.668 D/bt_vnd_conf( 261): RF_common_rfu_w -> 0x555F4344, 0x5555C855, 0x55555555, 0x55555555, 0x55555555
06-13 20:07:38.668 I/bt_vnd_conf( 261): set_mac_address
06-13 20:07:38.677 D/ ( 292): el0_svc_compat+0x8/0x24
06-13 20:07:38.668 D/bt_vendor( 261): marlin3 start up
06-13 20:07:38.668 D/android.hardware.bluetooth@1.0-impl( 261): Open vendor library loaded
06-13 20:07:38.668 E/bt_upio ( 261): init_rfkill: No rfkill control node found
06-13 20:07:38.677 I/WCN ( 292): marlin power state:0, subsys: [MARLIN_BLUETOOTH] power 1
06-13 20:07:38.668 I/bt_userial_vendor( 261): userial vendor open: opening /dev/ttyBT0, baud 14
06-13 20:07:38.668 D/bt_vendor( 261): check_access, /dev/ttyBT0 R/W access OK after wait 0ms
06-13 20:07:38.677 I/WCN ( 292): the first power on start
06-13 20:07:38.669 D/bt_vnd_hci( 261): hci_server_thread
06-13 20:07:38.669 D/bt_vnd_hci( 261): name: bt_vendor_sprd_hci
06-13 20:07:38.669 D/bt_vnd_hci( 261): listen socket: bt_vendor_sprd_hci, fd: 6
06-13 20:07:38.669 D/bt_vnd_hci( 261): hci_server_thread wati for btools
06-13 20:07:38.675 I/hw-BpHwBinder( 485): onLastStrongRef automatically unlinking death recipients
06-13 20:07:38.681 D/SimpleC2Component( 376): Using output block pool with poolID 23 => got 23 - 0
06-13 20:07:38.690 W/ServiceManager( 485): Permission failure: android.permission.HIGH_SAMPLING_RATE_SENSORS from uid=10065 pid=684
06-13 20:07:38.708 D/MediaCodecList( 485): codecHandlesFormat: no format, so no extra checks
06-13 20:07:38.717 D/CCodec ( 485): allocate(c2.android.vorbis.decoder)
06-13 20:07:38.721 I/CCodec ( 485): Created component [c2.android.vorbis.decoder]
06-13 20:07:38.721 D/CCodecConfig( 485): read media type: audio/vorbis
06-13 20:07:38.725 D/ReflectedParamUpdater( 485): extent() != 1 for single value type: algo.buffers.max-count.values
06-13 20:07:38.725 D/ReflectedParamUpdater( 485): extent() != 1 for single value type: output.subscribed-indices.values
06-13 20:07:38.725 D/ReflectedParamUpdater( 485): extent() != 1 for single value type: input.buffers.allocator-ids.values
06-13 20:07:38.726 D/ReflectedParamUpdater( 485): extent() != 1 for single value type: output.buffers.allocator-ids.values
06-13 20:07:38.726 D/ReflectedParamUpdater( 485): extent() != 1 for single value type: algo.buffers.allocator-ids.values
06-13 20:07:38.726 D/ReflectedParamUpdater( 485): extent() != 1 for single value type: output.buffers.pool-ids.values
06-13 20:07:38.726 D/ReflectedParamUpdater( 485): extent() != 1 for single value type: algo.buffers.pool-ids.values
06-13 20:07:38.729 D/NavigationModeController( 684): getCurrentUserContext: contextUser=0 currentUser=0
06-13 20:07:38.729 I/CCodecConfig( 485): query failed after returning 7 values (BAD_INDEX)
06-13 20:07:38.729 D/NavigationModeController( 684): getCurrentInteractionMode: mode=0 contextUser=0
06-13 20:07:38.729 D/CCodecConfig( 485): c2 config diff is Dict {
06-13 20:07:38.729 D/CCodecConfig( 485): c2::u32 coded.bitrate.value = 64000
06-13 20:07:38.729 D/CCodecConfig( 485): c2::u32 input.buffers.max-size.value = 32768
06-13 20:07:38.729 D/CCodecConfig( 485): c2::u32 input.delay.value = 0
06-13 20:07:38.729 D/CCodecConfig( 485): string input.media-type.value = "audio/vorbis"
06-13 20:07:38.729 D/CCodecConfig( 485): string output.media-type.value = "audio/raw"
06-13 20:07:38.729 D/CCodecConfig( 485): c2::u32 raw.channel-count.value = 1
06-13 20:07:38.729 D/CCodecConfig( 485): c2::u32 raw.sample-rate.value = 48000
06-13 20:07:38.729 D/CCodecConfig( 485): }
06-13 20:07:38.729 D/NavigationModeController( 684): updateCurrentInteractionMode: mode=0
06-13 20:07:38.729 D/NavigationModeController( 684): contextUser=0
06-13 20:07:38.730 D/NavigationModeController( 684): assetPaths=
06-13 20:07:38.730 D/NavigationModeController( 684): and /system/framework/framework-res.apk
