06-13 20:07:36.740 W/OmxInfoBuilder( 360): Fail to add media type video/x-vnd.on2.vp9 to codec OMX.allwinner.video.decoder.vp9.secure
06-13 20:07:36.742 I/OMXClient( 360): IOmx service obtained
06-13 20:07:36.742 I/OMXStore( 368): makeComponentInstance(OMX.allwinner.video.encoder.avc) in android.hardwar process
06-13 20:07:36.751 W/cedarc ( 368): : cannot open /dev/sunxi_soc_info, it maybe ok!
06-13 20:07:36.751 I/cedarc ( 368): : *** ic_version = 0x3301000012011,
06-13 20:07:36.752 E/OMXNodeInstance( 368): getParameter(0xf6c3b000:allwinner.encoder.avc, ParamVideoProfileLevelQuerySupported(0x600000f)) ERROR: BadParameter(0x80001005)
06-13 20:07:36.753 W/OMXUtils( 360): do not know color format 0x7f000789 = 2130708361
06-13 20:07:36.753 W/OMXUtils( 360): do not know color format 0x7f000001 = 2130706433
06-13 20:07:36.753 E/omx_venc( 368): <__AwOmxVencGetParameter:882>: get_parameter erro: pParamData->nIndex > m_sInPortFormatType.nIndex, param index 3. impl in->index 2.
06-13 20:07:36.753 E/OMXNodeInstance( 368): getConfig(0xf6c3b000:allwinner.encoder.avc, ConfigAndroidIntraRefresh(0x6f60000a)) ERROR: UnsupportedIndex(0x8000101a)
06-13 20:07:36.753 E/omx_venc( 368): : get_parameter: unknown param 0xf6d23d00
06-13 20:07:36.753 E/omx_venc( 368): 
06-13 20:07:36.753 E/OMXNodeInstance( 368): getParameter(0xf6c3b000:allwinner.encoder.avc, ParamVideoIntraRefresh(0x6000006)) ERROR: UnsupportedIndex(0x8000101a)
06-13 20:07:36.752 D/ ( 396): enable_cedar_hw_clk,516
06-13 20:07:36.754 D/MediaCodecInfo( 360): detail feature-frame-parsing wasn't present to remove
06-13 20:07:36.762 I/cedarc ( 368): : not malloc locks
06-13 20:07:36.764 D/ ( 368): disable_cedar_hw_clk,546
06-13 20:07:36.769 I/Codec2Client( 360): Available Codec2 services: "software"
06-13 20:07:36.772 V/C2Store ( 376): in init
06-13 20:07:36.772 V/C2Store ( 376): loading dll
06-13 20:07:36.776 E/servicemanager( 192): Could not find android.hardware.gnss.IGnss/default in the VINTF manifest.
06-13 20:07:36.777 D/GnssLocationProviderJni( 485): Trying IGnss_V2_1::getService()
06-13 20:07:36.778 I/hwservicemanager( 193): getTransport: Cannot find entry android.hardware.gnss@2.1::IGnss/default in either framework or device VINTF manifest.
06-13 20:07:36.778 D/GnssLocationProviderJni( 485): gnssHal 2.1 was null, trying 2.0
06-13 20:07:36.778 I/hwservicemanager( 193): getTransport: Cannot find entry android.hardware.gnss@2.0::IGnss/default in either framework or device VINTF manifest.
06-13 20:07:36.779 D/GnssLocationProviderJni( 485): gnssHal 2.0 was null, trying 1.1
06-13 20:07:36.779 I/hwservicemanager( 193): getTransport: Cannot find entry android.hardware.gnss@1.1::IGnss/default in either framework or device VINTF manifest.
06-13 20:07:36.779 D/GnssLocationProviderJni( 485): gnssHal 1.1 was null, trying 1.0
06-13 20:07:36.779 I/hwservicemanager( 193): getTransport: Cannot find entry android.hardware.gnss@1.0::IGnss/default in either framework or device VINTF manifest.
06-13 20:07:36.785 E/LocationManagerService( 485): no geocoder provider found
06-13 20:07:36.785 E/ActivityRecognitionHardware( 485): activity_recognition HAL is deprecated. is_supported is effectively a no-op
06-13 20:07:36.786 E/LocationManagerService( 485): unable to bind ActivityRecognitionProxy
06-13 20:07:36.786 W/SystemServiceManager( 485): Service com.android.server.location.LocationManagerService$Lifecycle took 73 ms in onBootPhase
06-13 20:07:36.786 I/WallpaperManagerService( 485): switch-user-0
06-13 20:07:36.786 V/WallpaperManagerService( 485): bindWallpaperComponentLocked: componentName=ComponentInfo{com.android.systemui/com.android.systemui.ImageWallpaper}
06-13 20:07:36.795 D/SoundTriggerService( 485): onBootPhase: 600 : false
06-13 20:07:36.799 V/C2Store ( 376): in ~ComponentModule
06-13 20:07:36.799 V/C2Store ( 376): unloading dll
06-13 20:07:36.799 V/C2Store ( 376): in init
06-13 20:07:36.799 V/C2Store ( 376): loading dll
06-13 20:07:36.806 I/keystore2( 215): keystore2::authorization: on_lock_screen_event(LockScreenEvent(0), user_id=0, password.is_some()=false, unlocking_sids=Some([]))
06-13 20:07:36.812 I/system_server( 485): Background young concurrent copying GC freed 84207(4478KB) AllocSpace objects, 15(492KB) LOS objects, 36% free, 8880KB/13MB, paused 292us total 140.959ms
06-13 20:07:36.819 V/C2Store ( 376): in ~ComponentModule
06-13 20:07:36.819 V/C2Store ( 376): unloading dll
06-13 20:07:36.820 V/C2Store ( 376): in init
06-13 20:07:36.820 V/C2Store ( 376): loading dll
06-13 20:07:36.826 W/AlarmManager( 485): Unrecognized alarm listener com.android.server.stats.StatsCompanionService$AnomalyAlarmListener@cd2e41f
06-13 20:07:36.826 W/AlarmManager( 485): Unrecognized alarm listener com.android.server.stats.StatsCompanionService$PullingAlarmListener@646c36c
06-13 20:07:36.826 W/AlarmManager( 485): Unrecognized alarm listener com.android.server.stats.StatsCompanionService$PeriodicAlarmListener@d344d35
06-13 20:07:36.836 I/StatsCompanionService( 485): Told statsd that StatsCompanionService is alive.
06-13 20:07:36.838 I/SystemServerTiming( 485): StartNetworkStack
06-13 20:07:36.838 D/StatsPullAtomService( 485): Registering NetworkStats pullers with statsd
06-13 20:07:36.838 D/ConnectivityModuleConnector( 485): Starting networking module android.net.INetworkStackConnector
06-13 20:07:36.839 D/ConnectivityModuleConnector( 485): Starting networking module in network_stack process
06-13 20:07:36.842 V/C2Store ( 376): in ~ComponentModule
06-13 20:07:36.842 V/C2Store ( 376): unloading dll
06-13 20:07:36.842 V/C2Store ( 376): in init
06-13 20:07:36.842 V/C2Store ( 376): loading dll
06-13 20:07:36.844 W/BestClock( 485): java.time.DateTimeException: Missing NTP fix
06-13 20:07:36.848 D/CompatibilityChangeReporter( 485): Compat change id reported: 135634846; UID 1073; state: DISABLED
06-13 20:07:36.856 V/C2Store ( 376): in ~ComponentModule
06-13 20:07:36.856 V/C2Store ( 376): unloading dll
06-13 20:07:36.856 V/C2Store ( 376): in init
06-13 20:07:36.856 V/C2Store ( 376): loading dll
06-13 20:07:36.859 D/ConnectivityModuleConnector( 485): Networking module service start requested
06-13 20:07:36.859 I/SystemServerTiming( 485): StartTethering
06-13 20:07:36.859 D/ConnectivityModuleConnector( 485): Starting networking module android.net.ITetheringConnector
06-13 20:07:36.860 D/ConnectivityModuleConnector( 485): Starting networking module in network_stack process
06-13 20:07:36.865 D/ConnectivityModuleConnector( 485): Networking module service start requested
06-13 20:07:36.867 I/SystemServerTiming( 485): MakeCountryDetectionServiceReady
06-13 20:07:36.868 I/SystemServerTiming( 485): MakeNetworkTimeUpdateReady
06-13 20:07:36.869 D/Zygote ( 255): Forked child process 756
06-13 20:07:36.871 I/ActivityManager( 485): app.processName = com.android.networkstack.process
06-13 20:07:36.871 I/ActivityManager( 485): Start proc 756:com.android.networkstack.process/1073 for service {com.android.networkstack/com.android.server.NetworkStackService}
06-13 20:07:36.872 V/C2Store ( 376): in ~ComponentModule
06-13 20:07:36.872 V/C2Store ( 376): unloading dll
06-13 20:07:36.872 V/C2Store ( 376): in init
06-13 20:07:36.874 W/BestClock( 485): java.time.DateTimeException: Missing NTP fix
06-13 20:07:36.874 D/ConnectivityService( 485): requestNetwork for uid/pid:1000/485 activeRequest: null callbackRequest: 16 [NetworkRequest [ REQUEST id=17, [ Capabilities: INTERNET&NOT_RESTRICTED&TRUSTED&NOT_VCN_MANAGED Uid: 1000 RequestorUid: 1000 RequestorPkg: android] ]] callback flags: 0 priority: 2147483647
06-13 20:07:36.875 D/ConnectivityService( 485): NetReassign [no changes]
06-13 20:07:36.875 D/PPPOE ( 485): got request NetworkRequest [ REQUEST id=17, [ Capabilities: INTERNET&NOT_RESTRICTED&TRUSTED&NOT_VCN_MANAGED Uid: 1000 RequestorUid: 1000 RequestorPkg: android] ]
06-13 20:07:36.876 I/SystemServerTiming( 485): MakeInputManagerServiceReady
06-13 20:07:36.876 V/C2Store ( 376): loading dll
06-13 20:07:36.877 W/BestClock( 485): java.time.DateTimeException: Missing NTP fix
06-13 20:07:36.880 W/BestClock( 485): java.time.DateTimeException: Missing NTP fix
06-13 20:07:36.884 I/InputReader( 485): Reconfiguring input devices, changes=DEVICE_ALIAS |
06-13 20:07:36.885 I/SystemServerTiming( 485): MakeTelephonyRegistryReady
06-13 20:07:36.885 W/BestClock( 485): java.time.DateTimeException: Missing NTP fix
06-13 20:07:36.885 I/SystemServerTiming( 485): MakeMediaRouterServiceReady
06-13 20:07:36.886 I/SystemServerTiming( 485): MakeMmsServiceReady
06-13 20:07:36.886 I/MmsServiceBroker( 485): Delay connecting to MmsService until an API is called
06-13 20:07:36.886 I/SystemServerTiming( 485): IncidentDaemonReady
06-13 20:07:36.889 V/C2Store ( 376): in ~ComponentModule
06-13 20:07:36.889 V/C2Store ( 376): unloading dll
06-13 20:07:36.889 V/C2Store ( 376): in init
06-13 20:07:36.889 V/C2Store ( 376): loading dll
06-13 20:07:36.889 I/SystemServerTiming( 485): MakeIncrementalServiceReady
06-13 20:07:36.890 I/Zygote ( 756): seccomp disabled by setenforce 0
06-13 20:07:36.891 I/SystemServerTiming( 485): getCurrentUser
06-13 20:07:36.891 I/ActivityManager( 485): Current user:0
06-13 20:07:36.891 I/SystemServerTiming( 485): ActivityManagerStartApps
06-13 20:07:36.891 I/InputReader( 485): Reconfiguring input devices, changes=KEYBOARD_LAYOUTS |
06-13 20:07:36.892 I/SystemServerTiming( 485): ssm.StartUser-0
06-13 20:07:36.892 I/SystemServiceManager( 485): Calling onStartUser 0
06-13 20:07:36.903 V/C2Store ( 376): in ~ComponentModule
06-13 20:07:36.903 V/C2Store ( 376): unloading dll
06-13 20:07:36.904 V/C2Store ( 376): in init
06-13 20:07:36.904 V/C2Store ( 376): loading dll
06-13 20:07:36.906 W/Zygote ( 255): forkRepeatedly terminated due to non-simple command
06-13 20:07:36.907 D/Zygote ( 255): mbuffer starts with 14, nice name is webview_zygote, mEnd = 401, mNext = 159, mLinesLeft = 6, mFd = 4
06-13 20:07:36.910 W/BestClock( 485): java.time.DateTimeException: Missing NTP fix
06-13 20:07:36.915 W/BestClock( 485): java.time.DateTimeException: Missing NTP fix
06-13 20:07:36.916 I/adbd ( 389): jdwp connection from 756
06-13 20:07:36.918 V/StorageManagerService( 485): Package com.dangbei.lerad.leradwatcher has legacy storage
06-13 20:07:36.919 V/StorageManagerService( 485): Package com.android.cts.priv.ctsshim does not have legacy storage
06-13 20:07:36.919 V/StorageManagerService( 485): Package com.android.dynsystem does not have legacy storage
06-13 20:07:36.919 V/StorageManagerService( 485): Package com.dangbei.lerad.rocky does not have legacy storage
06-13 20:07:36.919 V/StorageManagerService( 485): Package com.android.providers.calendar does not have legacy storage
06-13 20:07:36.919 V/StorageManagerService( 485): Package com.android.tv.settings does not have legacy storage
06-13 20:07:36.919 V/StorageManagerService( 485): Package com.android.providers.media does not have legacy storage
06-13 20:07:36.919 V/StorageManagerService( 485): Package com.oranth.factory does not have legacy storage
06-13 20:07:36.920 V/StorageManagerService( 485): Package com.android.internal.systemui.navbar.gestural_wide_back does not have legacy storage
06-13 20:07:36.920 V/StorageManagerService( 485): Package com.dangbei.zhushou.os does not have legacy storage
06-13 20:07:36.920 V/StorageManagerService( 485): Package com.android.wallpapercropper does not have legacy storage
06-13 20:07:36.920 V/StorageManagerService( 485): Package com.softwinner.provision does not have legacy storage
06-13 20:07:36.920 V/StorageManagerService( 485): Package com.softwinner.awlogsettings does not have legacy storage
06-13 20:07:36.920 V/StorageManagerService( 485): Package com.android.documentsui does not have legacy storage
06-13 20:07:36.920 V/StorageManagerService( 485): Package com.sohu.inputmethod.sogou.tv has legacy storage
06-13 20:07:36.920 V/StorageManagerService( 485): Package com.android.externalstorage does not have legacy storage
06-13 20:07:36.920 V/StorageManagerService( 485): Package com.android.htmlviewer does not have legacy storage
06-13 20:07:36.920 V/StorageManagerService( 485): Package com.android.companiondevicemanager does not have legacy storage
06-13 20:07:36.920 V/StorageManagerService( 485): Package com.android.mms.service does not have legacy storage
06-13 20:07:36.920 V/StorageManagerService( 485): Package com.android.providers.downloads does not have legacy storage
06-13 20:07:36.920 V/StorageManagerService( 485): Package com.android.providers.tv does not have legacy storage
06-13 20:07:36.920 V/StorageManagerService( 485): Package com.android.internal.systemui.onehanded.gestural does not have legacy storage
06-13 20:07:36.921 W/BestClock( 485): java.time.DateTimeException: Missing NTP fix
06-13 20:07:36.922 W/BestClock( 485): java.time.DateTimeException: Missing NTP fix
06-13 20:07:36.922 V/StorageManagerService( 485): Package com.oranth.ledstatus does not have legacy storage
06-13 20:07:36.923 V/StorageManagerService( 485): Package com.dangbei.lerad.videoposter has legacy storage
06-13 20:07:36.923 V/StorageManagerService( 485): Package com.android.providers.downloads.ui does not have legacy storage
06-13 20:07:36.923 V/StorageManagerService( 485): Package com.android.pacprocessor does not have legacy storage
06-13 20:07:36.923 V/StorageManagerService( 485): Package com.android.simappdialog does not have legacy storage
06-13 20:07:36.923 V/StorageManagerService( 485): Package com.android.networkstack does not have legacy storage
06-13 20:07:36.923 V/StorageManagerService( 485): Package com.android.connectivity.resources does not have legacy storage
06-13 20:07:36.924 V/StorageManagerService( 485): Package com.android.modulemetadata does not have legacy storage
06-13 20:07:36.924 V/StorageManagerService( 485): Package com.android.certinstaller does not have legacy storage
06-13 20:07:36.924 V/StorageManagerService( 485): Package com.android.carrierconfig does not have legacy storage
06-13 20:07:36.924 V/StorageManagerService( 485): Package com.google.android.apps.searchlite.overlay does not have legacy storage
06-13 20:07:36.924 V/StorageManagerService( 485): Package com.android.internal.systemui.navbar.threebutton does not have legacy storage
06-13 20:07:36.924 V/StorageManagerService( 485): Package android does not have legacy storage
06-13 20:07:36.924 V/StorageManagerService( 485): Package com.google.android.networkstackconfig does not have legacy storage
06-13 20:07:36.924 V/StorageManagerService( 485): Package com.softwinner.settingssetup does not have legacy storage
06-13 20:07:36.924 V/StorageManagerService( 485): Package com.android.egg does not have legacy storage
06-13 20:07:36.924 I/WebViewLoader-( 720): System.exit called, status: 0
06-13 20:07:36.924 V/StorageManagerService( 485): Package com.android.mtp does not have legacy storage
06-13 20:07:36.924 I/AndroidRuntime( 720): VM exiting with result code 0, cleanup skipped.
06-13 20:07:36.920 I/ndroid.systemui( 684): type=1400 audit(0.0:333): avc: denied { search } for name="com.android.systemui" dev="mmcblk0p25" ino=484 scontext=u:r:platform_app:s0:c512,c768 tcontext=u:object_r:app_data_file:s0:c512,c768 tclass=dir permissive=1 app=com.softwinner.screenshot
06-13 20:07:36.927 E/droid.bluetoot( 671): [0613/200736.926285:ERROR:hal_version_manager.h(125)] HalVersionManager No supported HAL version
06-13 20:07:36.928 V/StorageManagerService( 485): Package com.android.backupconfirm does not have legacy storage
06-13 20:07:36.929 V/StorageManagerService( 485): Package com.softwinner.timerswitch does not have legacy storage
06-13 20:07:36.929 V/StorageManagerService( 485): Package com.android.statementservice does not have legacy storage
06-13 20:07:36.929 V/StorageManagerService( 485): Package com.dangbei.screencast has legacy storage
06-13 20:07:36.929 V/StorageManagerService( 485): Package com.android.settings.intelligence does not have legacy storage
06-13 20:07:36.931 I/droid.bluetoot( 671): [0613/200736.930775:INFO:btif_config_cache.cc(61)] BtifConfigCache, capacity: 10000
06-13 20:07:36.931 V/StorageManagerService( 485): Package com.android.internal.systemui.navbar.gestural_extra_wide_back does not have legacy storage
06-13 20:07:36.931 V/GraphicsEnvironment( 684): ANGLE Developer option for 'com.android.systemui' set to: 'default'
06-13 20:07:36.932 V/StorageManagerService( 485): Package com.dangbei.leard.leradlauncher does not have legacy storage
06-13 20:07:36.932 V/StorageManagerService( 485): Package com.android.providers.settings does not have legacy storage
06-13 20:07:36.932 V/StorageManagerService( 485): Package com.android.sharedstoragebackup does not have legacy storage
06-13 20:07:36.932 V/StorageManagerService( 485): Package com.android.printspooler does not have legacy storage
06-13 20:07:36.932 V/GraphicsEnvironment( 684): Neither updatable production driver nor prerelease driver is supported.
06-13 20:07:36.932 V/StorageManagerService( 485): Package com.android.dreams.basic does not have legacy storage
06-13 20:07:36.932 V/StorageManagerService( 485): Package com.android.webview does not have legacy storage
06-13 20:07:36.932 V/StorageManagerService( 485): Package com.android.se does not have legacy storage
06-13 20:07:36.934 V/StorageManagerService( 485): Package com.android.tv does not have legacy storage
06-13 20:07:36.935 V/StorageManagerService( 485): Package com.android.inputdevices does not have legacy storage
06-13 20:07:36.935 V/StorageManagerService( 485): Package com.android.bips does not have legacy storage
06-13 20:07:36.935 V/StorageManagerService( 485): Package com.oranth.inputmacsn does not have legacy storage
06-13 20:07:36.935 V/StorageManagerService( 485): Package com.android.musicfx does not have legacy storage
06-13 20:07:36.935 V/StorageManagerService( 485): Package com.dangbei.hqguide does not have legacy storage
06-13 20:07:36.935 V/StorageManagerService( 485): Package android.ext.shared does not have legacy storage
06-13 20:07:36.935 V/StorageManagerService( 485): Package com.android.onetimeinitializer does not have legacy storage
06-13 20:07:36.935 V/StorageManagerService( 485): Package com.android.keychain does not have legacy storage
06-13 20:07:36.935 V/StorageManagerService( 485): Package com.android.printservice.recommendation does not have legacy storage
06-13 20:07:36.935 V/StorageManagerService( 485): Package com.google.android.networkstack.tetheringconfig does not have legacy storage
06-13 20:07:36.935 V/StorageManagerService( 485): Package android.ext.services does not have legacy storage
06-13 20:07:36.935 V/StorageManagerService( 485): Package com.android.wifi.resources does not have legacy storage
06-13 20:07:36.935 V/StorageManagerService( 485): Package com.android.localtransport does not have legacy storage
06-13 20:07:36.936 V/StorageManagerService( 485): Package com.android.packageinstaller does not have legacy storage
06-13 20:07:36.936 V/StorageManagerService( 485): Package com.android.theme.font.notoserifsource does not have legacy storage
06-13 20:07:36.936 V/StorageManagerService( 485): Package com.android.proxyhandler does not have legacy storage
06-13 20:07:36.936 V/StorageManagerService( 485): Package com.softwinner.screenshot does not have legacy storage
06-13 20:07:36.936 V/StorageManagerService( 485): Package com.android.managedprovisioning does not have legacy storage
06-13 20:07:36.936 V/StorageManagerService( 485): Package com.oranth.usbopenft does not have legacy storage
06-13 20:07:36.936 V/StorageManagerService( 485): Package com.android.networkstack.tethering does not have legacy storage
06-13 20:07:36.936 V/StorageManagerService( 485): Package com.android.soundpicker does not have legacy storage
06-13 20:07:36.936 V/StorageManagerService( 485): Package com.dangbei.lerad.etna.haqu does not have legacy storage
06-13 20:07:36.936 V/StorageManagerService( 485): Package com.allwinnertech.packageoverride does not have legacy storage
06-13 20:07:36.936 V/StorageManagerService( 485): Package com.android.smspush does not have legacy storage
06-13 20:07:36.936 V/StorageManagerService( 485): Package com.android.wallpaper.livepicker does not have legacy storage
06-13 20:07:36.936 V/StorageManagerService( 485): Package com.tv.filemanager.os has legacy storage
06-13 20:07:36.936 V/StorageManagerService( 485): Package com.oranth.powerwindow does not have legacy storage
06-13 20:07:36.936 V/StorageManagerService( 485): Package com.android.storagemanager does not have legacy storage
06-13 20:07:36.936 V/StorageManagerService( 485): Package com.android.bookmarkprovider does not have legacy storage
06-13 20:07:36.937 V/StorageManagerService( 485): Package com.android.networkstack.permissionconfig does not have legacy storage
06-13 20:07:36.937 V/StorageManagerService( 485): Package com.android.cts.ctsshim does not have legacy storage
06-13 20:07:36.937 V/StorageManagerService( 485): Package com.dangbei.lerad.screensaver does not have legacy storage
06-13 20:07:36.937 V/StorageManagerService( 485): Package com.android.remoteprovisioner does not have legacy storage
06-13 20:07:36.937 V/StorageManagerService( 485): Package com.softwinner.theme.icon does not have legacy storage
06-13 20:07:36.937 V/StorageManagerService( 485): Package com.android.wallpaper does not have legacy storage
06-13 20:07:36.937 V/StorageManagerService( 485): Package com.android.vpndialogs does not have legacy storage
06-13 20:07:36.937 V/StorageManagerService( 485): Package com.android.music does not have legacy storage
06-13 20:07:36.937 V/StorageManagerService( 485): Package com.android.shell does not have legacy storage
06-13 20:07:36.937 V/StorageManagerService( 485): Package com.android.wallpaperbackup does not have legacy storage
06-13 20:07:36.939 V/StorageManagerService( 485): Package com.android.providers.blockednumber does not have legacy storage
06-13 20:07:36.940 V/StorageManagerService( 485): Package com.android.providers.userdictionary does not have legacy storage
06-13 20:07:36.941 V/StorageManagerService( 485): Package com.android.providers.media.module does not have legacy storage
06-13 20:07:36.941 V/StorageManagerService( 485): Package com.softwinner.theme.color does not have legacy storage
06-13 20:07:36.941 V/StorageManagerService( 485): Package com.oranth.storage does not have legacy storage
06-13 20:07:36.941 V/StorageManagerService( 485): Package com.android.hotspot2.osulogin does not have legacy storage
06-13 20:07:36.941 V/StorageManagerService( 485): Package com.android.internal.systemui.navbar.gestural does not have legacy storage
06-13 20:07:36.942 V/StorageManagerService( 485): Package com.android.location.fused does not have legacy storage
06-13 20:07:36.942 V/StorageManagerService( 485): Package com.android.systemui does not have legacy storage
06-13 20:07:36.942 V/StorageManagerService( 485): Package com.dangbei.haqusetting does not have legacy storage
06-13 20:07:36.942 V/StorageManagerService( 485): Package com.android.bluetoothmidiservice does not have legacy storage
06-13 20:07:36.942 V/StorageManagerService( 485): Package com.softwinner.awmanager does not have legacy storage
06-13 20:07:36.942 V/StorageManagerService( 485): Package com.android.permissioncontroller does not have legacy storage
06-13 20:07:36.942 V/StorageManagerService( 485): Package com.softwinner.miracastReceiver does not have legacy storage
06-13 20:07:36.942 V/StorageManagerService( 485): Package com.android.traceur does not have legacy storage
06-13 20:07:36.943 V/StorageManagerService( 485): Package com.android.bluetooth does not have legacy storage
06-13 20:07:36.943 V/StorageManagerService( 485): Package com.android.providers.contacts does not have legacy storage
06-13 20:07:36.943 V/StorageManagerService( 485): Package com.android.captiveportallogin does not have legacy storage
06-13 20:07:36.943 V/StorageManagerService( 485): Package com.android.internal.systemui.navbar.gestural_narrow_back does not have legacy storage
06-13 20:07:36.943 V/StorageManagerService( 485): Package com.cibn.tv has legacy storage
06-13 20:07:36.943 V/StorageManagerService( 485): Package android.auto_generated_rro_vendor__ does not have legacy storage
06-13 20:07:36.946 V/C2Store ( 376): in ~ComponentModule
06-13 20:07:36.947 D/NetworkSecurityConfig( 684): No Network Security Config specified, using platform default
06-13 20:07:36.947 D/Zygote ( 255): Forked child process 779
06-13 20:07:36.949 D/NetworkSecurityConfig( 684): No Network Security Config specified, using platform default
06-13 20:07:36.950 V/C2Store ( 376): unloading dll
06-13 20:07:36.951 V/C2Store ( 376): in init
06-13 20:07:36.951 W/ZygoteProcess( 485): Got error connecting to zygote, retrying. msg= Connection refused
06-13 20:07:36.953 V/C2Store ( 376): loading dll
06-13 20:07:36.954 W/BestClock( 485): java.time.DateTimeException: Missing NTP fix
06-13 20:07:36.957 W/IorapForwardingService( 485): No service published for: iorapd
06-13 20:07:36.958 W/BestClock( 485): java.time.DateTimeException: Missing NTP fix
06-13 20:07:36.959 W/BestClock( 485): java.time.DateTimeException: Missing NTP fix
06-13 20:07:36.960 I/Zygote ( 779): seccomp disabled by setenforce 0
06-13 20:07:36.959 W/VoiceInteractionManager( 485): no available voice recognition services found for user 0
06-13 20:07:36.960 W/BestClock( 485): java.time.DateTimeException: Missing NTP fix
06-13 20:07:36.960 W/AppBindingService( 485): [Default SMS app] u0 Target package not found
06-13 20:07:36.964 V/GameManagerService( 485): Settings file doesn't exists, skip reading
06-13 20:07:36.964 I/SystemServerTiming( 485): startPersistentApps
06-13 20:07:36.972 I/WebViewZygoteInit( 779): Starting WebViewZygoteInit
06-13 20:07:36.977 I/Zygote ( 779): seccomp disabled by setenforce 0
06-13 20:07:36.982 D/CompatibilityChangeReporter( 485): Compat change id reported: 135634846; UID 1068; state: DISABLED
06-13 20:07:36.983 I/mediaswcodec( 376): missing struct descriptor #Param::CoreIndex(--004) for field values of struct #Param::CoreIndex(F-12004)
06-13 20:07:36.983 I/mediaswcodec( 376): missing struct descriptor #Param::CoreIndex(--1812) for field values of struct #Param::CoreIndex(F-11812)
06-13 20:07:36.984 V/SystemUIService( 684): SystemUIApplication constructed.
06-13 20:07:36.986 V/C2Store ( 376): in ~ComponentModule
06-13 20:07:36.986 V/C2Store ( 376): unloading dll
06-13 20:07:36.986 I/BluetoothServiceJni( 671): hal_util_load_bt_library: loaded Bluetooth library successfully
06-13 20:07:36.986 V/C2Store ( 376): in init
06-13 20:07:36.986 V/C2Store ( 376): loading dll
06-13 20:07:36.988 I/SystemServerTiming( 485): startHomeOnAllDisplays
06-13 20:07:36.989 D/BluetoothAdapterService( 671): onCreate()
06-13 20:07:36.991 D/Zygote ( 255): Forked child process 789
06-13 20:07:36.992 I/Zygote ( 255): Process 720 exited cleanly (0)
06-13 20:07:36.996 I/ActivityStarter( 485): ---START u0 {act=android.intent.action.MAIN cat=[android.intent.category.HOME] flg=0x10000100 cmp=com.android.tv.settings/.system.FallbackHome (has extras)} from uid 0
06-13 20:07:36.996 W/BestClock( 485): java.time.DateTimeException: Missing NTP fix
06-13 20:07:37.001 W/BestClock( 485): java.time.DateTimeException: Missing NTP fix
06-13 20:07:37.001 I/Zygote ( 789): seccomp disabled by setenforce 0
06-13 20:07:36.993 V/C2Store ( 376): in ~ComponentModule
06-13 20:07:37.002 V/C2Store ( 376): unloading dll
06-13 20:07:37.002 V/C2Store ( 376): in init
06-13 20:07:37.002 V/C2Store ( 376): loading dll
06-13 20:07:37.007 I/WebViewZygoteInit( 779): Beginning application preload for com.android.webview
06-13 20:07:37.012 I/EventThread( 273): type=1400 audit(0.0:334): avc: denied { search } for name="extcon" dev="sysfs" ino=18109 scontext=u:r:hal_tv_cec_default:s0 tcontext=u:object_r:sysfs_extcon:s0 tclass=dir permissive=1
06-13 20:07:37.020 D/nativeloader( 779): classloader namespace configured for unbundled product apk. library_path=/product/app/webview/lib/arm:/product/app/webview/webview.apk!/lib/armeabi-v7a:/product/lib:/system/product/lib
06-13 20:07:37.025 V/C2Store ( 376): in ~ComponentModule
06-13 20:07:37.025 V/C2Store ( 376): unloading dll
06-13 20:07:37.025 V/C2Store ( 376): in init
06-13 20:07:37.025 V/C2Store ( 376): loading dll
06-13 20:07:37.027 I/adbd ( 389): jdwp connection from 789
06-13 20:07:37.034 W/BestClock( 485): java.time.DateTimeException: Missing NTP fix
06-13 20:07:37.032 I/ndroid.systemui( 684): type=1400 audit(0.0:335): avc: denied { search } for name="com.android.systemui" dev="mmcblk0p25" ino=484 scontext=u:r:platform_app:s0:c512,c768 tcontext=u:object_r:app_data_file:s0:c512,c768 tclass=dir permissive=1 app=com.softwinner.screenshot
06-13 20:07:37.032 I/ndroid.systemui( 684): type=1400 audit(0.0:336): avc: denied { getattr } for path="/data/user_de/0/com.android.systemui/cache" dev="mmcblk0p25" ino=485 scontext=u:r:platform_app:s0:c512,c768 tcontext=u:object_r:app_data_file:s0:c512,c768 tclass=dir permissive=1 app=com.softwinner.screenshot
06-13 20:07:37.038 W/StorageManagerService( 485): No primary storage defined yet; hacking together a stub
06-13 20:07:37.041 W/BestClock( 485): java.time.DateTimeException: Missing NTP fix
06-13 20:07:37.044 V/C2Store ( 376): in ~ComponentModule
06-13 20:07:37.045 V/C2Store ( 376): unloading dll
06-13 20:07:37.045 V/C2Store ( 376): in init
06-13 20:07:37.045 V/C2Store ( 376): loading dll
06-13 20:07:37.052 V/C2Store ( 376): in ~ComponentModule
06-13 20:07:37.052 V/C2Store ( 376): unloading dll
06-13 20:07:37.053 V/C2Store ( 376): in init
06-13 20:07:37.053 V/C2Store ( 376): loading dll
06-13 20:07:37.059 V/C2Store ( 376): in ~ComponentModule
06-13 20:07:37.059 V/C2Store ( 376): unloading dll
06-13 20:07:37.059 V/C2Store ( 376): in init
06-13 20:07:37.059 V/C2Store ( 376): loading dll
06-13 20:07:37.070 W/BestClock( 485): java.time.DateTimeException: Missing NTP fix
06-13 20:07:37.071 V/C2Store ( 376): in ~ComponentModule
06-13 20:07:37.071 V/C2Store ( 376): unloading dll
06-13 20:07:37.071 V/C2Store ( 376): in init
06-13 20:07:37.071 V/C2Store ( 376): loading dll
06-13 20:07:37.073 W/BestClock( 485): java.time.DateTimeException: Missing NTP fix
06-13 20:07:37.083 V/C2Store ( 376): in ~ComponentModule
06-13 20:07:37.083 V/C2Store ( 376): unloading dll
06-13 20:07:37.083 V/C2Store ( 376): in init
06-13 20:07:37.083 V/C2Store ( 376): loading dll
06-13 20:07:37.096 W/BestClock( 485): java.time.DateTimeException: Missing NTP fix
06-13 20:07:37.100 W/BestClock( 485): java.time.DateTimeException: Missing NTP fix
06-13 20:07:37.102 V/C2Store ( 376): in ~ComponentModule
06-13 20:07:37.102 V/C2Store ( 376): unloading dll
06-13 20:07:37.102 V/C2Store ( 376): in init
06-13 20:07:37.102 V/C2Store ( 376): loading dll
06-13 20:07:37.109 D/CompatibilityChangeReporter( 485): Compat change id reported: 174042980; UID 1000; state: DISABLED
06-13 20:07:37.116 I/mediaswcodec( 376): missing struct descriptor #Param::CoreIndex(--004) for field values of struct #Param::CoreIndex(F-12004)
06-13 20:07:37.117 D/C2SoftHevcEnc( 376): Given level 6000 does not cover current configuration: adjusting to 6001
06-13 20:07:37.118 V/C2Store ( 376): in ~ComponentModule
06-13 20:07:37.118 V/C2Store ( 376): unloading dll
06-13 20:07:37.118 V/C2Store ( 376): in init
06-13 20:07:37.119 V/C2Store ( 376): loading dll
06-13 20:07:37.119 D/libcheckfile( 485): checkfile_init
06-13 20:07:37.120 D/ActivityTaskManager( 485): isHomeLauncher info= ActivityInfo{af7fb66 com.android.tv.settings.system.FallbackHome}
06-13 20:07:37.124 I/WebViewZygoteInit( 779): Application preload done
06-13 20:07:37.125 V/C2Store ( 376): in ~ComponentModule
06-13 20:07:37.125 V/C2Store ( 376): unloading dll
06-13 20:07:37.125 V/C2Store ( 376): in init
06-13 20:07:37.126 V/C2Store ( 376): loading dll
06-13 20:07:37.129 W/BestClock( 485): java.time.DateTimeException: Missing NTP fix
06-13 20:07:37.129 W/System.err( 485): java.io.IOException: Cannot run program "su": error=2, No such file or directory
06-13 20:07:37.133 W/BestClock( 485): java.time.DateTimeException: Missing NTP fix
06-13 20:07:37.134 V/C2Store ( 376): in ~ComponentModule
06-13 20:07:37.134 V/C2Store ( 376): unloading dll
06-13 20:07:37.134 V/C2Store ( 376): in init
06-13 20:07:37.134 V/C2Store ( 376): loading dll
06-13 20:07:37.135 W/System.err( 485): at java.lang.ProcessBuilder.start(ProcessBuilder.java:1050)
06-13 20:07:37.135 W/System.err( 485): at java.lang.Runtime.exec(Runtime.java:694)
06-13 20:07:37.135 W/System.err( 485): at java.lang.Runtime.exec(Runtime.java:524)
06-13 20:07:37.135 W/System.err( 485): at java.lang.Runtime.exec(Runtime.java:421)
06-13 20:07:37.135 W/System.err( 485): at com.android.server.wm.ActivityRecord.executeCMD(ActivityRecord.java:5940)
06-13 20:07:37.135 W/System.err( 485): at com.android.server.wm.ActivityRecord.isHomeLauncher(ActivityRecord.java:2431)
06-13 20:07:37.135 W/System.err( 485): at com.android.server.wm.RootWindowContainer.startPowerModeLaunchIfNeeded(RootWindowContainer.java:3653)
06-13 20:07:37.135 W/System.err( 485): at com.android.server.wm.ActivityStarter.startActivityInner(ActivityStarter.java:1786)
06-13 20:07:37.135 W/System.err( 485): at com.android.server.wm.ActivityStarter.startActivityUnchecked(ActivityStarter.java:1579)
06-13 20:07:37.135 W/System.err( 485): at com.android.server.wm.ActivityStarter.executeRequest(ActivityStarter.java:1186)
06-13 20:07:37.135 W/System.err( 485): at com.android.server.wm.ActivityStarter.execute(ActivityStarter.java:667)
06-13 20:07:37.135 W/System.err( 485): at com.android.server.wm.ActivityStartController.startHomeActivity(ActivityStartController.java:177)
06-13 20:07:37.135 W/System.err( 485): at com.android.server.wm.RootWindowContainer.startHomeOnTaskDisplayArea(RootWindowContainer.java:1565)
06-13 20:07:37.135 W/System.err( 485): at com.android.server.wm.RootWindowContainer.lambda$startHomeOnDisplay$12$RootWindowContainer(RootWindowContainer.java:1506)
06-13 20:07:37.135 W/System.err( 485): at com.android.server.wm.RootWindowContainer$$ExternalSyntheticLambda10.apply(Unknown Source:16)
06-13 20:07:37.135 W/System.err( 485): at com.android.server.wm.TaskDisplayArea.reduceOnAllTaskDisplayAreas(TaskDisplayArea.java:543)
06-13 20:07:37.135 W/System.err( 485): at com.android.server.wm.DisplayArea.reduceOnAllTaskDisplayAreas(DisplayArea.java:392)
06-13 20:07:37.135 W/System.err( 485): at com.android.server.wm.DisplayArea.reduceOnAllTaskDisplayAreas(DisplayArea.java:392)
06-13 20:07:37.135 W/System.err( 485): at com.android.server.wm.DisplayArea.reduceOnAllTaskDisplayAreas(DisplayArea.java:392)
06-13 20:07:37.135 W/System.err( 485): at com.android.server.wm.DisplayArea.reduceOnAllTaskDisplayAreas(DisplayArea.java:392)
06-13 20:07:37.135 W/System.err( 485): at com.android.server.wm.DisplayArea.reduceOnAllTaskDisplayAreas(DisplayArea.java:392)
06-13 20:07:37.135 W/System.err( 485): at com.android.server.wm.WindowContainer.reduceOnAllTaskDisplayAreas(WindowContainer.java:2018)
06-13 20:07:37.135 W/System.err( 485): at com.android.server.wm.RootWindowContainer.startHomeOnDisplay(RootWindowContainer.java:1505)
06-13 20:07:37.135 W/System.err( 485): at com.android.server.wm.RootWindowContainer.startHomeOnDisplay(RootWindowContainer.java:1492)
06-13 20:07:37.135 W/System.err( 485): at com.android.server.wm.RootWindowContainer.startHomeOnAllDisplays(RootWindowContainer.java:1477)
06-13 20:07:37.135 W/System.err( 485): at com.android.server.wm.ActivityTaskManagerService$LocalService.startHomeOnAllDisplays(ActivityTaskManagerService.java:5728)
06-13 20:07:37.135 W/System.err( 485): at com.android.server.am.ActivityManagerService.systemReady(ActivityManagerService.java:7748)
06-13 20:07:37.135 W/System.err( 485): at com.android.server.SystemServer.startOtherServices(SystemServer.java:2798)
06-13 20:07:37.135 W/System.err( 485): at com.android.server.SystemServer.run(SystemServer.java:928)
06-13 20:07:37.135 W/System.err( 485): at com.android.server.SystemServer.main(SystemServer.java:628)
06-13 20:07:37.136 W/System.err( 485): at java.lang.reflect.Method.invoke(Native Method)
06-13 20:07:37.136 W/System.err( 485): at com.android.internal.os.RuntimeInit$MethodAndArgsCaller.run(RuntimeInit.java:548)
06-13 20:07:37.136 W/System.err( 485): at com.android.internal.os.ZygoteInit.main(ZygoteInit.java:1160)
06-13 20:07:37.136 W/System.err( 485): Caused by: java.io.IOException: error=2, No such file or directory
06-13 20:07:37.136 W/System.err( 485): at java.lang.UNIXProcess.forkAndExec(Native Method)
06-13 20:07:37.136 W/System.err( 485): at java.lang.UNIXProcess.(UNIXProcess.java:133)
06-13 20:07:37.136 W/System.err( 485): at java.lang.ProcessImpl.start(ProcessImpl.java:141)
06-13 20:07:37.136 W/System.err( 485): at java.lang.ProcessBuilder.start(ProcessBuilder.java:1029)
06-13 20:07:37.136 W/System.err( 485): ... 32 more
06-13 20:07:37.137 I/AW_PowerHAL( 272): Power setMode: SUSTAINED_PERFORMANCE to: 1
06-13 20:07:37.138 W/AW_PowerHAL( 272): Could not open nsi-bw: No such file or directory
06-13 20:07:37.138 I/AW_PowerHAL( 272): cur-mode:PERFORMANCE
06-13 20:07:37.140 V/C2Store ( 376): in ~ComponentModule
06-13 20:07:37.140 V/C2Store ( 376): unloading dll
06-13 20:07:37.140 V/C2Store ( 376): in init
06-13 20:07:37.140 V/C2Store ( 376): loading dll
06-13 20:07:37.144 I/SystemServerTiming( 485): showSystemReadyErrorDialogs
06-13 20:07:37.145 I/system_server( 485): getFrameworkHalManifest: Reading VINTF information.
06-13 20:07:37.146 V/C2Store ( 376): in ~ComponentModule
06-13 20:07:37.147 V/C2Store ( 376): unloading dll
06-13 20:07:37.147 V/C2Store ( 376): in init
06-13 20:07:37.147 V/C2Store ( 376): loading dll
06-13 20:07:37.149 I/system_server( 485): getDeviceHalManifest: Reading VINTF information.
06-13 20:07:37.155 V/C2Store ( 376): in ~ComponentModule
06-13 20:07:37.155 V/C2Store ( 376): unloading dll
06-13 20:07:37.155 V/C2Store ( 376): in init
06-13 20:07:37.156 V/C2Store ( 376): loading dll
06-13 20:07:37.156 I/system_server( 485): getDeviceHalManifest: Successfully processed VINTF information
06-13 20:07:37.156 I/system_server( 485): getFrameworkHalManifest: Successfully processed VINTF information
06-13 20:07:37.156 I/system_server( 485): getFrameworkCompatibilityMatrix: Reading VINTF information.
06-13 20:07:37.160 W/BestClock( 485): java.time.DateTimeException: Missing NTP fix
06-13 20:07:37.160 V/C2Store ( 376): in ~ComponentModule
06-13 20:07:37.160 V/C2Store ( 376): unloading dll
06-13 20:07:37.160 V/C2Store ( 376): in init
06-13 20:07:37.160 V/C2Store ( 376): loading dll
06-13 20:07:37.163 W/BestClock( 485): java.time.DateTimeException: Missing NTP fix
06-13 20:07:37.160 I/xiriservice_All( 334): type=1400 audit(0.0:337): avc: denied { read } for scontext=u:r:init:s0 tcontext=u:r:init:s0 tclass=netlink_kobject_uevent_socket permissive=1
06-13 20:07:37.167 V/C2Store ( 376): in ~ComponentModule
06-13 20:07:37.167 V/C2Store ( 376): unloading dll
06-13 20:07:37.167 V/C2Store ( 376): in init
06-13 20:07:37.167 V/C2Store ( 376): loading dll
06-13 20:07:37.165 I/libphy ( 254): 5030000.eth: probed
06-13 20:07:37.166 E/ ( 254): get_key_map_info()187 - Failed to find "oe" in dts.
06-13 20:07:37.172 V/C2Store ( 376): in ~ComponentModule
06-13 20:07:37.172 V/C2Store ( 376): unloading dll
06-13 20:07:37.172 V/C2Store ( 376): in init
06-13 20:07:37.172 V/C2Store ( 376): loading dll
06-13 20:07:37.175 I/ ( 254): sunxi-gmac 5030000.eth eth0: eth0: Type(7) PHY ID 00441400 at 0 IRQ poll (5030000.eth-0:00)
06-13 20:07:37.180 V/C2Store ( 376): in ~ComponentModule
06-13 20:07:37.181 V/C2Store ( 376): unloading dll
06-13 20:07:37.181 V/C2Store ( 376): in init
06-13 20:07:37.181 V/C2Store ( 376): loading dll
06-13 20:07:37.186 W/BestClock( 485): java.time.DateTimeException: Missing NTP fix
06-13 20:07:37.189 I/C2SoftVp8Enc( 376): setting temporal layering 0 + 0
06-13 20:07:37.190 W/BestClock( 485): java.time.DateTimeException: Missing NTP fix
06-13 20:07:37.191 I/EthernetTracker( 485): interfaceLinkStateChanged, iface: eth0, up: false
06-13 20:07:37.192 W/PppoeNetworkFactory( 485): interfaceLinkStateChanged
06-13 20:07:37.192 D/PppoeNetworkFactory( 485): updateInterface: mIface: mPhyIface:eth0 iface:eth0 link:down
06-13 20:07:37.192 V/C2Store ( 376): in ~ComponentModule
06-13 20:07:37.192 V/C2Store ( 376): unloading dll
06-13 20:07:37.192 V/C2Store ( 376): in init
06-13 20:07:37.192 V/C2Store ( 376): loading dll
06-13 20:07:37.192 I/EthernetTracker( 485): interfaceLinkStateChanged, iface: eth0, up: false
06-13 20:07:37.192 W/PppoeNetworkFactory( 485): interfaceLinkStateChanged
06-13 20:07:37.193 D/PppoeNetworkFactory( 485): updateInterface: mIface: mPhyIface:eth0 iface:eth0 link:down
06-13 20:07:37.194 D/EthernetTracker( 485): Tracking interface in client mode: eth0
06-13 20:07:37.195 D/EthernetNetworkFactory( 485): addInterface, iface: eth0, capabilities: [ Transports: ETHERNET Capabilities: NOT_METERED&INTERNET&NOT_RESTRICTED&TRUSTED&NOT_VPN&NOT_ROAMING&NOT_CONGESTED&NOT_SUSPENDED&NOT_VCN_MANAGED LinkUpBandwidth>=100000Kbps LinkDnBandwidth>=100000Kbps]
06-13 20:07:37.195 D/EthernetNetworkFactory( 485): updateCapabilityFilter: [ Transports: ETHERNET Capabilities: NOT_METERED&INTERNET&NOT_RESTRICTED&TRUSTED&NOT_VPN&NOT_ROAMING&NOT_CONGESTED&NOT_SUSPENDED&NOT_VCN_MANAGED]
06-13 20:07:37.196 D/EthernetNetworkFactory( 485): updateInterfaceLinkState, iface: eth0, up: false
06-13 20:07:37.196 D/EthernetNetworkFactory( 485): updateInterfaceLinkState, iface: eth0, up: false
06-13 20:07:37.197 D/Ethernet( 485): got request NetworkRequest [ REQUEST id=17, [ Capabilities: INTERNET&NOT_RESTRICTED&TRUSTED&NOT_VCN_MANAGED Uid: 1000 RequestorUid: 1000 RequestorPkg: android] ]
06-13 20:07:37.197 D/EthernetNetworkFactory( 485): acceptRequest, request: NetworkRequest [ REQUEST id=17, [ Capabilities: INTERNET&NOT_RESTRICTED&TRUSTED&NOT_VCN_MANAGED Uid: 1000 RequestorUid: 1000 RequestorPkg: android] ]
06-13 20:07:37.198 I/EthernetNetworkFactory( 485): networkForRequest, request: NetworkRequest [ REQUEST id=17, [ Capabilities: INTERNET&NOT_RESTRICTED&TRUSTED&NOT_VCN_MANAGED Uid: 1000 RequestorUid: 1000 RequestorPkg: android] ], network: null
06-13 20:07:37.198 D/Ethernet( 485): got request NetworkRequest [ REQUEST id=4, [ Transports: ETHERNET Capabilities: INTERNET&NOT_RESTRICTED&TRUSTED&NOT_VPN&NOT_VCN_MANAGED RequestorUid: 1000 RequestorPkg: android] ]
06-13 20:07:37.198 D/EthernetNetworkFactory( 485): acceptRequest, request: NetworkRequest [ REQUEST id=4, [ Transports: ETHERNET Capabilities: INTERNET&NOT_RESTRICTED&TRUSTED&NOT_VPN&NOT_VCN_MANAGED RequestorUid: 1000 RequestorPkg: android] ]
06-13 20:07:37.198 I/EthernetNetworkFactory( 485): networkForRequest, request: NetworkRequest [ REQUEST id=4, [ Transports: ETHERNET Capabilities: INTERNET&NOT_RESTRICTED&TRUSTED&NOT_VPN&NOT_VCN_MANAGED RequestorUid: 1000 RequestorPkg: android] ], network: null
06-13 20:07:37.198 D/Ethernet( 485): got request NetworkRequest [ REQUEST id=1, [ Capabilities: INTERNET&NOT_RESTRICTED&TRUSTED&NOT_VPN&NOT_VCN_MANAGED RequestorUid: 1000 RequestorPkg: android] ]
06-13 20:07:37.198 D/EthernetNetworkFactory( 485): acceptRequest, request: NetworkRequest [ REQUEST id=1, [ Capabilities: INTERNET&NOT_RESTRICTED&TRUSTED&NOT_VPN&NOT_VCN_MANAGED RequestorUid: 1000 RequestorPkg: android] ]
06-13 20:07:37.198 I/EthernetNetworkFactory( 485): networkForRequest, request: NetworkRequest [ REQUEST id=1, [ Capabilities: INTERNET&NOT_RESTRICTED&TRUSTED&NOT_VPN&NOT_VCN_MANAGED RequestorUid: 1000 RequestorPkg: android] ], network: null
06-13 20:07:37.198 D/Ethernet( 485): got request NetworkRequest [ REQUEST id=10, [ Capabilities: INTERNET&NOT_RESTRICTED&TRUSTED&NOT_VCN_MANAGED Uid: 1000 RequestorUid: 1000 RequestorPkg: android] ]
06-13 20:07:37.198 D/EthernetNetworkFactory( 485): acceptRequest, request: NetworkRequest [ REQUEST id=10, [ Capabilities: INTERNET&NOT_RESTRICTED&TRUSTED&NOT_VCN_MANAGED Uid: 1000 RequestorUid: 1000 RequestorPkg: android] ]
06-13 20:07:37.199 I/EthernetNetworkFactory( 485): networkForRequest, request: NetworkRequest [ REQUEST id=10, [ Capabilities: INTERNET&NOT_RESTRICTED&TRUSTED&NOT_VCN_MANAGED Uid: 1000 RequestorUid: 1000 RequestorPkg: android] ], network: null
06-13 20:07:37.199 V/C2Store ( 376): in ~ComponentModule
06-13 20:07:37.199 V/C2Store ( 376): unloading dll
06-13 20:07:37.199 V/C2Store ( 376): in init
06-13 20:07:37.199 V/C2Store ( 376): loading dll
06-13 20:07:37.204 I/C2SoftVp9Enc( 376): setting temporal layering 0 + 0
06-13 20:07:37.205 V/C2Store ( 376): in ~ComponentModule
06-13 20:07:37.205 V/C2Store ( 376): unloading dll
06-13 20:07:37.207 D/MediaCodecsXmlParser( 360): parsing /apex/com.android.media.swcodec/etc/media_codecs.xml...
06-13 20:07:37.208 D/MediaCodecsXmlParser( 360): disabling c2.android.gsm.decoder
06-13 20:07:37.209 D/MediaCodecsXmlParser( 360): disabling c2.android.mpeg2.decoder
06-13 20:07:37.211 I/MediaCodecsXmlParser( 360): Did not find media_codecs_performance.xml in search path
06-13 20:07:37.211 I/MediaCodecsXmlParser( 360): Did not find media_codecs_c2.xml in search path
06-13 20:07:37.211 I/MediaCodecsXmlParser( 360): Did not find media_codecs_performance_c2.xml in search path
06-13 20:07:37.212 D/MediaCodecsXmlParser( 360): parsing /vendor/etc/media_codecs.xml...
06-13 20:07:37.212 D/MediaCodecsXmlParser( 360): parsing /vendor/etc/media_codecs_google_audio.xml...
06-13 20:07:37.212 D/MediaCodecsXmlParser( 360): unable to open media codecs configuration xml file: /vendor/etc/media_codecs_google_audio.xml
06-13 20:07:37.212 D/MediaCodecsXmlParser( 360): Setting: updating existing setting at line 97 of /vendor/etc/media_codecs.xml
06-13 20:07:37.214 D/MediaCodecsXmlParser( 360): parsing /vendor/etc/media_codecs_google_video.xml...
06-13 20:07:37.214 D/MediaCodecsXmlParser( 360): unable to open media codecs configuration xml file: /vendor/etc/media_codecs_google_video.xml
06-13 20:07:37.215 D/MediaCodecsXmlParser( 360): parsing /vendor/etc/media_codecs_performance.xml...
06-13 20:07:37.215 D/MediaCodecsXmlParser( 360): MediaCodec: cannot update non-existing codec: OMX.google.h264.encoder at line 25 of /vendor/etc/media_codecs_performance.xml
06-13 20:07:37.215 D/MediaCodecsXmlParser( 360): MediaCodec: cannot update non-existing codec: OMX.google.h263.encoder at line 31 of /vendor/etc/media_codecs_performance.xml
06-13 20:07:37.215 D/MediaCodecsXmlParser( 360): MediaCodec: cannot update non-existing codec: OMX.google.mpeg4.encoder at line 34 of /vendor/etc/media_codecs_performance.xml
06-13 20:07:37.215 D/MediaCodecsXmlParser( 360): MediaCodec: cannot update non-existing codec: OMX.google.vp8.encoder at line 37 of /vendor/etc/media_codecs_performance.xml
06-13 20:07:37.215 D/MediaCodecsXmlParser( 360): MediaCodec: cannot update non-existing codec: OMX.allwinner.video.decoder.h263 at line 59 of /vendor/etc/media_codecs_performance.xml
06-13 20:07:37.216 D/MediaCodecsXmlParser( 360): MediaCodec: cannot update non-existing codec: OMX.google.mpeg4.decoder at line 80 of /vendor/etc/media_codecs_performance.xml
06-13 20:07:37.216 D/MediaCodecsXmlParser( 360): MediaCodec: cannot update non-existing codec: OMX.google.h264.decoder at line 83 of /vendor/etc/media_codecs_performance.xml
06-13 20:07:37.216 D/MediaCodecsXmlParser( 360): MediaCodec: cannot update non-existing codec: OMX.google.h263.decoder at line 89 of /vendor/etc/media_codecs_performance.xml
06-13 20:07:37.216 D/MediaCodecsXmlParser( 360): MediaCodec: cannot update non-existing codec: OMX.google.hevc.decoder at line 93 of /vendor/etc/media_codecs_performance.xml
06-13 20:07:37.216 D/MediaCodecsXmlParser( 360): MediaCodec: cannot update non-existing codec: OMX.google.vp8.decoder at line 101 of /vendor/etc/media_codecs_performance.xml
06-13 20:07:37.216 D/MediaCodecsXmlParser( 360): MediaCodec: cannot update non-existing codec: OMX.google.vp9.decoder at line 107 of /vendor/etc/media_codecs_performance.xml
06-13 20:07:37.217 I/MediaCodecsXmlParser( 360): Did not find media_codecs_shaping.xml in search path
06-13 20:07:37.217 I/MediaCodecsXmlParser( 360): Did not find media_codecs_shaping.xml in search path
06-13 20:07:37.217 V/C2Store ( 376): in init
06-13 20:07:37.217 V/C2Store ( 376): loading dll
06-13 20:07:37.223 W/BestClock( 485): java.time.DateTimeException: Missing NTP fix
06-13 20:07:37.224 I/Codec2InfoBuilder( 360): adding type 'audio/mp4a-latm'
06-13 20:07:37.225 W/BestClock( 485): java.time.DateTimeException: Missing NTP fix
06-13 20:07:37.228 V/C2Store ( 376): in init
06-13 20:07:37.228 V/C2Store ( 376): loading dll
06-13 20:07:37.229 V/C2Store ( 376): in ~ComponentModule
06-13 20:07:37.229 V/C2Store ( 376): unloading dll
06-13 20:07:37.234 I/Codec2InfoBuilder( 360): adding type 'audio/mp4a-latm'
06-13 20:07:37.236 V/C2Store ( 376): in init
06-13 20:07:37.237 V/C2Store ( 376): loading dll
06-13 20:07:37.240 I/Codec2InfoBuilder( 360): adding type 'audio/3gpp'
06-13 20:07:37.240 V/C2Store ( 376): in ~ComponentModule
06-13 20:07:37.240 V/C2Store ( 376): unloading dll
06-13 20:07:37.240 V/C2Store ( 376): in init
06-13 20:07:37.240 V/C2Store ( 376): loading dll
06-13 20:07:37.240 V/C2Store ( 376): in ~ComponentModule
06-13 20:07:37.241 V/C2Store ( 376): unloading dll
06-13 20:07:37.243 I/Codec2InfoBuilder( 360): adding type 'audio/3gpp'
06-13 20:07:37.244 V/C2Store ( 376): in init
06-13 20:07:37.244 V/C2Store ( 376): loading dll
06-13 20:07:37.244 V/C2Store ( 376): in ~ComponentModule
06-13 20:07:37.244 V/C2Store ( 376): unloading dll
06-13 20:07:37.247 I/Codec2InfoBuilder( 360): adding type 'audio/amr-wb'
06-13 20:07:37.248 V/C2Store ( 376): in ~ComponentModule
06-13 20:07:37.248 V/C2Store ( 376): unloading dll
06-13 20:07:37.248 V/C2Store ( 376): in init
06-13 20:07:37.248 V/C2Store ( 376): loading dll
06-13 20:07:37.252 I/Codec2InfoBuilder( 360): adding type 'audio/amr-wb'
06-13 20:07:37.252 V/C2Store ( 376): in init
06-13 20:07:37.252 V/C2Store ( 376): loading dll
06-13 20:07:37.252 V/C2Store ( 376): in ~ComponentModule
06-13 20:07:37.252 V/C2Store ( 376): unloading dll
