06-13 20:07:37.258 D/Codec2InfoBuilder( 360): component 'c2.android.av1.decoder' not found in xml
06-13 20:07:37.258 V/C2Store ( 376): in init
06-13 20:07:37.258 V/C2Store ( 376): loading dll
06-13 20:07:37.260 W/BestClock( 485): java.time.DateTimeException: Missing NTP fix
06-13 20:07:37.261 I/system_server( 485): getFrameworkCompatibilityMatrix: Successfully processed VINTF information
06-13 20:07:37.261 I/system_server( 485): getDeviceCompatibilityMatrix: Reading VINTF information.
06-13 20:07:37.262 W/BestClock( 485): java.time.DateTimeException: Missing NTP fix
06-13 20:07:37.262 I/system_server( 485): getDeviceCompatibilityMatrix: Successfully processed VINTF information
06-13 20:07:37.264 I/Codec2InfoBuilder( 360): adding type 'video/avc'
06-13 20:07:37.264 V/C2Store ( 376): in ~ComponentModule
06-13 20:07:37.264 V/C2Store ( 376): unloading dll
06-13 20:07:37.268 V/C2Store ( 376): in init
06-13 20:07:37.269 V/C2Store ( 376): loading dll
06-13 20:07:37.269 V/C2Store ( 376): in ~ComponentModule
06-13 20:07:37.269 V/C2Store ( 376): unloading dll
06-13 20:07:37.270 I/mediaswcodec( 376): missing struct descriptor #Param::CoreIndex(--004) for field values of struct #Param::CoreIndex(F-12004)
06-13 20:07:37.270 I/mediaswcodec( 376): missing struct descriptor #Param::CoreIndex(--1812) for field values of struct #Param::CoreIndex(F-11812)
06-13 20:07:37.273 I/mediaswcodec( 376): missing struct descriptor #Param::CoreIndex(--004) for field values of struct #Param::CoreIndex(F-12004)
06-13 20:07:37.273 I/mediaswcodec( 376): missing struct descriptor #Param::CoreIndex(--1812) for field values of struct #Param::CoreIndex(F-11812)
06-13 20:07:37.274 I/SystemServerTiming( 485): sendUserStartBroadcast
06-13 20:07:37.274 I/SystemServerTiming( 485): resumeTopActivities
06-13 20:07:37.275 I/Codec2InfoBuilder( 360): adding type 'video/avc'
06-13 20:07:37.276 I/SystemServerTiming( 485): sendUserSwitchBroadcasts
06-13 20:07:37.276 I/SystemServerTiming( 485): setBinderProxies
06-13 20:07:37.276 I/SystemServerTiming( 485): StartSystemUI
06-13 20:07:37.277 W/ActivityManager( 485): No pending application record for pid 756 (IApplicationThread android.app.IApplicationThread$Stub$Proxy@6322bb); dropping process
06-13 20:07:37.278 I/ActivityManager( 485): Process WebViewLoader-armeabi-v7a (pid 720) has died: psvc PER
06-13 20:07:37.278 I/libprocessgroup( 485): Successfully killed process cgroup uid 1037 pid 720 in 0ms
06-13 20:07:37.284 W/ActivityManager( 485): Slow operation: 319ms so far, now at startProcess: done updating battery stats
06-13 20:07:37.285 W/ActivityManager( 485): Slow operation: 320ms so far, now at startProcess: building log message
06-13 20:07:37.285 I/ActivityManager( 485): app.processName = com.android.networkstack.process
06-13 20:07:37.285 I/ActivityManager( 485): Start proc 789:com.android.networkstack.process/1073 for added application com.android.networkstack.process
06-13 20:07:37.285 W/ActivityManager( 485): Slow operation: 320ms so far, now at startProcess: starting to update pids map
06-13 20:07:37.285 W/ActivityManager( 485): Slow operation: 320ms so far, now at startProcess: done updating pids map
06-13 20:07:37.285 W/ActivityManager( 485): Slow operation: 310ms so far, now at startProcess: asking zygote to start proc
06-13 20:07:37.286 W/KernelCpuProcStringReader( 485): File not found. It's normal if not implemented: /proc/uid_time_in_state
06-13 20:07:37.286 W/KernelCpuProcStringReader( 485): File not found. It's normal if not implemented: /proc/uid_concurrent_active_time
06-13 20:07:37.286 W/KernelCpuProcStringReader( 485): File not found. It's normal if not implemented: /proc/uid_concurrent_policy_time
06-13 20:07:37.287 E/KernelCpuSpeedReader( 485): Failed to read cpu-freq: /sys/devices/system/cpu/cpu0/cpufreq/stats/time_in_state: open failed: ENOENT (No such file or directory)
06-13 20:07:37.287 E/system_server( 485): Cannot read thread CPU times for PID 485
06-13 20:07:37.288 D/CompatibilityChangeReporter( 485): Compat change id reported: 168419799; UID 1073; state: DISABLED
06-13 20:07:37.298 W/BestClock( 485): java.time.DateTimeException: Missing NTP fix
06-13 20:07:37.301 W/BestClock( 485): java.time.DateTimeException: Missing NTP fix
06-13 20:07:37.303 D/CompatibilityChangeReporter( 485): Compat change id reported: 168419799; UID 1073; state: DISABLED
06-13 20:07:37.296 I/rainbow_flow( 332): type=1400 audit(0.0:338): avc: denied { ioctl } for path="/dev/spidev1.0" dev="tmpfs" ino=249 ioctlcmd=0x6b00 scontext=u:r:init:s0 tcontext=u:object_r:device:s0 tclass=chr_file permissive=1
06-13 20:07:37.305 I/ActivityManager( 485): com.android.tv.settings is exempt from freezer
06-13 20:07:37.306 D/CompatibilityChangeReporter( 485): Compat change id reported: 135634846; UID 1000; state: DISABLED
06-13 20:07:37.309 D/Zygote ( 255): Forked child process 813
06-13 20:07:37.312 D/ConnectivityService( 485): Got NetworkProvider Messenger for VpnNetworkProvider:0
06-13 20:07:37.314 W/ActivityManager( 485): Slow operation: 339ms so far, now at startProcess: returned from zygote!
06-13 20:07:37.317 W/ActivityManager( 485): Slow operation: 342ms so far, now at startProcess: done updating battery stats
06-13 20:07:37.317 W/ActivityManager( 485): Slow operation: 342ms so far, now at startProcess: building log message
06-13 20:07:37.317 I/ActivityManager( 485): app.processName = com.android.se
06-13 20:07:37.317 I/ActivityManager( 485): Start proc 813:com.android.se/1068 for added application com.android.se
06-13 20:07:37.317 W/ActivityManager( 485): Slow operation: 342ms so far, now at startProcess: starting to update pids map
06-13 20:07:37.317 W/ActivityManager( 485): Slow operation: 342ms so far, now at startProcess: done updating pids map
06-13 20:07:37.318 I/Zygote ( 813): seccomp disabled by setenforce 0
06-13 20:07:37.324 D/CompatibilityChangeReporter( 789): Compat change id reported: 171979766; UID 1073; state: ENABLED
06-13 20:07:37.325 W/BestClock( 485): java.time.DateTimeException: Missing NTP fix
06-13 20:07:37.328 I/InputManager( 485): Enabling motion classifier because user switched: feature enabled, long press timeout = 400
06-13 20:07:37.328 I/InputClassifier( 485): Enabling motion classifier
06-13 20:07:37.331 W/BestClock( 485): java.time.DateTimeException: Missing NTP fix
06-13 20:07:37.333 W/BestClock( 485): java.time.DateTimeException: Missing NTP fix
06-13 20:07:37.334 W/BestClock( 485): java.time.DateTimeException: Missing NTP fix
06-13 20:07:37.335 I/hwservicemanager( 193): getTransport: Cannot find entry android.hardware.input.classifier@1.0::IInputClassifier/default in either framework or device VINTF manifest.
06-13 20:07:37.335 D/Zygote ( 255): Forked child process 819
06-13 20:07:37.335 W/BestClock( 485): java.time.DateTimeException: Missing NTP fix
06-13 20:07:37.336 I/InputClassifier( 485): Could not obtain InputClassifier HAL
06-13 20:07:37.337 W/BestClock( 485): java.time.DateTimeException: Missing NTP fix
06-13 20:07:37.338 I/ActivityManager( 485): app.processName = com.android.tv.settings
06-13 20:07:37.338 I/ActivityManager( 485): Start proc 819:com.android.tv.settings/1000 for top-activity {com.android.tv.settings/com.android.tv.settings.system.FallbackHome}
06-13 20:07:37.339 W/BestClock( 485): java.time.DateTimeException: Missing NTP fix
06-13 20:07:37.343 I/adbd ( 389): jdwp connection from 813
06-13 20:07:37.346 I/Zygote ( 819): seccomp disabled by setenforce 0
06-13 20:07:37.347 W/BestClock( 485): java.time.DateTimeException: Missing NTP fix
06-13 20:07:37.349 D/AdapterState( 671): make() - Creating AdapterState
06-13 20:07:37.349 W/BestClock( 485): java.time.DateTimeException: Missing NTP fix
06-13 20:07:37.352 W/BestClock( 485): java.time.DateTimeException: Missing NTP fix
06-13 20:07:37.352 W/BestClock( 485): java.time.DateTimeException: Missing NTP fix
06-13 20:07:37.353 W/BestClock( 485): java.time.DateTimeException: Missing NTP fix
06-13 20:07:37.354 W/BestClock( 485): java.time.DateTimeException: Missing NTP fix
06-13 20:07:37.352 I/ndroid.systemui( 684): type=1400 audit(0.0:339): avc: denied { search } for name="com.android.systemui" dev="mmcblk0p25" ino=484 scontext=u:r:platform_app:s0:c512,c768 tcontext=u:object_r:app_data_file:s0:c512,c768 tclass=dir permissive=1 app=com.softwinner.screenshot
06-13 20:07:37.363 D/CompatibilityChangeReporter( 485): Compat change id reported: 168419799; UID 1068; state: DISABLED
06-13 20:07:37.364 V/C2Store ( 376): in init
06-13 20:07:37.364 V/C2Store ( 376): loading dll
06-13 20:07:37.365 V/C2Store ( 376): in ~ComponentModule
06-13 20:07:37.365 V/C2Store ( 376): unloading dll
06-13 20:07:37.365 I/AdapterState( 671): OFF : entered
06-13 20:07:37.366 D/AdapterProperties( 671): Setting state to OFF
06-13 20:07:37.368 D/CompatibilityChangeReporter( 485): Compat change id reported: 181136395; UID 1000; state: DISABLED
06-13 20:07:37.369 W/BestClock( 485): java.time.DateTimeException: Missing NTP fix
06-13 20:07:37.371 I/Codec2InfoBuilder( 360): adding type 'audio/flac'
06-13 20:07:37.372 D/CompatibilityChangeReporter( 485): Compat change id reported: 174042936; UID 1000; state: DISABLED
06-13 20:07:37.372 D/CountryDetector( 485): Using custom country detector class: com.android.server.location.ComprehensiveCountryDetector
06-13 20:07:37.372 E/CountryDetector( 485): Could not instantiate the custom country detector class
06-13 20:07:37.372 D/CountryDetector( 485): Using default country detector
06-13 20:07:37.373 V/C2Store ( 376): in init
06-13 20:07:37.373 V/C2Store ( 376): loading dll
06-13 20:07:37.373 V/C2Store ( 376): in ~ComponentModule
06-13 20:07:37.373 V/C2Store ( 376): unloading dll
06-13 20:07:37.373 I/binder ( 127): undelivered TRANSACTION_COMPLETE
06-13 20:07:37.373 I/binder ( 127): undelivered transaction 10568, process died.
06-13 20:07:37.377 I/Zygote ( 255): Process 756 exited due to signal 9 (Killed)
06-13 20:07:37.380 W/BestClock( 485): java.time.DateTimeException: Missing NTP fix
06-13 20:07:37.385 W/BestClock( 485): java.time.DateTimeException: Missing NTP fix
06-13 20:07:37.386 W/hdr10p_Configure( 421): 98 callbacks suppressed
06-13 20:07:37.386 I/ ( 421): DVI mode selected: packets not configured
06-13 20:07:37.386 W/set_vsif_config( 421): 98 callbacks suppressed
06-13 20:07:37.386 I/ ( 421): Error: set vsif failed
06-13 20:07:37.386 I/Codec2InfoBuilder( 360): adding type 'audio/flac'
06-13 20:07:37.387 V/C2Store ( 376): in init
06-13 20:07:37.387 V/C2Store ( 376): loading dll
06-13 20:07:37.387 V/C2Store ( 376): in ~ComponentModule
06-13 20:07:37.387 V/C2Store ( 376): unloading dll
06-13 20:07:37.388 W/BestClock( 485): java.time.DateTimeException: Missing NTP fix
06-13 20:07:37.389 I/adbd ( 389): jdwp connection from 819
06-13 20:07:37.390 W/BestClock( 485): java.time.DateTimeException: Missing NTP fix
06-13 20:07:37.391 W/BestClock( 485): java.time.DateTimeException: Missing NTP fix
06-13 20:07:37.393 D/BluetoothKeystoreService( 671): new BluetoothKeystoreService isCommonCriteriaMode: false
06-13 20:07:37.393 W/BestClock( 485): java.time.DateTimeException: Missing NTP fix
06-13 20:07:37.393 I/Codec2InfoBuilder( 360): adding type 'audio/g711-alaw'
06-13 20:07:37.394 V/C2Store ( 376): in init
06-13 20:07:37.395 V/C2Store ( 376): loading dll
06-13 20:07:37.395 V/C2Store ( 376): in ~ComponentModule
06-13 20:07:37.395 V/C2Store ( 376): unloading dll
06-13 20:07:37.395 D/JNIMultiir( 485): Multiir JNI_OnLoad()
06-13 20:07:37.395 D/JNIMultiir( 485): init
06-13 20:07:37.395 D/CompatibilityChangeReporter( 813): Compat change id reported: 171979766; UID 1068; state: ENABLED
06-13 20:07:37.400 D/SystemServer( 485): VMRuntime.setVerifierEnabled(true)
06-13 20:07:37.401 D/BluetoothKeystoreService( 671): start
06-13 20:07:37.401 W/BestClock( 485): java.time.DateTimeException: Missing NTP fix
06-13 20:07:37.401 I/Codec2InfoBuilder( 360): adding type 'audio/g711-mlaw'
06-13 20:07:37.403 W/BestClock( 485): java.time.DateTimeException: Missing NTP fix
06-13 20:07:37.404 V/C2Store ( 376): in init
06-13 20:07:37.404 V/C2Store ( 376): loading dll
06-13 20:07:37.404 V/C2Store ( 376): in ~ComponentModule
06-13 20:07:37.404 V/C2Store ( 376): unloading dll
06-13 20:07:37.405 W/Looper ( 485): Slow delivery took 4434ms main h=android.app.PropertyInvalidatedCache$AutoCorker$1 c=null m=0
06-13 20:07:37.406 W/BestClock( 485): java.time.DateTimeException: Missing NTP fix
06-13 20:07:37.406 I/droid.bluetoot( 671): [0613/200737.402330:INFO:com_android_bluetooth_btservice_BluetoothKeystore.cpp(97)] classInitNative: succeeds
06-13 20:07:37.406 D/BluetoothKeystoreService( 671): setBluetoothKeystoreService(): set to: com.android.bluetooth.btservice.bluetoothkeystore.BluetoothKeystoreService@54e48d4
06-13 20:07:37.407 W/BestClock( 485): java.time.DateTimeException: Missing NTP fix
06-13 20:07:37.408 D/Codec2InfoBuilder( 360): codec entry for 'c2.android.gsm.decoder' is disabled
06-13 20:07:37.411 V/C2Store ( 376): in init
06-13 20:07:37.411 V/C2Store ( 376): loading dll
06-13 20:07:37.412 D/ConditionProviders.SCP( 485): onConnected
06-13 20:07:37.415 V/C2Store ( 376): in ~ComponentModule
06-13 20:07:37.416 V/C2Store ( 376): unloading dll
06-13 20:07:37.416 D/ConditionProviders( 485): Subscribing to condition://android/event?userId=-10000&calendar=&reply=1 with ComponentInfo{android/com.android.server.notification.EventConditionProvider}
06-13 20:07:37.417 D/ConditionProviders( 485): Subscribing to condition://android/schedule?days=1.2.3.4.5.6.7&start=22.0&end=7.0&exitAtAlarm=true with ComponentInfo{android/com.android.server.notification.ScheduleConditionProvider}
06-13 20:07:37.421 W/BestClock( 485): java.time.DateTimeException: Missing NTP fix
06-13 20:07:37.422 I/Codec2InfoBuilder( 360): adding type 'video/3gpp'
06-13 20:07:37.426 W/BestClock( 485): java.time.DateTimeException: Missing NTP fix
06-13 20:07:37.426 D/hdmi-cec( 273): reset logical address to broadcast
06-13 20:07:37.427 W/BestClock( 485): java.time.DateTimeException: Missing NTP fix
06-13 20:07:37.430 D/BluetoothKeystoreService( 671): loadConfigData
06-13 20:07:37.435 I/ ( 421): DVI mode selected: packets not configured
06-13 20:07:37.435 I/ ( 421): Error: set vsif failed
06-13 20:07:37.435 V/C2Store ( 376): in init
06-13 20:07:37.435 V/C2Store ( 376): loading dll
06-13 20:07:37.435 V/C2Store ( 376): in ~ComponentModule
06-13 20:07:37.435 V/C2Store ( 376): unloading dll
06-13 20:07:37.441 V/GraphicsEnvironment( 789): ANGLE Developer option for 'com.android.networkstack' set to: 'default'
06-13 20:07:37.441 V/GraphicsEnvironment( 789): Neither updatable production driver nor prerelease driver is supported.
06-13 20:07:37.442 I/Codec2InfoBuilder( 360): adding type 'video/3gpp'
06-13 20:07:37.443 D/NetworkSecurityConfig( 789): No Network Security Config specified, using platform default
06-13 20:07:37.443 D/NetworkSecurityConfig( 789): No Network Security Config specified, using platform default
06-13 20:07:37.445 V/C2Store ( 376): in ~ComponentModule
06-13 20:07:37.445 V/C2Store ( 376): unloading dll
06-13 20:07:37.445 V/C2Store ( 376): in init
06-13 20:07:37.445 V/C2Store ( 376): loading dll
06-13 20:07:37.450 D/CompatibilityChangeReporter( 819): Compat change id reported: 171979766; UID 1000; state: ENABLED
06-13 20:07:37.453 I/Codec2InfoBuilder( 360): adding type 'video/hevc'
06-13 20:07:37.456 V/C2Store ( 376): in init
06-13 20:07:37.456 V/C2Store ( 376): loading dll
06-13 20:07:37.457 V/C2Store ( 376): in ~ComponentModule
06-13 20:07:37.457 V/C2Store ( 376): unloading dll
06-13 20:07:37.458 I/mediaswcodec( 376): missing struct descriptor #Param::CoreIndex(--004) for field values of struct #Param::CoreIndex(F-12004)
06-13 20:07:37.459 D/C2SoftHevcEnc( 376): Given level 6000 does not cover current configuration: adjusting to 6001
06-13 20:07:37.461 I/mediaswcodec( 376): missing struct descriptor #Param::CoreIndex(--004) for field values of struct #Param::CoreIndex(F-12004)
06-13 20:07:37.463 D/C2SoftHevcEnc( 376): Given level 6000 does not cover current configuration: adjusting to 6001
06-13 20:07:37.468 I/ ( 421): DVI mode selected: packets not configured
06-13 20:07:37.468 I/ ( 421): Error: set vsif failed
06-13 20:07:37.471 D/Codec2InfoBuilder( 360): codec entry for 'c2.android.hevc.encoder' is disabled
06-13 20:07:37.471 V/C2Store ( 376): in init
06-13 20:07:37.471 V/C2Store ( 376): loading dll
06-13 20:07:37.472 V/C2Store ( 376): in ~ComponentModule
06-13 20:07:37.472 V/C2Store ( 376): unloading dll
06-13 20:07:37.474 I/droid.bluetoot( 671): [0613/200737.474810:INFO:com_android_bluetooth_btservice_ActivityAttribution.cpp(96)] classInitNative: succeeds
06-13 20:07:37.475 D/BluetoothKeystoreService( 671): getCompareResult: 0
06-13 20:07:37.475 D/CompatibilityChangeReporter( 485): Compat change id reported: 135634846; UID 10075; state: DISABLED
06-13 20:07:37.476 D/CompatibilityChangeReporter( 485): Compat change id reported: 143937733; UID 10075; state: ENABLED
06-13 20:07:37.478 I/Codec2InfoBuilder( 360): adding type 'audio/mpeg'
06-13 20:07:37.479 V/C2Store ( 376): in ~ComponentModule
06-13 20:07:37.479 V/C2Store ( 376): unloading dll
06-13 20:07:37.480 V/C2Store ( 376): in init
06-13 20:07:37.480 V/C2Store ( 376): loading dll
06-13 20:07:37.480 I/rainbow_flow( 332): type=1400 audit(0.0:340): avc: denied { ioctl } for path="/dev/spidev1.0" dev="tmpfs" ino=249 ioctlcmd=0x6b00 scontext=u:r:init:s0 tcontext=u:object_r:device:s0 tclass=chr_file permissive=1
06-13 20:07:37.488 D/Codec2InfoBuilder( 360): codec entry for 'c2.android.mpeg2.decoder' is disabled
06-13 20:07:37.488 V/C2Store ( 376): in init
06-13 20:07:37.488 V/C2Store ( 376): loading dll
06-13 20:07:37.492 D/Zygote ( 255): Forked child process 853
06-13 20:07:37.497 I/Codec2InfoBuilder( 360): adding type 'video/mp4v-es'
06-13 20:07:37.501 V/C2Store ( 376): in ~ComponentModule
06-13 20:07:37.501 V/C2Store ( 376): unloading dll
06-13 20:07:37.501 V/C2Store ( 376): in init
06-13 20:07:37.501 V/C2Store ( 376): in ~ComponentModule
06-13 20:07:37.501 V/C2Store ( 376): unloading dll
06-13 20:07:37.502 I/ ( 421): DVI mode selected: packets not configured
06-13 20:07:37.502 I/ ( 421): Error: set vsif failed
06-13 20:07:37.502 V/C2Store ( 376): loading dll
06-13 20:07:37.505 V/GraphicsEnvironment( 813): ANGLE Developer option for 'com.android.se' set to: 'default'
06-13 20:07:37.505 V/GraphicsEnvironment( 813): Neither updatable production driver nor prerelease driver is supported.
06-13 20:07:37.509 I/Zygote ( 853): seccomp disabled by setenforce 0
06-13 20:07:37.511 I/Codec2InfoBuilder( 360): adding type 'video/mp4v-es'
06-13 20:07:37.514 V/C2Store ( 376): in ~ComponentModule
06-13 20:07:37.514 V/C2Store ( 376): unloading dll
06-13 20:07:37.518 V/C2Store ( 376): in init
06-13 20:07:37.518 V/C2Store ( 376): loading dll
06-13 20:07:37.519 I/ActivityManager( 485): app.processName = android.ext.services
06-13 20:07:37.519 I/ActivityManager( 485): Start proc 853:android.ext.services/u0a75 for service {android.ext.services/android.ext.services.autofill.InlineSuggestionRenderServiceImpl}
06-13 20:07:37.522 D/NetworkSecurityConfig( 813): No Network Security Config specified, using platform default
06-13 20:07:37.523 D/NetworkSecurityConfig( 813): No Network Security Config specified, using platform default
06-13 20:07:37.523 I/bt_btif ( 671): system/bt/btif/src/bluetooth.cc:162 init: init: start restricted = 0 ; common criteria mode = 0, config compare result = 0
06-13 20:07:37.525 D/PermissionCache( 288): checking android.permission.ACCESS_SURFACE_FLINGER for uid=10065 => granted (1526 us)
06-13 20:07:37.529 I/bt ( 671): bt_common::init_flags: Flags loaded: gd_core=false gd_advertising=false gd_scanning=false gd_security=false gd_acl=false gd_l2cap=false gd_hci=false gd_controller=false gatt_robust_caching=false btaa_hci=false gd_rust=false gd_link_policy=false
06-13 20:07:37.528 I/EventThread( 273): type=1400 audit(0.0:341): avc: denied { search } for name="extcon" dev="sysfs" ino=18109 scontext=u:r:hal_tv_cec_default:s0 tcontext=u:object_r:sysfs_extcon:s0 tclass=dir permissive=1
06-13 20:07:37.533 I/droid.bluetoot( 671): [0613/200737.533658:INFO:message_loop_thread.cc(224)] Run: message loop starting for thread bt_stack_manager_thread
06-13 20:07:37.535 I/ ( 421): DVI mode selected: packets not configured
06-13 20:07:37.535 I/ ( 421): Error: set vsif failed
06-13 20:07:37.535 I/bt_stack_manager( 671): system/bt/btif/src/stack_manager.cc:200 event_init_stack: is initializing the stack
06-13 20:07:37.537 I/Codec2InfoBuilder( 360): adding type 'audio/opus'
06-13 20:07:37.538 V/C2Store ( 376): in init
06-13 20:07:37.538 V/C2Store ( 376): loading dll
06-13 20:07:37.539 I/adbd ( 389): jdwp connection from 853
06-13 20:07:37.545 I/Codec2InfoBuilder( 360): adding type 'audio/opus'
06-13 20:07:37.546 V/C2Store ( 376): in init
06-13 20:07:37.546 V/C2Store ( 376): loading dll
06-13 20:07:37.552 V/C2Store ( 376): in ~ComponentModule
06-13 20:07:37.552 V/C2Store ( 376): unloading dll
06-13 20:07:37.552 I/ ( 421): DVI mode selected: packets not configured
06-13 20:07:37.552 I/ ( 421): Error: set vsif failed
06-13 20:07:37.554 V/C2Store ( 376): in ~ComponentModule
06-13 20:07:37.554 V/C2Store ( 376): unloading dll
06-13 20:07:37.557 V/GraphicsEnvironment( 819): ANGLE Developer option for 'com.android.tv.settings' set to: 'default'
06-13 20:07:37.558 V/GraphicsEnvironment( 819): Neither updatable production driver nor prerelease driver is supported.
06-13 20:07:37.560 D/NetworkSecurityConfig( 819): No Network Security Config specified, using platform default
06-13 20:07:37.560 D/NetworkSecurityConfig( 819): No Network Security Config specified, using platform default
06-13 20:07:37.563 D/CompatibilityChangeReporter( 485): Compat change id reported: 150939131; UID 1000; state: ENABLED
06-13 20:07:37.565 D/AdbService( 485): setAdbEnabled(true), mIsAdbUsbEnabled=true, mIsAdbWifiEnabled=true, transportType=1
06-13 20:07:37.567 D/CompatibilityChangeReporter( 485): Compat change id reported: 168419799; UID 10075; state: DISABLED
06-13 20:07:37.567 I/SecureElementService( 813): main onCreate
06-13 20:07:37.569 I/ ( 421): DVI mode selected: packets not configured
06-13 20:07:37.569 I/ ( 421): Error: set vsif failed
06-13 20:07:37.573 I/Codec2InfoBuilder( 360): adding type 'audio/raw'
06-13 20:07:37.573 V/C2Store ( 376): in init
06-13 20:07:37.573 V/C2Store ( 376): loading dll
06-13 20:07:37.579 I/Codec2InfoBuilder( 360): adding type 'audio/vorbis'
06-13 20:07:37.579 V/C2Store ( 376): in init
06-13 20:07:37.579 V/C2Store ( 376): loading dll
06-13 20:07:37.585 I/ ( 421): DVI mode selected: packets not configured
06-13 20:07:37.585 I/ ( 421): Error: set vsif failed
06-13 20:07:37.586 I/SecureElementService( 813): Check if terminal eSE1 is available.
06-13 20:07:37.588 D/CompatibilityChangeReporter( 853): Compat change id reported: 171979766; UID 10075; state: DISABLED
06-13 20:07:37.588 I/hwservicemanager( 193): getTransport: Cannot find entry android.hardware.secure_element@1.2::ISecureElement/eSE1 in either framework or device VINTF manifest.
06-13 20:07:37.592 V/C2Store ( 376): in ~ComponentModule
06-13 20:07:37.592 V/C2Store ( 376): unloading dll
06-13 20:07:37.593 V/C2Store ( 376): in ~ComponentModule
06-13 20:07:37.593 V/C2Store ( 376): unloading dll
06-13 20:07:37.594 I/PackageWatchdog( 485): Syncing health check requests for packages: {}
06-13 20:07:37.594 I/ExplicitHealthCheckController( 485): Service not ready to get health check supported packages. Binding...
06-13 20:07:37.595 I/bt_osi_thread( 671): system/bt/osi/src/thread.cc:209 run_thread: run_thread: thread id 874, thread name alarm_default_ca started
06-13 20:07:37.596 I/Codec2InfoBuilder( 360): adding type 'video/x-vnd.on2.vp8'
06-13 20:07:37.597 V/C2Store ( 376): in init
06-13 20:07:37.598 V/C2Store ( 376): loading dll
06-13 20:07:37.600 I/C2SoftVp8Enc( 376): setting temporal layering 0 + 0
06-13 20:07:37.601 D/ConnectivityService( 485): requestNetwork for uid/pid:1073/789 activeRequest: null callbackRequest: 18 [NetworkRequest [ REQUEST id=19, [ Capabilities: INTERNET&NOT_RESTRICTED&TRUSTED&NOT_VCN_MANAGED Uid: 1073 RequestorUid: 1073 RequestorPkg: com.android.networkstack] ]] callback flags: 0 priority: 2147483647
06-13 20:07:37.602 D/ConnectivityService( 485): NetReassign [no changes]
06-13 20:07:37.603 D/PPPOE ( 485): got request NetworkRequest [ REQUEST id=19, [ Capabilities: INTERNET&NOT_RESTRICTED&TRUSTED&NOT_VCN_MANAGED Uid: 1073 RequestorUid: 1073 RequestorPkg: com.android.networkstack] ]
06-13 20:07:37.603 I/C2SoftVp8Enc( 376): setting temporal layering 0 + 0
06-13 20:07:37.603 D/Ethernet( 485): got request NetworkRequest [ REQUEST id=19, [ Capabilities: INTERNET&NOT_RESTRICTED&TRUSTED&NOT_VCN_MANAGED Uid: 1073 RequestorUid: 1073 RequestorPkg: com.android.networkstack] ]
06-13 20:07:37.604 D/EthernetNetworkFactory( 485): acceptRequest, request: NetworkRequest [ REQUEST id=19, [ Capabilities: INTERNET&NOT_RESTRICTED&TRUSTED&NOT_VCN_MANAGED Uid: 1073 RequestorUid: 1073 RequestorPkg: com.android.networkstack] ]
06-13 20:07:37.604 I/EthernetNetworkFactory( 485): networkForRequest, request: NetworkRequest [ REQUEST id=19, [ Capabilities: INTERNET&NOT_RESTRICTED&TRUSTED&NOT_VCN_MANAGED Uid: 1073 RequestorUid: 1073 RequestorPkg: com.android.networkstack] ], network: null
06-13 20:07:37.605 I/ExplicitHealthCheckController( 485): Explicit health check service is bound
06-13 20:07:37.605 D/SecureElement-Terminal-eSE1( 813): SE Hal V1.2 is not supported
06-13 20:07:37.606 I/hwservicemanager( 193): getTransport: Cannot find entry android.hardware.secure_element@1.1::ISecureElement/eSE1 in either framework or device VINTF manifest.
06-13 20:07:37.607 D/SecureElement-Terminal-eSE1( 813): SE Hal V1.1 is not supported
06-13 20:07:37.608 I/hwservicemanager( 193): getTransport: Cannot find entry android.hardware.secure_element@1.0::ISecureElement/eSE1 in either framework or device VINTF manifest.
06-13 20:07:37.609 V/C2Store ( 376): in ~ComponentModule
06-13 20:07:37.609 V/C2Store ( 376): unloading dll
06-13 20:07:37.609 I/SecureElementService( 813): No HAL implementation for eSE1
06-13 20:07:37.610 I/SecureElementService( 813): Check if terminal SIM1 is available.
06-13 20:07:37.610 D/ConnectivityService( 485): NetReassign [no changes]
06-13 20:07:37.610 I/hwservicemanager( 193): getTransport: Cannot find entry android.hardware.secure_element@1.2::ISecureElement/SIM1 in either framework or device VINTF manifest.
06-13 20:07:37.611 D/CompatibilityChangeReporter( 684): Compat change id reported: 160794467; UID 10065; state: ENABLED
06-13 20:07:37.612 D/SecureElement-Terminal-SIM1( 813): SE Hal V1.2 is not supported
06-13 20:07:37.613 I/hwservicemanager( 193): getTransport: Cannot find entry android.hardware.secure_element@1.1::ISecureElement/SIM1 in either framework or device VINTF manifest.
06-13 20:07:37.613 I/Codec2InfoBuilder( 360): adding type 'video/x-vnd.on2.vp8'
06-13 20:07:37.614 I/bt_osi_thread( 671): system/bt/osi/src/thread.cc:209 run_thread: run_thread: thread id 879, thread name alarm_dispatcher started
06-13 20:07:37.615 I/bt_btif_core( 671): system/bt/btif/src/btif_core.cc:235 btif_init_bluetooth: btif_init_bluetooth entered
06-13 20:07:37.617 V/C2Store ( 376): in init
06-13 20:07:37.617 V/C2Store ( 376): loading dll
06-13 20:07:37.622 D/SecureElement-Terminal-SIM1( 813): SE Hal V1.1 is not supported
06-13 20:07:37.623 I/hwservicemanager( 193): getTransport: Cannot find entry android.hardware.secure_element@1.0::ISecureElement/SIM1 in either framework or device VINTF manifest.
06-13 20:07:37.623 I/droid.bluetoot( 671): [0613/200737.623372:INFO:message_loop_thread.cc(224)] Run: message loop starting for thread bt_jni_thread
06-13 20:07:37.623 I/SecureElementService( 813): No HAL implementation for SIM1
06-13 20:07:37.625 I/bt_btif_core( 671): system/bt/btif/src/btif_core.cc:239 btif_init_bluetooth: btif_init_bluetooth finished
06-13 20:07:37.625 D/Codec2InfoBuilder( 360): component 'c2.android.vp9.decoder' not found in xml
06-13 20:07:37.626 V/C2Store ( 376): in init
06-13 20:07:37.626 V/C2Store ( 376): loading dll
06-13 20:07:37.626 D/TvPipMenuController( 684): onMediaActionsChanged()
06-13 20:07:37.626 I/bt_stack_config( 671): system/bt/main/stack_config.cc:51 init: init attempt to load stack conf from /etc/bluetooth/bt_stack.conf
06-13 20:07:37.628 I/C2SoftVp9Enc( 376): setting temporal layering 0 + 0
06-13 20:07:37.629 I/bt_stack_manager( 671): system/bt/btif/src/stack_manager.cc:223 event_init_stack: finished
06-13 20:07:37.629 I/bt_osi_wakelock( 671): system/bt/osi/src/wakelock.cc:98 wakelock_set_os_callouts: wakelock_set_os_callouts set to non-native
06-13 20:07:37.629 I/bt_btif ( 671): system/bt/btif/src/bluetooth.cc:417 get_profile_interface: get_profile_interface: id = socket
06-13 20:07:37.630 E/droid.bluetoot( 671): [0613/200737.630813:ERROR:message_loop_thread.cc(102)] DoInThreadDelayed: message loop is null for thread bt_main_thread(-1), from pc:0xbe7f92fb
06-13 20:07:37.631 E/droid.bluetoot( 671): [0613/200737.631038:ERROR:btu_task.cc(94)] do_in_main_thread: failed from pc:0xbe7f92fb
06-13 20:07:37.631 E/droid.bluetoot( 671): [0613/200737.631110:ERROR:message_loop_thread.cc(102)] DoInThreadDelayed: message loop is null for thread bt_main_thread(-1), from pc:0xbe7f92fb
06-13 20:07:37.631 E/droid.bluetoot( 671): [0613/200737.631174:ERROR:btu_task.cc(94)] do_in_main_thread: failed from pc:0xbe7f92fb
06-13 20:07:37.631 E/droid.bluetoot( 671): [0613/200737.631234:ERROR:message_loop_thread.cc(102)] DoInThreadDelayed: message loop is null for thread bt_main_thread(-1), from pc:0xbe7f92fb
06-13 20:07:37.631 E/droid.bluetoot( 671): [0613/200737.631295:ERROR:btu_task.cc(94)] do_in_main_thread: failed from pc:0xbe7f92fb
06-13 20:07:37.632 V/C2Store ( 376): in ~ComponentModule
06-13 20:07:37.632 V/C2Store ( 376): unloading dll
06-13 20:07:37.635 I/ ( 421): DVI mode selected: packets not configured
06-13 20:07:37.635 I/ ( 421): Error: set vsif failed
06-13 20:07:37.634 V/C2Store ( 376): in ~ComponentModule
06-13 20:07:37.634 V/C2Store ( 376): unloading dll
06-13 20:07:37.635 D/BluetoothKeystoreService( 671): initJni()
06-13 20:07:37.636 I/bt_btif ( 671): system/bt/btif/src/bluetooth.cc:417 get_profile_interface: get_profile_interface: id = bluetooth_keystore
06-13 20:07:37.636 I/C2SoftVp9Enc( 376): setting temporal layering 0 + 0
06-13 20:07:37.636 I/bt_btif ( 671): system/bt/btif/src/bluetooth.cc:417 get_profile_interface: get_profile_interface: id = sdp
06-13 20:07:37.637 D/TvPipNotification( 684): setDelegate(), delegate=com.android.wm.shell.pip.tv.TvPipController@9a89409
06-13 20:07:37.637 D/TvPipMenuController( 684): setDelegate(), delegate=com.android.wm.shell.pip.tv.TvPipController@9a89409
06-13 20:07:37.640 D/Codec2InfoBuilder( 360): codec entry for 'c2.android.vp9.encoder' is disabled
06-13 20:07:37.642 D/MediaCodecList( 485): codecHandlesFormat: no format, so no extra checks
06-13 20:07:37.643 D/MediaCodecList( 485): codecHandlesFormat: no format, so no extra checks
06-13 20:07:37.644 V/C2Store ( 376): in ~ComponentModule
06-13 20:07:37.644 V/C2Store ( 376): unloading dll
06-13 20:07:37.645 W/OneHandedController( 684): Device doesn't support OneHanded feature
06-13 20:07:37.645 D/ApplicationLoaders( 789): Returning zygote-cached class loader: /system/framework/android.test.base.jar
06-13 20:07:37.647 D/CCodec ( 485): allocate(c2.android.vorbis.decoder)
06-13 20:07:37.647 D/CCodec ( 485): allocate(c2.android.vorbis.decoder)
06-13 20:07:37.650 I/Codec2Client( 485): Available Codec2 services: "software"
06-13 20:07:37.648 I/id.ext.services( 853): type=1400 audit(0.0:342): avc: denied { getattr } for path="/data/data/android.ext.services" dev="mmcblk0p25" ino=437 scontext=u:r:platform_app:s0:c512,c768 tcontext=u:object_r:app_data_file:s0:c512,c768 tclass=dir permissive=1 app=android.ext.services
06-13 20:07:37.655 V/C2Store ( 376): in init
06-13 20:07:37.656 V/C2Store ( 376): loading dll
06-13 20:07:37.661 I/CCodec ( 485): Created component [c2.android.vorbis.decoder]
06-13 20:07:37.661 D/CCodecConfig( 485): read media type: audio/vorbis
06-13 20:07:37.663 I/CCodec ( 485): Created component [c2.android.vorbis.decoder]
06-13 20:07:37.663 D/CCodecConfig( 485): read media type: audio/vorbis
06-13 20:07:37.668 D/ReflectedParamUpdater( 485): extent() != 1 for single value type: algo.buffers.max-count.values
06-13 20:07:37.668 D/ReflectedParamUpdater( 485): extent() != 1 for single value type: algo.buffers.max-count.values
06-13 20:07:37.668 D/ReflectedParamUpdater( 485): extent() != 1 for single value type: output.subscribed-indices.values
06-13 20:07:37.669 D/ReflectedParamUpdater( 485): extent() != 1 for single value type: output.subscribed-indices.values
06-13 20:07:37.669 D/ReflectedParamUpdater( 485): extent() != 1 for single value type: input.buffers.allocator-ids.values
06-13 20:07:37.669 D/ReflectedParamUpdater( 485): extent() != 1 for single value type: input.buffers.allocator-ids.values
06-13 20:07:37.669 D/ReflectedParamUpdater( 485): extent() != 1 for single value type: output.buffers.allocator-ids.values
06-13 20:07:37.669 D/ReflectedParamUpdater( 485): extent() != 1 for single value type: algo.buffers.allocator-ids.values
06-13 20:07:37.669 D/ReflectedParamUpdater( 485): extent() != 1 for single value type: output.buffers.allocator-ids.values
06-13 20:07:37.669 D/ReflectedParamUpdater( 485): extent() != 1 for single value type: algo.buffers.allocator-ids.values
06-13 20:07:37.669 D/ReflectedParamUpdater( 485): extent() != 1 for single value type: output.buffers.pool-ids.values
06-13 20:07:37.669 D/ReflectedParamUpdater( 485): extent() != 1 for single value type: algo.buffers.pool-ids.values
06-13 20:07:37.669 D/ReflectedParamUpdater( 485): extent() != 1 for single value type: output.buffers.pool-ids.values
06-13 20:07:37.668 I/ ( 421): DVI mode selected: packets not configured
06-13 20:07:37.670 D/ReflectedParamUpdater( 485): extent() != 1 for single value type: algo.buffers.pool-ids.values
06-13 20:07:37.668 I/ ( 421): Error: set vsif failed
06-13 20:07:37.670 D/NetworkSecurityConfig( 485): No Network Security Config specified, using platform default
06-13 20:07:37.671 D/NetworkSecurityConfig( 485): No Network Security Config specified, using platform default
06-13 20:07:37.674 I/CCodecConfig( 485): query failed after returning 7 values (BAD_INDEX)
06-13 20:07:37.675 D/CCodecConfig( 485): c2 config diff is Dict {
06-13 20:07:37.675 D/CCodecConfig( 485): c2::u32 coded.bitrate.value = 64000
06-13 20:07:37.675 D/CCodecConfig( 485): c2::u32 input.buffers.max-size.value = 32768
06-13 20:07:37.675 D/CCodecConfig( 485): c2::u32 input.delay.value = 0
06-13 20:07:37.675 D/CCodecConfig( 485): string input.media-type.value = "audio/vorbis"
06-13 20:07:37.675 D/CCodecConfig( 485): string output.media-type.value = "audio/raw"
06-13 20:07:37.675 D/CCodecConfig( 485): c2::u32 raw.channel-count.value = 1
06-13 20:07:37.675 D/CCodecConfig( 485): c2::u32 raw.sample-rate.value = 48000
06-13 20:07:37.675 D/CCodecConfig( 485): }
06-13 20:07:37.677 I/ServiceWatcher( 485): [fused] connected to {com.android.location.fused/com.android.location.fused.FusedLocationService}
06-13 20:07:37.677 E/WiredAccessoryManager( 485): No state change.
06-13 20:07:37.677 W/WiredAccessoryManager( 485): Both input event and extcon are used for audio jack, please just choose one.
06-13 20:07:37.678 D/CCodec ( 485): [c2.android.vorbis.decoder] buffers are bound to CCodec for this session
06-13 20:07:37.678 D/CCodecConfig( 485): no c2 equivalents for durationUs
06-13 20:07:37.678 D/CCodecConfig( 485): no c2 equivalents for track-id
06-13 20:07:37.678 D/CCodecConfig( 485): no c2 equivalents for csd-1
06-13 20:07:37.678 D/CCodecConfig( 485): no c2 equivalents for channel-mask
06-13 20:07:37.678 D/CCodecConfig( 485): no c2 equivalents for flags
06-13 20:07:37.679 I/CCodecConfig( 485): query failed after returning 7 values (BAD_INDEX)
06-13 20:07:37.679 D/CCodecConfig( 485): c2 config diff is Dict {
06-13 20:07:37.679 D/CCodecConfig( 485): c2::u32 coded.bitrate.value = 64000
06-13 20:07:37.679 D/CCodecConfig( 485): c2::u32 input.buffers.max-size.value = 32768
06-13 20:07:37.679 D/CCodecConfig( 485): c2::u32 input.delay.value = 0
06-13 20:07:37.679 D/CCodecConfig( 485): string input.media-type.value = "audio/vorbis"
06-13 20:07:37.679 D/CCodecConfig( 485): string output.media-type.value = "audio/raw"
06-13 20:07:37.679 D/CCodecConfig( 485): c2::u32 raw.channel-count.value = 1
06-13 20:07:37.679 D/CCodecConfig( 485): c2::u32 raw.sample-rate.value = 48000
06-13 20:07:37.679 D/CCodecConfig( 485): }
06-13 20:07:37.679 D/CCodecConfig( 485): c2 config diff is c2::u32 raw.channel-count.value = 2
06-13 20:07:37.679 D/CCodecConfig( 485): c2::u32 raw.sample-rate.value = 44100
06-13 20:07:37.681 W/Codec2Client( 485): query -- param skipped: index = 1107298332.
06-13 20:07:37.681 D/CCodec ( 485): setup formats input: AMessage(what = 0x00000000) = {
06-13 20:07:37.681 D/CCodec ( 485): int32_t bitrate = 64000
06-13 20:07:37.681 D/CCodec ( 485): int32_t channel-count = 2
06-13 20:07:37.681 D/CCodec ( 485): int32_t max-input-size = 32768
06-13 20:07:37.681 D/CCodec ( 485): string mime = "audio/vorbis"
06-13 20:07:37.681 D/CCodec ( 485): int32_t sample-rate = 44100
06-13 20:07:37.681 D/CCodec ( 485): }
06-13 20:07:37.681 D/CCodec ( 485): setup formats output: AMessage(what = 0x00000000) = {
06-13 20:07:37.681 D/CCodec ( 485): int32_t channel-count = 2
06-13 20:07:37.681 D/CCodec ( 485): string mime = "audio/raw"
06-13 20:07:37.681 D/CCodec ( 485): int32_t sample-rate = 44100
06-13 20:07:37.681 D/CCodec ( 485): int32_t channel-mask = 3
06-13 20:07:37.681 D/CCodec ( 485): }
06-13 20:07:37.682 I/CCodecConfig( 485): query failed after returning 7 values (BAD_INDEX)
06-13 20:07:37.682 D/CCodec ( 485): [c2.android.vorbis.decoder] buffers are bound to CCodec for this session
06-13 20:07:37.682 D/CCodecConfig( 485): no c2 equivalents for durationUs
06-13 20:07:37.682 D/CCodecConfig( 485): no c2 equivalents for track-id
06-13 20:07:37.682 W/Codec2Client( 485): query -- param skipped: index = 1342179345.
06-13 20:07:37.682 D/CCodecConfig( 485): no c2 equivalents for csd-1
06-13 20:07:37.682 W/Codec2Client( 485): query -- param skipped: index = 2415921170.
06-13 20:07:37.682 D/CCodecConfig( 485): no c2 equivalents for channel-mask
06-13 20:07:37.682 D/CCodecConfig( 485): no c2 equivalents for flags
06-13 20:07:37.684 D/CCodecConfig( 485): c2 config diff is c2::u32 raw.channel-count.value = 2
06-13 20:07:37.684 D/CCodecConfig( 485): c2::u32 raw.sample-rate.value = 44100
06-13 20:07:37.684 D/C2Store ( 485): Using ION
06-13 20:07:37.685 D/CCodecBufferChannel( 485): [c2.android.vorbis.decoder#634] Created input block pool with allocatorID 16 => poolID 17 - OK (0)
06-13 20:07:37.686 W/Codec2Client( 485): query -- param skipped: index = 1107298332.
06-13 20:07:37.686 D/CCodec ( 485): setup formats input: AMessage(what = 0x00000000) = {
06-13 20:07:37.686 D/CCodec ( 485): int32_t bitrate = 64000
06-13 20:07:37.686 D/CCodec ( 485): int32_t channel-count = 2
06-13 20:07:37.686 D/CCodec ( 485): int32_t max-input-size = 32768
06-13 20:07:37.686 D/CCodec ( 485): string mime = "audio/vorbis"
06-13 20:07:37.686 D/CCodec ( 485): int32_t sample-rate = 44100
06-13 20:07:37.686 D/CCodec ( 485): }
06-13 20:07:37.686 D/C2Store ( 376): Using ION
06-13 20:07:37.686 D/CCodec ( 485): setup formats output: AMessage(what = 0x00000000) = {
06-13 20:07:37.686 D/CCodec ( 485): int32_t channel-count = 2
06-13 20:07:37.686 D/CCodec ( 485): string mime = "audio/raw"
06-13 20:07:37.686 D/CCodec ( 485): int32_t sample-rate = 44100
06-13 20:07:37.686 D/CCodec ( 485): int32_t channel-mask = 3
06-13 20:07:37.686 D/CCodec ( 485): }
06-13 20:07:37.689 W/TrustManagerService( 485): EXTRA_USER_HANDLE missing or invalid, value=0
06-13 20:07:37.694 I/CCodecBufferChannel( 485): [c2.android.vorbis.decoder#634] Created output block pool with allocatorID 16 => poolID 17 - OK
06-13 20:07:37.695 D/CCodecBufferChannel( 485): [c2.android.vorbis.decoder#634] Configured output block pool ids 17 => OK
06-13 20:07:37.696 D/BluetoothDatabase( 671): start()
06-13 20:07:37.696 E/ion ( 485): ioctl c0044901 failed with code -1: Inappropriate ioctl for device
06-13 20:07:37.697 I/CCodecConfig( 485): query failed after returning 7 values (BAD_INDEX)
06-13 20:07:37.702 W/Codec2Client( 485): query -- param skipped: index = 1342179345.
06-13 20:07:37.702 W/Codec2Client( 485): query -- param skipped: index = 2415921170.
06-13 20:07:37.703 D/CCodecBufferChannel( 485): [c2.android.vorbis.decoder#690] Created input block pool with allocatorID 16 => poolID 18 - OK (0)
06-13 20:07:37.705 I/CCodecBufferChannel( 485): [c2.android.vorbis.decoder#690] Created output block pool with allocatorID 16 => poolID 18 - OK
06-13 20:07:37.705 D/CCodecBufferChannel( 485): [c2.android.vorbis.decoder#690] Configured output block pool ids 18 => OK
06-13 20:07:37.707 I/SystemServerTiming( 485): ManagedServices.unbindOtherUserServices_current0
06-13 20:07:37.707 I/SystemServerTiming( 485): ManagedServices.unbindOtherUserServices_current0
06-13 20:07:37.708 I/SystemServerTiming( 485): ManagedServices.unbindOtherUserServices_current0
06-13 20:07:37.708 V/NotificationAssistants( 485): enabling notification assistant for 0: ComponentInfo{android.ext.services/android.ext.services.notification.Assistant}
06-13 20:07:37.709 V/NotificationAssistants( 485): binding: Intent { act=android.service.notification.NotificationAssistantService cmp=android.ext.services/.notification.Assistant (has extras) }
06-13 20:07:37.709 D/BluetoothDatabase( 671): Load Database
06-13 20:07:37.710 D/SimpleC2Component( 376): Using output block pool with poolID 18 => got 18 - 0
06-13 20:07:37.708 I/id.ext.services( 853): type=1400 audit(0.0:343): avc: denied { search } for name="android.ext.services" dev="mmcblk0p25" ino=437 scontext=u:r:platform_app:s0:c512,c768 tcontext=u:object_r:app_data_file:s0:c512,c768 tclass=dir permissive=1 app=android.ext.services
06-13 20:07:37.715 D/SimpleC2Component( 376): Using output block pool with poolID 17 => got 17 - 0
06-13 20:07:37.714 E/ion ( 376): ioctl c0044901 failed with code -1: Inappropriate ioctl for device
06-13 20:07:37.716 I/BluetoothAdapterService( 671): Phone policy enabled
06-13 20:07:37.719 D/NetworkSecurityConfig( 789): No Network Security Config specified, using platform default
06-13 20:07:37.725 E/cutils-trace( 285): Error opening trace file: No such file or directory (2)
06-13 20:07:37.725 V/GraphicsEnvironment( 853): ANGLE Developer option for 'android.ext.services' set to: 'default'
06-13 20:07:37.725 V/GraphicsEnvironment( 853): Neither updatable production driver nor prerelease driver is supported.
06-13 20:07:37.731 D/NetworkSecurityConfig( 853): No Network Security Config specified, using platform default
06-13 20:07:37.732 D/NetworkSecurityConfig( 853): No Network Security Config specified, using platform default
06-13 20:07:37.741 D/BluetoothActiveDeviceManager( 671): start()
06-13 20:07:37.792 D/BluetoothAdapterService( 671): setAdapterService() - trying to set service to com.android.bluetooth.btservice.AdapterService@9a89409
06-13 20:07:37.793 D/BluetoothActiveDeviceManager( 671): onAudioDevicesAdded
06-13 20:07:37.795 D/BluetoothActiveDeviceManager( 671): Audio device added: DBBOX-A2 type: 2
06-13 20:07:37.795 D/BluetoothActiveDeviceManager( 671): Audio device added: DBBOX-A2 type: 15
06-13 20:07:37.795 D/BluetoothActiveDeviceManager( 671): Audio device added: DBBOX-A2 type: 25
06-13 20:07:37.824 I/Thread-2( 907): type=1400 audit(0.0:344): avc: denied { execute } for name="am" dev="dm-5" ino=1160 scontext=u:r:system_app:s0 tcontext=u:object_r:vendor_file:s0 tclass=file permissive=1
06-13 20:07:37.824 I/Thread-2( 907): type=1400 audit(0.0:345): avc: denied { read open } for path="/vendor/xbin/am" dev="dm-5" ino=1160 scontext=u:r:system_app:s0 tcontext=u:object_r:vendor_file:s0 tclass=file permissive=1
06-13 20:07:37.824 I/Thread-2( 907): type=1400 audit(0.0:346): avc: denied { execute_no_trans } for path="/vendor/xbin/am" dev="dm-5" ino=1160 scontext=u:r:system_app:s0 tcontext=u:object_r:vendor_file:s0 tclass=file permissive=1
06-13 20:07:37.861 D/CompatibilityChangeReporter( 485): Compat change id reported: 171306433; UID 1000; state: ENABLED
06-13 20:07:37.890 D/incidentd( 353): WorkDirectory::getReports
06-13 20:07:37.891 D/BluetoothAdapterService( 671): onBind()
06-13 20:07:37.894 D/MediaCodecList( 819): codecHandlesFormat: no format, so no extra checks
06-13 20:07:37.895 D/MediaCodecList( 819): codecHandlesFormat: no format, so no extra checks
06-13 20:07:37.897 D/CCodec ( 819): allocate(c2.android.vorbis.decoder)
06-13 20:07:37.901 I/Codec2Client( 819): Available Codec2 services: "software"
06-13 20:07:37.908 I/Binder:485_6( 485): type=1400 audit(0.0:347): avc: denied { read } for name="u:object_r:vendor_default_prop:s0" dev="tmpfs" ino=3538 scontext=u:r:system_server:s0 tcontext=u:object_r:vendor_default_prop:s0 tclass=file permissive=1
06-13 20:07:37.908 I/Binder:485_6( 485): type=1400 audit(0.0:348): avc: denied { open } for path="/dev/__properties__/u:object_r:vendor_default_prop:s0" dev="tmpfs" ino=3538 scontext=u:r:system_server:s0 tcontext=u:object_r:vendor_default_prop:s0 tclass=file permissive=1
06-13 20:07:37.908 I/Binder:485_6( 485): type=1400 audit(0.0:349): avc: denied { getattr } for path="/dev/__properties__/u:object_r:vendor_default_prop:s0" dev="tmpfs" ino=3538 scontext=u:r:system_server:s0 tcontext=u:object_r:vendor_default_prop:s0 tclass=file permissive=1
06-13 20:07:37.908 I/Binder:485_6( 485): type=1400 audit(0.0:350): avc: denied { map } for path="/dev/__properties__/u:object_r:vendor_default_prop:s0" dev="tmpfs" ino=3538 scontext=u:r:system_server:s0 tcontext=u:object_r:vendor_default_prop:s0 tclass=file permissive=1
06-13 20:07:37.913 D/BluetoothDatabase( 671): compactLastConnectionTime: Compacting metadata after load
06-13 20:07:37.913 I/BluetoothDatabase( 671): cacheMetadata
06-13 20:07:37.914 V/BluetoothDatabase( 671): cacheMetadata: found device LocalStorage
06-13 20:07:37.914 V/BluetoothDatabase( 671): cacheMetadata: found device E4:BB:D3:57:C0:7D
06-13 20:07:37.914 I/BluetoothDatabase( 671): cacheMetadata: Database is ready
06-13 20:07:37.915 D/CCodec ( 819): allocate(c2.android.vorbis.decoder)
06-13 20:07:37.923 I/hwservicemanager( 193): getTransport: Cannot find entry android.hardware.configstore@1.0::ISurfaceFlingerConfigs/default in either framework or device VINTF manifest.
06-13 20:07:37.930 I/CCodec ( 819): Created component [c2.android.vorbis.decoder]
06-13 20:07:37.930 I/CCodec ( 819): Created component [c2.android.vorbis.decoder]
06-13 20:07:37.931 D/CCodecConfig( 819): read media type: audio/vorbis
06-13 20:07:37.932 D/CCodecConfig( 819): read media type: audio/vorbis
06-13 20:07:37.934 D/CompatibilityChangeReporter( 485): Compat change id reported: 158002302; UID 1000; state: ENABLED
06-13 20:07:37.949 D/ReflectedParamUpdater( 819): extent() != 1 for single value type: algo.buffers.max-count.values
06-13 20:07:37.951 D/ReflectedParamUpdater( 819): extent() != 1 for single value type: algo.buffers.max-count.values
06-13 20:07:37.951 D/ReflectedParamUpdater( 819): extent() != 1 for single value type: output.subscribed-indices.values
06-13 20:07:37.952 D/ReflectedParamUpdater( 819): extent() != 1 for single value type: input.buffers.allocator-ids.values
06-13 20:07:37.953 D/ReflectedParamUpdater( 819): extent() != 1 for single value type: output.subscribed-indices.values
06-13 20:07:37.954 D/ReflectedParamUpdater( 819): extent() != 1 for single value type: input.buffers.allocator-ids.values
06-13 20:07:37.954 D/ReflectedParamUpdater( 819): extent() != 1 for single value type: output.buffers.allocator-ids.values
06-13 20:07:37.954 D/ReflectedParamUpdater( 819): extent() != 1 for single value type: output.buffers.allocator-ids.values
06-13 20:07:37.954 D/ReflectedParamUpdater( 819): extent() != 1 for single value type: algo.buffers.allocator-ids.values
06-13 20:07:37.954 D/ReflectedParamUpdater( 819): extent() != 1 for single value type: algo.buffers.allocator-ids.values
06-13 20:07:37.954 D/ReflectedParamUpdater( 819): extent() != 1 for single value type: output.buffers.pool-ids.values
06-13 20:07:37.955 D/ReflectedParamUpdater( 819): extent() != 1 for single value type: output.buffers.pool-ids.values
06-13 20:07:37.955 D/ReflectedParamUpdater( 819): extent() != 1 for single value type: algo.buffers.pool-ids.values
06-13 20:07:37.955 D/ReflectedParamUpdater( 819): extent() != 1 for single value type: algo.buffers.pool-ids.values
06-13 20:07:37.955 E/HWComposer( 288): getSupportedContentTypes: getSupportedContentTypes failed for display 0: Unsupported (8)
06-13 20:07:37.959 W/IorapForwardingService( 485): No service published for: iorapd
06-13 20:07:37.959 I/hwservicemanager( 193): getTransport: Cannot find entry android.hardware.graphics.mapper@4.0::IMapper/default in either framework or device VINTF manifest.
06-13 20:07:37.960 I/Gralloc4( 819): mapper 4.x is not supported
06-13 20:07:37.960 I/CCodecConfig( 819): query failed after returning 7 values (BAD_INDEX)
06-13 20:07:37.960 I/CCodecConfig( 819): query failed after returning 7 values (BAD_INDEX)
06-13 20:07:37.961 D/CCodecConfig( 819): c2 config diff is Dict {
06-13 20:07:37.961 D/CCodecConfig( 819): c2::u32 coded.bitrate.value = 64000
06-13 20:07:37.961 D/CCodecConfig( 819): c2::u32 input.buffers.max-size.value = 32768
06-13 20:07:37.961 D/CCodecConfig( 819): c2::u32 input.delay.value = 0
06-13 20:07:37.961 D/CCodecConfig( 819): string input.media-type.value = "audio/vorbis"
06-13 20:07:37.961 D/CCodecConfig( 819): string output.media-type.value = "audio/raw"
06-13 20:07:37.961 D/CCodecConfig( 819): c2::u32 raw.channel-count.value = 1
06-13 20:07:37.961 D/CCodecConfig( 819): c2::u32 raw.sample-rate.value = 48000
06-13 20:07:37.961 D/CCodecConfig( 819): }
