06-13 20:08:19.912 I/cling--ap-2( 2259): type=1400 audit(0.0:1021): avc: denied { read } for name="address" dev="sysfs" ino=28050 scontext=u:r:platform_app:s0:c512,c768 tcontext=u:object_r:sysfs:s0 tclass=file permissive=1 app=com.dangbei.screencast
06-13 20:08:19.912 I/cling--ap-2( 2259): type=1400 audit(0.0:1022): avc: denied { open } for path="/sys/devices/platform/unisoc_wifi/net/wlan1/address" dev="sysfs" ino=28050 scontext=u:r:platform_app:s0:c512,c768 tcontext=u:object_r:sysfs:s0 tclass=file permissive=1 app=com.dangbei.screencast
06-13 20:08:19.912 I/cling--ap-2( 2259): type=1400 audit(0.0:1023): avc: denied { getattr } for path="/sys/devices/platform/unisoc_wifi/net/wlan1/address" dev="sysfs" ino=28050 scontext=u:r:platform_app:s0:c512,c768 tcontext=u:object_r:sysfs:s0 tclass=file permissive=1 app=com.dangbei.screencast
06-13 20:08:20.120 W/IorapForwardingService( 485): No service published for: iorapd
06-13 20:08:21.123 W/IorapForwardingService( 485): No service published for: iorapd
06-13 20:08:21.254 D/UtilLog ( 2132): 日志批量上报 进行正常循环 !!!!!!本次有0次请求,共0条数据
06-13 20:08:21.885 E/ccc ( 1039): cccccc 有设备 取消移除任务
06-13 20:08:22.125 W/IorapForwardingService( 485): No service published for: iorapd
06-13 20:08:22.878 E/WifiHAL ( 662): wifi_get_link_stats: requestResponse Error:-5
06-13 20:08:22.880 E/WifiVendorHal( 485): getWifiLinkLayerStats_1_5_Internal(l.1191) failed {.code = ERROR_INVALID_ARGS, .description = }
06-13 20:08:23.127 W/IorapForwardingService( 485): No service published for: iorapd
06-13 20:08:23.710 D/hdmi-cec( 273): receive invalid cec message!
06-13 20:08:23.710 D/hdmi-cec( 273): receive poll message [04], skip!
06-13 20:08:24.129 W/IorapForwardingService( 485): No service published for: iorapd
06-13 20:08:24.168 D/XM_HIDREAD( 328): poll ret=1, event=1
06-13 20:08:24.168 D/XM_HIDREAD( 328): [9 bytes]:01 00 00 4F 00 00 00 00 00
06-13 20:08:24.168 D/TvWindowManager( 485): key event key = KEYCODE_DPAD_RIGHT down = true
06-13 20:08:24.169 D/GpioService( 485): mFlickerEnable = true
06-13 20:08:24.170 I/SogouIME( 2714): onKeyDown: keyoCode=22
06-13 20:08:24.170 I/DefaultIMS( 2714): onKeyDown: keyoCode=22
06-13 20:08:24.171 E/SecondScreen( 1101): FirstScreenLayoutView dispatchKeyEvent 22
06-13 20:08:24.176 I/DefaultIMS( 2714): onStartInput attribute=android.view.inputmethod.EditorInfo@e6cbba6 restarting=false inputType: 0
06-13 20:08:24.214 W/hdr10p_Configure( 421): 62 callbacks suppressed
06-13 20:08:24.214 I/ ( 421): DVI mode selected: packets not configured
06-13 20:08:24.214 W/set_vsif_config( 421): 62 callbacks suppressed
06-13 20:08:24.214 I/ ( 421): Error: set vsif failed
06-13 20:08:24.251 I/gbei.screencas( 2259): Background concurrent copying GC freed 228244(19MB) AllocSpace objects, 36(2108KB) LOS objects, 49% free, 6591KB/12MB, paused 140us total 218.928ms
06-13 20:08:24.258 D/XM_HIDREAD( 328): poll ret=1, event=1
06-13 20:08:24.258 D/XM_HIDREAD( 328): [9 bytes]:01 00 00 00 00 00 00 00 00
06-13 20:08:24.258 D/TvWindowManager( 485): key event key = KEYCODE_DPAD_RIGHT down = false
06-13 20:08:24.259 I/SogouIME( 2714): onKeyUp: keyoCode=22
06-13 20:08:24.259 I/DefaultIMS( 2714): onKeyUp: keyoCode=22
06-13 20:08:24.260 E/SecondScreen( 1101): FirstScreenLayoutView dispatchKeyEvent 22
06-13 20:08:24.394 D/XM_HIDREAD( 328): poll ret=1, event=1
06-13 20:08:24.395 D/XM_HIDREAD( 328): [9 bytes]:01 00 00 4F 00 00 00 00 00
06-13 20:08:24.395 D/TvWindowManager( 485): key event key = KEYCODE_DPAD_RIGHT down = true
06-13 20:08:24.396 D/GpioService( 485): mFlickerEnable = true
06-13 20:08:24.397 I/SogouIME( 2714): onKeyDown: keyoCode=22
06-13 20:08:24.397 I/DefaultIMS( 2714): onKeyDown: keyoCode=22
06-13 20:08:24.400 E/SecondScreen( 1101): FirstScreenLayoutView dispatchKeyEvent 22
06-13 20:08:24.408 I/DefaultIMS( 2714): onStartInput attribute=android.view.inputmethod.EditorInfo@ddca9e7 restarting=false inputType: 0
06-13 20:08:24.462 D/XM_HIDREAD( 328): poll ret=1, event=1
06-13 20:08:24.462 D/XM_HIDREAD( 328): [9 bytes]:01 00 00 00 00 00 00 00 00
06-13 20:08:24.462 D/TvWindowManager( 485): key event key = KEYCODE_DPAD_RIGHT down = false
06-13 20:08:24.468 I/ ( 421): DVI mode selected: packets not configured
06-13 20:08:24.468 I/ ( 421): Error: set vsif failed
06-13 20:08:24.472 I/SogouIME( 2714): onKeyUp: keyoCode=22
06-13 20:08:24.472 I/DefaultIMS( 2714): onKeyUp: keyoCode=22
06-13 20:08:24.488 E/SecondScreen( 1101): FirstScreenLayoutView dispatchKeyEvent 22
06-13 20:08:24.488 I/ ( 421): DVI mode selected: packets not configured
06-13 20:08:24.488 I/ ( 421): Error: set vsif failed
06-13 20:08:24.507 I/ ( 421): DVI mode selected: packets not configured
06-13 20:08:24.507 I/ ( 421): Error: set vsif failed
06-13 20:08:24.526 I/ ( 421): DVI mode selected: packets not configured
06-13 20:08:24.526 I/ ( 421): Error: set vsif failed
06-13 20:08:24.546 I/ ( 421): DVI mode selected: packets not configured
06-13 20:08:24.546 I/ ( 421): Error: set vsif failed
06-13 20:08:24.564 I/ ( 421): DVI mode selected: packets not configured
06-13 20:08:24.564 I/ ( 421): Error: set vsif failed
06-13 20:08:24.583 I/ ( 421): DVI mode selected: packets not configured
06-13 20:08:24.583 I/ ( 421): Error: set vsif failed
06-13 20:08:24.602 I/ ( 421): DVI mode selected: packets not configured
06-13 20:08:24.602 I/ ( 421): Error: set vsif failed
06-13 20:08:24.619 I/ ( 421): DVI mode selected: packets not configured
06-13 20:08:24.619 I/ ( 421): Error: set vsif failed
06-13 20:08:24.821 D/XM_HIDREAD( 328): poll ret=1, event=1
06-13 20:08:24.821 D/XM_HIDREAD( 328): [9 bytes]:01 00 00 28 00 00 00 00 00
06-13 20:08:24.821 D/TvWindowManager( 485): key event key = KEYCODE_DPAD_CENTER down = true
06-13 20:08:24.823 D/GpioService( 485): mFlickerEnable = true
06-13 20:08:24.910 D/XM_HIDREAD( 328): poll ret=1, event=1
06-13 20:08:24.910 D/XM_HIDREAD( 328): [9 bytes]:01 00 00 00 00 00 00 00 00
06-13 20:08:24.911 D/TvWindowManager( 485): key event key = KEYCODE_DPAD_CENTER down = false
06-13 20:08:24.970 D/GpioService( 485): mFlickerEnable = true
06-13 20:08:24.986 I/SogouIME( 2714): onKeyDown: keyoCode=23
06-13 20:08:24.987 I/DefaultIMS( 2714): onKeyDown: keyoCode=23
06-13 20:08:24.992 E/SecondScreen( 1101): FirstScreenLayoutView dispatchKeyEvent 23
06-13 20:08:24.994 I/SogouIME( 2714): onKeyUp: keyoCode=23
06-13 20:08:24.994 I/DefaultIMS( 2714): onKeyUp: keyoCode=23
06-13 20:08:24.995 E/SecondScreen( 1101): FirstScreenLayoutView dispatchKeyEvent 23
06-13 20:08:25.002 I/ActivityStarter( 485): ---START u0 {dat=haqu://setting:8080/home?tag=side_function_tag_pre_wifi flg=0x10000000 pkg=com.dangbei.haqusetting cmp=com.dangbei.haqusetting/.ui.HomeActivity} from uid 1000
06-13 20:08:25.011 W/ActivityTaskManager( 485): Can't find TaskDisplayArea to determine support for multi window. Task id=50 attached=false
06-13 20:08:25.016 D/CompatibilityChangeReporter( 485): Compat change id reported: 174042980; UID 1000; state: DISABLED
06-13 20:08:25.022 I/AW_PowerHAL( 272): Power setMode: LAUNCH to: 1
06-13 20:08:25.025 D/CompatibilityChangeReporter( 485): Compat change id reported: 168419799; UID 1000; state: DISABLED
06-13 20:08:25.034 I/ActivityManager( 485): com.dangbei.haqusetting is exempt from freezer
06-13 20:08:25.036 D/CompatibilityChangeReporter( 485): Compat change id reported: 135634846; UID 1000; state: DISABLED
06-13 20:08:25.054 I/AW_PowerHAL( 272): cur-mode:LAUNCH
06-13 20:08:25.061 D/Zygote ( 255): Forked child process 2793
06-13 20:08:25.063 I/ActivityManager( 485): app.processName = com.dangbei.haqusetting
06-13 20:08:25.063 I/ActivityManager( 485): Start proc 2793:com.dangbei.haqusetting/1000 for pre-top-activity {com.dangbei.haqusetting/com.dangbei.haqusetting.ui.HomeActivity}
06-13 20:08:25.071 I/Zygote ( 2793): seccomp disabled by setenforce 0
06-13 20:08:25.076 W/SQLiteLog( 1101): (28) double-quoted string literal: "
06-13 20:08:25.076 W/SQLiteLog( 1101): (28) double-quoted string literal: "CA9DE10145F51E57490EE5C41A432AE0"
06-13 20:08:25.081 I/BpBinder( 288): onLastStrongRef automatically unlinking death recipients:
06-13 20:08:25.088 I/adbd ( 389): jdwp connection from 2793
06-13 20:08:25.102 D/AW_CODE ( 485): rotation =0
06-13 20:08:25.103 D/CompatibilityChangeReporter( 485): Compat change id reported: 181136395; UID 1000; state: DISABLED
06-13 20:08:25.104 D/CompatibilityChangeReporter( 485): Compat change id reported: 174042936; UID 1000; state: DISABLED
06-13 20:08:25.111 D/CompatibilityChangeReporter( 2793): Compat change id reported: 171979766; UID 1000; state: ENABLED
06-13 20:08:25.132 W/IorapForwardingService( 485): No service published for: iorapd
06-13 20:08:25.155 D/TvPipController( 684): onTaskStackChanged()
06-13 20:08:25.171 V/GraphicsEnvironment( 2793): ANGLE Developer option for 'com.dangbei.haqusetting' set to: 'default'
06-13 20:08:25.172 V/GraphicsEnvironment( 2793): Neither updatable production driver nor prerelease driver is supported.
06-13 20:08:25.173 D/NetworkSecurityConfig( 2793): No Network Security Config specified, using platform default
06-13 20:08:25.173 D/NetworkSecurityConfig( 2793): No Network Security Config specified, using platform default
06-13 20:08:25.191 I/MultiDex( 2793): VM with version 2.1.0 has multidex support
06-13 20:08:25.191 I/MultiDex( 2793): Installing application
06-13 20:08:25.191 I/MultiDex( 2793): VM has multidex support, MultiDex support library is disabled.
06-13 20:08:25.215 E/ccc ( 2793): cccccc HaquSettingApplication app onCreate start
06-13 20:08:25.248 E/ccc ( 2793): cccccc HaquSettingApplication app onCreate end
06-13 20:08:25.261 W/ContextImpl( 2793): Calling a method in the system process without a qualified user: android.app.ContextImpl.bindService:1895 android.content.ContextWrapper.bindService:810 com.dangbei.lerad.etna.lib.client.EtnaClient.bindServer:138 com.dangbei.lerad.etna.lib.client.EtnaClient.access$600:29 com.dangbei.lerad.etna.lib.client.EtnaClient$3.call:205
06-13 20:08:25.379 E/ccc ( 1039): cccccc etnaService addListener com.dangbei.lerad.etna.aidl.IEtnaAidlListener$Stub$Proxy@5f5eac0 com.dangbei.haqusetting
06-13 20:08:25.379 E/ccc ( 2793): cccccc etna-haqu-connected
06-13 20:08:25.444 I/hwservicemanager( 193): getTransport: Cannot find entry android.hardware.configstore@1.0::ISurfaceFlingerConfigs/default in either framework or device VINTF manifest.
06-13 20:08:25.464 E/HWComposer( 288): getSupportedContentTypes: getSupportedContentTypes failed for display 0: Unsupported (8)
06-13 20:08:25.466 I/hwservicemanager( 193): getTransport: Cannot find entry android.hardware.graphics.mapper@4.0::IMapper/default in either framework or device VINTF manifest.
06-13 20:08:25.466 I/Gralloc4( 2793): mapper 4.x is not supported
06-13 20:08:25.466 I/hwservicemanager( 193): getTransport: Cannot find entry android.hardware.graphics.mapper@3.0::IMapper/default in either framework or device VINTF manifest.
06-13 20:08:25.467 W/Gralloc3( 2793): mapper 3.x is not supported
06-13 20:08:25.470 E/gralloc ( 2793): Arm Module v1.0
06-13 20:08:25.471 I/hwservicemanager( 193): getTransport: Cannot find entry android.hardware.graphics.allocator@4.0::IAllocator/default in either framework or device VINTF manifest.
06-13 20:08:25.471 W/Gralloc4( 2793): allocator 4.x is not supported
06-13 20:08:25.471 I/hwservicemanager( 193): getTransport: Cannot find entry android.hardware.graphics.allocator@3.0::IAllocator/default in either framework or device VINTF manifest.
06-13 20:08:25.471 W/Gralloc3( 2793): allocator 3.x is not supported
06-13 20:08:25.473 I/gralloc ( 265): alloc buffer:W:1920 H:1080 S:1920 PL[1920 1080] SZ:8294400 fmt:1 if:0 af:1 usg:20000b00 fg:00000004
06-13 20:08:25.473 E/ion ( 2793): ioctl c0044901 failed with code -1: Inappropriate ioctl for device
06-13 20:08:25.474 I/gralloc ( 265): alloc buffer:W:1920 H:1080 S:1920 PL[1920 1080] SZ:8294400 fmt:1 if:0 af:1 usg:20000b00 fg:00000004
06-13 20:08:25.475 I/gralloc ( 265): alloc buffer:W:1920 H:1080 S:1920 PL[1920 1080] SZ:8294400 fmt:1 if:0 af:1 usg:20000b00 fg:00000004
06-13 20:08:25.505 I/ActivityTaskManager( 485): +++Displayed com.dangbei.haqusetting/.ui.HomeActivity: +495ms
06-13 20:08:25.511 W/RecyclerView( 2793): No adapter attached; skipping layout
06-13 20:08:25.514 I/AW_PowerHAL( 272): Power setMode: LAUNCH to: 0
06-13 20:08:25.516 I/AW_PowerHAL( 272): cur-mode:SCHEDUTIL
06-13 20:08:25.524 I/ActivityManager( 485): Killing 1293:com.android.music/u0a33 (adj 985): empty #17
06-13 20:08:25.525 I/ActivityManager( 485): Killing 1555:com.android.managedprovisioning/u0a30 (adj 995): empty #18
06-13 20:08:25.529 I/DefaultIMS( 2714): onStartInput attribute=android.view.inputmethod.EditorInfo@2e33a18 restarting=false inputType: 0
06-13 20:08:25.537 W/[DISP] de_cdc_set_para,line( 421): 406:
06-13 20:08:25.536 I/ActivityManager( 485): Killing 1318:android.process.acore/u0a13 (adj 995): empty #19
06-13 20:08:25.571 I/libprocessgroup( 485): Successfully killed process cgroup uid 10033 pid 1293 in 44ms
06-13 20:08:25.603 D/CountryDetector( 485): No listener is left
06-13 20:08:25.607 I/Zygote ( 255): Process 1318 exited due to signal 9 (Killed)
06-13 20:08:25.614 I/Zygote ( 255): Process 1555 exited due to signal 9 (Killed)
06-13 20:08:25.627 I/Zygote ( 255): Process 1293 exited due to signal 9 (Killed)
06-13 20:08:25.659 I/libprocessgroup( 485): Successfully killed process cgroup uid 10030 pid 1555 in 0ms
06-13 20:08:25.659 I/libprocessgroup( 485): Successfully killed process cgroup uid 10013 pid 1318 in 0ms
06-13 20:08:25.722 E/ccc ( 1039): cccccc UpdateHelper onMessageReceived com.dangbei.haqusetting com.dangbei.etna.update {"action":"get","functionTag":"leaf_controller_function_controller_dangbei_update","value":0} com.dangbei.lerad.etna.aidl.IEtnaAidlCallback$Stub$Proxy@7bba3f9
06-13 20:08:25.728 D/BluetoothGatt( 1039): connect() - device: E4:BB:D3:57:C0:7D, auto: true
06-13 20:08:25.728 D/BluetoothGatt( 1039): registerApp()
06-13 20:08:25.729 D/BluetoothGatt( 1039): registerApp() - UUID=8627ffb4-804d-4108-9245-feb906ab0051
06-13 20:08:25.733 I/bluetooth( 671): system/bt/stack/gatt/gatt_api.cc:1019 GATT_Register: Allocated name:GattClient uuid:56f0ee3d-5e50-21e1-e983-a6609f39c5d6 gatt_if:6 eatt_support:0
06-13 20:08:25.734 I/bt_bta_gattc( 671): system/bt/bta/gatt/bta_gattc_act.cc:1110 bta_gattc_conn_cback: Connected att_id:6 transport:le reason:GATT_CONN_OK
06-13 20:08:25.734 E/ccc ( 1039): cccccc 请求电量实时 -1
06-13 20:08:25.732 I/Binder:1039_3( 1039): type=1400 audit(0.0:1024): avc: denied { read } for name="devices" dev="proc" ino=4026532014 scontext=u:r:system_app:s0 tcontext=u:object_r:proc:s0 tclass=file permissive=1
06-13 20:08:25.732 I/Binder:1039_3( 1039): type=1400 audit(0.0:1025): avc: denied { open } for path="/proc/bus/input/devices" dev="proc" ino=4026532014 scontext=u:r:system_app:s0 tcontext=u:object_r:proc:s0 tclass=file permissive=1
06-13 20:08:25.736 D/BluetoothGatt( 1039): onClientRegistered() - status=0 clientIf=6
06-13 20:08:25.732 I/Binder:1039_3( 1039): type=1400 audit(0.0:1026): avc: denied { getattr } for path="/proc/bus/input/devices" dev="proc" ino=4026532014 scontext=u:r:system_app:s0 tcontext=u:object_r:proc:s0 tclass=file permissive=1
06-13 20:08:25.737 E/RCInfo ( 1039): vid:000d
06-13 20:08:25.737 E/RCInfo ( 1039): pid:3838
06-13 20:08:25.537 W/ ( 421): hdr10p2sdr_mode =-1, 255, 2
06-13 20:08:25.739 I/bt_btif_config( 671): system/bt/btif/src/btif_config.cc:137 btif_get_device_type: Device [e4:bb:d3:57:c0:7d] device type 2
06-13 20:08:25.741 D/BluetoothGatt( 1039): onClientConnectionState() - status=0 clientIf=6 device=E4:BB:D3:57:C0:7D
06-13 20:08:25.742 D/BluetoothGatt( 1039): discoverServices() - device: E4:BB:D3:57:C0:7D
06-13 20:08:25.744 D/BluetoothGatt( 1039): connect() - device: E4:BB:D3:57:C0:7D, auto: true
06-13 20:08:25.744 D/BluetoothGatt( 1039): registerApp()
06-13 20:08:25.744 D/BluetoothGatt( 1039): registerApp() - UUID=2bb2f5cb-379b-44c7-8441-457ecd37ab8d
06-13 20:08:25.745 I/bt_bta_gattc( 671): system/bt/bta/gatt/bta_gattc_cache.cc:902 bta_gattc_get_gatt_db: bta_gattc_get_gatt_db
06-13 20:08:25.751 I/bluetooth( 671): system/bt/stack/gatt/gatt_api.cc:1019 GATT_Register: Allocated name:GattClient uuid:3c54e75f-1aea-827e-4683-0892cf2b400b gatt_if:7 eatt_support:0
06-13 20:08:25.751 I/bt_bta_gattc( 671): system/bt/bta/gatt/bta_gattc_act.cc:1110 bta_gattc_conn_cback: Connected att_id:7 transport:le reason:GATT_CONN_OK
06-13 20:08:25.752 D/BluetoothGatt( 1039): onClientRegistered() - status=0 clientIf=7
06-13 20:08:25.753 D/BluetoothGatt( 1039): onSearchComplete() = Device=E4:BB:D3:57:C0:7D Status=0
06-13 20:08:25.753 I/bt_btif_config( 671): system/bt/btif/src/btif_config.cc:137 btif_get_device_type: Device [e4:bb:d3:57:c0:7d] device type 2
06-13 20:08:25.754 D/BluetoothGatt( 1039): onClientConnectionState() - status=0 clientIf=7 device=E4:BB:D3:57:C0:7D
06-13 20:08:25.754 D/BluetoothGatt( 1039): discoverServices() - device: E4:BB:D3:57:C0:7D
06-13 20:08:25.756 I/bt_bta_gattc( 671): system/bt/bta/gatt/bta_gattc_cache.cc:902 bta_gattc_get_gatt_db: bta_gattc_get_gatt_db
06-13 20:08:25.759 D/BluetoothGatt( 1039): onSearchComplete() = Device=E4:BB:D3:57:C0:7D Status=0
06-13 20:08:25.894 E/WifiHAL ( 662): wifi_get_link_stats: requestResponse Error:-5
06-13 20:08:25.896 E/WifiVendorHal( 485): getWifiLinkLayerStats_1_5_Internal(l.1191) failed {.code = ERROR_INVALID_ARGS, .description = }
06-13 20:08:25.921 D/ConnectivityService( 485): requestNetwork for uid/pid:1000/2793 activeRequest: null callbackRequest: 35 [NetworkRequest [ REQUEST id=36, [ Capabilities: INTERNET&NOT_RESTRICTED&TRUSTED&NOT_VCN_MANAGED Uid: 1000 RequestorUid: 1000 RequestorPkg: com.dangbei.haqusetting] ]] callback flags: 0 priority: 2147483647
06-13 20:08:25.922 D/ConnectivityService( 485): NetReassign [36 : null → 100]
06-13 20:08:25.920 I/cling--ap-1( 2259): type=1400 audit(0.0:1027): avc: denied { search } for name="net" dev="sysfs" ino=10442 scontext=u:r:platform_app:s0:c512,c768 tcontext=u:object_r:sysfs_net:s0 tclass=dir permissive=1 app=com.dangbei.screencast
06-13 20:08:25.925 D/Ethernet( 485): got request NetworkRequest [ REQUEST id=36, [ Capabilities: INTERNET&NOT_RESTRICTED&TRUSTED&NOT_VCN_MANAGED Uid: 1000 RequestorUid: 1000 RequestorPkg: com.dangbei.haqusetting] ]
06-13 20:08:25.926 D/EthernetNetworkFactory( 485): acceptRequest, request: NetworkRequest [ REQUEST id=36, [ Capabilities: INTERNET&NOT_RESTRICTED&TRUSTED&NOT_VCN_MANAGED Uid: 1000 RequestorUid: 1000 RequestorPkg: com.dangbei.haqusetting] ]
06-13 20:08:25.926 I/EthernetNetworkFactory( 485): networkForRequest, request: NetworkRequest [ REQUEST id=36, [ Capabilities: INTERNET&NOT_RESTRICTED&TRUSTED&NOT_VCN_MANAGED Uid: 1000 RequestorUid: 1000 RequestorPkg: com.dangbei.haqusetting] ], network: null
06-13 20:08:25.927 D/WifiNetworkFactory( 485): got request NetworkRequest [ REQUEST id=36, [ Capabilities: INTERNET&NOT_RESTRICTED&TRUSTED&NOT_VCN_MANAGED Uid: 1000 RequestorUid: 1000 RequestorPkg: com.dangbei.haqusetting] ]
06-13 20:08:25.927 I/DefaultIMS( 2714): onStartInput attribute=android.view.inputmethod.EditorInfo@7eb4d73 restarting=false inputType: 0
06-13 20:08:25.924 I/cling--ap-1( 2259): type=1400 audit(0.0:1028): avc: denied { read } for name="address" dev="sysfs" ino=16906 scontext=u:r:platform_app:s0:c512,c768 tcontext=u:object_r:sysfs_net:s0 tclass=file permissive=1 app=com.dangbei.screencast
06-13 20:08:25.928 D/UntrustedWifiNetworkFactory( 485): got request NetworkRequest [ REQUEST id=36, [ Capabilities: INTERNET&NOT_RESTRICTED&TRUSTED&NOT_VCN_MANAGED Uid: 1000 RequestorUid: 1000 RequestorPkg: com.dangbei.haqusetting] ]
06-13 20:08:25.928 D/OemPaidWifiNetworkFactory( 485): got request NetworkRequest [ REQUEST id=36, [ Capabilities: INTERNET&NOT_RESTRICTED&TRUSTED&NOT_VCN_MANAGED Uid: 1000 RequestorUid: 1000 RequestorPkg: com.dangbei.haqusetting] ]
06-13 20:08:25.928 I/cling--ap-1( 2259): type=1400 audit(0.0:1029): avc: denied { open } for path="/sys/devices/virtual/net/dummy0/address" dev="sysfs" ino=16906 scontext=u:r:platform_app:s0:c512,c768 tcontext=u:object_r:sysfs_net:s0 tclass=file permissive=1 app=com.dangbei.screencast
06-13 20:08:25.935 W/audit ( 2683): audit_lost=539 audit_rate_limit=5 audit_backlog_limit=64
06-13 20:08:25.935 E/audit ( 2683): rate limit exceeded
06-13 20:08:26.070 D/bbb ( 1185): onStartCommand begin !!!!!!! data分区剩余 24689MB
06-13 20:08:26.070 D/aaa ( 1146): LedStatusService onStartCommand begin
06-13 20:08:26.072 D/aaa ( 1146): topPkg is -------------- :com.dangbei.haqusetting
06-13 20:08:26.084 I/WifiService( 485): startScan uid=1000
06-13 20:08:26.105 I/WifiService( 485): startScan uid=1000
06-13 20:08:26.133 I/WifiService( 485): startScan uid=1000
06-13 20:08:26.134 W/IorapForwardingService( 485): No service published for: iorapd
06-13 20:08:26.257 D/skia ( 2793): --- Failed to create image decoder with message 'unimplemented'
06-13 20:08:26.258 D/skia ( 2793): --- Failed to create image decoder with message 'unimplemented'
06-13 20:08:26.259 D/skia ( 2793): --- Failed to create image decoder with message 'unimplemented'
06-13 20:08:26.260 D/skia ( 2793): --- Failed to create image decoder with message 'unimplemented'
06-13 20:08:26.261 D/skia ( 2793): --- Failed to create image decoder with message 'unimplemented'
06-13 20:08:26.262 D/skia ( 2793): --- Failed to create image decoder with message 'unimplemented'
06-13 20:08:26.275 D/skia ( 2793): --- Failed to create image decoder with message 'unimplemented'
06-13 20:08:26.277 D/skia ( 2793): --- Failed to create image decoder with message 'unimplemented'
06-13 20:08:26.277 D/skia ( 2793): --- Failed to create image decoder with message 'unimplemented'
06-13 20:08:26.278 D/skia ( 2793): --- Failed to create image decoder with message 'unimplemented'
06-13 20:08:26.279 D/skia ( 2793): --- Failed to create image decoder with message 'unimplemented'
06-13 20:08:26.280 D/skia ( 2793): --- Failed to create image decoder with message 'unimplemented'
06-13 20:08:26.312 D/skia ( 2793): --- Failed to create image decoder with message 'unimplemented'
06-13 20:08:26.313 D/skia ( 2793): --- Failed to create image decoder with message 'unimplemented'
06-13 20:08:26.314 D/skia ( 2793): --- Failed to create image decoder with message 'unimplemented'
06-13 20:08:26.315 D/skia ( 2793): --- Failed to create image decoder with message 'unimplemented'
06-13 20:08:26.316 D/skia ( 2793): --- Failed to create image decoder with message 'unimplemented'
06-13 20:08:26.317 D/skia ( 2793): --- Failed to create image decoder with message 'unimplemented'
06-13 20:08:27.038 D/XM_HIDREAD( 328): poll ret=1, event=1
06-13 20:08:27.038 D/XM_HIDREAD( 328): [9 bytes]:01 00 00 50 00 00 00 00 00
06-13 20:08:27.039 D/TvWindowManager( 485): key event key = KEYCODE_DPAD_LEFT down = true
06-13 20:08:27.040 D/GpioService( 485): mFlickerEnable = true
06-13 20:08:27.042 I/SogouIME( 2714): onKeyDown: keyoCode=21
06-13 20:08:27.042 I/DefaultIMS( 2714): onKeyDown: keyoCode=21
06-13 20:08:27.071 E/ccc ( 1039): cccccc hhhhhhhhhh RC version is DB-15B-H5-R0111
06-13 20:08:27.073 E/RCInfo ( 1039): vid:000d
06-13 20:08:27.073 E/RCInfo ( 1039): pid:3838
06-13 20:08:27.073 E/RCInfo ( 1039): vid:000d
06-13 20:08:27.074 E/RCInfo ( 1039): pid:3838
06-13 20:08:27.076 E/ccc ( 1039): cccccc 实时获取遥控器版本 DB-15B-H5-R0111
06-13 20:08:27.077 I/DefaultIMS( 2714): onStartInput attribute=android.view.inputmethod.EditorInfo@abb3430 restarting=false inputType: 0
06-13 20:08:27.136 W/IorapForwardingService( 485): No service published for: iorapd
06-13 20:08:27.138 D/XM_HIDREAD( 328): poll ret=1, event=1
06-13 20:08:27.138 D/XM_HIDREAD( 328): [9 bytes]:01 00 00 00 00 00 00 00 00
06-13 20:08:27.139 D/TvWindowManager( 485): key event key = KEYCODE_DPAD_LEFT down = false
06-13 20:08:27.143 I/SogouIME( 2714): onKeyUp: keyoCode=21
06-13 20:08:27.143 I/DefaultIMS( 2714): onKeyUp: keyoCode=21
06-13 20:08:27.202 I/bei.haqusettin( 2793): Background young concurrent copying GC freed 36095(2492KB) AllocSpace objects, 9(612KB) LOS objects, 84% free, 4374KB/28MB, paused 250us total 122.769ms
06-13 20:08:27.387 D/XM_HIDREAD( 328): poll ret=1, event=1
06-13 20:08:27.387 D/XM_HIDREAD( 328): [9 bytes]:01 00 00 51 00 00 00 00 00
06-13 20:08:27.387 D/TvWindowManager( 485): key event key = KEYCODE_DPAD_DOWN down = true
06-13 20:08:27.388 D/GpioService( 485): mFlickerEnable = true
06-13 20:08:27.499 D/TvWindowManager( 485): key event key = KEYCODE_DPAD_DOWN down = false
06-13 20:08:27.499 D/XM_HIDREAD( 328): poll ret=1, event=1
06-13 20:08:27.499 D/XM_HIDREAD( 328): [9 bytes]:01 00 00 00 00 00 00 00 00
06-13 20:08:27.538 D/GpioService( 485): mFlickerEnable = true
06-13 20:08:27.540 I/SogouIME( 2714): onKeyDown: keyoCode=20
06-13 20:08:27.540 I/DefaultIMS( 2714): onKeyDown: keyoCode=20
06-13 20:08:27.549 I/SogouIME( 2714): onKeyUp: keyoCode=20
06-13 20:08:27.549 I/DefaultIMS( 2714): onKeyUp: keyoCode=20
06-13 20:08:27.568 I/DefaultIMS( 2714): onStartInput attribute=android.view.inputmethod.EditorInfo@8bc08a9 restarting=false inputType: 0
06-13 20:08:27.901 D/WifiNl80211Manager( 485): Scan result ready event
06-13 20:08:27.901 D/WifiNative( 485): Scan result ready event
06-13 20:08:28.006 E/ccc ( 2793): cccccc SCAN_RESULTS_AVAILABLE_ACTION hhhh
06-13 20:08:28.004 I/locHandlerThrea( 2534): type=1400 audit(0.0:1034): avc: denied { lock } for path="/data/user/0/com.dangbei.screencast/files/TDCloud_Control_Cache_Param4" dev="mmcblk0p25" ino=2101 scontext=u:r:platform_app:s0:c512,c768 tcontext=u:object_r:app_data_file:s0:c512,c768 tclass=file permissive=1 app=com.dangbei.screencast
06-13 20:08:28.022 E/WifiHAL ( 662): wifi_get_link_stats: requestResponse Error:-5
06-13 20:08:28.023 E/hq ( 1101): NetWorkStateReceiver:::NetWorkStateReceiver onReceive: 网络变化广播 >>>> intent.action=android.net.wifi.SCAN_RESULTS
06-13 20:08:28.024 E/WifiVendorHal( 485): getWifiLinkLayerStats_1_5_Internal(l.1191) failed {.code = ERROR_INVALID_ARGS, .description = }
06-13 20:08:28.024 I/locHandlerThrea( 2259): type=1400 audit(0.0:1035): avc: denied { search } for name="com.dangbei.screencast" dev="mmcblk0p25" ino=889 scontext=u:r:platform_app:s0:c512,c768 tcontext=u:object_r:app_data_file:s0:c512,c768 tclass=dir permissive=1 app=com.dangbei.screencast
06-13 20:08:28.032 I/pool-5-thread-1( 2259): type=1400 audit(0.0:1036): avc: denied { getattr } for path="/data/user/0/com.dangbei.screencast/files/__database_reborn_January_one__/td_database2SaaS" dev="mmcblk0p25" ino=2151 scontext=u:r:platform_app:s0:c512,c768 tcontext=u:object_r:app_data_file:s0:c512,c768 tclass=dir permissive=1 app=com.dangbei.screencast
06-13 20:08:28.032 I/pool-5-thread-1( 2259): type=1400 audit(0.0:1037): avc: denied { read } for name="td_database2SaaS" dev="mmcblk0p25" ino=2151 scontext=u:r:platform_app:s0:c512,c768 tcontext=u:object_r:app_data_file:s0:c512,c768 tclass=dir permissive=1 app=com.dangbei.screencast
06-13 20:08:28.032 I/pool-5-thread-1( 2259): type=1400 audit(0.0:1038): avc: denied { open } for path="/data/user/0/com.dangbei.screencast/files/__database_reborn_January_one__/td_database2SaaS" dev="mmcblk0p25" ino=2151 scontext=u:r:platform_app:s0:c512,c768 tcontext=u:object_r:app_data_file:s0:c512,c768 tclass=dir permissive=1 app=com.dangbei.screencast
06-13 20:08:28.040 W/audit ( 2611): audit_lost=543 audit_rate_limit=5 audit_backlog_limit=64
06-13 20:08:28.040 E/audit ( 2611): rate limit exceeded
06-13 20:08:28.048 W/eventbuscore( 1101): post Event:com.dangbei.leard.base.entity.event.NetWifiRssiEvent
06-13 20:08:28.138 W/IorapForwardingService( 485): No service published for: iorapd
06-13 20:08:28.139 D/XM_HIDREAD( 328): poll ret=1, event=1
06-13 20:08:28.139 D/XM_HIDREAD( 328): [9 bytes]:01 00 00 28 00 00 00 00 00
06-13 20:08:28.139 D/TvWindowManager( 485): key event key = KEYCODE_DPAD_CENTER down = true
06-13 20:08:28.140 D/GpioService( 485): mFlickerEnable = true
06-13 20:08:28.252 D/XM_HIDREAD( 328): poll ret=1, event=1
06-13 20:08:28.252 D/XM_HIDREAD( 328): [9 bytes]:01 00 00 00 00 00 00 00 00
06-13 20:08:28.252 D/TvWindowManager( 485): key event key = KEYCODE_DPAD_CENTER down = false
06-13 20:08:28.291 D/GpioService( 485): mFlickerEnable = true
06-13 20:08:28.293 I/SogouIME( 2714): onKeyDown: keyoCode=23
06-13 20:08:28.293 I/DefaultIMS( 2714): onKeyDown: keyoCode=23
06-13 20:08:28.297 I/SogouIME( 2714): onKeyUp: keyoCode=23
06-13 20:08:28.297 I/DefaultIMS( 2714): onKeyUp: keyoCode=23
06-13 20:08:28.324 D/ConnectivityService( 485): NetReassign [no changes]
06-13 20:08:28.359 I/DefaultIMS( 2714): onStartInput attribute=android.view.inputmethod.EditorInfo@aa6b92 restarting=false inputType: 0
06-13 20:08:28.430 I/DefaultIMS( 2714): onStartInput attribute=android.view.inputmethod.EditorInfo@a427963 restarting=false inputType: 0
06-13 20:08:28.909 E/WifiHAL ( 662): wifi_get_link_stats: requestResponse Error:-5
06-13 20:08:28.912 E/WifiVendorHal( 485): getWifiLinkLayerStats_1_5_Internal(l.1191) failed {.code = ERROR_INVALID_ARGS, .description = }
06-13 20:08:29.029 D/XM_HIDREAD( 328): poll ret=1, event=1
06-13 20:08:29.029 D/XM_HIDREAD( 328): [9 bytes]:01 00 00 51 00 00 00 00 00
06-13 20:08:29.029 D/TvWindowManager( 485): key event key = KEYCODE_DPAD_DOWN down = true
06-13 20:08:29.031 D/GpioService( 485): mFlickerEnable = true
06-13 20:08:29.140 W/IorapForwardingService( 485): No service published for: iorapd
06-13 20:08:29.160 E/TaskPersister( 485): File error accessing recents directory (directory doesn't exist?).
06-13 20:08:29.175 D/XM_HIDREAD( 328): poll ret=1, event=1
06-13 20:08:29.175 D/XM_HIDREAD( 328): [9 bytes]:01 00 00 00 00 00 00 00 00
06-13 20:08:29.175 D/TvWindowManager( 485): key event key = KEYCODE_DPAD_DOWN down = false
06-13 20:08:29.180 D/GpioService( 485): mFlickerEnable = true
06-13 20:08:29.181 I/SogouIME( 2714): onKeyDown: keyoCode=20
06-13 20:08:29.182 I/DefaultIMS( 2714): onKeyDown: keyoCode=20
06-13 20:08:29.191 I/DefaultIMS( 2714): onStartInput attribute=android.view.inputmethod.EditorInfo@1d3daea restarting=false inputType: 0
06-13 20:08:29.192 I/SogouIME( 2714): onKeyUp: keyoCode=20
06-13 20:08:29.192 I/DefaultIMS( 2714): onKeyUp: keyoCode=20
06-13 20:08:29.236 W/hdr10p_Configure( 421): 235 callbacks suppressed
06-13 20:08:29.236 I/ ( 421): DVI mode selected: packets not configured
06-13 20:08:29.237 W/set_vsif_config( 421): 235 callbacks suppressed
06-13 20:08:29.237 I/ ( 421): Error: set vsif failed
06-13 20:08:29.237 I/ ( 421): DVI mode selected: packets not configured
06-13 20:08:29.237 I/ ( 421): Error: set vsif failed
06-13 20:08:29.236 I/ModuleDataForwa( 2259): type=1400 audit(0.0:1044): avc: denied { remove_name } for name="TD_IP_CACHE.xml" dev="mmcblk0p25" ino=9954 scontext=u:r:platform_app:s0:c512,c768 tcontext=u:object_r:app_data_file:s0:c512,c768 tclass=dir permissive=1 app=com.dangbei.screencast
06-13 20:08:29.236 I/ModuleDataForwa( 2259): type=1400 audit(0.0:1045): avc: denied { rename } for name="TD_IP_CACHE.xml" dev="mmcblk0p25" ino=9954 scontext=u:r:platform_app:s0:c512,c768 tcontext=u:object_r:app_data_file:s0:c512,c768 tclass=file permissive=1 app=com.dangbei.screencast
06-13 20:08:29.236 I/ModuleDataForwa( 2259): type=1400 audit(0.0:1046): avc: denied { setattr } for name="TD_IP_CACHE.xml" dev="mmcblk0p25" ino=9970 scontext=u:r:platform_app:s0:c512,c768 tcontext=u:object_r:app_data_file:s0:c512,c768 tclass=file permissive=1 app=com.dangbei.screencast
06-13 20:08:29.236 I/ModuleDataForwa( 2259): type=1400 audit(0.0:1047): avc: denied { unlink } for name="TD_IP_CACHE.xml.bak" dev="mmcblk0p25" ino=9954 scontext=u:r:platform_app:s0:c512,c768 tcontext=u:object_r:app_data_file:s0:c512,c768 tclass=file permissive=1 app=com.dangbei.screencast
06-13 20:08:29.784 I/rainbow_flow( 1936): type=1400 audit(0.0:1048): avc: denied { ioctl } for path="/dev/spidev1.0" dev="tmpfs" ino=249 ioctlcmd=0x6b00 scontext=u:r:init:s0 tcontext=u:object_r:device:s0 tclass=chr_file permissive=1
06-13 20:08:30.143 W/IorapForwardingService( 485): No service published for: iorapd
06-13 20:08:30.474 I/ ( 421): DVI mode selected: packets not configured
06-13 20:08:30.474 I/ ( 421): Error: set vsif failed
06-13 20:08:30.475 I/ ( 421): DVI mode selected: packets not configured
06-13 20:08:30.475 I/ ( 421): Error: set vsif failed
06-13 20:08:30.497 I/ ( 421): DVI mode selected: packets not configured
06-13 20:08:30.497 I/ ( 421): Error: set vsif failed
06-13 20:08:30.497 I/ ( 421): DVI mode selected: packets not configured
06-13 20:08:30.497 I/ ( 421): Error: set vsif failed
06-13 20:08:30.516 I/ ( 421): DVI mode selected: packets not configured
06-13 20:08:30.516 I/ ( 421): Error: set vsif failed
06-13 20:08:30.516 I/ ( 421): DVI mode selected: packets not configured
06-13 20:08:30.516 I/ ( 421): Error: set vsif failed
06-13 20:08:30.537 I/ ( 421): DVI mode selected: packets not configured
06-13 20:08:30.537 I/ ( 421): Error: set vsif failed
06-13 20:08:30.538 I/ ( 421): DVI mode selected: packets not configured
06-13 20:08:30.538 I/ ( 421): Error: set vsif failed
06-13 20:08:30.817 D/XM_HIDREAD( 328): poll ret=1, event=1
06-13 20:08:30.817 D/XM_HIDREAD( 328): [9 bytes]:01 00 00 52 00 00 00 00 00
06-13 20:08:30.818 D/TvWindowManager( 485): key event key = KEYCODE_DPAD_UP down = true
06-13 20:08:30.819 D/GpioService( 485): mFlickerEnable = true
06-13 20:08:30.821 I/SogouIME( 2714): onKeyDown: keyoCode=19
06-13 20:08:30.822 I/DefaultIMS( 2714): onKeyDown: keyoCode=19
06-13 20:08:30.830 I/DefaultIMS( 2714): onStartInput attribute=android.view.inputmethod.EditorInfo@83c878d restarting=false inputType: 0
06-13 20:08:30.940 D/XM_HIDREAD( 328): poll ret=1, event=1
06-13 20:08:30.940 D/XM_HIDREAD( 328): [9 bytes]:01 00 00 00 00 00 00 00 00
06-13 20:08:30.941 D/TvWindowManager( 485): key event key = KEYCODE_DPAD_UP down = false
06-13 20:08:30.943 I/SogouIME( 2714): onKeyUp: keyoCode=19
06-13 20:08:30.943 I/DefaultIMS( 2714): onKeyUp: keyoCode=19
06-13 20:08:31.145 W/IorapForwardingService( 485): No service published for: iorapd
06-13 20:08:31.252 D/UtilLog ( 2132): 日志批量上报 进行正常循环 !!!!!!本次有0次请求,共0条数据
06-13 20:08:31.929 E/WifiHAL ( 662): wifi_get_link_stats: requestResponse Error:-5
06-13 20:08:31.931 E/WifiVendorHal( 485): getWifiLinkLayerStats_1_5_Internal(l.1191) failed {.code = ERROR_INVALID_ARGS, .description = }
06-13 20:08:32.147 W/IorapForwardingService( 485): No service published for: iorapd
06-13 20:08:33.150 W/IorapForwardingService( 485): No service published for: iorapd
06-13 20:08:34.122 D/aaa ( 1146): LedStatusService onStartCommand begin
06-13 20:08:34.123 D/aaa ( 1146): topPkg is -------------- :com.dangbei.haqusetting
06-13 20:08:34.124 D/bbb ( 1185): onStartCommand begin !!!!!!! data分区剩余 24689MB
06-13 20:08:34.152 W/IorapForwardingService( 485): No service published for: iorapd
06-13 20:08:34.920 I/cling--ap-1( 2259): type=1400 audit(0.0:1049): avc: denied { read } for name="address" dev="sysfs" ino=28050 scontext=u:r:platform_app:s0:c512,c768 tcontext=u:object_r:sysfs:s0 tclass=file permissive=1 app=com.dangbei.screencast
06-13 20:08:34.920 I/cling--ap-1( 2259): type=1400 audit(0.0:1050): avc: denied { open } for path="/sys/devices/platform/unisoc_wifi/net/wlan1/address" dev="sysfs" ino=28050 scontext=u:r:platform_app:s0:c512,c768 tcontext=u:object_r:sysfs:s0 tclass=file permissive=1 app=com.dangbei.screencast
06-13 20:08:34.920 I/cling--ap-1( 2259): type=1400 audit(0.0:1051): avc: denied { getattr } for path="/sys/devices/platform/unisoc_wifi/net/wlan1/address" dev="sysfs" ino=28050 scontext=u:r:platform_app:s0:c512,c768 tcontext=u:object_r:sysfs:s0 tclass=file permissive=1 app=com.dangbei.screencast
06-13 20:08:34.941 E/WifiHAL ( 662): wifi_get_link_stats: requestResponse Error:-5
06-13 20:08:34.942 E/WifiVendorHal( 485): getWifiLinkLayerStats_1_5_Internal(l.1191) failed {.code = ERROR_INVALID_ARGS, .description = }
06-13 20:08:35.153 W/IorapForwardingService( 485): No service published for: iorapd
06-13 20:08:36.009 I/TDLog ( 2132): [APP] New data found, Submitting...
06-13 20:08:36.020 I/TDLog ( 2132): [APP] Failed to submit data!
06-13 20:08:36.154 W/IorapForwardingService( 485): No service published for: iorapd
06-13 20:08:36.251 D/CompatibilityChangeReporter( 485): Compat change id reported: 168419799; UID 10073; state: DISABLED
06-13 20:08:36.261 I/PermissionControllerServiceImpl( 1747): Updating user sensitive for user 0
06-13 20:08:36.474 W/hdr10p_Configure( 421): 134 callbacks suppressed
06-13 20:08:36.474 I/ ( 421): DVI mode selected: packets not configured
06-13 20:08:36.474 W/set_vsif_config( 421): 134 callbacks suppressed
06-13 20:08:36.474 I/ ( 421): Error: set vsif failed
06-13 20:08:36.474 I/ ( 421): DVI mode selected: packets not configured
06-13 20:08:36.474 I/ ( 421): Error: set vsif failed
06-13 20:08:36.495 I/ ( 421): DVI mode selected: packets not configured
06-13 20:08:36.495 I/ ( 421): Error: set vsif failed
06-13 20:08:36.495 I/ ( 421): DVI mode selected: packets not configured
06-13 20:08:36.495 I/ ( 421): Error: set vsif failed
06-13 20:08:36.514 I/ ( 421): DVI mode selected: packets not configured
06-13 20:08:36.514 I/ ( 421): Error: set vsif failed
06-13 20:08:36.514 I/ ( 421): DVI mode selected: packets not configured
06-13 20:08:36.514 I/ ( 421): Error: set vsif failed
06-13 20:08:36.533 I/ ( 421): DVI mode selected: packets not configured
06-13 20:08:36.533 I/ ( 421): Error: set vsif failed
06-13 20:08:36.533 I/ ( 421): DVI mode selected: packets not configured
06-13 20:08:36.533 I/ ( 421): Error: set vsif failed
06-13 20:08:36.553 I/ ( 421): DVI mode selected: packets not configured
06-13 20:08:36.553 I/ ( 421): Error: set vsif failed
06-13 20:08:36.553 I/ ( 421): DVI mode selected: packets not configured
06-13 20:08:36.553 I/ ( 421): Error: set vsif failed
06-13 20:08:37.157 W/IorapForwardingService( 485): No service published for: iorapd
06-13 20:08:37.953 E/WifiHAL ( 662): wifi_get_link_stats: requestResponse Error:-5
06-13 20:08:37.955 E/WifiVendorHal( 485): getWifiLinkLayerStats_1_5_Internal(l.1191) failed {.code = ERROR_INVALID_ARGS, .description = }
06-13 20:08:38.159 W/IorapForwardingService( 485): No service published for: iorapd
06-13 20:08:38.737 D/hdmi-cec( 273): receive invalid cec message!
06-13 20:08:38.737 D/hdmi-cec( 273): receive poll message [04], skip!
06-13 20:08:39.102 W/ZramWriteback( 485): Writeback device is not set
06-13 20:08:39.102 D/ZramWriteback( 485): wait to flush
06-13 20:08:39.162 W/IorapForwardingService( 485): No service published for: iorapd
06-13 20:08:40.164 W/IorapForwardingService( 485): No service published for: iorapd
06-13 20:08:40.363 W/HdmiCecController( 485): Failed to send 40:90:02 with errorCode=1
06-13 20:08:40.974 E/WifiHAL ( 662): wifi_get_link_stats: requestResponse Error:-5
06-13 20:08:40.976 E/WifiVendorHal( 485): getWifiLinkLayerStats_1_5_Internal(l.1191) failed {.code = ERROR_INVALID_ARGS, .description = }
06-13 20:08:41.167 W/IorapForwardingService( 485): No service published for: iorapd
06-13 20:08:41.231 D/UtilLog ( 2132): 日志批量上报 进行正常循环 !!!!!!本次有0次请求,共0条数据
06-13 20:08:42.169 W/IorapForwardingService( 485): No service published for: iorapd
06-13 20:08:42.180 D/bbb ( 1185): onStartCommand begin !!!!!!! data分区剩余 24689MB
06-13 20:08:42.185 D/aaa ( 1146): LedStatusService onStartCommand begin
06-13 20:08:42.187 D/aaa ( 1146): topPkg is -------------- :com.dangbei.haqusetting
06-13 20:08:42.505 W/hdr10p_Configure( 421): 136 callbacks suppressed
06-13 20:08:42.505 I/ ( 421): DVI mode selected: packets not configured
06-13 20:08:42.505 W/set_vsif_config( 421): 136 callbacks suppressed
06-13 20:08:42.505 I/ ( 421): Error: set vsif failed
06-13 20:08:42.506 I/ ( 421): DVI mode selected: packets not configured
06-13 20:08:42.506 I/ ( 421): Error: set vsif failed
06-13 20:08:42.526 I/ ( 421): DVI mode selected: packets not configured
06-13 20:08:42.526 I/ ( 421): Error: set vsif failed
06-13 20:08:42.526 I/ ( 421): DVI mode selected: packets not configured
06-13 20:08:42.526 I/ ( 421): Error: set vsif failed
06-13 20:08:42.545 I/ ( 421): DVI mode selected: packets not configured
06-13 20:08:42.545 I/ ( 421): Error: set vsif failed
06-13 20:08:42.545 I/ ( 421): DVI mode selected: packets not configured
06-13 20:08:42.545 I/ ( 421): Error: set vsif failed
06-13 20:08:42.564 I/ ( 421): DVI mode selected: packets not configured
06-13 20:08:42.564 I/ ( 421): Error: set vsif failed
06-13 20:08:42.564 I/ ( 421): DVI mode selected: packets not configured
06-13 20:08:42.564 I/ ( 421): Error: set vsif failed
06-13 20:08:42.571 I/ ( 421): DVI mode selected: packets not configured
06-13 20:08:42.571 I/ ( 421): Error: set vsif failed
06-13 20:08:42.571 I/ ( 421): DVI mode selected: packets not configured
06-13 20:08:42.571 I/ ( 421): Error: set vsif failed
06-13 20:08:43.172 W/IorapForwardingService( 485): No service published for: iorapd
06-13 20:08:43.995 E/WifiHAL ( 662): wifi_get_link_stats: requestResponse Error:-5
06-13 20:08:43.997 E/WifiVendorHal( 485): getWifiLinkLayerStats_1_5_Internal(l.1191) failed {.code = ERROR_INVALID_ARGS, .description = }
06-13 20:08:44.174 W/IorapForwardingService( 485): No service published for: iorapd
06-13 20:08:45.177 W/IorapForwardingService( 485): No service published for: iorapd
06-13 20:08:46.179 W/IorapForwardingService( 485): No service published for: iorapd
06-13 20:08:47.012 E/WifiHAL ( 662): wifi_get_link_stats: requestResponse Error:-5
06-13 20:08:47.015 E/WifiVendorHal( 485): getWifiLinkLayerStats_1_5_Internal(l.1191) failed {.code = ERROR_INVALID_ARGS, .description = }
06-13 20:08:47.182 W/IorapForwardingService( 485): No service published for: iorapd
06-13 20:08:48.184 W/IorapForwardingService( 485): No service published for: iorapd
06-13 20:08:48.516 W/hdr10p_Configure( 421): 138 callbacks suppressed
06-13 20:08:48.516 I/ ( 421): DVI mode selected: packets not configured
06-13 20:08:48.516 W/set_vsif_config( 421): 138 callbacks suppressed
06-13 20:08:48.516 I/ ( 421): Error: set vsif failed
06-13 20:08:48.516 I/ ( 421): DVI mode selected: packets not configured
06-13 20:08:48.516 I/ ( 421): Error: set vsif failed
06-13 20:08:48.538 I/ ( 421): DVI mode selected: packets not configured
06-13 20:08:48.538 I/ ( 421): Error: set vsif failed
06-13 20:08:48.538 I/ ( 421): DVI mode selected: packets not configured
06-13 20:08:48.538 I/ ( 421): Error: set vsif failed
06-13 20:08:48.556 I/ ( 421): DVI mode selected: packets not configured
06-13 20:08:48.556 I/ ( 421): Error: set vsif failed
06-13 20:08:48.556 I/ ( 421): DVI mode selected: packets not configured
06-13 20:08:48.556 I/ ( 421): Error: set vsif failed
06-13 20:08:48.576 I/ ( 421): DVI mode selected: packets not configured
06-13 20:08:48.576 I/ ( 421): Error: set vsif failed
06-13 20:08:48.576 I/ ( 421): DVI mode selected: packets not configured
06-13 20:08:48.576 I/ ( 421): Error: set vsif failed
06-13 20:08:48.587 I/ ( 421): DVI mode selected: packets not configured
06-13 20:08:48.587 I/ ( 421): Error: set vsif failed
06-13 20:08:48.588 I/ ( 421): DVI mode selected: packets not configured
06-13 20:08:48.588 I/ ( 421): Error: set vsif failed
06-13 20:08:49.186 W/IorapForwardingService( 485): No service published for: iorapd
06-13 20:08:50.033 E/WifiHAL ( 662): wifi_get_link_stats: requestResponse Error:-5
06-13 20:08:50.035 E/WifiVendorHal( 485): getWifiLinkLayerStats_1_5_Internal(l.1191) failed {.code = ERROR_INVALID_ARGS, .description = }
06-13 20:08:50.132 I/Thread-2( 2932): type=1400 audit(0.0:1052): avc: denied { execute } for name="am" dev="dm-5" ino=1160 scontext=u:r:system_app:s0 tcontext=u:object_r:vendor_file:s0 tclass=file permissive=1
06-13 20:08:50.132 I/Thread-2( 2932): type=1400 audit(0.0:1053): avc: denied { read open } for path="/vendor/xbin/am" dev="dm-5" ino=1160 scontext=u:r:system_app:s0 tcontext=u:object_r:vendor_file:s0 tclass=file permissive=1
06-13 20:08:50.132 I/Thread-2( 2932): type=1400 audit(0.0:1054): avc: denied { execute_no_trans } for path="/vendor/xbin/am" dev="dm-5" ino=1160 scontext=u:r:system_app:s0 tcontext=u:object_r:vendor_file:s0 tclass=file permissive=1
06-13 20:08:50.188 W/IorapForwardingService( 485): No service published for: iorapd
06-13 20:08:50.198 D/aaa ( 1146): LedStatusService onStartCommand begin
06-13 20:08:50.200 D/aaa ( 1146): topPkg is -------------- :com.dangbei.haqusetting
06-13 20:08:50.203 D/bbb ( 1185): onStartCommand begin !!!!!!! data分区剩余 24689MB
06-13 20:08:50.543 W/ActivityManager( 485): Stopping service due to app idle: u0a57 -1m0s105ms com.android.tv/.dvr.recorder.DvrRecordingService
06-13 20:08:50.548 I/ActivityManager( 485): Killing 1537:com.android.dynsystem:dynsystem/1000 (adj 975): empty #17
06-13 20:08:50.551 I/libprocessgroup( 485): Successfully killed process cgroup uid 1000 pid 1537 in 0ms
06-13 20:08:50.580 I/Zygote ( 255): Process 1537 exited due to signal 9 (Killed)
06-13 20:08:51.191 W/IorapForwardingService( 485): No service published for: iorapd
06-13 20:08:51.257 D/UtilLog ( 2132): 日志批量上报 进行正常循环 !!!!!!本次有0次请求,共0条数据
06-13 20:08:51.525 D/CompatibilityChangeReporter( 485): Compat change id reported: 168419799; UID 1000; state: DISABLED
06-13 20:08:51.541 I/BackgroundDexOptService( 485): Performing idle optimizations
06-13 20:08:51.618 E/cutils-trace( 2944): Error opening trace file: No such file or directory (2)
06-13 20:08:51.869 D/WifiNl80211Manager( 485): Scan result ready event
06-13 20:08:51.869 D/WifiNative( 485): Scan result ready event
06-13 20:08:51.906 I/BackgroundDexOptService( 485): Pinning optimized code {}
06-13 20:08:51.906 I/BackgroundDexOptService( 485): Idle optimizations completed.
06-13 20:08:51.925 D/WificondScannerImpl( 485): Filtering out 57 scan results.
06-13 20:08:51.929 E/WifiHAL ( 662): wifi_get_link_stats: requestResponse Error:-5
06-13 20:08:51.932 E/WifiVendorHal( 485): getWifiLinkLayerStats_1_5_Internal(l.1191) failed {.code = ERROR_INVALID_ARGS, .description = }
06-13 20:08:52.193 W/IorapForwardingService( 485): No service published for: iorapd
06-13 20:08:53.049 E/WifiHAL ( 662): wifi_get_link_stats: requestResponse Error:-5
06-13 20:08:53.051 E/WifiVendorHal( 485): getWifiLinkLayerStats_1_5_Internal(l.1191) failed {.code = ERROR_INVALID_ARGS, .description = }
06-13 20:08:53.078 I/efs.base( 2259): wa upload succ, HttpResponse {succ=true, code=200, data='暂不支持该服务', extra={req_url=https://errlog.umeng.com/api/crashsdk/logcollect}}
06-13 20:08:53.128 I/ActivityManager( 485): Background started FGS: Allowed [callingPackage: com.dangbei.screencast; callingUid: 10024; uidState: FGS ; intent: Intent { cmp=com.dangbei.screencast/.startup.GuardService }; code:PROC_STATE_FGS; tempAllowListReason:; targetSdkVersion:28; callerTargetSdkVersion:28; startForegroundCount:0; bindFromPackage:null]
06-13 20:08:53.131 D/CompatibilityChangeReporter( 485): Compat change id reported: 135634846; UID 10024; state: DISABLED
06-13 20:08:53.132 D/CompatibilityChangeReporter( 485): Compat change id reported: 143937733; UID 10024; state: DISABLED
06-13 20:08:53.149 D/NsdService( 485): unregister service
06-13 20:08:53.149 W/System.err( 2259): java.net.SocketException: Socket closed
06-13 20:08:53.149 W/System.err( 2259): at java.net.PlainSocketImpl.socketAccept(PlainSocketImpl.java:213)
06-13 20:08:53.149 W/System.err( 2259): at java.net.AbstractPlainSocketImpl.accept(AbstractPlainSocketImpl.java:451)
06-13 20:08:53.149 W/System.err( 2259): at java.net.ServerSocket.implAccept(ServerSocket.java:547)
06-13 20:08:53.149 W/System.err( 2259): at java.net.ServerSocket.accept(ServerSocket.java:515)
06-13 20:08:53.149 W/System.err( 2259): at b.f.f.t.f.run(Unknown Source:40)
06-13 20:08:53.149 W/System.err( 2259): at java.lang.Thread.run(Thread.java:920)
06-13 20:08:53.150 D/NsdService( 485): mdnssd [stop-register, 4]
06-13 20:08:53.151 W/netd ( 254): dnssd_clientstub DNSServiceProcessResult called with NULL DNSServiceRef
06-13 20:08:53.154 D/NsdService( 485): unregister service
06-13 20:08:53.154 D/NsdService( 485): mdnssd [stop-register, 3]
06-13 20:08:53.155 W/netd ( 254): dnssd_clientstub DNSServiceProcessResult called with NULL DNSServiceRef
06-13 20:08:53.157 D/NsdService( 485): unregister service
06-13 20:08:53.158 D/NsdService( 485): mdnssd [stop-register, 5]
06-13 20:08:53.158 D/Zygote ( 255): Forked child process 2962
06-13 20:08:53.158 W/netd ( 254): dnssd_clientstub DNSServiceProcessResult called with NULL DNSServiceRef
06-13 20:08:53.160 I/ActivityManager( 485): app.processName = com.dangbei.screencast:bg_guard
06-13 20:08:53.160 I/ActivityManager( 485): Start proc 2962:com.dangbei.screencast:bg_guard/u0a24 for service {com.dangbei.screencast/com.dangbei.screencast.startup.GuardService}
06-13 20:08:53.161 W/UpnpServiceImpl( 2259): >>> Shutting down UPnP service...
06-13 20:08:53.167 I/Zygote ( 2962): seccomp disabled by setenforce 0
06-13 20:08:53.168 I/shutdown-name( 2259): type=1400 audit(0.0:1055): avc: denied { search } for name="net" dev="sysfs" ino=10442 scontext=u:r:platform_app:s0:c512,c768 tcontext=u:object_r:sysfs_net:s0 tclass=dir permissive=1 app=com.dangbei.screencast
06-13 20:08:53.168 I/shutdown-name( 2259): type=1400 audit(0.0:1056): avc: denied { read } for name="address" dev="sysfs" ino=18892 scontext=u:r:platform_app:s0:c512,c768 tcontext=u:object_r:sysfs_net:s0 tclass=file permissive=1 app=com.dangbei.screencast
06-13 20:08:53.168 I/shutdown-name( 2259): type=1400 audit(0.0:1057): avc: denied { open } for path="/sys/devices/virtual/net/ip6_vti0/address" dev="sysfs" ino=18892 scontext=u:r:platform_app:s0:c512,c768 tcontext=u:object_r:sysfs_net:s0 tclass=file permissive=1 app=com.dangbei.screencast
06-13 20:08:53.168 I/shutdown-name( 2259): type=1400 audit(0.0:1058): avc: denied { getattr } for path="/sys/devices/virtual/net/ip6_vti0/address" dev="sysfs" ino=18892 scontext=u:r:platform_app:s0:c512,c768 tcontext=u:object_r:sysfs_net:s0 tclass=file permissive=1 app=com.dangbei.screencast
06-13 20:08:53.187 I/adbd ( 389): jdwp connection from 2962
06-13 20:08:53.195 W/IorapForwardingService( 485): No service published for: iorapd
