06-13 20:07:34.063 D/XiriService( 319): check file name: /data/data/com.android.location.fused/lib
06-13 20:07:34.069 D/XiriService( 319): check file name: /data/data/com.android.location.fused/lib
06-13 20:07:34.069 D/XiriService( 319): check file name: /data/data/com.android.location.fused/lib
06-13 20:07:34.070 D/XiriService( 319): check file name: /data/data/com.android.location.fused/lib
06-13 20:07:34.070 D/XiriService( 319): check file name: /data/data/com.android.location.fused/lib
06-13 20:07:34.088 V/PackageManager( 485): reconcileAppsData finished 14 packages
06-13 20:07:34.089 I/PackageManagerTiming( 485): write settings
06-13 20:07:34.089 I/SystemServerTimingAsync( 485): InitThreadPoolExec:prepareAppData
06-13 20:07:34.089 D/SystemServerInitThreadPool( 485): Started executing prepareAppData
06-13 20:07:34.089 E/cutils-trace( 354): Error opening trace file: No such file or directory (2)
06-13 20:07:34.093 W/installd( 354): Ignoring /data/data/android/lib with unexpected GID 0 instead of 1000
06-13 20:07:34.094 W/installd( 354): Ignoring /data/data/com.android.providers.settings/lib with unexpected GID 0 instead of 1000
06-13 20:07:34.094 W/installd( 354): Ignoring /data/data/com.android.inputdevices/lib with unexpected GID 0 instead of 1000
06-13 20:07:34.094 W/installd( 354): Ignoring /data/data/android.ext.services/lib with unexpected GID 0 instead of 10075
06-13 20:07:34.095 W/installd( 354): Ignoring /data/data/com.android.location.fused/lib with unexpected GID 0 instead of 1000
06-13 20:07:34.096 W/installd( 354): Ignoring /data/data/com.android.cts.priv.ctsshim/lib with unexpected GID 0 instead of 10018
06-13 20:07:34.097 W/installd( 354): Ignoring /data/data/com.android.dynsystem/lib with unexpected GID 0 instead of 1000
06-13 20:07:34.098 W/installd( 354): Ignoring /data/data/com.dangbei.lerad.rocky/lib with unexpected GID 0 instead of 1000
06-13 20:07:34.099 I/update_engine( 378): [INFO:cleanup_previous_update_action.cc(112)] Executing task 3
06-13 20:07:34.101 W/installd( 354): Ignoring /data/data/com.android.tv.settings/lib with unexpected GID 0 instead of 1000
06-13 20:07:34.101 I/update_engine( 378): [INFO:cleanup_previous_update_action.cc(124)] CleanupPreviousUpdateAction scheduled task ID 4 for WaitBootCompleted
06-13 20:07:34.102 W/installd( 354): Ignoring /data/data/com.oranth.factory/lib with unexpected GID 0 instead of 1000
06-13 20:07:34.104 W/installd( 354): Ignoring /data/data/com.dangbei.zhushou.os/lib with unexpected GID 0 instead of 1000
06-13 20:07:34.107 W/installd( 354): Ignoring /data/data/com.sohu.inputmethod.sogou.tv/lib with unexpected GID 0 instead of 10041
06-13 20:07:34.110 W/installd( 354): Ignoring /data/data/com.oranth.ledstatus/lib with unexpected GID 0 instead of 1000
06-13 20:07:34.111 W/installd( 354): Ignoring /data/data/com.dangbei.lerad.videoposter/lib with unexpected GID 0 instead of 10044
06-13 20:07:34.112 W/installd( 354): Ignoring /data/data/com.android.networkstack/lib with unexpected GID 0 instead of 1073
06-13 20:07:34.120 W/installd( 354): Ignoring /data/data/com.dangbei.screencast/lib with unexpected GID 0 instead of 10024
06-13 20:07:34.122 W/installd( 354): Ignoring /data/data/com.dangbei.leard.leradlauncher/lib with unexpected GID 0 instead of 1000
06-13 20:07:34.124 W/installd( 354): Ignoring /data/data/com.android.printspooler/lib with unexpected GID 0 instead of 10048
06-13 20:07:34.126 W/installd( 354): Ignoring /data/data/com.android.webview/lib with unexpected GID 0 instead of 10060
06-13 20:07:34.127 W/installd( 354): Ignoring /data/data/com.android.bips/lib with unexpected GID 0 instead of 10028
06-13 20:07:34.127 W/installd( 354): Ignoring /data/data/com.oranth.inputmacsn/lib with unexpected GID 0 instead of 1000
06-13 20:07:34.131 W/installd( 354): Ignoring /data/data/com.android.keychain/lib with unexpected GID 0 instead of 1000
06-13 20:07:34.132 W/installd( 354): Ignoring /data/data/com.android.localtransport/lib with unexpected GID 0 instead of 1000
06-13 20:07:34.133 W/installd( 354): Ignoring /data/data/com.android.packageinstaller/lib with unexpected GID 0 instead of 1000
06-13 20:07:34.134 W/installd( 354): Ignoring /data/data/com.oranth.usbopenft/lib with unexpected GID 0 instead of 1000
06-13 20:07:34.135 W/installd( 354): Ignoring /data/data/com.android.networkstack.tethering/lib with unexpected GID 0 instead of 1073
06-13 20:07:34.136 W/installd( 354): Ignoring /data/data/com.dangbei.lerad.etna.haqu/lib with unexpected GID 0 instead of 1000
06-13 20:07:34.136 I/SELinux ( 485): SELinux: Loaded file_contexts
06-13 20:07:34.139 W/installd( 354): Ignoring /data/data/com.oranth.powerwindow/lib with unexpected GID 0 instead of 1000
06-13 20:07:34.146 W/installd( 354): Ignoring /data/data/com.android.networkstack.permissionconfig/lib with unexpected GID 0 instead of 1073
06-13 20:07:34.151 W/installd( 354): Ignoring /data/data/com.dangbei.lerad.screensaver/lib with unexpected GID 0 instead of 10053
06-13 20:07:34.154 W/installd( 354): Ignoring /data/data/com.android.wallpaperbackup/lib with unexpected GID 0 instead of 1000
06-13 20:07:34.156 W/installd( 354): Ignoring /data/data/com.android.providers.media.module/lib with unexpected GID 0 instead of 10074
06-13 20:07:34.157 W/installd( 354): Ignoring /data/data/com.oranth.storage/lib with unexpected GID 0 instead of 1000
06-13 20:07:34.159 W/PackageManager( 485): There should probably be a verifier, but, none were found
06-13 20:07:34.160 W/PackageManager( 485): Domain verification agent not found
06-13 20:07:34.163 W/installd( 354): Ignoring /data/data/com.dangbei.haqusetting/lib with unexpected GID 0 instead of 1000
06-13 20:07:34.165 D/PackageManager( 485): Ephemeral resolver NOT found; no matching intent filters
06-13 20:07:34.166 D/PackageManager( 485): Instant App installer not found with android.intent.action.INSTALL_INSTANT_APP_PACKAGE
06-13 20:07:34.166 D/PackageManager( 485): Clear ephemeral installer activity
06-13 20:07:34.166 W/installd( 354): Ignoring /data/data/com.softwinner.miracastReceiver/lib with unexpected GID 0 instead of 1000
06-13 20:07:34.168 W/installd( 354): Ignoring /data/data/com.android.bluetooth/lib with unexpected GID 0 instead of 1002
06-13 20:07:34.175 W/installd( 354): Ignoring /data/data/com.cibn.tv/lib with unexpected GID 0 instead of 10076
06-13 20:07:34.177 I/PackageManagerTiming( 485): GC
06-13 20:07:34.182 W/installd( 354): Ignoring /data/user_de/0/android/lib with unexpected GID 0 instead of 1000
06-13 20:07:34.182 I/PackageManager( 485): Fix for b/169414761 is applied
06-13 20:07:34.183 W/installd( 354): Ignoring /data/user_de/0/com.android.providers.settings/lib with unexpected GID 0 instead of 1000
06-13 20:07:34.183 W/installd( 354): Ignoring /data/user_de/0/com.android.inputdevices/lib with unexpected GID 0 instead of 1000
06-13 20:07:34.184 W/installd( 354): Ignoring /data/user_de/0/com.android.location.fused/lib with unexpected GID 0 instead of 1000
06-13 20:07:34.188 W/installd( 354): Ignoring /data/user_de/0/com.android.tv.settings/lib with unexpected GID 0 instead of 1000
06-13 20:07:34.192 W/installd( 354): Ignoring /data/user_de/0/com.sohu.inputmethod.sogou.tv/lib with unexpected GID 0 instead of 10041
06-13 20:07:34.197 W/installd( 354): Ignoring /data/user_de/0/com.android.networkstack/lib with unexpected GID 0 instead of 1073
06-13 20:07:34.219 W/installd( 354): Ignoring /data/user_de/0/com.android.packageinstaller/lib with unexpected GID 0 instead of 1000
06-13 20:07:34.221 W/installd( 354): Ignoring /data/user_de/0/com.android.networkstack.tethering/lib with unexpected GID 0 instead of 1073
06-13 20:07:34.231 V/UserManagerService( 485): Checking that all system packages are whitelisted.
06-13 20:07:34.238 W/UserManagerService( 485): checkWhitelistedSystemPackages(mode=ENFORCE|IMPLICIT_WHITELIST|IMPLICIT_WHITELIST_SYSTEM) has 55 warnings:
06-13 20:07:34.238 W/UserManagerService( 485): com.android.internal.display.cutout.emulation.corner is allowlisted but not present.
06-13 20:07:34.238 W/UserManagerService( 485): com.android.internal.display.cutout.emulation.double is allowlisted but not present.
06-13 20:07:34.238 W/UserManagerService( 485): com.android.theme.color.amethyst is allowlisted but not present.
06-13 20:07:34.238 W/UserManagerService( 485): com.android.theme.icon.pebble is allowlisted but not present.
06-13 20:07:34.238 W/UserManagerService( 485): com.android.theme.color.sand is allowlisted but not present.
06-13 20:07:34.238 W/UserManagerService( 485): com.android.theme.icon.vessel is allowlisted but not present.
06-13 20:07:34.238 W/UserManagerService( 485): com.android.theme.color.cinnamon is allowlisted but not present.
06-13 20:07:34.238 W/UserManagerService( 485): com.android.theme.icon_pack.victor.settings is allowlisted but not present.
06-13 20:07:34.238 W/UserManagerService( 485): com.android.theme.icon_pack.rounded.systemui is allowlisted but not present.
06-13 20:07:34.238 W/UserManagerService( 485): com.android.theme.icon.taperedrect is allowlisted but not present.
06-13 20:07:34.238 W/UserManagerService( 485): com.android.theme.icon_pack.rounded.android is allowlisted but not present.
06-13 20:07:34.238 W/UserManagerService( 485): com.android.theme.icon_pack.victor.systemui is allowlisted but not present.
06-13 20:07:34.238 W/UserManagerService( 485): com.android.theme.icon_pack.circular.themepicker is allowlisted but not present.
06-13 20:07:34.238 W/UserManagerService( 485): com.android.theme.color.tangerine is allowlisted but not present.
06-13 20:07:34.238 W/UserManagerService( 485): com.android.theme.color.aquamarine is allowlisted but not present.
06-13 20:07:34.238 W/UserManagerService( 485): com.android.internal.display.cutout.emulation.hole is allowlisted but not present.
06-13 20:07:34.238 W/UserManagerService( 485): com.android.internal.display.cutout.emulation.tall is allowlisted but not present.
06-13 20:07:34.238 W/UserManagerService( 485): com.android.theme.color.black is allowlisted but not present.
06-13 20:07:34.238 W/UserManagerService( 485): com.android.theme.color.green is allowlisted but not present.
06-13 20:07:34.238 W/UserManagerService( 485): com.android.theme.color.ocean is allowlisted but not present.
06-13 20:07:34.238 W/UserManagerService( 485): com.android.theme.color.space is allowlisted but not present.
06-13 20:07:34.238 W/UserManagerService( 485): com.android.theme.icon_pack.rounded.launcher is allowlisted but not present.
06-13 20:07:34.238 W/UserManagerService( 485): com.android.theme.icon_pack.kai.settings is allowlisted but not present.
06-13 20:07:34.238 W/UserManagerService( 485): com.android.internal.systemui.navbar.twobutton is allowlisted but not present.
06-13 20:07:34.238 W/UserManagerService( 485): com.android.theme.icon_pack.sam.settings is allowlisted but not present.
06-13 20:07:34.238 W/UserManagerService( 485): com.android.theme.icon_pack.kai.themepicker is allowlisted but not present.
06-13 20:07:34.238 W/UserManagerService( 485): com.android.theme.icon_pack.victor.launcher is allowlisted but not present.
06-13 20:07:34.238 W/UserManagerService( 485): com.android.theme.icon_pack.filled.settings is allowlisted but not present.
06-13 20:07:34.238 W/UserManagerService( 485): com.android.theme.icon_pack.kai.systemui is allowlisted but not present.
06-13 20:07:34.238 W/UserManagerService( 485): com.android.theme.icon_pack.circular.settings is allowlisted but not present.
06-13 20:07:34.239 W/UserManagerService( 485): com.android.theme.icon_pack.sam.systemui is allowlisted but not present.
06-13 20:07:34.239 W/UserManagerService( 485): com.android.theme.icon.teardrop is allowlisted but not present.
06-13 20:07:34.239 W/UserManagerService( 485): com.android.theme.icon_pack.rounded.themepicker is allowlisted but not present.
06-13 20:07:34.239 W/UserManagerService( 485): com.android.theme.icon_pack.filled.systemui is allowlisted but not present.
06-13 20:07:34.239 W/UserManagerService( 485): com.android.theme.icon_pack.sam.android is allowlisted but not present.
06-13 20:07:34.239 W/UserManagerService( 485): com.android.theme.icon_pack.filled.android is allowlisted but not present.
06-13 20:07:34.239 W/UserManagerService( 485): com.android.internal.display.cutout.emulation.waterfall is allowlisted but not present.
06-13 20:07:34.239 W/UserManagerService( 485): com.android.theme.icon_pack.circular.systemui is allowlisted but not present.
06-13 20:07:34.239 W/UserManagerService( 485): com.android.theme.icon_pack.kai.android is allowlisted but not present.
06-13 20:07:34.239 W/UserManagerService( 485): com.android.theme.icon_pack.kai.launcher is allowlisted but not present.
06-13 20:07:34.239 W/UserManagerService( 485): com.android.theme.icon_pack.sam.launcher is allowlisted but not present.
06-13 20:07:34.239 W/UserManagerService( 485): com.android.theme.icon.squircle is allowlisted but not present.
06-13 20:07:34.239 W/UserManagerService( 485): com.android.theme.icon_pack.victor.android is allowlisted but not present.
06-13 20:07:34.239 W/UserManagerService( 485): com.android.theme.color.palette is allowlisted but not present.
06-13 20:07:34.239 W/UserManagerService( 485): com.android.theme.icon_pack.filled.launcher is allowlisted but not present.
06-13 20:07:34.239 W/UserManagerService( 485): com.android.theme.color.carbon is allowlisted but not present.
06-13 20:07:34.239 W/UserManagerService( 485): com.android.theme.icon_pack.circular.launcher is allowlisted but not present.
06-13 20:07:34.239 W/UserManagerService( 485): com.android.theme.icon_pack.filled.themepicker is allowlisted but not present.
06-13 20:07:34.239 W/UserManagerService( 485): com.android.theme.icon_pack.victor.themepicker is allowlisted but not present.
06-13 20:07:34.239 W/UserManagerService( 485): com.android.theme.color.orchid is allowlisted but not present.
06-13 20:07:34.239 W/UserManagerService( 485): com.android.theme.color.purple is allowlisted but not present.
06-13 20:07:34.239 W/UserManagerService( 485): com.android.theme.icon_pack.sam.themepicker is allowlisted but not present.
06-13 20:07:34.239 W/UserManagerService( 485): com.android.theme.icon.roundedrect is allowlisted but not present.
06-13 20:07:34.239 W/UserManagerService( 485): com.android.theme.icon_pack.rounded.settings is allowlisted but not present.
06-13 20:07:34.239 W/UserManagerService( 485): com.android.theme.icon_pack.circular.android is allowlisted but not present.
06-13 20:07:34.239 W/installd( 354): Ignoring /data/user_de/0/com.android.bluetooth/lib with unexpected GID 0 instead of 1002
06-13 20:07:34.249 I/Watchdog( 485): Resuming HandlerChecker: main thread for reason: packagemanagermain. Pause count: 0
06-13 20:07:34.249 I/SystemServerDexLoadReporter( 485): Configuring system server dex reporter
06-13 20:07:34.261 I/SystemServerTiming( 485): StartOtaDexOptService
06-13 20:07:34.261 I/Watchdog( 485): Pausing HandlerChecker: main thread for reason: moveab. Pause count: 1
06-13 20:07:34.262 D/OTADexopt( 485): No upgrade, skipping A/B artifacts check.
06-13 20:07:34.263 I/Watchdog( 485): Resuming HandlerChecker: main thread for reason: moveab. Pause count: 0
06-13 20:07:34.263 I/SystemServerTiming( 485): StartUserManagerService
06-13 20:07:34.263 I/SystemServiceManager( 485): Starting com.android.server.pm.UserManagerService$LifeCycle
06-13 20:07:34.264 I/SystemServerTiming( 485): InitAttributerCache
06-13 20:07:34.265 I/SystemServerTiming( 485): SetSystemProcess
06-13 20:07:34.274 V/HistoricalRegistry( 485): Interaction before persistence initialized
06-13 20:07:34.278 I/audioserver( 279): Waiting for sensor privacy service
06-13 20:07:34.282 V/HistoricalRegistry( 485): Interaction before persistence initialized
06-13 20:07:34.285 I/cameraserver( 350): Waiting for sensor privacy service
06-13 20:07:34.287 I/ActivityManager( 485): Connection with lmkd established
06-13 20:07:34.287 I/lowmemorykiller( 191): lmkd data connection established
06-13 20:07:34.291 I/SystemServerTiming( 485): InitWatchdog
06-13 20:07:34.291 I/ServiceManager( 364): Waiting for service 'package_native' on '/dev/binder' successful after waiting 4349ms
06-13 20:07:34.293 I/SystemServerTiming( 485): StartOverlayManagerService
06-13 20:07:34.311 I/init ( 1): Control message: Processed ctl.start for 'idmap2d' from pid: 485 (system_server)
06-13 20:07:34.313 E/cutils-trace( 352): Error opening trace file: No such file or directory (2)
06-13 20:07:34.326 I/storaged( 364): storaged: Start
06-13 20:07:34.348 I/ServiceManager( 357): Waiting for service 'package_native' on '/dev/binder' successful after waiting 4362ms
06-13 20:07:34.349 W/AudioAnalytics( 357): (key=audio.flinger) Audioflinger constructor event detected
06-13 20:07:34.364 W/idmap2d ( 352): active ffro iterator was not previously released
06-13 20:07:34.381 I/SystemServerTiming( 485): StartSensorPrivacyService
06-13 20:07:34.389 I/SystemServerTiming( 485): StartSensorService
06-13 20:07:34.389 I/SystemServiceManager( 485): Starting com.android.server.sensors.SensorService
06-13 20:07:34.390 I/SystemServerTiming( 485): startCoreServices
06-13 20:07:34.390 I/SystemServerTiming( 485): StartSystemConfigService
06-13 20:07:34.390 I/SystemServiceManager( 485): Starting com.android.server.SystemConfigService
06-13 20:07:34.392 I/SystemServerTiming( 485): StartBatteryService
06-13 20:07:34.392 I/SystemServiceManager( 485): Starting com.android.server.BatteryService
06-13 20:07:34.393 I/SystemServerTimingAsync( 485): InitThreadPoolExec:StartNativeSensorService
06-13 20:07:34.393 D/SystemServerInitThreadPool( 485): Started executing StartNativeSensorService
06-13 20:07:34.394 I/SystemServerTimingAsync( 485): StartNativeSensorService
06-13 20:07:34.394 D/SensorService( 485): nuSensorService starting...
06-13 20:07:34.397 I/hwservicemanager( 193): getTransport: Cannot find entry android.hardware.sensors@2.1::ISensors/default in either framework or device VINTF manifest.
06-13 20:07:34.398 I/hwservicemanager( 193): getTransport: Cannot find entry android.hardware.sensors@2.0::ISensors/default in either framework or device VINTF manifest.
06-13 20:07:34.398 I/hwservicemanager( 193): getTransport: Cannot find entry android.hardware.sensors@1.0::ISensors/default in either framework or device VINTF manifest.
06-13 20:07:34.401 I/android_os_HwBinder( 485): HwBinder: Starting thread pool for getting: android.hardware.health@2.0::IHealth/default
06-13 20:07:34.402 D/SystemServerInitThreadPool( 485): Finished executing StartNativeSensorService
06-13 20:07:34.417 W/healthd ( 270): battery none chg=
06-13 20:07:34.421 I/android_os_HwBinder( 485): HwBinder: Starting thread pool for getting: android.hidl.manager@1.0::IServiceManager/default
06-13 20:07:34.423 I/HealthServiceWrapper( 485): health: HealthServiceWrapper listening to instance default
06-13 20:07:34.423 I/BatteryService( 485): health: Waited 0ms and received the update.
06-13 20:07:34.425 I/android_os_HwBinder( 485): HwBinder: Starting thread pool for getting: android.hardware.health@2.0::IHealth/default
06-13 20:07:34.427 I/SystemServerTiming( 485): StartUsageService
06-13 20:07:34.427 I/SystemServiceManager( 485): Starting com.android.server.usage.UsageStatsService
06-13 20:07:34.429 I/HidlServiceManagement( 350): Registered android.frameworks.cameraservice.service@2.2::ICameraService/default
06-13 20:07:34.431 I/CameraService( 350): CameraService pinged cameraservice proxy
06-13 20:07:34.432 I/cameraserver( 350): ServiceManager: 0xef190960 done instantiate
06-13 20:07:34.451 I/SystemServerTiming( 485): StartWebViewUpdateService
06-13 20:07:34.452 I/SystemServiceManager( 485): Starting com.android.server.webkit.WebViewUpdateService
06-13 20:07:34.456 I/SystemServerTiming( 485): StartCachedDeviceStateService
06-13 20:07:34.456 I/SystemServiceManager( 485): Starting com.android.server.CachedDeviceStateService
06-13 20:07:34.457 I/SystemServerTiming( 485): StartBinderCallsStatsService
06-13 20:07:34.457 I/SystemServiceManager( 485): Starting com.android.server.BinderCallsStatsService$LifeCycle
06-13 20:07:34.460 I/SystemServerTiming( 485): StartLooperStatsService
06-13 20:07:34.460 I/SystemServiceManager( 485): Starting com.android.server.LooperStatsService$Lifecycle
06-13 20:07:34.462 I/SystemServerTiming( 485): StartRollbackManagerService
06-13 20:07:34.462 I/SystemServiceManager( 485): Starting com.android.server.rollback.RollbackManagerService
06-13 20:07:34.466 D/installd( 354): Found quota mount /dev/block/by-name/userdata at /data
06-13 20:07:34.466 D/installd( 354): Found quota mount /dev/block/by-name/userdata at /data/user/0
06-13 20:07:34.469 I/PackageWatchdog( 485): Syncing state, reason: added new observer
06-13 20:07:34.469 I/PackageWatchdog( 485): Not pruning observers, elapsed time: 0ms
06-13 20:07:34.469 I/PackageWatchdog( 485): Cancelling state sync, nothing to sync
06-13 20:07:34.469 I/PackageWatchdog( 485): Saving observer state to file
06-13 20:07:34.478 I/SystemServerTiming( 485): StartNativeTombstoneManagerService
06-13 20:07:34.478 I/SystemServiceManager( 485): Starting com.android.server.os.NativeTombstoneManagerService
06-13 20:07:34.483 I/SystemServerTiming( 485): StartBugreportManagerService
06-13 20:07:34.483 I/SystemServiceManager( 485): Starting com.android.server.os.BugreportManagerService
06-13 20:07:34.485 I/SystemServerTiming( 485): GpuService
06-13 20:07:34.485 I/SystemServiceManager( 485): Starting com.android.server.gpu.GpuService
06-13 20:07:34.485 I/SystemServerTiming( 485): startOtherServices
06-13 20:07:34.486 I/SystemServerTimingAsync( 485): InitThreadPoolExec:SecondaryZygotePreload
06-13 20:07:34.486 D/SystemServerInitThreadPool( 485): Started executing SecondaryZygotePreload
06-13 20:07:34.486 I/SystemServer( 485): SecondaryZygotePreload
06-13 20:07:34.486 I/SystemServerTimingAsync( 485): SecondaryZygotePreload
06-13 20:07:34.490 I/Zygote ( 255): Lazily preloading resources.
06-13 20:07:34.490 D/Zygote ( 255): begin preload
06-13 20:07:34.490 I/Zygote ( 255): Calling ZygoteHooks.beginPreload()
06-13 20:07:34.500 I/SystemServerTiming( 485): StartKeyAttestationApplicationIdProviderService
06-13 20:07:34.502 I/SystemServerTiming( 485): StartKeyChainSystemService
06-13 20:07:34.502 I/SystemServiceManager( 485): Starting com.android.server.security.KeyChainSystemService
06-13 20:07:34.503 I/SystemServerTiming( 485): StartSchedulingPolicyService
06-13 20:07:34.503 I/SystemServerTimingAsync( 485): InitThreadPoolExec:SchedulingPolicyService.
06-13 20:07:34.503 D/SystemServerInitThreadPool( 485): Started executing SchedulingPolicyService.
06-13 20:07:34.508 I/EventThread( 273): type=1400 audit(0.0:307): avc: denied { search } for name="extcon" dev="sysfs" ino=18109 scontext=u:r:hal_tv_cec_default:s0 tcontext=u:object_r:sysfs_extcon:s0 tclass=dir permissive=1
06-13 20:07:34.515 I/SystemServerTiming( 485): StartTelecomLoaderService
06-13 20:07:34.515 I/SystemServiceManager( 485): Starting com.android.server.telecom.TelecomLoaderService
06-13 20:07:34.516 I/rainbow_flow( 332): type=1400 audit(0.0:308): avc: denied { ioctl } for path="/dev/spidev1.0" dev="tmpfs" ino=249 ioctlcmd=0x6b00 scontext=u:r:init:s0 tcontext=u:object_r:device:s0 tclass=chr_file permissive=1
06-13 20:07:34.527 I/SystemServerTiming( 485): StartTelephonyRegistry
06-13 20:07:34.532 I/SystemServerTiming( 485): StartEntropyMixer
06-13 20:07:34.537 I/SchedulingPolicyService( 485): Moving 376 back to group default
06-13 20:07:34.550 I/EntropyMixer( 485): Writing entropy...
06-13 20:07:34.551 D/SystemServerInitThreadPool( 485): Finished executing SchedulingPolicyService.
06-13 20:07:34.553 I/SystemServerTiming( 485): StartAccountManagerService
06-13 20:07:34.553 I/SystemServiceManager( 485): Starting com.android.server.accounts.AccountManagerService$Lifecycle
06-13 20:07:34.561 I/system_server( 485): Background concurrent copying GC freed 102199(4440KB) AllocSpace objects, 23(748KB) LOS objects, 49% free, 7019KB/13MB, paused 218us total 382.949ms
06-13 20:07:34.569 D/CompatibilityChangeReporter( 485): Compat change id reported: 148180766; UID 1000; state: ENABLED
06-13 20:07:34.571 I/SystemServerTiming( 485): StartContentService
06-13 20:07:34.571 I/SystemServiceManager( 485): Starting com.android.server.content.ContentService$Lifecycle
06-13 20:07:34.573 I/SystemServerTiming( 485): InstallSystemProviders
06-13 20:07:34.582 D/Sunxi_PQ( 289): has no clients connectted, close the socket.
06-13 20:07:34.655 I/Zygote ( 255): Preloading classes...
06-13 20:07:34.660 W/SettingsState( 485): No settings state /data/system/users/0/settings_config.xml
06-13 20:07:34.665 I/SettingsState( 485): directory info for directory/file /data/system/users/0/settings_config.xml with stacktrace
06-13 20:07:34.665 I/SettingsState( 485): java.lang.Exception
06-13 20:07:34.665 I/SettingsState( 485): at com.android.providers.settings.SettingsState.logSettingsDirectoryInformation(SettingsState.java:877)
06-13 20:07:34.665 I/SettingsState( 485): at com.android.providers.settings.SettingsState.readStateSyncLocked(SettingsState.java:1008)
06-13 20:07:34.665 I/SettingsState( 485): at com.android.providers.settings.SettingsState.(SettingsState.java:283)
06-13 20:07:34.665 I/SettingsState( 485): at com.android.providers.settings.SettingsProvider$SettingsRegistry.ensureSettingsStateLocked(SettingsProvider.java:2884)
06-13 20:07:34.665 I/SettingsState( 485): at com.android.providers.settings.SettingsProvider$SettingsRegistry.ensureSettingsForUserLocked(SettingsProvider.java:2849)
06-13 20:07:34.665 I/SettingsState( 485): at com.android.providers.settings.SettingsProvider$SettingsRegistry.peekSettingsStateLocked(SettingsProvider.java:3201)
06-13 20:07:34.665 I/SettingsState( 485): at com.android.providers.settings.SettingsProvider$SettingsRegistry.getSettingsNamesLocked(SettingsProvider.java:2814)
06-13 20:07:34.665 I/SettingsState( 485): at com.android.providers.settings.SettingsProvider$SettingsRegistry.syncSsaidTableOnStartLocked(SettingsProvider.java:2797)
06-13 20:07:34.665 I/SettingsState( 485): at com.android.providers.settings.SettingsProvider$SettingsRegistry.access$100(SettingsProvider.java:2667)
06-13 20:07:34.665 I/SettingsState( 485): at com.android.providers.settings.SettingsProvider.onCreate(SettingsProvider.java:397)
06-13 20:07:34.665 I/SettingsState( 485): at android.content.ContentProvider.attachInfo(ContentProvider.java:2404)
06-13 20:07:34.665 I/SettingsState( 485): at android.content.ContentProvider.attachInfo(ContentProvider.java:2374)
06-13 20:07:34.665 I/SettingsState( 485): at android.app.ActivityThread.installProvider(ActivityThread.java:7437)
06-13 20:07:34.665 I/SettingsState( 485): at android.app.ActivityThread.installContentProviders(ActivityThread.java:6954)
06-13 20:07:34.665 I/SettingsState( 485): at android.app.ActivityThread.installSystemProviders(ActivityThread.java:7624)
06-13 20:07:34.665 I/SettingsState( 485): at com.android.server.am.ContentProviderHelper.installSystemProviders(ContentProviderHelper.java:1247)
06-13 20:07:34.665 I/SettingsState( 485): at com.android.server.SystemServer.startOtherServices(SystemServer.java:1507)
06-13 20:07:34.665 I/SettingsState( 485): at com.android.server.SystemServer.run(SystemServer.java:928)
06-13 20:07:34.665 I/SettingsState( 485): at com.android.server.SystemServer.main(SystemServer.java:628)
06-13 20:07:34.665 I/SettingsState( 485): at java.lang.reflect.Method.invoke(Native Method)
06-13 20:07:34.665 I/SettingsState( 485): at com.android.internal.os.RuntimeInit$MethodAndArgsCaller.run(RuntimeInit.java:548)
06-13 20:07:34.665 I/SettingsState( 485): at com.android.internal.os.ZygoteInit.main(ZygoteInit.java:1160)
06-13 20:07:34.666 I/SettingsState( 485): ancestor directory /data/system/users/0 exists
06-13 20:07:34.666 I/SettingsState( 485): ancestor directory /data/system/users/0 permissions: r: true w: true x: true
06-13 20:07:34.667 I/SettingsState( 485): ancestor's parent directory /data/system/users permissions: r: true w: true x: true
06-13 20:07:34.724 D/ActivityManager( 485): Freezer enabled
06-13 20:07:34.725 D/ActivityManager( 485): freezer override set to false
06-13 20:07:34.726 I/SystemServerTiming( 485): StartDropBoxManager
06-13 20:07:34.726 I/SystemServiceManager( 485): Starting com.android.server.DropBoxManagerService
06-13 20:07:34.728 I/SystemServerTiming( 485): StartRoleManagerService
06-13 20:07:34.730 I/SystemServiceManager( 485): Starting com.android.role.RoleService
06-13 20:07:34.741 I/Typeface( 255): Preloading /system/fonts/Roboto-Regular.ttf
06-13 20:07:34.742 I/Typeface( 255): Preloading /system/fonts/RobotoStatic-Regular.ttf
06-13 20:07:34.743 I/SystemServerTiming( 485): StartVibratorManagerService
06-13 20:07:34.744 I/SystemServiceManager( 485): Starting com.android.server.vibrator.VibratorManagerService$Lifecycle
06-13 20:07:34.751 E/servicemanager( 192): Could not find android.hardware.vibrator.IVibratorManager/default in the VINTF manifest.
06-13 20:07:34.752 E/servicemanager( 192): Could not find android.hardware.vibrator.IVibrator/default in the VINTF manifest.
06-13 20:07:34.754 I/hwservicemanager( 193): getTransport: Cannot find entry android.hardware.vibrator@1.0::IVibrator/default in either framework or device VINTF manifest.
06-13 20:07:34.757 I/SystemServerTiming( 485): StartDynamicSystemService
06-13 20:07:34.758 I/SystemServerTiming( 485): StartConsumerIrService
06-13 20:07:34.762 I/hwservicemanager( 193): getTransport: Cannot find entry android.hardware.ir@1.0::IConsumerIr/default in either framework or device VINTF manifest.
06-13 20:07:34.763 I/gralloc ( 265): alloc buffer:W:1920 H:1080 S:1920 PL[1920 1080] SZ:8294400 fmt:43 if:0 af:43 usg:20000b00 fg:00000004
06-13 20:07:34.766 I/SystemServerTiming( 485): StartAlarmManagerService
06-13 20:07:34.771 I/SystemServiceManager( 485): Starting com.android.server.alarm.AlarmManagerService
06-13 20:07:34.772 I/xiriservice_All( 334): type=1400 audit(0.0:309): avc: denied { read } for scontext=u:r:init:s0 tcontext=u:r:init:s0 tclass=netlink_kobject_uevent_socket permissive=1
06-13 20:07:34.776 D/XM_HIDREAD( 328): add@ add@/devices/virtual/wakeup/wakeup13
06-13 20:07:34.776 D/XM_HIDREAD( 328): add@ add@/devices/virtual/wakeup/wakeup14
06-13 20:07:34.776 D/XM_HIDREAD( 328): add@ add@/devices/virtual/wakeup/wakeup15
06-13 20:07:34.776 D/XM_HIDREAD( 328): add@ add@/devices/virtual/wakeup/wakeup16
06-13 20:07:34.776 D/XM_HIDREAD( 328): add@ add@/devices/virtual/wakeup/wakeup17
06-13 20:07:34.777 D/XM_HIDREAD( 328): add@ add@/devices/virtual/wakeup/wakeup18
06-13 20:07:34.777 D/XM_HIDREAD( 328): add@ add@/devices/virtual/wakeup/wakeup19
06-13 20:07:34.777 D/AlarmManagerService( 485): Kernel timezone updated to -480 minutes west of GMT
06-13 20:07:34.778 D/CompatibilityChangeReporter( 485): Compat change id reported: 160794467; UID 1000; state: ENABLED
06-13 20:07:34.784 I/SystemServerTiming( 485): StartInputManagerService
06-13 20:07:34.785 I/InputManager( 485): Initializing input manager, mUseDevInputEventForAudioJack=true
06-13 20:07:34.787 D/XM_HIDREAD( 328): add@ add@/devices/virtual/wakeup/wakeup20
06-13 20:07:34.788 D/XM_HIDREAD( 328): add@ add@/devices/virtual/wakeup/wakeup21
06-13 20:07:34.788 D/XM_HIDREAD( 328): add@ add@/devices/virtual/wakeup/wakeup22
06-13 20:07:34.789 I/ServiceManager( 253): Waiting for service 'statscompanion' on '/dev/binder'...
06-13 20:07:34.794 I/SystemServerTiming( 485): DeviceStateManagerService
06-13 20:07:34.794 I/SystemServiceManager( 485): Starting com.android.server.devicestate.DeviceStateManagerService
06-13 20:07:34.801 I/SystemServerTiming( 485): StartCameraServiceProxy
06-13 20:07:34.801 I/SystemServiceManager( 485): Starting com.android.server.camera.CameraServiceProxy
06-13 20:07:34.806 I/SystemServerTiming( 485): StartWindowManagerService
06-13 20:07:34.806 I/SystemServiceManager( 485): Starting phase 200
06-13 20:07:34.806 I/SystemServerTiming( 485): OnBootPhase_200
06-13 20:07:34.809 I/WindowManager( 485): No existing display settings, starting empty
06-13 20:07:34.810 I/WindowManager( 485): No existing display settings, starting empty
06-13 20:07:34.818 I/WindowTracing( 485): Setting window tracing log level to 1
06-13 20:07:34.819 I/WindowTracing( 485): Setting window tracing buffer capacity to 2097152bytes
06-13 20:07:34.831 I/SystemServerTiming( 485): SetWindowManagerService
06-13 20:07:34.841 I/InputDispatcher( 485): Created monitor PointerEventDispatcher0 for display 0, gesture=false, pid=485
06-13 20:07:34.861 I/Typeface( 255): Preloading /system/fonts/NotoSansCJK-Regular.ttc
06-13 20:07:34.861 I/Typeface( 255): Preloading /system/fonts/NotoSerifCJK-Regular.ttc
06-13 20:07:34.887 I/ActivityTaskManager( 485): Loaded persisted task ids for user 0
06-13 20:07:34.893 I/SystemServerTiming( 485): WindowManagerServiceOnInitReady
06-13 20:07:34.911 D/ExtconUEventObserver( 485): FilenameExtconByName: /sys/class/extcon/extcon0
06-13 20:07:34.912 W/WindowManager( 485): /sys/class/extcon/hdmi/state not found while attempting to determine initial state
06-13 20:07:34.912 W/WindowManager( 485): java.io.FileNotFoundException: /sys/class/extcon/hdmi/state: open failed: ENOENT (No such file or directory)
06-13 20:07:34.912 W/WindowManager( 485): at libcore.io.IoBridge.open(IoBridge.java:575)
06-13 20:07:34.912 W/WindowManager( 485): at java.io.FileInputStream.(FileInputStream.java:160)
06-13 20:07:34.912 W/WindowManager( 485): at android.os.FileUtils.readTextFile(FileUtils.java:637)
06-13 20:07:34.912 W/WindowManager( 485): at com.android.server.ExtconStateObserver.parseStateFromFile(ExtconStateObserver.java:49)
06-13 20:07:34.912 W/WindowManager( 485): at com.android.server.policy.PhoneWindowManager$HdmiVideoExtconUEventObserver.init(PhoneWindowManager.java:5666)
06-13 20:07:34.912 W/WindowManager( 485): at com.android.server.policy.PhoneWindowManager$HdmiVideoExtconUEventObserver.access$5200(PhoneWindowManager.java:5658)
06-13 20:07:34.912 W/WindowManager( 485): at com.android.server.policy.PhoneWindowManager.initializeHdmiStateInternal(PhoneWindowManager.java:3425)
06-13 20:07:34.912 W/WindowManager( 485): at com.android.server.policy.PhoneWindowManager.initializeHdmiState(PhoneWindowManager.java:3389)
06-13 20:07:34.912 W/WindowManager( 485): at com.android.server.policy.PhoneWindowManager.init(PhoneWindowManager.java:1821)
06-13 20:07:34.912 W/WindowManager( 485): at com.android.server.policy.TvWindowManager.init(TvWindowManager.java:259)
06-13 20:07:34.912 W/WindowManager( 485): at com.android.server.wm.WindowManagerService$5.run(WindowManagerService.java:1199)
06-13 20:07:34.912 W/WindowManager( 485): at android.os.Handler$BlockingRunnable.run(Handler.java:961)
06-13 20:07:34.912 W/WindowManager( 485): at android.os.Handler.handleCallback(Handler.java:938)
06-13 20:07:34.912 W/WindowManager( 485): at android.os.Handler.dispatchMessage(Handler.java:99)
06-13 20:07:34.912 W/WindowManager( 485): at android.os.Looper.loopOnce(Looper.java:201)
06-13 20:07:34.912 W/WindowManager( 485): at android.os.Looper.loop(Looper.java:288)
06-13 20:07:34.912 W/WindowManager( 485): at android.os.HandlerThread.run(HandlerThread.java:67)
06-13 20:07:34.912 W/WindowManager( 485): at com.android.server.ServiceThread.run(ServiceThread.java:44)
06-13 20:07:34.912 W/WindowManager( 485): at com.android.server.UiThread.run(UiThread.java:45)
06-13 20:07:34.912 W/WindowManager( 485): Caused by: android.system.ErrnoException: open failed: ENOENT (No such file or directory)
06-13 20:07:34.912 W/WindowManager( 485): at libcore.io.Linux.open(Native Method)
06-13 20:07:34.912 W/WindowManager( 485): at libcore.io.ForwardingOs.open(ForwardingOs.java:567)
06-13 20:07:34.912 W/WindowManager( 485): at libcore.io.BlockGuardOs.open(BlockGuardOs.java:273)
06-13 20:07:34.912 W/WindowManager( 485): at libcore.io.IoBridge.open(IoBridge.java:561)
06-13 20:07:34.912 W/WindowManager( 485): ... 18 more
06-13 20:07:34.913 E/ActivityRecognitionHardware( 255): activity_recognition HAL is deprecated. class_init is effectively a no-op
06-13 20:07:34.923 D/com_softwinner_gpio( 485): Gpio JNI_OnLoad()
06-13 20:07:34.923 D/com_softwinner_gpio( 485): init
06-13 20:07:34.924 E/SELinux ( 192): avc: denied { find } for pid=485 uid=1000 name=softwinner.gpio scontext=u:r:system_server:s0 tcontext=u:object_r:default_android_service:s0 tclass=service_manager permissive=1
06-13 20:07:34.927 I/SystemServerTiming( 485): StartInputManager
06-13 20:07:34.927 I/InputManager( 485): Starting input manager
06-13 20:07:34.927 I/SystemServerTimingAsync( 485): InitThreadPoolExec:StartHidlServices
06-13 20:07:34.927 D/SystemServerInitThreadPool( 485): Started executing StartHidlServices
06-13 20:07:34.927 I/SystemServerTimingAsync( 485): StartHidlServices
06-13 20:07:34.929 I/HidlServiceManagement( 485): Registered android.frameworks.sensorservice@1.0::ISensorManager/default
06-13 20:07:34.930 I/InputManager( 485): Enabling motion classifier because just booted: feature enabled, long press timeout = 400
06-13 20:07:34.930 I/InputClassifier( 485): Enabling motion classifier
06-13 20:07:34.931 I/SystemServerTiming( 485): DisplayManagerWindowManagerAndInputReady
06-13 20:07:34.931 I/hwservicemanager( 193): getTransport: Cannot find entry android.frameworks.schedulerservice@1.0::ISchedulingPolicyService/default in either framework or device VINTF manifest.
06-13 20:07:34.932 W/system_server( 485): android.frameworks.schedulerservice@1.0::ISchedulingPolicyService is deprecated. Skipping registration.
06-13 20:07:34.932 I/SystemServerTiming( 485): StartBluetoothService
06-13 20:07:34.932 I/LogicalDisplayMapper( 485): Requesting Transition to state: 0
06-13 20:07:34.932 I/SystemServiceManager( 485): Starting com.android.server.BluetoothService
06-13 20:07:34.932 D/SystemServerInitThreadPool( 485): Finished executing StartHidlServices
06-13 20:07:34.932 I/LogicalDisplayMapper( 485): Applying layout: [{addr: {port=0}, dispId: 0(ON)}], Previous layout: [{addr: {port=0}, dispId: 0(ON)}]
06-13 20:07:34.934 I/hwservicemanager( 193): getTransport: Cannot find entry android.hardware.input.classifier@1.0::IInputClassifier/default in either framework or device VINTF manifest.
06-13 20:07:34.936 D/BluetoothManagerService( 485): Loading stored name and address
06-13 20:07:34.936 D/BluetoothManagerService( 485): Stored bluetooth Name=DBBOX-A2,Address=B4:2F:03:15:73:2F
06-13 20:07:34.936 D/EventHub( 485): No input device configuration file found for device 'sunxi-ir-uinput'.
06-13 20:07:34.936 D/BluetoothManagerService( 485): Bluetooth persisted state: 1
06-13 20:07:34.936 D/BluetoothManagerService( 485): Startup: Bluetooth persisted state is ON.
06-13 20:07:34.937 D/BluetoothManagerService( 485): Detected SystemUiUid: 10065
06-13 20:07:34.937 I/SystemServerTiming( 485): IpConnectivityMetrics
06-13 20:07:34.937 I/SystemServiceManager( 485): Starting com.android.server.connectivity.IpConnectivityMetrics
06-13 20:07:34.938 I/SystemServerTiming( 485): NetworkWatchlistService
06-13 20:07:34.938 I/SystemServiceManager( 485): Starting com.android.server.net.watchlist.NetworkWatchlistService$Lifecycle
06-13 20:07:34.939 I/InputClassifier( 485): Could not obtain InputClassifier HAL
06-13 20:07:34.944 I/WatchlistSettings( 485): Reload watchlist settings done
06-13 20:07:34.946 I/WatchlistLoggingHandler( 485): No need to aggregate record yet.
06-13 20:07:34.946 I/WatchlistLoggingHandler( 485): Milliseconds spent on tryAggregateRecords(): 1
06-13 20:07:34.946 I/SystemServerTiming( 485): PinnerService
06-13 20:07:34.946 I/SystemServiceManager( 485): Starting com.android.server.PinnerService
06-13 20:07:34.947 V/HistoricalRegistry( 485): Interaction before persistence initialized
06-13 20:07:34.949 I/SystemServerTiming( 485): IorapForwardingService
06-13 20:07:34.950 I/SystemServiceManager( 485): Starting com.google.android.startop.iorap.IorapForwardingService
06-13 20:07:34.951 I/EventHub( 485): usingClockIoctl=true
06-13 20:07:34.951 I/EventHub( 485): New device: id=1, fd=164, path='/dev/input/event1', name='sunxi-ir-uinput', classes=KEYBOARD | ALPHAKEY | CURSOR | DPAD, configuration='', keyLayout='/system/usr/keylayout/sunxi-ir-uinput.kl', keyCharacterMap='/system/usr/keychars/Generic.kcm', builtinKeyboard=false,
06-13 20:07:34.951 D/XM_HIDREAD( 328): add@ add@/devices/virtual/wakeup/wakeup23
06-13 20:07:34.952 D/EventHub( 485): No input device configuration file found for device 'sunxi-ir'.
06-13 20:07:34.955 W/IorapForwardingService( 485): No service published for: iorapd
06-13 20:07:34.956 I/SystemServerTiming( 485): SignedConfigService
06-13 20:07:34.957 I/SystemServerTiming( 485): AppIntegrityService
06-13 20:07:34.957 I/SystemServiceManager( 485): Starting com.android.server.integrity.AppIntegrityManagerService
06-13 20:07:34.962 I/EventHub( 485): usingClockIoctl=true
06-13 20:07:34.962 D/XM_HIDREAD( 328): add@ add@/devices/virtual/wakeup/wakeup24
06-13 20:07:34.962 I/EventHub( 485): New device: id=2, fd=167, path='/dev/input/event0', name='sunxi-ir', classes=KEYBOARD, configuration='', keyLayout='/system/usr/keylayout/sunxi-ir.kl', keyCharacterMap='/system/usr/keychars/Generic.kcm', builtinKeyboard=false,
06-13 20:07:34.964 E/IntegrityFileManager( 485): Error creating staging and rules directory
06-13 20:07:34.971 I/InputReader( 485): Device added: id=-1, eventHubId=-1, name='Virtual', descriptor='a718a782d34bc767f4689c232d64d527998ea7fd',sources=0x00000301
06-13 20:07:34.972 I/InputReader( 485): Device added: id=2, eventHubId=2, name='sunxi-ir', descriptor='485d69228e24f5e46da1598745890b214130dbc4',sources=0x00000101
06-13 20:07:34.973 W/InputReader( 485): Can't find the designated viewport with ID 0 to update cursor input mapper. Fall back to default display
06-13 20:07:34.973 E/InputReader( 485): Still can't find a viable viewport to update cursor input mapper. Skip setting it to PointerController.
06-13 20:07:34.973 I/InputReader( 485): Device added: id=3, eventHubId=1, name='sunxi-ir-uinput', descriptor='0a253e777d1b2169367be63d7c9054e7991953a6',sources=0x00002303
06-13 20:07:34.985 I/WindowManager( 485): SAFE MODE not enabled
06-13 20:07:34.986 I/SystemServerTiming( 485): StartInputMethodManagerLifecycle
06-13 20:07:34.987 I/SystemServiceManager( 485): Starting com.android.server.inputmethod.InputMethodManagerService$Lifecycle
06-13 20:07:34.993 I/SystemServerTiming( 485): StartAccessibilityManagerService
06-13 20:07:34.993 I/SystemServiceManager( 485): Starting com.android.server.accessibility.AccessibilityManagerService$Lifecycle
06-13 20:07:35.000 I/SystemServerTiming( 485): MakeDisplayReady
06-13 20:07:35.004 W/InputReader( 485): Device sunxi-ir-uinput is associated with display ADISPLAY_ID_NONE.
06-13 20:07:35.004 W/InputReader( 485): Device sunxi-ir-uinput is associated with display ADISPLAY_ID_NONE.
06-13 20:07:35.005 I/ActivityTaskManager( 485): Config changes=20005df8 {1.0 ?mcc?mnc [zh_CN] ldltr sw720dp w1280dp h696dp 240dpi xlrg long land ?uimode ?night -touch qwerty/v/v dpad/v winConfig={ mBounds=Rect(0, 0 - 1920, 1080) mAppBounds=Rect(0, 0 - 1920, 1080) mMaxBounds=Rect(0, 0 - 1920, 1080) mWindowingMode=fullscreen mDisplayWindowingMode=fullscreen mActivityType=undefined mAlwaysOnTop=undefined mRotation=ROTATION_0} s.2 ?fontWeightAdjustment}
06-13 20:07:35.009 I/WindowManager( 485): Override config changes=60007dfc {1.0 ?mcc?mnc [zh_CN] ldltr sw720dp w1280dp h696dp 240dpi xlrg long land ?uimode ?night -touch qwerty/v/v dpad/v winConfig={ mBounds=Rect(0, 0 - 1920, 1080) mAppBounds=Rect(0, 0 - 1920, 1080) mMaxBounds=Rect(0, 0 - 1920, 1080) mWindowingMode=fullscreen mDisplayWindowingMode=fullscreen mActivityType=undefined mAlwaysOnTop=undefined mRotation=ROTATION_0} s.2 ?fontWeightAdjustment} for displayId=0
06-13 20:07:35.020 W/InputReader( 485): Device sunxi-ir-uinput is associated with display ADISPLAY_ID_NONE.
06-13 20:07:35.020 I/SystemServerTiming( 485): StartStorageManagerService
06-13 20:07:35.020 I/SystemServiceManager( 485): Starting com.android.server.StorageManagerService$Lifecycle
06-13 20:07:35.022 I/InputManager-JNI( 485): Viewport [0] to add: local:0, isActive: false
06-13 20:07:35.023 I/InputReader( 485): Reconfiguring input devices, changes=DISPLAY_INFO |
06-13 20:07:35.023 I/init ( 1): processing action (sys.sysctl.extra_free_kbytes=*) from (/system/etc/init/hw/init.rc:1139)
06-13 20:07:35.027 D/installd( 354): Found quota mount /dev/block/by-name/userdata at /data
06-13 20:07:35.028 D/installd( 354): Found quota mount /dev/block/by-name/userdata at /data/user/0
06-13 20:07:35.035 D/StorageManagerService( 485): Thinking about init, mBootCompleted=false, mDaemonConnected=true
06-13 20:07:35.035 D/StorageManagerService( 485): Thinking about reset, mBootCompleted=false, mDaemonConnected=true
06-13 20:07:35.037 D/StorageManagerService( 485): Thinking about init, mBootCompleted=false, mDaemonConnected=true
06-13 20:07:35.037 D/StorageManagerService( 485): Thinking about reset, mBootCompleted=false, mDaemonConnected=true
06-13 20:07:35.037 I/SystemServerTiming( 485): StartStorageStatsService
06-13 20:07:35.037 I/SystemServiceManager( 485): Starting com.android.server.usage.StorageStatsService$Lifecycle
06-13 20:07:35.040 D/installd( 354): Found quota mount /dev/block/by-name/userdata at /data
06-13 20:07:35.040 D/installd( 354): Found quota mount /dev/block/by-name/userdata at /data/user/0
06-13 20:07:35.045 D/installd( 354): Found quota mount /dev/block/by-name/userdata at /data
06-13 20:07:35.046 D/installd( 354): Found quota mount /dev/block/by-name/userdata at /data/user/0
06-13 20:07:35.050 I/SystemServerTiming( 485): StartUiModeManager
06-13 20:07:35.050 I/SystemServiceManager( 485): Starting com.android.server.UiModeManagerService
06-13 20:07:35.051 I/SystemServerTimingAsync( 485): InitThreadPoolExec:UiModeManager.onStart
06-13 20:07:35.051 D/SystemServerInitThreadPool( 485): Started executing UiModeManager.onStart
06-13 20:07:35.052 D/MtpDeviceJNI( 255): register_android_mtp_MtpDevice
06-13 20:07:35.053 I/SystemServerTiming( 485): UpdatePackagesIfNeeded
06-13 20:07:35.053 I/Watchdog( 485): Pausing HandlerChecker: main thread for reason: dexopt. Pause count: 1
06-13 20:07:35.053 I/Watchdog( 485): Resuming HandlerChecker: main thread for reason: dexopt. Pause count: 0
06-13 20:07:35.054 I/SystemServerTiming( 485): PerformFstrimIfNeeded
06-13 20:07:35.055 I/SystemServerTiming( 485): StartLockSettingsService
06-13 20:07:35.055 I/SystemServiceManager( 485): Starting com.android.server.locksettings.LockSettingsService$Lifecycle
06-13 20:07:35.059 D/SystemServerInitThreadPool( 485): Finished executing UiModeManager.onStart
06-13 20:07:35.082 I/SystemServerTiming( 485): StartPersistentDataBlock
06-13 20:07:35.082 I/SystemServiceManager( 485): Starting com.android.server.PersistentDataBlockService
06-13 20:07:35.083 I/SystemServerTiming( 485): StartTestHarnessMode
06-13 20:07:35.083 I/SystemServiceManager( 485): Starting com.android.server.testharness.TestHarnessModeService
06-13 20:07:35.084 I/SystemServerTiming( 485): StartOemLockService
06-13 20:07:35.084 I/SystemServiceManager( 485): Starting com.android.server.oemlock.OemLockService
06-13 20:07:35.086 I/SystemServerTimingAsync( 485): InitThreadPoolExec:PersistentDataBlockService.onStart
06-13 20:07:35.087 I/hwservicemanager( 193): getTransport: Cannot find entry android.hardware.oemlock@1.0::IOemLock/default in either framework or device VINTF manifest.
06-13 20:07:35.087 D/SystemServerInitThreadPool( 485): Started executing PersistentDataBlockService.onStart
06-13 20:07:35.088 I/OemLock ( 485): OemLock HAL not present on device
06-13 20:07:35.088 I/OemLock ( 485): Using persistent data block based lock
06-13 20:07:35.090 I/SystemServerTiming( 485): StartDeviceIdleController
06-13 20:07:35.090 I/SystemServiceManager( 485): Starting com.android.server.DeviceIdleController
06-13 20:07:35.095 I/SystemServerTiming( 485): StartDevicePolicyManager
06-13 20:07:35.095 I/SystemServiceManager( 485): Starting com.android.server.devicepolicy.DevicePolicyManagerService$Lifecycle
06-13 20:07:35.100 I/xiriservice_All( 319): type=1400 audit(0.0:310): avc: denied { search } for name="com.android.cts.priv.ctsshim" dev="mmcblk0p25" ino=567 scontext=u:r:init:s0 tcontext=u:object_r:privapp_data_file:s0:c512,c768 tclass=dir permissive=1
06-13 20:07:35.105 D/XiriService( 319): check file name: /data/data/com.android.cts.priv.ctsshim/lib
06-13 20:07:35.105 D/XiriService( 319): check file name: /data/data/com.android.cts.priv.ctsshim/lib
06-13 20:07:35.106 D/XiriService( 319): check file name: /data/data/com.android.cts.priv.ctsshim/lib
06-13 20:07:35.104 I/xiriservice_All( 319): type=1400 audit(0.0:311): avc: denied { read } for name="lib" dev="mmcblk0p25" ino=9678 scontext=u:r:init:s0 tcontext=u:object_r:privapp_data_file:s0:c512,c768 tclass=lnk_file permissive=1
06-13 20:07:35.109 I/SystemServerTiming( 485): StartStatusBarManagerService
06-13 20:07:35.110 D/SystemServer( 485): MusicRecognitionManagerService not defined by OEM or disabled by flag
06-13 20:07:35.111 D/SystemServer( 485): ContentCaptureService disabled because resource is not overlaid
06-13 20:07:35.111 D/SystemServer( 485): AttentionService is not configured on this device
06-13 20:07:35.111 D/SystemServer( 485): RotationResolverService is not configured on this device
06-13 20:07:35.111 D/SystemServer( 485): SystemCaptionsManagerService disabled because resource is not overlaid
06-13 20:07:35.112 I/SystemServerTiming( 485): StartTextToSpeechManagerService
06-13 20:07:35.112 I/SystemServiceManager( 485): Starting com.android.server.texttospeech.TextToSpeechManagerService
06-13 20:07:35.114 I/SystemServerTiming( 485): StartSpeechRecognitionManagerService
06-13 20:07:35.114 D/XiriService( 319): check file name: /data/data/com.android.cts.priv.ctsshim/lib
06-13 20:07:35.114 D/XiriService( 319): check file name: /data/data/com.android.cts.priv.ctsshim/lib
06-13 20:07:35.115 D/XiriService( 319): check file name: /data/data/com.android.cts.priv.ctsshim/lib
