06-13 20:08:11.923 D/BluetoothHidHostService( 671): Connection state E4:BB:D3:57:C0:7D: 1->2
06-13 20:08:11.924 D/XM_HIDREAD( 328): add@ add@/devices/virtual/misc/uhid/0005:000D:3838.0001/input/input2
06-13 20:08:11.926 D/XM_HIDREAD( 328): add@ add@/devices/virtual/misc/uhid/0005:000D:3838.0001/input/input2/event2
06-13 20:08:11.927 D/XM_HIDREAD( 328): add@ add@/devices/virtual/misc/uhid/0005:000D:3838.0001/input/input4
06-13 20:08:11.927 W/bt_btif ( 671): system/bt/main/bte_logmsg.cc:194 LogMsg: bta_hh_co_send_hid_info: wrote descriptor to fd = 210, dscp_len = 80, result = 0
06-13 20:08:11.927 W/bt_stack( 671): [WARNING:btif_hh.cc(397)] Device e4:bb:d3:57:c0:7d already added
06-13 20:08:11.928 W/bt_btif ( 671): system/bt/main/bte_logmsg.cc:194 LogMsg: btif_hh_upstreams_evt: Device already added
06-13 20:08:11.928 D/XM_HIDREAD( 328): add@ add@/devices/virtual/misc/uhid/0005:000D:3838.0001/input/input4/event3
06-13 20:08:11.929 D/XM_HIDREAD( 328): add@ add@/devices/virtual/misc/uhid/0005:000D:3838.0001/hidraw/hidraw0
06-13 20:08:11.929 D/XM_HIDREAD( 328): ready open:/dev/hidraw0
06-13 20:08:11.929 D/XM_HIDREAD( 328): open:/dev/hidraw0 resultFD:-1
06-13 20:08:11.929 E/XM_HIDREAD( 328): open hidraw error: No such file or directory, wait to retry...
06-13 20:08:11.931 I/hid-generic 0005( 34): 000D:3838.0001: input,hidraw0: BLUETOOTH HID v0.00 Keyboard [Dangbei] on
06-13 20:08:11.932 D/BluetoothAdapterService( 671): enable() - Enable called with quiet mode status = false
06-13 20:08:11.933 I/bt_stack( 671): [INFO:gatt_sr.cc(815)] MTU request PDU with MTU size 247
06-13 20:08:11.933 I/AdapterState( 671): ON : Unhandled message - BLE_TURN_ON
06-13 20:08:11.933 W/bt_stack( 671): [WARNING:gatt_utils.cc(790)] Call back not found for application conn_id=3
06-13 20:08:11.933 W/bt_stack( 671): [WARNING:gatt_utils.cc(790)] Call back not found for application conn_id=4
06-13 20:08:11.933 W/bt_stack( 671): [WARNING:gatt_utils.cc(790)] Call back not found for application conn_id=5
06-13 20:08:11.933 D/AdapterProperties( 671): PROFILE_CONNECTION_STATE_CHANGE: profile=4, device=E4:BB:D3:57:C0:7D, 1 -> 2
06-13 20:08:11.938 D/EventHub( 485): No input device configuration file found for device 'Dangbei'.
06-13 20:08:11.940 D/CachedBluetoothDevice( 684): onProfileStateChanged: profile HID, device Dangbei, newProfileState 2
06-13 20:08:11.949 I/EventHub( 485): usingClockIoctl=true
06-13 20:08:11.949 E/DONGLE_SERVICE( 334): xhk open hidraw error: No such file or directory, wait to retry...
06-13 20:08:11.949 I/EventHub( 485): New device: id=3, fd=291, path='/dev/input/event2', name='Dangbei', classes=KEYBOARD | EXTERNAL, configuration='', keyLayout='/system/usr/keylayout/Vendor_000d_Product_3838.kl', keyCharacterMap='/system/usr/keychars/Generic.kcm', builtinKeyboard=false,
06-13 20:08:11.950 I/InputReader( 485): Device added: id=4, eventHubId=3, name='Dangbei', descriptor='5bf61da49c3f961ffea2e2e86eddd822e5631010',sources=0x00000101
06-13 20:08:11.951 D/EventHub( 485): No input device configuration file found for device 'Dangbei Consumer Control'.
06-13 20:08:11.957 W/EventHub( 485): Unable to disable kernel key repeat for /dev/input/event3: Function not implemented
06-13 20:08:11.957 I/EventHub( 485): usingClockIoctl=true
06-13 20:08:11.957 I/EventHub( 485): New device: id=4, fd=314, path='/dev/input/event3', name='Dangbei Consumer Control', classes=KEYBOARD | JOYSTICK | EXTERNAL, configuration='', keyLayout='/system/usr/keylayout/Vendor_000d_Product_3838.kl', keyCharacterMap='/system/usr/keychars/Generic.kcm', builtinKeyboard=false,
06-13 20:08:11.957 I/InputReader( 485): Device added: id=4, eventHubId=4, name='Dangbei Consumer Control', descriptor='5bf61da49c3f961ffea2e2e86eddd822e5631010',sources=0x01000111
06-13 20:08:11.961 D/AdapterProperties( 671): ADAPTER_CONNECTION_STATE_CHANGE: E4:BB:D3:57:C0:7D: 1 -> 2
06-13 20:08:12.029 E/XM_HIDREAD( 328): trying to reopen hidraw: /dev/hidraw0
06-13 20:08:12.029 D/XM_HIDREAD( 328): ready open:/dev/hidraw0
06-13 20:08:12.024 I/xm_hidread( 328): type=1400 audit(0.0:1001): avc: denied { read write } for name="hidraw0" dev="tmpfs" ino=37768 scontext=u:r:init:s0 tcontext=u:object_r:device:s0 tclass=chr_file permissive=1
06-13 20:08:12.029 D/XM_HIDREAD( 328): open:/dev/hidraw0 resultFD:8
06-13 20:08:12.030 D/XM_HIDREAD( 328): 1 ready ioctl hidrawFD 8
06-13 20:08:12.030 D/XM_HIDREAD( 328): 2 ready ioctl hidrawFD 8
06-13 20:08:12.024 I/xm_hidread( 328): type=1400 audit(0.0:1002): avc: denied { open } for path="/dev/hidraw0" dev="tmpfs" ino=37768 scontext=u:r:init:s0 tcontext=u:object_r:device:s0 tclass=chr_file permissive=1
06-13 20:08:12.030 D/XM_HIDREAD( 328): 3 ready ioctl hidrawFD 8
06-13 20:08:12.030 D/XM_HIDREAD( 328): 4 ready ioctl hidrawFD 8
06-13 20:08:12.030 D/XM_HIDREAD( 328): ioctl hidrawFD HIDIOCGRDESC ret 0
06-13 20:08:12.030 D/XM_HIDREAD( 328): dinfo.vendor:13,dinfo.product:14392
06-13 20:08:12.030 D/XM_HIDREAD( 328): m_pid:0x3838,m_vid:0x000d
06-13 20:08:12.030 D/XM_HIDREAD( 328): /dev/hidraw0 open succussfully!
06-13 20:08:12.030 D/XM_HIDREAD( 328): add@ add@/devices/virtual/wakeup/wakeup26
06-13 20:08:12.030 D/XM_HIDREAD( 328): add@ add@/devices/virtual/wakeup/wakeup27
06-13 20:08:12.049 E/DONGLE_SERVICE( 334): xhk trying to reopen hidraw: /dev/hidraw0
06-13 20:08:12.050 D/DONGLE_SERVICE( 334): check_smartctrl_hidraw_node, vid=13, pid =14392
06-13 20:08:12.050 E/DONGLE_SERVICE( 334): not supported: /dev/hidraw0
06-13 20:08:12.099 D/XM_HIDREAD( 328): poll ret=1, event=1
06-13 20:08:12.099 D/XM_HIDREAD( 328): [9 bytes]:01 00 00 52 00 00 00 00 00
06-13 20:08:12.099 D/TvWindowManager( 485): key event key = KEYCODE_DPAD_UP down = true
06-13 20:08:12.101 W/SoundPool( 485): Use of stream types is deprecated for operations other than volume control
06-13 20:08:12.101 W/SoundPool( 485): See the documentation of SoundPool() for what to use instead with android.media.AudioAttributes to qualify your playback use case
06-13 20:08:12.103 W/IorapForwardingService( 485): No service published for: iorapd
06-13 20:08:12.106 D/GpioService( 485): mFlickerEnable = true
06-13 20:08:12.112 E/SecondScreen( 1101): FirstScreenLayoutView dispatchKeyEvent 19
06-13 20:08:12.129 D/MediaCodecList( 485): codecHandlesFormat: no format, so no extra checks
06-13 20:08:12.131 D/CompatibilityChangeReporter( 485): Compat change id reported: 135634846; UID 10041; state: DISABLED
06-13 20:08:12.132 D/CCodec ( 485): allocate(c2.android.vorbis.decoder)
06-13 20:08:12.132 V/C2Store ( 376): in init
06-13 20:08:12.133 D/CompatibilityChangeReporter( 485): Compat change id reported: 143937733; UID 10041; state: DISABLED
06-13 20:08:12.133 V/C2Store ( 376): loading dll
06-13 20:08:12.138 I/CCodec ( 485): Created component [c2.android.vorbis.decoder]
06-13 20:08:12.139 D/CCodecConfig( 485): read media type: audio/vorbis
06-13 20:08:12.142 D/ReflectedParamUpdater( 485): extent() != 1 for single value type: algo.buffers.max-count.values
06-13 20:08:12.143 D/ReflectedParamUpdater( 485): extent() != 1 for single value type: output.subscribed-indices.values
06-13 20:08:12.143 D/ReflectedParamUpdater( 485): extent() != 1 for single value type: input.buffers.allocator-ids.values
06-13 20:08:12.143 D/ReflectedParamUpdater( 485): extent() != 1 for single value type: output.buffers.allocator-ids.values
06-13 20:08:12.144 D/ReflectedParamUpdater( 485): extent() != 1 for single value type: algo.buffers.allocator-ids.values
06-13 20:08:12.144 D/ReflectedParamUpdater( 485): extent() != 1 for single value type: output.buffers.pool-ids.values
06-13 20:08:12.144 D/ReflectedParamUpdater( 485): extent() != 1 for single value type: algo.buffers.pool-ids.values
06-13 20:08:12.145 D/MediaCodecList( 485): codecHandlesFormat: no format, so no extra checks
06-13 20:08:12.147 D/CCodec ( 485): allocate(c2.android.vorbis.decoder)
06-13 20:08:12.149 D/Zygote ( 255): Forked child process 2714
06-13 20:08:12.153 I/CCodecConfig( 485): query failed after returning 7 values (BAD_INDEX)
06-13 20:08:12.153 I/ActivityManager( 485): app.processName = com.sohu.inputmethod.sogou.tv
06-13 20:08:12.153 I/ActivityManager( 485): Start proc 2714:com.sohu.inputmethod.sogou.tv/u0a41 for service {com.sohu.inputmethod.sogou.tv/com.sohu.inputmethod.sogou.tv.SogouIME}
06-13 20:08:12.153 D/CCodecConfig( 485): c2 config diff is Dict {
06-13 20:08:12.153 D/CCodecConfig( 485): c2::u32 coded.bitrate.value = 64000
06-13 20:08:12.153 D/CCodecConfig( 485): c2::u32 input.buffers.max-size.value = 32768
06-13 20:08:12.153 D/CCodecConfig( 485): c2::u32 input.delay.value = 0
06-13 20:08:12.153 D/CCodecConfig( 485): string input.media-type.value = "audio/vorbis"
06-13 20:08:12.153 D/CCodecConfig( 485): string output.media-type.value = "audio/raw"
06-13 20:08:12.153 D/CCodecConfig( 485): c2::u32 raw.channel-count.value = 1
06-13 20:08:12.153 D/CCodecConfig( 485): c2::u32 raw.sample-rate.value = 48000
06-13 20:08:12.153 D/CCodecConfig( 485): }
06-13 20:08:12.155 D/CCodec ( 485): [c2.android.vorbis.decoder] buffers are bound to CCodec for this session
06-13 20:08:12.155 D/CCodecConfig( 485): no c2 equivalents for durationUs
06-13 20:08:12.155 D/CCodecConfig( 485): no c2 equivalents for track-id
06-13 20:08:12.155 D/CCodecConfig( 485): no c2 equivalents for csd-1
06-13 20:08:12.156 D/CCodecConfig( 485): no c2 equivalents for channel-mask
06-13 20:08:12.156 D/CCodecConfig( 485): no c2 equivalents for flags
06-13 20:08:12.157 D/CCodecConfig( 485): c2 config diff is c2::u32 coded.bitrate.value = 112000
06-13 20:08:12.157 D/CCodecConfig( 485): c2::u32 raw.channel-count.value = 2
06-13 20:08:12.157 D/CCodecConfig( 485): c2::u32 raw.sample-rate.value = 44100
06-13 20:08:12.158 I/CCodec ( 485): Created component [c2.android.vorbis.decoder]
06-13 20:08:12.159 D/CCodecConfig( 485): read media type: audio/vorbis
06-13 20:08:12.159 W/Codec2Client( 485): query -- param skipped: index = 1107298332.
06-13 20:08:12.159 D/CCodec ( 485): setup formats input: AMessage(what = 0x00000000) = {
06-13 20:08:12.159 D/CCodec ( 485): int32_t bitrate = 112000
06-13 20:08:12.159 D/CCodec ( 485): int32_t channel-count = 2
06-13 20:08:12.159 D/CCodec ( 485): int32_t max-input-size = 32768
06-13 20:08:12.159 D/CCodec ( 485): string mime = "audio/vorbis"
06-13 20:08:12.159 D/CCodec ( 485): int32_t sample-rate = 44100
06-13 20:08:12.159 D/CCodec ( 485): }
06-13 20:08:12.159 D/CCodec ( 485): setup formats output: AMessage(what = 0x00000000) = {
06-13 20:08:12.159 D/CCodec ( 485): int32_t channel-count = 2
06-13 20:08:12.159 D/CCodec ( 485): string mime = "audio/raw"
06-13 20:08:12.159 D/CCodec ( 485): int32_t sample-rate = 44100
06-13 20:08:12.159 D/CCodec ( 485): int32_t channel-mask = 3
06-13 20:08:12.159 D/CCodec ( 485): }
06-13 20:08:12.159 I/CCodecConfig( 485): query failed after returning 7 values (BAD_INDEX)
06-13 20:08:12.162 D/ReflectedParamUpdater( 485): extent() != 1 for single value type: algo.buffers.max-count.values
06-13 20:08:12.162 D/ReflectedParamUpdater( 485): extent() != 1 for single value type: output.subscribed-indices.values
06-13 20:08:12.162 D/ReflectedParamUpdater( 485): extent() != 1 for single value type: input.buffers.allocator-ids.values
06-13 20:08:12.162 D/ReflectedParamUpdater( 485): extent() != 1 for single value type: output.buffers.allocator-ids.values
06-13 20:08:12.162 D/ReflectedParamUpdater( 485): extent() != 1 for single value type: algo.buffers.allocator-ids.values
06-13 20:08:12.162 D/ReflectedParamUpdater( 485): extent() != 1 for single value type: output.buffers.pool-ids.values
06-13 20:08:12.163 D/ReflectedParamUpdater( 485): extent() != 1 for single value type: algo.buffers.pool-ids.values
06-13 20:08:12.162 I/Zygote ( 2714): seccomp disabled by setenforce 0
06-13 20:08:12.166 I/CCodecConfig( 485): query failed after returning 7 values (BAD_INDEX)
06-13 20:08:12.166 D/CCodecConfig( 485): c2 config diff is Dict {
06-13 20:08:12.166 D/CCodecConfig( 485): c2::u32 coded.bitrate.value = 64000
06-13 20:08:12.166 D/CCodecConfig( 485): c2::u32 input.buffers.max-size.value = 32768
06-13 20:08:12.166 D/CCodecConfig( 485): c2::u32 input.delay.value = 0
06-13 20:08:12.166 D/CCodecConfig( 485): string input.media-type.value = "audio/vorbis"
06-13 20:08:12.166 D/CCodecConfig( 485): string output.media-type.value = "audio/raw"
06-13 20:08:12.166 D/CCodecConfig( 485): c2::u32 raw.channel-count.value = 1
06-13 20:08:12.166 D/CCodecConfig( 485): c2::u32 raw.sample-rate.value = 48000
06-13 20:08:12.166 D/CCodecConfig( 485): }
06-13 20:08:12.170 D/CCodec ( 485): [c2.android.vorbis.decoder] buffers are bound to CCodec for this session
06-13 20:08:12.171 D/CCodecConfig( 485): no c2 equivalents for durationUs
06-13 20:08:12.171 D/CCodecConfig( 485): no c2 equivalents for track-id
06-13 20:08:12.171 D/CCodecConfig( 485): no c2 equivalents for csd-1
06-13 20:08:12.171 D/CCodecConfig( 485): no c2 equivalents for channel-mask
06-13 20:08:12.171 D/CCodecConfig( 485): no c2 equivalents for flags
06-13 20:08:12.172 D/CCodecConfig( 485): c2 config diff is c2::u32 coded.bitrate.value = 112000
06-13 20:08:12.172 D/CCodecConfig( 485): c2::u32 raw.channel-count.value = 2
06-13 20:08:12.172 D/CCodecConfig( 485): c2::u32 raw.sample-rate.value = 44100
06-13 20:08:12.174 W/Codec2Client( 485): query -- param skipped: index = 1107298332.
06-13 20:08:12.174 D/CCodec ( 485): setup formats input: AMessage(what = 0x00000000) = {
06-13 20:08:12.174 D/CCodec ( 485): int32_t bitrate = 112000
06-13 20:08:12.174 D/CCodec ( 485): int32_t channel-count = 2
06-13 20:08:12.174 D/CCodec ( 485): int32_t max-input-size = 32768
06-13 20:08:12.174 D/CCodec ( 485): string mime = "audio/vorbis"
06-13 20:08:12.174 D/CCodec ( 485): int32_t sample-rate = 44100
06-13 20:08:12.174 D/CCodec ( 485): }
06-13 20:08:12.174 D/CCodec ( 485): setup formats output: AMessage(what = 0x00000000) = {
06-13 20:08:12.174 D/CCodec ( 485): int32_t channel-count = 2
06-13 20:08:12.174 D/CCodec ( 485): string mime = "audio/raw"
06-13 20:08:12.174 D/CCodec ( 485): int32_t sample-rate = 44100
06-13 20:08:12.174 D/CCodec ( 485): int32_t channel-mask = 3
06-13 20:08:12.174 D/CCodec ( 485): }
06-13 20:08:12.175 I/CCodecConfig( 485): query failed after returning 7 values (BAD_INDEX)
06-13 20:08:12.175 W/Codec2Client( 485): query -- param skipped: index = 1342179345.
06-13 20:08:12.175 W/Codec2Client( 485): query -- param skipped: index = 2415921170.
06-13 20:08:12.177 W/NotificationHistory( 485): Attempted to add notif for locked/gone/disabled user 0
06-13 20:08:12.177 D/BufferPoolAccessor2.0( 376): bufferpool2 0xed773198 : 0(0 size) total buffers - 0(0 size) used buffers - 135/145 (recycle/alloc) - 10/144 (fetch/transfer)
06-13 20:08:12.177 D/BufferPoolAccessor2.0( 376): Destruction - bufferpool2 0xed773198 cached: 0/0M, 0/0% in use; allocs: 145, 93% recycled; transfers: 144, 93% unfetched
06-13 20:08:12.180 W/Codec2Client( 485): query -- param skipped: index = 1342179345.
06-13 20:08:12.180 D/BufferPoolAccessor2.0( 376): bufferpool2 0xed773058 : 0(0 size) total buffers - 0(0 size) used buffers - 138/145 (recycle/alloc) - 7/144 (fetch/transfer)
06-13 20:08:12.180 W/Codec2Client( 485): query -- param skipped: index = 2415921170.
06-13 20:08:12.180 D/BufferPoolAccessor2.0( 376): Destruction - bufferpool2 0xed773058 cached: 0/0M, 0/0% in use; allocs: 145, 95% recycled; transfers: 144, 95% unfetched
06-13 20:08:12.180 D/BufferPoolAccessor2.0( 376): bufferpool2 0xed773418 : 0(0 size) total buffers - 0(0 size) used buffers - 16/19 (recycle/alloc) - 3/18 (fetch/transfer)
06-13 20:08:12.180 D/BufferPoolAccessor2.0( 376): Destruction - bufferpool2 0xed773418 cached: 0/0M, 0/0% in use; allocs: 19, 84% recycled; transfers: 18, 83% unfetched
06-13 20:08:12.181 D/BufferPoolAccessor2.0( 376): bufferpool2 0xed7732d8 : 0(0 size) total buffers - 0(0 size) used buffers - 17/21 (recycle/alloc) - 4/20 (fetch/transfer)
06-13 20:08:12.181 D/BufferPoolAccessor2.0( 376): Destruction - bufferpool2 0xed7732d8 cached: 0/0M, 0/0% in use; allocs: 21, 81% recycled; transfers: 20, 80% unfetched
06-13 20:08:12.182 V/TvNotificationHandler( 684): Notification not added because it isn't relevant for tv
06-13 20:08:12.182 D/BufferPoolAccessor2.0( 376): bufferpool2 0xed774098 : 0(0 size) total buffers - 0(0 size) used buffers - 29/36 (recycle/alloc) - 8/35 (fetch/transfer)
06-13 20:08:12.182 D/BufferPoolAccessor2.0( 376): Destruction - bufferpool2 0xed774098 cached: 0/0M, 0/0% in use; allocs: 36, 81% recycled; transfers: 35, 77% unfetched
06-13 20:08:12.182 D/BufferPoolAccessor2.0( 376): bufferpool2 0xed774318 : 0(0 size) total buffers - 0(0 size) used buffers - 29/32 (recycle/alloc) - 3/31 (fetch/transfer)
06-13 20:08:12.183 D/BufferPoolAccessor2.0( 376): Destruction - bufferpool2 0xed774318 cached: 0/0M, 0/0% in use; allocs: 32, 91% recycled; transfers: 31, 90% unfetched
06-13 20:08:12.183 D/CCodecBufferChannel( 485): [c2.android.vorbis.decoder#710] Created input block pool with allocatorID 16 => poolID 23 - OK (0)
06-13 20:08:12.184 D/CCodecBufferChannel( 485): [c2.android.vorbis.decoder#867] Created input block pool with allocatorID 16 => poolID 24 - OK (0)
06-13 20:08:12.184 D/BufferPoolAccessor2.0( 485): bufferpool2 0xe94b8c18 : 0(0 size) total buffers - 0(0 size) used buffers - 2/7 (recycle/alloc) - 13/294 (fetch/transfer)
06-13 20:08:12.184 D/BufferPoolAccessor2.0( 485): Destruction - bufferpool2 0xe94b8c18 cached: 0/0M, 0/0% in use; allocs: 7, 29% recycled; transfers: 294, 96% unfetched
06-13 20:08:12.185 D/BufferPoolAccessor2.0( 485): bufferpool2 0xe94b8d58 : 0(0 size) total buffers - 0(0 size) used buffers - 2/7 (recycle/alloc) - 8/294 (fetch/transfer)
06-13 20:08:12.185 D/BufferPoolAccessor2.0( 485): Destruction - bufferpool2 0xe94b8d58 cached: 0/0M, 0/0% in use; allocs: 7, 29% recycled; transfers: 294, 97% unfetched
06-13 20:08:12.185 D/BufferPoolAccessor2.0( 485): bufferpool2 0xe9737a18 : 0(0 size) total buffers - 0(0 size) used buffers - 2/7 (recycle/alloc) - 5/42 (fetch/transfer)
06-13 20:08:12.185 D/BufferPoolAccessor2.0( 485): Destruction - bufferpool2 0xe9737a18 cached: 0/0M, 0/0% in use; allocs: 7, 29% recycled; transfers: 42, 88% unfetched
06-13 20:08:12.185 D/BufferPoolAccessor2.0( 485): bufferpool2 0xe9738058 : 0(0 size) total buffers - 0(0 size) used buffers - 2/7 (recycle/alloc) - 5/46 (fetch/transfer)
06-13 20:08:12.186 D/BufferPoolAccessor2.0( 485): Destruction - bufferpool2 0xe9738058 cached: 0/0M, 0/0% in use; allocs: 7, 29% recycled; transfers: 46, 89% unfetched
06-13 20:08:12.186 D/BufferPoolAccessor2.0( 485): bufferpool2 0xe97382d8 : 0(0 size) total buffers - 0(0 size) used buffers - 2/7 (recycle/alloc) - 9/76 (fetch/transfer)
06-13 20:08:12.186 D/BufferPoolAccessor2.0( 485): Destruction - bufferpool2 0xe97382d8 cached: 0/0M, 0/0% in use; allocs: 7, 29% recycled; transfers: 76, 88% unfetched
06-13 20:08:12.186 D/BufferPoolAccessor2.0( 485): bufferpool2 0xe9739818 : 0(0 size) total buffers - 0(0 size) used buffers - 2/7 (recycle/alloc) - 5/68 (fetch/transfer)
06-13 20:08:12.186 D/BufferPoolAccessor2.0( 485): Destruction - bufferpool2 0xe9739818 cached: 0/0M, 0/0% in use; allocs: 7, 29% recycled; transfers: 68, 93% unfetched
06-13 20:08:12.187 D/BufferPoolAccessor2.0( 819): bufferpool2 0xe9abd058 : 0(0 size) total buffers - 0(0 size) used buffers - 1/7 (recycle/alloc) - 6/96 (fetch/transfer)
06-13 20:08:12.187 D/BufferPoolAccessor2.0( 819): Destruction - bufferpool2 0xe9abd058 cached: 0/0M, 0/0% in use; allocs: 7, 14% recycled; transfers: 96, 94% unfetched
06-13 20:08:12.188 D/BufferPoolAccessor2.0( 819): bufferpool2 0xe9abd198 : 0(0 size) total buffers - 0(0 size) used buffers - 1/7 (recycle/alloc) - 6/92 (fetch/transfer)
06-13 20:08:12.188 D/BufferPoolAccessor2.0( 819): Destruction - bufferpool2 0xe9abd198 cached: 0/0M, 0/0% in use; allocs: 7, 14% recycled; transfers: 92, 93% unfetched
06-13 20:08:12.188 I/CCodecBufferChannel( 485): [c2.android.vorbis.decoder#710] Created output block pool with allocatorID 16 => poolID 25 - OK
06-13 20:08:12.189 D/CCodecBufferChannel( 485): [c2.android.vorbis.decoder#710] Configured output block pool ids 25 => OK
06-13 20:08:12.190 I/adbd ( 389): jdwp connection from 2714
06-13 20:08:12.191 I/CCodecBufferChannel( 485): [c2.android.vorbis.decoder#867] Created output block pool with allocatorID 16 => poolID 26 - OK
06-13 20:08:12.194 D/CCodecBufferChannel( 485): [c2.android.vorbis.decoder#867] Configured output block pool ids 26 => OK
06-13 20:08:12.195 D/SimpleC2Component( 376): Using output block pool with poolID 25 => got 25 - 0
06-13 20:08:12.203 D/XM_HIDREAD( 328): poll ret=1, event=1
06-13 20:08:12.203 D/XM_HIDREAD( 328): [9 bytes]:01 00 00 00 00 00 00 00 00
06-13 20:08:12.203 D/TvWindowManager( 485): key event key = KEYCODE_DPAD_UP down = false
06-13 20:08:12.206 E/SecondScreen( 1101): FirstScreenLayoutView dispatchKeyEvent 19
06-13 20:08:12.211 D/SimpleC2Component( 376): Using output block pool with poolID 26 => got 26 - 0
06-13 20:08:12.216 D/CompatibilityChangeReporter( 485): Compat change id reported: 168419799; UID 10041; state: DISABLED
06-13 20:08:12.237 D/CompatibilityChangeReporter( 2714): Compat change id reported: 171979766; UID 10041; state: DISABLED
06-13 20:08:12.252 D/ApplicationLoaders( 2714): Returning zygote-cached class loader: /system/framework/android.test.base.jar
06-13 20:08:12.252 D/ApplicationLoaders( 2714): Returning zygote-cached class loader: /system/framework/android.hidl.manager-V1.0-java.jar
06-13 20:08:12.252 D/ApplicationLoaders( 2714): Returning zygote-cached class loader: /system/framework/android.hidl.base-V1.0-java.jar
06-13 20:08:12.259 D/CCodecBufferChannel( 485): [c2.android.vorbis.decoder#867] MediaCodec discarded an unknown buffer
06-13 20:08:12.259 D/CCodecBufferChannel( 485): [c2.android.vorbis.decoder#867] MediaCodec discarded an unknown buffer
06-13 20:08:12.260 I/hw-BpHwBinder( 485): onLastStrongRef automatically unlinking death recipients
06-13 20:08:12.276 D/CCodecBufferChannel( 485): [c2.android.vorbis.decoder#710] MediaCodec discarded an unknown buffer
06-13 20:08:12.276 D/CCodecBufferChannel( 485): [c2.android.vorbis.decoder#710] MediaCodec discarded an unknown buffer
06-13 20:08:12.277 I/hw-BpHwBinder( 485): onLastStrongRef automatically unlinking death recipients
06-13 20:08:12.278 I/hw-BpHwBinder( 376): onLastStrongRef automatically unlinking death recipients
06-13 20:08:12.278 V/C2Store ( 376): in ~ComponentModule
06-13 20:08:12.278 V/C2Store ( 376): unloading dll
06-13 20:08:12.290 D/MediaCodecList( 485): codecHandlesFormat: no format, so no extra checks
06-13 20:08:12.292 D/CCodec ( 485): allocate(c2.android.vorbis.decoder)
06-13 20:08:12.293 V/C2Store ( 376): in init
06-13 20:08:12.293 V/C2Store ( 376): loading dll
06-13 20:08:12.297 I/CCodec ( 485): Created component [c2.android.vorbis.decoder]
06-13 20:08:12.297 D/CCodecConfig( 485): read media type: audio/vorbis
06-13 20:08:12.300 D/ReflectedParamUpdater( 485): extent() != 1 for single value type: algo.buffers.max-count.values
06-13 20:08:12.300 D/ReflectedParamUpdater( 485): extent() != 1 for single value type: output.subscribed-indices.values
06-13 20:08:12.301 D/ReflectedParamUpdater( 485): extent() != 1 for single value type: input.buffers.allocator-ids.values
06-13 20:08:12.301 D/ReflectedParamUpdater( 485): extent() != 1 for single value type: output.buffers.allocator-ids.values
06-13 20:08:12.301 D/ReflectedParamUpdater( 485): extent() != 1 for single value type: algo.buffers.allocator-ids.values
06-13 20:08:12.301 D/ReflectedParamUpdater( 485): extent() != 1 for single value type: output.buffers.pool-ids.values
06-13 20:08:12.301 D/ReflectedParamUpdater( 485): extent() != 1 for single value type: algo.buffers.pool-ids.values
06-13 20:08:12.302 V/GraphicsEnvironment( 2714): ANGLE Developer option for 'com.sohu.inputmethod.sogou.tv' set to: 'default'
06-13 20:08:12.302 V/GraphicsEnvironment( 2714): Neither updatable production driver nor prerelease driver is supported.
06-13 20:08:12.304 D/NetworkSecurityConfig( 2714): Using Network Security Config from resource network_security_config debugBuild: false
06-13 20:08:12.304 I/CCodecConfig( 485): query failed after returning 7 values (BAD_INDEX)
06-13 20:08:12.304 D/CCodecConfig( 485): c2 config diff is Dict {
06-13 20:08:12.304 D/CCodecConfig( 485): c2::u32 coded.bitrate.value = 64000
06-13 20:08:12.304 D/CCodecConfig( 485): c2::u32 input.buffers.max-size.value = 32768
06-13 20:08:12.304 D/CCodecConfig( 485): c2::u32 input.delay.value = 0
06-13 20:08:12.304 D/CCodecConfig( 485): string input.media-type.value = "audio/vorbis"
06-13 20:08:12.304 D/CCodecConfig( 485): string output.media-type.value = "audio/raw"
06-13 20:08:12.304 D/CCodecConfig( 485): c2::u32 raw.channel-count.value = 1
06-13 20:08:12.304 D/CCodecConfig( 485): c2::u32 raw.sample-rate.value = 48000
06-13 20:08:12.304 D/CCodecConfig( 485): }
06-13 20:08:12.305 D/CCodec ( 485): [c2.android.vorbis.decoder] buffers are bound to CCodec for this session
06-13 20:08:12.305 D/NetworkSecurityConfig( 2714): Using Network Security Config from resource network_security_config debugBuild: false
06-13 20:08:12.306 D/CCodecConfig( 485): no c2 equivalents for durationUs
06-13 20:08:12.306 D/CCodecConfig( 485): no c2 equivalents for track-id
06-13 20:08:12.306 D/CCodecConfig( 485): no c2 equivalents for csd-1
06-13 20:08:12.306 D/CCodecConfig( 485): no c2 equivalents for channel-mask
06-13 20:08:12.306 D/CCodecConfig( 485): no c2 equivalents for flags
06-13 20:08:12.307 D/CCodecConfig( 485): c2 config diff is c2::u32 coded.bitrate.value = 112000
06-13 20:08:12.307 D/CCodecConfig( 485): c2::u32 raw.channel-count.value = 2
06-13 20:08:12.307 D/CCodecConfig( 485): c2::u32 raw.sample-rate.value = 44100
06-13 20:08:12.308 I/MultiDex( 2714): VM with version 2.1.0 has multidex support
06-13 20:08:12.308 I/MultiDex( 2714): Installing application
06-13 20:08:12.308 I/MultiDex( 2714): VM has multidex support, MultiDex support library is disabled.
06-13 20:08:12.308 W/Codec2Client( 485): query -- param skipped: index = 1107298332.
06-13 20:08:12.308 D/CCodec ( 485): setup formats input: AMessage(what = 0x00000000) = {
06-13 20:08:12.308 D/CCodec ( 485): int32_t bitrate = 112000
06-13 20:08:12.308 D/CCodec ( 485): int32_t channel-count = 2
06-13 20:08:12.308 D/CCodec ( 485): int32_t max-input-size = 32768
06-13 20:08:12.308 D/CCodec ( 485): string mime = "audio/vorbis"
06-13 20:08:12.308 D/CCodec ( 485): int32_t sample-rate = 44100
06-13 20:08:12.308 D/CCodec ( 485): }
06-13 20:08:12.308 D/CCodec ( 485): setup formats output: AMessage(what = 0x00000000) = {
06-13 20:08:12.308 D/CCodec ( 485): int32_t channel-count = 2
06-13 20:08:12.308 D/CCodec ( 485): string mime = "audio/raw"
06-13 20:08:12.308 D/CCodec ( 485): int32_t sample-rate = 44100
06-13 20:08:12.308 D/CCodec ( 485): int32_t channel-mask = 3
06-13 20:08:12.308 D/CCodec ( 485): }
06-13 20:08:12.308 I/CCodecConfig( 485): query failed after returning 7 values (BAD_INDEX)
06-13 20:08:12.309 W/Codec2Client( 485): query -- param skipped: index = 1342179345.
06-13 20:08:12.309 W/Codec2Client( 485): query -- param skipped: index = 2415921170.
06-13 20:08:12.310 D/CCodecBufferChannel( 485): [c2.android.vorbis.decoder#107] Created input block pool with allocatorID 16 => poolID 25 - OK (0)
06-13 20:08:12.311 I/CCodecBufferChannel( 485): [c2.android.vorbis.decoder#107] Created output block pool with allocatorID 16 => poolID 27 - OK
06-13 20:08:12.311 D/CCodecBufferChannel( 485): [c2.android.vorbis.decoder#107] Configured output block pool ids 27 => OK
06-13 20:08:12.314 D/SimpleC2Component( 376): Using output block pool with poolID 27 => got 27 - 0
06-13 20:08:12.352 E/SogouIME( 2714): setupInputSurface
06-13 20:08:12.372 D/CCodecBufferChannel( 485): [c2.android.vorbis.decoder#107] MediaCodec discarded an unknown buffer
06-13 20:08:12.372 D/CCodecBufferChannel( 485): [c2.android.vorbis.decoder#107] MediaCodec discarded an unknown buffer
06-13 20:08:12.373 D/CCodecBufferChannel( 485): [c2.android.vorbis.decoder#107] MediaCodec discarded an unknown buffer
06-13 20:08:12.374 I/hw-BpHwBinder( 485): onLastStrongRef automatically unlinking death recipients
06-13 20:08:12.374 I/hw-BpHwBinder( 376): onLastStrongRef automatically unlinking death recipients
06-13 20:08:12.375 V/C2Store ( 376): in ~ComponentModule
06-13 20:08:12.375 V/C2Store ( 376): unloading dll
06-13 20:08:12.383 D/XM_HIDREAD( 328): poll ret=1, event=1
06-13 20:08:12.383 D/XM_HIDREAD( 328): [9 bytes]:01 00 00 52 00 00 00 00 00
06-13 20:08:12.383 D/TvWindowManager( 485): key event key = KEYCODE_DPAD_UP down = true
06-13 20:08:12.384 D/GpioService( 485): mFlickerEnable = true
06-13 20:08:12.385 E/SecondScreen( 1101): FirstScreenLayoutView dispatchKeyEvent 19
06-13 20:08:12.431 I/DefaultIMS( 2714): DefaultIMS::onCreate()
06-13 20:08:12.431 I/DefaultIMS( 2714): DefaultIMS::onCreate() finish
06-13 20:08:12.448 W/hdr10p_Configure( 421): 66 callbacks suppressed
06-13 20:08:12.448 I/ ( 421): DVI mode selected: packets not configured
06-13 20:08:12.448 W/set_vsif_config( 421): 66 callbacks suppressed
06-13 20:08:12.448 I/ ( 421): Error: set vsif failed
06-13 20:08:12.466 I/ ( 421): DVI mode selected: packets not configured
06-13 20:08:12.466 I/ ( 421): Error: set vsif failed
06-13 20:08:12.479 W/ActivityTaskManager( 485): Current config: {1.0 ?mcc?mnc [zh_CN] ldltr sw720dp w1280dp h696dp 240dpi xlrg long land television -touch qwerty/v/v dpad/v winConfig={ mBounds=Rect(0, 0 - 1920, 1080) mAppBounds=Rect(0, 0 - 1920, 1080) mMaxBounds=Rect(0, 0 - 1920, 1080) mWindowingMode=fullscreen mDisplayWindowingMode=fullscreen mActivityType=undefined mAlwaysOnTop=undefined mRotation=ROTATION_0} s.6 fontWeightAdjustment=0} unchanged for IME proc com.sohu.inputmethod.sogou.tv
06-13 20:08:12.479 W/ActivityTaskManager( 485): Current config: {1.0 ?mcc?mnc [zh_CN] ldltr sw720dp w1280dp h696dp 240dpi xlrg long land television -touch qwerty/v/v dpad/v winConfig={ mBounds=Rect(0, 0 - 1920, 1080) mAppBounds=Rect(0, 0 - 1920, 1080) mMaxBounds=Rect(0, 0 - 1920, 1080) mWindowingMode=fullscreen mDisplayWindowingMode=fullscreen mActivityType=undefined mAlwaysOnTop=undefined mRotation=ROTATION_0} s.6 fontWeightAdjustment=0} unchanged for IME proc com.sohu.inputmethod.sogou.tv
06-13 20:08:12.485 I/ ( 421): DVI mode selected: packets not configured
06-13 20:08:12.485 I/ ( 421): Error: set vsif failed
06-13 20:08:12.488 D/CompatibilityChangeReporter( 485): Compat change id reported: 158002302; UID 1000; state: ENABLED
06-13 20:08:12.489 D/XM_HIDREAD( 328): poll ret=1, event=1
06-13 20:08:12.489 D/XM_HIDREAD( 328): [9 bytes]:01 00 00 00 00 00 00 00 00
06-13 20:08:12.489 D/TvWindowManager( 485): key event key = KEYCODE_DPAD_UP down = false
06-13 20:08:12.501 I/SogouIME( 2714): onKeyUp: keyoCode=19
06-13 20:08:12.501 I/DefaultIMS( 2714): onKeyUp: keyoCode=19
06-13 20:08:12.502 I/ ( 421): DVI mode selected: packets not configured
06-13 20:08:12.502 I/ ( 421): Error: set vsif failed
06-13 20:08:12.510 E/SecondScreen( 1101): FirstScreenLayoutView dispatchKeyEvent 19
06-13 20:08:12.513 I/DefaultIMS( 2714): onInitializeInterface:
06-13 20:08:12.533 I/bt_stack( 671): [INFO:hearing_aid.cc(1796)] GetDeviceCount: Not initialized yet
06-13 20:08:12.539 I/InputModelManager( 2714): mLanguageId+0 mInputType=0mChInputType=2
06-13 20:08:12.541 I/nw ( 2714): loadKeyData: loadLanguageInfoSuccess ? true
06-13 20:08:12.541 I/InputModelManager( 2714): getCurrentLanguageBean inputMode languageId:0
06-13 20:08:12.542 I/nw ( 2714): onChanged: languageResStatusBean=Language load status:
06-13 20:08:12.542 I/nw ( 2714): {}
06-13 20:08:12.553 I/InputModelManager( 2714): getCurrentLanguageBean inputMode languageId:0
06-13 20:08:12.559 I/LanguageResManager( 2714): prepareResource onSuccess:
06-13 20:08:12.560 I/LanguageResManager( 2714): prepareResource onSuccess:
06-13 20:08:12.563 D/InputSurface( 2714): initView:
06-13 20:08:12.564 I/MainPresenter( 2714): initView:
06-13 20:08:12.565 D/MainLayer( 2714): initView:
06-13 20:08:12.567 D/BodyAreaPresenter( 2714): initView:
06-13 20:08:12.607 I/DefaultIMS( 2714): DefaultIMS::onInitializeInterface() finish
06-13 20:08:12.608 D/XM_HIDREAD( 328): poll ret=1, event=1
06-13 20:08:12.608 D/XM_HIDREAD( 328): [9 bytes]:01 00 00 52 00 00 00 00 00
06-13 20:08:12.608 D/TvWindowManager( 485): key event key = KEYCODE_DPAD_UP down = true
06-13 20:08:12.609 D/GpioService( 485): mFlickerEnable = true
06-13 20:08:12.609 D/CompatibilityChangeReporter( 2714): Compat change id reported: 160794467; UID 10041; state: DISABLED
06-13 20:08:12.612 I/SogouIME( 2714): onKeyDown: keyoCode=19
06-13 20:08:12.613 I/DefaultIMS( 2714): onKeyDown: keyoCode=19
06-13 20:08:12.614 E/SecondScreen( 1101): FirstScreenLayoutView dispatchKeyEvent 19
06-13 20:08:12.615 I/DefaultIMS( 2714): onStartInput attribute=android.view.inputmethod.EditorInfo@ef09c07 restarting=false inputType: 0
06-13 20:08:12.621 I/SendAliveManager( 2714): doWhenNetworkStateChanged
06-13 20:08:12.621 I/nw ( 2714): onChanged: languageResStatusBean=Language load status:
06-13 20:08:12.621 I/nw ( 2714): {zh=3}
06-13 20:08:12.621 I/DefaultIMS( 2714): initializedCallback: time tag1=1749816492621
06-13 20:08:12.622 I/nw ( 2714): initializeInputSession: inputMode=languageID=0
06-13 20:08:12.622 I/nw ( 2714): scriptID=2
06-13 20:08:12.622 I/nw ( 2714): layoutID=2
06-13 20:08:12.622 I/KeyEventTransfer( 2714): languageID=0
06-13 20:08:12.622 I/KeyEventTransfer( 2714): scriptID=2
06-13 20:08:12.622 I/KeyEventTransfer( 2714): layoutID=2
06-13 20:08:12.636 I/ ( 421): DVI mode selected: packets not configured
06-13 20:08:12.636 I/ ( 421): Error: set vsif failed
06-13 20:08:12.654 D/CompatibilityChangeReporter( 485): Compat change id reported: 149924527; UID 10041; state: ENABLED
06-13 20:08:12.655 D/CompatibilityChangeReporter( 485): Compat change id reported: 132649864; UID 10041; state: DISABLED
06-13 20:08:12.727 D/XM_HIDREAD( 328): poll ret=1, event=1
06-13 20:08:12.727 D/XM_HIDREAD( 328): [9 bytes]:01 00 00 00 00 00 00 00 00
06-13 20:08:12.727 D/TvWindowManager( 485): key event key = KEYCODE_DPAD_UP down = false
06-13 20:08:12.740 I/efs-base( 2259): type=1400 audit(0.0:1003): avc: denied { search } for name="com.dangbei.screencast" dev="mmcblk0p25" ino=889 scontext=u:r:platform_app:s0:c512,c768 tcontext=u:object_r:app_data_file:s0:c512,c768 tclass=dir permissive=1 app=com.dangbei.screencast
06-13 20:08:12.740 I/efs-base( 2259): type=1400 audit(0.0:1004): avc: denied { getattr } for path="/data/user/0/com.dangbei.screencast/app_UApm/5fc60c21094d637f3130af19/ready" dev="mmcblk0p25" ino=2089 scontext=u:r:platform_app:s0:c512,c768 tcontext=u:object_r:app_data_file:s0:c512,c768 tclass=dir permissive=1 app=com.dangbei.screencast
06-13 20:08:12.740 I/efs-base( 2259): type=1400 audit(0.0:1005): avc: denied { read } for name="ready" dev="mmcblk0p25" ino=2089 scontext=u:r:platform_app:s0:c512,c768 tcontext=u:object_r:app_data_file:s0:c512,c768 tclass=dir permissive=1 app=com.dangbei.screencast
06-13 20:08:12.740 I/efs-base( 2259): type=1400 audit(0.0:1006): avc: denied { open } for path="/data/user/0/com.dangbei.screencast/app_UApm/5fc60c21094d637f3130af19/ready" dev="mmcblk0p25" ino=2089 scontext=u:r:platform_app:s0:c512,c768 tcontext=u:object_r:app_data_file:s0:c512,c768 tclass=dir permissive=1 app=com.dangbei.screencast
06-13 20:08:12.771 I/chromium( 2714): [0613/200812:INFO:config_service.cc(227)] Load config buffer. err_code = 3, err_msg = Line: 1, column: 1, Unexpected token.
06-13 20:08:12.816 I/CHInputSession( 2714): set engine mode: 2 layout: 2
06-13 20:08:12.822 D/CHJNIDefault( 2714): setInputMode value=-1
06-13 20:08:12.823 I/InputContext( 2714): onChanged: candidateWords=[]
06-13 20:08:12.824 I/InputContext( 2714): onChanged: candidateWordInfo.size=0 global offset: 0pausedCandidateData = false
06-13 20:08:12.824 I/InputContext( 2714): onChanged: composing=null
06-13 20:08:12.824 I/InputContext( 2714): onChanged: forCompose=false
06-13 20:08:12.828 I/nw ( 2714): onChanged: input mode:languageID=0
06-13 20:08:12.828 I/nw ( 2714): scriptID=2
06-13 20:08:12.828 I/nw ( 2714): layoutID=2
06-13 20:08:12.829 I/SogouIME( 2714): onKeyUp: keyoCode=19
06-13 20:08:12.829 I/DefaultIMS( 2714): onKeyUp: keyoCode=19
06-13 20:08:12.830 E/SecondScreen( 1101): FirstScreenLayoutView dispatchKeyEvent 19
06-13 20:08:13.031 D/XM_HIDREAD( 328): poll ret=1, event=1
06-13 20:08:13.031 D/XM_HIDREAD( 328): [9 bytes]:01 00 00 4F 00 00 00 00 00
06-13 20:08:13.031 D/TvWindowManager( 485): key event key = KEYCODE_DPAD_RIGHT down = true
06-13 20:08:13.033 D/GpioService( 485): mFlickerEnable = true
06-13 20:08:13.034 I/SogouIME( 2714): onKeyDown: keyoCode=22
06-13 20:08:13.034 I/DefaultIMS( 2714): onKeyDown: keyoCode=22
06-13 20:08:13.036 E/SecondScreen( 1101): FirstScreenLayoutView dispatchKeyEvent 22
06-13 20:08:13.042 I/DefaultIMS( 2714): onStartInput attribute=android.view.inputmethod.EditorInfo@669b41e restarting=false inputType: 0
06-13 20:08:13.103 I/ ( 421): DVI mode selected: packets not configured
06-13 20:08:13.103 I/ ( 421): Error: set vsif failed
06-13 20:08:13.105 W/IorapForwardingService( 485): No service published for: iorapd
06-13 20:08:13.109 D/XM_HIDREAD( 328): poll ret=1, event=1
06-13 20:08:13.109 D/XM_HIDREAD( 328): [9 bytes]:01 00 00 00 00 00 00 00 00
06-13 20:08:13.109 D/TvWindowManager( 485): key event key = KEYCODE_DPAD_RIGHT down = false
06-13 20:08:13.111 I/SogouIME( 2714): onKeyUp: keyoCode=22
06-13 20:08:13.111 I/DefaultIMS( 2714): onKeyUp: keyoCode=22
06-13 20:08:13.112 E/SecondScreen( 1101): FirstScreenLayoutView dispatchKeyEvent 22
06-13 20:08:13.211 D/TvWindowManager( 485): key event key = KEYCODE_DPAD_RIGHT down = true
06-13 20:08:13.211 D/XM_HIDREAD( 328): poll ret=1, event=1
06-13 20:08:13.212 D/XM_HIDREAD( 328): [9 bytes]:01 00 00 4F 00 00 00 00 00
06-13 20:08:13.213 D/GpioService( 485): mFlickerEnable = true
06-13 20:08:13.214 I/SogouIME( 2714): onKeyDown: keyoCode=22
06-13 20:08:13.214 I/DefaultIMS( 2714): onKeyDown: keyoCode=22
06-13 20:08:13.216 E/SecondScreen( 1101): FirstScreenLayoutView dispatchKeyEvent 22
06-13 20:08:13.221 I/DefaultIMS( 2714): onStartInput attribute=android.view.inputmethod.EditorInfo@48a28f6 restarting=false inputType: 0
06-13 20:08:13.271 I/ ( 421): DVI mode selected: packets not configured
06-13 20:08:13.271 I/ ( 421): Error: set vsif failed
06-13 20:08:13.278 D/XM_HIDREAD( 328): poll ret=1, event=1
06-13 20:08:13.278 D/XM_HIDREAD( 328): [9 bytes]:01 00 00 00 00 00 00 00 00
06-13 20:08:13.278 D/TvWindowManager( 485): key event key = KEYCODE_DPAD_RIGHT down = false
06-13 20:08:13.280 I/SogouIME( 2714): onKeyUp: keyoCode=22
06-13 20:08:13.280 I/DefaultIMS( 2714): onKeyUp: keyoCode=22
06-13 20:08:13.281 E/SecondScreen( 1101): FirstScreenLayoutView dispatchKeyEvent 22
06-13 20:08:13.823 E/WifiHAL ( 662): wifi_get_link_stats: requestResponse Error:-5
06-13 20:08:13.825 E/WifiVendorHal( 485): getWifiLinkLayerStats_1_5_Internal(l.1191) failed {.code = ERROR_INVALID_ARGS, .description = }
06-13 20:08:13.872 I/cling--ap-2( 2259): type=1400 audit(0.0:1007): avc: denied { search } for name="net" dev="sysfs" ino=10442 scontext=u:r:platform_app:s0:c512,c768 tcontext=u:object_r:sysfs_net:s0 tclass=dir permissive=1 app=com.dangbei.screencast
06-13 20:08:13.872 I/cling--ap-2( 2259): type=1400 audit(0.0:1008): avc: denied { read } for name="address" dev="sysfs" ino=16906 scontext=u:r:platform_app:s0:c512,c768 tcontext=u:object_r:sysfs_net:s0 tclass=file permissive=1 app=com.dangbei.screencast
06-13 20:08:13.872 I/cling--ap-2( 2259): type=1400 audit(0.0:1009): avc: denied { open } for path="/sys/devices/virtual/net/dummy0/address" dev="sysfs" ino=16906 scontext=u:r:platform_app:s0:c512,c768 tcontext=u:object_r:sysfs_net:s0 tclass=file permissive=1 app=com.dangbei.screencast
06-13 20:08:13.872 I/cling--ap-2( 2259): type=1400 audit(0.0:1010): avc: denied { getattr } for path="/sys/devices/virtual/net/dummy0/address" dev="sysfs" ino=16906 scontext=u:r:platform_app:s0:c512,c768 tcontext=u:object_r:sysfs_net:s0 tclass=file permissive=1 app=com.dangbei.screencast
06-13 20:08:13.880 I/cling--ap-2( 2259): type=1400 audit(0.0:1011): avc: denied { read } for name="address" dev="sysfs" ino=28050 scontext=u:r:platform_app:s0:c512,c768 tcontext=u:object_r:sysfs:s0 tclass=file permissive=1 app=com.dangbei.screencast
06-13 20:08:13.880 I/cling--ap-2( 2259): type=1400 audit(0.0:1012): avc: denied { open } for path="/sys/devices/platform/unisoc_wifi/net/wlan1/address" dev="sysfs" ino=28050 scontext=u:r:platform_app:s0:c512,c768 tcontext=u:object_r:sysfs:s0 tclass=file permissive=1 app=com.dangbei.screencast
06-13 20:08:13.886 W/audit ( 2684): audit_lost=537 audit_rate_limit=5 audit_backlog_limit=64
06-13 20:08:13.886 E/audit ( 2684): rate limit exceeded
06-13 20:08:14.106 W/IorapForwardingService( 485): No service published for: iorapd
06-13 20:08:15.109 W/IorapForwardingService( 485): No service published for: iorapd
06-13 20:08:15.436 I/ ( 421): DVI mode selected: packets not configured
06-13 20:08:15.436 I/ ( 421): Error: set vsif failed
06-13 20:08:15.455 I/ ( 421): DVI mode selected: packets not configured
06-13 20:08:15.455 I/ ( 421): Error: set vsif failed
06-13 20:08:15.474 I/ ( 421): DVI mode selected: packets not configured
06-13 20:08:15.474 I/ ( 421): Error: set vsif failed
06-13 20:08:16.111 W/IorapForwardingService( 485): No service published for: iorapd
06-13 20:08:16.704 D/CompatibilityChangeReporter( 485): Compat change id reported: 168419799; UID 10020; state: DISABLED
06-13 20:08:16.709 D/EpgDataCleanupService( 1898): Received intent: Intent { act=com.android.providers.tv.intent.CLEAN_UP_EPG_DATA cmp=com.android.providers.tv/.EpgDataCleanupService }
06-13 20:08:16.710 E/WifiHealthMonitor( 485): Hit PackageManager exception
06-13 20:08:16.710 E/WifiHealthMonitor( 485): android.content.pm.PackageManager$NameNotFoundException: No module info for package: com.android.wifi
06-13 20:08:16.710 E/WifiHealthMonitor( 485): at android.app.ApplicationPackageManager.getModuleInfo(ApplicationPackageManager.java:1079)
06-13 20:08:16.710 E/WifiHealthMonitor( 485): at com.android.server.wifi.WifiHealthMonitor.getWifiStackVersion(WifiHealthMonitor.java:366)
06-13 20:08:16.710 E/WifiHealthMonitor( 485): at com.android.server.wifi.WifiHealthMonitor.extractCurrentSoftwareBuildInfo(WifiHealthMonitor.java:587)
06-13 20:08:16.710 E/WifiHealthMonitor( 485): at com.android.server.wifi.WifiHealthMonitor.postBootSwBuildCheck(WifiHealthMonitor.java:522)
06-13 20:08:16.710 E/WifiHealthMonitor( 485): at com.android.server.wifi.WifiHealthMonitor.postBootDetectionHandler(WifiHealthMonitor.java:513)
06-13 20:08:16.710 E/WifiHealthMonitor( 485): at com.android.server.wifi.WifiHealthMonitor.access$500(WifiHealthMonitor.java:71)
06-13 20:08:16.710 E/WifiHealthMonitor( 485): at com.android.server.wifi.WifiHealthMonitor$2.onAlarm(WifiHealthMonitor.java:190)
06-13 20:08:16.710 E/WifiHealthMonitor( 485): at android.app.AlarmManager$ListenerWrapper.run(AlarmManager.java:323)
06-13 20:08:16.710 E/WifiHealthMonitor( 485): at android.os.Handler.handleCallback(Handler.java:938)
06-13 20:08:16.710 E/WifiHealthMonitor( 485): at android.os.Handler.dispatchMessage(Handler.java:99)
06-13 20:08:16.710 E/WifiHealthMonitor( 485): at android.os.Looper.loopOnce(Looper.java:201)
06-13 20:08:16.710 E/WifiHealthMonitor( 485): at android.os.Looper.loop(Looper.java:288)
06-13 20:08:16.710 E/WifiHealthMonitor( 485): at android.os.HandlerThread.run(HandlerThread.java:67)
06-13 20:08:16.712 E/WifiHAL ( 662): wifi_get_driver_version: Error -5 happened.
06-13 20:08:16.712 E/android.hardware.wifi@1.0-service-lazy( 662): Failed to get driver version: INVALID_ARGS
06-13 20:08:16.713 E/WifiVendorHal( 485): requestChipDebugInfo(l.2167) failed {.code = ERROR_INVALID_ARGS, .description = failed to get driver version}
06-13 20:08:16.713 I/WifiVendorHal( 485): Driver: null Firmware: null
06-13 20:08:16.714 E/WifiHAL ( 662): wifi_get_driver_version: Error -5 happened.
06-13 20:08:16.714 E/android.hardware.wifi@1.0-service-lazy( 662): Failed to get driver version: INVALID_ARGS
06-13 20:08:16.716 E/WifiVendorHal( 485): requestChipDebugInfo(l.2167) failed {.code = ERROR_INVALID_ARGS, .description = failed to get driver version}
06-13 20:08:16.716 I/WifiVendorHal( 485): Driver: null Firmware: null
06-13 20:08:16.736 I/Binder:254_3( 254): type=1400 audit(0.0:1015): avc: denied { add_name } for name="globalAlert" scontext=u:r:netd:s0 tcontext=u:object_r:proc_net:s0 tclass=dir permissive=1
06-13 20:08:16.736 I/Binder:254_3( 254): type=1400 audit(0.0:1016): avc: denied { create } for name="globalAlert" scontext=u:r:netd:s0 tcontext=u:object_r:proc_net:s0 tclass=file permissive=1
06-13 20:08:16.838 E/WifiHAL ( 662): wifi_get_link_stats: requestResponse Error:-5
06-13 20:08:16.840 E/WifiVendorHal( 485): getWifiLinkLayerStats_1_5_Internal(l.1191) failed {.code = ERROR_INVALID_ARGS, .description = }
06-13 20:08:16.846 D/WifiNl80211Manager( 485): Scan result ready event
06-13 20:08:16.846 D/WifiNative( 485): Scan result ready event
06-13 20:08:16.858 E/WifiHAL ( 662): wifi_get_link_stats: requestResponse Error:-5
06-13 20:08:16.859 E/WifiVendorHal( 485): getWifiLinkLayerStats_1_5_Internal(l.1191) failed {.code = ERROR_INVALID_ARGS, .description = }
06-13 20:08:17.113 W/IorapForwardingService( 485): No service published for: iorapd
06-13 20:08:17.136 I/rainbow_flow( 1936): type=1400 audit(0.0:1017): avc: denied { ioctl } for path="/dev/spidev1.0" dev="tmpfs" ino=249 ioctlcmd=0x6b00 scontext=u:r:init:s0 tcontext=u:object_r:device:s0 tclass=chr_file permissive=1
06-13 20:08:17.177 D/BufferPoolAccessor2.0( 485): bufferpool2 0xe94b8e98 : 0(0 size) total buffers - 0(0 size) used buffers - 1/7 (recycle/alloc) - 6/60 (fetch/transfer)
06-13 20:08:17.178 D/BufferPoolAccessor2.0( 485): evictor expired: 1, evicted: 1
06-13 20:08:17.178 D/BufferPoolAccessor2.0( 376): evictor expired: 1, evicted: 0
06-13 20:08:17.326 D/BufferPoolAccessor2.0( 819): evictor expired: 2, evicted: 0
06-13 20:08:17.960 I/Thread-2( 2771): type=1400 audit(0.0:1018): avc: denied { execute } for name="am" dev="dm-5" ino=1160 scontext=u:r:system_app:s0 tcontext=u:object_r:vendor_file:s0 tclass=file permissive=1
06-13 20:08:17.960 I/Thread-2( 2771): type=1400 audit(0.0:1019): avc: denied { read open } for path="/vendor/xbin/am" dev="dm-5" ino=1160 scontext=u:r:system_app:s0 tcontext=u:object_r:vendor_file:s0 tclass=file permissive=1
06-13 20:08:17.960 I/Thread-2( 2771): type=1400 audit(0.0:1020): avc: denied { execute_no_trans } for path="/vendor/xbin/am" dev="dm-5" ino=1160 scontext=u:r:system_app:s0 tcontext=u:object_r:vendor_file:s0 tclass=file permissive=1
06-13 20:08:18.030 D/bbb ( 1185): onStartCommand begin !!!!!!! data分区剩余 24689MB
06-13 20:08:18.032 D/aaa ( 1146): LedStatusService onStartCommand begin
06-13 20:08:18.035 D/aaa ( 1146): topPkg is -------------- :com.dangbei.leard.leradlauncher
06-13 20:08:18.040 D/aaa ( 1146): WiFi is connect
06-13 20:08:18.115 W/IorapForwardingService( 485): No service published for: iorapd
06-13 20:08:18.178 D/BufferPoolAccessor2.0( 485): bufferpool2 0xe9739318 : 0(0 size) total buffers - 0(0 size) used buffers - 2/7 (recycle/alloc) - 5/42 (fetch/transfer)
06-13 20:08:18.178 D/BufferPoolAccessor2.0( 485): bufferpool2 0xe94b8d58 : 0(0 size) total buffers - 0(0 size) used buffers - 2/7 (recycle/alloc) - 5/50 (fetch/transfer)
06-13 20:08:18.178 D/BufferPoolAccessor2.0( 485): evictor expired: 8, evicted: 2
06-13 20:08:18.178 D/BufferPoolAccessor2.0( 376): bufferpool2 0xed7732d8 : 0(0 size) total buffers - 0(0 size) used buffers - 20/23 (recycle/alloc) - 3/22 (fetch/transfer)
06-13 20:08:18.179 D/BufferPoolAccessor2.0( 376): bufferpool2 0xed773058 : 0(0 size) total buffers - 0(0 size) used buffers - 25/28 (recycle/alloc) - 3/27 (fetch/transfer)
06-13 20:08:18.179 D/BufferPoolAccessor2.0( 376): bufferpool2 0xed773198 : 0(0 size) total buffers - 0(0 size) used buffers - 16/19 (recycle/alloc) - 3/18 (fetch/transfer)
06-13 20:08:18.179 D/BufferPoolAccessor2.0( 376): evictor expired: 8, evicted: 3
06-13 20:08:18.444 W/hdr10p_Configure( 421): 34 callbacks suppressed
06-13 20:08:18.444 I/ ( 421): DVI mode selected: packets not configured
06-13 20:08:18.444 W/set_vsif_config( 421): 34 callbacks suppressed
06-13 20:08:18.444 I/ ( 421): Error: set vsif failed
06-13 20:08:18.465 I/ ( 421): DVI mode selected: packets not configured
06-13 20:08:18.465 I/ ( 421): Error: set vsif failed
06-13 20:08:18.484 I/ ( 421): DVI mode selected: packets not configured
06-13 20:08:18.484 I/ ( 421): Error: set vsif failed
06-13 20:08:18.502 I/ ( 421): DVI mode selected: packets not configured
06-13 20:08:18.502 I/ ( 421): Error: set vsif failed
06-13 20:08:18.519 I/ ( 421): DVI mode selected: packets not configured
06-13 20:08:18.519 I/ ( 421): Error: set vsif failed
06-13 20:08:18.544 I/ ( 421): DVI mode selected: packets not configured
06-13 20:08:18.544 I/ ( 421): Error: set vsif failed
06-13 20:08:18.563 I/ ( 421): DVI mode selected: packets not configured
06-13 20:08:18.563 I/ ( 421): Error: set vsif failed
06-13 20:08:18.582 I/ ( 421): DVI mode selected: packets not configured
06-13 20:08:18.582 I/ ( 421): Error: set vsif failed
06-13 20:08:18.604 I/ ( 421): DVI mode selected: packets not configured
06-13 20:08:18.604 I/ ( 421): Error: set vsif failed
06-13 20:08:18.619 I/ ( 421): DVI mode selected: packets not configured
06-13 20:08:18.619 I/ ( 421): Error: set vsif failed
06-13 20:08:18.626 I/bt_btif_dm( 671): system/bt/btif/src/btif_dm.cc:548 btif_update_remote_properties: cod from storage is also unclassified
06-13 20:08:19.118 W/IorapForwardingService( 485): No service published for: iorapd
06-13 20:08:19.858 E/WifiHAL ( 662): wifi_get_link_stats: requestResponse Error:-5
06-13 20:08:19.860 E/WifiVendorHal( 485): getWifiLinkLayerStats_1_5_Internal(l.1191) failed {.code = ERROR_INVALID_ARGS, .description = }
