06-13 20:07:35.115 D/XiriService( 319): check file name: /data/data/com.android.cts.priv.ctsshim/lib
06-13 20:07:35.115 I/SystemServiceManager( 485): Starting com.android.server.speech.SpeechRecognitionManagerService
06-13 20:07:35.115 D/XiriService( 319): check file name: /data/data/com.android.dynsystem/lib
06-13 20:07:35.115 D/XiriService( 319): check file name: /data/data/com.android.dynsystem/lib
06-13 20:07:35.116 D/XiriService( 319): check file name: /data/data/com.android.dynsystem/lib
06-13 20:07:35.116 D/XiriService( 319): check file name: /data/data/com.android.dynsystem/lib
06-13 20:07:35.118 D/SystemServer( 485): AppPredictionService not defined by OEM
06-13 20:07:35.118 D/SystemServer( 485): ContentSuggestionsService not defined by OEM
06-13 20:07:35.118 I/SystemServerTiming( 485): StartSearchUiService
06-13 20:07:35.118 I/SystemServiceManager( 485): Starting com.android.server.searchui.SearchUiManagerService
06-13 20:07:35.121 I/SystemServerTiming( 485): StartSmartspaceService
06-13 20:07:35.121 I/SystemServiceManager( 485): Starting com.android.server.smartspace.SmartspaceManagerService
06-13 20:07:35.124 I/SystemServerTiming( 485): InitConnectivityModuleConnector
06-13 20:07:35.124 D/ConnectivityModuleConnector( 485): Network stack init
06-13 20:07:35.129 I/SystemServerTiming( 485): InitNetworkStackClient
06-13 20:07:35.130 D/XiriService( 319): check file name: /data/data/com.android.dynsystem/lib
06-13 20:07:35.130 D/XiriService( 319): check file name: /data/data/com.android.dynsystem/lib
06-13 20:07:35.132 D/XiriService( 319): check file name: /data/data/com.android.dynsystem/lib
06-13 20:07:35.134 D/XiriService( 319): check file name: /data/data/com.dangbei.lerad.rocky/lib
06-13 20:07:35.134 D/XiriService( 319): check file name: /data/data/com.dangbei.lerad.rocky/lib
06-13 20:07:35.134 D/SystemServerInitThreadPool( 485): Finished executing PersistentDataBlockService.onStart
06-13 20:07:35.134 D/XiriService( 319): check file name: /data/data/com.dangbei.lerad.rocky/lib
06-13 20:07:35.134 I/SystemServerTiming( 485): StartNetworkManagementService
06-13 20:07:35.141 I/SystemServerTiming( 485): StartIpSecService
06-13 20:07:35.146 D/XiriService( 319): check file name: /data/data/com.dangbei.lerad.rocky/lib
06-13 20:07:35.146 D/XiriService( 319): check file name: /data/data/com.dangbei.lerad.rocky/lib
06-13 20:07:35.146 D/XiriService( 319): check file name: /data/data/com.dangbei.lerad.rocky/lib
06-13 20:07:35.146 D/XiriService( 319): check file name: /data/data/com.dangbei.lerad.rocky/lib
06-13 20:07:35.147 I/SystemServerTiming( 485): StartTextServicesManager
06-13 20:07:35.147 I/SystemServerTimingAsync( 485): InitThreadPoolExec:START_FONT_MANAGER_SERVICE
06-13 20:07:35.147 D/SystemServerInitThreadPool( 485): Started executing START_FONT_MANAGER_SERVICE
06-13 20:07:35.147 I/SystemServerTimingAsync( 485): START_FONT_MANAGER_SERVICE
06-13 20:07:35.147 I/SystemServiceManager( 485): Starting com.android.server.textservices.TextServicesManagerService$Lifecycle
06-13 20:07:35.156 D/XiriService( 319): check file name: /data/data/com.android.tv.settings/lib
06-13 20:07:35.156 I/SystemServerTiming( 485): StartTextClassificationManagerService
06-13 20:07:35.156 I/SystemServiceManager( 485): Starting com.android.server.textclassifier.TextClassificationManagerService$Lifecycle
06-13 20:07:35.159 D/XiriService( 319): check file name: /data/data/com.android.tv.settings/lib
06-13 20:07:35.162 I/SystemServerTiming( 485): StartNetworkScoreService
06-13 20:07:35.163 I/SystemServiceManager( 485): Starting com.android.server.NetworkScoreService$Lifecycle
06-13 20:07:35.165 D/XiriService( 319): check file name: /data/data/com.android.tv.settings/lib
06-13 20:07:35.164 I/NetworkScoreService( 485): Registering network_score
06-13 20:07:35.167 D/XiriService( 319): check file name: /data/data/com.android.tv.settings/lib
06-13 20:07:35.167 I/SystemServerTiming( 485): StartNetworkStatsService
06-13 20:07:35.171 I/SystemServerTiming( 485): StartNetworkPolicyManagerService
06-13 20:07:35.175 D/XiriService( 319): check file name: /data/data/com.oranth.factory/lib
06-13 20:07:35.175 D/XiriService( 319): check file name: /data/data/com.oranth.factory/lib
06-13 20:07:35.175 D/XiriService( 319): check file name: /data/data/com.oranth.factory/lib
06-13 20:07:35.175 D/XiriService( 319): check file name: /data/data/com.oranth.factory/lib
06-13 20:07:35.178 I/SystemServerTiming( 485): StartWifi
06-13 20:07:35.183 D/XiriService( 319): check file name: /data/data/com.oranth.factory/lib
06-13 20:07:35.183 D/XiriService( 319): check file name: /data/data/com.oranth.factory/lib
06-13 20:07:35.183 D/XiriService( 319): check file name: /data/data/com.oranth.factory/lib
06-13 20:07:35.183 D/XiriService( 319): check file name: /data/data/com.oranth.factory/lib
06-13 20:07:35.191 D/XiriService( 319): check file name: /data/data/com.dangbei.zhushou.os/lib
06-13 20:07:35.192 D/XiriService( 319): check file name: /data/data/com.dangbei.zhushou.os/lib
06-13 20:07:35.192 D/XiriService( 319): check file name: /data/data/com.dangbei.zhushou.os/lib
06-13 20:07:35.192 D/XiriService( 319): check file name: /data/data/com.dangbei.zhushou.os/lib
06-13 20:07:35.198 D/XiriService( 319): check file name: /data/data/com.dangbei.zhushou.os/lib
06-13 20:07:35.199 D/XiriService( 319): check file name: /data/data/com.dangbei.zhushou.os/lib
06-13 20:07:35.199 D/XiriService( 319): check file name: /data/data/com.dangbei.zhushou.os/lib
06-13 20:07:35.199 D/XiriService( 319): check file name: /data/data/com.dangbei.zhushou.os/lib
06-13 20:07:35.218 I/SystemServiceManager( 485): Starting com.android.server.wifi.WifiService
06-13 20:07:35.234 D/XiriService( 319): check file name: /data/data/com.sohu.inputmethod.sogou.tv/lib
06-13 20:07:35.234 D/XiriService( 319): check file name: /data/data/com.sohu.inputmethod.sogou.tv/lib
06-13 20:07:35.232 I/xiriservice_All( 319): type=1400 audit(0.0:312): avc: denied { search } for name="com.sohu.inputmethod.sogou.tv" dev="mmcblk0p25" ino=1406 scontext=u:r:init:s0 tcontext=u:object_r:app_data_file:s0:c41,c256,c512,c768 tclass=dir permissive=1
06-13 20:07:35.232 I/xiriservice_All( 319): type=1400 audit(0.0:313): avc: denied { read } for name="lib" dev="mmcblk0p25" ino=8997 scontext=u:r:init:s0 tcontext=u:object_r:app_data_file:s0:c41,c256,c512,c768 tclass=lnk_file permissive=1
06-13 20:07:35.235 D/XiriService( 319): check file name: /data/data/com.sohu.inputmethod.sogou.tv/lib
06-13 20:07:35.239 I/WifiContext( 485): Found Wifi Resources APK at: com.android.wifi.resources
06-13 20:07:35.245 D/XiriService( 319): check file name: /data/data/com.sohu.inputmethod.sogou.tv/lib
06-13 20:07:35.246 D/XiriService( 319): check file name: /data/data/com.sohu.inputmethod.sogou.tv/lib
06-13 20:07:35.246 D/XiriService( 319): check file name: /data/data/com.sohu.inputmethod.sogou.tv/lib
06-13 20:07:35.247 D/XiriService( 319): check file name: /data/data/com.sohu.inputmethod.sogou.tv/lib
06-13 20:07:35.259 V/NetworkScoreManager( 485): registerNetworkScoreCallback: callback=com.android.server.wifi.WifiNetworkScoreCache@cec6a18, executor=com.android.wifi.x.android.os.HandlerExecutor@f8cac71
06-13 20:07:35.295 D/ScanMetrics( 485): Settings package: com.android.tv.settings
06-13 20:07:35.297 D/XiriService( 319): check file name: /data/data/com.oranth.ledstatus/lib
06-13 20:07:35.297 E/ScanMetrics( 485): Can't get GMS uid
06-13 20:07:35.305 W/Zygote ( 255): Class not found for preloading: android.view.SurfaceView$2
06-13 20:07:35.307 D/XiriService( 319): check file name: /data/data/com.oranth.ledstatus/lib
06-13 20:07:35.307 D/XiriService( 319): check file name: /data/data/com.oranth.ledstatus/lib
06-13 20:07:35.308 D/XiriService( 319): check file name: /data/data/com.oranth.ledstatus/lib
06-13 20:07:35.308 D/XiriService( 319): check file name: /data/data/com.oranth.ledstatus/lib
06-13 20:07:35.310 D/XiriService( 319): check file name: /data/data/com.dangbei.lerad.videoposter/lib
06-13 20:07:35.310 D/XiriService( 319): check file name: /data/data/com.dangbei.lerad.videoposter/lib
06-13 20:07:35.311 D/XiriService( 319): check file name: /data/data/com.dangbei.lerad.videoposter/lib
06-13 20:07:35.311 D/XiriService( 319): check file name: /data/data/com.dangbei.lerad.videoposter/lib
06-13 20:07:35.319 D/XiriService( 319): check file name: /data/data/com.dangbei.lerad.videoposter/lib
06-13 20:07:35.319 D/XiriService( 319): check file name: /data/data/com.dangbei.lerad.videoposter/lib
06-13 20:07:35.320 D/XiriService( 319): check file name: /data/data/com.dangbei.lerad.videoposter/lib
06-13 20:07:35.320 I/WifiCoexManager( 485): Default coex algorithm is disabled.
06-13 20:07:35.347 D/XiriService( 319): check file name: /data/data/com.android.networkstack/lib
06-13 20:07:35.347 D/XiriService( 319): check file name: /data/data/com.android.networkstack/lib
06-13 20:07:35.347 D/XiriService( 319): check file name: /data/data/com.android.networkstack/lib
06-13 20:07:35.348 D/XiriService( 319): check file name: /data/data/com.android.networkstack/lib
06-13 20:07:35.344 I/xiriservice_All( 319): type=1400 audit(0.0:314): avc: denied { read } for name="lib" dev="mmcblk0p25" ino=9696 scontext=u:r:init:s0 tcontext=u:object_r:radio_data_file:s0 tclass=lnk_file permissive=1
06-13 20:07:35.357 D/XiriService( 319): check file name: /data/data/com.android.networkstack/lib
06-13 20:07:35.357 D/XiriService( 319): check file name: /data/data/com.android.networkstack/lib
06-13 20:07:35.357 D/XiriService( 319): check file name: /data/data/com.android.networkstack/lib
06-13 20:07:35.384 D/WifiOpenNetworkNotifier( 485): Settings toggle enabled=true
06-13 20:07:35.391 I/wificond( 366): New wificond event callback registered
06-13 20:07:35.392 D/WifiNl80211Manager( 485): registerCountryCodeEventListener called
06-13 20:07:35.393 D/WifiCountryCode( 485): Default country code from system property ro.boot.wificountrycode is CN
06-13 20:07:35.404 D/WakeupController( 485): WifiWake enabled
06-13 20:07:35.408 V/HistoricalRegistry( 485): Interaction before persistence initialized
06-13 20:07:35.419 I/WifiService( 485): Registering wifi
06-13 20:07:35.420 I/SystemServerTiming( 485): StartWifiScanning
06-13 20:07:35.421 I/SystemServiceManager( 485): Starting com.android.server.wifi.scanner.WifiScanningService
06-13 20:07:35.421 I/WifiScanningService( 485): Creating wifiscanner
06-13 20:07:35.431 I/WifiScanningService( 485): Publishing wifiscanner
06-13 20:07:35.432 I/SystemServerTiming( 485): StartWifiP2P
06-13 20:07:35.433 I/SystemServiceManager( 485): Starting com.android.server.wifi.p2p.WifiP2pService
06-13 20:07:35.441 I/WifiP2pService( 485): Registering wifip2p
06-13 20:07:35.443 I/SystemServerTiming( 485): StartEthernet
06-13 20:07:35.444 I/SystemServiceManager( 485): Starting com.android.server.ethernet.EthernetService
06-13 20:07:35.445 I/EthernetService( 485): Registering service ethernet
06-13 20:07:35.447 I/SystemServerTiming( 485): StartPacProxyService
06-13 20:07:35.454 I/SystemServerTiming( 485): StartPppoe
06-13 20:07:35.454 D/XiriService( 319): check file name: /data/data/com.dangbei.screencast/lib
06-13 20:07:35.455 I/SystemServiceManager( 485): Starting com.android.server.pppoe.PppoeService
06-13 20:07:35.455 D/SystemServerInitThreadPool( 485): Finished executing START_FONT_MANAGER_SERVICE
06-13 20:07:35.456 I/PppoeServiceImpl( 485): Creating PppoeServiceImpl
06-13 20:07:35.462 D/XiriService( 319): check file name: /data/data/com.dangbei.screencast/lib
06-13 20:07:35.462 D/XiriService( 319): check file name: /data/data/com.dangbei.screencast/lib
06-13 20:07:35.462 D/XiriService( 319): check file name: /data/data/com.dangbei.screencast/lib
06-13 20:07:35.463 D/XiriService( 319): check file name: /data/data/com.dangbei.screencast/lib
06-13 20:07:35.467 I/PppoeService( 485): Registering service pppoe
06-13 20:07:35.468 I/SystemServerTiming( 485): StartConnectivityService
06-13 20:07:35.476 D/XiriService( 319): check file name: /data/data/com.dangbei.leard.leradlauncher/lib
06-13 20:07:35.476 D/XiriService( 319): check file name: /data/data/com.dangbei.leard.leradlauncher/lib
06-13 20:07:35.477 D/XiriService( 319): check file name: /data/data/com.dangbei.leard.leradlauncher/lib
06-13 20:07:35.477 D/XiriService( 319): check file name: /data/data/com.dangbei.leard.leradlauncher/lib
06-13 20:07:35.483 D/XiriService( 319): check file name: /data/data/com.dangbei.leard.leradlauncher/lib
06-13 20:07:35.483 D/XiriService( 319): check file name: /data/data/com.dangbei.leard.leradlauncher/lib
06-13 20:07:35.484 D/XiriService( 319): check file name: /data/data/com.dangbei.leard.leradlauncher/lib
06-13 20:07:35.484 D/XiriService( 319): check file name: /data/data/com.dangbei.leard.leradlauncher/lib
06-13 20:07:35.487 I/SystemServiceManager( 485): Starting com.android.server.ConnectivityServiceInitializer
06-13 20:07:35.492 D/XiriService( 319): check file name: /data/data/com.android.printspooler/lib
06-13 20:07:35.488 I/xiriservice_All( 319): type=1400 audit(0.0:315): avc: denied { search } for name="com.android.printspooler" dev="mmcblk0p25" ino=931 scontext=u:r:init:s0 tcontext=u:object_r:app_data_file:s0:c48,c256,c512,c768 tclass=dir permissive=1
06-13 20:07:35.493 D/XiriService( 319): check file name: /data/data/com.android.printspooler/lib
06-13 20:07:35.493 D/XiriService( 319): check file name: /data/data/com.android.printspooler/lib
06-13 20:07:35.488 I/xiriservice_All( 319): type=1400 audit(0.0:316): avc: denied { read } for name="lib" dev="mmcblk0p25" ino=9702 scontext=u:r:init:s0 tcontext=u:object_r:app_data_file:s0:c48,c256,c512,c768 tclass=lnk_file permissive=1
06-13 20:07:35.501 D/XiriService( 319): check file name: /data/data/com.android.printspooler/lib
06-13 20:07:35.501 D/XiriService( 319): check file name: /data/data/com.android.printspooler/lib
06-13 20:07:35.502 D/XiriService( 319): check file name: /data/data/com.android.printspooler/lib
06-13 20:07:35.515 D/ConnectivityService( 485): ConnectivityService starting up
06-13 20:07:35.518 D/pppoeNRI:( 485): uid/pid:1000/485 activeRequest: null callbackRequest: 5 [NetworkRequest [ REQUEST id=5, [ Transports: PPPOE Capabilities: INTERNET&NOT_RESTRICTED&TRUSTED&NOT_VPN&NOT_VCN_MANAGED RequestorUid: 1000 RequestorPkg: android] ]] callback flags: 1 priority: 2147483647
06-13 20:07:35.521 D/XiriService( 319): check file name: /data/data/com.android.webview/lib
06-13 20:07:35.516 I/xiriservice_All( 319): type=1400 audit(0.0:317): avc: denied { search } for name="com.android.webview" dev="mmcblk0p25" ino=949 scontext=u:r:init:s0 tcontext=u:object_r:app_data_file:s0:c60,c256,c512,c768 tclass=dir permissive=1
06-13 20:07:35.521 D/XiriService( 319): check file name: /data/data/com.android.webview/lib
06-13 20:07:35.521 D/XiriService( 319): check file name: /data/data/com.android.webview/lib
06-13 20:07:35.521 D/XiriService( 319): check file name: /data/data/com.android.webview/lib
06-13 20:07:35.516 I/xiriservice_All( 319): type=1400 audit(0.0:318): avc: denied { read } for name="lib" dev="mmcblk0p25" ino=9704 scontext=u:r:init:s0 tcontext=u:object_r:app_data_file:s0:c60,c256,c512,c768 tclass=lnk_file permissive=1
06-13 20:07:35.525 E/TAG ( 485): Exception = android.content.pm.PackageManager$NameNotFoundException: android.telephony.cts
06-13 20:07:35.525 E/TAG ( 485): Exception = android.content.pm.PackageManager$NameNotFoundException: android.net.cts
06-13 20:07:35.533 D/XiriService( 319): check file name: /data/data/com.android.webview/lib
06-13 20:07:35.534 D/XiriService( 319): check file name: /data/data/com.android.webview/lib
06-13 20:07:35.534 D/XiriService( 319): check file name: /data/data/com.android.webview/lib
06-13 20:07:35.534 D/XiriService( 319): check file name: /data/data/com.android.webview/lib
06-13 20:07:35.548 D/XiriService( 319): check file name: /data/data/com.android.bips/lib
06-13 20:07:35.548 D/XiriService( 319): check file name: /data/data/com.android.bips/lib
06-13 20:07:35.549 D/XiriService( 319): check file name: /data/data/com.android.bips/lib
06-13 20:07:35.549 D/XiriService( 319): check file name: /data/data/com.android.bips/lib
06-13 20:07:35.551 I/Zygote ( 255): ...preloaded 7337 classes in 896ms.
06-13 20:07:35.553 D/CompatibilityChangeReporter( 485): Compat change id reported: 182478738; UID 1000; state: ENABLED
06-13 20:07:35.556 D/XiriService( 319): check file name: /data/data/com.android.bips/lib
06-13 20:07:35.556 D/XiriService( 319): check file name: /data/data/com.android.bips/lib
06-13 20:07:35.556 D/XiriService( 319): check file name: /data/data/com.android.bips/lib
06-13 20:07:35.557 D/XiriService( 319): check file name: /data/data/com.android.bips/lib
06-13 20:07:35.557 D/XiriService( 319): check file name: /data/data/com.oranth.inputmacsn/lib
06-13 20:07:35.557 D/XiriService( 319): check file name: /data/data/com.oranth.inputmacsn/lib
06-13 20:07:35.557 D/XiriService( 319): check file name: /data/data/com.oranth.inputmacsn/lib
06-13 20:07:35.557 D/XiriService( 319): check file name: /data/data/com.oranth.inputmacsn/lib
06-13 20:07:35.558 D/ApplicationLoaders( 255): Created zygote-cached class loader: /system/framework/android.hidl.base-V1.0-java.jar
06-13 20:07:35.563 D/ApplicationLoaders( 255): Created zygote-cached class loader: /system/framework/android.hidl.manager-V1.0-java.jar
06-13 20:07:35.564 I/ConnectivityServiceInitializer( 485): Registering connectivity
06-13 20:07:35.566 D/XiriService( 319): check file name: /data/data/com.oranth.inputmacsn/lib
06-13 20:07:35.566 D/XiriService( 319): check file name: /data/data/com.oranth.inputmacsn/lib
06-13 20:07:35.566 D/XiriService( 319): check file name: /data/data/com.oranth.inputmacsn/lib
06-13 20:07:35.567 D/XiriService( 319): check file name: /data/data/com.oranth.inputmacsn/lib
06-13 20:07:35.567 I/SystemServerTiming( 485): StartVpnManagerService
06-13 20:07:35.570 D/ApplicationLoaders( 255): Created zygote-cached class loader: /system/framework/android.test.base.jar
06-13 20:07:35.571 I/Zygote ( 255): Preloading resources...
06-13 20:07:35.572 D/VpnManagerService( 485): VpnManagerService starting up
06-13 20:07:35.572 I/SystemServerTiming( 485): StartVcnManagementService
06-13 20:07:35.577 I/SystemServerTiming( 485): StartNsdService
06-13 20:07:35.579 D/NsdService( 485): Network service discovery is enabled
06-13 20:07:35.582 I/SystemServerTiming( 485): StartSystemUpdateManagerService
06-13 20:07:35.583 I/SystemUpdateManagerService( 485): No existing info file /data/system/system-update-info.xml
06-13 20:07:35.584 I/SystemServerTiming( 485): StartUpdateLockService
06-13 20:07:35.586 I/SystemServerTiming( 485): StartNotificationManager
06-13 20:07:35.586 I/SystemServiceManager( 485): Starting com.android.server.notification.NotificationManagerService
06-13 20:07:35.588 W/Resources( 255): Preloaded drawable resource #0x1080286 (android:drawable/dialog_background_material) that varies with configuration!!
06-13 20:07:35.589 D/XiriService( 319): check file name: /data/data/com.android.keychain/lib
06-13 20:07:35.589 D/XiriService( 319): check file name: /data/data/com.android.keychain/lib
06-13 20:07:35.589 D/XiriService( 319): check file name: /data/data/com.android.keychain/lib
06-13 20:07:35.589 D/XiriService( 319): check file name: /data/data/com.android.keychain/lib
06-13 20:07:35.597 D/XiriService( 319): check file name: /data/data/com.android.keychain/lib
06-13 20:07:35.597 D/XiriService( 319): check file name: /data/data/com.android.keychain/lib
06-13 20:07:35.597 D/XiriService( 319): check file name: /data/data/com.android.keychain/lib
06-13 20:07:35.597 D/XiriService( 319): check file name: /data/data/com.android.keychain/lib
06-13 20:07:35.600 D/ConditionProviders.SCP( 485): new ScheduleConditionProvider()
06-13 20:07:35.615 D/XiriService( 319): check file name: /data/data/com.android.localtransport/lib
06-13 20:07:35.615 D/XiriService( 319): check file name: /data/data/com.android.localtransport/lib
06-13 20:07:35.615 D/XiriService( 319): check file name: /data/data/com.android.localtransport/lib
06-13 20:07:35.615 D/XiriService( 319): check file name: /data/data/com.android.localtransport/lib
06-13 20:07:35.621 I/NotificationAssistants( 485): Read notification assistant permissions from xml
06-13 20:07:35.622 I/ConditionProviders( 485): Read condition provider permissions from xml
06-13 20:07:35.622 I/ConditionProviders( 485): Read condition provider permissions from xml
06-13 20:07:35.622 D/NotificationAssistants( 485): Approving default notification assistant for user 0
06-13 20:07:35.623 D/XiriService( 319): check file name: /data/data/com.android.localtransport/lib
06-13 20:07:35.623 D/XiriService( 319): check file name: /data/data/com.android.localtransport/lib
06-13 20:07:35.623 D/XiriService( 319): check file name: /data/data/com.android.localtransport/lib
06-13 20:07:35.623 D/XiriService( 319): check file name: /data/data/com.android.localtransport/lib
06-13 20:07:35.624 D/XiriService( 319): check file name: /data/data/com.android.packageinstaller/lib
06-13 20:07:35.624 D/XiriService( 319): check file name: /data/data/com.android.packageinstaller/lib
06-13 20:07:35.624 I/ConditionProviders( 485): Allowing condition provider android.ext.services/android.ext.services.notification.Assistant (userSet: true)
06-13 20:07:35.625 D/XiriService( 319): check file name: /data/data/com.android.packageinstaller/lib
06-13 20:07:35.625 D/XiriService( 319): check file name: /data/data/com.android.packageinstaller/lib
06-13 20:07:35.627 D/CompatibilityChangeReporter( 485): Compat change id reported: 147600208; UID 1000; state: ENABLED
06-13 20:07:35.629 D/CompatibilityChangeReporter( 485): Compat change id reported: 157233955; UID 1000; state: ENABLED
06-13 20:07:35.631 I/Zygote ( 255): ...preloaded 64 resources in 60ms.
06-13 20:07:35.633 D/XiriService( 319): check file name: /data/data/com.android.packageinstaller/lib
06-13 20:07:35.633 D/XiriService( 319): check file name: /data/data/com.android.packageinstaller/lib
06-13 20:07:35.633 D/XiriService( 319): check file name: /data/data/com.android.packageinstaller/lib
06-13 20:07:35.633 D/XiriService( 319): check file name: /data/data/com.android.packageinstaller/lib
06-13 20:07:35.637 I/SystemServerTiming( 485): StartDeviceMonitor
06-13 20:07:35.637 I/SystemServiceManager( 485): Starting com.android.server.storage.DeviceStorageMonitorService
06-13 20:07:35.640 I/SystemServerTiming( 485): StartLocationManagerService
06-13 20:07:35.640 I/SystemServiceManager( 485): Starting com.android.server.location.LocationManagerService$Lifecycle
06-13 20:07:35.642 I/Zygote ( 255): ...preloaded 41 resources in 10ms.
06-13 20:07:35.649 D/XiriService( 319): check file name: /data/data/com.oranth.usbopenft/lib
06-13 20:07:35.649 D/XiriService( 319): check file name: /data/data/com.oranth.usbopenft/lib
06-13 20:07:35.644 I/xiriservice_All( 319): type=1400 audit(0.0:319): avc: denied { search } for name="com.oranth.usbopenft" dev="mmcblk0p25" ino=1071 scontext=u:r:init:s0 tcontext=u:object_r:system_app_data_file:s0 tclass=dir permissive=1
06-13 20:07:35.650 I/SystemServerTiming( 485): StartCountryDetectorService
06-13 20:07:35.651 D/XiriService( 319): check file name: /data/data/com.oranth.usbopenft/lib
06-13 20:07:35.651 D/XiriService( 319): check file name: /data/data/com.oranth.usbopenft/lib
06-13 20:07:35.652 I/SystemServerTiming( 485): StartTimeDetectorService
06-13 20:07:35.652 I/SystemServiceManager( 485): Starting com.android.server.timedetector.TimeDetectorService$Lifecycle
06-13 20:07:35.655 I/SystemServerTiming( 485): StartTimeZoneDetectorService
06-13 20:07:35.655 I/SystemServiceManager( 485): Starting com.android.server.timezonedetector.TimeZoneDetectorService$Lifecycle
06-13 20:07:35.658 I/SystemServerTiming( 485): StartLocationTimeZoneManagerService
06-13 20:07:35.658 I/SystemServiceManager( 485): Starting com.android.server.timezonedetector.location.LocationTimeZoneManagerService$Lifecycle
06-13 20:07:35.659 D/XiriService( 319): check file name: /data/data/com.oranth.usbopenft/lib
06-13 20:07:35.659 D/XiriService( 319): check file name: /data/data/com.oranth.usbopenft/lib
06-13 20:07:35.659 I/SystemServerTiming( 485): StartSearchManagerService
06-13 20:07:35.659 I/SystemServiceManager( 485): Starting com.android.server.search.SearchManagerService$Lifecycle
06-13 20:07:35.659 D/XiriService( 319): check file name: /data/data/com.oranth.usbopenft/lib
06-13 20:07:35.660 D/XiriService( 319): check file name: /data/data/com.oranth.usbopenft/lib
06-13 20:07:35.660 D/XiriService( 319): check file name: /data/data/com.android.networkstack.tethering/lib
06-13 20:07:35.660 D/XiriService( 319): check file name: /data/data/com.android.networkstack.tethering/lib
06-13 20:07:35.661 D/XiriService( 319): check file name: /data/data/com.android.networkstack.tethering/lib
06-13 20:07:35.661 D/XiriService( 319): check file name: /data/data/com.android.networkstack.tethering/lib
06-13 20:07:35.661 I/SystemServerTiming( 485): StartWallpaperManagerService
06-13 20:07:35.662 I/SystemServiceManager( 485): Starting com.android.server.wallpaper.WallpaperManagerService$Lifecycle
06-13 20:07:35.663 I/SystemServerTiming( 485): StartAudioService
06-13 20:07:35.664 I/SystemServiceManager( 485): Starting com.android.server.audio.AudioService$Lifecycle
06-13 20:07:35.668 D/XiriService( 319): check file name: /data/data/com.android.networkstack.tethering/lib
06-13 20:07:35.668 D/XiriService( 319): check file name: /data/data/com.android.networkstack.tethering/lib
06-13 20:07:35.669 D/XiriService( 319): check file name: /data/data/com.android.networkstack.tethering/lib
06-13 20:07:35.669 D/XiriService( 319): check file name: /data/data/com.android.networkstack.tethering/lib
06-13 20:07:35.672 D/libEGL ( 255): loaded /vendor/lib/egl/libGLES_mali.so
06-13 20:07:35.675 D/XiriService( 319): check file name: /data/data/com.dangbei.lerad.etna.haqu/lib
06-13 20:07:35.676 D/XiriService( 319): check file name: /data/data/com.dangbei.lerad.etna.haqu/lib
06-13 20:07:35.676 D/XiriService( 319): check file name: /data/data/com.dangbei.lerad.etna.haqu/lib
06-13 20:07:35.676 D/XiriService( 319): check file name: /data/data/com.dangbei.lerad.etna.haqu/lib
06-13 20:07:35.680 I/android_os_HwBinder( 485): HwBinder: Starting thread pool for getting: android.hidl.manager@1.0::IServiceManager/default
06-13 20:07:35.683 D/XiriService( 319): check file name: /data/data/com.dangbei.lerad.etna.haqu/lib
06-13 20:07:35.683 D/XiriService( 319): check file name: /data/data/com.dangbei.lerad.etna.haqu/lib
06-13 20:07:35.683 D/XiriService( 319): check file name: /data/data/com.dangbei.lerad.etna.haqu/lib
06-13 20:07:35.683 D/XiriService( 319): check file name: /data/data/com.dangbei.lerad.etna.haqu/lib
06-13 20:07:35.688 W/AudioFlinger( 279): no wake lock to update, system not ready yet
06-13 20:07:35.693 D/PermissionCache( 279): checking android.permission.MODIFY_AUDIO_ROUTING for uid=1000 => granted (721 us)
06-13 20:07:35.709 D/XiriService( 319): check file name: /data/data/com.oranth.powerwindow/lib
06-13 20:07:35.710 D/XiriService( 319): check file name: /data/data/com.oranth.powerwindow/lib
06-13 20:07:35.710 D/XiriService( 319): check file name: /data/data/com.oranth.powerwindow/lib
06-13 20:07:35.710 D/XiriService( 319): check file name: /data/data/com.oranth.powerwindow/lib
06-13 20:07:35.716 D/XiriService( 319): check file name: /data/data/com.oranth.powerwindow/lib
06-13 20:07:35.716 D/XiriService( 319): check file name: /data/data/com.oranth.powerwindow/lib
06-13 20:07:35.717 D/XiriService( 319): check file name: /data/data/com.oranth.powerwindow/lib
06-13 20:07:35.717 D/XiriService( 319): check file name: /data/data/com.oranth.powerwindow/lib
06-13 20:07:35.717 D/PermissionCache( 279): checking android.permission.MODIFY_AUDIO_SETTINGS for uid=1000 => granted (1054 us)
06-13 20:07:35.722 D/AudioFlinger( 279): isLowRamDevice:false totalMemory:2055442432 mClientSharedHeapSize:4194304
06-13 20:07:35.727 I/SystemServerTiming( 485): StartSoundTriggerMiddlewareService
06-13 20:07:35.729 I/SystemServiceManager( 485): Starting com.android.server.soundtrigger_middleware.SoundTriggerMiddlewareService$Lifecycle
06-13 20:07:35.731 D/SoundTriggerMiddlewareService( 485): Connecting to default ISoundTriggerHw
06-13 20:07:35.733 D/XiriService( 319): check file name: /data/data/com.android.networkstack.permissionconfig/lib
06-13 20:07:35.734 D/XiriService( 319): check file name: /data/data/com.android.networkstack.permissionconfig/lib
06-13 20:07:35.734 D/XiriService( 319): check file name: /data/data/com.android.networkstack.permissionconfig/lib
06-13 20:07:35.735 I/hwservicemanager( 193): getTransport: Cannot find entry android.hardware.soundtrigger@2.0::ISoundTriggerHw/default in either framework or device VINTF manifest.
06-13 20:07:35.740 E/SoundTriggerMiddlewareImpl( 485): Failed to add a SoundTriggerModule instance
06-13 20:07:35.740 E/SoundTriggerMiddlewareImpl( 485): java.util.NoSuchElementException
06-13 20:07:35.740 E/SoundTriggerMiddlewareImpl( 485): at android.os.HwBinder.getService(Native Method)
06-13 20:07:35.740 E/SoundTriggerMiddlewareImpl( 485): at android.hardware.soundtrigger.V2_0.ISoundTriggerHw.getService(ISoundTriggerHw.java:57)
06-13 20:07:35.740 E/SoundTriggerMiddlewareImpl( 485): at android.hardware.soundtrigger.V2_0.ISoundTriggerHw.getService(ISoundTriggerHw.java:64)
06-13 20:07:35.740 E/SoundTriggerMiddlewareImpl( 485): at com.android.server.soundtrigger_middleware.SoundTriggerMiddlewareService$Lifecycle.lambda$onStart$0(SoundTriggerMiddlewareService.java:238)
06-13 20:07:35.740 E/SoundTriggerMiddlewareImpl( 485): at com.android.server.soundtrigger_middleware.SoundTriggerMiddlewareService$Lifecycle$$ExternalSyntheticLambda0.create(Unknown Source:0)
06-13 20:07:35.740 E/SoundTriggerMiddlewareImpl( 485): at com.android.server.soundtrigger_middleware.SoundTriggerModule.attachToHal(SoundTriggerModule.java:222)
06-13 20:07:35.740 E/SoundTriggerMiddlewareImpl( 485): at com.android.server.soundtrigger_middleware.SoundTriggerModule.(SoundTriggerModule.java:112)
06-13 20:07:35.740 E/SoundTriggerMiddlewareImpl( 485): at com.android.server.soundtrigger_middleware.SoundTriggerMiddlewareImpl.(SoundTriggerMiddlewareImpl.java:89)
06-13 20:07:35.740 E/SoundTriggerMiddlewareImpl( 485): at com.android.server.soundtrigger_middleware.SoundTriggerMiddlewareService$Lifecycle.onStart(SoundTriggerMiddlewareService.java:244)
06-13 20:07:35.740 E/SoundTriggerMiddlewareImpl( 485): at com.android.server.SystemServiceManager.startService(SystemServiceManager.java:205)
06-13 20:07:35.740 E/SoundTriggerMiddlewareImpl( 485): at com.android.server.SystemServiceManager.startService(SystemServiceManager.java:192)
06-13 20:07:35.740 E/SoundTriggerMiddlewareImpl( 485): at com.android.server.SystemServer.startOtherServices(SystemServer.java:2161)
06-13 20:07:35.740 E/SoundTriggerMiddlewareImpl( 485): at com.android.server.SystemServer.run(SystemServer.java:928)
06-13 20:07:35.740 E/SoundTriggerMiddlewareImpl( 485): at com.android.server.SystemServer.main(SystemServer.java:628)
06-13 20:07:35.740 E/SoundTriggerMiddlewareImpl( 485): at java.lang.reflect.Method.invoke(Native Method)
06-13 20:07:35.740 E/SoundTriggerMiddlewareImpl( 485): at com.android.internal.os.RuntimeInit$MethodAndArgsCaller.run(RuntimeInit.java:548)
06-13 20:07:35.740 E/SoundTriggerMiddlewareImpl( 485): at com.android.internal.os.ZygoteInit.main(ZygoteInit.java:1160)
06-13 20:07:35.742 D/XiriService( 319): check file name: /data/data/com.android.networkstack.permissionconfig/lib
06-13 20:07:35.742 D/XiriService( 319): check file name: /data/data/com.android.networkstack.permissionconfig/lib
06-13 20:07:35.742 D/XiriService( 319): check file name: /data/data/com.android.networkstack.permissionconfig/lib
06-13 20:07:35.742 D/XiriService( 319): check file name: /data/data/com.android.networkstack.permissionconfig/lib
06-13 20:07:35.743 I/SystemServerTiming( 485): StartDockObserver
06-13 20:07:35.744 I/CaptureStateNotifier( 279): Registering a listener
06-13 20:07:35.744 I/SystemServiceManager( 485): Starting com.android.server.DockObserver
06-13 20:07:35.746 I/SoundTriggerMiddlewareLogging( 485): setCaptureState[this=com.android.server.soundtrigger_middleware.SoundTriggerMiddlewareImpl@e286f79, client=null](false)
06-13 20:07:35.747 W/DockObserver( 485): This kernel does not have dock station support
06-13 20:07:35.748 I/SystemServerTiming( 485): StartWiredAccessoryManager
06-13 20:07:35.750 I/SystemServer( 485): Audio device manager Observer
06-13 20:07:35.751 E/Environment( 485): Path requests must specify a user by using UserEnvironment
06-13 20:07:35.751 E/Environment( 485): java.lang.Throwable
06-13 20:07:35.751 E/Environment( 485): at android.os.Environment.throwIfUserRequired(Environment.java:1449)
06-13 20:07:35.751 E/Environment( 485): at android.os.Environment.getExternalStorageDirectory(Environment.java:707)
06-13 20:07:35.751 E/Environment( 485): at com.android.server.SystemServer.startOtherServices(SystemServer.java:2192)
06-13 20:07:35.751 E/Environment( 485): at com.android.server.SystemServer.run(SystemServer.java:928)
06-13 20:07:35.751 E/Environment( 485): at com.android.server.SystemServer.main(SystemServer.java:628)
06-13 20:07:35.751 E/Environment( 485): at java.lang.reflect.Method.invoke(Native Method)
06-13 20:07:35.751 E/Environment( 485): at com.android.internal.os.RuntimeInit$MethodAndArgsCaller.run(RuntimeInit.java:548)
06-13 20:07:35.751 E/Environment( 485): at com.android.internal.os.ZygoteInit.main(ZygoteInit.java:1160)
06-13 20:07:35.752 D/XiriService( 319): check file name: /data/data/com.dangbei.lerad.screensaver/lib
06-13 20:07:35.752 D/XiriService( 319): check file name: /data/data/com.dangbei.lerad.screensaver/lib
06-13 20:07:35.748 I/xiriservice_All( 319): type=1400 audit(0.0:320): avc: denied { search } for name="com.dangbei.lerad.screensaver" dev="mmcblk0p25" ino=1185 scontext=u:r:init:s0 tcontext=u:object_r:app_data_file:s0:c53,c256,c512,c768 tclass=dir permissive=1
06-13 20:07:35.753 D/XiriService( 319): check file name: /data/data/com.dangbei.lerad.screensaver/lib
06-13 20:07:35.748 I/xiriservice_All( 319): type=1400 audit(0.0:321): avc: denied { read } for name="lib" dev="mmcblk0p25" ino=9726 scontext=u:r:init:s0 tcontext=u:object_r:app_data_file:s0:c53,c256,c512,c768 tclass=lnk_file permissive=1
06-13 20:07:35.755 W/StorageManagerService( 485): No primary storage defined yet; hacking together a stub
06-13 20:07:35.757 I/DropBoxManagerService( 485): add tag=system_server_wtf isTagEnabled=true flags=0x2
06-13 20:07:35.763 D/XiriService( 319): check file name: /data/data/com.dangbei.lerad.screensaver/lib
06-13 20:07:35.763 D/XiriService( 319): check file name: /data/data/com.dangbei.lerad.screensaver/lib
06-13 20:07:35.764 D/XiriService( 319): check file name: /data/data/com.dangbei.lerad.screensaver/lib
06-13 20:07:35.764 D/XiriService( 319): check file name: /data/data/com.dangbei.lerad.screensaver/lib
06-13 20:07:35.777 I/Zygote ( 255): Preloading shared libraries...
06-13 20:07:35.779 W/system_server( 485): ClassLoaderContext parent mismatch. (PCL[] | PCL[];PCL[/system/framework/com.android.location.provider.jar*3633238673:/system/framework/services.jar*324275400:/system/framework/services.jar!classes2.dex*4169108402:/system/framework/ethernet-service.jar*655162001:/system/framework/pppoe-service.jar*2082030846:/apex/com.android.appsearch/javalib/service-appsearch.jar*4100577803:/apex/com.android.media/javalib/service-media-s.jar*3881732923:/apex/com.android.permission/javalib/service-permission.jar*62506796])
06-13 20:07:35.786 I/Zygote ( 255): Called ZygoteHooks.endPreload()
06-13 20:07:35.787 I/Zygote ( 255): Installed AndroidKeyStoreProvider in 1ms.
06-13 20:07:35.794 D/DisplayOutputManager( 485): ro.build.characteristics=homlet
06-13 20:07:35.795 E/SELinux ( 192): avc: denied { find } for pid=485 uid=1000 name=vendor.display.output.IDisplayOutputManager/default scontext=u:r:system_server:s0 tcontext=u:object_r:hal_awdisplayoutput_service:s0 tclass=service_manager permissive=1
06-13 20:07:35.795 I/servicemanager( 192): Found vendor.display.output.IDisplayOutputManager/default in device VINTF manifest.
06-13 20:07:35.798 D/HomletDisplayOutputManager( 485): get IDisplayOutputManager service success
06-13 20:07:35.799 D/AudioManagerEx( 485): AudioManagerEx
06-13 20:07:35.799 D/AudioDeviceManagerObserver( 485): AudioDeviceManagerObserver construct
06-13 20:07:35.799 I/SystemServerTiming( 485): StartMidiManager
06-13 20:07:35.799 I/SystemServiceManager( 485): Starting com.android.server.midi.MidiService$Lifecycle
06-13 20:07:35.801 I/SystemServerTiming( 485): StartAdbService
06-13 20:07:35.801 I/SystemServiceManager( 485): Starting com.android.server.adb.AdbService$Lifecycle
06-13 20:07:35.801 I/Zygote ( 255): Warmed up JCA providers in 14ms.
06-13 20:07:35.801 D/Zygote ( 255): end preload
06-13 20:07:35.801 D/SystemServerInitThreadPool( 485): Finished executing SecondaryZygotePreload
06-13 20:07:35.803 D/XiriService( 319): check file name: /data/data/com.android.wallpaperbackup/lib
06-13 20:07:35.803 D/XiriService( 319): check file name: /data/data/com.android.wallpaperbackup/lib
06-13 20:07:35.804 D/XiriService( 319): check file name: /data/data/com.android.wallpaperbackup/lib
06-13 20:07:35.804 D/XiriService( 319): check file name: /data/data/com.android.wallpaperbackup/lib
06-13 20:07:35.800 I/xiriservice_All( 319): type=1400 audit(0.0:322): avc: denied { read } for name="lib" dev="mmcblk0p25" ino=9729 scontext=u:r:init:s0 tcontext=u:object_r:system_app_data_file:s0 tclass=lnk_file permissive=1
06-13 20:07:35.804 I/SystemServerTiming( 485): StartUsbService
06-13 20:07:35.805 I/SystemServiceManager( 485): Starting com.android.server.usb.UsbService$Lifecycle
06-13 20:07:35.805 I/SystemServerTiming( 485): StartSerialService
06-13 20:07:35.805 I/SystemServerTimingAsync( 485): InitThreadPoolExec:UsbService$Lifecycle#onStart
06-13 20:07:35.805 D/SystemServerInitThreadPool( 485): Started executing UsbService$Lifecycle#onStart
06-13 20:07:35.807 I/SystemServerTiming( 485): StartHardwarePropertiesManagerService
06-13 20:07:35.808 I/hwservicemanager( 193): getTransport: Cannot find entry android.hardware.thermal@1.0::IThermal/default in either framework or device VINTF manifest.
06-13 20:07:35.808 E/HardwarePropertiesManagerService-JNI( 485): Unable to get Thermal service.
06-13 20:07:35.809 I/SystemServerTiming( 485): StartTwilightService
06-13 20:07:35.809 I/SystemServiceManager( 485): Starting com.android.server.twilight.TwilightService
06-13 20:07:35.810 I/SystemServerTiming( 485): StartColorDisplay
06-13 20:07:35.810 I/SystemServiceManager( 485): Starting com.android.server.display.color.ColorDisplayService
06-13 20:07:35.811 E/UsbDeviceManager( 485): failed to write to /sys/class/android_usb/android0/f_rndis/ethaddr
06-13 20:07:35.812 D/XiriService( 319): check file name: /data/data/com.android.wallpaperbackup/lib
06-13 20:07:35.812 D/XiriService( 319): check file name: /data/data/com.android.wallpaperbackup/lib
06-13 20:07:35.813 I/SystemServerTiming( 485): StartJobScheduler
06-13 20:07:35.813 D/XiriService( 319): check file name: /data/data/com.android.wallpaperbackup/lib
06-13 20:07:35.813 D/XiriService( 319): check file name: /data/data/com.android.wallpaperbackup/lib
06-13 20:07:35.814 I/SystemServiceManager( 485): Starting com.android.server.job.JobSchedulerService
06-13 20:07:35.815 I/android_os_HwBinder( 485): HwBinder: Starting thread pool for getting: android.hardware.usb.gadget@1.0::IUsbGadget/default
06-13 20:07:35.819 I/ ( 583): read descriptors
06-13 20:07:35.819 I/ ( 583): read strings
06-13 20:07:35.819 I/ ( 583): read descriptors
06-13 20:07:35.819 I/ ( 583): read strings
06-13 20:07:35.823 D/JobStore( 485): Start tag: job-info
06-13 20:07:35.823 W/StorageManagerService( 485): No primary storage defined yet; hacking together a stub
06-13 20:07:35.826 I/android_os_HwBinder( 485): HwBinder: Starting thread pool for getting: android.hidl.manager@1.0::IServiceManager/default
06-13 20:07:35.827 I/UsbDeviceManager( 485): Usb gadget hal service started android.hardware.usb.gadget@1.0::IUsbGadget default
06-13 20:07:35.828 I/android_os_HwBinder( 485): HwBinder: Starting thread pool for getting: android.hardware.usb.gadget@1.0::IUsbGadget/default
06-13 20:07:35.830 I/JobStore( 485): Read 5 jobs
06-13 20:07:35.831 I/android_os_HwBinder( 485): HwBinder: Starting thread pool for getting: android.hardware.usb.gadget@1.0::IUsbGadget/default
06-13 20:07:35.833 D/XiriService( 319): check file name: /data/data/com.android.providers.media.module/lib
06-13 20:07:35.828 I/xiriservice_All( 319): type=1400 audit(0.0:323): avc: denied { search } for name="com.android.providers.media.module" dev="mmcblk0p25" ino=1257 scontext=u:r:init:s0 tcontext=u:object_r:privapp_data_file:s0:c74,c256,c512,c768 tclass=dir permissive=1
06-13 20:07:35.828 I/xiriservice_All( 319): type=1400 audit(0.0:324): avc: denied { read } for name="lib" dev="mmcblk0p25" ino=9731 scontext=u:r:init:s0 tcontext=u:object_r:privapp_data_file:s0:c74,c256,c512,c768 tclass=lnk_file permissive=1
06-13 20:07:35.834 I/android_os_HwBinder( 485): HwBinder: Starting thread pool for getting: android.hidl.manager@1.0::IServiceManager/default
06-13 20:07:35.834 E/UsbDeviceManager( 485): prcessing MSG_GET_CURRENT_USB_FUNCTIONS
06-13 20:07:35.834 E/UsbDeviceManager( 485): updating mCurrentFunctions
06-13 20:07:35.834 E/UsbDeviceManager( 485): mCurrentFunctions:0applied:1
06-13 20:07:35.835 I/UsbPortManager( 485): Usb hal service started android.hardware.usb@1.0::IUsb default
06-13 20:07:35.836 I/android_os_HwBinder( 485): HwBinder: Starting thread pool for getting: android.hardware.usb@1.0::IUsb/default
06-13 20:07:35.837 I/android.hardware.usb@1.0-service( 274): registering callback
06-13 20:07:35.837 E/android.hardware.usb@1.0-service( 274): Failed to open /sys/class/typec
06-13 20:07:35.837 E/android.hardware.usb@1.0-service( 274): creating thread
06-13 20:07:35.839 I/UsbPortManager( 485): USB HAL version: 10
06-13 20:07:35.842 D/ConnectivityService( 485): NetReassign [no changes]
06-13 20:07:35.842 D/SystemServerInitThreadPool( 485): Finished executing UsbService$Lifecycle#onStart
06-13 20:07:35.843 D/XiriService( 319): check file name: /data/data/com.android.providers.media.module/lib
06-13 20:07:35.843 D/XiriService( 319): check file name: /data/data/com.android.providers.media.module/lib
06-13 20:07:35.844 D/XiriService( 319): check file name: /data/data/com.android.providers.media.module/lib
06-13 20:07:35.844 D/XiriService( 319): check file name: /data/data/com.android.providers.media.module/lib
06-13 20:07:35.853 V/HistoricalRegistry( 485): Interaction before persistence initialized
06-13 20:07:35.853 V/HistoricalRegistry( 485): Interaction before persistence initialized
06-13 20:07:35.855 I/SystemServerTiming( 485): StartSoundTrigger
06-13 20:07:35.855 I/SystemServiceManager( 485): Starting com.android.server.soundtrigger.SoundTriggerService
06-13 20:07:35.856 D/XiriService( 319): check file name: /data/data/com.oranth.storage/lib
06-13 20:07:35.856 D/XiriService( 319): check file name: /data/data/com.oranth.storage/lib
06-13 20:07:35.856 D/XiriService( 319): check file name: /data/data/com.oranth.storage/lib
06-13 20:07:35.856 D/XiriService( 319): check file name: /data/data/com.oranth.storage/lib
06-13 20:07:35.856 I/SystemServerTiming( 485): StartTrustManager
06-13 20:07:35.856 I/SystemServiceManager( 485): Starting com.android.server.trust.TrustManagerService
06-13 20:07:35.859 I/SystemServerTiming( 485): StartBackupManager
06-13 20:07:35.859 I/SystemServiceManager( 485): Starting com.android.server.backup.BackupManagerService$Lifecycle
06-13 20:07:35.863 I/SystemServerTiming( 485): StartAppWidgetService
06-13 20:07:35.863 I/SystemServiceManager( 485): Starting com.android.server.appwidget.AppWidgetService
06-13 20:07:35.865 D/XiriService( 319): check file name: /data/data/com.oranth.storage/lib
06-13 20:07:35.865 D/XiriService( 319): check file name: /data/data/com.oranth.storage/lib
06-13 20:07:35.865 D/XiriService( 319): check file name: /data/data/com.oranth.storage/lib
06-13 20:07:35.865 D/XiriService( 319): check file name: /data/data/com.oranth.storage/lib
06-13 20:07:35.867 I/SystemServerTiming( 485): StartVoiceRecognitionManager
06-13 20:07:35.867 I/SystemServiceManager( 485): Starting com.android.server.voiceinteraction.VoiceInteractionManagerService
06-13 20:07:35.881 D/XiriService( 319): check file name: /data/data/com.dangbei.haqusetting/lib
06-13 20:07:35.885 I/SystemServerTiming( 485): StartAppHibernationService
06-13 20:07:35.885 I/SystemServiceManager( 485): Starting com.android.server.apphibernation.AppHibernationService
06-13 20:07:35.890 D/XiriService( 319): check file name: /data/data/com.dangbei.haqusetting/lib
06-13 20:07:35.890 D/XiriService( 319): check file name: /data/data/com.dangbei.haqusetting/lib
06-13 20:07:35.890 D/XiriService( 319): check file name: /data/data/com.dangbei.haqusetting/lib
06-13 20:07:35.890 D/XiriService( 319): check file name: /data/data/com.dangbei.haqusetting/lib
06-13 20:07:35.891 I/SystemServerTiming( 485): StartGestureLauncher
06-13 20:07:35.891 I/SystemServiceManager( 485): Starting com.android.server.GestureLauncherService
06-13 20:07:35.891 I/SystemServerTiming( 485): StartSensorNotification
06-13 20:07:35.891 I/SystemServiceManager( 485): Starting com.android.server.SensorNotificationService
06-13 20:07:35.892 I/SystemServerTiming( 485): StartDiskStatsService
06-13 20:07:35.895 I/SystemServerTiming( 485): RuntimeService
06-13 20:07:35.896 I/SystemServerTiming( 485): StartNetworkTimeUpdateService
06-13 20:07:35.898 I/SystemServerTiming( 485): CertBlacklister
06-13 20:07:35.900 I/SystemServerTiming( 485): StartEmergencyAffordanceService
06-13 20:07:35.900 I/SystemServiceManager( 485): Starting com.android.server.emergency.EmergencyAffordanceService
06-13 20:07:35.901 I/SystemServerTiming( 485): StartDreamManager
06-13 20:07:35.901 I/SystemServerTimingAsync( 485): InitThreadPoolExec:startBlobStoreManagerService
06-13 20:07:35.901 I/SystemServiceManager( 485): Starting com.android.server.dreams.DreamManagerService
06-13 20:07:35.901 D/SystemServerInitThreadPool( 485): Started executing startBlobStoreManagerService
06-13 20:07:35.901 I/SystemServerTimingAsync( 485): startBlobStoreManagerService
06-13 20:07:35.902 I/SystemServiceManager( 485): Starting com.android.server.blob.BlobStoreManagerService
06-13 20:07:35.903 I/SystemServerTiming( 485): AddGraphicsStatsService
06-13 20:07:35.906 D/XiriService( 319): check file name: /data/data/com.softwinner.miracastReceiver/lib
06-13 20:07:35.906 D/XiriService( 319): check file name: /data/data/com.softwinner.miracastReceiver/lib
06-13 20:07:35.907 D/XiriService( 319): check file name: /data/data/com.softwinner.miracastReceiver/lib
06-13 20:07:35.907 D/XiriService( 319): check file name: /data/data/com.softwinner.miracastReceiver/lib
06-13 20:07:35.908 D/SystemServerInitThreadPool( 485): Finished executing startBlobStoreManagerService
06-13 20:07:35.913 D/XiriService( 319): check file name: /data/data/com.softwinner.miracastReceiver/lib
06-13 20:07:35.913 D/XiriService( 319): check file name: /data/data/com.softwinner.miracastReceiver/lib
06-13 20:07:35.914 D/XiriService( 319): check file name: /data/data/com.softwinner.miracastReceiver/lib
06-13 20:07:35.914 D/XiriService( 319): check file name: /data/data/com.softwinner.miracastReceiver/lib
06-13 20:07:35.914 I/SystemServerTiming( 485): StartRestrictionManager
06-13 20:07:35.914 I/SystemServiceManager( 485): Starting com.android.server.restrictions.RestrictionsManagerService
06-13 20:07:35.916 I/SystemServerTiming( 485): StartMediaSessionService
06-13 20:07:35.916 I/SystemServiceManager( 485): Starting com.android.server.media.MediaSessionService
06-13 20:07:35.921 D/XiriService( 319): check file name: /data/data/com.android.bluetooth/lib
06-13 20:07:35.916 I/xiriservice_All( 319): type=1400 audit(0.0:325): avc: denied { read } for name="lib" dev="mmcblk0p25" ino=9026 scontext=u:r:init:s0 tcontext=u:object_r:bluetooth_data_file:s0 tclass=lnk_file permissive=1
06-13 20:07:35.922 D/XiriService( 319): check file name: /data/data/com.android.bluetooth/lib
06-13 20:07:35.923 D/XiriService( 319): check file name: /data/data/com.android.bluetooth/lib
06-13 20:07:35.923 D/XiriService( 319): check file name: /data/data/com.android.bluetooth/lib
06-13 20:07:35.927 I/SystemServerTiming( 485): StartHdmiControlService
06-13 20:07:35.927 I/SystemServiceManager( 485): Starting com.android.server.hdmi.HdmiControlService
06-13 20:07:35.930 D/XiriService( 319): check file name: /data/data/com.android.bluetooth/lib
06-13 20:07:35.930 D/XiriService( 319): check file name: /data/data/com.android.bluetooth/lib
06-13 20:07:35.931 D/XiriService( 319): check file name: /data/data/com.android.bluetooth/lib
06-13 20:07:35.931 D/XiriService( 319): check file name: /data/data/com.android.bluetooth/lib
06-13 20:07:35.951 I/hwservicemanager( 193): getTransport: Cannot find entry android.hardware.tv.cec@1.1::IHdmiCec/default in either framework or device VINTF manifest.
06-13 20:07:35.951 E/HDMI ( 485): [1]:Couldn't connect to cec@1.1java.util.NoSuchElementException
06-13 20:07:35.952 W/HDMI ( 485): [1]:Couldn't get tv.cec service.
06-13 20:07:35.952 W/HDMI ( 485): [1]:Unable to use cec@1.1
06-13 20:07:35.953 D/XiriService( 319): check file name: /data/data/com.cibn.tv/lib
06-13 20:07:35.953 D/XiriService( 319): check file name: /data/data/com.cibn.tv/lib
06-13 20:07:35.948 I/xiriservice_All( 319): type=1400 audit(0.0:326): avc: denied { search } for name="com.cibn.tv" dev="mmcblk0p25" ino=4102 scontext=u:r:init:s0 tcontext=u:object_r:app_data_file:s0:c512,c768 tclass=dir permissive=1
06-13 20:07:35.953 D/XiriService( 319): check file name: /data/data/com.cibn.tv/lib
