06-13 20:09:54.660 I/ ( 421): Error: set vsif failed
06-13 20:09:54.661 I/ ( 421): DVI mode selected: packets not configured
06-13 20:09:54.661 I/ ( 421): Error: set vsif failed
06-13 20:09:54.682 I/ ( 421): DVI mode selected: packets not configured
06-13 20:09:54.682 I/ ( 421): Error: set vsif failed
06-13 20:09:54.682 I/ ( 421): DVI mode selected: packets not configured
06-13 20:09:54.682 I/ ( 421): Error: set vsif failed
06-13 20:09:54.702 I/ ( 421): DVI mode selected: packets not configured
06-13 20:09:54.702 I/ ( 421): Error: set vsif failed
06-13 20:09:54.703 I/ ( 421): DVI mode selected: packets not configured
06-13 20:09:54.703 I/ ( 421): Error: set vsif failed
06-13 20:09:54.721 I/ ( 421): DVI mode selected: packets not configured
06-13 20:09:54.721 I/ ( 421): Error: set vsif failed
06-13 20:09:54.721 I/ ( 421): DVI mode selected: packets not configured
06-13 20:09:54.721 I/ ( 421): Error: set vsif failed
06-13 20:09:54.737 I/ ( 421): DVI mode selected: packets not configured
06-13 20:09:54.737 I/ ( 421): Error: set vsif failed
06-13 20:09:54.738 I/ ( 421): DVI mode selected: packets not configured
06-13 20:09:54.738 I/ ( 421): Error: set vsif failed
06-13 20:09:55.348 W/IorapForwardingService( 485): No service published for: iorapd
06-13 20:09:56.351 W/IorapForwardingService( 485): No service published for: iorapd
06-13 20:09:56.410 E/WifiHAL ( 662): wifi_get_link_stats: requestResponse Error:-5
06-13 20:09:56.412 E/WifiVendorHal( 485): getWifiLinkLayerStats_1_5_Internal(l.1191) failed {.code = ERROR_INVALID_ARGS, .description = }
06-13 20:09:57.354 W/IorapForwardingService( 485): No service published for: iorapd
06-13 20:09:57.773 I/efs.base( 3067): wa upload succ, HttpResponse {succ=true, code=200, data='暂不支持该服务', extra={req_url=https://errlog.umeng.com/api/crashsdk/logcollect}}
06-13 20:09:58.357 W/IorapForwardingService( 485): No service published for: iorapd
06-13 20:09:59.359 W/IorapForwardingService( 485): No service published for: iorapd
06-13 20:09:59.432 E/WifiHAL ( 662): wifi_get_link_stats: requestResponse Error:-5
06-13 20:09:59.434 E/WifiVendorHal( 485): getWifiLinkLayerStats_1_5_Internal(l.1191) failed {.code = ERROR_INVALID_ARGS, .description = }
06-13 20:10:00.362 W/IorapForwardingService( 485): No service published for: iorapd
06-13 20:10:00.671 W/hdr10p_Configure( 421): 136 callbacks suppressed
06-13 20:10:00.671 I/ ( 421): DVI mode selected: packets not configured
06-13 20:10:00.671 W/set_vsif_config( 421): 136 callbacks suppressed
06-13 20:10:00.671 I/ ( 421): Error: set vsif failed
06-13 20:10:00.671 I/ ( 421): DVI mode selected: packets not configured
06-13 20:10:00.671 I/ ( 421): Error: set vsif failed
06-13 20:10:00.692 I/ ( 421): DVI mode selected: packets not configured
06-13 20:10:00.692 I/ ( 421): Error: set vsif failed
06-13 20:10:00.692 I/ ( 421): DVI mode selected: packets not configured
06-13 20:10:00.692 I/ ( 421): Error: set vsif failed
06-13 20:10:00.711 I/ ( 421): DVI mode selected: packets not configured
06-13 20:10:00.711 I/ ( 421): Error: set vsif failed
06-13 20:10:00.712 I/ ( 421): DVI mode selected: packets not configured
06-13 20:10:00.712 I/ ( 421): Error: set vsif failed
06-13 20:10:00.731 I/ ( 421): DVI mode selected: packets not configured
06-13 20:10:00.731 I/ ( 421): Error: set vsif failed
06-13 20:10:00.731 I/ ( 421): DVI mode selected: packets not configured
06-13 20:10:00.731 I/ ( 421): Error: set vsif failed
06-13 20:10:00.752 I/ ( 421): DVI mode selected: packets not configured
06-13 20:10:00.752 I/ ( 421): Error: set vsif failed
06-13 20:10:00.752 I/ ( 421): DVI mode selected: packets not configured
06-13 20:10:00.752 I/ ( 421): Error: set vsif failed
06-13 20:10:01.257 D/UtilLog ( 2132): 日志批量上报 进行正常循环 !!!!!!本次有0次请求,共0条数据
06-13 20:10:01.365 W/IorapForwardingService( 485): No service published for: iorapd
06-13 20:10:01.878 D/WifiNl80211Manager( 485): Scan result ready event
06-13 20:10:01.878 D/WifiNative( 485): Scan result ready event
06-13 20:10:01.884 D/WificondScannerImpl( 485): Filtering out 1 scan results.
06-13 20:10:01.890 E/WifiHAL ( 662): wifi_get_link_stats: requestResponse Error:-5
06-13 20:10:01.891 E/WifiVendorHal( 485): getWifiLinkLayerStats_1_5_Internal(l.1191) failed {.code = ERROR_INVALID_ARGS, .description = }
06-13 20:10:02.081 I/WifiService( 485): startScan uid=1000
06-13 20:10:02.367 W/IorapForwardingService( 485): No service published for: iorapd
06-13 20:10:02.445 E/WifiHAL ( 662): wifi_get_link_stats: requestResponse Error:-5
06-13 20:10:02.447 E/WifiVendorHal( 485): getWifiLinkLayerStats_1_5_Internal(l.1191) failed {.code = ERROR_INVALID_ARGS, .description = }
06-13 20:10:02.554 D/aaa ( 1146): LedStatusService onStartCommand begin
06-13 20:10:02.555 D/aaa ( 1146): topPkg is -------------- :com.dangbei.haqusetting
06-13 20:10:02.556 D/bbb ( 1185): onStartCommand begin !!!!!!! data分区剩余 24690MB
06-13 20:10:03.370 W/IorapForwardingService( 485): No service published for: iorapd
06-13 20:10:03.902 D/WifiNl80211Manager( 485): Scan result ready event
06-13 20:10:03.903 D/WifiNative( 485): Scan result ready event
06-13 20:10:03.988 E/ccc ( 2793): cccccc SCAN_RESULTS_AVAILABLE_ACTION hhhh
06-13 20:10:03.999 E/hq ( 1101): NetWorkStateReceiver:::NetWorkStateReceiver onReceive: 网络变化广播 >>>> intent.action=android.net.wifi.SCAN_RESULTS
06-13 20:10:04.009 E/WifiHAL ( 662): wifi_get_link_stats: requestResponse Error:-5
06-13 20:10:04.011 E/WifiVendorHal( 485): getWifiLinkLayerStats_1_5_Internal(l.1191) failed {.code = ERROR_INVALID_ARGS, .description = }
06-13 20:10:04.031 W/eventbuscore( 1101): post Event:com.dangbei.leard.base.entity.event.NetWifiRssiEvent
06-13 20:10:04.161 I/system_server( 485): Background young concurrent copying GC freed 362677(15MB) AllocSpace objects, 73(1492KB) LOS objects, 55% free, 13MB/30MB, paused 958us total 221.449ms
06-13 20:10:04.175 W/System ( 485): A resource failed to call release.
06-13 20:10:04.373 W/IorapForwardingService( 485): No service published for: iorapd
06-13 20:10:05.375 W/IorapForwardingService( 485): No service published for: iorapd
06-13 20:10:05.463 E/WifiHAL ( 662): wifi_get_link_stats: requestResponse Error:-5
06-13 20:10:05.466 E/WifiVendorHal( 485): getWifiLinkLayerStats_1_5_Internal(l.1191) failed {.code = ERROR_INVALID_ARGS, .description = }
06-13 20:10:06.378 W/IorapForwardingService( 485): No service published for: iorapd
06-13 20:10:06.677 W/hdr10p_Configure( 421): 130 callbacks suppressed
06-13 20:10:06.677 I/ ( 421): DVI mode selected: packets not configured
06-13 20:10:06.677 W/set_vsif_config( 421): 130 callbacks suppressed
06-13 20:10:06.677 I/ ( 421): Error: set vsif failed
06-13 20:10:06.677 I/ ( 421): DVI mode selected: packets not configured
06-13 20:10:06.677 I/ ( 421): Error: set vsif failed
06-13 20:10:06.700 I/ ( 421): DVI mode selected: packets not configured
06-13 20:10:06.700 I/ ( 421): Error: set vsif failed
06-13 20:10:06.700 I/ ( 421): DVI mode selected: packets not configured
06-13 20:10:06.700 I/ ( 421): Error: set vsif failed
06-13 20:10:06.720 I/ ( 421): DVI mode selected: packets not configured
06-13 20:10:06.720 I/ ( 421): Error: set vsif failed
06-13 20:10:06.720 I/ ( 421): DVI mode selected: packets not configured
06-13 20:10:06.720 I/ ( 421): Error: set vsif failed
06-13 20:10:06.738 I/ ( 421): DVI mode selected: packets not configured
06-13 20:10:06.738 I/ ( 421): Error: set vsif failed
06-13 20:10:06.739 I/ ( 421): DVI mode selected: packets not configured
06-13 20:10:06.739 I/ ( 421): Error: set vsif failed
06-13 20:10:06.759 I/ ( 421): DVI mode selected: packets not configured
06-13 20:10:06.759 I/ ( 421): Error: set vsif failed
06-13 20:10:06.759 I/ ( 421): DVI mode selected: packets not configured
06-13 20:10:06.759 I/ ( 421): Error: set vsif failed
06-13 20:10:07.381 W/IorapForwardingService( 485): No service published for: iorapd
06-13 20:10:08.252 I/efs.base( 3067): wa upload succ, HttpResponse {succ=true, code=200, data='暂不支持该服务', extra={req_url=https://errlog.umeng.com/api/crashsdk/logcollect}}
06-13 20:10:08.383 W/IorapForwardingService( 485): No service published for: iorapd
06-13 20:10:08.402 D/hdmi-cec( 273): receive invalid cec message!
06-13 20:10:08.402 D/hdmi-cec( 273): receive poll message [04], skip!
06-13 20:10:08.479 E/WifiHAL ( 662): wifi_get_link_stats: requestResponse Error:-5
06-13 20:10:08.480 E/WifiVendorHal( 485): getWifiLinkLayerStats_1_5_Internal(l.1191) failed {.code = ERROR_INVALID_ARGS, .description = }
06-13 20:10:09.108 W/ZramWriteback( 485): Writeback device is not set
06-13 20:10:09.108 D/ZramWriteback( 485): wait to flush
06-13 20:10:09.386 W/IorapForwardingService( 485): No service published for: iorapd
06-13 20:10:10.389 W/IorapForwardingService( 485): No service published for: iorapd
06-13 20:10:10.579 D/aaa ( 1146): LedStatusService onStartCommand begin
06-13 20:10:10.581 D/aaa ( 1146): topPkg is -------------- :com.dangbei.haqusetting
06-13 20:10:10.587 D/bbb ( 1185): onStartCommand begin !!!!!!! data分区剩余 24690MB
06-13 20:10:11.221 D/UtilLog ( 2132): 日志批量上报 进行正常循环 !!!!!!本次有0次请求,共0条数据
06-13 20:10:11.392 W/IorapForwardingService( 485): No service published for: iorapd
06-13 20:10:11.493 E/WifiHAL ( 662): wifi_get_link_stats: requestResponse Error:-5
06-13 20:10:11.496 E/WifiVendorHal( 485): getWifiLinkLayerStats_1_5_Internal(l.1191) failed {.code = ERROR_INVALID_ARGS, .description = }
06-13 20:10:12.394 W/IorapForwardingService( 485): No service published for: iorapd
06-13 20:10:12.696 W/hdr10p_Configure( 421): 136 callbacks suppressed
06-13 20:10:12.697 I/ ( 421): DVI mode selected: packets not configured
06-13 20:10:12.697 W/set_vsif_config( 421): 136 callbacks suppressed
06-13 20:10:12.697 I/ ( 421): Error: set vsif failed
06-13 20:10:12.697 I/ ( 421): DVI mode selected: packets not configured
06-13 20:10:12.697 I/ ( 421): Error: set vsif failed
06-13 20:10:12.718 I/ ( 421): DVI mode selected: packets not configured
06-13 20:10:12.718 I/ ( 421): Error: set vsif failed
06-13 20:10:12.718 I/ ( 421): DVI mode selected: packets not configured
06-13 20:10:12.718 I/ ( 421): Error: set vsif failed
06-13 20:10:12.738 I/ ( 421): DVI mode selected: packets not configured
06-13 20:10:12.738 I/ ( 421): Error: set vsif failed
06-13 20:10:12.738 I/ ( 421): DVI mode selected: packets not configured
06-13 20:10:12.738 I/ ( 421): Error: set vsif failed
06-13 20:10:12.757 I/ ( 421): DVI mode selected: packets not configured
06-13 20:10:12.757 I/ ( 421): Error: set vsif failed
06-13 20:10:12.757 I/ ( 421): DVI mode selected: packets not configured
06-13 20:10:12.757 I/ ( 421): Error: set vsif failed
06-13 20:10:12.777 I/ ( 421): DVI mode selected: packets not configured
06-13 20:10:12.777 I/ ( 421): Error: set vsif failed
06-13 20:10:12.777 I/ ( 421): DVI mode selected: packets not configured
06-13 20:10:12.777 I/ ( 421): Error: set vsif failed
06-13 20:10:13.397 W/IorapForwardingService( 485): No service published for: iorapd
06-13 20:10:14.399 W/IorapForwardingService( 485): No service published for: iorapd
06-13 20:10:14.513 E/WifiHAL ( 662): wifi_get_link_stats: requestResponse Error:-5
06-13 20:10:14.515 E/WifiVendorHal( 485): getWifiLinkLayerStats_1_5_Internal(l.1191) failed {.code = ERROR_INVALID_ARGS, .description = }
06-13 20:10:15.402 W/IorapForwardingService( 485): No service published for: iorapd
06-13 20:10:16.405 W/IorapForwardingService( 485): No service published for: iorapd
06-13 20:10:17.407 W/IorapForwardingService( 485): No service published for: iorapd
06-13 20:10:17.534 E/WifiHAL ( 662): wifi_get_link_stats: requestResponse Error:-5
06-13 20:10:17.536 E/WifiVendorHal( 485): getWifiLinkLayerStats_1_5_Internal(l.1191) failed {.code = ERROR_INVALID_ARGS, .description = }
06-13 20:10:18.410 W/IorapForwardingService( 485): No service published for: iorapd
06-13 20:10:18.604 D/aaa ( 1146): LedStatusService onStartCommand begin
06-13 20:10:18.607 D/aaa ( 1146): topPkg is -------------- :com.dangbei.haqusetting
06-13 20:10:18.609 D/bbb ( 1185): onStartCommand begin !!!!!!! data分区剩余 24690MB
06-13 20:10:18.718 W/hdr10p_Configure( 421): 134 callbacks suppressed
06-13 20:10:18.718 I/ ( 421): DVI mode selected: packets not configured
06-13 20:10:18.718 W/set_vsif_config( 421): 134 callbacks suppressed
06-13 20:10:18.718 I/ ( 421): Error: set vsif failed
06-13 20:10:18.718 I/ ( 421): DVI mode selected: packets not configured
06-13 20:10:18.718 I/ ( 421): Error: set vsif failed
06-13 20:10:18.739 I/ ( 421): DVI mode selected: packets not configured
06-13 20:10:18.739 I/ ( 421): Error: set vsif failed
06-13 20:10:18.739 I/ ( 421): DVI mode selected: packets not configured
06-13 20:10:18.739 I/ ( 421): Error: set vsif failed
06-13 20:10:18.758 I/ ( 421): DVI mode selected: packets not configured
06-13 20:10:18.758 I/ ( 421): Error: set vsif failed
06-13 20:10:18.758 I/ ( 421): DVI mode selected: packets not configured
06-13 20:10:18.758 I/ ( 421): Error: set vsif failed
06-13 20:10:18.777 I/ ( 421): DVI mode selected: packets not configured
06-13 20:10:18.777 I/ ( 421): Error: set vsif failed
06-13 20:10:18.777 I/ ( 421): DVI mode selected: packets not configured
06-13 20:10:18.777 I/ ( 421): Error: set vsif failed
06-13 20:10:18.788 I/ ( 421): DVI mode selected: packets not configured
06-13 20:10:18.788 I/ ( 421): Error: set vsif failed
06-13 20:10:18.788 I/ ( 421): DVI mode selected: packets not configured
06-13 20:10:18.788 I/ ( 421): Error: set vsif failed
06-13 20:10:19.413 W/IorapForwardingService( 485): No service published for: iorapd
06-13 20:10:20.415 W/IorapForwardingService( 485): No service published for: iorapd
06-13 20:10:20.552 E/WifiHAL ( 662): wifi_get_link_stats: requestResponse Error:-5
06-13 20:10:20.554 E/WifiVendorHal( 485): getWifiLinkLayerStats_1_5_Internal(l.1191) failed {.code = ERROR_INVALID_ARGS, .description = }
06-13 20:10:21.191 I/gbei.screencas( 3067): Background concurrent copying GC freed 67037(6670KB) AllocSpace objects, 24(624KB) LOS objects, 49% free, 6312KB/12MB, paused 265us total 159.553ms
06-13 20:10:21.257 D/UtilLog ( 2132): 日志批量上报 进行正常循环 !!!!!!本次有0次请求,共0条数据
06-13 20:10:21.418 W/IorapForwardingService( 485): No service published for: iorapd
06-13 20:10:22.420 W/IorapForwardingService( 485): No service published for: iorapd
06-13 20:10:23.422 W/IorapForwardingService( 485): No service published for: iorapd
06-13 20:10:23.430 D/hdmi-cec( 273): receive invalid cec message!
06-13 20:10:23.430 D/hdmi-cec( 273): receive poll message [04], skip!
06-13 20:10:23.571 E/WifiHAL ( 662): wifi_get_link_stats: requestResponse Error:-5
06-13 20:10:23.572 E/WifiVendorHal( 485): getWifiLinkLayerStats_1_5_Internal(l.1191) failed {.code = ERROR_INVALID_ARGS, .description = }
06-13 20:10:24.254 I/TDLog ( 2132): [APP] New data found, Submitting...
06-13 20:10:24.264 I/TDLog ( 2132): [APP] Failed to submit data!
06-13 20:10:24.424 W/IorapForwardingService( 485): No service published for: iorapd
06-13 20:10:24.728 W/hdr10p_Configure( 421): 136 callbacks suppressed
06-13 20:10:24.728 I/ ( 421): DVI mode selected: packets not configured
06-13 20:10:24.728 W/set_vsif_config( 421): 136 callbacks suppressed
06-13 20:10:24.728 I/ ( 421): Error: set vsif failed
06-13 20:10:24.728 I/ ( 421): DVI mode selected: packets not configured
06-13 20:10:24.728 I/ ( 421): Error: set vsif failed
06-13 20:10:24.748 I/ ( 421): DVI mode selected: packets not configured
06-13 20:10:24.748 I/ ( 421): Error: set vsif failed
06-13 20:10:24.748 I/ ( 421): DVI mode selected: packets not configured
06-13 20:10:24.748 I/ ( 421): Error: set vsif failed
06-13 20:10:24.770 I/ ( 421): DVI mode selected: packets not configured
06-13 20:10:24.770 I/ ( 421): Error: set vsif failed
06-13 20:10:24.770 I/ ( 421): DVI mode selected: packets not configured
06-13 20:10:24.770 I/ ( 421): Error: set vsif failed
06-13 20:10:24.788 I/ ( 421): DVI mode selected: packets not configured
06-13 20:10:24.788 I/ ( 421): Error: set vsif failed
06-13 20:10:24.788 I/ ( 421): DVI mode selected: packets not configured
06-13 20:10:24.788 I/ ( 421): Error: set vsif failed
06-13 20:10:24.803 I/ ( 421): DVI mode selected: packets not configured
06-13 20:10:24.803 I/ ( 421): Error: set vsif failed
06-13 20:10:24.803 I/ ( 421): DVI mode selected: packets not configured
06-13 20:10:24.803 I/ ( 421): Error: set vsif failed
06-13 20:10:25.426 W/IorapForwardingService( 485): No service published for: iorapd
06-13 20:10:26.429 W/IorapForwardingService( 485): No service published for: iorapd
06-13 20:10:26.584 E/WifiHAL ( 662): wifi_get_link_stats: requestResponse Error:-5
06-13 20:10:26.586 E/WifiVendorHal( 485): getWifiLinkLayerStats_1_5_Internal(l.1191) failed {.code = ERROR_INVALID_ARGS, .description = }
06-13 20:10:26.651 D/bbb ( 1185): onStartCommand begin !!!!!!! data分区剩余 24690MB
06-13 20:10:26.652 D/aaa ( 1146): LedStatusService onStartCommand begin
06-13 20:10:26.654 D/aaa ( 1146): topPkg is -------------- :com.dangbei.haqusetting
06-13 20:10:27.431 W/IorapForwardingService( 485): No service published for: iorapd
06-13 20:10:28.433 W/IorapForwardingService( 485): No service published for: iorapd
06-13 20:10:29.436 W/IorapForwardingService( 485): No service published for: iorapd
06-13 20:10:29.603 E/WifiHAL ( 662): wifi_get_link_stats: requestResponse Error:-5
06-13 20:10:29.605 E/WifiVendorHal( 485): getWifiLinkLayerStats_1_5_Internal(l.1191) failed {.code = ERROR_INVALID_ARGS, .description = }
06-13 20:10:30.439 W/IorapForwardingService( 485): No service published for: iorapd
06-13 20:10:30.734 W/hdr10p_Configure( 421): 136 callbacks suppressed
06-13 20:10:30.734 I/ ( 421): DVI mode selected: packets not configured
06-13 20:10:30.734 W/set_vsif_config( 421): 136 callbacks suppressed
06-13 20:10:30.734 I/ ( 421): Error: set vsif failed
06-13 20:10:30.734 I/ ( 421): DVI mode selected: packets not configured
06-13 20:10:30.734 I/ ( 421): Error: set vsif failed
06-13 20:10:30.756 I/ ( 421): DVI mode selected: packets not configured
06-13 20:10:30.756 I/ ( 421): Error: set vsif failed
06-13 20:10:30.756 I/ ( 421): DVI mode selected: packets not configured
06-13 20:10:30.756 I/ ( 421): Error: set vsif failed
06-13 20:10:30.775 I/ ( 421): DVI mode selected: packets not configured
06-13 20:10:30.775 I/ ( 421): Error: set vsif failed
06-13 20:10:30.775 I/ ( 421): DVI mode selected: packets not configured
06-13 20:10:30.775 I/ ( 421): Error: set vsif failed
06-13 20:10:30.794 I/ ( 421): DVI mode selected: packets not configured
06-13 20:10:30.794 I/ ( 421): Error: set vsif failed
06-13 20:10:30.794 I/ ( 421): DVI mode selected: packets not configured
06-13 20:10:30.794 I/ ( 421): Error: set vsif failed
06-13 20:10:30.803 I/ ( 421): DVI mode selected: packets not configured
06-13 20:10:30.803 I/ ( 421): Error: set vsif failed
06-13 20:10:30.803 I/ ( 421): DVI mode selected: packets not configured
06-13 20:10:30.803 I/ ( 421): Error: set vsif failed
06-13 20:10:31.254 D/UtilLog ( 2132): 日志批量上报 进行正常循环 !!!!!!本次有0次请求,共0条数据
06-13 20:10:31.441 W/IorapForwardingService( 485): No service published for: iorapd
06-13 20:10:32.444 W/IorapForwardingService( 485): No service published for: iorapd
06-13 20:10:32.622 E/WifiHAL ( 662): wifi_get_link_stats: requestResponse Error:-5
06-13 20:10:32.625 E/WifiVendorHal( 485): getWifiLinkLayerStats_1_5_Internal(l.1191) failed {.code = ERROR_INVALID_ARGS, .description = }
06-13 20:10:33.447 W/IorapForwardingService( 485): No service published for: iorapd
06-13 20:10:34.085 I/WifiService( 485): startScan uid=1000
06-13 20:10:34.449 W/IorapForwardingService( 485): No service published for: iorapd
06-13 20:10:34.688 D/bbb ( 1185): onStartCommand begin !!!!!!! data分区剩余 24690MB
06-13 20:10:34.696 D/aaa ( 1146): LedStatusService onStartCommand begin
06-13 20:10:34.698 D/aaa ( 1146): topPkg is -------------- :com.dangbei.haqusetting
06-13 20:10:35.451 W/IorapForwardingService( 485): No service published for: iorapd
06-13 20:10:35.642 E/WifiHAL ( 662): wifi_get_link_stats: requestResponse Error:-5
06-13 20:10:35.644 E/WifiVendorHal( 485): getWifiLinkLayerStats_1_5_Internal(l.1191) failed {.code = ERROR_INVALID_ARGS, .description = }
06-13 20:10:35.898 D/WifiNl80211Manager( 485): Scan result ready event
06-13 20:10:35.899 D/WifiNative( 485): Scan result ready event
06-13 20:10:35.971 E/hq ( 1101): NetWorkStateReceiver:::NetWorkStateReceiver onReceive: 网络变化广播 >>>> intent.action=android.net.wifi.SCAN_RESULTS
06-13 20:10:35.971 E/ccc ( 2793): cccccc SCAN_RESULTS_AVAILABLE_ACTION hhhh
06-13 20:10:35.982 D/PasspointManager( 485): ANQP entry not found for: 10:7c:61:1a:4b:94:<5G>
06-13 20:10:35.985 E/WifiHAL ( 662): wifi_get_link_stats: requestResponse Error:-5
06-13 20:10:35.986 E/WifiVendorHal( 485): getWifiLinkLayerStats_1_5_Internal(l.1191) failed {.code = ERROR_INVALID_ARGS, .description = }
06-13 20:10:36.011 W/eventbuscore( 1101): post Event:com.dangbei.leard.base.entity.event.NetWifiRssiEvent
06-13 20:10:36.087 W/hdr10p_Configure( 421): 136 callbacks suppressed
06-13 20:10:36.087 I/ ( 421): DVI mode selected: packets not configured
06-13 20:10:36.087 W/set_vsif_config( 421): 136 callbacks suppressed
06-13 20:10:36.087 I/ ( 421): Error: set vsif failed
06-13 20:10:36.087 I/ ( 421): DVI mode selected: packets not configured
06-13 20:10:36.087 I/ ( 421): Error: set vsif failed
06-13 20:10:36.453 W/IorapForwardingService( 485): No service published for: iorapd
06-13 20:10:36.738 I/ ( 421): DVI mode selected: packets not configured
06-13 20:10:36.738 I/ ( 421): Error: set vsif failed
06-13 20:10:36.738 I/ ( 421): DVI mode selected: packets not configured
06-13 20:10:36.738 I/ ( 421): Error: set vsif failed
06-13 20:10:36.760 I/ ( 421): DVI mode selected: packets not configured
06-13 20:10:36.760 I/ ( 421): Error: set vsif failed
06-13 20:10:36.760 I/ ( 421): DVI mode selected: packets not configured
06-13 20:10:36.760 I/ ( 421): Error: set vsif failed
06-13 20:10:36.779 I/ ( 421): DVI mode selected: packets not configured
06-13 20:10:36.779 I/ ( 421): Error: set vsif failed
06-13 20:10:36.779 I/ ( 421): DVI mode selected: packets not configured
06-13 20:10:36.779 I/ ( 421): Error: set vsif failed
06-13 20:10:36.798 I/ ( 421): DVI mode selected: packets not configured
06-13 20:10:36.798 I/ ( 421): Error: set vsif failed
06-13 20:10:36.798 I/ ( 421): DVI mode selected: packets not configured
06-13 20:10:36.798 I/ ( 421): Error: set vsif failed
06-13 20:10:37.456 W/IorapForwardingService( 485): No service published for: iorapd
06-13 20:10:38.456 D/hdmi-cec( 273): receive invalid cec message!
06-13 20:10:38.457 D/hdmi-cec( 273): receive poll message [04], skip!
06-13 20:10:38.459 W/IorapForwardingService( 485): No service published for: iorapd
06-13 20:10:38.660 E/WifiHAL ( 662): wifi_get_link_stats: requestResponse Error:-5
06-13 20:10:38.663 E/WifiVendorHal( 485): getWifiLinkLayerStats_1_5_Internal(l.1191) failed {.code = ERROR_INVALID_ARGS, .description = }
06-13 20:10:39.110 W/ZramWriteback( 485): Writeback device is not set
06-13 20:10:39.111 D/ZramWriteback( 485): wait to flush
06-13 20:10:39.461 W/IorapForwardingService( 485): No service published for: iorapd
06-13 20:10:40.463 W/IorapForwardingService( 485): No service published for: iorapd
06-13 20:10:40.587 W/HdmiCecController( 485): Failed to send 40:90:02 with errorCode=1
06-13 20:10:41.245 D/UtilLog ( 2132): 日志批量上报 进行正常循环 !!!!!!本次有0次请求,共0条数据
06-13 20:10:41.466 W/IorapForwardingService( 485): No service published for: iorapd
06-13 20:10:41.680 E/WifiHAL ( 662): wifi_get_link_stats: requestResponse Error:-5
06-13 20:10:41.682 E/WifiVendorHal( 485): getWifiLinkLayerStats_1_5_Internal(l.1191) failed {.code = ERROR_INVALID_ARGS, .description = }
06-13 20:10:42.151 E/ccc ( 1039): cccccc sendCycleCheckBroadcast
06-13 20:10:42.152 W/ContextImpl( 1039): Calling a method in the system process without a qualified user: android.app.ContextImpl.sendBroadcast:1173 android.content.ContextWrapper.sendBroadcast:479 com.dangbei.etna.setting.core.SettingHelper.sendCycleToProjector:250 com.dangbei.etna.setting.core.SettingHelper.sendCycleCheckBroadcast:219 com.dangbei.etna.setting.core.SettingHelper.startLoop$lambda-0:177
06-13 20:10:42.156 W/ContextImpl( 1039): Calling a method in the system process without a qualified user: android.app.ContextImpl.sendBroadcast:1173 android.content.ContextWrapper.sendBroadcast:479 com.dangbei.etna.setting.core.SettingHelper.sendCycleToVoice:235 com.dangbei.etna.setting.core.SettingHelper.sendCycleCheckBroadcast:220 com.dangbei.etna.setting.core.SettingHelper.startLoop$lambda-0:177
06-13 20:10:42.161 E/ActivityManager( 485): Sending non-protected broadcast com.dangbei.etna.setting.action_cycle_check_broadcast from system 1039:com.dangbei.lerad.etna.haqu/1000 pkg com.dangbei.lerad.etna.haqu
06-13 20:10:42.161 E/ActivityManager( 485): java.lang.Throwable
06-13 20:10:42.161 E/ActivityManager( 485): at com.android.server.am.ActivityManagerService.checkBroadcastFromSystem(ActivityManagerService.java:12816)
06-13 20:10:42.161 E/ActivityManager( 485): at com.android.server.am.ActivityManagerService.broadcastIntentLocked(ActivityManagerService.java:13513)
06-13 20:10:42.161 E/ActivityManager( 485): at com.android.server.am.ActivityManagerService.broadcastIntentLocked(ActivityManagerService.java:12833)
06-13 20:10:42.161 E/ActivityManager( 485): at com.android.server.am.ActivityManagerService.broadcastIntentWithFeature(ActivityManagerService.java:13670)
06-13 20:10:42.161 E/ActivityManager( 485): at android.app.IActivityManager$Stub.onTransact(IActivityManager.java:2326)
06-13 20:10:42.161 E/ActivityManager( 485): at com.android.server.am.ActivityManagerService.onTransact(ActivityManagerService.java:2509)
06-13 20:10:42.161 E/ActivityManager( 485): at android.os.Binder.execTransactInternal(Binder.java:1179)
06-13 20:10:42.161 E/ActivityManager( 485): at android.os.Binder.execTransact(Binder.java:1143)
06-13 20:10:42.167 I/DropBoxManagerService( 485): add tag=system_server_wtf isTagEnabled=true flags=0x2
06-13 20:10:42.177 D/RockyVoice( 1245): RestartReceiver onReceive
06-13 20:10:42.469 W/IorapForwardingService( 485): No service published for: iorapd
06-13 20:10:42.746 D/aaa ( 1146): LedStatusService onStartCommand begin
06-13 20:10:42.752 D/aaa ( 1146): topPkg is -------------- :com.dangbei.haqusetting
06-13 20:10:42.754 W/hdr10p_Configure( 421): 138 callbacks suppressed
06-13 20:10:42.754 I/ ( 421): DVI mode selected: packets not configured
06-13 20:10:42.754 W/set_vsif_config( 421): 138 callbacks suppressed
06-13 20:10:42.754 I/ ( 421): Error: set vsif failed
06-13 20:10:42.754 I/ ( 421): DVI mode selected: packets not configured
06-13 20:10:42.754 I/ ( 421): Error: set vsif failed
06-13 20:10:42.763 D/bbb ( 1185): onStartCommand begin !!!!!!! data分区剩余 24689MB
06-13 20:10:42.777 I/ ( 421): DVI mode selected: packets not configured
06-13 20:10:42.777 I/ ( 421): Error: set vsif failed
06-13 20:10:42.777 I/ ( 421): DVI mode selected: packets not configured
06-13 20:10:42.777 I/ ( 421): Error: set vsif failed
06-13 20:10:42.796 I/ ( 421): DVI mode selected: packets not configured
06-13 20:10:42.796 I/ ( 421): Error: set vsif failed
06-13 20:10:42.796 I/ ( 421): DVI mode selected: packets not configured
06-13 20:10:42.796 I/ ( 421): Error: set vsif failed
06-13 20:10:42.816 I/ ( 421): DVI mode selected: packets not configured
06-13 20:10:42.816 I/ ( 421): Error: set vsif failed
06-13 20:10:42.817 I/ ( 421): DVI mode selected: packets not configured
06-13 20:10:42.817 I/ ( 421): Error: set vsif failed
06-13 20:10:42.836 I/ ( 421): DVI mode selected: packets not configured
06-13 20:10:42.836 I/ ( 421): Error: set vsif failed
06-13 20:10:42.836 I/ ( 421): DVI mode selected: packets not configured
06-13 20:10:42.836 I/ ( 421): Error: set vsif failed
06-13 20:10:42.894 E/dangbei111( 1039): cccccc 检查遥控器是否连接: Dangbei E4:BB:D3:57:C0:7D
06-13 20:10:42.897 E/dangbei111( 1039): cccccc 检查遥控器是否连接: 蓝牙的结果 Dangbei E4:BB:D3:57:C0:7D true
06-13 20:10:42.897 E/dangbei111( 1039): cccccc 确实有遥控器 存在 取消check任务
06-13 20:10:42.897 D/BluetoothAdapter( 1039): isLeEnabled(): ON
06-13 20:10:42.908 I/bt_stack( 671): [INFO:gatt_api.cc(1042)] GATT_Deregister gatt_if=5
06-13 20:10:42.909 E/dangbei111( 1039): cccccc rc is connected, stop scan =E4:BB:D3:57:C0:7D
06-13 20:10:43.471 W/IorapForwardingService( 485): No service published for: iorapd
06-13 20:10:43.578 E/ ( 345): Send upper Vendor Specific event.
06-13 20:10:44.473 W/IorapForwardingService( 485): No service published for: iorapd
06-13 20:10:44.699 E/WifiHAL ( 662): wifi_get_link_stats: requestResponse Error:-5
06-13 20:10:44.702 E/WifiVendorHal( 485): getWifiLinkLayerStats_1_5_Internal(l.1191) failed {.code = ERROR_INVALID_ARGS, .description = }
06-13 20:10:45.476 W/IorapForwardingService( 485): No service published for: iorapd
06-13 20:10:46.479 W/IorapForwardingService( 485): No service published for: iorapd
06-13 20:10:46.578 E/bt_upio ( 261): upio_set : /proc/bluetooth/sleep/btwrite(-1) incorrent
06-13 20:10:47.481 W/IorapForwardingService( 485): No service published for: iorapd
06-13 20:10:47.717 E/WifiHAL ( 662): wifi_get_link_stats: requestResponse Error:-5
06-13 20:10:47.719 E/WifiVendorHal( 485): getWifiLinkLayerStats_1_5_Internal(l.1191) failed {.code = ERROR_INVALID_ARGS, .description = }
06-13 20:10:47.740 I/dangbei ad sdk( 1101): ad manager report data::cache data size=0
06-13 20:10:47.740 I/pool-77-thread-( 1101): type=1400 audit(0.0:1122): avc: denied { read } for name="address" dev="sysfs" ino=28050 scontext=u:r:system_app:s0 tcontext=u:object_r:sysfs:s0 tclass=file permissive=1
06-13 20:10:47.740 I/pool-77-thread-( 1101): type=1400 audit(0.0:1123): avc: denied { open } for path="/sys/devices/platform/unisoc_wifi/net/wlan1/address" dev="sysfs" ino=28050 scontext=u:r:system_app:s0 tcontext=u:object_r:sysfs:s0 tclass=file permissive=1
06-13 20:10:47.740 I/pool-77-thread-( 1101): type=1400 audit(0.0:1124): avc: denied { getattr } for path="/sys/devices/platform/unisoc_wifi/net/wlan1/address" dev="sysfs" ino=28050 scontext=u:r:system_app:s0 tcontext=u:object_r:sysfs:s0 tclass=file permissive=1
06-13 20:10:48.403 D/dangbei ad sdk( 1101): HttpUtils.....::response={"msg":"no available advert","code":200}
06-13 20:10:48.483 W/IorapForwardingService( 485): No service published for: iorapd
06-13 20:10:48.775 W/hdr10p_Configure( 421): 138 callbacks suppressed
06-13 20:10:48.775 I/ ( 421): DVI mode selected: packets not configured
06-13 20:10:48.775 W/set_vsif_config( 421): 138 callbacks suppressed
06-13 20:10:48.775 I/ ( 421): Error: set vsif failed
06-13 20:10:48.775 I/ ( 421): DVI mode selected: packets not configured
06-13 20:10:48.775 I/ ( 421): Error: set vsif failed
06-13 20:10:48.800 I/ ( 421): DVI mode selected: packets not configured
06-13 20:10:48.800 I/ ( 421): Error: set vsif failed
06-13 20:10:48.800 I/ ( 421): DVI mode selected: packets not configured
06-13 20:10:48.800 I/ ( 421): Error: set vsif failed
06-13 20:10:48.820 I/ ( 421): DVI mode selected: packets not configured
06-13 20:10:48.820 I/ ( 421): Error: set vsif failed
06-13 20:10:48.820 I/ ( 421): DVI mode selected: packets not configured
06-13 20:10:48.820 I/ ( 421): Error: set vsif failed
06-13 20:10:48.838 I/ ( 421): DVI mode selected: packets not configured
06-13 20:10:48.838 I/ ( 421): Error: set vsif failed
06-13 20:10:48.838 I/ ( 421): DVI mode selected: packets not configured
06-13 20:10:48.838 I/ ( 421): Error: set vsif failed
06-13 20:10:48.858 I/ ( 421): DVI mode selected: packets not configured
06-13 20:10:48.858 I/ ( 421): Error: set vsif failed
06-13 20:10:48.858 I/ ( 421): DVI mode selected: packets not configured
06-13 20:10:48.858 I/ ( 421): Error: set vsif failed
06-13 20:10:49.486 W/IorapForwardingService( 485): No service published for: iorapd
06-13 20:10:50.488 W/IorapForwardingService( 485): No service published for: iorapd
06-13 20:10:50.736 E/WifiHAL ( 662): wifi_get_link_stats: requestResponse Error:-5
06-13 20:10:50.738 E/WifiVendorHal( 485): getWifiLinkLayerStats_1_5_Internal(l.1191) failed {.code = ERROR_INVALID_ARGS, .description = }
06-13 20:10:50.780 D/bbb ( 1185): onStartCommand begin !!!!!!! data分区剩余 24689MB
06-13 20:10:50.782 D/aaa ( 1146): LedStatusService onStartCommand begin
06-13 20:10:50.784 D/aaa ( 1146): topPkg is -------------- :com.dangbei.haqusetting
06-13 20:10:51.221 D/UtilLog ( 2132): 日志批量上报 进行正常循环 !!!!!!本次有0次请求,共0条数据
06-13 20:10:51.490 W/IorapForwardingService( 485): No service published for: iorapd
06-13 20:10:52.493 W/IorapForwardingService( 485): No service published for: iorapd
06-13 20:10:53.484 D/hdmi-cec( 273): receive invalid cec message!
06-13 20:10:53.485 D/hdmi-cec( 273): receive poll message [04], skip!
06-13 20:10:53.496 W/IorapForwardingService( 485): No service published for: iorapd
06-13 20:10:53.756 E/WifiHAL ( 662): wifi_get_link_stats: requestResponse Error:-5
06-13 20:10:53.759 E/WifiVendorHal( 485): getWifiLinkLayerStats_1_5_Internal(l.1191) failed {.code = ERROR_INVALID_ARGS, .description = }
06-13 20:10:54.498 W/IorapForwardingService( 485): No service published for: iorapd
06-13 20:10:54.781 W/hdr10p_Configure( 421): 136 callbacks suppressed
06-13 20:10:54.781 I/ ( 421): DVI mode selected: packets not configured
06-13 20:10:54.781 W/set_vsif_config( 421): 136 callbacks suppressed
06-13 20:10:54.781 I/ ( 421): Error: set vsif failed
06-13 20:10:54.781 I/ ( 421): DVI mode selected: packets not configured
06-13 20:10:54.781 I/ ( 421): Error: set vsif failed
06-13 20:10:54.801 I/ ( 421): DVI mode selected: packets not configured
06-13 20:10:54.801 I/ ( 421): Error: set vsif failed
06-13 20:10:54.801 I/ ( 421): DVI mode selected: packets not configured
06-13 20:10:54.801 I/ ( 421): Error: set vsif failed
06-13 20:10:54.821 I/ ( 421): DVI mode selected: packets not configured
06-13 20:10:54.821 I/ ( 421): Error: set vsif failed
06-13 20:10:54.821 I/ ( 421): DVI mode selected: packets not configured
06-13 20:10:54.821 I/ ( 421): Error: set vsif failed
06-13 20:10:54.840 I/ ( 421): DVI mode selected: packets not configured
06-13 20:10:54.840 I/ ( 421): Error: set vsif failed
06-13 20:10:54.840 I/ ( 421): DVI mode selected: packets not configured
06-13 20:10:54.840 I/ ( 421): Error: set vsif failed
06-13 20:10:54.860 I/ ( 421): DVI mode selected: packets not configured
06-13 20:10:54.860 I/ ( 421): Error: set vsif failed
06-13 20:10:54.860 I/ ( 421): DVI mode selected: packets not configured
06-13 20:10:54.860 I/ ( 421): Error: set vsif failed
06-13 20:10:55.501 W/IorapForwardingService( 485): No service published for: iorapd
06-13 20:10:56.504 W/IorapForwardingService( 485): No service published for: iorapd
06-13 20:10:56.776 E/WifiHAL ( 662): wifi_get_link_stats: requestResponse Error:-5
06-13 20:10:56.778 E/WifiVendorHal( 485): getWifiLinkLayerStats_1_5_Internal(l.1191) failed {.code = ERROR_INVALID_ARGS, .description = }
06-13 20:10:57.507 W/IorapForwardingService( 485): No service published for: iorapd
06-13 20:10:58.509 W/IorapForwardingService( 485): No service published for: iorapd
06-13 20:10:58.822 D/bbb ( 1185): onStartCommand begin !!!!!!! data分区剩余 24689MB
06-13 20:10:58.823 D/aaa ( 1146): LedStatusService onStartCommand begin
06-13 20:10:58.825 D/aaa ( 1146): topPkg is -------------- :com.dangbei.haqusetting
06-13 20:10:59.512 W/IorapForwardingService( 485): No service published for: iorapd
06-13 20:10:59.792 E/WifiHAL ( 662): wifi_get_link_stats: requestResponse Error:-5
06-13 20:10:59.793 E/WifiVendorHal( 485): getWifiLinkLayerStats_1_5_Internal(l.1191) failed {.code = ERROR_INVALID_ARGS, .description = }
06-13 20:11:00.515 W/IorapForwardingService( 485): No service published for: iorapd
06-13 20:11:00.783 W/hdr10p_Configure( 421): 132 callbacks suppressed
06-13 20:11:00.783 I/ ( 421): DVI mode selected: packets not configured
06-13 20:11:00.783 W/set_vsif_config( 421): 132 callbacks suppressed
06-13 20:11:00.783 I/ ( 421): Error: set vsif failed
06-13 20:11:00.783 I/ ( 421): DVI mode selected: packets not configured
06-13 20:11:00.783 I/ ( 421): Error: set vsif failed
06-13 20:11:00.807 I/ ( 421): DVI mode selected: packets not configured
06-13 20:11:00.807 I/ ( 421): Error: set vsif failed
06-13 20:11:00.807 I/ ( 421): DVI mode selected: packets not configured
06-13 20:11:00.807 I/ ( 421): Error: set vsif failed
06-13 20:11:00.825 I/ ( 421): DVI mode selected: packets not configured
06-13 20:11:00.825 I/ ( 421): Error: set vsif failed
06-13 20:11:00.826 I/ ( 421): DVI mode selected: packets not configured
06-13 20:11:00.826 I/ ( 421): Error: set vsif failed
06-13 20:11:00.845 I/ ( 421): DVI mode selected: packets not configured
06-13 20:11:00.845 I/ ( 421): Error: set vsif failed
06-13 20:11:00.845 I/ ( 421): DVI mode selected: packets not configured
06-13 20:11:00.845 I/ ( 421): Error: set vsif failed
06-13 20:11:00.866 I/ ( 421): DVI mode selected: packets not configured
06-13 20:11:00.866 I/ ( 421): Error: set vsif failed
06-13 20:11:00.866 I/ ( 421): DVI mode selected: packets not configured
06-13 20:11:00.866 I/ ( 421): Error: set vsif failed
06-13 20:11:01.242 D/UtilLog ( 2132): 日志批量上报 进行正常循环 !!!!!!本次有0次请求,共0条数据
06-13 20:11:01.517 W/IorapForwardingService( 485): No service published for: iorapd
06-13 20:11:02.520 W/IorapForwardingService( 485): No service published for: iorapd
06-13 20:11:02.805 E/WifiHAL ( 662): wifi_get_link_stats: requestResponse Error:-5
06-13 20:11:02.807 E/WifiVendorHal( 485): getWifiLinkLayerStats_1_5_Internal(l.1191) failed {.code = ERROR_INVALID_ARGS, .description = }
06-13 20:11:03.523 W/IorapForwardingService( 485): No service published for: iorapd
06-13 20:11:04.525 W/IorapForwardingService( 485): No service published for: iorapd
06-13 20:11:05.527 W/IorapForwardingService( 485): No service published for: iorapd
06-13 20:11:05.823 E/WifiHAL ( 662): wifi_get_link_stats: requestResponse Error:-5
06-13 20:11:05.826 E/WifiVendorHal( 485): getWifiLinkLayerStats_1_5_Internal(l.1191) failed {.code = ERROR_INVALID_ARGS, .description = }
06-13 20:11:06.073 I/WifiService( 485): startScan uid=1000
06-13 20:11:06.529 W/IorapForwardingService( 485): No service published for: iorapd
06-13 20:11:06.810 W/hdr10p_Configure( 421): 136 callbacks suppressed
06-13 20:11:06.810 I/ ( 421): DVI mode selected: packets not configured
06-13 20:11:06.810 W/set_vsif_config( 421): 136 callbacks suppressed
06-13 20:11:06.810 I/ ( 421): Error: set vsif failed
06-13 20:11:06.810 I/ ( 421): DVI mode selected: packets not configured
06-13 20:11:06.810 I/ ( 421): Error: set vsif failed
06-13 20:11:06.834 I/ ( 421): DVI mode selected: packets not configured
06-13 20:11:06.834 I/ ( 421): Error: set vsif failed
06-13 20:11:06.834 I/ ( 421): DVI mode selected: packets not configured
06-13 20:11:06.834 I/ ( 421): Error: set vsif failed
06-13 20:11:06.854 I/ ( 421): DVI mode selected: packets not configured
06-13 20:11:06.854 I/ ( 421): Error: set vsif failed
06-13 20:11:06.854 I/ ( 421): DVI mode selected: packets not configured
06-13 20:11:06.854 I/ ( 421): Error: set vsif failed
06-13 20:11:06.873 I/ ( 421): DVI mode selected: packets not configured
06-13 20:11:06.873 I/ ( 421): Error: set vsif failed
06-13 20:11:06.873 I/ ( 421): DVI mode selected: packets not configured
06-13 20:11:06.873 I/ ( 421): Error: set vsif failed
06-13 20:11:06.877 D/aaa ( 1146): LedStatusService onStartCommand begin
06-13 20:11:06.887 I/ ( 421): DVI mode selected: packets not configured
06-13 20:11:06.887 I/ ( 421): Error: set vsif failed
06-13 20:11:06.887 I/ ( 421): DVI mode selected: packets not configured
06-13 20:11:06.887 I/ ( 421): Error: set vsif failed
06-13 20:11:06.886 D/aaa ( 1146): topPkg is -------------- :com.dangbei.haqusetting
06-13 20:11:06.891 D/bbb ( 1185): onStartCommand begin !!!!!!! data分区剩余 24689MB
06-13 20:11:07.531 W/IorapForwardingService( 485): No service published for: iorapd
06-13 20:11:07.926 D/WifiNl80211Manager( 485): Scan result ready event
06-13 20:11:07.926 D/WifiNative( 485): Scan result ready event
06-13 20:11:07.983 E/ccc ( 2793): cccccc SCAN_RESULTS_AVAILABLE_ACTION hhhh
06-13 20:11:07.983 E/hq ( 1101): NetWorkStateReceiver:::NetWorkStateReceiver onReceive: 网络变化广播 >>>> intent.action=android.net.wifi.SCAN_RESULTS
06-13 20:11:07.988 D/PasspointManager( 485): ANQP entry not found for: 10:7c:61:1a:4b:94:<5G>
06-13 20:11:07.993 E/WifiHAL ( 662): wifi_get_link_stats: requestResponse Error:-5
06-13 20:11:07.995 E/WifiVendorHal( 485): getWifiLinkLayerStats_1_5_Internal(l.1191) failed {.code = ERROR_INVALID_ARGS, .description = }
06-13 20:11:08.015 W/eventbuscore( 1101): post Event:com.dangbei.leard.base.entity.event.NetWifiRssiEvent
06-13 20:11:08.513 D/hdmi-cec( 273): receive invalid cec message!
06-13 20:11:08.513 D/hdmi-cec( 273): receive poll message [04], skip!
06-13 20:11:08.534 W/IorapForwardingService( 485): No service published for: iorapd
06-13 20:11:08.842 E/WifiHAL ( 662): wifi_get_link_stats: requestResponse Error:-5
06-13 20:11:08.844 E/WifiVendorHal( 485): getWifiLinkLayerStats_1_5_Internal(l.1191) failed {.code = ERROR_INVALID_ARGS, .description = }
06-13 20:11:09.112 W/ZramWriteback( 485): Writeback device is not set
06-13 20:11:09.112 D/ZramWriteback( 485): wait to flush
06-13 20:11:09.536 W/IorapForwardingService( 485): No service published for: iorapd
06-13 20:11:10.539 W/IorapForwardingService( 485): No service published for: iorapd
06-13 20:11:11.235 D/UtilLog ( 2132): 日志批量上报 进行正常循环 !!!!!!本次有0次请求,共0条数据
06-13 20:11:11.541 W/IorapForwardingService( 485): No service published for: iorapd
06-13 20:11:11.860 E/WifiHAL ( 662): wifi_get_link_stats: requestResponse Error:-5
06-13 20:11:11.861 E/WifiVendorHal( 485): getWifiLinkLayerStats_1_5_Internal(l.1191) failed {.code = ERROR_INVALID_ARGS, .description = }
06-13 20:11:12.543 W/IorapForwardingService( 485): No service published for: iorapd
06-13 20:11:12.800 W/hdr10p_Configure( 421): 140 callbacks suppressed
06-13 20:11:12.800 I/ ( 421): DVI mode selected: packets not configured
06-13 20:11:12.800 W/set_vsif_config( 421): 140 callbacks suppressed
06-13 20:11:12.800 I/ ( 421): Error: set vsif failed
06-13 20:11:12.800 I/ ( 421): DVI mode selected: packets not configured
06-13 20:11:12.800 I/ ( 421): Error: set vsif failed
06-13 20:11:12.821 I/ ( 421): DVI mode selected: packets not configured
06-13 20:11:12.821 I/ ( 421): Error: set vsif failed
06-13 20:11:12.821 I/ ( 421): DVI mode selected: packets not configured
06-13 20:11:12.821 I/ ( 421): Error: set vsif failed
06-13 20:11:12.840 I/ ( 421): DVI mode selected: packets not configured
06-13 20:11:12.840 I/ ( 421): Error: set vsif failed
06-13 20:11:12.840 I/ ( 421): DVI mode selected: packets not configured
06-13 20:11:12.840 I/ ( 421): Error: set vsif failed
06-13 20:11:12.861 I/ ( 421): DVI mode selected: packets not configured
06-13 20:11:12.861 I/ ( 421): Error: set vsif failed
06-13 20:11:12.861 I/ ( 421): DVI mode selected: packets not configured
06-13 20:11:12.861 I/ ( 421): Error: set vsif failed
06-13 20:11:12.880 I/ ( 421): DVI mode selected: packets not configured
06-13 20:11:12.880 I/ ( 421): Error: set vsif failed
06-13 20:11:12.880 I/ ( 421): DVI mode selected: packets not configured
06-13 20:11:12.880 I/ ( 421): Error: set vsif failed
06-13 20:11:13.530 I/TDLog ( 2132): [APP] New data found, Submitting...
06-13 20:11:13.540 I/TDLog ( 2132): [APP] Failed to submit data!
06-13 20:11:13.544 W/IorapForwardingService( 485): No service published for: iorapd
06-13 20:11:14.547 W/IorapForwardingService( 485): No service published for: iorapd
06-13 20:11:14.871 E/WifiHAL ( 662): wifi_get_link_stats: requestResponse Error:-5
06-13 20:11:14.872 E/WifiVendorHal( 485): getWifiLinkLayerStats_1_5_Internal(l.1191) failed {.code = ERROR_INVALID_ARGS, .description = }
06-13 20:11:14.897 D/bbb ( 1185): onStartCommand begin !!!!!!! data分区剩余 24689MB
06-13 20:11:14.900 D/aaa ( 1146): LedStatusService onStartCommand begin
06-13 20:11:14.902 D/aaa ( 1146): topPkg is -------------- :com.dangbei.haqusetting
06-13 20:11:15.549 W/IorapForwardingService( 485): No service published for: iorapd
06-13 20:11:16.551 W/IorapForwardingService( 485): No service published for: iorapd
06-13 20:11:17.259 D/CompatibilityChangeReporter( 485): Compat change id reported: 149924527; UID 2000; state: ENABLED
06-13 20:11:17.260 D/CompatibilityChangeReporter( 485): Compat change id reported: 132649864; UID 2000; state: DISABLED
06-13 20:11:17.282 W/MediaProvider( 1042): isAppCloneUserPair for user 0: false
06-13 20:11:17.332 I/logd ( 198): logdr: UID=2000 GID=2000 PID=3602 b tail=0 logMask=99 pid=0 start=0ns deadline=0ns
06-13 20:11:17.553 W/IorapForwardingService( 485): No service published for: iorapd
06-13 20:11:17.889 E/WifiHAL ( 662): wifi_get_link_stats: requestResponse Error:-5
06-13 20:11:17.891 E/WifiVendorHal( 485): getWifiLinkLayerStats_1_5_Internal(l.1191) failed {.code = ERROR_INVALID_ARGS, .description = }
06-13 20:11:18.231 I/gbei.screencas( 3067): Background concurrent copying GC freed 59224(6441KB) AllocSpace objects, 12(240KB) LOS objects, 49% free, 6063KB/11MB, paused 199us total 155.374ms
06-13 20:11:18.492 I/efs-base( 3067): type=1400 audit(0.0:1125): avc: denied { search } for name="com.dangbei.screencast" dev="mmcblk0p25" ino=889 scontext=u:r:platform_app:s0:c512,c768 tcontext=u:object_r:app_data_file:s0:c512,c768 tclass=dir permissive=1 app=com.dangbei.screencast
06-13 20:11:18.492 I/efs-base( 3067): type=1400 audit(0.0:1126): avc: denied { getattr } for path="/data/user/0/com.dangbei.screencast/app_UApm/5fc60c21094d637f3130af19/ready" dev="mmcblk0p25" ino=2089 scontext=u:r:platform_app:s0:c512,c768 tcontext=u:object_r:app_data_file:s0:c512,c768 tclass=dir permissive=1 app=com.dangbei.screencast
06-13 20:11:18.492 I/efs-base( 3067): type=1400 audit(0.0:1127): avc: denied { read } for name="ready" dev="mmcblk0p25" ino=2089 scontext=u:r:platform_app:s0:c512,c768 tcontext=u:object_r:app_data_file:s0:c512,c768 tclass=dir permissive=1 app=com.dangbei.screencast
06-13 20:11:18.492 I/efs-base( 3067): type=1400 audit(0.0:1128): avc: denied { open } for path="/data/user/0/com.dangbei.screencast/app_UApm/5fc60c21094d637f3130af19/ready" dev="mmcblk0p25" ino=2089 scontext=u:r:platform_app:s0:c512,c768 tcontext=u:object_r:app_data_file:s0:c512,c768 tclass=dir permissive=1 app=com.dangbei.screencast
06-13 20:11:18.556 W/IorapForwardingService( 485): No service published for: iorapd
06-13 20:11:18.831 W/hdr10p_Configure( 421): 138 callbacks suppressed
06-13 20:11:18.831 I/ ( 421): DVI mode selected: packets not configured
06-13 20:11:18.831 W/set_vsif_config( 421): 138 callbacks suppressed
06-13 20:11:18.831 I/ ( 421): Error: set vsif failed
06-13 20:11:18.832 I/ ( 421): DVI mode selected: packets not configured
06-13 20:11:18.832 I/ ( 421): Error: set vsif failed
06-13 20:11:18.855 I/ ( 421): DVI mode selected: packets not configured
06-13 20:11:18.855 I/ ( 421): Error: set vsif failed
06-13 20:11:18.855 I/ ( 421): DVI mode selected: packets not configured
06-13 20:11:18.855 I/ ( 421): Error: set vsif failed
06-13 20:11:18.875 I/ ( 421): DVI mode selected: packets not configured
06-13 20:11:18.875 I/ ( 421): Error: set vsif failed
06-13 20:11:18.875 I/ ( 421): DVI mode selected: packets not configured
06-13 20:11:18.875 I/ ( 421): Error: set vsif failed
06-13 20:11:18.894 I/ ( 421): DVI mode selected: packets not configured
06-13 20:11:18.894 I/ ( 421): Error: set vsif failed
06-13 20:11:18.894 I/ ( 421): DVI mode selected: packets not configured
06-13 20:11:18.894 I/ ( 421): Error: set vsif failed
06-13 20:11:18.903 I/ ( 421): DVI mode selected: packets not configured
06-13 20:11:18.903 I/ ( 421): Error: set vsif failed
06-13 20:11:18.903 I/ ( 421): DVI mode selected: packets not configured
06-13 20:11:18.903 I/ ( 421): Error: set vsif failed
06-13 20:11:19.558 W/IorapForwardingService( 485): No service published for: iorapd
06-13 20:11:20.560 W/IorapForwardingService( 485): No service published for: iorapd
06-13 20:11:20.905 E/WifiHAL ( 662): wifi_get_link_stats: requestResponse Error:-5
06-13 20:11:20.908 E/WifiVendorHal( 485): getWifiLinkLayerStats_1_5_Internal(l.1191) failed {.code = ERROR_INVALID_ARGS, .description = }
06-13 20:11:21.249 D/UtilLog ( 2132): 日志批量上报 进行正常循环 !!!!!!本次有0次请求,共0条数据
06-13 20:11:21.563 W/IorapForwardingService( 485): No service published for: iorapd
06-13 20:11:22.566 W/IorapForwardingService( 485): No service published for: iorapd
06-13 20:11:22.946 D/bbb ( 1185): onStartCommand begin !!!!!!! data分区剩余 24688MB
06-13 20:11:22.948 D/aaa ( 1146): LedStatusService onStartCommand begin
06-13 20:11:22.950 D/aaa ( 1146): topPkg is -------------- :com.dangbei.haqusetting
06-13 20:11:23.540 D/hdmi-cec( 273): receive invalid cec message!
06-13 20:11:23.541 D/hdmi-cec( 273): receive poll message [04], skip!
06-13 20:11:23.568 W/IorapForwardingService( 485): No service published for: iorapd
06-13 20:11:23.926 E/WifiHAL ( 662): wifi_get_link_stats: requestResponse Error:-5
06-13 20:11:23.928 E/WifiVendorHal( 485): getWifiLinkLayerStats_1_5_Internal(l.1191) failed {.code = ERROR_INVALID_ARGS, .description = }
06-13 20:11:24.571 W/IorapForwardingService( 485): No service published for: iorapd
06-13 20:11:24.846 W/hdr10p_Configure( 421): 136 callbacks suppressed
06-13 20:11:24.846 I/ ( 421): DVI mode selected: packets not configured
06-13 20:11:24.846 W/set_vsif_config( 421): 136 callbacks suppressed
06-13 20:11:24.846 I/ ( 421): Error: set vsif failed
06-13 20:11:24.846 I/ ( 421): DVI mode selected: packets not configured
06-13 20:11:24.846 I/ ( 421): Error: set vsif failed
06-13 20:11:24.871 I/ ( 421): DVI mode selected: packets not configured
06-13 20:11:24.871 I/ ( 421): Error: set vsif failed
06-13 20:11:24.871 I/ ( 421): DVI mode selected: packets not configured
06-13 20:11:24.871 I/ ( 421): Error: set vsif failed
06-13 20:11:24.888 I/ ( 421): DVI mode selected: packets not configured
06-13 20:11:24.888 I/ ( 421): Error: set vsif failed
06-13 20:11:24.888 I/ ( 421): DVI mode selected: packets not configured
06-13 20:11:24.888 I/ ( 421): Error: set vsif failed
