06-13 20:07:42.364 D/wpa_supplicant( 1230): netlink: Operstate: ifindex=0 linkmode=-1 (no change), operstate=5 (IF_OPER_DORMANT)
06-13 20:07:42.364 D/wpa_supplicant( 1230): p2p-dev-wlan0: Determining shared radio frequencies (max len 2)
06-13 20:07:42.364 D/wpa_supplicant( 1230): p2p-dev-wlan0: Shared frequencies (len=0): completed iteration
06-13 20:07:42.364 D/wpa_supplicant( 1230): P2P: Add operating class 81
06-13 20:07:42.364 D/wpa_supplicant( 1230): P2P: Channels - hexdump(len=13): 01 02 03 04 05 06 07 08 09 0a 0b 0c 0d
06-13 20:07:42.364 D/wpa_supplicant( 1230): P2P: Add operating class 115
06-13 20:07:42.364 D/wpa_supplicant( 1230): P2P: Channels - hexdump(len=4): 24 28 2c 30
06-13 20:07:42.364 D/wpa_supplicant( 1230): P2P: Add operating class 116
06-13 20:07:42.364 D/wpa_supplicant( 1230): P2P: Channels - hexdump(len=2): 24 2c
06-13 20:07:42.364 D/wpa_supplicant( 1230): P2P: Add operating class 117
06-13 20:07:42.364 D/wpa_supplicant( 1230): P2P: Channels - hexdump(len=2): 28 30
06-13 20:07:42.364 D/wpa_supplicant( 1230): P2P: Add operating class 124
06-13 20:07:42.364 D/wpa_supplicant( 1230): P2P: Channels - hexdump(len=4): 95 99 9d a1
06-13 20:07:42.364 D/wpa_supplicant( 1230): P2P: Add operating class 125
06-13 20:07:42.364 D/wpa_supplicant( 1230): P2P: Channels - hexdump(len=5): 95 99 9d a1 a5
06-13 20:07:42.364 D/wpa_supplicant( 1230): P2P: Add operating class 126
06-13 20:07:42.364 D/wpa_supplicant( 1230): P2P: Channels - hexdump(len=2): 95 9d
06-13 20:07:42.365 D/wpa_supplicant( 1230): P2P: Add operating class 127
06-13 20:07:42.365 D/wpa_supplicant( 1230): P2P: Channels - hexdump(len=2): 99 a1
06-13 20:07:42.365 D/wpa_supplicant( 1230): P2P: Add operating class 128
06-13 20:07:42.365 D/wpa_supplicant( 1230): P2P: Channels - hexdump(len=8): 24 28 2c 30 95 99 9d a1
06-13 20:07:42.365 D/wpa_supplicant( 1230): P2P: Add operating class 130
06-13 20:07:42.365 D/wpa_supplicant( 1230): P2P: Channels - hexdump(len=9): 24 28 2c 30 95 99 9d a1 a5
06-13 20:07:42.365 D/wpa_supplicant( 1230): P2P: Update channel list
06-13 20:07:42.365 D/wpa_supplicant( 1230): P2P: channels: 81:1,2,3,4,5,6,7,8,9,10,11,12,13 115:36,40,44,48 116:36,44 117:40,48 124:149,153,157,161 125:149,153,157,161,165 126:149,157 127:153,161 128:36,40,44,48,149,153,157,161 130:36,40,44,48,149,153,157,161,165
06-13 20:07:42.365 D/wpa_supplicant( 1230): P2P: cli_channels:
06-13 20:07:42.365 D/wpa_supplicant( 1230): RTM_NEWLINK: ifi_index=14 ifname=wlan0 operstate=5 linkmode=0 ifi_family=0 ifi_flags=0x11003 ([UP][LOWER_UP])
06-13 20:07:42.365 D/BtOppService( 671): setBluetoothOppService(): set to: com.android.bluetooth.opp.BluetoothOppService@7315a56
06-13 20:07:42.366 D/wpa_supplicant( 1230): RTM_NEWLINK: ifi_index=14 ifname=wlan0 operstate=5 linkmode=1 ifi_family=0 ifi_flags=0x11003 ([UP][LOWER_UP])
06-13 20:07:42.378 I/BluetoothPbapService( 671): setCurrentUser(0)
06-13 20:07:42.380 I/BluetoothPbapService( 671): setUserUnlocked(0)
06-13 20:07:42.380 I/BluetoothPbapService( 671): setUserUnlocked(0)
06-13 20:07:42.381 D/nativeloader( 1101): classloader namespace configured for unbundled product apk. library_path=/product/app/webview/lib/arm:/product/app/webview/webview.apk!/lib/armeabi-v7a:/product/lib:/system/product/lib
06-13 20:07:42.392 D/BluetoothPbapService( 671): setBluetoothPbapService(): set to: com.android.bluetooth.pbap.BluetoothPbapService@4d7635c
06-13 20:07:42.409 D/AvrcpVolumeManager( 671): onAudioDevicesAdded: Not expecting device changed
06-13 20:07:42.410 W/hdr10p_Configure( 421): 282 callbacks suppressed
06-13 20:07:42.410 I/ ( 421): DVI mode selected: packets not configured
06-13 20:07:42.410 W/set_vsif_config( 421): 282 callbacks suppressed
06-13 20:07:42.410 I/ ( 421): Error: set vsif failed
06-13 20:07:42.410 I/ ( 421): DVI mode selected: packets not configured
06-13 20:07:42.410 I/ ( 421): Error: set vsif failed
06-13 20:07:42.410 I/ ( 421): DVI mode selected: packets not configured
06-13 20:07:42.410 I/ ( 421): Error: set vsif failed
06-13 20:07:42.421 D/StorageNotification( 684): Notifying about private volume: VolumeInfo{private}:
06-13 20:07:42.421 D/StorageNotification( 684): type=PRIVATE diskId=null partGuid=null mountFlags=0 mountUserId=-10000
06-13 20:07:42.421 D/StorageNotification( 684): state=MOUNTED
06-13 20:07:42.421 D/StorageNotification( 684): fsType=null fsUuid=null fsLabel=null
06-13 20:07:42.421 D/StorageNotification( 684): path=/data internalPath=null
06-13 20:07:42.421 D/ObexServerSockets( 671): create(rfcomm = -2, l2capPsm = -2)
06-13 20:07:42.425 D/CompatibilityChangeReporter( 485): Compat change id reported: 135634846; UID 10033; state: DISABLED
06-13 20:07:42.425 D/CompatibilityChangeReporter( 485): Compat change id reported: 177438394; UID 10033; state: DISABLED
06-13 20:07:42.425 D/CompatibilityChangeReporter( 485): Compat change id reported: 135772972; UID 10033; state: DISABLED
06-13 20:07:42.429 D/CompatibilityChangeReporter( 485): Compat change id reported: 135754954; UID 10033; state: DISABLED
06-13 20:07:42.430 D/SupplicantStaIfaceHal( 485): Newer HAL is found, skip V1_3 remaining init flow.
06-13 20:07:42.431 D/SupplicantStaIfaceHal( 485): Newer HAL is found, skip V1_2 remaining init flow.
06-13 20:07:42.431 D/SupplicantStaIfaceHal( 485): Newer HAL is found, skip V1_1 remaining init flow.
06-13 20:07:42.431 D/SupplicantStaIfaceHal( 485): Newer HAL is found, skip V1_0 remaining init flow.
06-13 20:07:42.431 D/CompatibilityChangeReporter( 485): Compat change id reported: 143937733; UID 10033; state: DISABLED
06-13 20:07:42.457 D/SystemUIBootTiming( 684): SystemUIService: bootcomplete com.android.systemui.usb.StorageNotification took 95 ms
06-13 20:07:42.457 D/SystemUIService( 684): loading: com.android.systemui.power.PowerUI
06-13 20:07:42.458 D/SystemUIService( 684): running: com.android.systemui.power.PowerUI@ae4e449
06-13 20:07:42.459 I/ ( 421): DVI mode selected: packets not configured
06-13 20:07:42.459 I/ ( 421): Error: set vsif failed
06-13 20:07:42.459 I/ ( 421): DVI mode selected: packets not configured
06-13 20:07:42.459 I/ ( 421): Error: set vsif failed
06-13 20:07:42.460 I/ ( 421): DVI mode selected: packets not configured
06-13 20:07:42.460 I/ ( 421): Error: set vsif failed
06-13 20:07:42.460 I/lerad.etna.haq( 1039): Background young concurrent copying GC freed 23454(1500KB) AllocSpace objects, 0(0B) LOS objects, 88% free, 3278KB/27MB, paused 201us total 402.581ms
06-13 20:07:42.464 I/FuseDaemon( 1042): Background young concurrent copying GC freed 20023(1270KB) AllocSpace objects, 4(80KB) LOS objects, 87% free, 3372KB/27MB, paused 320us total 381.026ms
06-13 20:07:42.465 D/AdapterProperties( 671): onBluetoothReady, state=TURNING_ON, ScanMode=20
06-13 20:07:42.471 V/GraphicsEnvironment( 1245): ANGLE Developer option for 'com.dangbei.lerad.rocky' set to: 'default'
06-13 20:07:42.471 D/Zygote ( 255): Forked child process 1293
06-13 20:07:42.471 V/GraphicsEnvironment( 1245): Neither updatable production driver nor prerelease driver is supported.
06-13 20:07:42.474 W/ActivityManager( 485): Slow operation: 51ms so far, now at startProcess: returned from zygote!
06-13 20:07:42.476 W/ActivityManager( 485): Slow operation: 53ms so far, now at startProcess: done updating battery stats
06-13 20:07:42.481 W/ActivityManager( 485): Slow operation: 58ms so far, now at startProcess: building log message
06-13 20:07:42.481 I/ActivityManager( 485): app.processName = com.android.music
06-13 20:07:42.481 I/ActivityManager( 485): Start proc 1293:com.android.music/u0a33 for service {com.android.music/com.android.music.MediaPlaybackService}
06-13 20:07:42.481 W/ActivityManager( 485): Slow operation: 58ms so far, now at startProcess: starting to update pids map
06-13 20:07:42.482 I/Zygote ( 1293): seccomp disabled by setenforce 0
06-13 20:07:42.483 W/ActivityManager( 485): Slow operation: 60ms so far, now at startProcess: done updating pids map
06-13 20:07:42.492 D/NetworkSecurityConfig( 1245): No Network Security Config specified, using platform default
06-13 20:07:42.493 D/NetworkSecurityConfig( 1245): No Network Security Config specified, using platform default
06-13 20:07:42.493 I/ ( 421): DVI mode selected: packets not configured
06-13 20:07:42.493 I/ ( 421): Error: set vsif failed
06-13 20:07:42.493 I/ ( 421): DVI mode selected: packets not configured
06-13 20:07:42.493 I/ ( 421): Error: set vsif failed
06-13 20:07:42.493 I/ ( 421): DVI mode selected: packets not configured
06-13 20:07:42.493 I/ ( 421): Error: set vsif failed
06-13 20:07:42.496 I/bt_btif_sock_rfcomm( 671): system/bt/btif/src/btif_sock_rfc.cc:303 btsock_rfc_listen: Adding listening socket service_name: (null) - channel: -2
06-13 20:07:42.496 I/bt_stack( 671): [INFO:port_api.cc(234)] RFCOMM_CreateConnection: bd_addr=ff:ff:ff:ff:ff:ff, scn=4, is_server=1, mtu=990, uuid=000000, dlci=8, signal_state=0x0b, p_port=0xbec92b84
06-13 20:07:42.505 I/MultiDex( 1245): VM with version 2.1.0 has multidex support
06-13 20:07:42.506 I/MultiDex( 1245): Installing application
06-13 20:07:42.506 I/MultiDex( 1245): VM has multidex support, MultiDex support library is disabled.
06-13 20:07:42.508 E/WifiHAL ( 662): wifi_get_logger_supported_feature_set: Error -5 happened.
06-13 20:07:42.510 I/ieee80211 phy0( 662): sprdwl_vendor_get_support_feature
06-13 20:07:42.516 E/WifiHAL ( 662): wifi_get_logger_supported_feature_set: Error -5 happened.
06-13 20:07:42.517 I/ieee80211 phy0( 662): sprdwl_vendor_get_support_feature
06-13 20:07:42.527 I/adbd ( 389): jdwp connection from 1293
06-13 20:07:42.529 I/bluetooth( 671): system/bt/btif/src/btif_sock_l2cap.cc:316 btsock_l2cap_alloc_l: Allocated l2cap socket structure socket_id:1
06-13 20:07:42.530 I/bt_l2cap( 671): system/bt/stack/l2cap/l2c_api.cc:134 L2CA_Register: L2CAP Registered service classic PSM: 0x1001
06-13 20:07:42.530 I/bluetooth( 671): system/bt/btif/src/btif_sock_l2cap.cc:341 send_app_psm_or_chan_l: Sending l2cap socket socket_id:1 channel:4097
06-13 20:07:42.530 D/BluetoothAdapter( 671): listenUsingL2capOn: set assigned channel to 4097
06-13 20:07:42.531 D/ObexServerSockets( 671): Succeed to create listening sockets
06-13 20:07:42.531 D/ObexServerSockets0( 671): startAccept()
06-13 20:07:42.532 D/CompatibilityChangeReporter( 485): Compat change id reported: 135634846; UID 10013; state: DISABLED
06-13 20:07:42.532 D/CompatibilityChangeReporter( 485): Compat change id reported: 177438394; UID 10013; state: DISABLED
06-13 20:07:42.532 D/CompatibilityChangeReporter( 485): Compat change id reported: 135772972; UID 10013; state: DISABLED
06-13 20:07:42.533 D/CompatibilityChangeReporter( 485): Compat change id reported: 135754954; UID 10013; state: ENABLED
06-13 20:07:42.543 D/CompatibilityChangeReporter( 485): Compat change id reported: 143937733; UID 10013; state: ENABLED
06-13 20:07:42.544 D/BluetoothSdpJni( 671): sdpCreatePbapPseRecordNative
06-13 20:07:42.544 D/BluetoothSdpJni( 671): SDP Create record success - handle: 0
06-13 20:07:42.544 D/BluetoothPbapService( 671): created Sdp record, mSdpHandle=0
06-13 20:07:42.544 I/bt_bta_dm( 671): system/bt/bta/dm/bta_dm_act.cc:3191 bta_dm_eir_update_uuid: EIR Adding UUID=0x112F into extended inquiry response
06-13 20:07:42.544 I/bt_bta_dm( 671): system/bt/bta/dm/bta_dm_act.cc:2890 bta_dm_set_eir: Generating extended inquiry response packet EIR
06-13 20:07:42.543 I/ ( 421): DVI mode selected: packets not configured
06-13 20:07:42.543 I/ ( 421): Error: set vsif failed
06-13 20:07:42.561 D/RockyApplication( 1245): init: false
06-13 20:07:42.562 I/MediaProvider( 1042): Begin Intent { act=com.android.providers.media.action.SCAN_VOLUME (has extras) }
06-13 20:07:42.573 D/wpa_supplicant( 1230): Driver capability mask: 0xd
06-13 20:07:42.575 I/WifiNative( 485): Successfully switched to connectivity mode on iface=Iface:{Name=wlan0,Id=0,Type=STA_CONNECTIVITY}
06-13 20:07:42.576 D/WifiClientModeManager[wlan0]( 485): entering ConnectModeState, starting ClientModeImpl
06-13 20:07:42.577 D/BluetoothAdapterService( 671): updateUuids() - Updating UUIDs for bonded devices
06-13 20:07:42.591 D/Zygote ( 255): Forked child process 1318
06-13 20:07:42.593 W/audit ( 286): audit_lost=34 audit_rate_limit=5 audit_backlog_limit=64
06-13 20:07:42.599 W/ActivityManager( 485): Slow operation: 90ms so far, now at startProcess: returned from zygote!
06-13 20:07:42.593 E/audit ( 286): rate limit exceeded
06-13 20:07:42.602 W/ActivityManager( 485): Slow operation: 93ms so far, now at startProcess: done updating battery stats
06-13 20:07:42.603 W/ActivityManager( 485): Slow operation: 94ms so far, now at startProcess: building log message
06-13 20:07:42.603 I/ActivityManager( 485): app.processName = android.process.acore
06-13 20:07:42.603 I/ActivityManager( 485): Start proc 1318:android.process.acore/u0a13 for content provider {com.android.providers.contacts/com.android.providers.contacts.ContactsProvider2}
06-13 20:07:42.603 W/ActivityManager( 485): Slow operation: 94ms so far, now at startProcess: starting to update pids map
06-13 20:07:42.604 W/ActivityManager( 485): Slow operation: 94ms so far, now at startProcess: done updating pids map
06-13 20:07:42.608 I/Zygote ( 1318): seccomp disabled by setenforce 0
06-13 20:07:42.616 D/AdapterProperties( 671): Scan Mode:21
06-13 20:07:42.621 I/BluetoothAdapterService( 671): initProfileServices: Initializing all bluetooth profile services
06-13 20:07:42.627 I/BluetoothA2dpSinkServiceJni( 671): classInitNative: succeeds
06-13 20:07:42.647 W/HeadsetClientService( 671): getHeadsetClientService(): service is null
06-13 20:07:42.651 E/hq ( 1101): LauncherCallback:::onViewCreate
06-13 20:07:42.651 E/hq ( 1101): LauncherCallback:::onAttach
06-13 20:07:42.658 W/MapClientService( 671): getMapClientService(): service is null
06-13 20:07:42.661 D/ObexServerSockets0( 671): Accepting socket connection...
06-13 20:07:42.666 D/ObexServerSockets0( 671): Accepting socket connection...
06-13 20:07:42.668 D/AdapterProperties( 671): Discoverable Timeout:120
06-13 20:07:42.686 D/BufferPoolAccessor2.0( 485): bufferpool2 0xe94b8d58 : 0(0 size) total buffers - 0(0 size) used buffers - 2/7 (recycle/alloc) - 8/294 (fetch/transfer)
06-13 20:07:42.686 D/BufferPoolAccessor2.0( 485): evictor expired: 1, evicted: 1
06-13 20:07:42.689 I/adbd ( 389): jdwp connection from 1318
06-13 20:07:42.702 D/BufferPoolAccessor2.0( 376): bufferpool2 0xed773058 : 0(0 size) total buffers - 0(0 size) used buffers - 138/145 (recycle/alloc) - 7/144 (fetch/transfer)
06-13 20:07:42.702 D/BufferPoolAccessor2.0( 376): evictor expired: 1, evicted: 1
06-13 20:07:42.720 W/PbapClientService( 671): getPbapClientService(): service is null
06-13 20:07:42.721 W/HearingAidService( 671): getHearingAidService(): service is NULL
06-13 20:07:42.726 I/MobclickAgent( 1101): module init:azio
06-13 20:07:42.741 W/SapService( 671): getSapService(): service is null
06-13 20:07:42.742 D/AdapterProperties( 671): mLocalIOCapability set to 1
06-13 20:07:42.742 D/AdapterProperties( 671): mLocalIOCapabilityBLE set to 4
06-13 20:07:42.743 I/AdapterState( 671): ON : entered
06-13 20:07:42.743 D/AdapterProperties( 671): Setting state to ON
06-13 20:07:42.745 D/BluetoothAdapterService( 671): updateAdapterState() - Broadcasting state ON to 1 receivers.
06-13 20:07:42.759 D/BluetoothManagerService( 485): MESSAGE_BLUETOOTH_STATE_CHANGE: TURNING_ON > ON
06-13 20:07:42.759 D/BluetoothManagerService( 485): Broadcasting onBluetoothStateChange(true) to 4 receivers.
06-13 20:07:42.759 D/BluetoothHeadset( 485): onBluetoothStateChange: up=true
06-13 20:07:42.759 D/BluetoothManagerService( 485): Creating new ProfileServiceConnections object for profile: 1
06-13 20:07:42.763 D/CompatibilityChangeReporter( 671): Compat change id reported: 150939131; UID 1002; state: ENABLED
06-13 20:07:42.768 V/MediaStore( 1042): Examining volume emulated;0 with name external_primary and state mounted
06-13 20:07:42.772 D/BluetoothManagerService( 485): Sending BLE State Change: TURNING_ON > ON
06-13 20:07:42.777 D/BluetoothManagerService( 485): Sending State Change: TURNING_ON > ON
06-13 20:07:42.788 E/hq ( 1101): LauncherCallback:::inspect
06-13 20:07:42.791 D/SystemUIBootTiming( 684): SystemUIService: bootcomplete com.android.systemui.power.PowerUI took 334 ms
06-13 20:07:42.792 D/SystemUIService( 684): loading: com.android.systemui.media.RingtonePlayer
06-13 20:07:42.795 E/hq ( 1101): AdHelper:::后台配置是否展现广告: true
06-13 20:07:42.799 D/OsInitLaunch( 1101): send cache: launchHome, launchMainActivity, null, 1
06-13 20:07:42.809 D/SystemUIService( 684): running: com.android.systemui.media.RingtonePlayer@9d59698
06-13 20:07:42.825 D/SystemUIBootTiming( 684): SystemUIService: bootcomplete com.android.systemui.media.RingtonePlayer took 33 ms
06-13 20:07:42.825 D/SystemUIService( 684): loading: com.android.systemui.keyboard.KeyboardUI
06-13 20:07:42.841 D/SystemUIService( 684): running: com.android.systemui.keyboard.KeyboardUI@dd74157
06-13 20:07:42.847 D/BluetoothActiveDeviceManager( 671): handleMessage(MESSAGE_ADAPTER_ACTION_STATE_CHANGED): newState=12
06-13 20:07:42.863 D/SystemUIBootTiming( 684): SystemUIService: bootcomplete com.android.systemui.keyboard.KeyboardUI took 37 ms
06-13 20:07:42.863 D/SystemUIService( 684): loading: com.android.systemui.shortcut.ShortcutKeyDispatcher
06-13 20:07:42.863 D/LocalBluetoothProfileManager( 684): Adding local A2DP profile
06-13 20:07:42.867 D/RockyManager( 1245): initFarWakeStatus isMainFarSwitch: false
06-13 20:07:42.867 D/SystemUIService( 684): running: com.android.systemui.shortcut.ShortcutKeyDispatcher@ad98444
06-13 20:07:42.875 D/BluetoothHeadset( 485): Proxy object connected
06-13 20:07:42.878 D/BluetoothAdapterService( 671): isQuetModeEnabled() - Enabled = false
06-13 20:07:42.878 I/BluetoothPhonePolicy( 671): autoConnect: Initiate auto connection on BT on...
06-13 20:07:42.878 D/BluetoothDatabase( 671): getMostRecentlyConnectedA2dpDevice: Invalid address for device LocalStorage
06-13 20:07:42.879 E/BluetoothPhonePolicy( 671): autoConnect: most recently active a2dp device is null
06-13 20:07:42.879 D/BtOppService( 671): start Socket Listeners
06-13 20:07:42.879 D/BtOppService( 671): stopListeners: mServerSocket is null
06-13 20:07:42.879 D/ObexServerSockets( 671): create(rfcomm = -2, l2capPsm = -2)
06-13 20:07:42.883 I/AS.BtHelper( 485): setBtScoActiveDevice: (null) -> (null)
06-13 20:07:42.887 D/WifiScoreReport( 485): setShouldReduceNetworkScore=false mNetworkAgent is null? true
06-13 20:07:42.887 V/WifiClientModeManager[wlan0]( 485): ClientModeManager started in role: Role: ROLE_CLIENT_PRIMARY, RequestorWs: WorkSource{10065 com.android.systemui}, ModeListener: com.android.server.wifi.ActiveModeWarden$ClientListener@cd3c071
06-13 20:07:42.893 D/SystemUIBootTiming( 684): SystemUIService: bootcomplete com.android.systemui.shortcut.ShortcutKeyDispatcher took 30 ms
06-13 20:07:42.893 D/SystemUIService( 684): loading: com.android.systemui.VendorServices
06-13 20:07:42.901 D/SystemUIService( 684): running: com.android.systemui.VendorServices@bac3e62
06-13 20:07:42.901 D/SystemUIBootTiming( 684): SystemUIService: bootcomplete com.android.systemui.VendorServices took 8 ms
06-13 20:07:42.901 D/SystemUIService( 684): loading: com.android.systemui.SliceBroadcastRelayHandler
06-13 20:07:42.908 D/SystemUIService( 684): running: com.android.systemui.SliceBroadcastRelayHandler@5249bf3
06-13 20:07:42.915 I/bt_btif_sock_rfcomm( 671): system/bt/btif/src/btif_sock_rfc.cc:303 btsock_rfc_listen: Adding listening socket service_name: (null) - channel: -2
06-13 20:07:42.915 I/bt_stack( 671): [INFO:port_api.cc(234)] RFCOMM_CreateConnection: bd_addr=ff:ff:ff:ff:ff:ff, scn=5, is_server=1, mtu=990, uuid=000000, dlci=10, signal_state=0x0b, p_port=0xbec92c0c
06-13 20:07:42.915 D/BluetoothAdapter( 671): listenUsingInsecureL2capOn: port=-2
06-13 20:07:42.916 I/d.leradlaunche( 1101): Waiting for a blocking GC ClassLinker
06-13 20:07:42.918 I/bluetooth( 671): system/bt/btif/src/btif_sock_l2cap.cc:316 btsock_l2cap_alloc_l: Allocated l2cap socket structure socket_id:2
06-13 20:07:42.921 D/SystemUIBootTiming( 684): SystemUIService: bootcomplete com.android.systemui.SliceBroadcastRelayHandler took 20 ms
06-13 20:07:42.921 D/SystemUIService( 684): loading: com.android.systemui.statusbar.notification.InstantAppNotifier
06-13 20:07:42.924 E/dangbei111( 1039): cccccc 检查遥控器是否连接: Dangbei E4:BB:D3:57:C0:7D
06-13 20:07:42.930 D/CompatibilityChangeReporter( 485): Compat change id reported: 168419799; UID 10013; state: DISABLED
06-13 20:07:42.958 D/SystemUIService( 684): running: com.android.systemui.statusbar.notification.InstantAppNotifier@90ca0b0
06-13 20:07:42.965 I/bt_l2cap( 671): system/bt/stack/l2cap/l2c_api.cc:134 L2CA_Register: L2CAP Registered service classic PSM: 0x1003
06-13 20:07:42.966 I/bluetooth( 671): system/bt/btif/src/btif_sock_l2cap.cc:341 send_app_psm_or_chan_l: Sending l2cap socket socket_id:2 channel:4099
06-13 20:07:42.970 D/BluetoothAdapter( 671): listenUsingInsecureL2capOn: set assigned channel to 4099
06-13 20:07:42.970 D/ObexServerSockets( 671): Succeed to create listening sockets
06-13 20:07:42.970 D/ObexServerSockets1( 671): startAccept()
06-13 20:07:42.971 D/BluetoothSdpJni( 671): sdpCreateOppOpsRecordNative
06-13 20:07:42.974 E/dangbei111( 1039): cccccc 检查遥控器是否连接: 蓝牙的结果 Dangbei E4:BB:D3:57:C0:7D false
06-13 20:07:42.976 D/CompatibilityChangeReporter( 485): Compat change id reported: 168419799; UID 10033; state: DISABLED
06-13 20:07:42.976 D/ObexServerSockets1( 671): Accepting socket connection...
06-13 20:07:42.976 D/ObexServerSockets1( 671): Accepting socket connection...
06-13 20:07:42.981 I/bt_bta_dm( 671): system/bt/bta/dm/bta_dm_act.cc:3191 bta_dm_eir_update_uuid: EIR Adding UUID=0x1105 into extended inquiry response
06-13 20:07:42.981 I/bt_bta_dm( 671): system/bt/bta/dm/bta_dm_act.cc:2890 bta_dm_set_eir: Generating extended inquiry response packet EIR
06-13 20:07:42.981 D/BluetoothSdpJni( 671): SDP Create record success - handle: 1
06-13 20:07:42.993 W/IorapForwardingService( 485): No service published for: iorapd
06-13 20:07:42.994 D/BtOppService( 671): mOppSdpHandle :1
06-13 20:07:42.995 I/BluetoothPhonePolicy( 671): Received ACTION_UUID for device E4:BB:D3:57:C0:7D
06-13 20:07:42.995 I/BluetoothPhonePolicy( 671): index=0uuid=00001812-0000-1000-8000-00805f9b34fb
06-13 20:07:42.995 I/BluetoothPhonePolicy( 671): processInitProfilePriorities() - device E4:BB:D3:57:C0:7D
06-13 20:07:42.995 W/HearingAidService( 671): getHearingAidService(): service is NULL
06-13 20:07:42.995 D/CompatibilityChangeReporter( 1318): Compat change id reported: 171979766; UID 10013; state: ENABLED
06-13 20:07:42.995 V/BluetoothDatabase( 671): getProfileConnectionPolicy: E4:BB:D3:57:C0:7D, profile=4, connectionPolicy = 100
06-13 20:07:42.999 D/SystemUIBootTiming( 684): SystemUIService: bootcomplete com.android.systemui.statusbar.notification.InstantAppNotifier took 78 ms
06-13 20:07:42.999 D/SystemUIService( 684): loading: com.android.systemui.toast.ToastUI
06-13 20:07:43.001 D/ColorDisplayService( 485): NightDisplayTintController Animation cancelled: false to matrix:
06-13 20:07:43.001 D/ColorDisplayService( 485): 1.000000 0.000000 0.000000 0.000000 0.000000 1.000000 0.000000 0.000000 0.000000 0.000000 1.000000 0.000000 0.000000 0.000000 0.000000 1.000000 min matrix coefficients:
06-13 20:07:43.001 D/ColorDisplayService( 485): 1.000000 0.000000 0.000000 0.000000 0.000000 1.000000 0.000000 0.000000 0.000000 0.000000 1.000000 0.000000 0.000000 0.000000 0.000000 1.000000 max matrix coefficients:
06-13 20:07:43.001 D/ColorDisplayService( 485): 1.000000 0.000000 0.000000 0.000000 0.000000 1.000000 0.000000 0.000000 0.000000 0.000000 1.000000 0.000000 0.000000 0.000000 0.000000 1.000000
06-13 20:07:43.001 D/SystemUIService( 684): running: com.android.systemui.toast.ToastUI@8e3044f
06-13 20:07:43.002 D/SystemUIBootTiming( 684): SystemUIService: bootcomplete com.android.systemui.toast.ToastUI took 3 ms
06-13 20:07:43.002 D/SystemUIService( 684): loading: com.android.systemui.wmshell.WMShell
06-13 20:07:43.002 D/SystemUIService( 684): running: com.android.systemui.wmshell.WMShell@81317dc
06-13 20:07:43.002 I/RockyManager( 1245): isFarWake: false
06-13 20:07:43.005 E/dangbei111( 1039): cccccc input中没有遥控器存在
06-13 20:07:43.005 E/dangbei111( 1039): cccccc 蓝牙状态连接 不是连接状态 啥都不干
06-13 20:07:43.011 E/dangbei111( 1039): cccccc 开始扫描
06-13 20:07:43.012 D/BluetoothAdapter( 1039): isLeEnabled(): ON
06-13 20:07:43.018 D/BufferPoolAccessor2.0( 819): bufferpool2 0xe9abd058 : 0(0 size) total buffers - 0(0 size) used buffers - 1/7 (recycle/alloc) - 6/96 (fetch/transfer)
06-13 20:07:43.018 D/BufferPoolAccessor2.0( 819): bufferpool2 0xe9abd198 : 0(0 size) total buffers - 0(0 size) used buffers - 1/7 (recycle/alloc) - 6/92 (fetch/transfer)
06-13 20:07:43.018 D/BufferPoolAccessor2.0( 819): evictor expired: 2, evicted: 2
06-13 20:07:43.027 W/ActivityManager( 485): Slow operation: 54ms so far, now at attachApplicationLocked: after mServices.attachApplicationLocked
06-13 20:07:43.032 V/MediaStore( 1042): Examining volume emulated;0 with name external_primary and state mounted
06-13 20:07:43.034 D/CompatibilityChangeReporter( 1293): Compat change id reported: 171979766; UID 10033; state: DISABLED
06-13 20:07:43.035 D/installd( 354): Found quota mount /dev/block/by-name/userdata at /data
06-13 20:07:43.035 D/installd( 354): Found quota mount /dev/block/by-name/userdata at /data/user/0
06-13 20:07:43.037 D/installd( 354): Found quota mount /dev/block/by-name/userdata at /mnt/pass_through/0/emulated
06-13 20:07:43.037 D/installd( 354): Found quota mount /dev/block/by-name/userdata at /mnt/user/0/emulated/0/Android/data
06-13 20:07:43.037 D/installd( 354): Found quota mount /dev/block/by-name/userdata at /storage/emulated/0/Android/data
06-13 20:07:43.037 D/installd( 354): Found quota mount /dev/block/by-name/userdata at /mnt/androidwritable/0/emulated/0/Android/data
06-13 20:07:43.038 D/installd( 354): Found quota mount /dev/block/by-name/userdata at /mnt/installer/0/emulated/0/Android/data
06-13 20:07:43.038 D/installd( 354): Found quota mount /dev/block/by-name/userdata at /mnt/user/0/emulated/0/Android/obb
06-13 20:07:43.038 D/installd( 354): Found quota mount /dev/block/by-name/userdata at /storage/emulated/0/Android/obb
06-13 20:07:43.038 D/installd( 354): Found quota mount /dev/block/by-name/userdata at /mnt/androidwritable/0/emulated/0/Android/obb
06-13 20:07:43.038 D/installd( 354): Found quota mount /dev/block/by-name/userdata at /mnt/installer/0/emulated/0/Android/obb
06-13 20:07:43.040 D/installd( 354): Found storage mount /dev/block/by-name/userdata at /mnt/pass_through/0/emulated
06-13 20:07:43.040 I/bluetooth( 671): system/bt/stack/gatt/gatt_api.cc:1019 GATT_Register: Allocated name:GattClient uuid:cab56137-a82b-85c6-60ee-ab31a91938d6 gatt_if:5 eatt_support:0
06-13 20:07:43.043 D/BluetoothLeScanner( 1039): onScannerRegistered() - status=0 scannerId=5 mScannerId=0
06-13 20:07:43.049 I/WifiScanningService( 485): Received a request to enable scanning, UID = 1000
06-13 20:07:43.052 D/StorageManagerService( 485): Volume emulated;0 broadcasting checking to UserHandle{0}
06-13 20:07:43.054 D/WifiScanRequestProxy( 485): Sending scan available broadcast: true
06-13 20:07:43.061 D/SystemUIBootTiming( 684): SystemUIService: bootcomplete com.android.systemui.wmshell.WMShell took 58 ms
06-13 20:07:43.061 D/SystemUIService( 684): loading: com.android.systemui.media.systemsounds.HomeSoundEffectController
06-13 20:07:43.062 D/SystemUIService( 684): running: com.android.systemui.media.systemsounds.HomeSoundEffectController@fa7d5c8
06-13 20:07:43.064 D/StorageManagerService( 485): Volume emulated;0 broadcasting mounted to UserHandle{0}
06-13 20:07:43.072 D/SystemUIBootTiming( 684): SystemUIService: bootcomplete com.android.systemui.media.systemsounds.HomeSoundEffectController took 11 ms
06-13 20:07:43.076 V/MediaStore( 1042): Examining volume emulated;0 with name external_primary and state mounted
06-13 20:07:43.086 D/BluetoothA2dp( 684): Binding service...
06-13 20:07:43.086 I/WifiScanRequestProxy( 485): Scanning is enabled
06-13 20:07:43.097 I/WifiScanRequestProxy( 485): Scanning for hidden networks is enabled
06-13 20:07:43.099 I/ManagerService( 684): --------------------- system activated! ---------------
06-13 20:07:43.099 D/SystemUIBootTiming( 684): SystemUIService: bootcomplete com.android.systemui.oranth.ManagerService took 27 ms
06-13 20:07:43.096 I/EventThread( 273): type=1400 audit(0.0:439): avc: denied { search } for name="extcon" dev="sysfs" ino=18109 scontext=u:r:hal_tv_cec_default:s0 tcontext=u:object_r:sysfs_extcon:s0 tclass=dir permissive=1
06-13 20:07:43.105 W/ContextImpl( 1245): Calling a method in the system process without a qualified user: android.app.ContextImpl.startService:1816 android.content.ContextWrapper.startService:774 com.cvte.tv.api.TvApiSDKManager.:177 com.cvte.tv.api.TvApiSDKManager.init:217 com.dangbei.rocky.component.system.SystemControlUtils.initSystemAidl:82
06-13 20:07:43.116 D/CompatibilityChangeReporter( 485): Compat change id reported: 168419799; UID 1000; state: DISABLED
06-13 20:07:43.127 E/WifiVendorHal( 485): setMultiStaUseCase(l.3286) failed {.code = ERROR_NOT_SUPPORTED, .description = }
06-13 20:07:43.129 I/WifiScanningService( 485): Created a new impl for wlan0
06-13 20:07:43.133 D/NetworkSecurityConfig( 485): No Network Security Config specified, using platform default
06-13 20:07:43.137 E/WifiVendorHal( 485): setMultiStaPrimaryConnection(l.3252) failed {.code = ERROR_NOT_SUPPORTED, .description = }
06-13 20:07:43.137 D/WifiCountryCode( 485): evaluateAllCmmStateAndApplyIfAllReady: {ConcreteClientModeManager{id=18057 iface=wlan0 role=ROLE_CLIENT_PRIMARY}=true}
06-13 20:07:43.138 D/CompatibilityChangeReporter( 485): Compat change id reported: 182734110; UID 10074; state: DISABLED
06-13 20:07:43.153 I/ActivityManager( 485): com.android.localtransport is exempt from freezer
06-13 20:07:43.154 D/CompatibilityChangeReporter( 485): Compat change id reported: 135634846; UID 1000; state: DISABLED
06-13 20:07:43.162 W/ActivityManager( 485): Unable to start service Intent { act=com.cvte.tv.api.TV_API_SERVICE pkg=com.cvte.tv.api.impl } U=0: not found
06-13 20:07:43.163 W/ContextImpl( 1245): Calling a method in the system process without a qualified user: android.app.ContextImpl.bindService:1895 android.content.ContextWrapper.bindService:810 com.cvte.tv.api.TvApiSDKManager.:178 com.cvte.tv.api.TvApiSDKManager.init:217 com.dangbei.rocky.component.system.SystemControlUtils.initSystemAidl:82
06-13 20:07:43.171 W/ActivityManager( 485): Unable to start service Intent { act=com.cvte.tv.api.TV_API_SERVICE pkg=com.cvte.tv.api.impl } U=0: not found
06-13 20:07:43.173 D/TvApiSDKManager( 1245): getTvApi getSystemService = false
06-13 20:07:43.173 D/TvApiSDKManager( 1245): getTvApi startService
06-13 20:07:43.179 W/ContextImpl( 1245): Calling a method in the system process without a qualified user: android.app.ContextImpl.startService:1816 android.content.ContextWrapper.startService:774 com.cvte.tv.api.TvApiSDKManager.getTvApi:361 com.dangbei.rocky.component.system.SystemControlUtils.initSystemAidl:83 com.dangbei.rocky.component.system.SystemComponent.onAttached:38
06-13 20:07:43.177 D/WifiCountryCode( 485): Reading country code from telephony
06-13 20:07:43.185 W/ActivityManager( 485): Unable to start service Intent { act=com.cvte.tv.api.TV_API_SERVICE pkg=com.cvte.tv.api.impl } U=0: not found
06-13 20:07:43.189 E/BootReceiver( 485): Could not open /sys/kernel/tracing/instances/bootreceiver/trace_pipe
06-13 20:07:43.189 E/BootReceiver( 485): android.system.ErrnoException: open failed: ENOENT (No such file or directory)
06-13 20:07:43.189 E/BootReceiver( 485): at libcore.io.Linux.open(Native Method)
06-13 20:07:43.189 E/BootReceiver( 485): at libcore.io.ForwardingOs.open(ForwardingOs.java:567)
06-13 20:07:43.189 E/BootReceiver( 485): at libcore.io.BlockGuardOs.open(BlockGuardOs.java:273)
06-13 20:07:43.189 E/BootReceiver( 485): at android.system.Os.open(Os.java:501)
06-13 20:07:43.189 E/BootReceiver( 485): at com.android.server.BootReceiver.onReceive(BootReceiver.java:167)
06-13 20:07:43.189 E/BootReceiver( 485): at android.app.ActivityThread.handleReceiver(ActivityThread.java:4308)
06-13 20:07:43.189 E/BootReceiver( 485): at android.app.ActivityThread.access$1600(ActivityThread.java:247)
06-13 20:07:43.189 E/BootReceiver( 485): at android.app.ActivityThread$H.handleMessage(ActivityThread.java:2064)
06-13 20:07:43.189 E/BootReceiver( 485): at android.os.Handler.dispatchMessage(Handler.java:106)
06-13 20:07:43.189 E/BootReceiver( 485): at android.os.Looper.loopOnce(Looper.java:201)
06-13 20:07:43.189 E/BootReceiver( 485): at android.os.Looper.loop(Looper.java:288)
06-13 20:07:43.189 E/BootReceiver( 485): at com.android.server.SystemServer.run(SystemServer.java:966)
06-13 20:07:43.189 E/BootReceiver( 485): at com.android.server.SystemServer.main(SystemServer.java:628)
06-13 20:07:43.189 E/BootReceiver( 485): at java.lang.reflect.Method.invoke(Native Method)
06-13 20:07:43.189 E/BootReceiver( 485): at com.android.internal.os.RuntimeInit$MethodAndArgsCaller.run(RuntimeInit.java:548)
06-13 20:07:43.189 E/BootReceiver( 485): at com.android.internal.os.ZygoteInit.main(ZygoteInit.java:1160)
06-13 20:07:43.192 D/Zygote ( 255): Forked child process 1389
06-13 20:07:43.208 E/WifiBackgroundScanStateMachine( 485): invalid max buckets in scan capabilities 0
06-13 20:07:43.210 I/Zygote ( 1389): seccomp disabled by setenforce 0
06-13 20:07:43.212 W/ContextImpl( 1245): Calling a method in the system process without a qualified user: android.app.ContextImpl.bindService:1895 android.content.ContextWrapper.bindService:810 com.cvte.tv.api.TvApiSDKManager.getTvApi:362 com.dangbei.rocky.component.system.SystemControlUtils.initSystemAidl:83 com.dangbei.rocky.component.system.SystemComponent.onAttached:38
06-13 20:07:43.213 D/WifiCountryCode( 485): Set telephony country code to:
06-13 20:07:43.214 D/WifiCountryCode( 485): updateCountryCode to CN
06-13 20:07:43.216 W/ContextImpl( 819): Calling a method in the system process without a qualified user: android.app.ContextImpl.startService:1816 android.content.ContextWrapper.startService:774 android.content.ContextWrapper.startService:774 com.android.tv.settings.users.UserSwitchListenerService$BootReceiver.onReceive:50 android.app.ActivityThread.handleReceiver:4308
06-13 20:07:43.219 W/ActivityManager( 485): Slow operation: 70ms so far, now at startProcess: done updating battery stats
06-13 20:07:43.220 W/ActivityManager( 485): Slow operation: 71ms so far, now at startProcess: building log message
06-13 20:07:43.220 I/ActivityManager( 485): app.processName = com.android.localtransport
06-13 20:07:43.220 I/ActivityManager( 485): Start proc 1389:com.android.localtransport/1000 for service {com.android.localtransport/com.android.localtransport.LocalTransportService}
06-13 20:07:43.220 W/ActivityManager( 485): Slow operation: 71ms so far, now at startProcess: starting to update pids map
06-13 20:07:43.220 W/ActivityManager( 485): Slow operation: 71ms so far, now at startProcess: done updating pids map
06-13 20:07:43.222 D/ApplicationLoaders( 1293): Returning zygote-cached class loader: /system/framework/android.test.base.jar
06-13 20:07:43.224 I/ranth.ledstatus( 1146): type=1400 audit(0.0:440): avc: denied { open } for path="/dev/__properties__/u:object_r:vendor_default_prop:s0" dev="tmpfs" ino=3538 scontext=u:r:system_app:s0 tcontext=u:object_r:vendor_default_prop:s0 tclass=file permissive=1
06-13 20:07:43.224 I/ranth.ledstatus( 1146): type=1400 audit(0.0:441): avc: denied { getattr } for path="/dev/__properties__/u:object_r:vendor_default_prop:s0" dev="tmpfs" ino=3538 scontext=u:r:system_app:s0 tcontext=u:object_r:vendor_default_prop:s0 tclass=file permissive=1
06-13 20:07:43.224 I/ranth.ledstatus( 1146): type=1400 audit(0.0:442): avc: denied { map } for path="/dev/__properties__/u:object_r:vendor_default_prop:s0" dev="tmpfs" ino=3538 scontext=u:r:system_app:s0 tcontext=u:object_r:vendor_default_prop:s0 tclass=file permissive=1
06-13 20:07:43.228 I//system/bin/init( 1): type=1107 audit(0.0:443): uid=0 auid=4294967295 ses=4294967295 subj=u:r:init:s0 msg='avc: denied { set } for property=vendor.led_switch pid=1146 uid=1000 gid=1000 scontext=u:r:system_app:s0 tcontext=u:object_r:vendor_default_prop:s0 tclass=property_service permissive=1'
06-13 20:07:43.225 I/RecoverySystem( 485): No recovery log file
06-13 20:07:43.242 I/adbd ( 389): jdwp connection from 1389
06-13 20:07:43.253 W/UnsafeUtil( 671): platform method missing - proto runtime falling back to safer methods: java.lang.NoSuchMethodException: sun.misc.Unsafe.copyMemory [class java.lang.Object, long, class java.lang.Object, long, long]
06-13 20:07:43.256 W/ActivityManager( 485): Unable to start service Intent { act=com.cvte.tv.api.TV_API_SERVICE pkg=com.cvte.tv.api.impl } U=0: not found
06-13 20:07:43.263 D/LocalBluetoothProfileManager( 684): Adding local HEADSET profile
06-13 20:07:43.270 E/FactoryResetOperateImpl( 1101): isFirstBoot 2
06-13 20:07:43.271 E/FactoryResetOperateImpl( 1101): isFirstBoot 2
06-13 20:07:43.273 D/WifiHWInfo( 1230): Start to load wireless module hardware info table...
06-13 20:07:43.273 D/WifiHWInfo( 1230): Entry [01], BUS: SDIO, ID: 0x024C8179, Name: rtl8189es.
06-13 20:07:43.273 D/WifiHWInfo( 1230): Entry [02], BUS: SDIO, ID: 0x024CB723, Name: rtl8723bs_vq0.
06-13 20:07:43.273 D/WifiHWInfo( 1230): Entry [03], BUS: SDIO, ID: 0x024CB703, Name: rtl8723cs.
06-13 20:07:43.273 D/WifiHWInfo( 1230): Entry [04], BUS: SDIO, ID: 0x024CD723, Name: rtl8723ds.
06-13 20:07:43.273 D/WifiHWInfo( 1230): Entry [05], BUS: SDIO, ID: 0x024CF179, Name: rtl8189fs.
06-13 20:07:43.273 D/WifiHWInfo( 1230): Entry [06], BUS: SDIO, ID: 0x024CB822, Name: rtl88x2bs.
06-13 20:07:43.274 D/WifiHWInfo( 1230): Entry [07], BUS: USB, ID: 0x0BDAD723, Name: rtl8723du.
06-13 20:07:43.274 D/WifiHWInfo( 1230): Entry [08], BUS: USB, ID: 0x0BDA8179, Name: rtl8188etv.
06-13 20:07:43.274 D/WifiHWInfo( 1230): Entry [09], BUS: USB, ID: 0x0BDA0179, Name: rtl8188eu.
06-13 20:07:43.274 D/WifiHWInfo( 1230): Entry [10], BUS: USB, ID: 0x0BDA818B, Name: rtl8192eu.
06-13 20:07:43.274 D/WifiHWInfo( 1230): Entry [11], BUS: USB, ID: 0x0BDAB720, Name: rtl8723bu.
06-13 20:07:43.274 D/WifiHWInfo( 1230): Entry [12], BUS: USB, ID: 0x0BDAC82C, Name: rtl8822cu.
06-13 20:07:43.274 D/WifiHWInfo( 1230): Entry [13], BUS: USB, ID: 0x0BDAF179, Name: rtl8188fu.
06-13 20:07:43.274 D/WifiHWInfo( 1230): Entry [14], BUS: SDIO, ID: 0x02D0A9A6, Name: ap6212.
06-13 20:07:43.274 D/WifiHWInfo( 1230): Entry [15], BUS: SDIO, ID: 0x02D04330, Name: ap6330.
06-13 20:07:43.274 D/WifiHWInfo( 1230): Entry [16], BUS: SDIO, ID: 0x02D04356, Name: ap6356s.
06-13 20:07:43.274 D/WifiHWInfo( 1230): Entry [17], BUS: SDIO, ID: 0x02D0A9BF, Name: ap6255.
06-13 20:07:43.274 D/WifiHWInfo( 1230): Entry [18], BUS: SDIO, ID: 0x02D04334, Name: bcm43342.
06-13 20:07:43.274 D/WifiHWInfo( 1230): Entry [19], BUS: SDIO, ID: 0x00202281, Name: xr819.
06-13 20:07:43.274 D/WifiHWInfo( 1230): Entry [20], BUS: SDIO, ID: 0x0A9E2282, Name: xr829.
06-13 20:07:43.274 D/WifiHWInfo( 1230): Entry [21], BUS: SDIO, ID: 0x0271050A, Name: qca6174a.
06-13 20:07:43.274 D/WifiHWInfo( 1230): Entry [22], BUS: SDIO, ID: 0x30303030, Name: ssv6x5x.
06-13 20:07:43.274 D/WifiHWInfo( 1230): Entry [23], BUS: SDIO, ID: 0x00000000, Name: uwe5621.
06-13 20:07:43.274 D/WifiHWInfo( 1230): Entry [24], BUS: SDIO, ID: 0x54490145, Name: aic8800.
06-13 20:07:43.274 D/WifiHWInfo( 1230): Entry [25], BUS: SDIO, ID: 0xC8A1C08D, Name: aic8800.
06-13 20:07:43.274 D/WifiHWInfo( 1230): Entry [26], BUS: USB, ID: 0xA69C8800, Name: aic8800.
06-13 20:07:43.274 D/WifiHWInfo( 1230): Entry [27], BUS: USB, ID: 0x007A8888, Name: atbm6023is.
06-13 20:07:43.274 D/WifiHWInfo( 1230): Entry [28], BUS: SDIO, ID: 0x02E79086, Name: 9012p.
06-13 20:07:43.274 D/WifiHWInfo( 1230): Entry [29], BUS: SDIO, ID: 0x007A6011, Name: atbm613x_wifi_sdio.
06-13 20:07:43.274 D/WifiHWInfo( 1230): Entry [30], BUS: SDIO, ID: 0x024CC822, Name: 88x2cs.
06-13 20:07:43.274 D/WifiHWInfo( 1230): Entry [31], BUS: SDIO, ID: 0x000018F0, Name: dummy.
06-13 20:07:43.274 W/wpa_supplicant( 1230): check_initialed for nl80211, use sprd wpa_supplicant_8_lib.
06-13 20:07:43.274 W/wpa_supplicant( 1230): check_initialed found wpa_supplicant_8_lib vendor implement for sprd.
06-13 20:07:43.274 D/wpa_supplicant( 1230): wlan0: Event CHANNEL_LIST_CHANGED (27) received
06-13 20:07:43.274 I/wpa_supplicant( 1230): wlan0: CTRL-EVENT-REGDOM-CHANGE init=USER type=COUNTRY alpha2=CN
06-13 20:07:43.274 D/wpa_supplicant( 1230): p2p-dev-wlan0: Updating hw mode
06-13 20:07:43.275 D/wpa_supplicant( 1230): nl80211: No channel number found for frequency 5920 MHz
06-13 20:07:43.275 D/wpa_supplicant( 1230): nl80211: No channel number found for frequency 5940 MHz
06-13 20:07:43.276 D/wpa_supplicant( 1230): nl80211: Regulatory information - country=CN (DFS-FCC)
06-13 20:07:43.276 D/wpa_supplicant( 1230): nl80211: 2400-2483 @ 40 MHz 20 mBm
06-13 20:07:43.276 D/wpa_supplicant( 1230): nl80211: 5150-5350 @ 80 MHz 20 mBm (DFS)
06-13 20:07:43.276 D/wpa_supplicant( 1230): nl80211: 5725-5850 @ 80 MHz 33 mBm
06-13 20:07:43.276 D/wpa_supplicant( 1230): nl80211: 57240-59400 @ 2160 MHz 28 mBm
06-13 20:07:43.276 D/wpa_supplicant( 1230): nl80211: 59400-63720 @ 2160 MHz 44 mBm
06-13 20:07:43.276 D/wpa_supplicant( 1230): nl80211: 63720-65880 @ 2160 MHz 28 mBm
06-13 20:07:43.276 D/wpa_supplicant( 1230): nl80211: Added 802.11b mode based on 802.11g information
06-13 20:07:43.276 D/wpa_supplicant( 1230): nl80211: Mode IEEE 802.11g: 2412 2417 2422 2427 2432 2437 2442 2447 2452 2457 2462 2467 2472 2484[DISABLED]
06-13 20:07:43.276 D/wpa_supplicant( 1230): nl80211: Mode IEEE 802.11a: 5170[DISABLED] 5180 5200 5220 5240 5260[RADAR] 5280[RADAR] 5300[RADAR] 5320[RADAR] 5500[DISABLED][RADAR] 5520[DISABLED][RADAR] 5540[DISABLED][RADAR] 5560[DISABLED][RADAR] 5580[DISABLED][RADAR]
06-13 20:07:43.276 D/wpa_supplicant( 1230): nl80211: Mode IEEE 802.11b: 2412 2417 2422 2427 2432 2437 2442 2447 2452 2457 2462 2467 2472 2484[DISABLED]
06-13 20:07:43.276 D/wpa_supplicant( 1230): wlan0: Updating hw mode
06-13 20:07:43.277 D/wpa_supplicant( 1230): nl80211: No channel number found for frequency 5920 MHz
06-13 20:07:43.277 D/wpa_supplicant( 1230): nl80211: No channel number found for frequency 5940 MHz
06-13 20:07:43.285 D/wpa_supplicant( 1230): nl80211: Regulatory information - country=CN (DFS-FCC)
06-13 20:07:43.285 D/wpa_supplicant( 1230): nl80211: 2400-2483 @ 40 MHz 20 mBm
06-13 20:07:43.285 V/GraphicsEnvironment( 1318): ANGLE Developer option for 'com.android.providers.contacts' set to: 'default'
06-13 20:07:43.285 D/wpa_supplicant( 1230): nl80211: 5150-5350 @ 80 MHz 20 mBm (DFS)
06-13 20:07:43.285 D/wpa_supplicant( 1230): nl80211: 5725-5850 @ 80 MHz 33 mBm
06-13 20:07:43.285 D/wpa_supplicant( 1230): nl80211: 57240-59400 @ 2160 MHz 28 mBm
06-13 20:07:43.285 D/wpa_supplicant( 1230): nl80211: 59400-63720 @ 2160 MHz 44 mBm
06-13 20:07:43.285 D/wpa_supplicant( 1230): nl80211: 63720-65880 @ 2160 MHz 28 mBm
06-13 20:07:43.286 V/GraphicsEnvironment( 1318): Neither updatable production driver nor prerelease driver is supported.
06-13 20:07:43.286 D/wpa_supplicant( 1230): nl80211: Added 802.11b mode based on 802.11g information
06-13 20:07:43.286 D/wpa_supplicant( 1230): nl80211: Mode IEEE 802.11g: 2412 2417 2422 2427 2432 2437 2442 2447 2452 2457 2462 2467 2472 2484[DISABLED]
06-13 20:07:43.286 D/wpa_supplicant( 1230): nl80211: Mode IEEE 802.11a: 5170[DISABLED] 5180 5200 5220 5240 5260[RADAR] 5280[RADAR] 5300[RADAR] 5320[RADAR] 5500[DISABLED][RADAR] 5520[DISABLED][RADAR] 5540[DISABLED][RADAR] 5560[DISABLED][RADAR] 5580[DISABLED][RADAR]
06-13 20:07:43.286 D/wpa_supplicant( 1230): nl80211: Mode IEEE 802.11b: 2412 2417 2422 2427 2432 2437 2442 2447 2452 2457 2462 2467 2472 2484[DISABLED]
06-13 20:07:43.286 D/wpa_supplicant( 1230): wlan0: Determining shared radio frequencies (max len 2)
06-13 20:07:43.286 D/wpa_supplicant( 1230): wlan0: Shared frequencies (len=0): completed iteration
06-13 20:07:43.286 D/wpa_supplicant( 1230): P2P: Add operating class 81
06-13 20:07:43.286 D/wpa_supplicant( 1230): P2P: Channels - hexdump(len=13): 01 02 03 04 05 06 07 08 09 0a 0b 0c 0d
06-13 20:07:43.286 D/wpa_supplicant( 1230): P2P: Add operating class 115
06-13 20:07:43.286 D/wpa_supplicant( 1230): P2P: Channels - hexdump(len=4): 24 28 2c 30
06-13 20:07:43.286 D/wpa_supplicant( 1230): P2P: Add operating class 116
06-13 20:07:43.286 D/wpa_supplicant( 1230): P2P: Channels - hexdump(len=2): 24 2c
06-13 20:07:43.286 D/wpa_supplicant( 1230): P2P: Add operating class 117
06-13 20:07:43.286 D/wpa_supplicant( 1230): P2P: Channels - hexdump(len=2): 28 30
06-13 20:07:43.286 D/wpa_supplicant( 1230): P2P: Add operating class 124
06-13 20:07:43.286 D/wpa_supplicant( 1230): P2P: Channels - hexdump(len=4): 95 99 9d a1
06-13 20:07:43.286 D/wpa_supplicant( 1230): P2P: Add operating class 125
06-13 20:07:43.286 D/wpa_supplicant( 1230): P2P: Channels - hexdump(len=5): 95 99 9d a1 a5
06-13 20:07:43.286 D/wpa_supplicant( 1230): P2P: Add operating class 126
06-13 20:07:43.287 D/wpa_supplicant( 1230): P2P: Channels - hexdump(len=2): 95 9d
06-13 20:07:43.287 D/wpa_supplicant( 1230): P2P: Add operating class 127
06-13 20:07:43.287 D/wpa_supplicant( 1230): P2P: Channels - hexdump(len=2): 99 a1
06-13 20:07:43.287 D/wpa_supplicant( 1230): P2P: Add operating class 128
06-13 20:07:43.287 D/wpa_supplicant( 1230): P2P: Channels - hexdump(len=8): 24 28 2c 30 95 99 9d a1
06-13 20:07:43.287 D/wpa_supplicant( 1230): P2P: Add operating class 130
06-13 20:07:43.287 D/wpa_supplicant( 1230): P2P: Channels - hexdump(len=9): 24 28 2c 30 95 99 9d a1 a5
06-13 20:07:43.287 D/wpa_supplicant( 1230): P2P: Update channel list
06-13 20:07:43.287 D/wpa_supplicant( 1230): P2P: channels: 81:1,2,3,4,5,6,7,8,9,10,11,12,13 115:36,40,44,48 116:36,44 117:40,48 124:149,153,157,161 125:149,153,157,161,165 126:149,157 127:153,161 128:36,40,44,48,149,153,157,161 130:36,40,44,48,149,153,157,161,165
06-13 20:07:43.287 D/wpa_supplicant( 1230): P2P: cli_channels:
06-13 20:07:43.287 D/wpa_supplicant( 1230): sprd_wpa_driver_nl80211_driver_cmd COUNTRY CN len = 0, 10
06-13 20:07:43.287 D/wpa_supplicant( 1230): EAPOL: disable timer tick
06-13 20:07:43.298 D/WifiNative( 485): onSetCountryCodeSucceeded: CN
06-13 20:07:43.298 I/WifiCountryCode( 485): Receive onSetCountryCodeSucceeded CN
06-13 20:07:43.307 D/WifiConnectivityHelper( 485): Firmware supported feature set: d8108a801003d
06-13 20:07:43.307 D/WifiConnectivityHelper( 485): Firmware roaming is not supported
06-13 20:07:43.326 D/LocalBluetoothProfileManager( 684): Adding local MAP profile
06-13 20:07:43.327 D/BluetoothMap( 684): Create BluetoothMap proxy object
06-13 20:07:43.328 E/hq ( 1101): LookupControler:::startLookupControllerTimer
06-13 20:07:43.332 W/ContextImpl( 1245): Calling a method in the system process without a qualified user: android.app.ContextImpl.startService:1816 android.content.ContextWrapper.startService:774 com.dangbei.phrike.core.DownloadManager.register:294 com.dangbei.component_appcontrol.phrike.XPhrikeAppCreator.register:47 com.dangbei.component_appcontrol.AppControlComponent.onAttached:65
06-13 20:07:43.349 I/DropBoxManagerService( 485): add tag=SYSTEM_BOOT isTagEnabled=true flags=0x2
06-13 20:07:43.363 D/wpa_supplicant( 1230): EAPOL: disable timer tick
06-13 20:07:43.379 E/WifiHAL ( 662): wifi_get_link_stats: requestResponse Error:-5
06-13 20:07:43.380 I/BootReceiver( 485): Copying audit failures to DropBox
06-13 20:07:43.402 D/BluetoothMap( 684): Binding service...
06-13 20:07:43.404 I/BootReceiver( 485): Checking for fsck errors
06-13 20:07:43.404 E/WifiVendorHal( 485): getWifiLinkLayerStats_1_5_Internal(l.1191) failed {.code = ERROR_INVALID_ARGS, .description = }
06-13 20:07:43.414 D/WakeupController( 485): onWifiEnabled()
06-13 20:07:43.415 W/WifiClientModeImpl( 485): No cached packet filter to apply
06-13 20:07:43.422 V/MediaProvider( 1042): onConfigure() for internal.db
06-13 20:07:43.426 D/BluetoothHeadset( 684): Proxy object connected
06-13 20:07:43.429 E/getHdmiStatus( 1101): sourceInputStatus=null mEtnaAdapter=com.dangbei.launcher.etna.EtnaAdapter@fc944a7
06-13 20:07:43.485 D/NetworkSecurityConfig( 1318): No Network Security Config specified, using platform default
06-13 20:07:43.490 D/NetworkSecurityConfig( 1318): No Network Security Config specified, using platform default
06-13 20:07:43.501 W/ContextImpl( 1101): Calling a method in the system process without a qualified user: android.app.ContextImpl.bindService:1895 android.content.ContextWrapper.bindService:810 ce.b.h:57 ce.b$c.call:3 ee.c$a.run:5
06-13 20:07:43.503 W/Looper ( 485): Slow dispatch took 124ms android.fg h=com.android.server.DropBoxManagerService$DropBoxManagerBroadcastHandler c=null m=1
06-13 20:07:43.505 D/WifiP2pService( 485): Wifi enabled=true
06-13 20:07:43.509 I/RockyManager( 1245): initSDKDelegate:
06-13 20:07:43.510 D/WifiClientModeImpl[wlan0]( 485): entering ConnectableState: ifaceName = wlan0
06-13 20:07:43.514 D/wpa_supplicant( 1230): sprd_wpa_driver_nl80211_driver_cmd SETSUSPENDMODE 1 len = 0, 16
06-13 20:07:43.520 D/CompatibilityChangeReporter( 485): Compat change id reported: 181136395; UID 1000; state: DISABLED
06-13 20:07:43.534 D/BluetoothA2dp( 684): Proxy object connected
06-13 20:07:43.536 D/CompatibilityChangeReporter( 485): Compat change id reported: 174042936; UID 1000; state: DISABLED
06-13 20:07:43.541 D/WifiClientModeImpl[wlan0]( 485): Start makeIpClient ifaceName = wlan0
06-13 20:07:43.553 E/dangbei111( 1039): cccccc 开始扫描
06-13 20:07:43.553 D/BluetoothAdapter( 1039): isLeEnabled(): ON
06-13 20:07:43.558 V/AudioDeviceManagerObserver( 485): AudioDeviceManagerObserver init()
06-13 20:07:43.561 D/AudioDeviceManagerObserver( 485): AudioDeviceManagerObserver: newCardId: /sys/class/sound/card0/id
