06-13 20:07:32.297 I/SystemConfig( 485): Reading permissions from /product/etc/permissions/com.android.settings.intelligence.xml
06-13 20:07:32.302 W/SystemConfig( 485): No directory /system_ext/etc/sysconfig, skipping
06-13 20:07:32.305 I/SystemConfig( 485): Reading permissions from /system_ext/etc/permissions/com.android.carrierconfig.xml
06-13 20:07:32.316 I/SystemServiceManager( 485): Starting com.android.server.am.ActivityManagerService$Lifecycle
06-13 20:07:32.318 I/SystemConfig( 485): Reading permissions from /system_ext/etc/permissions/com.android.provision.xml
06-13 20:07:32.320 I/SystemConfig( 485): Reading permissions from /system_ext/etc/permissions/com.android.systemui.xml
06-13 20:07:32.321 I/hwservicemanager( 193): getTransport: Cannot find entry android.hardware.graphics.mapper@4.0::IMapper/default in either framework or device VINTF manifest.
06-13 20:07:32.321 I/Gralloc4( 522): mapper 4.x is not supported
06-13 20:07:32.322 I/hwservicemanager( 193): getTransport: Cannot find entry android.hardware.graphics.mapper@3.0::IMapper/default in either framework or device VINTF manifest.
06-13 20:07:32.322 W/Gralloc3( 522): mapper 3.x is not supported
06-13 20:07:32.323 I/SystemConfig( 485): Reading permissions from /system_ext/etc/permissions/com.softwinner.screenshot.xml
06-13 20:07:32.325 I/SystemConfig( 485): Reading permissions from /system_ext/etc/permissions/provision-permissions.xml
06-13 20:07:32.328 I/SystemConfig( 485): Reading permissions from /system_ext/etc/permissions/com.android.storagemanager.xml
06-13 20:07:32.329 E/gralloc ( 522): Arm Module v1.0
06-13 20:07:32.330 I/SystemConfig( 485): Reading permissions from /system_ext/etc/permissions/com.android.tv.settings.xml
06-13 20:07:32.330 I/hwservicemanager( 193): getTransport: Cannot find entry android.hardware.graphics.allocator@4.0::IAllocator/default in either framework or device VINTF manifest.
06-13 20:07:32.330 W/Gralloc4( 522): allocator 4.x is not supported
06-13 20:07:32.331 I/hwservicemanager( 193): getTransport: Cannot find entry android.hardware.graphics.allocator@3.0::IAllocator/default in either framework or device VINTF manifest.
06-13 20:07:32.331 W/Gralloc3( 522): allocator 3.x is not supported
06-13 20:07:32.335 I/SystemConfig( 485): Reading permissions from /system_ext/etc/permissions/privapp-settingssetup.xml
06-13 20:07:32.336 I/gralloc ( 265): alloc buffer:W:1920 H:1080 S:1920 PL[1920 1080] SZ:8294400 fmt:43 if:0 af:43 usg:20000b00 fg:00000004
06-13 20:07:32.336 E/ion ( 522): ioctl c0044901 failed with code -1: Inappropriate ioctl for device
06-13 20:07:32.337 I/ActivityManager( 485): Memory class: 256
06-13 20:07:32.344 I/Binder ( 485): Setting heavy hitter watcher config: false, 0, 0.0
06-13 20:07:32.344 I/SystemConfig( 485): Reading permissions from /apex/com.android.ipsec/etc/permissions/android.net.ipsec.ike.xml
06-13 20:07:32.355 W/SystemConfig( 485): Failed to read public libraries file /vendor/etc/public.libraries.txt
06-13 20:07:32.355 W/SystemConfig( 485): java.io.FileNotFoundException: /vendor/etc/public.libraries.txt: open failed: ENOENT (No such file or directory)
06-13 20:07:32.355 W/SystemConfig( 485): at libcore.io.IoBridge.open(IoBridge.java:575)
06-13 20:07:32.355 W/SystemConfig( 485): at java.io.FileInputStream.(FileInputStream.java:160)
06-13 20:07:32.355 W/SystemConfig( 485): at java.io.FileReader.(FileReader.java:72)
06-13 20:07:32.355 W/SystemConfig( 485): at com.android.server.SystemConfig.readPublicLibrariesListFile(SystemConfig.java:1601)
06-13 20:07:32.355 W/SystemConfig( 485): at com.android.server.SystemConfig.readPublicNativeLibrariesList(SystemConfig.java:1583)
06-13 20:07:32.355 W/SystemConfig( 485): at com.android.server.SystemConfig.(SystemConfig.java:484)
06-13 20:07:32.355 W/SystemConfig( 485): at com.android.server.SystemConfig.getInstance(SystemConfig.java:272)
06-13 20:07:32.355 W/SystemConfig( 485): at com.android.server.SystemServer$$ExternalSyntheticLambda7.run(Unknown Source:0)
06-13 20:07:32.355 W/SystemConfig( 485): at com.android.server.SystemServerInitThreadPool.lambda$submitTask$0$SystemServerInitThreadPool(SystemServerInitThreadPool.java:105)
06-13 20:07:32.355 W/SystemConfig( 485): at com.android.server.SystemServerInitThreadPool$$ExternalSyntheticLambda0.run(Unknown Source:6)
06-13 20:07:32.355 W/SystemConfig( 485): at java.util.concurrent.Executors$RunnableAdapter.call(Executors.java:462)
06-13 20:07:32.355 W/SystemConfig( 485): at java.util.concurrent.FutureTask.run(FutureTask.java:266)
06-13 20:07:32.355 W/SystemConfig( 485): at java.util.concurrent.ThreadPoolExecutor.runWorker(ThreadPoolExecutor.java:1167)
06-13 20:07:32.355 W/SystemConfig( 485): at java.util.concurrent.ThreadPoolExecutor$Worker.run(ThreadPoolExecutor.java:641)
06-13 20:07:32.355 W/SystemConfig( 485): at com.android.internal.util.ConcurrentUtils$1$1.run(ConcurrentUtils.java:65)
06-13 20:07:32.355 W/SystemConfig( 485): Caused by: android.system.ErrnoException: open failed: ENOENT (No such file or directory)
06-13 20:07:32.355 W/SystemConfig( 485): at libcore.io.Linux.open(Native Method)
06-13 20:07:32.355 W/SystemConfig( 485): at libcore.io.ForwardingOs.open(ForwardingOs.java:567)
06-13 20:07:32.355 W/SystemConfig( 485): at libcore.io.BlockGuardOs.open(BlockGuardOs.java:273)
06-13 20:07:32.355 W/SystemConfig( 485): at libcore.io.IoBridge.open(IoBridge.java:561)
06-13 20:07:32.355 W/SystemConfig( 485): ... 14 more
06-13 20:07:32.362 D/SystemServerInitThreadPool( 485): Finished executing ReadingSystemConfig
06-13 20:07:32.366 I/SurfaceFlinger( 288): Enter boot animation
06-13 20:07:32.368 E/ion ( 269): ioctl c0044901 failed with code -1: Inappropriate ioctl for device
06-13 20:07:32.372 I/ ( 421): DVI mode selected: packets not configured
06-13 20:07:32.372 I/ ( 421): Error: set vsif failed
06-13 20:07:32.372 W/[DISP] de_cdc_set_para,line( 421): 406:
06-13 20:07:32.427 D/BatteryStatsImpl( 485): Reading daily items from /data/system/batterystats-daily.xml
06-13 20:07:32.429 I/gralloc ( 265): alloc buffer:W:1920 H:1080 S:1920 PL[1920 1080] SZ:8294400 fmt:43 if:0 af:43 usg:20000b00 fg:00000004
06-13 20:07:32.447 W/Zygote ( 485): Class not found for preloading: android.view.SurfaceView$2
06-13 20:07:32.372 W/ ( 421): hdr10p2sdr_mode =-1, 255, 2
06-13 20:07:32.452 I/ ( 421): DVI mode selected: packets not configured
06-13 20:07:32.452 I/ ( 421): Error: set vsif failed
06-13 20:07:32.457 I/hwservicemanager( 193): getTransport: Cannot find entry android.hardware.power.stats@1.0::IPowerStats/default in either framework or device VINTF manifest.
06-13 20:07:32.460 E/BatteryStatsService( 485): Unable to load Power.Stats.HAL. Setting rail availability to false
06-13 20:07:32.466 E/BluetoothAdapter( 485): Bluetooth binder is null
06-13 20:07:32.467 I/KernelCpuUidFreqTimeReader( 485): mPerClusterTimesAvailable=false
06-13 20:07:32.472 W/KernelCpuUidFreqTimeBpfMapReader( 485): Failed to start tracking
06-13 20:07:32.472 W/KernelCpuProcStringReader( 485): File not found. It's normal if not implemented: /proc/uid_time_in_state
06-13 20:07:32.473 W/KernelCpuUidActiveTimeBpfMapReader( 485): Failed to start tracking
06-13 20:07:32.474 W/KernelCpuProcStringReader( 485): File not found. It's normal if not implemented: /proc/uid_concurrent_active_time
06-13 20:07:32.474 W/KernelCpuUidClusterTimeBpfMapReader( 485): Failed to start tracking
06-13 20:07:32.475 W/KernelCpuProcStringReader( 485): File not found. It's normal if not implemented: /proc/uid_concurrent_policy_time
06-13 20:07:32.475 E/KernelCpuSpeedReader( 485): Failed to read cpu-freq: /sys/devices/system/cpu/cpu0/cpufreq/stats/time_in_state: open failed: ENOENT (No such file or directory)
06-13 20:07:32.476 E/system_server( 485): Cannot read thread CPU times for PID 485
06-13 20:07:32.476 I/Binder:214_2( 214): type=1400 audit(0.0:300): avc: denied { read } for name="event_count" dev="sysfs" ino=22115 scontext=u:r:system_suspend:s0 tcontext=u:object_r:sysfs:s0 tclass=file permissive=1
06-13 20:07:32.476 I/Binder:214_2( 214): type=1400 audit(0.0:301): avc: denied { open } for path="/sys/devices/platform/soc@3000000/7040000.s_cir/wakeup/wakeup4/event_count" dev="sysfs" ino=22115 scontext=u:r:system_suspend:s0 tcontext=u:object_r:sysfs:s0 tclass=file permissive=1
06-13 20:07:32.476 I/Binder:214_2( 214): type=1400 audit(0.0:302): avc: denied { getattr } for path="/sys/devices/platform/soc@3000000/7040000.s_cir/wakeup/wakeup4/event_count" dev="sysfs" ino=22115 scontext=u:r:system_suspend:s0 tcontext=u:object_r:sysfs:s0 tclass=file permissive=1
06-13 20:07:32.491 W/KernelMemoryBandwidthStats( 485): No kernel memory bandwidth stats available
06-13 20:07:32.519 I/ ( 421): DVI mode selected: packets not configured
06-13 20:07:32.519 I/ ( 421): Error: set vsif failed
06-13 20:07:32.569 I/ ( 421): DVI mode selected: packets not configured
06-13 20:07:32.569 I/ ( 421): Error: set vsif failed
06-13 20:07:32.618 I/ ( 421): DVI mode selected: packets not configured
06-13 20:07:32.618 I/ ( 421): Error: set vsif failed
06-13 20:07:32.672 I/ ( 421): DVI mode selected: packets not configured
06-13 20:07:32.672 I/ ( 421): Error: set vsif failed
06-13 20:07:32.715 I/Zygote ( 485): ...preloaded 7337 classes in 1088ms.
06-13 20:07:32.715 I/Zygote ( 485): Called ZygoteHooks.endPreload()
06-13 20:07:32.716 I/Zygote ( 485): Installed AndroidKeyStoreProvider in 1ms.
06-13 20:07:32.721 I/IntentFirewall( 485): Read new rules (A:0 B:0 S:0)
06-13 20:07:32.735 I/ ( 421): DVI mode selected: packets not configured
06-13 20:07:32.735 I/ ( 421): Error: set vsif failed
06-13 20:07:32.742 I/Zygote ( 485): Warmed up JCA providers in 26ms.
06-13 20:07:32.743 E/libprocessgroup( 485): Failed to open /dev/memcg/apps: Permission denied
06-13 20:07:32.743 D/Zygote ( 485): Zygote:ThreadPreadloadClass took 1120ms.
06-13 20:07:32.745 D/AppOps ( 485): AppOpsService published
06-13 20:07:32.747 I/SystemServerTiming( 485): StartDataLoaderManagerService
06-13 20:07:32.747 I/SystemServiceManager( 485): Starting com.android.server.pm.DataLoaderManagerService
06-13 20:07:32.756 I/SystemServerTiming( 485): StartIncrementalService
06-13 20:07:32.761 I/incfs-mounts( 485): [incfs] Loaded incremental-fs mount info: 0 instances, 0 mount points
06-13 20:07:32.764 I/SystemServerTiming( 485): StartPowerManager
06-13 20:07:32.764 I/SystemServiceManager( 485): Starting com.android.server.power.PowerManagerService
06-13 20:07:32.776 I/servicemanager( 192): Found android.hardware.power.IPower/default in device VINTF manifest.
06-13 20:07:32.780 I/hw-BpHwBinder( 193): onLastStrongRef automatically unlinking death recipients
06-13 20:07:32.783 I/AW_PowerHAL( 272): Power setMode: INTERACTIVE to: 1
06-13 20:07:32.784 I/AW_PowerHAL( 272): not completed yet, ignore mode request other
06-13 20:07:32.784 I/AW_PowerHAL( 272): check: Mode 0 not Supported ,do nothing
06-13 20:07:32.785 I/ ( 421): DVI mode selected: packets not configured
06-13 20:07:32.785 I/ ( 421): Error: set vsif failed
06-13 20:07:32.786 I/SystemServerTiming( 485): StartThermalManager
06-13 20:07:32.786 I/SystemServiceManager( 485): Starting com.android.server.power.ThermalManagerService
06-13 20:07:32.788 I/SystemServerTiming( 485): StartHintManager
06-13 20:07:32.788 I/SystemServiceManager( 485): Starting com.android.server.power.hint.HintManagerService
06-13 20:07:32.790 E/PowerHalController( 485): getHintSessionPreferredRate failed: Status(-129, EX_TRANSACTION_FAILED): 'UNKNOWN_TRANSACTION: '
06-13 20:07:32.791 I/SystemServerTiming( 485): InitPowerManagement
06-13 20:07:32.793 I/SystemServerTiming( 485): StartRecoverySystemService
06-13 20:07:32.793 I/SystemServiceManager( 485): Starting com.android.server.recoverysystem.RecoverySystemService$Lifecycle
06-13 20:07:32.797 I/PackageWatchdog( 485): Syncing state, reason: added new observer
06-13 20:07:32.797 I/PackageWatchdog( 485): Not pruning observers, elapsed time: 0ms
06-13 20:07:32.797 I/PackageWatchdog( 485): Saving observer state to file
06-13 20:07:32.800 I/PackageWatchdog( 485): Cancelling state sync, nothing to sync
06-13 20:07:32.806 I/SystemServerTiming( 485): StartLightsService
06-13 20:07:32.806 I/SystemServiceManager( 485): Starting com.android.server.lights.LightsService
06-13 20:07:32.809 I/servicemanager( 192): Found android.hardware.light.ILights/default in device VINTF manifest.
06-13 20:07:32.811 I/android.hardware.lights-service( 271): Lights reporting supported lights size=1
06-13 20:07:32.813 I/SystemServerTiming( 485): StartSidekickService
06-13 20:07:32.813 I/SystemServerTiming( 485): StartDisplayManager
06-13 20:07:32.813 I/SystemServiceManager( 485): Starting com.android.server.display.DisplayManagerService
06-13 20:07:32.831 E/HWComposer( 288): getSupportedContentTypes: getSupportedContentTypes failed for display 0: Unsupported (8)
06-13 20:07:32.834 I/SystemServerTiming( 485): WaitForDisplay
06-13 20:07:32.834 I/SystemServiceManager( 485): Starting phase 100
06-13 20:07:32.834 I/SystemServerTiming( 485): OnBootPhase_100
06-13 20:07:32.847 I/DisplayDeviceRepository( 485): Display device added: DisplayDeviceInfo{"内置屏幕": uniqueId="local:0", 1920 x 1080, modeId 1, defaultModeId 1, supportedModes [{id=1, width=1920, height=1080, fps=60.000004, alternativeRefreshRates=[]}], colorMode 0, supportedColorModes [0], hdrCapabilities HdrCapabilities{mSupportedHdrTypes=[2, 3], mMaxLuminance=500.0, mMaxAverageLuminance=500.0, mMinLuminance=0.0}, allmSupported false, gameContentTypeSupported false, density 240, 0.16 x 0.16 dpi, appVsyncOff 1000000, presDeadline 16666666, touch INTERNAL, rotation 0, type INTERNAL, address {port=0}, deviceProductInfo null, state UNKNOWN, frameRateOverride , brightnessMinimum 0.0, brightnessMaximum 1.0, brightnessDefault 0.39763778, FLAG_DEFAULT_DISPLAY, FLAG_ROTATES_WITH_CONTENT, FLAG_SECURE, FLAG_SUPPORTS_PROTECTED_BUFFERS}
06-13 20:07:32.851 I/LogicalDisplayMapper( 485): Applying layout: [{addr: {port=0}, dispId: 0(ON)}], Previous layout: null
06-13 20:07:32.852 I/ ( 421): DVI mode selected: packets not configured
06-13 20:07:32.852 I/ ( 421): Error: set vsif failed
06-13 20:07:32.854 I/LogicalDisplayMapper( 485): Adding new display: 0: DisplayInfo{"内置屏幕", displayId 0", displayGroupId -1, FLAG_SECURE, FLAG_SUPPORTS_PROTECTED_BUFFERS, FLAG_TRUSTED, real 1920 x 1080, largest app 1920 x 1080, smallest app 1920 x 1080, appVsyncOff 1000000, presDeadline 16666666, mode 1, defaultMode 1, modes [{id=1, width=1920, height=1080, fps=60.000004, alternativeRefreshRates=[]}], hdrCapabilities HdrCapabilities{mSupportedHdrTypes=[2, 3], mMaxLuminance=500.0, mMaxAverageLuminance=500.0, mMinLuminance=0.0}, userDisabledHdrTypes [], minimalPostProcessingSupported false, rotation 0, state UNKNOWN, type INTERNAL, uniqueId "local:0", app 1920 x 1080, density 240 (0.16 x 0.16) dpi, layerStack 0, colorMode 0, supportedColorModes [0], address {port=0}, deviceProductInfo null, removeMode 0, refreshRateOverride 0.0, brightnessMinimum 0.0, brightnessMaximum 1.0, brightnessDefault 0.39763778}
06-13 20:07:32.855 I/LogicalDisplayMapper( 485): Setting new display group 0 for display 0, from previous group: null
06-13 20:07:32.857 I/SystemServerTiming( 485): StartDomainVerificationService
06-13 20:07:32.878 I/SystemServerTiming( 485): StartPackageManagerService
06-13 20:07:32.878 I/Watchdog( 485): Pausing HandlerChecker: main thread for reason: packagemanagermain. Pause count: 1
06-13 20:07:32.887 I/PackageManagerTiming( 485): create package manager
06-13 20:07:32.901 E/PackageManager( 485): /oem/delete.txt not exist
06-13 20:07:32.901 I/PackageManagerTiming( 485): createSubComponents
06-13 20:07:32.905 I/ ( 421): DVI mode selected: packets not configured
06-13 20:07:32.905 I/ ( 421): Error: set vsif failed
06-13 20:07:32.934 I/PackageManagerTiming( 485): addSharedUsers
06-13 20:07:32.937 I/PackageManagerTiming( 485): get system config
06-13 20:07:32.941 D/PackageManager( 485): Directories scanned as system partitions: [/system:0, /vendor:524288, /odm:4194304, /oem:262144, /product:1048576, /system/system_ext:2097152, /apex/com.android.wifi:8388608, /apex/com.android.vndk.v31:8388608, /apex/com.android.tzdata:8388608, /apex/com.android.tethering:8388608, /apex/com.android.sdkext:8388608, /apex/com.android.scheduling:8388608, /apex/com.android.runtime:8388608, /apex/com.android.resolv:8388608, /apex/com.android.permission:8388608, /apex/com.android.os.statsd:8388608, /apex/com.android.neuralnetworks:8388608, /apex/com.android.mediaprovider:8388608, /apex/com.android.media.swcodec:8388608, /apex/com.android.media:8388608, /apex/com.android.ipsec:8388608, /apex/com.android.i18n:8388608, /apex/com.android.extservices:8388608, /apex/com.android.conscrypt:8388608, /apex/com.android.art:8388608, /apex/com.android.appsearch:8388608, /apex/com.android.adbd:8388608]
06-13 20:07:32.947 D/SELinuxMMAC( 485): Using policy file /system/etc/selinux/plat_mac_permissions.xml
06-13 20:07:32.951 D/SELinuxMMAC( 485): Using policy file /system_ext/etc/selinux/system_ext_mac_permissions.xml
06-13 20:07:32.951 D/SELinuxMMAC( 485): Using policy file /vendor/etc/selinux/vendor_mac_permissions.xml
06-13 20:07:32.953 I/PackageManagerTiming( 485): loadFallbacks
06-13 20:07:32.955 D/FallbackCategoryProvider( 485): Found 1 fallback categories
06-13 20:07:32.955 I/PackageManagerTiming( 485): read user settings
06-13 20:07:33.041 D/SystemServerInitThreadPool( 485): Finished executing loadPreinstalledSystemFontMap
06-13 20:07:33.149 W/android.permission.PermissionManager( 485): Missing ActivityManager; assuming 1000 holds android.permission.SET_PREFERRED_APPLICATIONS
06-13 20:07:33.150 W/android.permission.PermissionManager( 485): Missing ActivityManager; assuming 1000 holds android.permission.SET_PREFERRED_APPLICATIONS
06-13 20:07:33.151 W/android.permission.PermissionManager( 485): Missing ActivityManager; assuming 1000 holds android.permission.SET_PREFERRED_APPLICATIONS
06-13 20:07:33.151 W/android.permission.PermissionManager( 485): Missing ActivityManager; assuming 1000 holds android.permission.SET_PREFERRED_APPLICATIONS
06-13 20:07:33.151 W/android.permission.PermissionManager( 485): Missing ActivityManager; assuming 1000 holds android.permission.SET_PREFERRED_APPLICATIONS
06-13 20:07:33.151 W/android.permission.PermissionManager( 485): Missing ActivityManager; assuming 1000 holds android.permission.SET_PREFERRED_APPLICATIONS
06-13 20:07:33.151 W/android.permission.PermissionManager( 485): Missing ActivityManager; assuming 1000 holds android.permission.SET_PREFERRED_APPLICATIONS
06-13 20:07:33.152 W/android.permission.PermissionManager( 485): Missing ActivityManager; assuming 1000 holds android.permission.SET_PREFERRED_APPLICATIONS
06-13 20:07:33.152 W/android.permission.PermissionManager( 485): Missing ActivityManager; assuming 1000 holds android.permission.SET_PREFERRED_APPLICATIONS
06-13 20:07:33.152 W/android.permission.PermissionManager( 485): Missing ActivityManager; assuming 1000 holds android.permission.SET_PREFERRED_APPLICATIONS
06-13 20:07:33.152 W/android.permission.PermissionManager( 485): Missing ActivityManager; assuming 1000 holds android.permission.SET_PREFERRED_APPLICATIONS
06-13 20:07:33.153 W/android.permission.PermissionManager( 485): Missing ActivityManager; assuming 1000 holds android.permission.SET_PREFERRED_APPLICATIONS
06-13 20:07:33.153 W/android.permission.PermissionManager( 485): Missing ActivityManager; assuming 1000 holds android.permission.SET_PREFERRED_APPLICATIONS
06-13 20:07:33.153 W/android.permission.PermissionManager( 485): Missing ActivityManager; assuming 1000 holds android.permission.SET_PREFERRED_APPLICATIONS
06-13 20:07:33.153 W/android.permission.PermissionManager( 485): Missing ActivityManager; assuming 1000 holds android.permission.SET_PREFERRED_APPLICATIONS
06-13 20:07:33.153 W/android.permission.PermissionManager( 485): Missing ActivityManager; assuming 1000 holds android.permission.SET_PREFERRED_APPLICATIONS
06-13 20:07:33.154 W/android.permission.PermissionManager( 485): Missing ActivityManager; assuming 1000 holds android.permission.SET_PREFERRED_APPLICATIONS
06-13 20:07:33.154 W/android.permission.PermissionManager( 485): Missing ActivityManager; assuming 1000 holds android.permission.SET_PREFERRED_APPLICATIONS
06-13 20:07:33.154 W/android.permission.PermissionManager( 485): Missing ActivityManager; assuming 1000 holds android.permission.SET_PREFERRED_APPLICATIONS
06-13 20:07:33.155 W/android.permission.PermissionManager( 485): Missing ActivityManager; assuming 1000 holds android.permission.SET_PREFERRED_APPLICATIONS
06-13 20:07:33.155 W/android.permission.PermissionManager( 485): Missing ActivityManager; assuming 1000 holds android.permission.SET_PREFERRED_APPLICATIONS
06-13 20:07:33.155 W/android.permission.PermissionManager( 485): Missing ActivityManager; assuming 1000 holds android.permission.SET_PREFERRED_APPLICATIONS
06-13 20:07:33.155 W/android.permission.PermissionManager( 485): Missing ActivityManager; assuming 1000 holds android.permission.SET_PREFERRED_APPLICATIONS
06-13 20:07:33.155 W/android.permission.PermissionManager( 485): Missing ActivityManager; assuming 1000 holds android.permission.SET_PREFERRED_APPLICATIONS
06-13 20:07:33.156 W/android.permission.PermissionManager( 485): Missing ActivityManager; assuming 1000 holds android.permission.SET_PREFERRED_APPLICATIONS
06-13 20:07:33.156 W/android.permission.PermissionManager( 485): Missing ActivityManager; assuming 1000 holds android.permission.SET_PREFERRED_APPLICATIONS
06-13 20:07:33.156 W/android.permission.PermissionManager( 485): Missing ActivityManager; assuming 1000 holds android.permission.SET_PREFERRED_APPLICATIONS
06-13 20:07:33.156 W/android.permission.PermissionManager( 485): Missing ActivityManager; assuming 1000 holds android.permission.SET_PREFERRED_APPLICATIONS
06-13 20:07:33.157 W/android.permission.PermissionManager( 485): Missing ActivityManager; assuming 1000 holds android.permission.SET_PREFERRED_APPLICATIONS
06-13 20:07:33.157 W/android.permission.PermissionManager( 485): Missing ActivityManager; assuming 1000 holds android.permission.SET_PREFERRED_APPLICATIONS
06-13 20:07:33.157 W/android.permission.PermissionManager( 485): Missing ActivityManager; assuming 1000 holds android.permission.SET_PREFERRED_APPLICATIONS
06-13 20:07:33.157 W/android.permission.PermissionManager( 485): Missing ActivityManager; assuming 1000 holds android.permission.SET_PREFERRED_APPLICATIONS
06-13 20:07:33.158 W/android.permission.PermissionManager( 485): Missing ActivityManager; assuming 1000 holds android.permission.SET_PREFERRED_APPLICATIONS
06-13 20:07:33.158 W/android.permission.PermissionManager( 485): Missing ActivityManager; assuming 1000 holds android.permission.SET_PREFERRED_APPLICATIONS
06-13 20:07:33.158 W/android.permission.PermissionManager( 485): Missing ActivityManager; assuming 1000 holds android.permission.SET_PREFERRED_APPLICATIONS
06-13 20:07:33.158 W/android.permission.PermissionManager( 485): Missing ActivityManager; assuming 1000 holds android.permission.SET_PREFERRED_APPLICATIONS
06-13 20:07:33.159 W/android.permission.PermissionManager( 485): Missing ActivityManager; assuming 1000 holds android.permission.SET_PREFERRED_APPLICATIONS
06-13 20:07:33.159 W/android.permission.PermissionManager( 485): Missing ActivityManager; assuming 1000 holds android.permission.SET_PREFERRED_APPLICATIONS
06-13 20:07:33.159 W/android.permission.PermissionManager( 485): Missing ActivityManager; assuming 1000 holds android.permission.SET_PREFERRED_APPLICATIONS
06-13 20:07:33.160 W/android.permission.PermissionManager( 485): Missing ActivityManager; assuming 1000 holds android.permission.SET_PREFERRED_APPLICATIONS
06-13 20:07:33.160 W/android.permission.PermissionManager( 485): Missing ActivityManager; assuming 1000 holds android.permission.SET_PREFERRED_APPLICATIONS
06-13 20:07:33.160 W/android.permission.PermissionManager( 485): Missing ActivityManager; assuming 1000 holds android.permission.SET_PREFERRED_APPLICATIONS
06-13 20:07:33.160 W/android.permission.PermissionManager( 485): Missing ActivityManager; assuming 1000 holds android.permission.SET_PREFERRED_APPLICATIONS
06-13 20:07:33.161 W/android.permission.PermissionManager( 485): Missing ActivityManager; assuming 1000 holds android.permission.SET_PREFERRED_APPLICATIONS
06-13 20:07:33.161 W/android.permission.PermissionManager( 485): Missing ActivityManager; assuming 1000 holds android.permission.SET_PREFERRED_APPLICATIONS
06-13 20:07:33.161 W/android.permission.PermissionManager( 485): Missing ActivityManager; assuming 1000 holds android.permission.SET_PREFERRED_APPLICATIONS
06-13 20:07:33.161 W/android.permission.PermissionManager( 485): Missing ActivityManager; assuming 1000 holds android.permission.SET_PREFERRED_APPLICATIONS
06-13 20:07:33.162 W/android.permission.PermissionManager( 485): Missing ActivityManager; assuming 1000 holds android.permission.SET_PREFERRED_APPLICATIONS
06-13 20:07:33.162 W/android.permission.PermissionManager( 485): Missing ActivityManager; assuming 1000 holds android.permission.SET_PREFERRED_APPLICATIONS
06-13 20:07:33.162 W/android.permission.PermissionManager( 485): Missing ActivityManager; assuming 1000 holds android.permission.SET_PREFERRED_APPLICATIONS
06-13 20:07:33.162 W/android.permission.PermissionManager( 485): Missing ActivityManager; assuming 1000 holds android.permission.SET_PREFERRED_APPLICATIONS
06-13 20:07:33.163 W/android.permission.PermissionManager( 485): Missing ActivityManager; assuming 1000 holds android.permission.SET_PREFERRED_APPLICATIONS
06-13 20:07:33.163 W/android.permission.PermissionManager( 485): Missing ActivityManager; assuming 1000 holds android.permission.SET_PREFERRED_APPLICATIONS
06-13 20:07:33.163 W/android.permission.PermissionManager( 485): Missing ActivityManager; assuming 1000 holds android.permission.SET_PREFERRED_APPLICATIONS
06-13 20:07:33.163 W/android.permission.PermissionManager( 485): Missing ActivityManager; assuming 1000 holds android.permission.SET_PREFERRED_APPLICATIONS
06-13 20:07:33.164 W/android.permission.PermissionManager( 485): Missing ActivityManager; assuming 1000 holds android.permission.SET_PREFERRED_APPLICATIONS
06-13 20:07:33.164 W/android.permission.PermissionManager( 485): Missing ActivityManager; assuming 1000 holds android.permission.SET_PREFERRED_APPLICATIONS
06-13 20:07:33.164 W/android.permission.PermissionManager( 485): Missing ActivityManager; assuming 1000 holds android.permission.SET_PREFERRED_APPLICATIONS
06-13 20:07:33.164 W/android.permission.PermissionManager( 485): Missing ActivityManager; assuming 1000 holds android.permission.SET_PREFERRED_APPLICATIONS
06-13 20:07:33.165 W/android.permission.PermissionManager( 485): Missing ActivityManager; assuming 1000 holds android.permission.SET_PREFERRED_APPLICATIONS
06-13 20:07:33.165 W/android.permission.PermissionManager( 485): Missing ActivityManager; assuming 1000 holds android.permission.SET_PREFERRED_APPLICATIONS
06-13 20:07:33.165 W/android.permission.PermissionManager( 485): Missing ActivityManager; assuming 1000 holds android.permission.SET_PREFERRED_APPLICATIONS
06-13 20:07:33.166 W/android.permission.PermissionManager( 485): Missing ActivityManager; assuming 1000 holds android.permission.SET_PREFERRED_APPLICATIONS
06-13 20:07:33.168 W/android.permission.PermissionManager( 485): Missing ActivityManager; assuming 1000 holds android.permission.SET_PREFERRED_APPLICATIONS
06-13 20:07:33.168 W/android.permission.PermissionManager( 485): Missing ActivityManager; assuming 1000 holds android.permission.SET_PREFERRED_APPLICATIONS
06-13 20:07:33.169 W/android.permission.PermissionManager( 485): Missing ActivityManager; assuming 1000 holds android.permission.SET_PREFERRED_APPLICATIONS
06-13 20:07:33.169 W/android.permission.PermissionManager( 485): Missing ActivityManager; assuming 1000 holds android.permission.SET_PREFERRED_APPLICATIONS
06-13 20:07:33.169 W/android.permission.PermissionManager( 485): Missing ActivityManager; assuming 1000 holds android.permission.SET_PREFERRED_APPLICATIONS
06-13 20:07:33.169 W/android.permission.PermissionManager( 485): Missing ActivityManager; assuming 1000 holds android.permission.SET_PREFERRED_APPLICATIONS
06-13 20:07:33.169 W/android.permission.PermissionManager( 485): Missing ActivityManager; assuming 1000 holds android.permission.SET_PREFERRED_APPLICATIONS
06-13 20:07:33.170 W/android.permission.PermissionManager( 485): Missing ActivityManager; assuming 1000 holds android.permission.SET_PREFERRED_APPLICATIONS
06-13 20:07:33.170 W/android.permission.PermissionManager( 485): Missing ActivityManager; assuming 1000 holds android.permission.SET_PREFERRED_APPLICATIONS
06-13 20:07:33.170 W/android.permission.PermissionManager( 485): Missing ActivityManager; assuming 1000 holds android.permission.SET_PREFERRED_APPLICATIONS
06-13 20:07:33.170 W/android.permission.PermissionManager( 485): Missing ActivityManager; assuming 1000 holds android.permission.SET_PREFERRED_APPLICATIONS
06-13 20:07:33.171 W/android.permission.PermissionManager( 485): Missing ActivityManager; assuming 1000 holds android.permission.SET_PREFERRED_APPLICATIONS
06-13 20:07:33.171 W/android.permission.PermissionManager( 485): Missing ActivityManager; assuming 1000 holds android.permission.SET_PREFERRED_APPLICATIONS
06-13 20:07:33.171 W/android.permission.PermissionManager( 485): Missing ActivityManager; assuming 1000 holds android.permission.SET_PREFERRED_APPLICATIONS
06-13 20:07:33.171 W/android.permission.PermissionManager( 485): Missing ActivityManager; assuming 1000 holds android.permission.SET_PREFERRED_APPLICATIONS
06-13 20:07:33.171 W/android.permission.PermissionManager( 485): Missing ActivityManager; assuming 1000 holds android.permission.SET_PREFERRED_APPLICATIONS
06-13 20:07:33.172 W/android.permission.PermissionManager( 485): Missing ActivityManager; assuming 1000 holds android.permission.SET_PREFERRED_APPLICATIONS
06-13 20:07:33.172 W/android.permission.PermissionManager( 485): Missing ActivityManager; assuming 1000 holds android.permission.SET_PREFERRED_APPLICATIONS
06-13 20:07:33.172 W/android.permission.PermissionManager( 485): Missing ActivityManager; assuming 1000 holds android.permission.SET_PREFERRED_APPLICATIONS
06-13 20:07:33.172 W/android.permission.PermissionManager( 485): Missing ActivityManager; assuming 1000 holds android.permission.SET_PREFERRED_APPLICATIONS
06-13 20:07:33.173 W/android.permission.PermissionManager( 485): Missing ActivityManager; assuming 1000 holds android.permission.SET_PREFERRED_APPLICATIONS
06-13 20:07:33.173 W/android.permission.PermissionManager( 485): Missing ActivityManager; assuming 1000 holds android.permission.SET_PREFERRED_APPLICATIONS
06-13 20:07:33.173 W/android.permission.PermissionManager( 485): Missing ActivityManager; assuming 1000 holds android.permission.SET_PREFERRED_APPLICATIONS
06-13 20:07:33.173 W/android.permission.PermissionManager( 485): Missing ActivityManager; assuming 1000 holds android.permission.SET_PREFERRED_APPLICATIONS
06-13 20:07:33.173 W/android.permission.PermissionManager( 485): Missing ActivityManager; assuming 1000 holds android.permission.SET_PREFERRED_APPLICATIONS
06-13 20:07:33.174 W/android.permission.PermissionManager( 485): Missing ActivityManager; assuming 1000 holds android.permission.SET_PREFERRED_APPLICATIONS
06-13 20:07:33.174 W/android.permission.PermissionManager( 485): Missing ActivityManager; assuming 1000 holds android.permission.SET_PREFERRED_APPLICATIONS
06-13 20:07:33.174 W/android.permission.PermissionManager( 485): Missing ActivityManager; assuming 1000 holds android.permission.SET_PREFERRED_APPLICATIONS
06-13 20:07:33.175 W/android.permission.PermissionManager( 485): Missing ActivityManager; assuming 1000 holds android.permission.SET_PREFERRED_APPLICATIONS
06-13 20:07:33.175 W/android.permission.PermissionManager( 485): Missing ActivityManager; assuming 1000 holds android.permission.SET_PREFERRED_APPLICATIONS
06-13 20:07:33.175 W/android.permission.PermissionManager( 485): Missing ActivityManager; assuming 1000 holds android.permission.SET_PREFERRED_APPLICATIONS
06-13 20:07:33.175 W/android.permission.PermissionManager( 485): Missing ActivityManager; assuming 1000 holds android.permission.SET_PREFERRED_APPLICATIONS
06-13 20:07:33.175 W/android.permission.PermissionManager( 485): Missing ActivityManager; assuming 1000 holds android.permission.SET_PREFERRED_APPLICATIONS
06-13 20:07:33.176 W/android.permission.PermissionManager( 485): Missing ActivityManager; assuming 1000 holds android.permission.SET_PREFERRED_APPLICATIONS
06-13 20:07:33.176 W/android.permission.PermissionManager( 485): Missing ActivityManager; assuming 1000 holds android.permission.SET_PREFERRED_APPLICATIONS
06-13 20:07:33.176 W/android.permission.PermissionManager( 485): Missing ActivityManager; assuming 1000 holds android.permission.SET_PREFERRED_APPLICATIONS
06-13 20:07:33.176 W/android.permission.PermissionManager( 485): Missing ActivityManager; assuming 1000 holds android.permission.SET_PREFERRED_APPLICATIONS
06-13 20:07:33.176 W/android.permission.PermissionManager( 485): Missing ActivityManager; assuming 1000 holds android.permission.SET_PREFERRED_APPLICATIONS
06-13 20:07:33.177 W/android.permission.PermissionManager( 485): Missing ActivityManager; assuming 1000 holds android.permission.SET_PREFERRED_APPLICATIONS
06-13 20:07:33.177 W/android.permission.PermissionManager( 485): Missing ActivityManager; assuming 1000 holds android.permission.SET_PREFERRED_APPLICATIONS
06-13 20:07:33.177 W/android.permission.PermissionManager( 485): Missing ActivityManager; assuming 1000 holds android.permission.SET_PREFERRED_APPLICATIONS
06-13 20:07:33.177 W/android.permission.PermissionManager( 485): Missing ActivityManager; assuming 1000 holds android.permission.SET_PREFERRED_APPLICATIONS
06-13 20:07:33.178 W/android.permission.PermissionManager( 485): Missing ActivityManager; assuming 1000 holds android.permission.SET_PREFERRED_APPLICATIONS
06-13 20:07:33.178 W/android.permission.PermissionManager( 485): Missing ActivityManager; assuming 1000 holds android.permission.SET_PREFERRED_APPLICATIONS
06-13 20:07:33.178 W/android.permission.PermissionManager( 485): Missing ActivityManager; assuming 1000 holds android.permission.SET_PREFERRED_APPLICATIONS
06-13 20:07:33.178 W/android.permission.PermissionManager( 485): Missing ActivityManager; assuming 1000 holds android.permission.SET_PREFERRED_APPLICATIONS
06-13 20:07:33.179 W/android.permission.PermissionManager( 485): Missing ActivityManager; assuming 1000 holds android.permission.SET_PREFERRED_APPLICATIONS
06-13 20:07:33.179 W/android.permission.PermissionManager( 485): Missing ActivityManager; assuming 1000 holds android.permission.SET_PREFERRED_APPLICATIONS
06-13 20:07:33.179 W/android.permission.PermissionManager( 485): Missing ActivityManager; assuming 1000 holds android.permission.SET_PREFERRED_APPLICATIONS
06-13 20:07:33.179 W/android.permission.PermissionManager( 485): Missing ActivityManager; assuming 1000 holds android.permission.SET_PREFERRED_APPLICATIONS
06-13 20:07:33.203 W/PackageSettings( 485): Missing permission state for package: com.android.cts.priv.ctsshim
06-13 20:07:33.203 W/PackageSettings( 485): Missing permission state for package: com.android.internal.systemui.navbar.gestural_wide_back
06-13 20:07:33.204 W/PackageSettings( 485): Missing permission state for package: com.softwinner.awlogsettings
06-13 20:07:33.204 W/PackageSettings( 485): Missing permission state for package: com.android.htmlviewer
06-13 20:07:33.204 W/PackageSettings( 485): Missing permission state for package: com.android.internal.systemui.onehanded.gestural
06-13 20:07:33.204 W/PackageSettings( 485): Missing permission state for package: com.android.simappdialog
06-13 20:07:33.204 W/PackageSettings( 485): Missing permission state for package: com.android.connectivity.resources
06-13 20:07:33.204 W/PackageSettings( 485): Missing permission state for package: com.android.modulemetadata
06-13 20:07:33.204 W/PackageSettings( 485): Missing permission state for package: com.google.android.apps.searchlite.overlay
06-13 20:07:33.205 W/PackageSettings( 485): Missing permission state for package: com.android.internal.systemui.navbar.threebutton
06-13 20:07:33.205 W/PackageSettings( 485): Missing permission state for package: com.google.android.networkstackconfig
06-13 20:07:33.205 W/PackageSettings( 485): Missing permission state for package: com.android.internal.systemui.navbar.gestural_extra_wide_back
06-13 20:07:33.205 W/PackageSettings( 485): Missing permission state for package: com.android.dreams.basic
06-13 20:07:33.205 W/PackageSettings( 485): Missing permission state for package: android.ext.shared
06-13 20:07:33.206 W/PackageSettings( 485): Missing permission state for package: com.google.android.networkstack.tetheringconfig
06-13 20:07:33.206 W/PackageSettings( 485): Missing permission state for package: com.android.wifi.resources
06-13 20:07:33.206 W/PackageSettings( 485): Missing permission state for package: com.android.theme.font.notoserifsource
06-13 20:07:33.206 W/PackageSettings( 485): Missing permission state for package: com.allwinnertech.packageoverride
06-13 20:07:33.206 W/PackageSettings( 485): Missing permission state for package: com.android.bookmarkprovider
06-13 20:07:33.206 W/PackageSettings( 485): Missing permission state for package: com.android.cts.ctsshim
06-13 20:07:33.206 W/PackageSettings( 485): Missing permission state for package: com.softwinner.theme.icon
06-13 20:07:33.207 W/PackageSettings( 485): Missing permission state for package: com.softwinner.theme.color
06-13 20:07:33.207 W/PackageSettings( 485): Missing permission state for package: com.android.internal.systemui.navbar.gestural
06-13 20:07:33.207 W/PackageSettings( 485): Missing permission state for package: com.android.internal.systemui.navbar.gestural_narrow_back
06-13 20:07:33.207 W/PackageSettings( 485): Missing permission state for package: android.auto_generated_rro_vendor__
06-13 20:07:33.209 W/PackageSettings( 485): Missing permission state for shared user: android.uid.log
06-13 20:07:33.209 W/PackageSettings( 485): Missing permission state for shared user: android.uid.nfc
06-13 20:07:33.209 W/PackageSettings( 485): Missing permission state for shared user: android.uid.uwb
06-13 20:07:33.218 D/PackageManager( 485): Keeping known cache a63a823640d80158afa5d104616ece78ec45aa89
06-13 20:07:33.221 D/PackageManager( 485): No files in app dir /system/system_ext/overlay
06-13 20:07:33.229 I/PackageBackwardCompatibility( 485): Loaded android.content.pm.AndroidTestBaseUpdater
06-13 20:07:33.231 D/CompatibilityChangeReporter( 485): Compat change id reported: 143539591; UID -1; state: ENABLED
06-13 20:07:33.236 W/ServiceManager( 253): Service statscompanion didn't start. Returning NULL
06-13 20:07:33.239 I/statsd ( 253): Statsd starts to listen to socket.
06-13 20:07:33.251 D/PackageManager( 485): No files in app dir /oem/overlay
06-13 20:07:33.251 D/PackageManager( 485): No files in app dir /odm/overlay
06-13 20:07:33.259 W/PackageManager( 485): Failed to parse /system/framework/arm: Missing base APK in /system/framework/arm
06-13 20:07:33.259 W/PackageManager( 485): Failed to parse /system/framework/oat: Missing base APK in /system/framework/oat/arm
06-13 20:07:33.328 D/PackageParsing( 485): homlet: force set orientation: 0
06-13 20:07:33.329 D/CompatibilityChangeReporter( 485): Compat change id reported: 150232615; UID -1; state: ENABLED
06-13 20:07:33.366 D/CompatibilityChangeReporter( 485): Compat change id reported: 143539591; UID -1; state: DISABLED
06-13 20:07:33.368 D/CompatibilityChangeReporter( 485): Compat change id reported: 168782947; UID -1; state: ENABLED
06-13 20:07:33.381 D/CompatibilityChangeReporter( 485): Compat change id reported: 168782947; UID -1; state: DISABLED
06-13 20:07:33.384 W/PackageManager( 485): Failed to parse /system/priv-app/SettingsAssist: /system/priv-app/SettingsAssist/SettingsAssist.apk (at Binary XML file line #34): com.softwinner.settingsassist.Recovery: Targeting S+ (version 31 and above) requires that an explicit value for android:exported be defined when intent filters are present
06-13 20:07:33.409 W/PackageManager( 485): Provider ComponentInfo{com.dangbei.leard.leradlauncher/androidx.core.content.FileProvider} already defined; ignoring
06-13 20:07:33.563 I/system_server( 485): Background young concurrent copying GC freed 188318(9981KB) AllocSpace objects, 110(2708KB) LOS objects, 78% free, 6674KB/30MB, paused 859us total 230.149ms
06-13 20:07:33.608 D/PackageManager( 485): No files in app dir /vendor/priv-app
06-13 20:07:33.608 D/PackageManager( 485): No files in app dir /vendor/app
06-13 20:07:33.608 D/PackageManager( 485): No files in app dir /odm/priv-app
06-13 20:07:33.608 D/PackageManager( 485): No files in app dir /odm/app
06-13 20:07:33.609 D/PackageManager( 485): No files in app dir /oem/priv-app
06-13 20:07:33.609 D/PackageManager( 485): No files in app dir /oem/app
06-13 20:07:33.695 D/PackageManager( 485): No files in app dir /apex/com.android.vndk.v31/priv-app
06-13 20:07:33.695 D/PackageManager( 485): No files in app dir /apex/com.android.vndk.v31/app
06-13 20:07:33.695 D/PackageManager( 485): No files in app dir /apex/com.android.tzdata/priv-app
06-13 20:07:33.695 D/PackageManager( 485): No files in app dir /apex/com.android.tzdata/app
06-13 20:07:33.706 D/PackageManager( 485): No files in app dir /apex/com.android.tethering/app
06-13 20:07:33.706 D/PackageManager( 485): No files in app dir /apex/com.android.sdkext/priv-app
06-13 20:07:33.707 D/PackageManager( 485): No files in app dir /apex/com.android.sdkext/app
06-13 20:07:33.707 D/PackageManager( 485): No files in app dir /apex/com.android.scheduling/priv-app
06-13 20:07:33.707 D/PackageManager( 485): No files in app dir /apex/com.android.scheduling/app
06-13 20:07:33.707 D/PackageManager( 485): No files in app dir /apex/com.android.runtime/priv-app
06-13 20:07:33.707 D/PackageManager( 485): No files in app dir /apex/com.android.runtime/app
06-13 20:07:33.707 D/PackageManager( 485): No files in app dir /apex/com.android.resolv/priv-app
06-13 20:07:33.707 D/PackageManager( 485): No files in app dir /apex/com.android.resolv/app
06-13 20:07:33.717 D/PackageManager( 485): No files in app dir /apex/com.android.permission/app
06-13 20:07:33.717 D/PackageManager( 485): No files in app dir /apex/com.android.os.statsd/priv-app
06-13 20:07:33.717 D/PackageManager( 485): No files in app dir /apex/com.android.os.statsd/app
06-13 20:07:33.717 D/PackageManager( 485): No files in app dir /apex/com.android.neuralnetworks/priv-app
06-13 20:07:33.717 D/PackageManager( 485): No files in app dir /apex/com.android.neuralnetworks/app
06-13 20:07:33.723 D/PackageManager( 485): No files in app dir /apex/com.android.mediaprovider/app
06-13 20:07:33.723 D/PackageManager( 485): No files in app dir /apex/com.android.media.swcodec/priv-app
06-13 20:07:33.724 D/PackageManager( 485): No files in app dir /apex/com.android.media.swcodec/app
06-13 20:07:33.724 D/PackageManager( 485): No files in app dir /apex/com.android.media/priv-app
06-13 20:07:33.724 D/PackageManager( 485): No files in app dir /apex/com.android.media/app
06-13 20:07:33.724 D/PackageManager( 485): No files in app dir /apex/com.android.ipsec/priv-app
06-13 20:07:33.724 D/PackageManager( 485): No files in app dir /apex/com.android.ipsec/app
06-13 20:07:33.724 D/PackageManager( 485): No files in app dir /apex/com.android.i18n/priv-app
06-13 20:07:33.724 D/PackageManager( 485): No files in app dir /apex/com.android.i18n/app
06-13 20:07:33.730 D/PackageManager( 485): No files in app dir /apex/com.android.extservices/app
06-13 20:07:33.731 D/PackageManager( 485): No files in app dir /apex/com.android.conscrypt/priv-app
06-13 20:07:33.731 D/PackageManager( 485): No files in app dir /apex/com.android.conscrypt/app
06-13 20:07:33.731 D/PackageManager( 485): No files in app dir /apex/com.android.art/priv-app
06-13 20:07:33.731 D/PackageManager( 485): No files in app dir /apex/com.android.art/app
06-13 20:07:33.731 D/PackageManager( 485): No files in app dir /apex/com.android.appsearch/priv-app
06-13 20:07:33.731 D/PackageManager( 485): No files in app dir /apex/com.android.appsearch/app
06-13 20:07:33.731 D/PackageManager( 485): No files in app dir /apex/com.android.adbd/priv-app
06-13 20:07:33.731 D/PackageManager( 485): No files in app dir /apex/com.android.adbd/app
06-13 20:07:33.739 I/PackageManager( 485): Finished scanning system apps. Time: 524 ms, packageCount: 112 , timePerPackage: 4 , cached: 112
06-13 20:07:33.763 D/CompatibilityChangeReporter( 485): Compat change id reported: 133396946; UID -1; state: DISABLED
06-13 20:07:33.772 I/PackageManager( 485): Finished scanning non-system apps. Time: 33 ms, packageCount: 1 , timePerPackage: 33 , cached: 1
06-13 20:07:33.774 W/PackageManager( 485): There should probably be exactly one storage manager; found 2: matches=[ResolveInfo{b087833 com.android.storagemanager/.deletionhelper.DeletionHelperActivity m=0x108000}, ResolveInfo{1ace7f0 com.android.tv.settings/.device.StorageResetActivity m=0x108000}]
06-13 20:07:33.774 E/PackageManager( 485): There should probably be exactly one setup wizard; found 2: matches=[ResolveInfo{8ea1169 com.dangbei.hqguide/.main.MainActivity p=1000 m=0x108000}, ResolveInfo{d2d97ee com.softwinner.provision/.DefaultActivity p=1 m=0x108000}]
06-13 20:07:33.784 I/PackageManager( 485): Time to scan packages: 0.569 seconds
06-13 20:07:33.819 I/PackageManager( 485): Permission ownership changed. Updating all permissions.
06-13 20:07:33.868 V/PackageManager( 485): reconcileAppsData for null u0 0x3 migrateAppData=true
06-13 20:07:33.892 I/SELinux ( 354): SELinux: Loaded file_contexts
06-13 20:07:34.001 D/XiriService( 319): check file name: /data/data/android/lib
06-13 20:07:34.000 I/xiriservice_All( 319): type=1400 audit(0.0:303): avc: denied { search } for name="android" dev="mmcblk0p25" ino=505 scontext=u:r:init:s0 tcontext=u:object_r:system_app_data_file:s0 tclass=dir permissive=1
06-13 20:07:34.002 D/XiriService( 319): check file name: /data/data/android/lib
06-13 20:07:34.002 D/XiriService( 319): check file name: /data/data/android/lib
06-13 20:07:34.002 D/XiriService( 319): check file name: /data/data/android/lib
06-13 20:07:34.000 I/xiriservice_All( 319): type=1400 audit(0.0:304): avc: denied { read } for name="lib" dev="mmcblk0p25" ino=9610 scontext=u:r:init:s0 tcontext=u:object_r:system_app_data_file:s0 tclass=lnk_file permissive=1
06-13 20:07:34.008 D/XiriService( 319): check file name: /data/data/android/lib
06-13 20:07:34.008 D/XiriService( 319): check file name: /data/data/android/lib
06-13 20:07:34.008 D/XiriService( 319): check file name: /data/data/android/lib
06-13 20:07:34.008 D/XiriService( 319): check file name: /data/data/android/lib
06-13 20:07:34.010 D/XiriService( 319): check file name: /data/data/com.android.providers.settings/lib
06-13 20:07:34.010 D/XiriService( 319): check file name: /data/data/com.android.providers.settings/lib
06-13 20:07:34.011 D/XiriService( 319): check file name: /data/data/com.android.providers.settings/lib
06-13 20:07:34.011 D/XiriService( 319): check file name: /data/data/com.android.providers.settings/lib
06-13 20:07:34.022 D/XiriService( 319): check file name: /data/data/com.android.providers.settings/lib
06-13 20:07:34.022 D/XiriService( 319): check file name: /data/data/com.android.providers.settings/lib
06-13 20:07:34.022 D/XiriService( 319): check file name: /data/data/com.android.providers.settings/lib
06-13 20:07:34.022 D/XiriService( 319): check file name: /data/data/com.android.providers.settings/lib
06-13 20:07:34.023 D/XiriService( 319): check file name: /data/data/com.android.inputdevices/lib
06-13 20:07:34.023 D/XiriService( 319): check file name: /data/data/com.android.inputdevices/lib
06-13 20:07:34.023 D/XiriService( 319): check file name: /data/data/com.android.inputdevices/lib
06-13 20:07:34.023 D/XiriService( 319): check file name: /data/data/com.android.inputdevices/lib
06-13 20:07:34.028 D/XiriService( 319): check file name: /data/data/com.android.inputdevices/lib
06-13 20:07:34.028 D/XiriService( 319): check file name: /data/data/com.android.inputdevices/lib
06-13 20:07:34.028 D/XiriService( 319): check file name: /data/data/com.android.inputdevices/lib
06-13 20:07:34.028 D/XiriService( 319): check file name: /data/data/com.android.inputdevices/lib
06-13 20:07:34.036 D/XiriService( 319): check file name: /data/data/android.ext.services/lib
06-13 20:07:34.032 I/xiriservice_All( 319): type=1400 audit(0.0:305): avc: denied { search } for name="android.ext.services" dev="mmcblk0p25" ino=437 scontext=u:r:init:s0 tcontext=u:object_r:app_data_file:s0:c512,c768 tclass=dir permissive=1
06-13 20:07:34.036 D/XiriService( 319): check file name: /data/data/android.ext.services/lib
06-13 20:07:34.036 D/XiriService( 319): check file name: /data/data/android.ext.services/lib
06-13 20:07:34.037 D/XiriService( 319): check file name: /data/data/android.ext.services/lib
06-13 20:07:34.032 I/xiriservice_All( 319): type=1400 audit(0.0:306): avc: denied { read } for name="lib" dev="mmcblk0p25" ino=9616 scontext=u:r:init:s0 tcontext=u:object_r:app_data_file:s0:c512,c768 tclass=lnk_file permissive=1
06-13 20:07:34.043 D/XiriService( 319): check file name: /data/data/android.ext.services/lib
06-13 20:07:34.043 D/XiriService( 319): check file name: /data/data/android.ext.services/lib
06-13 20:07:34.043 D/XiriService( 319): check file name: /data/data/android.ext.services/lib
06-13 20:07:34.043 D/XiriService( 319): check file name: /data/data/android.ext.services/lib
06-13 20:07:34.062 D/XiriService( 319): check file name: /data/data/com.android.location.fused/lib
06-13 20:07:34.063 D/XiriService( 319): check file name: /data/data/com.android.location.fused/lib
06-13 20:07:34.063 D/XiriService( 319): check file name: /data/data/com.android.location.fused/lib
