06-13 20:07:47.552 W/set_vsif_config( 421): 233 callbacks suppressed
06-13 20:07:47.552 I/ ( 421): Error: set vsif failed
06-13 20:07:47.555 W/resolv ( 254): Validating DnsTlsServer 192.168.31.1 with mark 0xf0064
06-13 20:07:47.558 W/resolv ( 254): SSL_connect ssl error =5, mark 0xf0064: Connection refused
06-13 20:07:47.558 W/resolv ( 254): TLS Handshake failed
06-13 20:07:47.559 W/resolv ( 254): query failed
06-13 20:07:47.559 W/resolv ( 254): validateDnsTlsServer returned 0 for 192.168.31.1
06-13 20:07:47.559 W/resolv ( 254): Validation failed
06-13 20:07:47.566 W/ContextImpl( 485): Calling a method in the system process without a qualified user: android.app.ContextImpl.sendStickyBroadcast:1559 com.android.server.ConnectivityService.sendStickyBroadcast:2884 com.android.server.ConnectivityService.sendGeneralBroadcast:2859 com.android.server.ConnectivityService.sendInetConditionBroadcast:2836 com.android.server.ConnectivityService.updateInetCondition:8529
06-13 20:07:47.570 W/LastMileLogger( 485): Failed to stop event tracing: /sys/kernel/debug/tracing/instances/wifi/tracing_on: open failed: ENOENT (No such file or directory)
06-13 20:07:47.576 I/CalendarProvider2( 1800): Created com.android.providers.calendar.CalendarAlarmManager@2a81af8(com.android.providers.calendar.CalendarProvider2@d9b3bd1)
06-13 20:07:47.613 E/hq ( 1101): NetWorkStateReceiver:::NetWorkStateReceiver onReceive: 网络变化广播 >>>> intent.action=android.net.conn.CONNECTIVITY_CHANGE
06-13 20:07:47.621 E/hq ( 1101): NetWorkStateReceiver:::Network is available. isConnect=false 是否频次过快=false t=1749816467620
06-13 20:07:47.621 W/eventbuscore( 1101): post Event:com.dangbei.leard.base.entity.event.NetStateEvent
06-13 20:07:47.623 D/CompatibilityChangeReporter( 1800): Compat change id reported: 160794467; UID 10022; state: ENABLED
06-13 20:07:47.628 W/System.err( 1039): SLF4J: Failed to load class "org.slf4j.impl.StaticLoggerBinder".
06-13 20:07:47.628 W/System.err( 1039): SLF4J: Defaulting to no-operation (NOP) logger implementation
06-13 20:07:47.628 W/System.err( 1039): SLF4J: See http://www.slf4j.org/codes.html#StaticLoggerBinder for further details.
06-13 20:07:47.629 D/AppManager( 1101): requestBlackAndWhiteList
06-13 20:07:47.629 D/AppListModel( 1101): requestAppFilterList: true , false
06-13 20:07:47.632 D/WifiMemoryStoreImpl( 485): Set cluster G2a37791bb62d2e6e for W7ab07543811efc51: SUCCESS
06-13 20:07:47.635 I/ ( 421): DVI mode selected: packets not configured
06-13 20:07:47.635 I/ ( 421): Error: set vsif failed
06-13 20:07:47.643 W/eventbuscore( 1101): post Event:com.dangbei.leard.base.entity.event.NetChangeEvent
06-13 20:07:47.644 E/DangXiaoBeiManager( 1101): setMessageList: true
06-13 20:07:47.649 D/LanSocketServer( 1039): connect /192.168.31.235:6689
06-13 20:07:47.649 E/hq ( 1101): 当小贝:::message list add complete data.messageList:[]
06-13 20:07:47.649 E/hq ( 1101): data.tabList=[]
06-13 20:07:47.654 D/LanSocketServer( 1039): connect start
06-13 20:07:47.654 E/LanCommander( 1039): onNetWorkChanged: true
06-13 20:07:47.660 D/yc_test ( 1101): refreshWeather: null
06-13 20:07:47.665 I/WifiClientModeImpl( 485): Default Gateway MAC address of c8:bf:4c:1d:7a:9b from routes is : c8:bf:4c:1d:7a:99
06-13 20:07:47.666 E/LanCommander( 1039): onNetWorkChanged: true
06-13 20:07:47.677 D/WifiConfigStore( 485): Writing to stores completed in 8 ms.
06-13 20:07:47.684 I/hq ( 1101): 当小贝:::showMessage from=net_change
06-13 20:07:47.689 D/CompatibilityChangeReporter( 485): Compat change id reported: 171306433; UID 10022; state: ENABLED
06-13 20:07:47.696 I/hq ( 1101): 当小贝:::showMessage 没有消息需要显示
06-13 20:07:47.697 D/CompatibilityChangeReporter( 485): Compat change id reported: 143231523; UID 10022; state: DISABLED
06-13 20:07:47.719 E/LanCommander( 1039): onServerCreatedSuccess 192.168.31.235:6689
06-13 20:07:47.729 E/hq ( 1101): NetWorkStateReceiver:::NetWorkStateReceiver onReceive: 网络变化广播 >>>> intent.action=android.net.conn.CONNECTIVITY_CHANGE
06-13 20:07:47.741 E/hq ( 1101): NetWorkStateReceiver:::Network is available. isConnect=true 是否频次过快=true t=1749816467741
06-13 20:07:47.742 W/eventbuscore( 1101): post Event:com.dangbei.leard.base.entity.event.NetChangeEvent
06-13 20:07:47.752 W/audit ( 1866): audit_lost=148 audit_rate_limit=5 audit_backlog_limit=64
06-13 20:07:47.752 E/audit ( 1866): rate limit exceeded
06-13 20:07:47.761 E/RCInfo ( 1039): vid:
06-13 20:07:47.761 E/RCInfo ( 1039): pid:
06-13 20:07:47.761 E/RCInfo ( 1039): RCBrand:NA
06-13 20:07:47.781 E/RCInfo ( 1039): vid:
06-13 20:07:47.781 E/RCInfo ( 1039): pid:
06-13 20:07:47.782 E/RCInfo ( 1039): vid:
06-13 20:07:47.782 E/RCInfo ( 1039): pid:
06-13 20:07:47.783 E/RCInfo ( 1039): vid:
06-13 20:07:47.783 E/RCInfo ( 1039): pid:
06-13 20:07:47.783 E/RCInfo ( 1039): RCBrand:NA
06-13 20:07:47.783 E/RCInfo ( 1039): vid:
06-13 20:07:47.783 E/RCInfo ( 1039): pid:
06-13 20:07:47.784 E/RCInfo ( 1039): vid:
06-13 20:07:47.784 E/RCInfo ( 1039): pid:
06-13 20:07:47.847 D/getEthernetMacAddr( 1039): getEthernetMacAddr use eth0
06-13 20:07:47.847 D/getEthernetMacAddr( 1039): getEthernetMacAddr use eth0
06-13 20:07:47.873 E/hq ( 1101): listenerNet:::重新来网了 key=image_error isConnect=true
06-13 20:07:47.874 E/hq ( 1101): listenerNet:::重新来网了 key=requestAppWhiteList isConnect=true
06-13 20:07:47.877 D/ConnectivityService( 485): Setting DNS servers for network 100 to [/fe80::cabf:4cff:fe1d:7a99%wlan0, /192.168.31.1]
06-13 20:07:47.880 D/DnsManager( 485): sendDnsConfigurationForNetwork(100, [fe80::cabf:4cff:fe1d:7a99%wlan0, 192.168.31.1], [], 1800, 25, 8, 64, 0, 0, , [fe80::cabf:4cff:fe1d:7a99%wlan0, 192.168.31.1])
06-13 20:07:47.882 E/hq ( 1101): listenerNet:::重新来网了 key=ConfigureInterface:Init isConnect=true
06-13 20:07:47.886 W/resolv ( 254): Validating DnsTlsServer 192.168.31.1 with mark 0xf0064
06-13 20:07:47.887 W/resolv ( 254): Validating DnsTlsServer fe80::cabf:4cff:fe1d:7a99%14 with mark 0xf0064
06-13 20:07:47.889 W/resolv ( 254): SSL_connect ssl error =5, mark 0xf0064: Connection refused
06-13 20:07:47.889 W/resolv ( 254): TLS Handshake failed
06-13 20:07:47.890 W/resolv ( 254): query failed
06-13 20:07:47.890 W/resolv ( 254): validateDnsTlsServer returned 0 for 192.168.31.1
06-13 20:07:47.890 W/resolv ( 254): Validation failed
06-13 20:07:47.891 W/resolv ( 254): SSL_connect ssl error =5, mark 0xf0064: Connection refused
06-13 20:07:47.891 W/resolv ( 254): TLS Handshake failed
06-13 20:07:47.891 W/resolv ( 254): query failed
06-13 20:07:47.891 W/resolv ( 254): validateDnsTlsServer returned 0 for fe80::cabf:4cff:fe1d:7a99%14
06-13 20:07:47.891 W/resolv ( 254): Validation failed
06-13 20:07:47.895 W/BestClock( 485): java.time.DateTimeException: Missing NTP fix
06-13 20:07:47.896 E/hq ( 1101): listenerNet:::重新来网了 key=requestGetMessageRemind isConnect=true
06-13 20:07:47.904 E/hq ( 1101): listenerNet:::重新来网了 key=requestMessageConfig isConnect=true
06-13 20:07:47.906 E/hq ( 1101): listenerNet:::重新来网了 key=requestMessageDialog isConnect=true
06-13 20:07:47.907 E/hq ( 1101): listenerNet:::重新来网了 key=requestNetAppAdInfo isConnect=true
06-13 20:07:47.912 D/yc_test ( 1101): refreshWeather: null
06-13 20:07:47.928 D/CompatibilityChangeReporter( 485): Compat change id reported: 168419799; UID 10074; state: DISABLED
06-13 20:07:47.945 I/ ( 421): DVI mode selected: packets not configured
06-13 20:07:47.945 I/ ( 421): Error: set vsif failed
06-13 20:07:47.949 W/BestClock( 485): java.time.DateTimeException: Missing NTP fix
06-13 20:07:47.957 D/CompatibilityChangeReporter( 485): Compat change id reported: 135634846; UID 10020; state: DISABLED
06-13 20:07:47.965 D/CompatibilityChangeReporter( 485): Compat change id reported: 177438394; UID 10020; state: DISABLED
06-13 20:07:47.965 D/CompatibilityChangeReporter( 485): Compat change id reported: 135772972; UID 10020; state: DISABLED
06-13 20:07:47.966 D/CompatibilityChangeReporter( 485): Compat change id reported: 135754954; UID 10020; state: ENABLED
06-13 20:07:47.966 D/CompatibilityChangeReporter( 485): Compat change id reported: 143937733; UID 10020; state: ENABLED
06-13 20:07:47.974 W/BestClock( 485): java.time.DateTimeException: Missing NTP fix
06-13 20:07:47.982 W/BestClock( 485): java.time.DateTimeException: Missing NTP fix
06-13 20:07:47.987 D/Zygote ( 255): Forked child process 1898
06-13 20:07:47.992 D/getEthernetMacAddr( 1039): getEthernetMacAddr use eth0
06-13 20:07:47.999 I/ActivityManager( 485): app.processName = com.android.providers.tv
06-13 20:07:47.999 I/ActivityManager( 485): Start proc 1898:com.android.providers.tv/u0a20 for broadcast {com.android.providers.tv/com.android.providers.tv.BootCompletedReceiver}
06-13 20:07:48.009 I/Zygote ( 1898): seccomp disabled by setenforce 0
06-13 20:07:48.010 D/aaa ( 1146): WiFi is connect
06-13 20:07:48.030 I/Receiver( 1245): ----------netConnectInitSDK--------------
06-13 20:07:48.031 D/RockyNetMessageUtil( 1245): initTipsList tipEntity = TipEntity{movieType=[我想看喜剧片, 动作片, 枪战片], movie=[庆余年, 误杀, 美丽人生, 爆笑虫子, 哪吒, 小猪佩奇, 胡歌的电视剧, 张艺谋导演的电影, 切换到1080P, 收藏], appController=[打开当贝市场, 下载哈趣影视, 爱奇艺, 卸载腾讯视频], weather=[今天的天气, 未来五天的天气, 杭州天气怎么样, 明天下不下雨], music=[我要听歌, 周杰伦的歌, 上一首, 下一首, 快进一分钟, 暂停], liveAppDownload='非常抱歉,根据监管部门政策管理要求,暂不提供相应服务。', subscreen=null, wakeUpVoiceResponse=[ProbabilityEntity{word='在呢', probability=30}, ProbabilityEntity{word='我在', probability=35}, ProbabilityEntity{word='你说', probability=15}, ProbabilityEntity{word='来啦', probability=20}], unrecognizedVoiceResponse=[ProbabilityEntity{word='可以再说一遍么', probability=45}, ProbabilityEntity{word='可以说的详细一点么', probability=30}, ProbabilityEntity{word='请问有什么可以帮您', probability=25}], notUnderstandVoiceResponse=[ProbabilityEntity{word='换个说法试试吧', probability=100}]} isRequestTipSuccess = false
06-13 20:07:48.031 D/getEthernetMacAddr( 1039): getEthernetMacAddr use eth0
06-13 20:07:48.036 D/XHttpObservable( 1245): handleRequest: start https://tyapi.qun7.com/v1/voice/getsoundshowmsg ,,, isCache = false
06-13 20:07:48.037 D/RockyNetMessageUtil( 1245): initMediaControlPage pageEntity = PageEntity{list=[ContentEntity{packageName='com.dangbei.leard.leradlauncher', activityName='FilmDetailActivity'}, ContentEntity{packageName='com.dangbei.leard.leradlauncher', activityName='FullScreenDetailActivity'}, ContentEntity{packageName='com.dangbei.leard.leradlauncher', activityName='TencentSportActivity'}, ContentEntity{packageName='com.dangbei.leradVideoPlugins', activityName='FilmDetailActivity'}, ContentEntity{packageName='com.dangbei.leradVideoPlugins', activityName='FullScreenDetailActivity'}, ContentEntity{packageName='com.dangbei.leradVideoPlugins', activityName='TencentSportActivity'}, ContentEntity{packageName='com.dangbei.leradVideoPlugins', activityName='ShortPlayActivity'}, ContentEntity{packageName='com.dangbei.hqmedia', activityName='FilmDetailActivity'}, ContentEntity{packageName='com.dangbei.hqmedia', activityName='FullScreenDetailActivity'}, ContentEntity{packageName='com.dangbei.leradVideoPlugins', activityName='MangoMediaActivity'}, ContentEntity{packageName='com.dangbei.leradVideoPlugins', activityName='VcinemaActivity'}]} isRequestPageControlSuccess = false
06-13 20:07:48.041 D/XHttpObservable( 1245): handleRequest: start https://tyapi.qun7.com/v1/voice/getResponseControlPage ,,, isCache = false
06-13 20:07:48.047 W/IorapForwardingService( 485): No service published for: iorapd
06-13 20:07:48.052 D/aaa ( 1146): WiFi is connect
06-13 20:07:48.067 D/aaa ( 1146): WiFi is connect
06-13 20:07:48.071 D/aaa ( 1146): WiFi is connect
06-13 20:07:48.072 I/adbd ( 389): jdwp connection from 1898
06-13 20:07:48.096 D/CompatibilityChangeReporter( 485): Compat change id reported: 168419799; UID 10020; state: DISABLED
06-13 20:07:48.115 D/CompatibilityChangeReporter( 1898): Compat change id reported: 171979766; UID 10020; state: ENABLED
06-13 20:07:48.195 E/SecondScreen( 1101): isShowSecondScreen()=0 getCurrentPageState()=com.monster.gamma.core.LoadService@ae6a46c
06-13 20:07:48.201 I/okhttp.OkHttpClient( 1039): --> POST http://tymsgapi.qun7.com/v1/core/rom (529-byte body)
06-13 20:07:48.210 E/SELinux ( 192): avc: denied { find } for pid=1927 uid=0 name=activity scontext=u:r:preinstall:s0 tcontext=u:object_r:activity_service:s0 tclass=service_manager permissive=1
06-13 20:07:48.242 I/okhttp.OkHttpClient( 1039): --> POST http://tyapi.qun7.com/v1/core/launcherota (529-byte body)
06-13 20:07:48.249 I/okhttp.OkHttpClient( 1039): --> POST http://tymsgapi.qun7.com/v1/core/rom (529-byte body)
06-13 20:07:48.260 E/hq ( 1101): Etna:::sendInspectLauncherUpdate
06-13 20:07:48.296 I/settings( 1947): type=1400 audit(0.0:596): avc: denied { write search } for name="tmp" dev="mmcblk0p25" ino=85 scontext=u:r:preinstall:s0 tcontext=u:object_r:shell_data_file:s0 tclass=dir permissive=1
06-13 20:07:48.296 I/settings( 1947): type=1400 audit(0.0:597): avc: denied { getattr } for path="/data/local/tmp" dev="mmcblk0p25" ino=85 scontext=u:r:preinstall:s0 tcontext=u:object_r:shell_data_file:s0 tclass=dir permissive=1
06-13 20:07:48.279 I/okhttp.OkHttpClient( 1039): --> POST http://tymsgapi.qun7.com/v1/core/logip (596-byte body)
06-13 20:07:48.294 D/aaa ( 1146): topPkg is -------------- :com.dangbei.leard.leradlauncher
06-13 20:07:48.295 E/hq ( 1101): WeatherRefresh:::请求网络地址后,更新的地理位置为:null
06-13 20:07:48.299 D/aaa ( 1146): WiFi is connect
06-13 20:07:48.327 D/AppListModel( 1101): requestAppFilterList: success
06-13 20:07:48.327 D/AppListModel( 1101): updateList
06-13 20:07:48.328 D/AppListModel( 1101): updateList: resetAppList
06-13 20:07:48.346 I/d.leradlaunche( 1101): IncrementDisableThreadFlip blocked for 19.129ms
06-13 20:07:48.354 E/ccc ( 1039): cccccc SystemUpdateHelper launcherUpdate {"launcherCodeLocal":102941,"launcherCodeNet":0,"launcherVersionLocal":"2.9.4.1","launcherVersionNet":"","otaCodeLocal":0,"otaCodeNet":0,"remoteNeedUpdate":false,"updateType":""}
06-13 20:07:48.372 D/etnaManager( 1101): 不需要更新桌面
06-13 20:07:48.389 I/okhttp.OkHttpClient( 1039): <-- 200 OK http://tymsgapi.qun7.com/v1/core/logip (109ms, 81-byte body)
06-13 20:07:48.394 V/GraphicsEnvironment( 1898): ANGLE Developer option for 'com.android.providers.tv' set to: 'default'
06-13 20:07:48.394 V/GraphicsEnvironment( 1898): Neither updatable production driver nor prerelease driver is supported.
06-13 20:07:48.336 I/cmd ( 1951): type=1400 audit(0.0:598): avc: denied { use } for path="pipe:[24286]" dev="pipefs" ino=24286 scontext=u:r:system_server:s0 tcontext=u:r:preinstall:s0 tclass=fd permissive=1
06-13 20:07:48.336 I/cmd ( 1951): type=1400 audit(0.0:599): avc: denied { write } for path="pipe:[24286]" dev="pipefs" ino=24286 scontext=u:r:system_server:s0 tcontext=u:r:preinstall:s0 tclass=fifo_file permissive=1
06-13 20:07:48.401 D/NetworkSecurityConfig( 1898): No Network Security Config specified, using platform default
06-13 20:07:48.405 I/okhttp.OkHttpClient( 1039): <-- 200 OK http://tymsgapi.qun7.com/v1/core/rom (155ms, unknown-length body)
06-13 20:07:48.407 D/NetworkSecurityConfig( 1898): No Network Security Config specified, using platform default
06-13 20:07:48.302 I/ ( 421): DVI mode selected: packets not configured
06-13 20:07:48.302 I/ ( 421): Error: set vsif failed
06-13 20:07:48.415 I/okhttp.OkHttpClient( 1039): <-- 200 OK http://tymsgapi.qun7.com/v1/core/rom (214ms, unknown-length body)
06-13 20:07:48.422 D/CompatibilityChangeReporter( 485): Compat change id reported: 172100307; UID 10074; state: DISABLED
06-13 20:07:48.423 D/CompatibilityChangeReporter( 1898): Compat change id reported: 160794467; UID 10020; state: ENABLED
06-13 20:07:48.424 D/AW_CODE ( 485): rotation =0
06-13 20:07:48.427 I/okhttp.OkHttpClient( 1039): <-- 200 OK http://tyapi.qun7.com/v1/core/launcherota (184ms, unknown-length body)
06-13 20:07:48.430 W/InputMethodManagerService( 485): Illegal subtype state: old subtype = null, new subtype = android.view.inputmethod.InputMethodSubtype@129f21f8
06-13 20:07:48.428 I/preinstall.sh( 1966): type=1400 audit(0.0:600): avc: denied { getattr } for path="/system/bin/toolbox" dev="dm-2" ino=1245 scontext=u:r:preinstall:s0 tcontext=u:object_r:toolbox_exec:s0 tclass=file permissive=1
06-13 20:07:48.443 I/okhttp.OkHttpClient( 1039): --> POST http://tymsgapi.qun7.com/v1/core/appupdate (3278-byte body)
06-13 20:07:48.443 D/AW_CODE ( 485): rotation =0
06-13 20:07:48.453 D/AW_CODE ( 485): rotation =0
06-13 20:07:48.465 I/HttpUtil( 1039): success
06-13 20:07:48.470 E/ccc ( 1039): cccccc launcher ota response is BaseResponse{message='success', data=UpgradeInfoEntity{contentLength=0, versionName='', versionCode=0, remark='', list=[]}, code=0}
06-13 20:07:48.470 W/System.err( 1039): java.lang.IndexOutOfBoundsException: Index: 0, Size: 0
06-13 20:07:48.474 W/System.err( 1039): at java.util.ArrayList.get(ArrayList.java:437)
06-13 20:07:48.474 W/System.err( 1039): at com.dangbei.etna.update.launcher.LauncherUpdateHelper$requestLauncherUpdateInfo$1$2.invoke(LauncherUpdateHelper.kt:198)
06-13 20:07:48.474 W/System.err( 1039): at com.dangbei.etna.update.launcher.LauncherUpdateHelper$requestLauncherUpdateInfo$1$2.invoke(LauncherUpdateHelper.kt:189)
06-13 20:07:48.474 W/System.err( 1039): at com.etna.haqu.support.ext.FlowExtKt$safeCollect$3.emit(FlowExt.kt:52)
06-13 20:07:48.474 W/System.err( 1039): at kotlinx.coroutines.flow.FlowKt__ErrorsKt$catchImpl$2.emit(Errors.kt:158)
06-13 20:07:48.474 W/System.err( 1039): at kotlinx.coroutines.flow.FlowKt__ChannelsKt.emitAllImpl$FlowKt__ChannelsKt(Channels.kt:62)
06-13 20:07:48.474 W/System.err( 1039): at kotlinx.coroutines.flow.FlowKt__ChannelsKt.access$emitAllImpl$FlowKt__ChannelsKt(Channels.kt:1)
06-13 20:07:48.474 W/System.err( 1039): at kotlinx.coroutines.flow.FlowKt__ChannelsKt$emitAllImpl$1.invokeSuspend(Unknown Source:14)
06-13 20:07:48.474 W/System.err( 1039): at kotlin.coroutines.jvm.internal.BaseContinuationImpl.resumeWith(ContinuationImpl.kt:33)
06-13 20:07:48.474 W/System.err( 1039): at kotlinx.coroutines.DispatchedTask.run(DispatchedTask.kt:106)
06-13 20:07:48.474 W/System.err( 1039): at android.os.Handler.handleCallback(Handler.java:938)
06-13 20:07:48.474 W/System.err( 1039): at android.os.Handler.dispatchMessage(Handler.java:99)
06-13 20:07:48.474 W/System.err( 1039): at android.os.Looper.loopOnce(Looper.java:201)
06-13 20:07:48.474 W/System.err( 1039): at android.os.Looper.loop(Looper.java:288)
06-13 20:07:48.474 W/System.err( 1039): at android.app.ActivityThread.main(ActivityThread.java:7854)
06-13 20:07:48.474 W/System.err( 1039): at java.lang.reflect.Method.invoke(Native Method)
06-13 20:07:48.474 W/System.err( 1039): at com.android.internal.os.RuntimeInit$MethodAndArgsCaller.run(RuntimeInit.java:548)
06-13 20:07:48.474 W/System.err( 1039): at com.android.internal.os.ZygoteInit.main(ZygoteInit.java:1182)
06-13 20:07:48.484 E/ccc ( 1039): cccccc com.dangbei.haqusetting not connect
06-13 20:07:48.484 E/ccc ( 1039): cccccc updateHelper 通知更新
06-13 20:07:48.491 E/ccc ( 1039): cccccc requestOtaInfo result BaseResponse{message='success', data=OtaUpdateBean{downloadId='3912', updateType=1, romVersionName='5.0.1.0', romCode=6666, current=0, romMd5v='5098bfb41da7862a5f8efa32169185f6', romLength=695965992, romSize='1.0 GB', downUrl='http://dl.qun7.com/H5/H5/5.0.1.0_user_20250613_MP/user_H618_H5_20250613_ota.zip', reUrl='http://dl.v5tv.com/H5/H5/5.0.1.0_user_20250613_MP/user_H618_H5_20250613_ota.zip', reUrl2='http://dl.tymcdn.com/H5/H5/5.0.1.0_user_20250613_MP/user_H618_H5_20250613_ota.zip', tempUrl='null', remark='6月13号,MP量产固件测试
06-13 20:07:48.491 E/ccc ( 1039): user_H618_H5_20250613
06-13 20:07:48.491 E/ccc ( 1039): 链接: https://pan.baidu.com/s/1I9qXbnB145IidajJVd4M5Q?pwd=b527 提取码: b527
06-13 20:07:48.491 E/ccc ( 1039): 1、user版本
06-13 20:07:48.491 E/ccc ( 1039): 2、添加两个开机广播
06-13 20:07:48.491 E/ccc ( 1039): 3、版本号5010', status=idle, progress=0.0, filterMac=[], localPath='null', popup=1, isPaused=false, cancelled=false, extraInfo='null'}, code=0}
06-13 20:07:48.499 E/ccc ( 1039): cccccc com.dangbei.haqusetting not connect
06-13 20:07:48.499 E/ccc ( 1039): cccccc updateHelper 通知更新
06-13 20:07:48.499 E/ccc ( 1039): cccccc OtaUpdateHelper 普通更新 1
06-13 20:07:48.501 E/HigherBroadcastServer( 1039): {"bluetoothBoot":false,"bluetoothController":false,"bluetoothMac":"B4:2F:03:15:73:2F","deviceModel":"DBBOX-A2","deviceModelNumber":"H5232","deviceName":"客厅的当贝盒子","findController":1,"hostName":"192.168.31.235","inetAddress":"192.168.31.235","mac":"20:02:FE:19:C2:0E","port":6689,"romCode":5010,"romVersion":"5.0.1.0","wifiMac":"B4:2F:03:15:E8:B9","deviceId":"21c64902019dc1b5a2d56996a3df215c","sn":"DZOH58251975972"}
06-13 20:07:48.501 W/NsdServiceInfo( 1039): Key lengths > 9 are discouraged: deviceModel
06-13 20:07:48.501 W/NsdServiceInfo( 1039): Key lengths > 9 are discouraged: deviceModelNumber
06-13 20:07:48.501 W/NsdServiceInfo( 1039): Key lengths > 9 are discouraged: deviceName
06-13 20:07:48.501 W/NsdServiceInfo( 1039): Key lengths > 9 are discouraged: romVersion
06-13 20:07:48.501 W/NsdServiceInfo( 1039): Key lengths > 9 are discouraged: findController
06-13 20:07:48.503 E/ccc ( 1039): cccccc requestOtaInfo result BaseResponse{message='success', data=OtaUpdateBean{downloadId='3912', updateType=1, romVersionName='5.0.1.0', romCode=6666, current=0, romMd5v='5098bfb41da7862a5f8efa32169185f6', romLength=695965992, romSize='1.0 GB', downUrl='http://dl.qun7.com/H5/H5/5.0.1.0_user_20250613_MP/user_H618_H5_20250613_ota.zip', reUrl='http://dl.v5tv.com/H5/H5/5.0.1.0_user_20250613_MP/user_H618_H5_20250613_ota.zip', reUrl2='http://dl.tymcdn.com/H5/H5/5.0.1.0_user_20250613_MP/user_H618_H5_20250613_ota.zip', tempUrl='null', remark='6月13号,MP量产固件测试
06-13 20:07:48.503 E/ccc ( 1039): user_H618_H5_20250613
06-13 20:07:48.503 E/ccc ( 1039): 链接: https://pan.baidu.com/s/1I9qXbnB145IidajJVd4M5Q?pwd=b527 提取码: b527
06-13 20:07:48.503 E/ccc ( 1039): 1、user版本
06-13 20:07:48.503 E/ccc ( 1039): 2、添加两个开机广播
06-13 20:07:48.503 E/ccc ( 1039): 3、版本号5010', status=idle, progress=0.0, filterMac=[], localPath='null', popup=1, isPaused=false, cancelled=false, extraInfo='null'}, code=0}
06-13 20:07:48.504 E/hq ( 1101): WeatherRefresh:::请求网络地址后,更新的地理位置为:null
06-13 20:07:48.507 E/ccc ( 1039): cccccc com.dangbei.haqusetting not connect
06-13 20:07:48.507 E/ccc ( 1039): cccccc updateHelper 通知更新
06-13 20:07:48.507 E/ccc ( 1039): cccccc OtaUpdateHelper 普通更新 1
06-13 20:07:48.553 D/AppManager( 1101): checkLocalAppsIsValid:
06-13 20:07:48.564 D/XHttpObservable( 1245): createNetWorkObservable subscribe: MediaControlEntity{code=0, data=PageEntity{list=[ContentEntity{packageName='com.dangbei.leard.leradlauncher', activityName='FilmDetailActivity'}, ContentEntity{packageName='com.dangbei.leard.leradlauncher', activityName='FullScreenDetailActivity'}, ContentEntity{packageName='com.dangbei.leard.leradlauncher', activityName='TencentSportActivity'}, ContentEntity{packageName='com.dangbei.leradVideoPlugins', activityName='FilmDetailActivity'}, ContentEntity{packageName='com.dangbei.leradVideoPlugins', activityName='FullScreenDetailActivity'}, ContentEntity{packageName='com.dangbei.leradVideoPlugins', activityName='TencentSportActivity'}, ContentEntity{packageName='com.dangbei.leradVideoPlugins', activityName='ShortPlayActivity'}, ContentEntity{packageName='com.dangbei.hqmedia', activityName='FilmDetailActivity'}, ContentEntity{packageName='com.dangbei.hqmedia', activityName='FullScreenDetailActivity'}, ContentEntity{packageName='com.dangbei.leradVideoPlugins', activityName='MangoMediaActivity'}, ContentEntity{packageName='com.dangbei.leradVideoPlugins', activityName='VcinemaActivity'}]}, message='success'} ,,, isDisposed = false
06-13 20:07:48.606 D/NsdService( 485): Register service
06-13 20:07:48.607 D/NsdService( 485): registerService: 2 name: 192.168.31.235, type: _db_controller._tcp, host: /192.168.31.235, port: 6689, txtRecord: deviceModel=DBBOX-A2romVersion=5.0.1.0findController=1sn=DZOH58251975972mac=20:02:FE:19:C2:0E deviceName=客厅的当贝盒子)deviceId=21c64902019dc1b5a2d56996a3df215cdeviceModelNumber=H5232 romCode=5010
06-13 20:07:48.607 D/NsdService( 485): mdnssd [register, 2, 192.168.31.235, _db_controller._tcp, 6689, FGRldmljZU1vZGVsPURCQk9YLUEyEnJvbVZlcnNpb249NS4wLjEuMBBmaW5kQ29udHJvbGxlcj0xEnNuPURaT0g1ODI1MTk3NTk3MhVtYWM9MjA6MDI6RkU6MTk6QzI6MEUgZGV2aWNlTmFtZT3lrqLljoXnmoTlvZPotJ3nm5LlrZApZGV2aWNlSWQ9MjFjNjQ5MDIwMTlkYzFiNWEyZDU2OTk2YTNkZjIxNWMXZGV2aWNlTW9kZWxOdW1iZXI9SDUyMzIMcm9tQ29kZT01MDEw]
06-13 20:07:48.610 D/NsdService( 485): Register 2 2
06-13 20:07:48.618 I/ ( 421): DVI mode selected: packets not configured
06-13 20:07:48.618 I/ ( 421): Error: set vsif failed
06-13 20:07:48.656 I/okhttp.OkHttpClient( 1039): <-- 200 OK http://tymsgapi.qun7.com/v1/core/appupdate (212ms, unknown-length body)
06-13 20:07:48.689 D/XHttpObservable( 1245): createNetWorkObservable subscribe: ShowMessageEntity{code=0, data=TipEntity{movieType=[我想看喜剧片, 动作片, 枪战片], movie=[庆余年, 误杀, 美丽人生, 爆笑虫子, 哪吒, 小猪佩奇, 胡歌的电视剧, 张艺谋导演的电影, 切换到1080P, 收藏], appController=[打开当贝市场, 下载哈趣影视, 爱奇艺, 卸载腾讯视频], weather=[今天的天气, 未来五天的天气, 杭州天气怎么样, 明天下不下雨], music=[我要听歌, 周杰伦的歌, 上一首, 下一首, 快进一分钟, 暂停], liveAppDownload='非常抱歉,根据监管部门政策管理要求,暂不提供相应服务。', subscreen=null, wakeUpVoiceResponse=[ProbabilityEntity{word='在呢', probability=30}, ProbabilityEntity{word='我在', probability=35}, ProbabilityEntity{word='你说', probability=15}, ProbabilityEntity{word='来啦', probability=20}], unrecognizedVoiceResponse=[ProbabilityEntity{word='可以再说一遍么', probability=45}, ProbabilityEntity{word='可以说的详细一点么', probability=30}, ProbabilityEntity{word='请问有什么可以帮您', probability=25}], notUnderstandVoiceResponse=[ProbabilityEntity{word='换个说法试试吧', probability=100}]}, message='success'} ,,, isDisposed = false
06-13 20:07:48.698 W/MediaProvider( 1042): getVolumePath for unknown volume: internal
06-13 20:07:48.700 D/CompatibilityChangeReporter( 485): Compat change id reported: 135634846; UID 10066; state: DISABLED
06-13 20:07:48.700 D/CompatibilityChangeReporter( 485): Compat change id reported: 177438394; UID 10066; state: DISABLED
06-13 20:07:48.700 D/CompatibilityChangeReporter( 485): Compat change id reported: 135772972; UID 10066; state: DISABLED
06-13 20:07:48.701 D/CompatibilityChangeReporter( 485): Compat change id reported: 135754954; UID 10066; state: ENABLED
06-13 20:07:48.701 D/CompatibilityChangeReporter( 485): Compat change id reported: 143937733; UID 10066; state: ENABLED
06-13 20:07:48.707 W/MediaProvider( 1042): getVolumePath for unknown volume: internal
06-13 20:07:48.711 W/MediaProvider( 1042): getVolumePath for unknown volume: internal
06-13 20:07:48.713 W/MediaProvider( 1042): getVolumePath for unknown volume: internal
06-13 20:07:48.715 E/hq ( 1101): ErrorCoroutineExceptionHandler:::runTry error:com.dangbei.leard.base.proider.error.EmptyApiException: 数据为空 from=requestMessageDialog from=requestMessageDialog
06-13 20:07:48.726 D/Zygote ( 255): Forked child process 1986
06-13 20:07:48.728 I/ActivityManager( 485): app.processName = com.android.remoteprovisioner
06-13 20:07:48.728 I/ActivityManager( 485): Start proc 1986:com.android.remoteprovisioner/u0a66 for broadcast {com.android.remoteprovisioner/com.android.remoteprovisioner.BootReceiver}
06-13 20:07:48.728 W/MediaProvider( 1042): getVolumePath for unknown volume: internal
06-13 20:07:48.743 I/Zygote ( 1986): seccomp disabled by setenforce 0
06-13 20:07:48.759 W/audit ( 1936): audit_lost=193 audit_rate_limit=5 audit_backlog_limit=64
06-13 20:07:48.759 E/audit ( 1936): rate limit exceeded
06-13 20:07:48.759 I/ ( 421): DVI mode selected: packets not configured
06-13 20:07:48.764 I/ ( 421): Error: set vsif failed
06-13 20:07:48.767 I/adbd ( 389): jdwp connection from 1986
06-13 20:07:48.788 D/CompatibilityChangeReporter( 485): Compat change id reported: 168419799; UID 10066; state: DISABLED
06-13 20:07:48.799 D/AppManager( 1101): checkLocalAppsIsValid: success
06-13 20:07:48.806 D/CompatibilityChangeReporter( 1986): Compat change id reported: 171979766; UID 10066; state: ENABLED
06-13 20:07:48.860 V/GraphicsEnvironment( 1986): ANGLE Developer option for 'com.android.remoteprovisioner' set to: 'default'
06-13 20:07:48.861 V/GraphicsEnvironment( 1986): Neither updatable production driver nor prerelease driver is supported.
06-13 20:07:48.864 D/NetworkSecurityConfig( 1986): No Network Security Config specified, using platform default
06-13 20:07:48.864 D/NetworkSecurityConfig( 1986): No Network Security Config specified, using platform default
06-13 20:07:48.868 I/RemoteProvisioningBootReceiver( 1986): Caught boot intent, waking up.
06-13 20:07:48.903 D/ConnectivityService( 485): requestNetwork for uid/pid:1000/485 asUid: 10066 activeRequest: null callbackRequest: 29 [NetworkRequest [ REQUEST id=30, [ Capabilities: INTERNET&NOT_RESTRICTED&TRUSTED&NOT_VCN_MANAGED Uid: 10066 RequestorUid: 1000 RequestorPkg: android] ]] callback flags: 0 priority: 2147483647
06-13 20:07:48.907 D/ConnectivityService( 485): NetReassign [30 : null → 100]
06-13 20:07:48.911 D/WifiNetworkFactory( 485): got request NetworkRequest [ REQUEST id=30, [ Capabilities: INTERNET&NOT_RESTRICTED&TRUSTED&NOT_VCN_MANAGED Uid: 10066 RequestorUid: 1000 RequestorPkg: android] ]
06-13 20:07:48.911 I/ActivityManager( 485): com.android.shell is exempt from freezer
06-13 20:07:48.911 D/UntrustedWifiNetworkFactory( 485): got request NetworkRequest [ REQUEST id=30, [ Capabilities: INTERNET&NOT_RESTRICTED&TRUSTED&NOT_VCN_MANAGED Uid: 10066 RequestorUid: 1000 RequestorPkg: android] ]
06-13 20:07:48.912 D/OemPaidWifiNetworkFactory( 485): got request NetworkRequest [ REQUEST id=30, [ Capabilities: INTERNET&NOT_RESTRICTED&TRUSTED&NOT_VCN_MANAGED Uid: 10066 RequestorUid: 1000 RequestorPkg: android] ]
06-13 20:07:48.913 D/CompatibilityChangeReporter( 485): Compat change id reported: 135634846; UID 2000; state: DISABLED
06-13 20:07:48.915 D/CompatibilityChangeReporter( 485): Compat change id reported: 177438394; UID 2000; state: DISABLED
06-13 20:07:48.915 D/CompatibilityChangeReporter( 485): Compat change id reported: 135772972; UID 2000; state: DISABLED
06-13 20:07:48.915 D/CompatibilityChangeReporter( 485): Compat change id reported: 135754954; UID 2000; state: ENABLED
06-13 20:07:48.918 D/Ethernet( 485): got request NetworkRequest [ REQUEST id=30, [ Capabilities: INTERNET&NOT_RESTRICTED&TRUSTED&NOT_VCN_MANAGED Uid: 10066 RequestorUid: 1000 RequestorPkg: android] ]
06-13 20:07:48.918 D/EthernetNetworkFactory( 485): acceptRequest, request: NetworkRequest [ REQUEST id=30, [ Capabilities: INTERNET&NOT_RESTRICTED&TRUSTED&NOT_VCN_MANAGED Uid: 10066 RequestorUid: 1000 RequestorPkg: android] ]
06-13 20:07:48.918 I/EthernetNetworkFactory( 485): networkForRequest, request: NetworkRequest [ REQUEST id=30, [ Capabilities: INTERNET&NOT_RESTRICTED&TRUSTED&NOT_VCN_MANAGED Uid: 10066 RequestorUid: 1000 RequestorPkg: android] ], network: null
06-13 20:07:48.940 D/Zygote ( 255): Forked child process 2007
06-13 20:07:48.948 I/Zygote ( 2007): seccomp disabled by setenforce 0
06-13 20:07:48.962 I/RemoteProvisioningService( 1986): Starting provisioning job
06-13 20:07:48.966 W/ActivityManager( 485): Slow operation: 54ms so far, now at startProcess: done updating battery stats
06-13 20:07:48.966 W/ActivityManager( 485): Slow operation: 59ms so far, now at startProcess: building log message
06-13 20:07:48.966 I/ActivityManager( 485): app.processName = com.android.shell
06-13 20:07:48.966 I/ActivityManager( 485): Start proc 2007:com.android.shell/2000 for broadcast {com.android.shell/com.android.shell.HeapDumpReceiver}
06-13 20:07:48.966 W/ActivityManager( 485): Slow operation: 59ms so far, now at startProcess: starting to update pids map
06-13 20:07:48.973 W/ActivityManager( 485): Slow operation: 66ms so far, now at startProcess: done updating pids map
06-13 20:07:48.987 I/adbd ( 389): jdwp connection from 2007
06-13 20:07:49.019 D/CompatibilityChangeReporter( 485): Compat change id reported: 168419799; UID 2000; state: DISABLED
06-13 20:07:49.042 D/CompatibilityChangeReporter( 2007): Compat change id reported: 171979766; UID 2000; state: ENABLED
06-13 20:07:49.051 W/IorapForwardingService( 485): No service published for: iorapd
06-13 20:07:49.145 V/GraphicsEnvironment( 2007): ANGLE Developer option for 'com.android.shell' set to: 'default'
06-13 20:07:49.146 V/GraphicsEnvironment( 2007): Neither updatable production driver nor prerelease driver is supported.
06-13 20:07:49.147 D/NetworkSecurityConfig( 2007): No Network Security Config specified, using platform default
06-13 20:07:49.148 D/NetworkSecurityConfig( 2007): No Network Security Config specified, using platform default
06-13 20:07:49.167 D/HeapDumpReceiver( 2007): onReceive(): Intent { act=android.intent.action.BOOT_COMPLETED flg=0x89000010 cmp=com.android.shell/.HeapDumpReceiver (has extras) }
06-13 20:07:49.172 D/HeapDumpReceiver( 2007): Deleting from /data/user_de/0/com.android.shell/files/heapdumps
06-13 20:07:49.175 D/CompatibilityChangeReporter( 485): Compat change id reported: 135634846; UID 10029; state: DISABLED
06-13 20:07:49.176 D/CompatibilityChangeReporter( 485): Compat change id reported: 177438394; UID 10029; state: DISABLED
06-13 20:07:49.176 D/CompatibilityChangeReporter( 485): Compat change id reported: 135772972; UID 10029; state: DISABLED
06-13 20:07:49.176 D/CompatibilityChangeReporter( 485): Compat change id reported: 135754954; UID 10029; state: DISABLED
06-13 20:07:49.177 D/CompatibilityChangeReporter( 485): Compat change id reported: 143937733; UID 10029; state: DISABLED
06-13 20:07:49.199 D/Zygote ( 255): Forked child process 2039
06-13 20:07:49.200 I/ActivityManager( 485): app.processName = com.android.statementservice
06-13 20:07:49.200 I/ActivityManager( 485): Start proc 2039:com.android.statementservice/u0a29 for broadcast {com.android.statementservice/com.android.statementservice.domain.BootCompletedReceiver}
06-13 20:07:49.209 I/Zygote ( 2039): seccomp disabled by setenforce 0
06-13 20:07:49.244 I/adbd ( 389): jdwp connection from 2039
06-13 20:07:49.279 D/CompatibilityChangeReporter( 485): Compat change id reported: 168419799; UID 10029; state: DISABLED
06-13 20:07:49.297 D/CompatibilityChangeReporter( 2039): Compat change id reported: 171979766; UID 10029; state: DISABLED
06-13 20:07:49.311 D/ApplicationLoaders( 2039): Returning zygote-cached class loader: /system/framework/android.test.base.jar
06-13 20:07:49.369 D/NsdService( 485): Native daemon message SERVICE_REGISTERED: 606 2 "192.168.31.235"
06-13 20:07:49.371 D/LanCommander( 1039): com.dangbei.andes.bean.RegistrationData@fc944a7----------------onServiceRegistered
06-13 20:07:49.388 W/MediaProvider( 1042): getVolumePath for unknown volume: internal
06-13 20:07:49.390 W/MediaProvider( 1042): getVolumePath for unknown volume: internal
06-13 20:07:49.398 I/MediaProvider( 1042): Scanned internal due to REASON_MOUNTED, found 230 items in 3890ms, 0 inserts 7 updates 0 deletes
06-13 20:07:49.400 I/tatementservice( 2039): type=1400 audit(0.0:617): avc: denied { getattr } for path="/data/user/0/com.android.statementservice" dev="mmcblk0p25" ino=880 scontext=u:r:platform_app:s0:c512,c768 tcontext=u:object_r:app_data_file:s0:c512,c768 tclass=dir permissive=1 app=com.android.statementservice
06-13 20:07:49.440 E/hq ( 1101): WeatherRefresh:::请求网络地址后,更新的地理位置为:101280601
06-13 20:07:49.484 I/tatementservice( 2039): type=1400 audit(0.0:618): avc: denied { search } for name="com.android.statementservice" dev="mmcblk0p25" ino=880 scontext=u:r:platform_app:s0:c512,c768 tcontext=u:object_r:app_data_file:s0:c512,c768 tclass=dir permissive=1 app=com.android.statementservice
06-13 20:07:49.494 V/GraphicsEnvironment( 2039): ANGLE Developer option for 'com.android.statementservice' set to: 'default'
06-13 20:07:49.494 V/GraphicsEnvironment( 2039): Neither updatable production driver nor prerelease driver is supported.
06-13 20:07:49.501 E/hq ( 1101): WeatherRefresh:::请求网络地址后,更新的地理位置为:101280601
06-13 20:07:49.508 D/NetworkSecurityConfig( 2039): No Network Security Config specified, using platform default
06-13 20:07:49.517 D/NetworkSecurityConfig( 2039): No Network Security Config specified, using platform default
06-13 20:07:49.525 I/ ( 421): DVI mode selected: packets not configured
06-13 20:07:49.525 I/ ( 421): Error: set vsif failed
06-13 20:07:49.589 I/ ( 421): DVI mode selected: packets not configured
06-13 20:07:49.589 I/ ( 421): Error: set vsif failed
06-13 20:07:49.588 I/pool-2-thread-1( 2039): type=1400 audit(0.0:619): avc: denied { open } for path="/data/user/0/com.android.statementservice/no_backup/androidx.work.workdb" dev="mmcblk0p25" ino=2140 scontext=u:r:platform_app:s0:c512,c768 tcontext=u:object_r:app_data_file:s0:c512,c768 tclass=file permissive=1 app=com.android.statementservice
06-13 20:07:49.588 I/pool-2-thread-1( 2039): type=1400 audit(0.0:620): avc: denied { ioctl } for path="/data/user/0/com.android.statementservice/no_backup/androidx.work.workdb" dev="mmcblk0p25" ino=2140 ioctlcmd=0xf50c scontext=u:r:platform_app:s0:c512,c768 tcontext=u:object_r:app_data_file:s0:c512,c768 tclass=file permissive=1 app=com.android.statementservice
06-13 20:07:49.592 I/pool-2-thread-1( 2039): type=1400 audit(0.0:621): avc: denied { lock } for path="/data/user/0/com.android.statementservice/no_backup/androidx.work.workdb" dev="mmcblk0p25" ino=2140 scontext=u:r:platform_app:s0:c512,c768 tcontext=u:object_r:app_data_file:s0:c512,c768 tclass=file permissive=1 app=com.android.statementservice
06-13 20:07:49.606 I/ ( 421): DVI mode selected: packets not configured
06-13 20:07:49.606 I/ ( 421): Error: set vsif failed
06-13 20:07:49.641 D/CompatibilityChangeReporter( 2039): Compat change id reported: 160794467; UID 10029; state: DISABLED
06-13 20:07:49.645 D/CompatibilityChangeReporter( 485): Compat change id reported: 171306433; UID 10029; state: DISABLED
06-13 20:07:49.651 E/hq ( 1101): ErrorCoroutineExceptionHandler:::runTry error:com.dangbei.leard.base.proider.error.EmptyApiException: 数据为空 from=requestGetMessageRemind from=requestGetMessageRemind
06-13 20:07:49.664 D/ConnectivityService( 485): requestNetwork for uid/pid:1000/485 asUid: 10029 activeRequest: null callbackRequest: 31 [NetworkRequest [ REQUEST id=32, [ Capabilities: INTERNET&NOT_RESTRICTED&TRUSTED&NOT_VCN_MANAGED Uid: 10029 RequestorUid: 1000 RequestorPkg: android] ]] callback flags: 0 priority: 2147483647
06-13 20:07:49.665 D/ConnectivityService( 485): NetReassign [32 : null → 100]
06-13 20:07:49.673 D/CompatibilityChangeReporter( 485): Compat change id reported: 135634846; UID 10057; state: DISABLED
06-13 20:07:49.673 D/CompatibilityChangeReporter( 485): Compat change id reported: 177438394; UID 10057; state: DISABLED
06-13 20:07:49.673 D/CompatibilityChangeReporter( 485): Compat change id reported: 135772972; UID 10057; state: DISABLED
06-13 20:07:49.673 D/CompatibilityChangeReporter( 485): Compat change id reported: 135754954; UID 10057; state: DISABLED
06-13 20:07:49.673 D/Ethernet( 485): got request NetworkRequest [ REQUEST id=32, [ Capabilities: INTERNET&NOT_RESTRICTED&TRUSTED&NOT_VCN_MANAGED Uid: 10029 RequestorUid: 1000 RequestorPkg: android] ]
06-13 20:07:49.673 D/EthernetNetworkFactory( 485): acceptRequest, request: NetworkRequest [ REQUEST id=32, [ Capabilities: INTERNET&NOT_RESTRICTED&TRUSTED&NOT_VCN_MANAGED Uid: 10029 RequestorUid: 1000 RequestorPkg: android] ]
06-13 20:07:49.673 I/EthernetNetworkFactory( 485): networkForRequest, request: NetworkRequest [ REQUEST id=32, [ Capabilities: INTERNET&NOT_RESTRICTED&TRUSTED&NOT_VCN_MANAGED Uid: 10029 RequestorUid: 1000 RequestorPkg: android] ], network: null
06-13 20:07:49.674 D/CompatibilityChangeReporter( 485): Compat change id reported: 143937733; UID 10057; state: DISABLED
06-13 20:07:49.683 E/WifiHAL ( 662): wifi_get_link_stats: requestResponse Error:-5
06-13 20:07:49.685 E/WifiVendorHal( 485): getWifiLinkLayerStats_1_5_Internal(l.1191) failed {.code = ERROR_INVALID_ARGS, .description = }
06-13 20:07:49.701 D/Zygote ( 255): Forked child process 2066
06-13 20:07:49.703 D/WifiNetworkFactory( 485): got request NetworkRequest [ REQUEST id=32, [ Capabilities: INTERNET&NOT_RESTRICTED&TRUSTED&NOT_VCN_MANAGED Uid: 10029 RequestorUid: 1000 RequestorPkg: android] ]
06-13 20:07:49.704 I/ActivityManager( 485): app.processName = com.android.tv
06-13 20:07:49.704 I/ActivityManager( 485): Start proc 2066:com.android.tv/u0a57 for broadcast {com.android.tv/com.android.tv.receiver.BootCompletedReceiver}
06-13 20:07:49.704 D/UntrustedWifiNetworkFactory( 485): got request NetworkRequest [ REQUEST id=32, [ Capabilities: INTERNET&NOT_RESTRICTED&TRUSTED&NOT_VCN_MANAGED Uid: 10029 RequestorUid: 1000 RequestorPkg: android] ]
06-13 20:07:49.704 D/OemPaidWifiNetworkFactory( 485): got request NetworkRequest [ REQUEST id=32, [ Capabilities: INTERNET&NOT_RESTRICTED&TRUSTED&NOT_VCN_MANAGED Uid: 10029 RequestorUid: 1000 RequestorPkg: android] ]
06-13 20:07:49.710 I/Zygote ( 2066): seccomp disabled by setenforce 0
06-13 20:07:49.737 E/martin ( 1101): 组件:2025-06-13
06-13 20:07:49.744 I/adbd ( 389): jdwp connection from 2066
06-13 20:07:49.744 E/weatherWidget( 1101): dataChange:Fri Jun 13 20:07:49 GMT+08:00 2025
06-13 20:07:49.804 I/d.leradlaunche( 1101): Background young concurrent copying GC freed 87622(4813KB) AllocSpace objects, 19(1628KB) LOS objects, 0% free, 19MB/19MB, paused 20.059ms total 1.611s
06-13 20:07:49.816 D/ConnectivityService( 485): requestNetwork for uid/pid:10029/2039 activeRequest: null callbackRequest: 33 [NetworkRequest [ REQUEST id=34, [ Capabilities: INTERNET&NOT_RESTRICTED&TRUSTED&NOT_VCN_MANAGED Uid: 10029 RequestorUid: 10029 RequestorPkg: com.android.statementservice] ]] callback flags: 0 priority: 2147483647
06-13 20:07:49.821 D/CompatibilityChangeReporter( 485): Compat change id reported: 168419799; UID 10057; state: DISABLED
06-13 20:07:49.823 D/ConnectivityService( 485): NetReassign [34 : null → 100]
06-13 20:07:49.831 D/Ethernet( 485): got request NetworkRequest [ REQUEST id=34, [ Capabilities: INTERNET&NOT_RESTRICTED&TRUSTED&NOT_VCN_MANAGED Uid: 10029 RequestorUid: 10029 RequestorPkg: com.android.statementservice] ]
06-13 20:07:49.831 D/EthernetNetworkFactory( 485): acceptRequest, request: NetworkRequest [ REQUEST id=34, [ Capabilities: INTERNET&NOT_RESTRICTED&TRUSTED&NOT_VCN_MANAGED Uid: 10029 RequestorUid: 10029 RequestorPkg: com.android.statementservice] ]
06-13 20:07:49.831 I/EthernetNetworkFactory( 485): networkForRequest, request: NetworkRequest [ REQUEST id=34, [ Capabilities: INTERNET&NOT_RESTRICTED&TRUSTED&NOT_VCN_MANAGED Uid: 10029 RequestorUid: 10029 RequestorPkg: com.android.statementservice] ], network: null
06-13 20:07:49.833 D/WifiNetworkFactory( 485): got request NetworkRequest [ REQUEST id=34, [ Capabilities: INTERNET&NOT_RESTRICTED&TRUSTED&NOT_VCN_MANAGED Uid: 10029 RequestorUid: 10029 RequestorPkg: com.android.statementservice] ]
06-13 20:07:49.833 D/UntrustedWifiNetworkFactory( 485): got request NetworkRequest [ REQUEST id=34, [ Capabilities: INTERNET&NOT_RESTRICTED&TRUSTED&NOT_VCN_MANAGED Uid: 10029 RequestorUid: 10029 RequestorPkg: com.android.statementservice] ]
06-13 20:07:49.833 D/OemPaidWifiNetworkFactory( 485): got request NetworkRequest [ REQUEST id=34, [ Capabilities: INTERNET&NOT_RESTRICTED&TRUSTED&NOT_VCN_MANAGED Uid: 10029 RequestorUid: 10029 RequestorPkg: com.android.statementservice] ]
06-13 20:07:49.842 D/CompatibilityChangeReporter( 2066): Compat change id reported: 171979766; UID 10057; state: DISABLED
06-13 20:07:49.856 D/ApplicationLoaders( 2066): Returning zygote-cached class loader: /system/framework/android.test.base.jar
06-13 20:07:49.867 D/AppManager( 1101): checkLocalAppsIsValid: success
06-13 20:07:49.909 D/nativeloader( 2066): classloader namespace configured for unbundled product apk. library_path=/product/priv-app/LiveTv/lib/arm:/product/lib:/system/product/lib
06-13 20:07:49.925 D/ProfileInstaller( 1101): Skipping profile installation for com.dangbei.leard.leradlauncher
06-13 20:07:49.965 I/WM-WorkerWrapper( 2039): Worker result SUCCESS for Work [ id=6ccae876-fe94-46ee-a877-443be1f483c3, tags={ com.android.statementservice.domain.worker.RetryRequestWorker } ]
06-13 20:07:49.968 D/chongyuzhao( 485): stop reconnect
06-13 20:07:50.009 E/hq ( 1101): 当小贝:::message list add complete data.messageList:[]
06-13 20:07:50.009 E/hq ( 1101): data.tabList=[]
06-13 20:07:50.010 I/hq ( 1101): 当小贝:::showMessage from=requestAllMessage
06-13 20:07:50.014 I/hq ( 1101): 当小贝:::showMessage 没有消息需要显示
06-13 20:07:50.042 I/ ( 421): DVI mode selected: packets not configured
06-13 20:07:50.042 I/ ( 421): Error: set vsif failed
06-13 20:07:50.053 W/IorapForwardingService( 485): No service published for: iorapd
06-13 20:07:50.055 V/GraphicsEnvironment( 2066): ANGLE Developer option for 'com.android.tv' set to: 'default'
06-13 20:07:50.055 V/GraphicsEnvironment( 2066): Neither updatable production driver nor prerelease driver is supported.
06-13 20:07:50.063 D/NetworkSecurityConfig( 2066): No Network Security Config specified, using platform default
06-13 20:07:50.063 D/NetworkSecurityConfig( 2066): No Network Security Config specified, using platform default
06-13 20:07:50.145 W/audit ( 286): audit_lost=201 audit_rate_limit=5 audit_backlog_limit=64
06-13 20:07:50.145 E/audit ( 286): rate limit exceeded
06-13 20:07:50.160 W/UnsafeUtil( 2066): platform method missing - proto runtime falling back to safer methods: java.lang.NoSuchMethodException: sun.misc.Unsafe.copyMemory [class java.lang.Object, long, class java.lang.Object, long, long]
06-13 20:07:50.321 I/d.leradlaunche( 1101): Background concurrent copying GC freed 151522(9141KB) AllocSpace objects, 20(1984KB) LOS objects, 49% free, 10MB/21MB, paused 8.746ms total 470.819ms
06-13 20:07:50.331 D/CompatibilityChangeReporter( 485): Compat change id reported: 135634846; UID 10057; state: DISABLED
06-13 20:07:50.331 D/CompatibilityChangeReporter( 485): Compat change id reported: 177438394; UID 10057; state: DISABLED
06-13 20:07:50.331 D/CompatibilityChangeReporter( 485): Compat change id reported: 135772972; UID 10057; state: DISABLED
06-13 20:07:50.332 D/CompatibilityChangeReporter( 485): Compat change id reported: 135754954; UID 10057; state: DISABLED
06-13 20:07:50.333 D/CompatibilityChangeReporter( 485): Compat change id reported: 143937733; UID 10057; state: DISABLED
06-13 20:07:50.352 D/Zygote ( 255): Forked child process 2100
06-13 20:07:50.354 I/ActivityManager( 485): app.processName = com.android.tv.common
06-13 20:07:50.354 I/ActivityManager( 485): Start proc 2100:com.android.tv.common/u0a57 for content provider {com.android.tv/com.android.tv.common.CommonPreferenceProvider}
06-13 20:07:50.360 I/Zygote ( 2100): seccomp disabled by setenforce 0
06-13 20:07:50.382 I/adbd ( 389): jdwp connection from 2100
06-13 20:07:50.392 I/MediaProvider( 1042): Scanned external_primary due to REASON_MOUNTED, found 71 items in 961ms, 0 inserts 14 updates 0 deletes
06-13 20:07:50.397 I/TvApplication( 2066): Starting TV app 1.24-asop
06-13 20:07:50.397 I/MediaProvider( 1042): End Intent { act=com.android.providers.media.action.SCAN_VOLUME (has extras) }
06-13 20:07:50.399 I/TvApplication( 2066): Started TV app 1.24-asop
06-13 20:07:50.423 D/CompatibilityChangeReporter( 2100): Compat change id reported: 171979766; UID 10057; state: DISABLED
06-13 20:07:50.437 D/ApplicationLoaders( 2100): Returning zygote-cached class loader: /system/framework/android.test.base.jar
06-13 20:07:50.439 I/ActivityManager( 485): Background started FGS: Allowed [callingPackage: com.android.tv; callingUid: 10057; uidState: RCVR; intent: Intent { cmp=com.android.tv/.dvr.recorder.DvrRecordingService (has extras) }; code:BACKGROUND_ACTIVITY_PERMISSION; tempAllowListReason:; targetSdkVersion:29; callerTargetSdkVersion:29; startForegroundCount:0; bindFromPackage:null]
06-13 20:07:50.443 I/system_server( 485): Background young concurrent copying GC freed 327289(14MB) AllocSpace objects, 125(3620KB) LOS objects, 59% free, 12MB/30MB, paused 341us total 354.406ms
06-13 20:07:50.450 D/nativeloader( 2100): classloader namespace configured for unbundled product apk. library_path=/product/priv-app/LiveTv/lib/arm:/product/lib:/system/product/lib
06-13 20:07:50.481 I/ActivityManager( 485): Deferring FGS notification in legacy app com.android.tv/u0a57 : Notification(channel=dvr_notification_channel shortcut=null contentView=null vibrate=null sound=null defaults=0x0 flags=0x40 color=0x00000000 vis=PRIVATE)
06-13 20:07:50.497 V/GraphicsEnvironment( 2100): ANGLE Developer option for 'com.android.tv' set to: 'default'
06-13 20:07:50.497 V/GraphicsEnvironment( 2100): Neither updatable production driver nor prerelease driver is supported.
06-13 20:07:50.499 D/NetworkSecurityConfig( 2100): No Network Security Config specified, using platform default
06-13 20:07:50.500 D/NetworkSecurityConfig( 2100): No Network Security Config specified, using platform default
06-13 20:07:50.561 D/CompatibilityChangeReporter( 485): Compat change id reported: 168419799; UID 1000; state: DISABLED
06-13 20:07:50.582 W/UnsafeUtil( 2100): platform method missing - proto runtime falling back to safer methods: java.lang.NoSuchMethodException: sun.misc.Unsafe.copyMemory [class java.lang.Object, long, class java.lang.Object, long, long]
06-13 20:07:50.601 W/ContextImpl( 819): Calling a method in the system process without a qualified user: android.app.ContextImpl.startService:1816 android.content.ContextWrapper.startService:774 android.content.ContextWrapper.startService:774 com.android.tv.settings.help.BootBroadcastReceiver.onReceive:18 android.app.ActivityThread.handleReceiver:4308
06-13 20:07:50.603 W/ActivityManager( 485): Unable to start service Intent { cmp=com.android.tv.settings/.app_lock.MainService } U=0: not found
06-13 20:07:50.607 V/BootBroadcastReceiver( 819): autorun
06-13 20:07:50.618 I/ActivityManager( 485): com.dangbei.zhushou.os is exempt from freezer
06-13 20:07:50.618 D/CompatibilityChangeReporter( 485): Compat change id reported: 135634846; UID 1000; state: DISABLED
06-13 20:07:50.641 D/Zygote ( 255): Forked child process 2132
06-13 20:07:50.643 I/ActivityManager( 485): app.processName = com.dangbei.zhushou.os
