06-13 20:07:27.982 D/LibBpfLoader( 251): applying relo to instruction at byte offset: 1256, insn offset 157 , insn 118
06-13 20:07:27.982 D/LibBpfLoader( 251): applying relo to instruction at byte offset: 1352, insn offset 169 , insn 118
06-13 20:07:27.982 D/LibBpfLoader( 251): applying relo to instruction at byte offset: 1528, insn offset 191 , insn 118
06-13 20:07:27.983 D/LibBpfLoader( 251): applying relo to instruction at byte offset: 1600, insn offset 200 , insn 118
06-13 20:07:27.983 D/LibBpfLoader( 251): applying relo to instruction at byte offset: 1672, insn offset 209 , insn 118
06-13 20:07:27.983 D/LibBpfLoader( 251): applying relo to instruction at byte offset: 1752, insn offset 219 , insn 118
06-13 20:07:27.983 D/LibBpfLoader( 251): applying relo to instruction at byte offset: 1816, insn offset 227 , insn 118
06-13 20:07:27.984 D/LibBpfLoader( 251): applying relo to instruction at byte offset: 1904, insn offset 238 , insn 118
06-13 20:07:27.984 D/LibBpfLoader( 251): applying relo to instruction at byte offset: 2176, insn offset 272 , insn 118
06-13 20:07:27.984 D/LibBpfLoader( 251): applying relo to instruction at byte offset: 2328, insn offset 291 , insn 118
06-13 20:07:27.984 D/LibBpfLoader( 251): applying relo to instruction at byte offset: 2472, insn offset 309 , insn 118
06-13 20:07:27.984 D/LibBpfLoader( 251): applying relo to instruction at byte offset: 304, insn offset 38 , insn 118
06-13 20:07:27.985 D/LibBpfLoader( 251): applying relo to instruction at byte offset: 696, insn offset 87 , insn 118
06-13 20:07:27.985 D/LibBpfLoader( 251): applying relo to instruction at byte offset: 768, insn offset 96 , insn 118
06-13 20:07:27.985 D/LibBpfLoader( 251): applying relo to instruction at byte offset: 840, insn offset 105 , insn 118
06-13 20:07:27.985 D/LibBpfLoader( 251): applying relo to instruction at byte offset: 928, insn offset 116 , insn 118
06-13 20:07:27.986 D/LibBpfLoader( 251): applying relo to instruction at byte offset: 1016, insn offset 127 , insn 118
06-13 20:07:27.986 D/LibBpfLoader( 251): applying relo to instruction at byte offset: 1112, insn offset 139 , insn 118
06-13 20:07:27.986 D/LibBpfLoader( 251): applying relo to instruction at byte offset: 1240, insn offset 155 , insn 118
06-13 20:07:27.986 D/LibBpfLoader( 251): applying relo to instruction at byte offset: 1312, insn offset 164 , insn 118
06-13 20:07:27.987 D/LibBpfLoader( 251): applying relo to instruction at byte offset: 1408, insn offset 176 , insn 118
06-13 20:07:27.987 D/LibBpfLoader( 251): applying relo to instruction at byte offset: 1696, insn offset 212 , insn 118
06-13 20:07:27.987 D/LibBpfLoader( 251): applying relo to instruction at byte offset: 1768, insn offset 221 , insn 118
06-13 20:07:27.987 D/LibBpfLoader( 251): applying relo to instruction at byte offset: 1840, insn offset 230 , insn 118
06-13 20:07:27.988 D/LibBpfLoader( 251): applying relo to instruction at byte offset: 1920, insn offset 240 , insn 118
06-13 20:07:27.988 D/LibBpfLoader( 251): applying relo to instruction at byte offset: 1984, insn offset 248 , insn 118
06-13 20:07:27.988 D/LibBpfLoader( 251): applying relo to instruction at byte offset: 2072, insn offset 259 , insn 118
06-13 20:07:27.988 D/LibBpfLoader( 251): applying relo to instruction at byte offset: 2368, insn offset 296 , insn 118
06-13 20:07:27.989 D/LibBpfLoader( 251): applying relo to instruction at byte offset: 304, insn offset 38 , insn 118
06-13 20:07:27.989 D/LibBpfLoader( 251): applying relo to instruction at byte offset: 696, insn offset 87 , insn 118
06-13 20:07:27.989 D/LibBpfLoader( 251): applying relo to instruction at byte offset: 768, insn offset 96 , insn 118
06-13 20:07:27.989 D/LibBpfLoader( 251): applying relo to instruction at byte offset: 840, insn offset 105 , insn 118
06-13 20:07:27.989 D/LibBpfLoader( 251): applying relo to instruction at byte offset: 928, insn offset 116 , insn 118
06-13 20:07:27.990 D/LibBpfLoader( 251): applying relo to instruction at byte offset: 1016, insn offset 127 , insn 118
06-13 20:07:27.990 D/LibBpfLoader( 251): applying relo to instruction at byte offset: 1112, insn offset 139 , insn 118
06-13 20:07:27.990 D/LibBpfLoader( 251): applying relo to instruction at byte offset: 1240, insn offset 155 , insn 118
06-13 20:07:27.990 D/LibBpfLoader( 251): applying relo to instruction at byte offset: 1312, insn offset 164 , insn 118
06-13 20:07:27.991 D/LibBpfLoader( 251): applying relo to instruction at byte offset: 1408, insn offset 176 , insn 118
06-13 20:07:27.991 D/LibBpfLoader( 251): applying relo to instruction at byte offset: 1696, insn offset 212 , insn 118
06-13 20:07:27.991 D/LibBpfLoader( 251): applying relo to instruction at byte offset: 1768, insn offset 221 , insn 118
06-13 20:07:27.991 D/LibBpfLoader( 251): applying relo to instruction at byte offset: 1840, insn offset 230 , insn 118
06-13 20:07:27.992 D/LibBpfLoader( 251): applying relo to instruction at byte offset: 1920, insn offset 240 , insn 118
06-13 20:07:27.992 D/LibBpfLoader( 251): applying relo to instruction at byte offset: 1984, insn offset 248 , insn 118
06-13 20:07:27.992 D/LibBpfLoader( 251): applying relo to instruction at byte offset: 2072, insn offset 259 , insn 118
06-13 20:07:27.992 D/LibBpfLoader( 251): applying relo to instruction at byte offset: 2368, insn offset 296 , insn 118
06-13 20:07:27.992 D/LibBpfLoader( 251): cs[0].name:schedcls_tether_downstream6_ether min_kver:0 .max_kver:ffffffff (kvers:504007d)
06-13 20:07:27.992 D/LibBpfLoader( 251): cs[0].name:schedcls_tether_downstream6_ether requires bpfloader version [0x00000,0x10000)
06-13 20:07:27.994 D/LibBpfLoader( 251): bpf_prog_load lib call for /apex/com.android.tethering/etc/bpf/offload.o (schedcls_tether_downstream6_ether) returned fd: 15 (no error)
06-13 20:07:27.994 D/LibBpfLoader( 251): cs[1].name:schedcls_tether_upstream6_ether min_kver:0 .max_kver:ffffffff (kvers:504007d)
06-13 20:07:27.994 D/LibBpfLoader( 251): cs[1].name:schedcls_tether_upstream6_ether requires bpfloader version [0x00000,0x10000)
06-13 20:07:27.996 D/LibBpfLoader( 251): bpf_prog_load lib call for /apex/com.android.tethering/etc/bpf/offload.o (schedcls_tether_upstream6_ether) returned fd: 16 (no error)
06-13 20:07:27.996 D/LibBpfLoader( 251): cs[2].name:schedcls_tether_downstream6_rawip$5_4 min_kver:5040000 .max_kver:ffffffff (kvers:504007d)
06-13 20:07:27.996 D/LibBpfLoader( 251): cs[2].name:schedcls_tether_downstream6_rawip$5_4 requires bpfloader version [0x00000,0x10000)
06-13 20:07:27.997 D/LibBpfLoader( 251): bpf_prog_load lib call for /apex/com.android.tethering/etc/bpf/offload.o (schedcls_tether_downstream6_rawip$5_4) returned fd: 17 (no error)
06-13 20:07:27.997 D/LibBpfLoader( 251): cs[3].name:schedcls_tether_upstream6_rawip$5_4 min_kver:5040000 .max_kver:ffffffff (kvers:504007d)
06-13 20:07:27.997 D/LibBpfLoader( 251): cs[3].name:schedcls_tether_upstream6_rawip$5_4 requires bpfloader version [0x00000,0x10000)
06-13 20:07:27.998 D/LibBpfLoader( 251): bpf_prog_load lib call for /apex/com.android.tethering/etc/bpf/offload.o (schedcls_tether_upstream6_rawip$5_4) returned fd: 18 (no error)
06-13 20:07:27.999 D/LibBpfLoader( 251): cs[4].name:schedcls_tether_downstream6_rawip$4_14 min_kver:40e0000 .max_kver:5040000 (kvers:504007d)
06-13 20:07:27.999 D/LibBpfLoader( 251): cs[5].name:schedcls_tether_upstream6_rawip$4_14 min_kver:40e0000 .max_kver:5040000 (kvers:504007d)
06-13 20:07:27.999 D/LibBpfLoader( 251): cs[6].name:schedcls_tether_downstream6_rawip$stub min_kver:0 .max_kver:5040000 (kvers:504007d)
06-13 20:07:27.999 D/LibBpfLoader( 251): cs[7].name:schedcls_tether_upstream6_rawip$stub min_kver:0 .max_kver:5040000 (kvers:504007d)
06-13 20:07:27.999 D/LibBpfLoader( 251): cs[8].name:schedcls_tether_downstream4_rawip$5_8 min_kver:5080000 .max_kver:ffffffff (kvers:504007d)
06-13 20:07:27.999 D/LibBpfLoader( 251): cs[9].name:schedcls_tether_upstream4_rawip$5_8 min_kver:5080000 .max_kver:ffffffff (kvers:504007d)
06-13 20:07:27.999 D/LibBpfLoader( 251): cs[10].name:schedcls_tether_downstream4_ether$5_8 min_kver:5080000 .max_kver:ffffffff (kvers:504007d)
06-13 20:07:27.999 D/LibBpfLoader( 251): cs[11].name:schedcls_tether_upstream4_ether$5_8 min_kver:5080000 .max_kver:ffffffff (kvers:504007d)
06-13 20:07:27.999 D/LibBpfLoader( 251): cs[12].name:schedcls_tether_downstream4_rawip$opt min_kver:40e0000 .max_kver:5080000 (kvers:504007d)
06-13 20:07:27.999 D/LibBpfLoader( 251): cs[12].name:schedcls_tether_downstream4_rawip$opt requires bpfloader version [0x00000,0x10000)
06-13 20:07:28.001 D/LibBpfLoader( 251): bpf_prog_load lib call for /apex/com.android.tethering/etc/bpf/offload.o (schedcls_tether_downstream4_rawip$opt) returned fd: 19 (no error)
06-13 20:07:28.001 D/LibBpfLoader( 251): cs[13].name:schedcls_tether_upstream4_rawip$opt min_kver:40e0000 .max_kver:5080000 (kvers:504007d)
06-13 20:07:28.001 D/LibBpfLoader( 251): cs[13].name:schedcls_tether_upstream4_rawip$opt requires bpfloader version [0x00000,0x10000)
06-13 20:07:28.003 D/LibBpfLoader( 251): bpf_prog_load lib call for /apex/com.android.tethering/etc/bpf/offload.o (schedcls_tether_upstream4_rawip$opt) returned fd: 20 (no error)
06-13 20:07:28.004 D/LibBpfLoader( 251): cs[14].name:schedcls_tether_downstream4_ether$opt min_kver:40e0000 .max_kver:5080000 (kvers:504007d)
06-13 20:07:28.004 D/LibBpfLoader( 251): cs[14].name:schedcls_tether_downstream4_ether$opt requires bpfloader version [0x00000,0x10000)
06-13 20:07:28.006 D/LibBpfLoader( 251): bpf_prog_load lib call for /apex/com.android.tethering/etc/bpf/offload.o (schedcls_tether_downstream4_ether$opt) returned fd: 21 (no error)
06-13 20:07:28.006 D/LibBpfLoader( 251): cs[15].name:schedcls_tether_upstream4_ether$opt min_kver:40e0000 .max_kver:5080000 (kvers:504007d)
06-13 20:07:28.006 D/LibBpfLoader( 251): cs[15].name:schedcls_tether_upstream4_ether$opt requires bpfloader version [0x00000,0x10000)
06-13 20:07:28.008 D/LibBpfLoader( 251): bpf_prog_load lib call for /apex/com.android.tethering/etc/bpf/offload.o (schedcls_tether_upstream4_ether$opt) returned fd: 22 (no error)
06-13 20:07:28.008 D/LibBpfLoader( 251): cs[16].name:schedcls_tether_downstream4_rawip$5_4 min_kver:5040000 .max_kver:5080000 (kvers:504007d)
06-13 20:07:28.008 D/LibBpfLoader( 251): cs[16].name:schedcls_tether_downstream4_rawip$5_4 requires bpfloader version [0x00000,0x10000)
06-13 20:07:28.008 D/LibBpfLoader( 251): New bpf prog load reusing prog /sys/fs/bpf/tethering/prog_offload_schedcls_tether_downstream4_rawip, ret: 23 (no error)
06-13 20:07:28.008 D/LibBpfLoader( 251): cs[17].name:schedcls_tether_upstream4_rawip$5_4 min_kver:5040000 .max_kver:5080000 (kvers:504007d)
06-13 20:07:28.008 D/LibBpfLoader( 251): cs[17].name:schedcls_tether_upstream4_rawip$5_4 requires bpfloader version [0x00000,0x10000)
06-13 20:07:28.008 D/LibBpfLoader( 251): New bpf prog load reusing prog /sys/fs/bpf/tethering/prog_offload_schedcls_tether_upstream4_rawip, ret: 24 (no error)
06-13 20:07:28.008 D/LibBpfLoader( 251): cs[18].name:schedcls_tether_downstream4_rawip$4_14 min_kver:40e0000 .max_kver:5040000 (kvers:504007d)
06-13 20:07:28.008 D/LibBpfLoader( 251): cs[19].name:schedcls_tether_upstream4_rawip$4_14 min_kver:40e0000 .max_kver:5040000 (kvers:504007d)
06-13 20:07:28.008 D/LibBpfLoader( 251): cs[20].name:schedcls_tether_downstream4_ether$4_14 min_kver:40e0000 .max_kver:5080000 (kvers:504007d)
06-13 20:07:28.008 D/LibBpfLoader( 251): cs[20].name:schedcls_tether_downstream4_ether$4_14 requires bpfloader version [0x00000,0x10000)
06-13 20:07:28.008 D/LibBpfLoader( 251): New bpf prog load reusing prog /sys/fs/bpf/tethering/prog_offload_schedcls_tether_downstream4_ether, ret: 25 (no error)
06-13 20:07:28.009 D/LibBpfLoader( 251): cs[21].name:schedcls_tether_upstream4_ether$4_14 min_kver:40e0000 .max_kver:5080000 (kvers:504007d)
06-13 20:07:28.009 D/LibBpfLoader( 251): cs[21].name:schedcls_tether_upstream4_ether$4_14 requires bpfloader version [0x00000,0x10000)
06-13 20:07:28.009 D/LibBpfLoader( 251): New bpf prog load reusing prog /sys/fs/bpf/tethering/prog_offload_schedcls_tether_upstream4_ether, ret: 26 (no error)
06-13 20:07:28.009 D/LibBpfLoader( 251): cs[22].name:schedcls_tether_downstream4_rawip$stub min_kver:0 .max_kver:5040000 (kvers:504007d)
06-13 20:07:28.009 D/LibBpfLoader( 251): cs[23].name:schedcls_tether_upstream4_rawip$stub min_kver:0 .max_kver:5040000 (kvers:504007d)
06-13 20:07:28.009 D/LibBpfLoader( 251): cs[24].name:schedcls_tether_downstream4_ether$stub min_kver:0 .max_kver:40e0000 (kvers:504007d)
06-13 20:07:28.009 D/LibBpfLoader( 251): cs[25].name:schedcls_tether_upstream4_ether$stub min_kver:0 .max_kver:40e0000 (kvers:504007d)
06-13 20:07:28.009 D/LibBpfLoader( 251): cs[26].name:xdp_tether_downstream_ether min_kver:5090000 .max_kver:ffffffff (kvers:504007d)
06-13 20:07:28.009 D/LibBpfLoader( 251): cs[27].name:xdp_tether_downstream_rawip min_kver:5090000 .max_kver:ffffffff (kvers:504007d)
06-13 20:07:28.009 D/LibBpfLoader( 251): cs[28].name:xdp_tether_upstream_ether min_kver:5090000 .max_kver:ffffffff (kvers:504007d)
06-13 20:07:28.009 D/LibBpfLoader( 251): cs[29].name:xdp_tether_upstream_rawip min_kver:5090000 .max_kver:ffffffff (kvers:504007d)
06-13 20:07:28.009 I/bpfloader( 251): Loaded object: /apex/com.android.tethering/etc/bpf/offload.o
06-13 20:07:28.015 D/LibBpfLoader( 251): Loading optional ELF object /apex/com.android.tethering/etc/bpf/test.o with license Apache 2.0
06-13 20:07:28.015 I/LibBpfLoader( 251): Section bpfloader_min_ver value is 0 [0x0]
06-13 20:07:28.015 I/LibBpfLoader( 251): Section bpfloader_max_ver value is 65536 [0x10000]
06-13 20:07:28.015 I/LibBpfLoader( 251): Section size_of_bpf_map_def value is 48 [0x30]
06-13 20:07:28.015 I/LibBpfLoader( 251): Section size_of_bpf_prog_def value is 28 [0x1c]
06-13 20:07:28.015 I/LibBpfLoader( 251): BpfLoader version 0x00002 processing ELF object /apex/com.android.tethering/etc/bpf/test.o with ver [0x00000,0x10000)
06-13 20:07:28.016 D/LibBpfLoader( 251): Loaded code section 3 (xdp_drop_ipv4_udp_ether)
06-13 20:07:28.016 D/LibBpfLoader( 251): Adding section 3 to cs list
06-13 20:07:28.018 D/LibBpfLoader( 251): bpf_create_map name tether_downstream6_map, ret: 6
06-13 20:07:28.018 D/LibBpfLoader( 251): map_fd found at 0 is 6 in /apex/com.android.tethering/etc/bpf/test.o
06-13 20:07:28.018 D/LibBpfLoader( 251): cs[0].name:xdp_drop_ipv4_udp_ether min_kver:5090000 .max_kver:ffffffff (kvers:504007d)
06-13 20:07:28.018 I/bpfloader( 251): Loaded object: /apex/com.android.tethering/etc/bpf/test.o
06-13 20:07:28.019 D/LibBpfLoader( 251): Loading critical for netd ELF object /system/etc/bpf/netd.o with license Apache 2.0
06-13 20:07:28.020 I/LibBpfLoader( 251): Section bpfloader_min_ver value is 0 [0x0]
06-13 20:07:28.020 I/LibBpfLoader( 251): Section bpfloader_max_ver value is 65536 [0x10000]
06-13 20:07:28.020 I/LibBpfLoader( 251): Section size_of_bpf_map_def value is 48 [0x30]
06-13 20:07:28.020 I/LibBpfLoader( 251): Section size_of_bpf_prog_def value is 28 [0x1c]
06-13 20:07:28.020 I/LibBpfLoader( 251): BpfLoader version 0x00002 processing ELF object /system/etc/bpf/netd.o with ver [0x00000,0x10000)
06-13 20:07:28.021 D/LibBpfLoader( 251): Loaded code section 3 (cgroupskb_ingress_stats)
06-13 20:07:28.023 D/LibBpfLoader( 251): Loaded relo section 3 (.relcgroupskb/ingress/stats)
06-13 20:07:28.023 D/LibBpfLoader( 251): Adding section 3 to cs list
06-13 20:07:28.023 D/LibBpfLoader( 251): Loaded code section 5 (cgroupskb_egress_stats)
06-13 20:07:28.025 D/LibBpfLoader( 251): Loaded relo section 5 (.relcgroupskb/egress/stats)
06-13 20:07:28.025 D/LibBpfLoader( 251): Adding section 5 to cs list
06-13 20:07:28.025 D/LibBpfLoader( 251): Loaded code section 7 (skfilter_egress_xtbpf)
06-13 20:07:28.026 D/LibBpfLoader( 251): Loaded relo section 7 (.relskfilter/egress/xtbpf)
06-13 20:07:28.026 D/LibBpfLoader( 251): Adding section 7 to cs list
06-13 20:07:28.026 D/LibBpfLoader( 251): Loaded code section 9 (skfilter_ingress_xtbpf)
06-13 20:07:28.027 D/LibBpfLoader( 251): Loaded relo section 9 (.relskfilter/ingress/xtbpf)
06-13 20:07:28.027 D/LibBpfLoader( 251): Adding section 9 to cs list
06-13 20:07:28.027 D/LibBpfLoader( 251): Loaded code section 11 (skfilter_allowlist_xtbpf)
06-13 20:07:28.027 D/LibBpfLoader( 251): Loaded relo section 11 (.relskfilter/allowlist/xtbpf)
06-13 20:07:28.027 D/LibBpfLoader( 251): Adding section 11 to cs list
06-13 20:07:28.027 D/LibBpfLoader( 251): Loaded code section 13 (skfilter_denylist_xtbpf)
06-13 20:07:28.028 D/LibBpfLoader( 251): Loaded relo section 13 (.relskfilter/denylist/xtbpf)
06-13 20:07:28.028 D/LibBpfLoader( 251): Adding section 13 to cs list
06-13 20:07:28.028 D/LibBpfLoader( 251): Loaded code section 15 (cgroupsock_inet_create)
06-13 20:07:28.029 D/LibBpfLoader( 251): Loaded relo section 15 (.relcgroupsock/inet/create)
06-13 20:07:28.029 D/LibBpfLoader( 251): Adding section 15 to cs list
06-13 20:07:28.034 D/LibBpfLoader( 251): bpf_create_map name cookie_tag_map, ret: 6
06-13 20:07:28.035 D/LibBpfLoader( 251): bpf_create_map name uid_counterset_map, ret: 7
06-13 20:07:28.039 D/LibBpfLoader( 251): bpf_create_map name app_uid_stats_map, ret: 8
06-13 20:07:28.041 D/LibBpfLoader( 251): bpf_create_map name stats_map_A, ret: 9
06-13 20:07:28.043 D/LibBpfLoader( 251): bpf_create_map name stats_map_B, ret: 10
06-13 20:07:28.044 D/LibBpfLoader( 251): bpf_create_map name iface_stats_map, ret: 11
06-13 20:07:28.044 D/LibBpfLoader( 251): bpf_create_map name configuration_map, ret: 12
06-13 20:07:28.045 D/LibBpfLoader( 251): bpf_create_map name uid_owner_map, ret: 13
06-13 20:07:28.045 D/LibBpfLoader( 251): bpf_create_map name iface_index_name_map, ret: 14
06-13 20:07:28.046 D/LibBpfLoader( 251): bpf_create_map name uid_permission_map, ret: 15
06-13 20:07:28.046 D/LibBpfLoader( 251): map_fd found at 0 is 6 in /system/etc/bpf/netd.o
06-13 20:07:28.046 D/LibBpfLoader( 251): map_fd found at 1 is 7 in /system/etc/bpf/netd.o
06-13 20:07:28.046 D/LibBpfLoader( 251): map_fd found at 2 is 8 in /system/etc/bpf/netd.o
06-13 20:07:28.046 D/LibBpfLoader( 251): map_fd found at 3 is 9 in /system/etc/bpf/netd.o
06-13 20:07:28.046 D/LibBpfLoader( 251): map_fd found at 4 is 10 in /system/etc/bpf/netd.o
06-13 20:07:28.046 D/LibBpfLoader( 251): map_fd found at 5 is 11 in /system/etc/bpf/netd.o
06-13 20:07:28.046 D/LibBpfLoader( 251): map_fd found at 6 is 12 in /system/etc/bpf/netd.o
06-13 20:07:28.046 D/LibBpfLoader( 251): map_fd found at 7 is 13 in /system/etc/bpf/netd.o
06-13 20:07:28.046 D/LibBpfLoader( 251): map_fd found at 8 is 14 in /system/etc/bpf/netd.o
06-13 20:07:28.046 D/LibBpfLoader( 251): map_fd found at 9 is 15 in /system/etc/bpf/netd.o
06-13 20:07:28.047 D/LibBpfLoader( 251): applying relo to instruction at byte offset: 472, insn offset 59 , insn 118
06-13 20:07:28.048 D/LibBpfLoader( 251): applying relo to instruction at byte offset: 544, insn offset 68 , insn 118
06-13 20:07:28.048 D/LibBpfLoader( 251): applying relo to instruction at byte offset: 1008, insn offset 126 , insn 118
06-13 20:07:28.048 D/LibBpfLoader( 251): applying relo to instruction at byte offset: 1304, insn offset 163 , insn 118
06-13 20:07:28.048 D/LibBpfLoader( 251): applying relo to instruction at byte offset: 1384, insn offset 173 , insn 118
06-13 20:07:28.048 D/LibBpfLoader( 251): applying relo to instruction at byte offset: 1488, insn offset 186 , insn 118
06-13 20:07:28.048 D/LibBpfLoader( 251): applying relo to instruction at byte offset: 1600, insn offset 200 , insn 118
06-13 20:07:28.048 D/LibBpfLoader( 251): applying relo to instruction at byte offset: 1640, insn offset 205 , insn 118
06-13 20:07:28.048 D/LibBpfLoader( 251): applying relo to instruction at byte offset: 1992, insn offset 249 , insn 118
06-13 20:07:28.048 D/LibBpfLoader( 251): applying relo to instruction at byte offset: 2104, insn offset 263 , insn 118
06-13 20:07:28.048 D/LibBpfLoader( 251): applying relo to instruction at byte offset: 2144, insn offset 268 , insn 118
06-13 20:07:28.048 D/LibBpfLoader( 251): applying relo to instruction at byte offset: 2424, insn offset 303 , insn 118
06-13 20:07:28.048 D/LibBpfLoader( 251): applying relo to instruction at byte offset: 2528, insn offset 316 , insn 118
06-13 20:07:28.049 D/LibBpfLoader( 251): applying relo to instruction at byte offset: 2568, insn offset 321 , insn 118
06-13 20:07:28.049 D/LibBpfLoader( 251): applying relo to instruction at byte offset: 2712, insn offset 339 , insn 118
06-13 20:07:28.049 D/LibBpfLoader( 251): applying relo to instruction at byte offset: 2816, insn offset 352 , insn 118
06-13 20:07:28.049 D/LibBpfLoader( 251): applying relo to instruction at byte offset: 2856, insn offset 357 , insn 118
06-13 20:07:28.049 D/LibBpfLoader( 251): applying relo to instruction at byte offset: 3088, insn offset 386 , insn 118
06-13 20:07:28.049 D/LibBpfLoader( 251): applying relo to instruction at byte offset: 3192, insn offset 399 , insn 118
06-13 20:07:28.049 D/LibBpfLoader( 251): applying relo to instruction at byte offset: 3232, insn offset 404 , insn 118
06-13 20:07:28.049 D/LibBpfLoader( 251): applying relo to instruction at byte offset: 448, insn offset 56 , insn 118
06-13 20:07:28.049 D/LibBpfLoader( 251): applying relo to instruction at byte offset: 520, insn offset 65 , insn 118
06-13 20:07:28.049 D/LibBpfLoader( 251): applying relo to instruction at byte offset: 992, insn offset 124 , insn 118
06-13 20:07:28.049 D/LibBpfLoader( 251): applying relo to instruction at byte offset: 1272, insn offset 159 , insn 118
06-13 20:07:28.049 D/LibBpfLoader( 251): applying relo to instruction at byte offset: 1352, insn offset 169 , insn 118
06-13 20:07:28.050 D/LibBpfLoader( 251): applying relo to instruction at byte offset: 1456, insn offset 182 , insn 118
06-13 20:07:28.050 D/LibBpfLoader( 251): applying relo to instruction at byte offset: 1560, insn offset 195 , insn 118
06-13 20:07:28.050 D/LibBpfLoader( 251): applying relo to instruction at byte offset: 1600, insn offset 200 , insn 118
06-13 20:07:28.050 D/LibBpfLoader( 251): applying relo to instruction at byte offset: 1744, insn offset 218 , insn 118
06-13 20:07:28.050 D/LibBpfLoader( 251): applying relo to instruction at byte offset: 1848, insn offset 231 , insn 118
06-13 20:07:28.050 D/LibBpfLoader( 251): applying relo to instruction at byte offset: 1888, insn offset 236 , insn 118
06-13 20:07:28.050 D/LibBpfLoader( 251): applying relo to instruction at byte offset: 2160, insn offset 270 , insn 118
06-13 20:07:28.050 D/LibBpfLoader( 251): applying relo to instruction at byte offset: 2264, insn offset 283 , insn 118
06-13 20:07:28.050 D/LibBpfLoader( 251): applying relo to instruction at byte offset: 2304, insn offset 288 , insn 118
06-13 20:07:28.050 D/LibBpfLoader( 251): applying relo to instruction at byte offset: 2448, insn offset 306 , insn 118
06-13 20:07:28.050 D/LibBpfLoader( 251): applying relo to instruction at byte offset: 2552, insn offset 319 , insn 118
06-13 20:07:28.050 D/LibBpfLoader( 251): applying relo to instruction at byte offset: 2592, insn offset 324 , insn 118
06-13 20:07:28.051 D/LibBpfLoader( 251): applying relo to instruction at byte offset: 2824, insn offset 353 , insn 118
06-13 20:07:28.051 D/LibBpfLoader( 251): applying relo to instruction at byte offset: 2928, insn offset 366 , insn 118
06-13 20:07:28.051 D/LibBpfLoader( 251): applying relo to instruction at byte offset: 2968, insn offset 371 , insn 118
06-13 20:07:28.051 D/LibBpfLoader( 251): applying relo to instruction at byte offset: 88, insn offset 11 , insn 118
06-13 20:07:28.051 D/LibBpfLoader( 251): applying relo to instruction at byte offset: 192, insn offset 24 , insn 118
06-13 20:07:28.051 D/LibBpfLoader( 251): applying relo to instruction at byte offset: 232, insn offset 29 , insn 118
06-13 20:07:28.051 D/LibBpfLoader( 251): applying relo to instruction at byte offset: 40, insn offset 5 , insn 118
06-13 20:07:28.051 D/LibBpfLoader( 251): applying relo to instruction at byte offset: 144, insn offset 18 , insn 118
06-13 20:07:28.051 D/LibBpfLoader( 251): applying relo to instruction at byte offset: 184, insn offset 23 , insn 118
06-13 20:07:28.051 D/LibBpfLoader( 251): applying relo to instruction at byte offset: 136, insn offset 17 , insn 118
06-13 20:07:28.051 D/LibBpfLoader( 251): applying relo to instruction at byte offset: 32, insn offset 4 , insn 118
06-13 20:07:28.051 D/LibBpfLoader( 251): applying relo to instruction at byte offset: 80, insn offset 10 , insn 118
06-13 20:07:28.052 D/LibBpfLoader( 251): cs[0].name:cgroupskb_ingress_stats min_kver:0 .max_kver:ffffffff (kvers:504007d)
06-13 20:07:28.052 D/LibBpfLoader( 251): cs[0].name:cgroupskb_ingress_stats requires bpfloader version [0x00000,0x10000)
06-13 20:07:28.054 D/LibBpfLoader( 251): bpf_prog_load lib call for /system/etc/bpf/netd.o (cgroupskb_ingress_stats) returned fd: 16 (no error)
06-13 20:07:28.055 D/LibBpfLoader( 251): cs[1].name:cgroupskb_egress_stats min_kver:0 .max_kver:ffffffff (kvers:504007d)
06-13 20:07:28.055 D/LibBpfLoader( 251): cs[1].name:cgroupskb_egress_stats requires bpfloader version [0x00000,0x10000)
06-13 20:07:28.057 D/LibBpfLoader( 251): bpf_prog_load lib call for /system/etc/bpf/netd.o (cgroupskb_egress_stats) returned fd: 17 (no error)
06-13 20:07:28.057 D/LibBpfLoader( 251): cs[2].name:skfilter_egress_xtbpf min_kver:0 .max_kver:ffffffff (kvers:504007d)
06-13 20:07:28.057 D/LibBpfLoader( 251): cs[2].name:skfilter_egress_xtbpf requires bpfloader version [0x00000,0x10000)
06-13 20:07:28.058 D/LibBpfLoader( 251): bpf_prog_load lib call for /system/etc/bpf/netd.o (skfilter_egress_xtbpf) returned fd: 18 (no error)
06-13 20:07:28.058 D/LibBpfLoader( 251): cs[3].name:skfilter_ingress_xtbpf min_kver:0 .max_kver:ffffffff (kvers:504007d)
06-13 20:07:28.058 D/LibBpfLoader( 251): cs[3].name:skfilter_ingress_xtbpf requires bpfloader version [0x00000,0x10000)
06-13 20:07:28.058 D/LibBpfLoader( 251): bpf_prog_load lib call for /system/etc/bpf/netd.o (skfilter_ingress_xtbpf) returned fd: 19 (no error)
06-13 20:07:28.058 D/LibBpfLoader( 251): cs[4].name:skfilter_allowlist_xtbpf min_kver:0 .max_kver:ffffffff (kvers:504007d)
06-13 20:07:28.058 D/LibBpfLoader( 251): cs[4].name:skfilter_allowlist_xtbpf requires bpfloader version [0x00000,0x10000)
06-13 20:07:28.059 D/LibBpfLoader( 251): bpf_prog_load lib call for /system/etc/bpf/netd.o (skfilter_allowlist_xtbpf) returned fd: 20 (no error)
06-13 20:07:28.059 D/LibBpfLoader( 251): cs[5].name:skfilter_denylist_xtbpf min_kver:0 .max_kver:ffffffff (kvers:504007d)
06-13 20:07:28.059 D/LibBpfLoader( 251): cs[5].name:skfilter_denylist_xtbpf requires bpfloader version [0x00000,0x10000)
06-13 20:07:28.059 D/LibBpfLoader( 251): bpf_prog_load lib call for /system/etc/bpf/netd.o (skfilter_denylist_xtbpf) returned fd: 21 (no error)
06-13 20:07:28.059 D/LibBpfLoader( 251): cs[6].name:cgroupsock_inet_create min_kver:40e0000 .max_kver:ffffffff (kvers:504007d)
06-13 20:07:28.059 D/LibBpfLoader( 251): cs[6].name:cgroupsock_inet_create requires bpfloader version [0x00000,0x10000)
06-13 20:07:28.059 D/LibBpfLoader( 251): bpf_prog_load lib call for /system/etc/bpf/netd.o (cgroupsock_inet_create) returned fd: 22 (no error)
06-13 20:07:28.060 I/bpfloader( 251): Loaded object: /system/etc/bpf/netd.o
06-13 20:07:28.061 D/LibBpfLoader( 251): Loading optional ELF object /system/etc/bpf/gpu_mem.o with license Apache 2.0
06-13 20:07:28.061 I/LibBpfLoader( 251): Section bpfloader_min_ver value is 0 [0x0]
06-13 20:07:28.061 I/LibBpfLoader( 251): Section bpfloader_max_ver value is 65536 [0x10000]
06-13 20:07:28.061 I/LibBpfLoader( 251): Section size_of_bpf_map_def value is 48 [0x30]
06-13 20:07:28.061 I/LibBpfLoader( 251): Section size_of_bpf_prog_def value is 28 [0x1c]
06-13 20:07:28.061 I/LibBpfLoader( 251): BpfLoader version 0x00002 processing ELF object /system/etc/bpf/gpu_mem.o with ver [0x00000,0x10000)
06-13 20:07:28.062 D/LibBpfLoader( 251): Loaded code section 3 (tracepoint_gpu_mem_gpu_mem_total)
06-13 20:07:28.062 D/LibBpfLoader( 251): Loaded relo section 3 (.reltracepoint/gpu_mem/gpu_mem_total)
06-13 20:07:28.062 D/LibBpfLoader( 251): Adding section 3 to cs list
06-13 20:07:28.064 D/LibBpfLoader( 251): bpf_create_map name gpu_mem_total_map, ret: 6
06-13 20:07:28.064 D/LibBpfLoader( 251): map_fd found at 0 is 6 in /system/etc/bpf/gpu_mem.o
06-13 20:07:28.064 D/LibBpfLoader( 251): applying relo to instruction at byte offset: 80, insn offset 10 , insn 118
06-13 20:07:28.065 D/LibBpfLoader( 251): applying relo to instruction at byte offset: 128, insn offset 16 , insn 118
06-13 20:07:28.065 D/LibBpfLoader( 251): applying relo to instruction at byte offset: 208, insn offset 26 , insn 118
06-13 20:07:28.065 D/LibBpfLoader( 251): cs[0].name:tracepoint_gpu_mem_gpu_mem_total min_kver:0 .max_kver:ffffffff (kvers:504007d)
06-13 20:07:28.065 D/LibBpfLoader( 251): cs[0].name:tracepoint_gpu_mem_gpu_mem_total requires bpfloader version [0x00000,0x10000)
06-13 20:07:28.065 D/LibBpfLoader( 251): bpf_prog_load lib call for /system/etc/bpf/gpu_mem.o (tracepoint_gpu_mem_gpu_mem_total) returned fd: -1 (Invalid argument)
06-13 20:07:28.065 W/LibBpfLoader( 251): bpf_prog_load - BEGIN log_buf contents:
06-13 20:07:28.065 W/LibBpfLoader( 251):
06-13 20:07:28.065 W/LibBpfLoader( 251): bpf_prog_load - END log_buf contents.
06-13 20:07:28.065 E/LibBpfLoader( 251): non-optional program failed to load.
06-13 20:07:28.065 E/LibBpfLoader( 251): Failed to load programs, loadCodeSections ret=-1
06-13 20:07:28.065 E/bpfloader( 251): Failed to load object: /system/etc/bpf/gpu_mem.o, ret: Operation not permitted
06-13 20:07:28.066 D/LibBpfLoader( 251): Loading optional ELF object /system/etc/bpf/time_in_state.o with license GPL
06-13 20:07:28.066 I/LibBpfLoader( 251): Section bpfloader_min_ver value is 0 [0x0]
06-13 20:07:28.066 I/LibBpfLoader( 251): Section bpfloader_max_ver value is 65536 [0x10000]
06-13 20:07:28.066 I/LibBpfLoader( 251): Section size_of_bpf_map_def value is 48 [0x30]
06-13 20:07:28.067 I/LibBpfLoader( 251): Section size_of_bpf_prog_def value is 28 [0x1c]
06-13 20:07:28.067 I/LibBpfLoader( 251): BpfLoader version 0x00002 processing ELF object /system/etc/bpf/time_in_state.o with ver [0x00000,0x10000)
06-13 20:07:28.068 D/LibBpfLoader( 251): Loaded code section 3 (tracepoint_sched_sched_switch)
06-13 20:07:28.070 D/LibBpfLoader( 251): Loaded relo section 3 (.reltracepoint/sched/sched_switch)
06-13 20:07:28.070 D/LibBpfLoader( 251): Adding section 3 to cs list
06-13 20:07:28.070 D/LibBpfLoader( 251): Loaded code section 5 (tracepoint_power_cpu_frequency)
06-13 20:07:28.071 D/LibBpfLoader( 251): Loaded relo section 5 (.reltracepoint/power/cpu_frequency)
06-13 20:07:28.071 D/LibBpfLoader( 251): Adding section 5 to cs list
06-13 20:07:28.071 D/LibBpfLoader( 251): Loaded code section 7 (tracepoint_sched_sched_process_free)
06-13 20:07:28.073 D/LibBpfLoader( 251): Loaded relo section 7 (.reltracepoint/sched/sched_process_free)
06-13 20:07:28.073 D/LibBpfLoader( 251): Adding section 7 to cs list
06-13 20:07:28.075 D/LibBpfLoader( 251): bpf_create_map name total_time_in_state_map, ret: 6
06-13 20:07:28.078 D/LibBpfLoader( 251): bpf_create_map name uid_time_in_state_map, ret: 7
06-13 20:07:28.080 D/LibBpfLoader( 251): bpf_create_map name uid_concurrent_times_map, ret: 8
06-13 20:07:28.080 D/LibBpfLoader( 251): bpf_create_map name uid_last_update_map, ret: 9
06-13 20:07:28.080 D/LibBpfLoader( 251): bpf_create_map name cpu_last_update_map, ret: 10
06-13 20:07:28.080 D/LibBpfLoader( 251): bpf_create_map name cpu_policy_map, ret: 11
06-13 20:07:28.081 D/LibBpfLoader( 251): bpf_create_map name policy_freq_idx_map, ret: 12
06-13 20:07:28.081 D/LibBpfLoader( 251): bpf_create_map name freq_to_idx_map, ret: 13
06-13 20:07:28.081 D/LibBpfLoader( 251): bpf_create_map name nr_active_map, ret: 14
06-13 20:07:28.082 D/LibBpfLoader( 251): bpf_create_map name policy_nr_active_map, ret: 15
06-13 20:07:28.082 D/LibBpfLoader( 251): bpf_create_map name pid_tracked_hash_map, ret: 16
06-13 20:07:28.082 D/LibBpfLoader( 251): bpf_create_map name pid_tracked_map, ret: 17
06-13 20:07:28.082 D/LibBpfLoader( 251): bpf_create_map name pid_task_aggregation_map, ret: 18
06-13 20:07:28.085 D/LibBpfLoader( 251): bpf_create_map name pid_time_in_state_map, ret: 19
06-13 20:07:28.085 D/LibBpfLoader( 251): map_fd found at 0 is 6 in /system/etc/bpf/time_in_state.o
06-13 20:07:28.085 D/LibBpfLoader( 251): map_fd found at 1 is 7 in /system/etc/bpf/time_in_state.o
06-13 20:07:28.085 D/LibBpfLoader( 251): map_fd found at 2 is 8 in /system/etc/bpf/time_in_state.o
06-13 20:07:28.085 D/LibBpfLoader( 251): map_fd found at 3 is 9 in /system/etc/bpf/time_in_state.o
06-13 20:07:28.085 D/LibBpfLoader( 251): map_fd found at 4 is 10 in /system/etc/bpf/time_in_state.o
06-13 20:07:28.085 D/LibBpfLoader( 251): map_fd found at 5 is 11 in /system/etc/bpf/time_in_state.o
06-13 20:07:28.085 D/LibBpfLoader( 251): map_fd found at 6 is 12 in /system/etc/bpf/time_in_state.o
06-13 20:07:28.085 D/LibBpfLoader( 251): map_fd found at 7 is 13 in /system/etc/bpf/time_in_state.o
06-13 20:07:28.085 D/LibBpfLoader( 251): map_fd found at 8 is 14 in /system/etc/bpf/time_in_state.o
06-13 20:07:28.085 D/LibBpfLoader( 251): map_fd found at 9 is 15 in /system/etc/bpf/time_in_state.o
06-13 20:07:28.085 D/LibBpfLoader( 251): map_fd found at 10 is 16 in /system/etc/bpf/time_in_state.o
06-13 20:07:28.085 D/LibBpfLoader( 251): map_fd found at 11 is 17 in /system/etc/bpf/time_in_state.o
06-13 20:07:28.085 D/LibBpfLoader( 251): map_fd found at 12 is 18 in /system/etc/bpf/time_in_state.o
06-13 20:07:28.085 D/LibBpfLoader( 251): map_fd found at 13 is 19 in /system/etc/bpf/time_in_state.o
06-13 20:07:28.087 D/LibBpfLoader( 251): applying relo to instruction at byte offset: 40, insn offset 5 , insn 118
06-13 20:07:28.087 D/LibBpfLoader( 251): applying relo to instruction at byte offset: 128, insn offset 16 , insn 118
06-13 20:07:28.087 D/LibBpfLoader( 251): applying relo to instruction at byte offset: 200, insn offset 25 , insn 118
06-13 20:07:28.087 D/LibBpfLoader( 251): applying relo to instruction at byte offset: 264, insn offset 33 , insn 118
06-13 20:07:28.087 D/LibBpfLoader( 251): applying relo to instruction at byte offset: 504, insn offset 63 , insn 118
06-13 20:07:28.087 D/LibBpfLoader( 251): applying relo to instruction at byte offset: 640, insn offset 80 , insn 118
06-13 20:07:28.087 D/LibBpfLoader( 251): applying relo to instruction at byte offset: 1000, insn offset 125 , insn 118
06-13 20:07:28.088 D/LibBpfLoader( 251): applying relo to instruction at byte offset: 1040, insn offset 130 , insn 118
06-13 20:07:28.088 D/LibBpfLoader( 251): applying relo to instruction at byte offset: 1216, insn offset 152 , insn 118
06-13 20:07:28.088 D/LibBpfLoader( 251): applying relo to instruction at byte offset: 1344, insn offset 168 , insn 118
06-13 20:07:28.088 D/LibBpfLoader( 251): applying relo to instruction at byte offset: 1440, insn offset 180 , insn 118
06-13 20:07:28.088 D/LibBpfLoader( 251): applying relo to instruction at byte offset: 1536, insn offset 192 , insn 118
06-13 20:07:28.088 D/LibBpfLoader( 251): applying relo to instruction at byte offset: 1864, insn offset 233 , insn 118
06-13 20:07:28.088 D/LibBpfLoader( 251): applying relo to instruction at byte offset: 1904, insn offset 238 , insn 118
06-13 20:07:28.088 D/LibBpfLoader( 251): applying relo to instruction at byte offset: 2080, insn offset 260 , insn 118
06-13 20:07:28.088 D/LibBpfLoader( 251): applying relo to instruction at byte offset: 2288, insn offset 286 , insn 118
06-13 20:07:28.088 D/LibBpfLoader( 251): applying relo to instruction at byte offset: 2328, insn offset 291 , insn 118
06-13 20:07:28.089 D/LibBpfLoader( 251): applying relo to instruction at byte offset: 2504, insn offset 313 , insn 118
06-13 20:07:28.089 D/LibBpfLoader( 251): applying relo to instruction at byte offset: 2712, insn offset 339 , insn 118
06-13 20:07:28.089 D/LibBpfLoader( 251): applying relo to instruction at byte offset: 2752, insn offset 344 , insn 118
06-13 20:07:28.089 D/LibBpfLoader( 251): applying relo to instruction at byte offset: 2864, insn offset 358 , insn 118
06-13 20:07:28.089 D/LibBpfLoader( 251): applying relo to instruction at byte offset: 2952, insn offset 369 , insn 118
06-13 20:07:28.089 D/LibBpfLoader( 251): applying relo to instruction at byte offset: 3056, insn offset 382 , insn 118
06-13 20:07:28.089 D/LibBpfLoader( 251): applying relo to instruction at byte offset: 3160, insn offset 395 , insn 118
06-13 20:07:28.089 D/LibBpfLoader( 251): applying relo to instruction at byte offset: 3264, insn offset 408 , insn 118
06-13 20:07:28.089 D/LibBpfLoader( 251): applying relo to instruction at byte offset: 3368, insn offset 421 , insn 118
06-13 20:07:28.090 D/LibBpfLoader( 251): applying relo to instruction at byte offset: 3472, insn offset 434 , insn 118
06-13 20:07:28.090 D/LibBpfLoader( 251): applying relo to instruction at byte offset: 3576, insn offset 447 , insn 118
06-13 20:07:28.090 D/LibBpfLoader( 251): applying relo to instruction at byte offset: 3688, insn offset 461 , insn 118
06-13 20:07:28.090 D/LibBpfLoader( 251): applying relo to instruction at byte offset: 40, insn offset 5 , insn 118
06-13 20:07:28.090 D/LibBpfLoader( 251): applying relo to instruction at byte offset: 120, insn offset 15 , insn 118
06-13 20:07:28.090 D/LibBpfLoader( 251): applying relo to instruction at byte offset: 200, insn offset 25 , insn 118
06-13 20:07:28.090 D/LibBpfLoader( 251): applying relo to instruction at byte offset: 48, insn offset 6 , insn 118
06-13 20:07:28.090 D/LibBpfLoader( 251): applying relo to instruction at byte offset: 200, insn offset 25 , insn 118
06-13 20:07:28.090 D/LibBpfLoader( 251): applying relo to instruction at byte offset: 328, insn offset 41 , insn 118
06-13 20:07:28.091 D/LibBpfLoader( 251): applying relo to instruction at byte offset: 456, insn offset 57 , insn 118
06-13 20:07:28.091 D/LibBpfLoader( 251): applying relo to instruction at byte offset: 584, insn offset 73 , insn 118
06-13 20:07:28.091 D/LibBpfLoader( 251): applying relo to instruction at byte offset: 712, insn offset 89 , insn 118
06-13 20:07:28.091 D/LibBpfLoader( 251): applying relo to instruction at byte offset: 840, insn offset 105 , insn 118
06-13 20:07:28.091 D/LibBpfLoader( 251): applying relo to instruction at byte offset: 968, insn offset 121 , insn 118
06-13 20:07:28.091 D/LibBpfLoader( 251): applying relo to instruction at byte offset: 1104, insn offset 138 , insn 118
06-13 20:07:28.091 D/LibBpfLoader( 251): applying relo to instruction at byte offset: 1144, insn offset 143 , insn 118
06-13 20:07:28.091 D/LibBpfLoader( 251): cs[0].name:tracepoint_sched_sched_switch min_kver:0 .max_kver:ffffffff (kvers:504007d)
06-13 20:07:28.091 D/LibBpfLoader( 251): cs[0].name:tracepoint_sched_sched_switch requires bpfloader version [0x00000,0x10000)
06-13 20:07:28.092 D/LibBpfLoader( 251): bpf_prog_load lib call for /system/etc/bpf/time_in_state.o (tracepoint_sched_sched_switch) returned fd: -1 (Invalid argument)
06-13 20:07:28.092 W/LibBpfLoader( 251): bpf_prog_load - BEGIN log_buf contents:
06-13 20:07:28.092 W/LibBpfLoader( 251):
06-13 20:07:28.092 W/LibBpfLoader( 251): bpf_prog_load - END log_buf contents.
06-13 20:07:28.092 E/LibBpfLoader( 251): non-optional program failed to load.
06-13 20:07:28.092 E/LibBpfLoader( 251): Failed to load programs, loadCodeSections ret=-1
06-13 20:07:28.092 E/bpfloader( 251): Failed to load object: /system/etc/bpf/time_in_state.o, ret: Operation not permitted
06-13 20:07:28.093 D/LibBpfLoader( 251): Loading critical for netd ELF object /system/etc/bpf/clatd.o with license Apache 2.0
06-13 20:07:28.093 I/LibBpfLoader( 251): Section bpfloader_min_ver value is 0 [0x0]
06-13 20:07:28.093 I/LibBpfLoader( 251): Section bpfloader_max_ver value is 65536 [0x10000]
06-13 20:07:28.093 I/LibBpfLoader( 251): Section size_of_bpf_map_def value is 48 [0x30]
06-13 20:07:28.093 I/LibBpfLoader( 251): Section size_of_bpf_prog_def value is 28 [0x1c]
06-13 20:07:28.093 I/LibBpfLoader( 251): BpfLoader version 0x00002 processing ELF object /system/etc/bpf/clatd.o with ver [0x00000,0x10000)
06-13 20:07:28.094 D/LibBpfLoader( 251): Loaded code section 3 (schedcls_ingress6_clat_ether)
06-13 20:07:28.095 D/LibBpfLoader( 251): Loaded relo section 3 (.relschedcls/ingress6/clat_ether)
06-13 20:07:28.095 D/LibBpfLoader( 251): Adding section 3 to cs list
06-13 20:07:28.095 D/LibBpfLoader( 251): Loaded code section 5 (schedcls_ingress6_clat_rawip)
06-13 20:07:28.096 D/LibBpfLoader( 251): Loaded relo section 5 (.relschedcls/ingress6/clat_rawip)
06-13 20:07:28.096 D/LibBpfLoader( 251): Adding section 5 to cs list
06-13 20:07:28.096 D/LibBpfLoader( 251): Loaded code section 7 (schedcls_egress4_clat_ether)
06-13 20:07:28.096 D/LibBpfLoader( 251): Adding section 7 to cs list
06-13 20:07:28.096 D/LibBpfLoader( 251): Loaded code section 8 (schedcls_egress4_clat_rawip)
06-13 20:07:28.097 D/LibBpfLoader( 251): Loaded relo section 8 (.relschedcls/egress4/clat_rawip)
06-13 20:07:28.097 D/LibBpfLoader( 251): Adding section 8 to cs list
06-13 20:07:28.098 D/LibBpfLoader( 251): bpf_create_map name clat_ingress6_map, ret: 6
06-13 20:07:28.099 D/LibBpfLoader( 251): bpf_create_map name clat_egress4_map, ret: 7
06-13 20:07:28.099 D/LibBpfLoader( 251): map_fd found at 0 is 6 in /system/etc/bpf/clatd.o
06-13 20:07:28.099 D/LibBpfLoader( 251): map_fd found at 1 is 7 in /system/etc/bpf/clatd.o
06-13 20:07:28.099 D/LibBpfLoader( 251): applying relo to instruction at byte offset: 408, insn offset 51 , insn 118
06-13 20:07:28.099 D/LibBpfLoader( 251): applying relo to instruction at byte offset: 352, insn offset 44 , insn 118
06-13 20:07:28.100 D/LibBpfLoader( 251): applying relo to instruction at byte offset: 520, insn offset 65 , insn 118
06-13 20:07:28.100 D/LibBpfLoader( 251): cs[0].name:schedcls_ingress6_clat_ether min_kver:0 .max_kver:ffffffff (kvers:504007d)
06-13 20:07:28.100 D/LibBpfLoader( 251): cs[0].name:schedcls_ingress6_clat_ether requires bpfloader version [0x00000,0x10000)
06-13 20:07:28.101 D/LibBpfLoader( 251): bpf_prog_load lib call for /system/etc/bpf/clatd.o (schedcls_ingress6_clat_ether) returned fd: 8 (no error)
06-13 20:07:28.101 D/LibBpfLoader( 251): cs[1].name:schedcls_ingress6_clat_rawip min_kver:0 .max_kver:ffffffff (kvers:504007d)
06-13 20:07:28.101 D/LibBpfLoader( 251): cs[1].name:schedcls_ingress6_clat_rawip requires bpfloader version [0x00000,0x10000)
06-13 20:07:28.101 D/LibBpfLoader( 251): bpf_prog_load lib call for /system/etc/bpf/clatd.o (schedcls_ingress6_clat_rawip) returned fd: 9 (no error)
06-13 20:07:28.101 D/LibBpfLoader( 251): cs[2].name:schedcls_egress4_clat_ether min_kver:0 .max_kver:ffffffff (kvers:504007d)
06-13 20:07:28.101 D/LibBpfLoader( 251): cs[2].name:schedcls_egress4_clat_ether requires bpfloader version [0x00000,0x10000)
06-13 20:07:28.102 D/LibBpfLoader( 251): bpf_prog_load lib call for /system/etc/bpf/clatd.o (schedcls_egress4_clat_ether) returned fd: 10 (no error)
06-13 20:07:28.102 D/LibBpfLoader( 251): cs[3].name:schedcls_egress4_clat_rawip min_kver:0 .max_kver:ffffffff (kvers:504007d)
06-13 20:07:28.102 D/LibBpfLoader( 251): cs[3].name:schedcls_egress4_clat_rawip requires bpfloader version [0x00000,0x10000)
06-13 20:07:28.103 D/LibBpfLoader( 251): bpf_prog_load lib call for /system/etc/bpf/clatd.o (schedcls_egress4_clat_rawip) returned fd: 11 (no error)
06-13 20:07:28.103 I/bpfloader( 251): Loaded object: /system/etc/bpf/clatd.o
06-13 20:07:28.139 I/update_verifier( 252): Started with arg 1: nonencrypted
06-13 20:07:28.140 E/cutils-trace( 252): Error opening trace file: No such file or directory (2)
06-13 20:07:28.151 I/update_verifier( 252): Booting slot 1: isSlotMarkedSuccessful=1
06-13 20:07:28.152 I/update_verifier( 252): Leaving update_verifier.
06-13 20:07:28.195 I/ServiceManager( 253): Waiting for service 'statscompanion' on '/dev/binder'...
06-13 20:07:28.230 I/netdClient( 254): Skipping libnetd_client init since *we* are netd
06-13 20:07:28.239 I/netd ( 254): netd 1.0 starting
06-13 20:07:28.244 I/netd ( 254): Pid file removed
06-13 20:07:28.245 I/netd ( 254): SIGPIPE is blocked
06-13 20:07:28.245 I/netd ( 254): setCloseOnExec(dnsproxyd)
06-13 20:07:28.245 I/netd ( 254): setCloseOnExec(fwmarkd)
06-13 20:07:28.245 I/netd ( 254): setCloseOnExec(mdns)
06-13 20:07:28.247 I/netd ( 254): BPF programs are loaded
06-13 20:07:28.247 I/netd ( 254): NetlinkManager instanced
06-13 20:07:28.247 I/netd ( 254): enter NetworkController ctor
06-13 20:07:28.251 I/netd ( 254): leave NetworkController ctor
06-13 20:07:28.251 I/netd ( 254): enter TetherController ctor
06-13 20:07:28.252 D/TetherController( 254): Setting IP forward enable = 0
06-13 20:07:28.254 E/cutils-trace( 259): Error opening trace file: No such file or directory (2)
06-13 20:07:28.264 I/HidlServiceManagement( 259): Registered android.hidl.allocator@1.0::IAllocator/ashmem
06-13 20:07:28.265 I/HidlServiceManagement( 259): Removing namespace from process name android.hidl.allocator@1.0-service to allocator@1.0-service.
06-13 20:07:28.266 I/netd ( 254): leave TetherController ctor
06-13 20:07:28.267 D/FirewallController( 254): Could not read /proc/self/uid_map, max uid defaulting to 4294967294
06-13 20:07:28.353 I/android.hardware.camera.provider@2.4-external-service( 262): External camera provider service is starting.
06-13 20:07:28.360 E/cutils-trace( 262): Error opening trace file: No such file or directory (2)
06-13 20:07:28.363 E/cutils-trace( 260): Error opening trace file: No such file or directory (2)
06-13 20:07:28.365 E/cutils-trace( 265): Error opening trace file: No such file or directory (2)
06-13 20:07:28.409 I/android.hardware.lights-service( 271): Light Hal current version V2.0.0
06-13 20:07:28.421 E/cutils-trace( 263): Error opening trace file: No such file or directory (2)
06-13 20:07:28.428 E/cutils-trace( 261): Error opening trace file: No such file or directory (2)
06-13 20:07:28.429 D/lights_device( 271): success open disp device type=0.
06-13 20:07:28.432 I/servicemanager( 192): Found android.hardware.light.ILights/default in device VINTF manifest.
06-13 20:07:28.433 I/AW_PowerHAL( 272): AW Power HAL AIDL Service is starting.
06-13 20:07:28.435 E/cutils-trace( 264): Error opening trace file: No such file or directory (2)
06-13 20:07:28.436 I/netd ( 254): Creating child chains: 119709us
06-13 20:07:28.436 I/netd ( 254): Setting up OEM hooks: 318us
06-13 20:07:28.437 I/netd ( 254): Setting up FirewallController hooks: 52us
06-13 20:07:28.438 I/HidlServiceManagement( 263): Registered android.hardware.cas@1.2::IMediaCasService/default
06-13 20:07:28.438 I/HidlServiceManagement( 263): Removing namespace from process name android.hardware.cas@1.2-service to cas@1.2-service.
06-13 20:07:28.443 I/AW_PowerHAL( 272): PowerHAL initiated
06-13 20:07:28.444 I/servicemanager( 192): Found android.hardware.power.IPower/default in device VINTF manifest.
06-13 20:07:28.446 I/netd ( 254): Setting up TetherController hooks: 9317us
06-13 20:07:28.451 E/cutils-trace( 273): Error opening trace file: No such file or directory (2)
06-13 20:07:28.455 D/Module_SUNXI( 264): hardware/aw/gatekeeper/teeGateKeeper/module_sunxi.cpp 34, trusty_gatekeeper_open
06-13 20:07:28.455 V/SUNXI_TrustyGateKeeper( 264): Gatekeeper_Initialize
06-13 20:07:28.456 D/tee_supplicant( 218): Spawning a new thread
06-13 20:07:28.459 I/netd ( 254): Setting up BandwidthController hooks: 13428us
06-13 20:07:28.460 I/netd ( 254): Setting up IdletimerController hooks: 306us
06-13 20:07:28.460 D/tee_supplicant( 218): failed to open the ta /vendor/lib/optee_armtz/2233b43b-cec6-449a-9509-469f5023e425.ta TA-file
06-13 20:07:28.460 D/tee_supplicant( 218): looping
06-13 20:07:28.461 D/tee_supplicant( 218): looping
06-13 20:07:28.461 D/tee_supplicant( 218): failed to open the ta /vendor/lib/optee_armtz/2233b43b-cec6-449a-9509-469f5023e425.ta TA-file
06-13 20:07:28.462 D/tee_supplicant( 218): looping
06-13 20:07:28.465 D/tee_supplicant( 218): looping
06-13 20:07:28.481 E/cutils-trace( 270): Error opening trace file: No such file or directory (2)
06-13 20:07:28.483 D/hdmi-cec( 273): Loading: sunxi HDMI CEC module
06-13 20:07:28.484 I/netd ( 254): Setting up StrictController hooks: 24073us
06-13 20:07:28.484 I/netd ( 254): Initializing ClatdController: 237us
06-13 20:07:28.486 I/netd ( 254): Initializing traffic control: 2216us
06-13 20:07:28.493 E/android.hardware.usb.gadget@1.1-service.aw( 274): configfs setup not done yet
06-13 20:07:28.498 W/healthd ( 270): No battery devices found
06-13 20:07:28.498 I/hdmi-cec( 273): HDMI-CEC EventThread start
06-13 20:07:28.503 D/tee_supplicant( 218): looping
06-13 20:07:28.503 E/cutils-trace( 274): Error opening trace file: No such file or directory (2)
06-13 20:07:28.524 I/android.hardware.health@2.1-service( 270): default instance initializing with healthd_config...
06-13 20:07:28.534 I/sunxihwc( 269): open: Loading: sunxi hwcomposer module
06-13 20:07:28.535 E/cutils-trace( 269): Error opening trace file: No such file or directory (2)
06-13 20:07:28.532 I/init ( 177): type=1400 audit(0.0:14): avc: denied { add_name } for name="runtime_enable" scontext=u:r:vendor_init:s0 tcontext=u:object_r:sysfs_disp:s0 tclass=dir permissive=1
06-13 20:07:28.532 I/init ( 177): type=1400 audit(0.0:15): avc: denied { create } for name="runtime_enable" scontext=u:r:vendor_init:s0 tcontext=u:object_r:sysfs_disp:s0 tclass=file permissive=1
06-13 20:07:28.540 I/netd ( 254): Enabling bandwidth control: 53660us
06-13 20:07:28.544 I/netd ( 254): Initializing RouteController: 3929us
06-13 20:07:28.544 D/XfrmController( 254): XfrmController::ipSecAddXfrmInterface, line=1479
06-13 20:07:28.545 D/XfrmController( 254): XfrmController::ipSecRemoveTunnelInterface, line=1692
06-13 20:07:28.546 D/XfrmController( 254): deviceName=ipsec_test
06-13 20:07:28.551 I/HidlServiceManagement( 273): Registered android.hardware.tv.cec@1.0::IHdmiCec/default
