06-13 20:09:02.145 D/NearFieldUtils( 3240): get wlan0 IP succeed.
06-13 20:09:02.145 E/NearFieldManagerImpl( 3240): notifyByPriority: interfaceNameInUse is null
06-13 20:09:02.145 D/NearFieldManagerImpl( 3240): handleConnectivityAction: notified by default
06-13 20:09:02.151 I/HicomNfTimerManager( 3240): epoll fd:129 create success
06-13 20:09:02.151 I/HicomNfTimerManager( 3240): epoll add fd:130--->129 success
06-13 20:09:02.151 I/HicomNfTimerManager( 3240): time fd:130 add to epoll success
06-13 20:09:02.153 D/NearFieldUtils( 3240): to get wlan0 ip address
06-13 20:09:02.154 D/NearFieldUtils( 3240): get wlan0 IP succeed.
06-13 20:09:02.154 I/NearFieldManagerImpl( 3240): wlan Connected
06-13 20:09:02.144 E/sprdwl ( 1095): sprdwl_rx_rsp_process ctx_id 0 recv rsp[WIFI_CMD_TX_DATA] status[SPRDWL_CMD_STATUS_ERROR]
06-13 20:09:02.159 I/HicomNf_java_to_c( 3240): notifyNetworkStateChanged with maskStr, networkType: 0, networkState: 0, mask:
06-13 20:09:02.159 D/nStackXDFinder( 3240): NSTACKX_Init:[146] :nstack ctrl creat epollfd 127
06-13 20:09:02.159 I/HicomNfMainCtrlManager( 3240): NotifyNetworkStateChanged is called with networkState: 0
06-13 20:09:02.159 I/HicomNfMainCtrlManager( 3240): P2P and USB are both disconnected
06-13 20:09:02.159 I/HicomNfSecureManager( 3240): stop listening
06-13 20:09:02.159 I/HicomNfSecureManager( 3240): StopListening, m_sessionInfoLock out, before calling NSTACKX_DMsgClose 2
06-13 20:09:02.159 I/HicomNfSecureManager( 3240): StopListening, after calling NSTACKX_DMsgClose 2
06-13 20:09:02.160 I/nStackXDFinder( 3240): InitDefaultInterfaceName:[779] :InitDefaultInterfaceName exec
06-13 20:09:02.160 D/nStackXCoAP( 3240): CoapServerInit:[174] :CoapServerInit is called
06-13 20:09:02.160 E/nStackXDFinder( 3240): GetLocalIp:[401] :GetLocalIp exec
06-13 20:09:02.160 E/nStackXDFinder( 3240): GetLocalIp:[407] :GetLocalIp, ifInfo is null
06-13 20:09:02.160 I/HicomNfMainCtrlManager( 3240): NSTACKX_RegisterDevice is called
06-13 20:09:02.160 D/NearFieldManagerImpl( 3240): Register device success.
06-13 20:09:02.160 I/NearFieldManagerImpl( 3240): serviceName is castPlus
06-13 20:09:02.161 D/NearFieldManagerImpl( 3240): registerCapability() called with: capabilityBitmapNum = 1, capabilityBitmap = [8]
06-13 20:09:02.161 I/HicomNf_java_to_c( 3240): registerCapability, capabilityBitmapNum: 1
06-13 20:09:02.161 I/HicomNfMainCtrlManager( 3240): RegisterCapability: 1, 8
06-13 20:09:02.161 D/NearFieldManagerImpl( 3240): Register capability succeed with capabilityBitmapNum = 1, capabilityBitmap = [8]
06-13 20:09:02.161 D/NearFieldManagerImpl( 3240): registerServiceData() called with: serviceData = 32
06-13 20:09:02.162 D/NearFieldManagerImpl( 3240): registerModule() called with: packageModuleName = com.huawei.connection+CastPlusDiscoveryModule
06-13 20:09:02.162 I/HicomNf_java_to_c( 3240): registerModule, moduleName: com.huawei.connection+CastPlusDiscoveryModule
06-13 20:09:02.162 I/HicomNfMainCtrlManager( 3240): Enter RegisterModule
06-13 20:09:02.162 I/nStackXDFinder( 3240): UpdateLocalNetworkInterface:[472] :UpdateLocalNetworkInterface exec,initerfaceName:wlan0
06-13 20:09:02.162 I/HicomNfRegManager( 3240): RegisterModule OK, add module name com.huawei.connection+CastPlusDiscoveryModule
06-13 20:09:02.162 E/nStackXDFinder( 3240): GetLocalIp:[401] :GetLocalIp exec
06-13 20:09:02.162 E/nStackXDFinder( 3240): GetLocalIp:[407] :GetLocalIp, ifInfo is null
06-13 20:09:02.162 I/nStackXDFinder( 3240): UpdateLocalNetworkInterface:[498] :UpdateLocalNetworkInterface copy ip value in default process
06-13 20:09:02.162 E/nStackXDFinder( 3240): GetLocalIp:[401] :GetLocalIp exec
06-13 20:09:02.162 D/nStackXCoAP( 3240): CoapServerInit:[174] :CoapServerInit is called
06-13 20:09:02.162 E/nStackXDFinder( 3240): GetLocalIp:[401] :GetLocalIp exec
06-13 20:09:02.162 I/nStackXUtil( 3240): BindToDevice:[352] :BindToDevice exec
06-13 20:09:02.163 I/nStackXUtil( 3240): GetInterfaceByPriority:[279] :GetInterfaceByPriority exec
06-13 20:09:02.163 I/nStackXUtil( 3240): GetInterfaceByDefault:[309] :GetInterfaceByDefault exec
06-13 20:09:02.163 I/nStackXUtil( 3240): GetInterfaceByDefault:[316] :GetInterfaceByDefault, ndevice name: lo
06-13 20:09:02.163 I/nStackXUtil( 3240): GetInterfaceByDefault:[316] :GetInterfaceByDefault, ndevice name: wlan0
06-13 20:09:02.163 I/nStackXUtil( 3240): BindToDevice:[374] :BindToDevice, Bind localAddr name: wlan0
06-13 20:09:02.163 E/nStackXUtil( 3240): BindToDeviceInner:[188] :setsockopt fail, errno = 1
06-13 20:09:02.163 E/nStackXCoAP( 3240): CoapGetContext:[250] :bind to device fail
06-13 20:09:02.163 D/nStackXCoAP( 3240): CoapInitResources:[744] :CoapInitResources g_wlanOrEthContext update
06-13 20:09:02.163 I/nStackXDFinder( 3240): RegisterServiceData:[728] :RegisterServiceData, serviceData=[32]
06-13 20:09:02.164 I/Hisight-DeviceListManager( 3067): init DeviceListManager.
06-13 20:09:02.171 I/HicomNf_java_to_c( 3240): notifyNetworkStateChanged with maskStr, networkType: 0, networkState: 1, mask: 255.255.255.0
06-13 20:09:02.172 I/HicomNfMainCtrlManager( 3240): NotifyNetworkStateChanged is called with networkState: 1
06-13 20:09:02.172 I/HicomNfSecureManager( 3240): StartListening, before calling NSTACKX_DMsgServer
06-13 20:09:02.172 I/nStackXDMsg( 3240): NSTACKX_DMsgServer:[1335] :msgReceiver is not NULL
06-13 20:09:02.172 D/nStackXDMsg( 3240): StartDMsgMainThread:[1274] :pthread_create
06-13 20:09:02.172 I/HicomNfSecureManager( 3240): StartListening, after calling NSTACKX_DMsgServer
06-13 20:09:02.172 I/HicomNfSecureManager( 3240): OnehopSecureCtrlManager: succeeded to StartListening with type 0
06-13 20:09:02.172 D/Hisight-DeviceListManager( 3067): get old secret key
06-13 20:09:02.179 E/Hisight-ConnectAuthCallBack( 3067): readSecureFile failed, no such file
06-13 20:09:02.179 W/Hisight-DeviceListManager( 3067): deviceRecords is empty
06-13 20:09:02.179 W/Hisight-DeviceListManager( 3067): occur error, clear all the list
06-13 20:09:02.169 E/sprdwl ( 1095): sprdwl_rx_rsp_process ctx_id 0 recv rsp[WIFI_CMD_TX_DATA] status[SPRDWL_CMD_STATUS_ERROR]
06-13 20:09:02.180 D/Hisight-HiChainAuthControl( 3067): start HiChainAuthControl
06-13 20:09:02.186 I/ConnectAuthJNI( 3067): JNI_OnLoad begin load
06-13 20:09:02.186 I/ConnectAuthJNI( 3067): RegisterNativeMethod begin
06-13 20:09:02.186 I/ConnectAuthJNI( 3067): RegisterNativeMethod end
06-13 20:09:02.186 I/ConnectAuthJNI( 3067): RegisterNativeMethod 1004 methodLen=10
06-13 20:09:02.186 I/ConnectAuthJNI( 3067): RegisterNativeMethod 1007 RegisterNatives=0
06-13 20:09:02.186 I/ConnectAuthJNI( 3067): InitArraylist 1013
06-13 20:09:02.187 I/ConnectAuthJNI( 3067): InitConnectAuthStaticJNIMethod 1114 methodRet=0
06-13 20:09:02.187 E/ConnectAuthJNI( 3067): JNI_OnLoad finish....1138
06-13 20:09:02.187 D/Hisight-HiChainAuthControl( 3067): setupAuthIfNeeded, HiChainInstance hasn't been initialized
06-13 20:09:02.187 I/ConnectAuthJNI( 3067): Java_com_huawei_hisight_security_ConnectAuthNative_nativeSetup 795 call HiChainNativeSetup
06-13 20:09:02.187 I/ConnectAuthJNI( 3067): HiChainNativeSetup 565 registe_log
06-13 20:09:02.187 I/ConnectAuthJNI( 3067): HksStorageRegisterFileCallbacks 245 register hks file callback status =0
06-13 20:09:02.187 I/ConnectAuthJNI( 3067): HksRegisterGetDeviceIdCallback 268 register hks get hardware udid callback status =0
06-13 20:09:02.187 D/ConnectAuthJNI( 3067): [HiChain] get_instance Begin get instance
06-13 20:09:02.187 I/ConnectAuthJNI( 3067): [HKS] hks_service_key_info_init hks init : begin
06-13 20:09:02.187 I/ConnectAuthJNI( 3067): FileRead 113 FileRead
06-13 20:09:02.187 I/ConnectAuthJNI( 3067): FileRead 122 FileRead call readSecureFile begin
06-13 20:09:02.188 E/Hisight-ConnectAuthCallBack( 3067): readSecureFile failed, no such file
06-13 20:09:02.188 W/ConnectAuthJNI( 3067): FileRead 132 FileRead call readSecureFile byteArray is null
06-13 20:09:02.188 I/ConnectAuthJNI( 3067): [HKS] hks_rkc_init RKC init:begin, is_key_info_exist=0
06-13 20:09:02.188 I/ConnectAuthJNI( 3067): [HKS] hks_rkc_init_entropy the entropy is empty
06-13 20:09:02.188 I/ConnectAuthJNI( 3067): FileSize 214 FileSize
06-13 20:09:02.188 I/ConnectAuthJNI( 3067): FileSize 230 fileSize=258
06-13 20:09:02.188 I/ConnectAuthJNI( 3067): FileRead 113 FileRead
06-13 20:09:02.188 I/ConnectAuthJNI( 3067): FileRead 122 FileRead call readSecureFile begin
06-13 20:09:02.189 I/ConnectAuthJNI( 3067): FileRead 135 FileRead call readSecureFile end
06-13 20:09:02.189 I/ConnectAuthJNI( 3067): FileRead 150 fileBuff size 258, buf len 258
06-13 20:09:02.189 I/ConnectAuthJNI( 3067): FileSize 214 FileSize
06-13 20:09:02.189 I/ConnectAuthJNI( 3067): FileSize 230 fileSize=258
06-13 20:09:02.189 I/ConnectAuthJNI( 3067): FileRead 113 FileRead
06-13 20:09:02.189 I/ConnectAuthJNI( 3067): FileRead 122 FileRead call readSecureFile begin
06-13 20:09:02.189 I/ConnectAuthJNI( 3067): FileRead 135 FileRead call readSecureFile end
06-13 20:09:02.189 I/ConnectAuthJNI( 3067): FileRead 150 fileBuff size 258, buf len 258
06-13 20:09:02.189 I/ConnectAuthJNI( 3067): [HKS] hks_rkc_load_ksf load ksf success
06-13 20:09:02.189 I/ConnectAuthJNI( 3067): [HKS] hks_rkc_init root key component init success
06-13 20:09:02.189 I/ConnectAuthJNI( 3067): [HKS] hks_rkc_init RKC init:end,rc=0
06-13 20:09:02.189 I/ConnectAuthJNI( 3067): [HKS] hks_service_key_info_init hks init : end
06-13 20:09:02.189 I/ConnectAuthJNI( 3067): GetHiChainProtocolParamsCallback 371 GetHiChainProtocolParamsCallback operation_code= 99
06-13 20:09:02.189 I/ConnectAuthJNI( 3067): paramLen is ,=0
06-13 20:09:02.189 I/ConnectAuthJNI( 3067): paramLen is ,=0
06-13 20:09:02.189 I/ConnectAuthJNI( 3067): GetHiChainProtocolParamsCallback 402 GetHiChainProtocolParamsCallback end
06-13 20:09:02.189 I/ConnectAuthJNI( 3067): [HiChain] get_instance Get instance success
06-13 20:09:02.189 I/ConnectAuthJNI( 3067): Java_com_huawei_hisight_security_ConnectAuthNative_nativeGetHiChainInstance 598 get instance success
06-13 20:09:02.190 D/Hisight-HiChainAuthControl( 3067): destroyAuth
06-13 20:09:02.190 I/ConnectAuthJNI( 3067): Java_com_huawei_hisight_security_ConnectAuthNative_nativeDestroy 603 destroy
06-13 20:09:02.190 D/Hisight-HiChainAuthControl( 3067): setupAuthIfNeeded, HiChainInstance hasn't been initialized
06-13 20:09:02.190 I/ConnectAuthJNI( 3067): Java_com_huawei_hisight_security_ConnectAuthNative_nativeSetup 795 call HiChainNativeSetup
06-13 20:09:02.190 I/ConnectAuthJNI( 3067): HiChainNativeSetup 565 registe_log
06-13 20:09:02.190 I/ConnectAuthJNI( 3067): HksStorageRegisterFileCallbacks 245 register hks file callback status =0
06-13 20:09:02.190 I/ConnectAuthJNI( 3067): HksRegisterGetDeviceIdCallback 268 register hks get hardware udid callback status =0
06-13 20:09:02.190 D/ConnectAuthJNI( 3067): [HiChain] get_instance Begin get instance
06-13 20:09:02.190 I/ConnectAuthJNI( 3067): [HKS] hks_service_key_info_init hks init : begin
06-13 20:09:02.190 I/ConnectAuthJNI( 3067): [HKS] hks_service_key_info_init hks init : end
06-13 20:09:02.190 I/ConnectAuthJNI( 3067): GetHiChainProtocolParamsCallback 371 GetHiChainProtocolParamsCallback operation_code= 99
06-13 20:09:02.190 I/ConnectAuthJNI( 3067): paramLen is ,=0
06-13 20:09:02.190 I/ConnectAuthJNI( 3067): paramLen is ,=0
06-13 20:09:02.190 I/ConnectAuthJNI( 3067): GetHiChainProtocolParamsCallback 402 GetHiChainProtocolParamsCallback end
06-13 20:09:02.190 I/ConnectAuthJNI( 3067): [HiChain] get_instance Get instance success
06-13 20:09:02.190 I/ConnectAuthJNI( 3067): Java_com_huawei_hisight_security_ConnectAuthNative_nativeGetHiChainInstance 598 get instance success
06-13 20:09:02.190 W/ConnectAuthJNI( 3067): GetListTrustPeers 899 trustPeerSize=0
06-13 20:09:02.190 D/Hisight-HiChainAuthControl( 3067): destroyAuth
06-13 20:09:02.190 I/ConnectAuthJNI( 3067): Java_com_huawei_hisight_security_ConnectAuthNative_nativeDestroy 603 destroy
06-13 20:09:02.190 D/Hisight-HiChainAuthControl( 3067): setupAuthIfNeeded, HiChainInstance hasn't been initialized
06-13 20:09:02.190 I/ConnectAuthJNI( 3067): Java_com_huawei_hisight_security_ConnectAuthNative_nativeSetup 795 call HiChainNativeSetup
06-13 20:09:02.190 I/ConnectAuthJNI( 3067): HiChainNativeSetup 565 registe_log
06-13 20:09:02.190 I/ConnectAuthJNI( 3067): HksStorageRegisterFileCallbacks 245 register hks file callback status =0
06-13 20:09:02.190 I/ConnectAuthJNI( 3067): HksRegisterGetDeviceIdCallback 268 register hks get hardware udid callback status =0
06-13 20:09:02.190 D/ConnectAuthJNI( 3067): [HiChain] get_instance Begin get instance
06-13 20:09:02.190 I/ConnectAuthJNI( 3067): [HKS] hks_service_key_info_init hks init : begin
06-13 20:09:02.190 I/ConnectAuthJNI( 3067): [HKS] hks_service_key_info_init hks init : end
06-13 20:09:02.190 I/ConnectAuthJNI( 3067): GetHiChainProtocolParamsCallback 371 GetHiChainProtocolParamsCallback operation_code= 99
06-13 20:09:02.190 I/ConnectAuthJNI( 3067): paramLen is ,=0
06-13 20:09:02.190 I/ConnectAuthJNI( 3067): paramLen is ,=0
06-13 20:09:02.190 I/ConnectAuthJNI( 3067): GetHiChainProtocolParamsCallback 402 GetHiChainProtocolParamsCallback end
06-13 20:09:02.190 I/ConnectAuthJNI( 3067): [HiChain] get_instance Get instance success
06-13 20:09:02.190 I/ConnectAuthJNI( 3067): Java_com_huawei_hisight_security_ConnectAuthNative_nativeGetHiChainInstance 598 get instance success
06-13 20:09:02.191 W/ConnectAuthJNI( 3067): GetListTrustPeers 899 trustPeerSize=0
06-13 20:09:02.191 D/Hisight-DeviceListManager( 3067): init trusted list size: 0
06-13 20:09:02.191 D/HiSight-ConnectionManager( 3067): setAuthInfo, authMode: 1
06-13 20:09:02.187 E/sprdwl ( 1095): sprdwl_rx_rsp_process ctx_id 0 recv rsp[WIFI_CMD_TX_DATA] status[SPRDWL_CMD_STATUS_ERROR]
06-13 20:09:02.216 W/IorapForwardingService( 485): No service published for: iorapd
06-13 20:09:02.690 E/raop ( 3067): JavaCallback init
06-13 20:09:03.128 E/sprdwl ( 1095): sprdwl_rx_rsp_process ctx_id 0 recv rsp[WIFI_CMD_TX_DATA] status[SPRDWL_CMD_STATUS_ERROR]
06-13 20:09:03.146 E/sprdwl ( 1095): sprdwl_rx_rsp_process ctx_id 0 recv rsp[WIFI_CMD_TX_DATA] status[SPRDWL_CMD_STATUS_ERROR]
06-13 20:09:03.165 E/sprdwl ( 1095): sprdwl_rx_rsp_process ctx_id 0 recv rsp[WIFI_CMD_TX_DATA] status[SPRDWL_CMD_STATUS_ERROR]
06-13 20:09:03.218 W/IorapForwardingService( 485): No service published for: iorapd
06-13 20:09:03.437 E/GuardService( 2962): killMyselfRunnable:
06-13 20:09:03.438 I/crashsdk( 2962): android_os_Process_sendSignal. PID: 2962 SIG: 9
06-13 20:09:03.438 I/crashsdk( 2962): onKillProcess. SIG: 9
06-13 20:09:03.442 I/crashsdk( 2962): Kill PID: 2962 (com.dangbei.screencast:bg_guard) by pid: 2962 (com.dangbei.screencast:bg_guard) tid: 2962 (main)
06-13 20:09:03.442 I/crashsdk( 2962): SIG: 9, fg: false, exiting: false, main process: false, time: 20250613200903
06-13 20:09:03.442 I/crashsdk( 2962): State in disk: 'b'
06-13 20:09:03.442 I/crashsdk( 2962): at android.os.Process.sendSignal(Native Method)
06-13 20:09:03.442 I/crashsdk( 2962): at android.os.Process.killProcess(Process.java:1153)
06-13 20:09:03.442 I/crashsdk( 2962): at com.dangbei.screencast.startup.GuardService$a.run(:2)
06-13 20:09:03.442 I/crashsdk( 2962): at android.os.Handler.handleCallback(Handler.java:938)
06-13 20:09:03.442 I/crashsdk( 2962): at android.os.Handler.dispatchMessage(Handler.java:99)
06-13 20:09:03.442 I/crashsdk( 2962): at android.os.Looper.loopOnce(Looper.java:201)
06-13 20:09:03.442 I/crashsdk( 2962): at android.os.Looper.loop(Looper.java:288)
06-13 20:09:03.442 I/crashsdk( 2962): at android.app.ActivityThread.main(ActivityThread.java:7854)
06-13 20:09:03.442 I/crashsdk( 2962): at java.lang.reflect.Method.invoke(Native Method)
06-13 20:09:03.442 I/crashsdk( 2962): at com.android.internal.os.RuntimeInit$MethodAndArgsCaller.run(RuntimeInit.java:548)
06-13 20:09:03.442 I/crashsdk( 2962): at com.android.internal.os.ZygoteInit.main(ZygoteInit.java:1182)
06-13 20:09:03.443 I/Process ( 2962): Sending signal. PID: 2962 SIG: 9
06-13 20:09:03.449 I/init ( 1): Untracked pid 3038 exited with status 0
06-13 20:09:03.494 W/efs.send_log( 3067): tryFileLock sendlock sucess! processname: com.dangbei.screencast
06-13 20:09:03.496 I/ActivityManager( 485): Process com.dangbei.screencast:bg_guard (pid 2962) has died: prcp FGS
06-13 20:09:03.496 I/libprocessgroup( 485): Successfully killed process cgroup uid 10024 pid 2962 in 0ms
06-13 20:09:03.498 I/Zygote ( 255): Process 2962 exited due to signal 9 (Killed)
06-13 20:09:03.886 I/awei.connectio( 3240): Background young concurrent copying GC freed 39329(3691KB) AllocSpace objects, 22(440KB) LOS objects, 87% free, 3464KB/27MB, paused 433us total 112.147ms
06-13 20:09:04.161 E/sprdwl ( 1095): sprdwl_rx_rsp_process ctx_id 0 recv rsp[WIFI_CMD_TX_DATA] status[SPRDWL_CMD_STATUS_ERROR]
06-13 20:09:04.175 E/sprdwl ( 1095): sprdwl_rx_rsp_process ctx_id 0 recv rsp[WIFI_CMD_TX_DATA] status[SPRDWL_CMD_STATUS_ERROR]
06-13 20:09:04.190 E/sprdwl ( 1095): sprdwl_rx_rsp_process ctx_id 0 recv rsp[WIFI_CMD_TX_DATA] status[SPRDWL_CMD_STATUS_ERROR]
06-13 20:09:04.221 W/IorapForwardingService( 485): No service published for: iorapd
06-13 20:09:04.232 E/sprdwl ( 1095): sprdwl_rx_rsp_process ctx_id 0 recv rsp[WIFI_CMD_TX_DATA] status[SPRDWL_CMD_STATUS_ERROR]
06-13 20:09:04.919 I/PlatformDependent( 3067): Your platform does not provide complete low-level API for accessing direct buffers reliably. Unless explicitly requested, heap buffer will always be preferred to avoid potential system instability.
06-13 20:09:04.952 W/VideoCapabilities( 3067): Unrecognized profile/level 0/3 for video/mpeg2
06-13 20:09:04.966 D/NsdService( 485): Register service
06-13 20:09:04.966 D/NsdService( 485): registerService: 6 name: 当贝投屏P7, type: _airplay._tcp, host: null, port: 34745, txtRecord: srcvers=220.68features=0x527FFFF7,0x1E'pi=2e388006-13ba-4041-9a67-25dd4a43d536Cpk=b07727d6f6cd6e08b58ede525ec3cdeaa252ad9f683feb212ef8a205246554e7vv=2 flags=0x4model=AppleTV2,1deviceid=b4:2f:03:15:e8:b9
06-13 20:09:04.966 D/NsdService( 485): mdnssd [register, 6, 当贝投屏P7, _airplay._tcp, 34745, DnNyY3ZlcnM9MjIwLjY4GGZlYXR1cmVzPTB4NTI3RkZGRjcsMHgxRSdwaT0yZTM4ODAwNi0xM2JhLTQwNDEtOWE2Ny0yNWRkNGE0M2Q1MzZDcGs9YjA3NzI3ZDZmNmNkNmUwOGI1OGVkZTUyNWVjM2NkZWFhMjUyYWQ5ZjY4M2ZlYjIxMmVmOGEyMDUyNDY1NTRlNwR2dj0yCWZsYWdzPTB4NBBtb2RlbD1BcHBsZVRWMiwxGmRldmljZWlkPWI0OjJmOjAzOjE1OmU4OmI5]
06-13 20:09:04.968 D/NsdService( 485): Register 2 6
06-13 20:09:04.977 D/NsdService( 485): Register service
06-13 20:09:04.977 D/NsdService( 485): registerService: 7 name: b42f0315e8b9@当贝投屏P7, type: _raop._tcp, host: null, port: 46775, txtRecord: txtvers=1 am=AppleTV2,1ch=2
06-13 20:09:04.977 D/NsdService( 485): cn=0,1,2,3da=trueet=0,3,5ft=0x527FFFF7,0x1Emd=0,1,2Cpk=b07727d6f6cd6e08b58ede525ec3cdeaa252ad9f683feb212ef8a205246554e7pw=falsesf=0x4sr=44100ss=16sv=falsetp=UDPvn=65537 vs=220.68vv=2 rhd=5.6.0.0
06-13 20:09:04.977 D/NsdService( 485): mdnssd [register, 7, b42f0315e8b9@当贝投屏P7, _raop._tcp, 46775, CXR4dHZlcnM9MQ1hbT1BcHBsZVRWMiwxBGNoPTIKY249MCwxLDIsMwdkYT10cnVlCGV0PTAsMyw1EmZ0PTB4NTI3RkZGRjcsMHgxRQhtZD0wLDEsMkNwaz1iMDc3MjdkNmY2Y2Q2ZTA4YjU4ZWRlNTI1ZWMzY2RlYWEyNTJhZDlmNjgzZmViMjEyZWY4YTIwNTI0NjU1NGU3CHB3PWZhbHNlBnNmPTB4NAhzcj00NDEwMAVzcz0xNghzdj1mYWxzZQZ0cD1VRFAIdm49NjU1MzcJdnM9MjIwLjY4BHZ2PTILcmhkPTUuNi4wLjA=]
06-13 20:09:04.979 D/NsdService( 485): Register 3 7
06-13 20:09:05.115 E/WifiHAL ( 662): wifi_get_link_stats: requestResponse Error:-5
06-13 20:09:05.116 E/WifiVendorHal( 485): getWifiLinkLayerStats_1_5_Internal(l.1191) failed {.code = ERROR_INVALID_ARGS, .description = }
06-13 20:09:05.223 W/IorapForwardingService( 485): No service published for: iorapd
06-13 20:09:05.431 D/NsdService( 485): Register service
06-13 20:09:05.431 D/NsdService( 485): registerService: 8 name: 当贝投屏P7, type: _db_cast_screen._tcp, host: null, port: 39027, txtRecord: au=1cV=20830mV=100h265=0maxR=4096-3152model=DBBOX-A2deviceid=20:02:FE:19:C2:0E
06-13 20:09:05.431 D/NsdService( 485): mdnssd [register, 8, 当贝投屏P7, _db_cast_screen._tcp, 39027, BGF1PTEIY1Y9MjA4MzAGbVY9MTAwBmgyNjU9MA5tYXhSPTQwOTYtMzE1Mg5tb2RlbD1EQkJPWC1BMhpkZXZpY2VpZD0yMDowMjpGRToxOTpDMjowRQ==]
06-13 20:09:05.433 D/NsdService( 485): Register 4 8
06-13 20:09:05.548 I/queued-work-loo( 3067): type=1400 audit(0.0:1112): avc: denied { rename } for name="screencast.xml" dev="mmcblk0p25" ino=9975 scontext=u:r:platform_app:s0:c512,c768 tcontext=u:object_r:app_data_file:s0:c512,c768 tclass=file permissive=1 app=com.dangbei.screencast
06-13 20:09:05.552 I/queued-work-loo( 3067): type=1400 audit(0.0:1113): avc: denied { setattr } for name="screencast.xml" dev="mmcblk0p25" ino=9999 scontext=u:r:platform_app:s0:c512,c768 tcontext=u:object_r:app_data_file:s0:c512,c768 tclass=file permissive=1 app=com.dangbei.screencast
06-13 20:09:05.714 D/NsdService( 485): Native daemon message SERVICE_REGISTERED: 606 6 "当贝投屏P7"
06-13 20:09:05.715 D/NsdService( 485): Native daemon message SERVICE_REGISTERED: 606 7 "b42f0315e8b9@当贝投屏P7"
06-13 20:09:05.899 E/accept ( 3067): myIp:192.168.31.235
06-13 20:09:05.903 E/accept ( 3067): connect error
06-13 20:09:05.913 I/UpnpServiceImpl( 3067): >>> Starting UPnP service...
06-13 20:09:05.913 I/UpnpServiceImpl( 3067): Using configuration: org.fourthline.cling.android.AndroidUpnpServiceConfiguration
06-13 20:09:05.917 I/Router ( 3067): Creating Router: org.fourthline.cling.android.AndroidRouter
06-13 20:09:05.919 W/Router ( 3067): enable lock:org.fourthline.cling.android.AndroidRouter@59e0d02_java.util.concurrent.locks.ReentrantReadWriteLock$WriteLock@dce5613[Unlocked]
06-13 20:09:05.935 W/tworkAddressFactoryImpl( 3067): Network interface may not be multicast capable: dummy0
06-13 20:09:05.939 I/MulticastReceiver( 3067): Creating wildcard socket (for receiving multicast datagrams) on port: 1900
06-13 20:09:05.941 I/MulticastReceiver( 3067): Joining multicast group: /239.255.255.250:1900 on network interface: wlan0
06-13 20:09:05.966 E/accept ( 3067): Adding connector try: 192.168.31.235/192.168.31.235:34853
06-13 20:09:05.971 E/accept ( 3067): Adding connector result: 192.168.31.235/192.168.31.235:34853
06-13 20:09:06.077 I/JettyServletContainer( 3067): Registering UPnP servlet under context path: /upnp
06-13 20:09:06.081 I/DatagramIO( 3067): Creating bound socket (for datagram input/output) on: 192.168.31.235/192.168.31.235
06-13 20:09:06.082 E/JettyServletContainer( 3067): gogogo
06-13 20:09:06.083 I/JettyServletContainer( 3067): Starting Jetty server...
06-13 20:09:06.084 W/System.err( 3067): 2025-06-13 20:09:06.083:INFO:lcaf.p:jetty-8.y.z-SNAPSHOT
06-13 20:09:06.087 I/Router ( 3067): WiFi multicast lock acquired
06-13 20:09:06.088 I/WifiService( 485): acquireMulticastLock uid=10024
06-13 20:09:06.091 I/Router ( 3067): WiFi lock acquired
06-13 20:09:06.092 I/WifiService( 485): acquireWifiLock uid=10024 lockMode=3
06-13 20:09:06.095 W/Router ( 3067): enable unlock:org.fourthline.cling.android.AndroidRouter@59e0d02
06-13 20:09:06.096 I/UpnpServiceImpl( 3067): <<< UPnP service started successfully
06-13 20:09:06.113 D/NsdService( 485): Native daemon message SERVICE_REGISTERED: 606 8 "当贝投屏P7"
06-13 20:09:06.136 W/System.err( 3067): 2025-06-13 20:09:06.136:INFO:lcaf.a:Started @192.168.31.235:34853
06-13 20:09:06.181 E/g ( 3067): channel :os
06-13 20:09:06.196 I/rainbow_flow( 1936): type=1400 audit(0.0:1114): avc: denied { ioctl } for path="/dev/spidev1.0" dev="tmpfs" ino=249 ioctlcmd=0x6b00 scontext=u:r:init:s0 tcontext=u:object_r:device:s0 tclass=chr_file permissive=1
06-13 20:09:06.226 W/IorapForwardingService( 485): No service published for: iorapd
06-13 20:09:06.234 D/aaa ( 1146): LedStatusService onStartCommand begin
06-13 20:09:06.237 D/aaa ( 1146): topPkg is -------------- :com.dangbei.haqusetting
06-13 20:09:06.240 D/bbb ( 1185): onStartCommand begin !!!!!!! data分区剩余 24689MB
06-13 20:09:06.545 W/hdr10p_Configure( 421): 138 callbacks suppressed
06-13 20:09:06.545 I/ ( 421): DVI mode selected: packets not configured
06-13 20:09:06.545 W/set_vsif_config( 421): 138 callbacks suppressed
06-13 20:09:06.545 I/ ( 421): Error: set vsif failed
06-13 20:09:06.545 I/ ( 421): DVI mode selected: packets not configured
06-13 20:09:06.545 I/ ( 421): Error: set vsif failed
06-13 20:09:06.568 I/ ( 421): DVI mode selected: packets not configured
06-13 20:09:06.568 I/ ( 421): Error: set vsif failed
06-13 20:09:06.568 I/ ( 421): DVI mode selected: packets not configured
06-13 20:09:06.568 I/ ( 421): Error: set vsif failed
06-13 20:09:06.587 I/ ( 421): DVI mode selected: packets not configured
06-13 20:09:06.587 I/ ( 421): Error: set vsif failed
06-13 20:09:06.587 I/ ( 421): DVI mode selected: packets not configured
06-13 20:09:06.587 I/ ( 421): Error: set vsif failed
06-13 20:09:06.584 I/efs-base( 3067): type=1400 audit(0.0:1115): avc: denied { rmdir } for name="2259" dev="mmcblk0p25" ino=9935 scontext=u:r:platform_app:s0:c512,c768 tcontext=u:object_r:app_data_file:s0:c512,c768 tclass=dir permissive=1 app=com.dangbei.screencast
06-13 20:09:06.602 I/efs.base( 3067): lt=event`ev_ct=efs_core`ev_ac=log_lag`tm=2025-06-13 20:09:60`dn=2289c95e-3796-4344-a6ef-a055e65e00e3`ps=com.dangbei.screencast`um_os=android`stime=1749816536227`pid=3067`fr=android`pkg=com.dangbei.screencast`vcode=20830`dsp_w=1920`uid=2289c95e-3796-4344-a6ef-a055e65e00e3`rom=12`wid=2289c95e-3796-4344-a6ef-a055e65e00e3`um_app_carrier=`um_access=wifi`um_app_channel=os`um_crash_sdk_version=1.4.0`ctime=1749816546`model=dbbox-a2`lang=zh`net=wifi`brand=dangbei`dsp_h=1080`um_network_type=0`ver=v2.8.3`cnt=2`build_model=DBBOX-A2`w_tm=1749816546`appid=5fc60c21094d637f3130af19`um_umid_header=aie4002df3a8ac35b33f2f3a10056a81bf`sdk=31`tzone=Asia/Shanghai`sdk_ver=1.3.6.umeng
06-13 20:09:06.606 I/ ( 421): DVI mode selected: packets not configured
06-13 20:09:06.606 I/ ( 421): Error: set vsif failed
06-13 20:09:06.606 I/ ( 421): DVI mode selected: packets not configured
06-13 20:09:06.606 I/ ( 421): Error: set vsif failed
06-13 20:09:06.621 I/ ( 421): DVI mode selected: packets not configured
06-13 20:09:06.621 I/ ( 421): Error: set vsif failed
06-13 20:09:06.621 I/ ( 421): DVI mode selected: packets not configured
06-13 20:09:06.621 I/ ( 421): Error: set vsif failed
06-13 20:09:06.879 I/efs.base( 3067): wa upload succ, HttpResponse {succ=true, code=200, data='暂不支持该服务', extra={req_url=https://errlog.umeng.com/api/crashsdk/logcollect}}
06-13 20:09:07.036 I/Timer-1 ( 3240): type=1400 audit(0.0:1116): avc: denied { read } for name="address" dev="sysfs" ino=28050 scontext=u:r:platform_app:s0:c512,c768 tcontext=u:object_r:sysfs:s0 tclass=file permissive=1 app=com.dangbei.screencast
06-13 20:09:07.036 I/Timer-1 ( 3240): type=1400 audit(0.0:1117): avc: denied { open } for path="/sys/devices/platform/unisoc_wifi/net/wlan1/address" dev="sysfs" ino=28050 scontext=u:r:platform_app:s0:c512,c768 tcontext=u:object_r:sysfs:s0 tclass=file permissive=1 app=com.dangbei.screencast
06-13 20:09:07.040 I/Timer-1 ( 3240): type=1400 audit(0.0:1118): avc: denied { getattr } for path="/sys/devices/platform/unisoc_wifi/net/wlan1/address" dev="sysfs" ino=28050 scontext=u:r:platform_app:s0:c512,c768 tcontext=u:object_r:sysfs:s0 tclass=file permissive=1 app=com.dangbei.screencast
06-13 20:09:07.086 W/TelephonyPermissions( 485): reportAccessDeniedToReadIdentifiers:com.dangbei.screencast:getSerial:-1
06-13 20:09:07.120 I/efs.base( 3067): wa upload succ, HttpResponse {succ=true, code=200, data='暂不支持该服务', extra={req_url=https://errlog.umeng.com/api/crashsdk/logcollect}}
06-13 20:09:07.164 V/NFC ( 3240): this device does not have NFC support
06-13 20:09:07.228 W/IorapForwardingService( 485): No service published for: iorapd
06-13 20:09:08.127 E/WifiHAL ( 662): wifi_get_link_stats: requestResponse Error:-5
06-13 20:09:08.128 E/WifiVendorHal( 485): getWifiLinkLayerStats_1_5_Internal(l.1191) failed {.code = ERROR_INVALID_ARGS, .description = }
06-13 20:09:08.230 W/IorapForwardingService( 485): No service published for: iorapd
06-13 20:09:08.685 I/TDLog ( 2132): [APP] New data found, Submitting...
06-13 20:09:08.696 I/TDLog ( 2132): [APP] Failed to submit data!
06-13 20:09:08.791 D/hdmi-cec( 273): receive invalid cec message!
06-13 20:09:08.791 D/hdmi-cec( 273): receive poll message [04], skip!
06-13 20:09:09.104 W/ZramWriteback( 485): Writeback device is not set
06-13 20:09:09.104 D/ZramWriteback( 485): wait to flush
06-13 20:09:09.232 W/IorapForwardingService( 485): No service published for: iorapd
06-13 20:09:10.235 W/IorapForwardingService( 485): No service published for: iorapd
06-13 20:09:11.139 E/WifiHAL ( 662): wifi_get_link_stats: requestResponse Error:-5
06-13 20:09:11.141 E/WifiVendorHal( 485): getWifiLinkLayerStats_1_5_Internal(l.1191) failed {.code = ERROR_INVALID_ARGS, .description = }
06-13 20:09:11.237 W/IorapForwardingService( 485): No service published for: iorapd
06-13 20:09:11.254 D/UtilLog ( 2132): 日志批量上报 进行正常循环 !!!!!!本次有0次请求,共0条数据
06-13 20:09:11.604 I/crashsdk( 3067): crashsdk uploading logs
06-13 20:09:12.240 W/IorapForwardingService( 485): No service published for: iorapd
06-13 20:09:12.564 W/hdr10p_Configure( 421): 134 callbacks suppressed
06-13 20:09:12.564 I/ ( 421): DVI mode selected: packets not configured
06-13 20:09:12.564 W/set_vsif_config( 421): 134 callbacks suppressed
06-13 20:09:12.564 I/ ( 421): Error: set vsif failed
06-13 20:09:12.564 I/ ( 421): DVI mode selected: packets not configured
06-13 20:09:12.564 I/ ( 421): Error: set vsif failed
06-13 20:09:12.590 I/ ( 421): DVI mode selected: packets not configured
06-13 20:09:12.590 I/ ( 421): Error: set vsif failed
06-13 20:09:12.590 I/ ( 421): DVI mode selected: packets not configured
06-13 20:09:12.590 I/ ( 421): Error: set vsif failed
06-13 20:09:12.609 I/ ( 421): DVI mode selected: packets not configured
06-13 20:09:12.609 I/ ( 421): Error: set vsif failed
06-13 20:09:12.609 I/ ( 421): DVI mode selected: packets not configured
06-13 20:09:12.609 I/ ( 421): Error: set vsif failed
06-13 20:09:12.628 I/ ( 421): DVI mode selected: packets not configured
06-13 20:09:12.628 I/ ( 421): Error: set vsif failed
06-13 20:09:12.628 I/ ( 421): DVI mode selected: packets not configured
06-13 20:09:12.628 I/ ( 421): Error: set vsif failed
06-13 20:09:12.636 I/ ( 421): DVI mode selected: packets not configured
06-13 20:09:12.636 I/ ( 421): Error: set vsif failed
06-13 20:09:12.636 I/ ( 421): DVI mode selected: packets not configured
06-13 20:09:12.636 I/ ( 421): Error: set vsif failed
06-13 20:09:12.677 I/keystore2( 215): keystore2::watchdog: Watchdog thread idle -> terminating. Have a great day.
06-13 20:09:13.243 W/IorapForwardingService( 485): No service published for: iorapd
06-13 20:09:14.152 E/WifiHAL ( 662): wifi_get_link_stats: requestResponse Error:-5
06-13 20:09:14.153 E/WifiVendorHal( 485): getWifiLinkLayerStats_1_5_Internal(l.1191) failed {.code = ERROR_INVALID_ARGS, .description = }
06-13 20:09:14.246 W/IorapForwardingService( 485): No service published for: iorapd
06-13 20:09:14.301 D/aaa ( 1146): LedStatusService onStartCommand begin
06-13 20:09:14.303 D/aaa ( 1146): topPkg is -------------- :com.dangbei.haqusetting
06-13 20:09:14.309 D/bbb ( 1185): onStartCommand begin !!!!!!! data分区剩余 24689MB
06-13 20:09:15.249 W/IorapForwardingService( 485): No service published for: iorapd
06-13 20:09:16.251 W/IorapForwardingService( 485): No service published for: iorapd
06-13 20:09:17.165 E/WifiHAL ( 662): wifi_get_link_stats: requestResponse Error:-5
06-13 20:09:17.168 E/WifiVendorHal( 485): getWifiLinkLayerStats_1_5_Internal(l.1191) failed {.code = ERROR_INVALID_ARGS, .description = }
06-13 20:09:17.254 W/IorapForwardingService( 485): No service published for: iorapd
06-13 20:09:18.256 W/IorapForwardingService( 485): No service published for: iorapd
06-13 20:09:18.579 W/hdr10p_Configure( 421): 134 callbacks suppressed
06-13 20:09:18.579 I/ ( 421): DVI mode selected: packets not configured
06-13 20:09:18.579 W/set_vsif_config( 421): 134 callbacks suppressed
06-13 20:09:18.579 I/ ( 421): Error: set vsif failed
06-13 20:09:18.579 I/ ( 421): DVI mode selected: packets not configured
06-13 20:09:18.579 I/ ( 421): Error: set vsif failed
06-13 20:09:18.600 I/ ( 421): DVI mode selected: packets not configured
06-13 20:09:18.600 I/ ( 421): Error: set vsif failed
06-13 20:09:18.600 I/ ( 421): DVI mode selected: packets not configured
06-13 20:09:18.600 I/ ( 421): Error: set vsif failed
06-13 20:09:18.620 I/ ( 421): DVI mode selected: packets not configured
06-13 20:09:18.620 I/ ( 421): Error: set vsif failed
06-13 20:09:18.620 I/ ( 421): DVI mode selected: packets not configured
06-13 20:09:18.620 I/ ( 421): Error: set vsif failed
06-13 20:09:18.638 I/ ( 421): DVI mode selected: packets not configured
06-13 20:09:18.638 I/ ( 421): Error: set vsif failed
06-13 20:09:18.638 I/ ( 421): DVI mode selected: packets not configured
06-13 20:09:18.638 I/ ( 421): Error: set vsif failed
06-13 20:09:18.654 I/ ( 421): DVI mode selected: packets not configured
06-13 20:09:18.654 I/ ( 421): Error: set vsif failed
06-13 20:09:18.654 I/ ( 421): DVI mode selected: packets not configured
06-13 20:09:18.654 I/ ( 421): Error: set vsif failed
06-13 20:09:19.259 W/IorapForwardingService( 485): No service published for: iorapd
06-13 20:09:20.185 E/WifiHAL ( 662): wifi_get_link_stats: requestResponse Error:-5
06-13 20:09:20.188 E/WifiVendorHal( 485): getWifiLinkLayerStats_1_5_Internal(l.1191) failed {.code = ERROR_INVALID_ARGS, .description = }
06-13 20:09:20.262 W/IorapForwardingService( 485): No service published for: iorapd
06-13 20:09:21.257 D/UtilLog ( 2132): 日志批量上报 进行正常循环 !!!!!!本次有0次请求,共0条数据
06-13 20:09:21.264 W/IorapForwardingService( 485): No service published for: iorapd
06-13 20:09:22.267 W/IorapForwardingService( 485): No service published for: iorapd
06-13 20:09:22.349 D/bbb ( 1185): onStartCommand begin !!!!!!! data分区剩余 24689MB
06-13 20:09:22.351 D/aaa ( 1146): LedStatusService onStartCommand begin
06-13 20:09:22.352 D/aaa ( 1146): topPkg is -------------- :com.dangbei.haqusetting
06-13 20:09:23.205 E/WifiHAL ( 662): wifi_get_link_stats: requestResponse Error:-5
06-13 20:09:23.208 E/WifiVendorHal( 485): getWifiLinkLayerStats_1_5_Internal(l.1191) failed {.code = ERROR_INVALID_ARGS, .description = }
06-13 20:09:23.269 W/IorapForwardingService( 485): No service published for: iorapd
06-13 20:09:23.818 D/hdmi-cec( 273): receive invalid cec message!
06-13 20:09:23.818 D/hdmi-cec( 273): receive poll message [04], skip!
06-13 20:09:24.271 W/IorapForwardingService( 485): No service published for: iorapd
06-13 20:09:24.594 W/hdr10p_Configure( 421): 136 callbacks suppressed
06-13 20:09:24.594 I/ ( 421): DVI mode selected: packets not configured
06-13 20:09:24.594 W/set_vsif_config( 421): 136 callbacks suppressed
06-13 20:09:24.594 I/ ( 421): Error: set vsif failed
06-13 20:09:24.594 I/ ( 421): DVI mode selected: packets not configured
06-13 20:09:24.594 I/ ( 421): Error: set vsif failed
06-13 20:09:24.615 I/ ( 421): DVI mode selected: packets not configured
06-13 20:09:24.615 I/ ( 421): Error: set vsif failed
06-13 20:09:24.615 I/ ( 421): DVI mode selected: packets not configured
06-13 20:09:24.615 I/ ( 421): Error: set vsif failed
06-13 20:09:24.634 I/ ( 421): DVI mode selected: packets not configured
06-13 20:09:24.634 I/ ( 421): Error: set vsif failed
06-13 20:09:24.634 I/ ( 421): DVI mode selected: packets not configured
06-13 20:09:24.634 I/ ( 421): Error: set vsif failed
06-13 20:09:24.654 I/ ( 421): DVI mode selected: packets not configured
06-13 20:09:24.654 I/ ( 421): Error: set vsif failed
06-13 20:09:24.654 I/ ( 421): DVI mode selected: packets not configured
06-13 20:09:24.654 I/ ( 421): Error: set vsif failed
06-13 20:09:24.670 I/ ( 421): DVI mode selected: packets not configured
06-13 20:09:24.670 I/ ( 421): Error: set vsif failed
06-13 20:09:24.670 I/ ( 421): DVI mode selected: packets not configured
06-13 20:09:24.670 I/ ( 421): Error: set vsif failed
06-13 20:09:24.673 I/bt_btif_dm( 671): system/bt/btif/src/btif_dm.cc:548 btif_update_remote_properties: cod from storage is also unclassified
06-13 20:09:25.274 W/IorapForwardingService( 485): No service published for: iorapd
06-13 20:09:26.224 E/WifiHAL ( 662): wifi_get_link_stats: requestResponse Error:-5
06-13 20:09:26.227 E/WifiVendorHal( 485): getWifiLinkLayerStats_1_5_Internal(l.1191) failed {.code = ERROR_INVALID_ARGS, .description = }
06-13 20:09:26.276 W/IorapForwardingService( 485): No service published for: iorapd
06-13 20:09:27.279 W/IorapForwardingService( 485): No service published for: iorapd
06-13 20:09:28.282 W/IorapForwardingService( 485): No service published for: iorapd
06-13 20:09:29.244 E/WifiHAL ( 662): wifi_get_link_stats: requestResponse Error:-5
06-13 20:09:29.245 E/WifiVendorHal( 485): getWifiLinkLayerStats_1_5_Internal(l.1191) failed {.code = ERROR_INVALID_ARGS, .description = }
06-13 20:09:29.268 I/gbei.screencas( 3067): Background concurrent copying GC freed 232862(19MB) AllocSpace objects, 37(2064KB) LOS objects, 49% free, 6743KB/13MB, paused 134us total 223.417ms
06-13 20:09:29.284 W/IorapForwardingService( 485): No service published for: iorapd
06-13 20:09:30.103 I/WifiService( 485): startScan uid=1000
06-13 20:09:30.286 W/IorapForwardingService( 485): No service published for: iorapd
06-13 20:09:30.387 D/bbb ( 1185): onStartCommand begin !!!!!!! data分区剩余 24689MB
06-13 20:09:30.390 D/aaa ( 1146): LedStatusService onStartCommand begin
06-13 20:09:30.391 D/aaa ( 1146): topPkg is -------------- :com.dangbei.haqusetting
06-13 20:09:30.612 W/hdr10p_Configure( 421): 136 callbacks suppressed
06-13 20:09:30.612 I/ ( 421): DVI mode selected: packets not configured
06-13 20:09:30.612 W/set_vsif_config( 421): 136 callbacks suppressed
06-13 20:09:30.612 I/ ( 421): Error: set vsif failed
06-13 20:09:30.612 I/ ( 421): DVI mode selected: packets not configured
06-13 20:09:30.612 I/ ( 421): Error: set vsif failed
06-13 20:09:30.633 I/ ( 421): DVI mode selected: packets not configured
06-13 20:09:30.633 I/ ( 421): Error: set vsif failed
06-13 20:09:30.633 I/ ( 421): DVI mode selected: packets not configured
06-13 20:09:30.633 I/ ( 421): Error: set vsif failed
06-13 20:09:30.653 I/ ( 421): DVI mode selected: packets not configured
06-13 20:09:30.653 I/ ( 421): Error: set vsif failed
06-13 20:09:30.653 I/ ( 421): DVI mode selected: packets not configured
06-13 20:09:30.653 I/ ( 421): Error: set vsif failed
06-13 20:09:30.671 I/ ( 421): DVI mode selected: packets not configured
06-13 20:09:30.671 I/ ( 421): Error: set vsif failed
06-13 20:09:30.672 I/ ( 421): DVI mode selected: packets not configured
06-13 20:09:30.672 I/ ( 421): Error: set vsif failed
06-13 20:09:30.688 I/ ( 421): DVI mode selected: packets not configured
06-13 20:09:30.688 I/ ( 421): Error: set vsif failed
06-13 20:09:30.688 I/ ( 421): DVI mode selected: packets not configured
06-13 20:09:30.688 I/ ( 421): Error: set vsif failed
06-13 20:09:31.246 D/UtilLog ( 2132): 日志批量上报 进行正常循环 !!!!!!本次有0次请求,共0条数据
06-13 20:09:31.288 W/IorapForwardingService( 485): No service published for: iorapd
06-13 20:09:31.983 D/WifiNl80211Manager( 485): Scan result ready event
06-13 20:09:31.983 D/WifiNative( 485): Scan result ready event
06-13 20:09:32.022 E/ccc ( 2793): cccccc SCAN_RESULTS_AVAILABLE_ACTION hhhh
06-13 20:09:32.023 E/hq ( 1101): NetWorkStateReceiver:::NetWorkStateReceiver onReceive: 网络变化广播 >>>> intent.action=android.net.wifi.SCAN_RESULTS
06-13 20:09:32.029 E/WifiHAL ( 662): wifi_get_link_stats: requestResponse Error:-5
06-13 20:09:32.032 E/WifiVendorHal( 485): getWifiLinkLayerStats_1_5_Internal(l.1191) failed {.code = ERROR_INVALID_ARGS, .description = }
06-13 20:09:32.051 W/eventbuscore( 1101): post Event:com.dangbei.leard.base.entity.event.NetWifiRssiEvent
06-13 20:09:32.256 E/WifiHAL ( 662): wifi_get_link_stats: requestResponse Error:-5
06-13 20:09:32.258 E/WifiVendorHal( 485): getWifiLinkLayerStats_1_5_Internal(l.1191) failed {.code = ERROR_INVALID_ARGS, .description = }
06-13 20:09:32.290 W/IorapForwardingService( 485): No service published for: iorapd
06-13 20:09:33.293 W/IorapForwardingService( 485): No service published for: iorapd
06-13 20:09:34.296 W/IorapForwardingService( 485): No service published for: iorapd
06-13 20:09:35.274 E/WifiHAL ( 662): wifi_get_link_stats: requestResponse Error:-5
06-13 20:09:35.276 E/WifiVendorHal( 485): getWifiLinkLayerStats_1_5_Internal(l.1191) failed {.code = ERROR_INVALID_ARGS, .description = }
06-13 20:09:35.297 W/IorapForwardingService( 485): No service published for: iorapd
06-13 20:09:36.300 W/IorapForwardingService( 485): No service published for: iorapd
06-13 20:09:36.631 W/hdr10p_Configure( 421): 136 callbacks suppressed
06-13 20:09:36.631 I/ ( 421): DVI mode selected: packets not configured
06-13 20:09:36.631 W/set_vsif_config( 421): 136 callbacks suppressed
06-13 20:09:36.631 I/ ( 421): Error: set vsif failed
06-13 20:09:36.631 I/ ( 421): DVI mode selected: packets not configured
06-13 20:09:36.631 I/ ( 421): Error: set vsif failed
06-13 20:09:36.653 I/ ( 421): DVI mode selected: packets not configured
06-13 20:09:36.653 I/ ( 421): Error: set vsif failed
06-13 20:09:36.653 I/ ( 421): DVI mode selected: packets not configured
06-13 20:09:36.653 I/ ( 421): Error: set vsif failed
06-13 20:09:36.671 I/ ( 421): DVI mode selected: packets not configured
06-13 20:09:36.671 I/ ( 421): Error: set vsif failed
06-13 20:09:36.671 I/ ( 421): DVI mode selected: packets not configured
06-13 20:09:36.671 I/ ( 421): Error: set vsif failed
06-13 20:09:36.690 I/ ( 421): DVI mode selected: packets not configured
06-13 20:09:36.690 I/ ( 421): Error: set vsif failed
06-13 20:09:36.690 I/ ( 421): DVI mode selected: packets not configured
06-13 20:09:36.690 I/ ( 421): Error: set vsif failed
06-13 20:09:36.704 I/ ( 421): DVI mode selected: packets not configured
06-13 20:09:36.704 I/ ( 421): Error: set vsif failed
06-13 20:09:36.704 I/ ( 421): DVI mode selected: packets not configured
06-13 20:09:36.704 I/ ( 421): Error: set vsif failed
06-13 20:09:37.303 W/IorapForwardingService( 485): No service published for: iorapd
06-13 20:09:38.141 I/bt_btif_dm( 671): system/bt/btif/src/btif_dm.cc:548 btif_update_remote_properties: cod from storage is also unclassified
06-13 20:09:38.293 E/WifiHAL ( 662): wifi_get_link_stats: requestResponse Error:-5
06-13 20:09:38.296 E/WifiVendorHal( 485): getWifiLinkLayerStats_1_5_Internal(l.1191) failed {.code = ERROR_INVALID_ARGS, .description = }
06-13 20:09:38.306 W/IorapForwardingService( 485): No service published for: iorapd
06-13 20:09:38.360 I/Thread-2( 3428): type=1400 audit(0.0:1119): avc: denied { execute } for name="am" dev="dm-5" ino=1160 scontext=u:r:system_app:s0 tcontext=u:object_r:vendor_file:s0 tclass=file permissive=1
06-13 20:09:38.360 I/Thread-2( 3428): type=1400 audit(0.0:1120): avc: denied { read open } for path="/vendor/xbin/am" dev="dm-5" ino=1160 scontext=u:r:system_app:s0 tcontext=u:object_r:vendor_file:s0 tclass=file permissive=1
06-13 20:09:38.360 I/Thread-2( 3428): type=1400 audit(0.0:1121): avc: denied { execute_no_trans } for path="/vendor/xbin/am" dev="dm-5" ino=1160 scontext=u:r:system_app:s0 tcontext=u:object_r:vendor_file:s0 tclass=file permissive=1
06-13 20:09:38.434 D/aaa ( 1146): LedStatusService onStartCommand begin
06-13 20:09:38.439 D/bbb ( 1185): onStartCommand begin !!!!!!! data分区剩余 24689MB
06-13 20:09:38.440 D/aaa ( 1146): topPkg is -------------- :com.dangbei.haqusetting
06-13 20:09:38.845 D/hdmi-cec( 273): receive invalid cec message!
06-13 20:09:38.845 D/hdmi-cec( 273): receive poll message [04], skip!
06-13 20:09:39.106 W/ZramWriteback( 485): Writeback device is not set
06-13 20:09:39.106 D/ZramWriteback( 485): wait to flush
06-13 20:09:39.309 W/IorapForwardingService( 485): No service published for: iorapd
06-13 20:09:40.311 W/IorapForwardingService( 485): No service published for: iorapd
06-13 20:09:40.471 W/HdmiCecController( 485): Failed to send 40:90:02 with errorCode=1
06-13 20:09:41.248 D/UtilLog ( 2132): 日志批量上报 进行正常循环 !!!!!!本次有0次请求,共0条数据
06-13 20:09:41.314 W/IorapForwardingService( 485): No service published for: iorapd
06-13 20:09:41.316 E/WifiHAL ( 662): wifi_get_link_stats: requestResponse Error:-5
06-13 20:09:41.318 E/WifiVendorHal( 485): getWifiLinkLayerStats_1_5_Internal(l.1191) failed {.code = ERROR_INVALID_ARGS, .description = }
06-13 20:09:42.317 W/IorapForwardingService( 485): No service published for: iorapd
06-13 20:09:42.633 W/hdr10p_Configure( 421): 136 callbacks suppressed
06-13 20:09:42.633 I/ ( 421): DVI mode selected: packets not configured
06-13 20:09:42.633 W/set_vsif_config( 421): 136 callbacks suppressed
06-13 20:09:42.633 I/ ( 421): Error: set vsif failed
06-13 20:09:42.633 I/ ( 421): DVI mode selected: packets not configured
06-13 20:09:42.633 I/ ( 421): Error: set vsif failed
06-13 20:09:42.656 I/ ( 421): DVI mode selected: packets not configured
06-13 20:09:42.656 I/ ( 421): Error: set vsif failed
06-13 20:09:42.656 I/ ( 421): DVI mode selected: packets not configured
06-13 20:09:42.656 I/ ( 421): Error: set vsif failed
06-13 20:09:42.675 I/ ( 421): DVI mode selected: packets not configured
06-13 20:09:42.675 I/ ( 421): Error: set vsif failed
06-13 20:09:42.675 I/ ( 421): DVI mode selected: packets not configured
06-13 20:09:42.675 I/ ( 421): Error: set vsif failed
06-13 20:09:42.694 I/ ( 421): DVI mode selected: packets not configured
06-13 20:09:42.694 I/ ( 421): Error: set vsif failed
06-13 20:09:42.694 I/ ( 421): DVI mode selected: packets not configured
06-13 20:09:42.694 I/ ( 421): Error: set vsif failed
06-13 20:09:42.703 I/ ( 421): DVI mode selected: packets not configured
06-13 20:09:42.703 I/ ( 421): Error: set vsif failed
06-13 20:09:42.703 I/ ( 421): DVI mode selected: packets not configured
06-13 20:09:42.703 I/ ( 421): Error: set vsif failed
06-13 20:09:43.319 W/IorapForwardingService( 485): No service published for: iorapd
06-13 20:09:44.322 W/IorapForwardingService( 485): No service published for: iorapd
06-13 20:09:44.333 E/WifiHAL ( 662): wifi_get_link_stats: requestResponse Error:-5
06-13 20:09:44.335 E/WifiVendorHal( 485): getWifiLinkLayerStats_1_5_Internal(l.1191) failed {.code = ERROR_INVALID_ARGS, .description = }
06-13 20:09:45.324 W/IorapForwardingService( 485): No service published for: iorapd
06-13 20:09:46.326 W/IorapForwardingService( 485): No service published for: iorapd
06-13 20:09:46.436 D/bbb ( 1185): onStartCommand begin !!!!!!! data分区剩余 24689MB
06-13 20:09:46.438 D/aaa ( 1146): LedStatusService onStartCommand begin
06-13 20:09:46.441 D/aaa ( 1146): topPkg is -------------- :com.dangbei.haqusetting
06-13 20:09:47.091 I/TDLog ( 2132): [APP] New data found, Submitting...
06-13 20:09:47.100 I/TDLog ( 2132): [APP] Failed to submit data!
06-13 20:09:47.329 W/IorapForwardingService( 485): No service published for: iorapd
06-13 20:09:47.352 E/WifiHAL ( 662): wifi_get_link_stats: requestResponse Error:-5
06-13 20:09:47.355 E/WifiVendorHal( 485): getWifiLinkLayerStats_1_5_Internal(l.1191) failed {.code = ERROR_INVALID_ARGS, .description = }
06-13 20:09:48.331 W/IorapForwardingService( 485): No service published for: iorapd
06-13 20:09:48.649 W/hdr10p_Configure( 421): 136 callbacks suppressed
06-13 20:09:48.649 I/ ( 421): DVI mode selected: packets not configured
06-13 20:09:48.649 W/set_vsif_config( 421): 136 callbacks suppressed
06-13 20:09:48.649 I/ ( 421): Error: set vsif failed
06-13 20:09:48.650 I/ ( 421): DVI mode selected: packets not configured
06-13 20:09:48.650 I/ ( 421): Error: set vsif failed
06-13 20:09:48.673 I/ ( 421): DVI mode selected: packets not configured
06-13 20:09:48.673 I/ ( 421): Error: set vsif failed
06-13 20:09:48.673 I/ ( 421): DVI mode selected: packets not configured
06-13 20:09:48.673 I/ ( 421): Error: set vsif failed
06-13 20:09:48.692 I/ ( 421): DVI mode selected: packets not configured
06-13 20:09:48.692 I/ ( 421): Error: set vsif failed
06-13 20:09:48.692 I/ ( 421): DVI mode selected: packets not configured
06-13 20:09:48.692 I/ ( 421): Error: set vsif failed
06-13 20:09:48.711 I/ ( 421): DVI mode selected: packets not configured
06-13 20:09:48.711 I/ ( 421): Error: set vsif failed
06-13 20:09:48.711 I/ ( 421): DVI mode selected: packets not configured
06-13 20:09:48.711 I/ ( 421): Error: set vsif failed
06-13 20:09:48.719 I/ ( 421): DVI mode selected: packets not configured
06-13 20:09:48.719 I/ ( 421): Error: set vsif failed
06-13 20:09:48.719 I/ ( 421): DVI mode selected: packets not configured
06-13 20:09:48.719 I/ ( 421): Error: set vsif failed
06-13 20:09:49.333 W/IorapForwardingService( 485): No service published for: iorapd
06-13 20:09:50.335 W/IorapForwardingService( 485): No service published for: iorapd
06-13 20:09:50.373 E/WifiHAL ( 662): wifi_get_link_stats: requestResponse Error:-5
06-13 20:09:50.375 E/WifiVendorHal( 485): getWifiLinkLayerStats_1_5_Internal(l.1191) failed {.code = ERROR_INVALID_ARGS, .description = }
06-13 20:09:51.254 D/UtilLog ( 2132): 日志批量上报 进行正常循环 !!!!!!本次有0次请求,共0条数据
06-13 20:09:51.338 W/IorapForwardingService( 485): No service published for: iorapd
06-13 20:09:52.340 W/IorapForwardingService( 485): No service published for: iorapd
06-13 20:09:53.343 W/IorapForwardingService( 485): No service published for: iorapd
06-13 20:09:53.393 E/WifiHAL ( 662): wifi_get_link_stats: requestResponse Error:-5
06-13 20:09:53.396 E/WifiVendorHal( 485): getWifiLinkLayerStats_1_5_Internal(l.1191) failed {.code = ERROR_INVALID_ARGS, .description = }
06-13 20:09:53.875 D/hdmi-cec( 273): receive invalid cec message!
06-13 20:09:53.875 D/hdmi-cec( 273): receive poll message [04], skip!
06-13 20:09:54.346 W/IorapForwardingService( 485): No service published for: iorapd
06-13 20:09:54.502 D/aaa ( 1146): LedStatusService onStartCommand begin
06-13 20:09:54.505 D/aaa ( 1146): topPkg is -------------- :com.dangbei.haqusetting
06-13 20:09:54.507 D/bbb ( 1185): onStartCommand begin !!!!!!! data分区剩余 24689MB
06-13 20:09:54.660 W/hdr10p_Configure( 421): 134 callbacks suppressed
06-13 20:09:54.660 I/ ( 421): DVI mode selected: packets not configured
06-13 20:09:54.660 W/set_vsif_config( 421): 134 callbacks suppressed
