06-13 20:07:28.836 I/pgrep ( 321): type=1400 audit(0.0:204): avc: denied { search } for name="271" dev="proc" ino=540 scontext=u:r:toolbox:s0 tcontext=u:r:hal_light_default:s0 tclass=dir permissive=1
06-13 20:07:28.836 I/pgrep ( 321): type=1400 audit(0.0:205): avc: denied { open } for path="/proc/271/stat" dev="proc" ino=7889 scontext=u:r:toolbox:s0 tcontext=u:r:hal_light_default:s0 tclass=file permissive=1
06-13 20:07:28.836 I/led_switch.sh( 325): type=1400 audit(0.0:206): avc: denied { write } for name="led_swith.txt" dev="mmcblk0p25" ino=220 scontext=u:r:init:s0 tcontext=u:object_r:shell_data_file:s0 tclass=file permissive=1 bug=b/77873135
06-13 20:07:28.836 I/led_switch.sh( 325): type=1400 audit(0.0:207): avc: denied { open } for path="/data/local/tmp/led_swith.txt" dev="mmcblk0p25" ino=220 scontext=u:r:init:s0 tcontext=u:object_r:shell_data_file:s0 tclass=file permissive=1 bug=b/77873135
06-13 20:07:28.836 I/pgrep ( 321): type=1400 audit(0.0:208): avc: denied { getattr } for path="/proc/272" dev="proc" ino=544 scontext=u:r:toolbox:s0 tcontext=u:r:hal_power_default:s0 tclass=dir permissive=1
06-13 20:07:28.836 I/pgrep ( 321): type=1400 audit(0.0:209): avc: denied { search } for name="272" dev="proc" ino=544 scontext=u:r:toolbox:s0 tcontext=u:r:hal_power_default:s0 tclass=dir permissive=1
06-13 20:07:28.836 I/pgrep ( 321): type=1400 audit(0.0:210): avc: denied { open } for path="/proc/272/stat" dev="proc" ino=7890 scontext=u:r:toolbox:s0 tcontext=u:r:hal_power_default:s0 tclass=file permissive=1
06-13 20:07:28.836 I/pgrep ( 321): type=1400 audit(0.0:211): avc: denied { getattr } for path="/proc/273" dev="proc" ino=7149 scontext=u:r:toolbox:s0 tcontext=u:r:hal_tv_cec_default:s0 tclass=dir permissive=1
06-13 20:07:28.836 I/xiriservice_All( 319): type=1400 audit(0.0:212): avc: denied { search } for name="com.android.providers.media.module" dev="mmcblk0p25" ino=1257 scontext=u:r:init:s0 tcontext=u:object_r:privapp_data_file:s0:c74,c256,c512,c768 tclass=dir permissive=1
06-13 20:07:28.836 I/pgrep ( 321): type=1400 audit(0.0:213): avc: denied { search } for name="273" dev="proc" ino=7149 scontext=u:r:toolbox:s0 tcontext=u:r:hal_tv_cec_default:s0 tclass=dir permissive=1
06-13 20:07:28.836 I/pgrep ( 321): type=1400 audit(0.0:214): avc: denied { open } for path="/proc/273/stat" dev="proc" ino=7891 scontext=u:r:toolbox:s0 tcontext=u:r:hal_tv_cec_default:s0 tclass=file permissive=1
06-13 20:07:28.836 I/pgrep ( 321): type=1400 audit(0.0:215): avc: denied { getattr } for path="/proc/274" dev="proc" ino=578 scontext=u:r:toolbox:s0 tcontext=u:r:hal_usb_impl:s0 tclass=dir permissive=1
06-13 20:07:28.836 I/pgrep ( 321): type=1400 audit(0.0:216): avc: denied { search } for name="274" dev="proc" ino=578 scontext=u:r:toolbox:s0 tcontext=u:r:hal_usb_impl:s0 tclass=dir permissive=1
06-13 20:07:28.836 I/pgrep ( 321): type=1400 audit(0.0:217): avc: denied { open } for path="/proc/274/stat" dev="proc" ino=7892 scontext=u:r:toolbox:s0 tcontext=u:r:hal_usb_impl:s0 tclass=file permissive=1
06-13 20:07:28.836 I/pgrep ( 321): type=1400 audit(0.0:218): avc: denied { getattr } for path="/proc/275" dev="proc" ino=9263 scontext=u:r:toolbox:s0 tcontext=u:r:hal_awdisplayoutput_default:s0 tclass=dir permissive=1
06-13 20:07:28.836 I/pgrep ( 321): type=1400 audit(0.0:219): avc: denied { search } for name="275" dev="proc" ino=9263 scontext=u:r:toolbox:s0 tcontext=u:r:hal_awdisplayoutput_default:s0 tclass=dir permissive=1
06-13 20:07:28.836 I/pgrep ( 321): type=1400 audit(0.0:220): avc: denied { open } for path="/proc/275/stat" dev="proc" ino=7893 scontext=u:r:toolbox:s0 tcontext=u:r:hal_awdisplayoutput_default:s0 tclass=file permissive=1
06-13 20:07:28.836 I/xiriservice_All( 319): type=1400 audit(0.0:221): avc: denied { read } for name="lib" dev="mmcblk0p25" ino=9021 scontext=u:r:init:s0 tcontext=u:object_r:privapp_data_file:s0:c74,c256,c512,c768 tclass=lnk_file permissive=1
06-13 20:07:28.836 I/pgrep ( 321): type=1400 audit(0.0:222): avc: denied { getattr } for path="/proc/277" dev="proc" ino=8349 scontext=u:r:toolbox:s0 tcontext=u:r:hal_rebootescrow_default:s0 tclass=dir permissive=1
06-13 20:07:28.836 I/pgrep ( 321): type=1400 audit(0.0:223): avc: denied { search } for name="277" dev="proc" ino=8349 scontext=u:r:toolbox:s0 tcontext=u:r:hal_rebootescrow_default:s0 tclass=dir permissive=1
06-13 20:07:28.836 I/pgrep ( 321): type=1400 audit(0.0:224): avc: denied { open } for path="/proc/277/stat" dev="proc" ino=7894 scontext=u:r:toolbox:s0 tcontext=u:r:hal_rebootescrow_default:s0 tclass=file permissive=1
06-13 20:07:28.836 I/pgrep ( 321): type=1400 audit(0.0:225): avc: denied { getattr } for path="/proc/279" dev="proc" ino=650 scontext=u:r:toolbox:s0 tcontext=u:r:audioserver:s0 tclass=dir permissive=1
06-13 20:07:28.836 I/pgrep ( 321): type=1400 audit(0.0:226): avc: denied { search } for name="279" dev="proc" ino=650 scontext=u:r:toolbox:s0 tcontext=u:r:audioserver:s0 tclass=dir permissive=1
06-13 20:07:28.836 I/pgrep ( 321): type=1400 audit(0.0:227): avc: denied { open } for path="/proc/279/stat" dev="proc" ino=7895 scontext=u:r:toolbox:s0 tcontext=u:r:audioserver:s0 tclass=file permissive=1
06-13 20:07:28.836 I/pgrep ( 321): type=1400 audit(0.0:228): avc: denied { getattr } for path="/proc/280" dev="proc" ino=9299 scontext=u:r:toolbox:s0 tcontext=u:r:credstore:s0 tclass=dir permissive=1
06-13 20:07:28.836 I/pgrep ( 321): type=1400 audit(0.0:229): avc: denied { search } for name="280" dev="proc" ino=9299 scontext=u:r:toolbox:s0 tcontext=u:r:credstore:s0 tclass=dir permissive=1
06-13 20:07:28.836 I/pgrep ( 321): type=1400 audit(0.0:230): avc: denied { open } for path="/proc/280/stat" dev="proc" ino=7896 scontext=u:r:toolbox:s0 tcontext=u:r:credstore:s0 tclass=file permissive=1
06-13 20:07:28.836 I/xiriservice_All( 319): type=1400 audit(0.0:231): avc: denied { search } for name="com.softwinner.theme.color" dev="mmcblk0p25" ino=1265 scontext=u:r:init:s0 tcontext=u:object_r:app_data_file:s0:c3,c256,c512,c768 tclass=dir permissive=1
06-13 20:07:28.836 I/pgrep ( 321): type=1400 audit(0.0:232): avc: denied { getattr } for path="/proc/285" dev="proc" ino=8409 scontext=u:r:toolbox:s0 tcontext=u:r:gpuservice:s0 tclass=dir permissive=1
06-13 20:07:28.836 I/pgrep ( 321): type=1400 audit(0.0:233): avc: denied { search } for name="285" dev="proc" ino=8409 scontext=u:r:toolbox:s0 tcontext=u:r:gpuservice:s0 tclass=dir permissive=1
06-13 20:07:28.836 I/pgrep ( 321): type=1400 audit(0.0:234): avc: denied { open } for path="/proc/285/stat" dev="proc" ino=7897 scontext=u:r:toolbox:s0 tcontext=u:r:gpuservice:s0 tclass=file permissive=1
06-13 20:07:28.836 I/pgrep ( 321): type=1400 audit(0.0:235): avc: denied { getattr } for path="/proc/288" dev="proc" ino=752 scontext=u:r:toolbox:s0 tcontext=u:r:surfaceflinger:s0 tclass=dir permissive=1
06-13 20:07:28.836 I/pgrep ( 321): type=1400 audit(0.0:236): avc: denied { search } for name="288" dev="proc" ino=752 scontext=u:r:toolbox:s0 tcontext=u:r:surfaceflinger:s0 tclass=dir permissive=1
06-13 20:07:28.836 I/pgrep ( 321): type=1400 audit(0.0:237): avc: denied { open } for path="/proc/288/stat" dev="proc" ino=7898 scontext=u:r:toolbox:s0 tcontext=u:r:surfaceflinger:s0 tclass=file permissive=1
06-13 20:07:28.836 I/pgrep ( 321): type=1400 audit(0.0:238): avc: denied { getattr } for path="/proc/289" dev="proc" ino=9330 scontext=u:r:toolbox:s0 tcontext=u:r:pqd:s0 tclass=dir permissive=1
06-13 20:07:28.836 I/pgrep ( 321): type=1400 audit(0.0:239): avc: denied { search } for name="289" dev="proc" ino=9330 scontext=u:r:toolbox:s0 tcontext=u:r:pqd:s0 tclass=dir permissive=1
06-13 20:07:28.836 I/xiriservice_All( 319): type=1400 audit(0.0:240): avc: denied { search } for name="com.android.hotspot2.osulogin" dev="mmcblk0p25" ino=1281 scontext=u:r:init:s0 tcontext=u:object_r:app_data_file:s0:c71,c256,c512,c768 tclass=dir permissive=1
06-13 20:07:28.836 I/pgrep ( 321): type=1400 audit(0.0:241): avc: denied { open } for path="/proc/289/stat" dev="proc" ino=7899 scontext=u:r:toolbox:s0 tcontext=u:r:pqd:s0 tclass=file permissive=1
06-13 20:07:28.836 I/xiriservice_All( 319): type=1400 audit(0.0:242): avc: denied { search } for name="com.android.internal.systemui.navbar.gestural" dev="mmcblk0p25" ino=1289 scontext=u:r:init:s0 tcontext=u:object_r:app_data_file:s0:c9,c256,c512,c768 tclass=dir permissive=1
06-13 20:07:28.836 I/pgrep ( 321): type=1400 audit(0.0:243): avc: denied { getattr } for path="/proc/312" dev="proc" ino=854 scontext=u:r:toolbox:s0 tcontext=u:r:onstartup:s0 tclass=dir permissive=1
06-13 20:07:28.836 I/pgrep ( 321): type=1400 audit(0.0:244): avc: denied { read } for scontext=u:r:toolbox:s0 tcontext=u:r:onstartup:s0 tclass=file permissive=1
06-13 20:07:28.836 I/pgrep ( 321): type=1400 audit(0.0:245): avc: denied { search } for name="312" dev="proc" ino=854 scontext=u:r:toolbox:s0 tcontext=u:r:onstartup:s0 tclass=dir permissive=1
06-13 20:07:28.836 I/pgrep ( 321): type=1400 audit(0.0:246): avc: denied { open } for path="/proc/312/stat" dev="proc" ino=7900 scontext=u:r:toolbox:s0 tcontext=u:r:onstartup:s0 tclass=file permissive=1
06-13 20:07:28.840 I/xiriservice_All( 319): type=1400 audit(0.0:247): avc: denied { search } for name="com.android.bluetoothmidiservice" dev="mmcblk0p25" ino=1305 scontext=u:r:init:s0 tcontext=u:object_r:app_data_file:s0:c46,c256,c512,c768 tclass=dir permissive=1
06-13 20:07:28.844 I/led_switch.sh( 327): type=1400 audit(0.0:248): avc: denied { execute_no_trans } for path="/vendor/bin/toolbox" dev="dm-5" ino=229 scontext=u:r:init:s0 tcontext=u:object_r:vendor_toolbox_exec:s0 tclass=file permissive=1
06-13 20:07:28.844 I/xiriservice_All( 319): type=1400 audit(0.0:249): avc: denied { search } for name="com.android.traceur" dev="mmcblk0p25" ino=1329 scontext=u:r:init:s0 tcontext=u:object_r:app_data_file:s0:c25,c256,c512,c768 tclass=dir permissive=1
06-13 20:07:28.844 I/xiriservice_All( 319): type=1400 audit(0.0:250): avc: denied { read } for name="lib" dev="mmcblk0p25" ino=9026 scontext=u:r:init:s0 tcontext=u:object_r:bluetooth_data_file:s0 tclass=lnk_file permissive=1
06-13 20:07:28.861 D/AndroidRuntime( 255): >>>>>> START com.android.internal.os.ZygoteInit uid 0 <<<<<<
06-13 20:07:28.848 I/check_xm_hidraw( 328): type=1400 audit(0.0:251): avc: denied { execute_no_trans } for path="/system/bin/xm_hidread" dev="dm-2" ino=1298 scontext=u:r:init:s0 tcontext=u:object_r:system_file:s0 tclass=file permissive=1
06-13 20:07:28.848 I/xiriservice_All( 319): type=1400 audit(0.0:252): avc: denied { search } for name="com.android.captiveportallogin" dev="mmcblk0p25" ino=1353 scontext=u:r:init:s0 tcontext=u:object_r:app_data_file:s0:c45,c256,c512,c768 tclass=dir permissive=1
06-13 20:07:28.848 I/xiriservice_All( 319): type=1400 audit(0.0:253): avc: denied { search } for name="com.android.internal.systemui.navbar.gestural_narrow_back" dev="mmcblk0p25" ino=1361 scontext=u:r:init:s0 tcontext=u:object_r:app_data_file:s0:c11,c256,c512,c768 tclass=dir permissive=1
06-13 20:07:28.848 I/xiriservice_All( 319): type=1400 audit(0.0:254): avc: denied { read } for name="lib" dev="mmcblk0p25" ino=9027 scontext=u:r:init:s0 tcontext=u:object_r:app_data_file:s0:c512,c768 tclass=lnk_file permissive=1
06-13 20:07:28.856 I/xiriservice_All( 319): type=1400 audit(0.0:255): avc: denied { search } for name="android.auto_generated_rro_vendor__" dev="mmcblk0p25" ino=1369 scontext=u:r:init:s0 tcontext=u:object_r:app_data_file:s0:c12,c256,c512,c768 tclass=dir permissive=1
06-13 20:07:28.877 D/XM_HIDREAD( 328): hidread running 0429 d06.
06-13 20:07:28.878 D/XM_HIDREAD( 328): addr_len_t:26,addr_len:26
06-13 20:07:28.878 D/XM_HIDREAD( 328): server_socket:4
06-13 20:07:28.878 D/XM_HIDREAD( 328): pthread_join listen_thread before
06-13 20:07:28.878 D/XM_HIDREAD( 328): listener_thread has start 4.
06-13 20:07:28.879 D/XM_HIDREAD( 328): accept before.
06-13 20:07:28.879 D/XM_HIDREAD( 328): >> start monitor uevent ...
06-13 20:07:28.876 I/xm_hidread( 328): type=1400 audit(0.0:256): avc: denied { create } for scontext=u:r:init:s0 tcontext=u:r:init:s0 tclass=netlink_kobject_uevent_socket permissive=1
06-13 20:07:28.876 I/xm_hidread( 328): type=1400 audit(0.0:257): avc: denied { setopt } for scontext=u:r:init:s0 tcontext=u:r:init:s0 tclass=netlink_kobject_uevent_socket permissive=1
06-13 20:07:28.876 I/xm_hidread( 328): type=1400 audit(0.0:258): avc: denied { bind } for scontext=u:r:init:s0 tcontext=u:r:init:s0 tclass=netlink_kobject_uevent_socket permissive=1
06-13 20:07:28.876 I/xm_hidread( 328): type=1400 audit(0.0:259): avc: denied { read } for scontext=u:r:init:s0 tcontext=u:r:init:s0 tclass=netlink_kobject_uevent_socket permissive=1
06-13 20:07:28.915 D/XiriService( 319): read SYSTEM APP lib
06-13 20:07:28.919 I/AndroidRuntime( 255): Using default boot image
06-13 20:07:28.919 I/AndroidRuntime( 255): Leaving lock profiling enabled
06-13 20:07:28.922 D/DONGLE_SERVICE( 334): ble_rc_service version is 2.0.26601
06-13 20:07:28.925 D/DONGLE_SERVICE( 334): init command center ...
06-13 20:07:28.925 D/DONGLE_SERVICE( 334): trying to scan for smart ctrl hidraw...
06-13 20:07:28.926 D/DONGLE_SERVICE( 334): command center, start working...
06-13 20:07:28.926 E/cutils-trace( 255): Error opening trace file: No such file or directory (2)
06-13 20:07:28.920 I/xiriservice_All( 319): type=1400 audit(0.0:260): avc: denied { watch } for path="/data/data" dev="mmcblk0p25" ino=87 scontext=u:r:init:s0 tcontext=u:object_r:system_data_file:s0:c512,c768 tclass=dir permissive=1
06-13 20:07:28.928 D/DONGLE_SERVICE( 334): >> start monitor uevent ...
06-13 20:07:28.924 I/xiriservice_All( 334): type=1400 audit(0.0:261): avc: denied { read } for scontext=u:r:init:s0 tcontext=u:r:init:s0 tclass=netlink_kobject_uevent_socket permissive=1
06-13 20:07:28.929 I/zygote ( 255): option[0]=-Xzygote
06-13 20:07:28.929 I/zygote ( 255): option[1]=-Xdeny-art-apex-data-files
06-13 20:07:28.929 I/zygote ( 255): option[2]=exit
06-13 20:07:28.929 I/zygote ( 255): option[3]=vfprintf
06-13 20:07:28.929 I/zygote ( 255): option[4]=sensitiveThread
06-13 20:07:28.929 I/zygote ( 255): option[5]=-verbose:gc
06-13 20:07:28.929 I/zygote ( 255): option[6]=-XX:PerfettoHprof=true
06-13 20:07:28.929 I/zygote ( 255): option[7]=-XX:PerfettoJavaHeapStackProf=true
06-13 20:07:28.929 I/zygote ( 255): option[8]=-Xprimaryzygote
06-13 20:07:28.929 I/zygote ( 255): option[9]=-Xms5m
06-13 20:07:28.929 I/zygote ( 255): option[10]=-Xmx512m
06-13 20:07:28.929 I/zygote ( 255): option[11]=-XX:HeapGrowthLimit=256m
06-13 20:07:28.929 I/zygote ( 255): option[12]=-XX:HeapMinFree=512k
06-13 20:07:28.929 I/zygote ( 255): option[13]=-XX:HeapMaxFree=8m
06-13 20:07:28.929 I/zygote ( 255): option[14]=-XX:HeapTargetUtilization=0.75
06-13 20:07:28.929 I/zygote ( 255): option[15]=-Xusejit:true
06-13 20:07:28.929 I/zygote ( 255): option[16]=-Xjitsaveprofilinginfo
06-13 20:07:28.929 I/zygote ( 255): option[17]=-XMadviseWillNeedVdexFileSize:104857600
06-13 20:07:28.929 I/zygote ( 255): option[18]=-XMadviseWillNeedOdexFileSize:104857600
06-13 20:07:28.929 I/zygote ( 255): option[19]=-XMadviseWillNeedArtFileSize:4294967295
06-13 20:07:28.929 I/zygote ( 255): option[20]=-XjdwpOptions:suspend=n,server=y
06-13 20:07:28.929 I/zygote ( 255): option[21]=-XjdwpProvider:default
06-13 20:07:28.929 I/zygote ( 255): option[22]=-Xopaque-jni-ids:swapable
06-13 20:07:28.929 I/zygote ( 255): option[23]=-Xcompiler-option
06-13 20:07:28.929 I/zygote ( 255): option[24]=--instruction-set-variant=cortex-a7
06-13 20:07:28.929 I/zygote ( 255): option[25]=-Xcompiler-option
06-13 20:07:28.929 I/zygote ( 255): option[26]=--instruction-set-features=default
06-13 20:07:28.929 I/zygote ( 255): option[27]=-Xcompiler-option
06-13 20:07:28.929 I/zygote ( 255): option[28]=--generate-mini-debug-info
06-13 20:07:28.929 I/zygote ( 255): option[29]=-Ximage-compiler-option
06-13 20:07:28.929 I/zygote ( 255): option[30]=--runtime-arg
06-13 20:07:28.930 I/zygote ( 255): option[31]=-Ximage-compiler-option
06-13 20:07:28.930 I/zygote ( 255): option[32]=-Xms64m
06-13 20:07:28.930 I/zygote ( 255): option[33]=-Ximage-compiler-option
06-13 20:07:28.930 I/zygote ( 255): option[34]=--runtime-arg
06-13 20:07:28.930 I/zygote ( 255): option[35]=-Ximage-compiler-option
06-13 20:07:28.930 I/zygote ( 255): option[36]=-Xmx64m
06-13 20:07:28.930 I/zygote ( 255): option[37]=-Ximage-compiler-option
06-13 20:07:28.930 I/zygote ( 255): option[38]=--dirty-image-objects=/system/etc/dirty-image-objects
06-13 20:07:28.930 I/zygote ( 255): option[39]=-Ximage-compiler-option
06-13 20:07:28.930 I/zygote ( 255): option[40]=--instruction-set-variant=cortex-a7
06-13 20:07:28.930 I/zygote ( 255): option[41]=-Ximage-compiler-option
06-13 20:07:28.930 I/zygote ( 255): option[42]=--instruction-set-features=default
06-13 20:07:28.930 I/zygote ( 255): option[43]=-Ximage-compiler-option
06-13 20:07:28.930 I/zygote ( 255): option[44]=--generate-mini-debug-info
06-13 20:07:28.930 I/zygote ( 255): option[45]=-Duser.locale=zh-CN
06-13 20:07:28.930 I/zygote ( 255): option[46]=--cpu-abilist=armeabi-v7a,armeabi
06-13 20:07:28.930 I/zygote ( 255): option[47]=-Xfingerprint:Dangbei/raven/raven:12/SP1A.211105.004/20250613.162004:user/release-keys
06-13 20:07:28.944 I/rainbow_flow( 332): type=1400 audit(0.0:262): avc: denied { write } for name="spidev1.0" dev="tmpfs" ino=249 scontext=u:r:init:s0 tcontext=u:object_r:device:s0 tclass=chr_file permissive=1
06-13 20:07:28.944 I/rainbow_flow( 332): type=1400 audit(0.0:263): avc: denied { open } for path="/dev/spidev1.0" dev="tmpfs" ino=249 scontext=u:r:init:s0 tcontext=u:object_r:device:s0 tclass=chr_file permissive=1
06-13 20:07:28.944 I/rainbow_flow( 332): type=1400 audit(0.0:264): avc: denied { ioctl } for path="/dev/spidev1.0" dev="tmpfs" ino=249 ioctlcmd=0x6b01 scontext=u:r:init:s0 tcontext=u:object_r:device:s0 tclass=chr_file permissive=1
06-13 20:07:28.950 W/FAT-fs (mmcblk0p24)( 1): Volume was not properly unmounted. Some data may be corrupt. Please run fsck.
06-13 20:07:28.951 W/zygote ( 255): ART APEX data files are untrusted.
06-13 20:07:28.952 W/zygote ( 255): Could not reserve sentinel fault page
06-13 20:07:28.964 I/bootstat( 333): Service started: /system/bin/bootstat --set_system_boot_reason
06-13 20:07:28.966 E/cutils-trace( 288): Error opening trace file: No such file or directory (2)
06-13 20:07:28.968 I/hwservicemanager( 193): getTransport: Cannot find entry android.hardware.configstore@1.0::ISurfaceFlingerConfigs/default in either framework or device VINTF manifest.
06-13 20:07:28.990 I/bootstat( 333): Canonical boot reason: reboot,
06-13 20:07:28.990 I/bootstat( 333): Canonical boot reason: reboot,
06-13 20:07:28.988 I/rainbow_flow( 332): type=1400 audit(0.0:265): avc: denied { ioctl } for path="/dev/spidev1.0" dev="tmpfs" ino=249 ioctlcmd=0x6b00 scontext=u:r:init:s0 tcontext=u:object_r:device:s0 tclass=chr_file permissive=1
06-13 20:07:28.996 I/EventThread( 273): type=1400 audit(0.0:266): avc: denied { search } for name="extcon" dev="sysfs" ino=18109 scontext=u:r:hal_tv_cec_default:s0 tcontext=u:object_r:sysfs_extcon:s0 tclass=dir permissive=1
06-13 20:07:28.996 I/EventThread( 273): type=1400 audit(0.0:267): avc: denied { read } for name="u:object_r:default_prop:s0" dev="tmpfs" ino=3386 scontext=u:r:hal_tv_cec_default:s0 tcontext=u:object_r:default_prop:s0 tclass=file permissive=1
06-13 20:07:28.996 I/EventThread( 273): type=1400 audit(0.0:268): avc: denied { open } for path="/dev/__properties__/u:object_r:default_prop:s0" dev="tmpfs" ino=3386 scontext=u:r:hal_tv_cec_default:s0 tcontext=u:object_r:default_prop:s0 tclass=file permissive=1
06-13 20:07:28.996 I/EventThread( 273): type=1400 audit(0.0:269): avc: denied { getattr } for path="/dev/__properties__/u:object_r:default_prop:s0" dev="tmpfs" ino=3386 scontext=u:r:hal_tv_cec_default:s0 tcontext=u:object_r:default_prop:s0 tclass=file permissive=1
06-13 20:07:28.996 I/EventThread( 273): type=1400 audit(0.0:270): avc: denied { map } for path="/dev/__properties__/u:object_r:default_prop:s0" dev="tmpfs" ino=3386 scontext=u:r:hal_tv_cec_default:s0 tcontext=u:object_r:default_prop:s0 tclass=file permissive=1
06-13 20:07:29.005 I/SurfaceFlinger( 288): Using HWComposer service: default
06-13 20:07:29.005 I/SurfaceFlinger( 288): SurfaceFlinger is starting
06-13 20:07:29.007 I/bootstat( 333): Last reboot reason read from /metadata/bootstat/persist.sys.boot.reason : reboot,. Last reboot reason read from persist.sys.boot.reason : reboot,
06-13 20:07:29.007 I/bootstat( 333): Normalized last reboot reason : reboot,
06-13 20:07:29.007 I/hwservicemanager( 193): getTransport: Cannot find entry android.hardware.configstore@1.1::ISurfaceFlingerConfigs/default in either framework or device VINTF manifest.
06-13 20:07:29.008 I/SurfaceFlinger( 288): Disabling blur effects, they are not supported.
06-13 20:07:29.004 I/preloaddata( 340): type=1400 audit(0.0:271): avc: denied { write search } for name="tmp" dev="mmcblk0p25" ino=85 scontext=u:r:toolbox:s0 tcontext=u:object_r:shell_data_file:s0 tclass=dir permissive=1
06-13 20:07:29.004 I/preloaddata( 340): type=1400 audit(0.0:272): avc: denied { getattr } for path="/data/local/tmp" dev="mmcblk0p25" ino=85 scontext=u:r:toolbox:s0 tcontext=u:object_r:shell_data_file:s0 tclass=dir permissive=1
06-13 20:07:29.019 I/SurfaceFlinger( 288): SurfaceFlinger's main thread ready to run. Initializing graphics H/W...
06-13 20:07:29.020 D/RenderEngine( 288): RenderEngine with GLES Backend
06-13 20:07:29.020 D/XM_HIDREAD( 328): add@ add@/devices/platform/uwe_bsp.0
06-13 20:07:29.021 D/XM_HIDREAD( 328): add@ add@/devices/platform/uwe_bsp.0/wakeup/wakeup8
06-13 20:07:29.022 I/WCN ( 177): marlin_init entry!
06-13 20:07:29.022 I/WCN ( 177): unisoc wcn driver version: W25.24.5, build time: Jun 13 2025 09:56:11 (UTC)
06-13 20:07:29.022 I/WCN ( 177): wcn config keep power on
06-13 20:07:29.022 I/WCN ( 177): wcn config bt wake host
06-13 20:07:29.023 I/WCN ( 177): marlin_registsr_bt_wake bt_hostwake gpio=208 intnum=237
06-13 20:07:29.023 I/sdiohal ( 177): sdiohal_parse_dt adma_tx:1, adma_rx:1, pwrseq:0, irq type:data, gpio_num:0, blksize:840
06-13 20:07:29.034 D/XM_HIDREAD( 328): add@ add@/class/slog_wcn
06-13 20:07:29.035 D/XM_HIDREAD( 328): add@ add@/devices/virtual/slog_wcn/slog_wcn0
06-13 20:07:29.036 D/XM_HIDREAD( 328): add@ add@/devices/virtual/slog_wcn/slog_wcn1
06-13 20:07:29.036 D/XM_HIDREAD( 328): add@ add@/devices/virtual/misc/wcn_op
06-13 20:07:29.037 D/XM_HIDREAD( 328): add@ add@/bus/platform/drivers/uwe_bsp
06-13 20:07:29.037 D/XM_HIDREAD( 328): add@ add@/module/uwe5621_bsp_sdio
06-13 20:07:29.026 E/sdiohal err( 177): sdio, BITS =64, PageSize =4096, order=6, 3
06-13 20:07:29.036 I/sdiohal ( 177): sdiohal_init ok
06-13 20:07:29.038 I/WCN ( 177): marlin_probe ok!
06-13 20:07:29.048 I/perfetto( 337): probes.cc:84 Starting /system/bin/traced_probes service
06-13 20:07:29.050 I/perfetto( 337): _activity_trigger.cc:71 mm_events ftrace instance not found. Triggering of traces on memory pressure will not be available on this device.
06-13 20:07:29.052 W/perfetto( 338): service.cc:207 Started traced, listening on /dev/socket/traced_producer /dev/socket/traced_consumer
06-13 20:07:29.056 I/perfetto( 337): probes_producer.cc:112 Connected to the service
06-13 20:07:29.065 I/FastMixerState( 279): sMaxFastTracks = 8
06-13 20:07:29.074 V/MediaUtils( 279): physMem: 2055442432
06-13 20:07:29.074 V/MediaUtils( 279): requested limit: 411088480
06-13 20:07:29.074 I/libc ( 279): malloc_limit: Allocation limit enabled, max size 411088480 bytes
06-13 20:07:29.075 I/audioserver( 279): ServiceManager: 0xf2a3d420
06-13 20:07:29.076 W/BatteryNotifier( 279): batterystats service unavailable!
06-13 20:07:29.077 E/cutils-trace( 279): Error opening trace file: No such file or directory (2)
06-13 20:07:29.087 D/XM_HIDREAD( 328): add@ add@/devices/platform/mtty.0
06-13 20:07:29.088 D/XM_HIDREAD( 328): add@ add@/devices/virtual/tty/ttyBT0
06-13 20:07:29.084 E/ ( 177): uwe5621_bt_tty_init
06-13 20:07:29.090 E/ ( 177): mtty_probe unisoc soc, continue
06-13 20:07:29.090 I/ ( 177): mtty_probe init device addr: 0x00000000f446631b
06-13 20:07:29.096 E/ ( 177): rfkill_bluetooth_init
06-13 20:07:29.099 D/XM_HIDREAD( 328): add@ add@/devices/platform/mtty.0/rfkill/rfkill1
06-13 20:07:29.101 E/ ( 177): rfkill_bluetooth_init end
06-13 20:07:29.106 E/ ( 177): marlin_sdio_init
06-13 20:07:29.109 D/XM_HIDREAD( 328): add@ add@/bus/platform/drivers/mtty
06-13 20:07:29.112 D/XM_HIDREAD( 328): add@ add@/module/sprdbt_tty
06-13 20:07:29.259 I/installd( 354): installd firing up
06-13 20:07:29.260 I/init ( 1): type=1400 audit(0.0:273): avc: denied { read } for name="ext_csd" dev="debugfs" ino=6287 scontext=u:r:init:s0 tcontext=u:object_r:debugfs_mmc:s0 tclass=file permissive=1
06-13 20:07:29.260 I/init ( 1): type=1400 audit(0.0:274): avc: denied { open } for path="/sys/kernel/debug/mmc0/mmc0:0001/ext_csd" dev="debugfs" ino=6287 scontext=u:r:init:s0 tcontext=u:object_r:debugfs_mmc:s0 tclass=file permissive=1
06-13 20:07:29.332 I/storaged( 364): type=1400 audit(0.0:275): avc: denied { read } for path="/sys/kernel/debug/mmc0/mmc0:0001/ext_csd" dev="debugfs" ino=6287 scontext=u:r:storaged:s0 tcontext=u:object_r:debugfs_mmc:s0 tclass=file permissive=1
06-13 20:07:29.352 I/rainbow_flow( 332): type=1400 audit(0.0:276): avc: denied { ioctl } for path="/dev/spidev1.0" dev="tmpfs" ino=249 ioctlcmd=0x6b00 scontext=u:r:init:s0 tcontext=u:object_r:device:s0 tclass=chr_file permissive=1
06-13 20:07:29.403 I/ServiceManager( 279): Waiting for service 'media.metrics' on '/dev/binder'...
06-13 20:07:29.407 D/libEGL ( 288): loaded /vendor/lib/egl/libGLES_mali.so
06-13 20:07:29.440 I/wificond( 366): wificond is starting up...
06-13 20:07:29.459 E/cutils-trace( 366): Error opening trace file: No such file or directory (2)
06-13 20:07:29.487 I/HidlServiceManagement( 366): Registered android.system.wifi.keystore@1.0::IKeystore/default
06-13 20:07:29.496 I/EventThread( 273): type=1400 audit(0.0:277): avc: denied { search } for name="extcon" dev="sysfs" ino=18109 scontext=u:r:hal_tv_cec_default:s0 tcontext=u:object_r:sysfs_extcon:s0 tclass=dir permissive=1
06-13 20:07:29.553 D/dom2reg ( 371): timezone change, new: Asia/Shanghai, pre:
06-13 20:07:29.553 D/dom2reg ( 371): convert timezone to alpha2 country code: CN
06-13 20:07:29.562 D/dom2reg ( 371): regulatory set to [CN] success(0)
06-13 20:07:29.584 I/init ( 1): type=1400 audit(0.0:278): avc: denied { add_name } for name="panic" scontext=u:r:init:s0 tcontext=u:object_r:sysfs:s0 tclass=dir permissive=1
06-13 20:07:29.587 W/HidlServiceManagement( 275): Waited one second for vendor.display.config@1.0::IDisplayConfig/default
06-13 20:07:29.613 D/WifiHWInfo( 372): Start to load wireless module hardware info table...
06-13 20:07:29.626 D/WifiHWInfo( 372): Entry [01], BUS: SDIO, ID: 0x024C8179, Name: rtl8189es.
06-13 20:07:29.626 D/WifiHWInfo( 372): Entry [02], BUS: SDIO, ID: 0x024CB723, Name: rtl8723bs_vq0.
06-13 20:07:29.626 D/WifiHWInfo( 372): Entry [03], BUS: SDIO, ID: 0x024CB703, Name: rtl8723cs.
06-13 20:07:29.626 D/WifiHWInfo( 372): Entry [04], BUS: SDIO, ID: 0x024CD723, Name: rtl8723ds.
06-13 20:07:29.626 D/WifiHWInfo( 372): Entry [05], BUS: SDIO, ID: 0x024CF179, Name: rtl8189fs.
06-13 20:07:29.626 D/WifiHWInfo( 372): Entry [06], BUS: SDIO, ID: 0x024CB822, Name: rtl88x2bs.
06-13 20:07:29.626 D/WifiHWInfo( 372): Entry [07], BUS: USB, ID: 0x0BDAD723, Name: rtl8723du.
06-13 20:07:29.626 D/WifiHWInfo( 372): Entry [08], BUS: USB, ID: 0x0BDA8179, Name: rtl8188etv.
06-13 20:07:29.626 D/WifiHWInfo( 372): Entry [09], BUS: USB, ID: 0x0BDA0179, Name: rtl8188eu.
06-13 20:07:29.626 D/WifiHWInfo( 372): Entry [10], BUS: USB, ID: 0x0BDA818B, Name: rtl8192eu.
06-13 20:07:29.626 D/WifiHWInfo( 372): Entry [11], BUS: USB, ID: 0x0BDAB720, Name: rtl8723bu.
06-13 20:07:29.626 D/WifiHWInfo( 372): Entry [12], BUS: USB, ID: 0x0BDAC82C, Name: rtl8822cu.
06-13 20:07:29.626 D/WifiHWInfo( 372): Entry [13], BUS: USB, ID: 0x0BDAF179, Name: rtl8188fu.
06-13 20:07:29.626 D/WifiHWInfo( 372): Entry [14], BUS: SDIO, ID: 0x02D0A9A6, Name: ap6212.
06-13 20:07:29.627 D/WifiHWInfo( 372): Entry [15], BUS: SDIO, ID: 0x02D04330, Name: ap6330.
06-13 20:07:29.627 D/WifiHWInfo( 372): Entry [16], BUS: SDIO, ID: 0x02D04356, Name: ap6356s.
06-13 20:07:29.627 D/WifiHWInfo( 372): Entry [17], BUS: SDIO, ID: 0x02D0A9BF, Name: ap6255.
06-13 20:07:29.627 D/WifiHWInfo( 372): Entry [18], BUS: SDIO, ID: 0x02D04334, Name: bcm43342.
06-13 20:07:29.627 D/WifiHWInfo( 372): Entry [19], BUS: SDIO, ID: 0x00202281, Name: xr819.
06-13 20:07:29.627 D/WifiHWInfo( 372): Entry [20], BUS: SDIO, ID: 0x0A9E2282, Name: xr829.
06-13 20:07:29.627 D/WifiHWInfo( 372): Entry [21], BUS: SDIO, ID: 0x0271050A, Name: qca6174a.
06-13 20:07:29.627 D/WifiHWInfo( 372): Entry [22], BUS: SDIO, ID: 0x30303030, Name: ssv6x5x.
06-13 20:07:29.627 D/WifiHWInfo( 372): Entry [23], BUS: SDIO, ID: 0x00000000, Name: uwe5621.
06-13 20:07:29.627 D/WifiHWInfo( 372): Entry [24], BUS: SDIO, ID: 0x54490145, Name: aic8800.
06-13 20:07:29.627 D/WifiHWInfo( 372): Entry [25], BUS: SDIO, ID: 0xC8A1C08D, Name: aic8800.
06-13 20:07:29.627 D/WifiHWInfo( 372): Entry [26], BUS: USB, ID: 0xA69C8800, Name: aic8800.
06-13 20:07:29.627 D/WifiHWInfo( 372): Entry [27], BUS: USB, ID: 0x007A8888, Name: atbm6023is.
06-13 20:07:29.627 D/WifiHWInfo( 372): Entry [28], BUS: SDIO, ID: 0x02E79086, Name: 9012p.
06-13 20:07:29.627 D/WifiHWInfo( 372): Entry [29], BUS: SDIO, ID: 0x007A6011, Name: atbm613x_wifi_sdio.
06-13 20:07:29.627 D/WifiHWInfo( 372): Entry [30], BUS: SDIO, ID: 0x024CC822, Name: 88x2cs.
06-13 20:07:29.627 D/WifiHWInfo( 372): Entry [31], BUS: SDIO, ID: 0x000018F0, Name: dummy.
06-13 20:07:29.627 D/HWINFO ( 372): ********** Wireless information **********
06-13 20:07:29.627 D/HWINFO ( 372): module vendor: sprd
06-13 20:07:29.627 D/HWINFO ( 372): module name : uwe5621
06-13 20:07:29.628 D/HWINFO ( 372): wifi hal name: libwifi-hal-sprd.so
06-13 20:07:29.628 D/HWINFO ( 372): libbt-vendor : libbt-sprd.so
06-13 20:07:29.628 D/HWINFO ( 372): is bt support: 1
06-13 20:07:29.628 D/HWINFO ( 372): ******************************************
06-13 20:07:29.635 I/sunxi-rfkill soc@3000000( 177): rfkill: set block: 1
06-13 20:07:29.635 I/sunxi-rfkill soc@3000000( 177): rfkill: bt power off success
06-13 20:07:29.628 I/xiriservice_All( 334): type=1400 audit(0.0:279): avc: denied { read } for scontext=u:r:init:s0 tcontext=u:r:init:s0 tclass=netlink_kobject_uevent_socket permissive=1
06-13 20:07:29.636 I/hwservicemanager( 193): Since vendor.display.config@1.0::IDisplayConfig/default is not registered, trying to start it as a lazy HAL.
06-13 20:07:29.650 I/HidlServiceManagement( 275): getService: Trying again for vendor.display.config@1.0::IDisplayConfig/default...
06-13 20:07:29.670 I/RenderEngine( 288): Realtime priority unsupported, degrading gracefully to high priority
06-13 20:07:29.687 I/main_extractorservice( 356): enable media.extractor memory limits
06-13 20:07:29.688 V/MediaUtils( 356): physMem: 2055442432
06-13 20:07:29.688 V/MediaUtils( 356): requested limit: 411088480
06-13 20:07:29.688 I/libc ( 356): malloc_limit: Allocation limit enabled, max size 411088480 bytes
06-13 20:07:29.712 E/cutils-trace( 379): Error opening trace file: No such file or directory (2)
06-13 20:07:29.712 I/gatekeeperd( 377): Starting gatekeeperd...
06-13 20:07:29.718 I/android.hardware.media.omx@1.0-service( 368): mediacodecservice starting
06-13 20:07:29.726 W/libc ( 193): Unable to set property "ctl.interface_start" to "vendor.display.config@1.0::IDisplayConfig/default": error code: 0x20
06-13 20:07:29.727 I/hwservicemanager( 193): Tried to start vendor.display.config@1.0::IDisplayConfig/default as a lazy service, but was unable to. Usually this happens when a service is not installed, but if the service is intended to be used as a lazy service, then it may be configured incorrectly.
06-13 20:07:29.730 E/cutils-trace( 377): Error opening trace file: No such file or directory (2)
06-13 20:07:29.731 W/mediaextractor( 356): Could not read additional policy file '/vendor/etc/seccomp_policy/mediaextractor.policy'
06-13 20:07:29.732 W/android.hardware.media.omx@1.0-service( 368): Could not read additional policy file '/vendor/etc/seccomp_policy/mediacodec.policy'
06-13 20:07:29.733 W/android.hardware.media.omx@1.0-service( 368): libminijail[368]: failed to get path of fd 4: No such file or directory
06-13 20:07:29.733 W/android.hardware.media.omx@1.0-service( 368): libminijail[368]: allowing syscall: clock_gettime
06-13 20:07:29.734 W/android.hardware.media.omx@1.0-service( 368): libminijail[368]: allowing syscall: connect
06-13 20:07:29.734 W/android.hardware.media.omx@1.0-service( 368): libminijail[368]: allowing syscall: fcntl64
06-13 20:07:29.734 W/android.hardware.media.omx@1.0-service( 368): libminijail[368]: allowing syscall: socket
06-13 20:07:29.734 W/android.hardware.media.omx@1.0-service( 368): libminijail[368]: allowing syscall: writev
06-13 20:07:29.735 W/android.hardware.media.omx@1.0-service( 368): libminijail[368]: compile_file: (59): syscall getrandom redefined here
06-13 20:07:29.735 W/android.hardware.media.omx@1.0-service( 368): libminijail[368]: compile_file: (15): previous definition here
06-13 20:07:29.737 I/usbd ( 379): Usb HAL found.
06-13 20:07:29.738 I/usbd ( 379): peristent prop is adb
06-13 20:07:29.741 W/mediaextractor( 356): libminijail[356]: failed to get path of fd 4: No such file or directory
06-13 20:07:29.741 W/mediaextractor( 356): libminijail[356]: allowing syscall: clock_gettime
06-13 20:07:29.742 W/mediaextractor( 356): libminijail[356]: allowing syscall: connect
06-13 20:07:29.742 W/android.hardware.media.omx@1.0-service( 368): libminijail[368]: compile_file: /system/etc/seccomp_policy/crash_dump.arm.policy(1): syscall read redefined here
06-13 20:07:29.742 W/mediaextractor( 356): libminijail[356]: allowing syscall: fcntl64
06-13 20:07:29.742 W/mediaextractor( 356): libminijail[356]: allowing syscall: socket
06-13 20:07:29.742 W/mediaextractor( 356): libminijail[356]: allowing syscall: writev
06-13 20:07:29.742 W/android.hardware.media.omx@1.0-service( 368): libminijail[368]: compile_file: (9): previous definition here
06-13 20:07:29.742 W/android.hardware.media.omx@1.0-service( 368): libminijail[368]: compile_file: /system/etc/seccomp_policy/crash_dump.arm.policy(2): syscall write redefined here
06-13 20:07:29.742 W/android.hardware.media.omx@1.0-service( 368): libminijail[368]: compile_file: (5): previous definition here
06-13 20:07:29.742 W/android.hardware.media.omx@1.0-service( 368): libminijail[368]: compile_file: /system/etc/seccomp_policy/crash_dump.arm.policy(3): syscall exit redefined here
06-13 20:07:29.742 W/android.hardware.media.omx@1.0-service( 368): libminijail[368]: compile_file: (40): previous definition here
06-13 20:07:29.742 W/android.hardware.media.omx@1.0-service( 368): libminijail[368]: compile_file: /system/etc/seccomp_policy/crash_dump.arm.policy(4): syscall rt_sigreturn redefined here
06-13 20:07:29.743 W/android.hardware.media.omx@1.0-service( 368): libminijail[368]: compile_file: (45): previous definition here
06-13 20:07:29.743 W/android.hardware.media.omx@1.0-service( 368): libminijail[368]: compile_file: /system/etc/seccomp_policy/crash_dump.arm.policy(6): syscall exit_group redefined here
06-13 20:07:29.743 W/android.hardware.media.omx@1.0-service( 368): libminijail[368]: compile_file: (44): previous definition here
06-13 20:07:29.743 W/android.hardware.media.omx@1.0-service( 368): libminijail[368]: compile_file: /system/etc/seccomp_policy/crash_dump.arm.policy(7): syscall clock_gettime redefined here
06-13 20:07:29.743 W/android.hardware.media.omx@1.0-service( 368): libminijail[368]: compile_file: (7): previous definition here
06-13 20:07:29.743 W/android.hardware.media.omx@1.0-service( 368): libminijail[368]: compile_file: /system/etc/seccomp_policy/crash_dump.arm.policy(8): syscall gettimeofday redefined here
06-13 20:07:29.743 W/android.hardware.media.omx@1.0-service( 368): libminijail[368]: compile_file: (47): previous definition here
06-13 20:07:29.743 W/android.hardware.media.omx@1.0-service( 368): libminijail[368]: compile_file: /system/etc/seccomp_policy/crash_dump.arm.policy(9): syscall futex redefined here
06-13 20:07:29.743 W/android.hardware.media.omx@1.0-service( 368): libminijail[368]: compile_file: (3): previous definition here
06-13 20:07:29.743 W/android.hardware.media.omx@1.0-service( 368): libminijail[368]: compile_file: /system/etc/seccomp_policy/crash_dump.arm.policy(10): syscall getrandom redefined here
06-13 20:07:29.743 W/android.hardware.media.omx@1.0-service( 368): libminijail[368]: compile_file: (15): previous definition here
06-13 20:07:29.744 W/android.hardware.media.omx@1.0-service( 368): libminijail[368]: compile_file: /system/etc/seccomp_policy/crash_dump.arm.policy(13): syscall ppoll redefined here
06-13 20:07:29.744 W/android.hardware.media.omx@1.0-service( 368): libminijail[368]: compile_file: (13): previous definition here
06-13 20:07:29.744 W/android.hardware.media.omx@1.0-service( 368): libminijail[368]: compile_file: /system/etc/seccomp_policy/crash_dump.arm.policy(14): syscall pipe2 redefined here
06-13 20:07:29.744 W/android.hardware.media.omx@1.0-service( 368): libminijail[368]: compile_file: (46): previous definition here
06-13 20:07:29.744 W/android.hardware.media.omx@1.0-service( 368): libminijail[368]: compile_file: /system/etc/seccomp_policy/crash_dump.arm.policy(15): syscall openat redefined here
06-13 20:07:29.744 W/android.hardware.media.omx@1.0-service( 368): libminijail[368]: compile_file: (30): previous definition here
06-13 20:07:29.744 W/android.hardware.media.omx@1.0-service( 368): libminijail[368]: compile_file: /system/etc/seccomp_policy/crash_dump.arm.policy(16): syscall dup redefined here
06-13 20:07:29.744 W/android.hardware.media.omx@1.0-service( 368): libminijail[368]: compile_file: (12): previous definition here
06-13 20:07:29.744 W/android.hardware.media.omx@1.0-service( 368): libminijail[368]: compile_file: /system/etc/seccomp_policy/crash_dump.arm.policy(17): syscall close redefined here
06-13 20:07:29.744 W/android.hardware.media.omx@1.0-service( 368): libminijail[368]: compile_file: (10): previous definition here
06-13 20:07:29.744 W/android.hardware.media.omx@1.0-service( 368): libminijail[368]: compile_file: /system/etc/seccomp_policy/crash_dump.arm.policy(18): syscall lseek redefined here
06-13 20:07:29.745 W/android.hardware.media.omx@1.0-service( 368): libminijail[368]: compile_file: (50): previous definition here
06-13 20:07:29.745 W/android.hardware.media.omx@1.0-service( 368): libminijail[368]: compile_file: /system/etc/seccomp_policy/crash_dump.arm.policy(19): syscall getdents64 redefined here
06-13 20:07:29.745 W/android.hardware.media.omx@1.0-service( 368): libminijail[368]: compile_file: (58): previous definition here
06-13 20:07:29.745 W/android.hardware.media.omx@1.0-service( 368): libminijail[368]: compile_file: /system/etc/seccomp_policy/crash_dump.arm.policy(20): syscall faccessat redefined here
06-13 20:07:29.745 W/android.hardware.media.omx@1.0-service( 368): libminijail[368]: compile_file: (38): previous definition here
06-13 20:07:29.745 W/android.hardware.media.omx@1.0-service( 368): libminijail[368]: compile_file: /system/etc/seccomp_policy/crash_dump.arm.policy(25): syscall rt_sigprocmask redefined here
06-13 20:07:29.745 W/android.hardware.media.omx@1.0-service( 368): libminijail[368]: compile_file: (41): previous definition here
06-13 20:07:29.745 W/mediaextractor( 356): libminijail[356]: compile_file: /apex/com.android.media/etc/seccomp_policy/crash_dump.arm.policy(1): syscall read redefined here
06-13 20:07:29.745 W/android.hardware.media.omx@1.0-service( 368): libminijail[368]: compile_file: /system/etc/seccomp_policy/crash_dump.arm.policy(28): syscall prctl redefined here
06-13 20:07:29.745 W/mediaextractor( 356): libminijail[356]: compile_file: (19): previous definition here
06-13 20:07:29.745 W/mediaextractor( 356): libminijail[356]: compile_file: /apex/com.android.media/etc/seccomp_policy/crash_dump.arm.policy(2): syscall write redefined here
06-13 20:07:29.745 W/android.hardware.media.omx@1.0-service( 368): libminijail[368]: compile_file: (6): previous definition here
06-13 20:07:29.745 W/mediaextractor( 356): libminijail[356]: compile_file: (6): previous definition here
06-13 20:07:29.745 W/mediaextractor( 356): libminijail[356]: compile_file: /apex/com.android.media/etc/seccomp_policy/crash_dump.arm.policy(3): syscall exit redefined here
06-13 20:07:29.745 W/mediaextractor( 356): libminijail[356]: compile_file: (27): previous definition here
06-13 20:07:29.746 W/android.hardware.media.omx@1.0-service( 368): libminijail[368]: compile_file: /system/etc/seccomp_policy/crash_dump.arm.policy(29): syscall madvise redefined here
06-13 20:07:29.746 W/android.hardware.media.omx@1.0-service( 368): libminijail[368]: compile_file: (29): previous definition here
06-13 20:07:29.746 W/android.hardware.media.omx@1.0-service( 368): libminijail[368]: compile_file: /system/etc/seccomp_policy/crash_dump.arm.policy(30): syscall mprotect redefined here
06-13 20:07:29.746 W/android.hardware.media.omx@1.0-service( 368): libminijail[368]: compile_file: (28): previous definition here
06-13 20:07:29.746 W/android.hardware.media.omx@1.0-service( 368): libminijail[368]: compile_file: /system/etc/seccomp_policy/crash_dump.arm.policy(31): syscall munmap redefined here
06-13 20:07:29.746 W/android.hardware.media.omx@1.0-service( 368): libminijail[368]: compile_file: (27): previous definition here
06-13 20:07:29.746 W/android.hardware.media.omx@1.0-service( 368): libminijail[368]: compile_file: /system/etc/seccomp_policy/crash_dump.arm.policy(32): syscall getuid32 redefined here
06-13 20:07:29.747 W/android.hardware.media.omx@1.0-service( 368): libminijail[368]: compile_file: (34): previous definition here
06-13 20:07:29.747 W/android.hardware.media.omx@1.0-service( 368): libminijail[368]: compile_file: /system/etc/seccomp_policy/crash_dump.arm.policy(33): syscall fstat64 redefined here
06-13 20:07:29.747 W/android.hardware.media.omx@1.0-service( 368): libminijail[368]: compile_file: (35): previous definition here
06-13 20:07:29.747 W/android.hardware.media.omx@1.0-service( 368): libminijail[368]: compile_file: /system/etc/seccomp_policy/crash_dump.arm.policy(34): syscall mmap2 redefined here
06-13 20:07:29.748 W/android.hardware.media.omx@1.0-service( 368): libminijail[368]: compile_file: (14): previous definition here
06-13 20:07:29.750 W/mediaextractor( 356): libminijail[356]: compile_file: /apex/com.android.media/etc/seccomp_policy/crash_dump.arm.policy(4): syscall rt_sigreturn redefined here
06-13 20:07:29.750 W/mediaextractor( 356): libminijail[356]: compile_file: (29): previous definition here
06-13 20:07:29.750 W/mediaextractor( 356): libminijail[356]: compile_file: /apex/com.android.media/etc/seccomp_policy/crash_dump.arm.policy(6): syscall exit_group redefined here
06-13 20:07:29.750 W/mediaextractor( 356): libminijail[356]: compile_file: (28): previous definition here
06-13 20:07:29.750 W/mediaextractor( 356): libminijail[356]: compile_file: /apex/com.android.media/etc/seccomp_policy/crash_dump.arm.policy(7): syscall clock_gettime redefined here
06-13 20:07:29.750 W/mediaextractor( 356): libminijail[356]: compile_file: (20): previous definition here
06-13 20:07:29.750 W/mediaextractor( 356): libminijail[356]: compile_file: /apex/com.android.media/etc/seccomp_policy/crash_dump.arm.policy(9): syscall futex redefined here
06-13 20:07:29.750 W/mediaextractor( 356): libminijail[356]: compile_file: (4): previous definition here
06-13 20:07:29.750 W/mediaextractor( 356): libminijail[356]: compile_file: /apex/com.android.media/etc/seccomp_policy/crash_dump.arm.policy(10): syscall getrandom redefined here
06-13 20:07:29.750 W/mediaextractor( 356): libminijail[356]: compile_file: (43): previous definition here
06-13 20:07:29.751 W/mediaextractor( 356): libminijail[356]: compile_file: /apex/com.android.media/etc/seccomp_policy/crash_dump.arm.policy(12): syscall gettid redefined here
06-13 20:07:29.751 W/mediaextractor( 356): libminijail[356]: compile_file: (34): previous definition here
06-13 20:07:29.751 W/mediaextractor( 356): libminijail[356]: compile_file: /apex/com.android.media/etc/seccomp_policy/crash_dump.arm.policy(15): syscall openat redefined here
06-13 20:07:29.751 W/mediaextractor( 356): libminijail[356]: compile_file: (16): previous definition here
06-13 20:07:29.751 W/mediaextractor( 356): libminijail[356]: compile_file: /apex/com.android.media/etc/seccomp_policy/crash_dump.arm.policy(16): syscall dup redefined here
06-13 20:07:29.751 W/mediaextractor( 356): libminijail[356]: compile_file: (11): previous definition here
06-13 20:07:29.751 W/android.hardware.media.omx@1.0-service( 368): libminijail[368]: logging seccomp filter failures
06-13 20:07:29.751 W/mediaextractor( 356): libminijail[356]: compile_file: /apex/com.android.media/etc/seccomp_policy/crash_dump.arm.policy(17): syscall close redefined here
06-13 20:07:29.751 W/mediaextractor( 356): libminijail[356]: compile_file: (9): previous definition here
06-13 20:07:29.751 W/mediaextractor( 356): libminijail[356]: compile_file: /apex/com.android.media/etc/seccomp_policy/crash_dump.arm.policy(18): syscall lseek redefined here
06-13 20:07:29.751 W/mediaextractor( 356): libminijail[356]: compile_file: (21): previous definition here
06-13 20:07:29.751 W/mediaextractor( 356): libminijail[356]: compile_file: /apex/com.android.media/etc/seccomp_policy/crash_dump.arm.policy(20): syscall faccessat redefined here
06-13 20:07:29.751 W/mediaextractor( 356): libminijail[356]: compile_file: (30): previous definition here
06-13 20:07:29.751 W/mediaextractor( 356): libminijail[356]: compile_file: /apex/com.android.media/etc/seccomp_policy/crash_dump.arm.policy(25): syscall rt_sigprocmask redefined here
06-13 20:07:29.751 W/mediaextractor( 356): libminijail[356]: compile_file: (35): previous definition here
06-13 20:07:29.751 W/mediaextractor( 356): libminijail[356]: compile_file: /apex/com.android.media/etc/seccomp_policy/crash_dump.arm.policy(28): syscall prctl redefined here
06-13 20:07:29.752 W/mediaextractor( 356): libminijail[356]: compile_file: (5): previous definition here
06-13 20:07:29.752 W/mediaextractor( 356): libminijail[356]: compile_file: /apex/com.android.media/etc/seccomp_policy/crash_dump.arm.policy(29): syscall madvise redefined here
06-13 20:07:29.752 W/mediaextractor( 356): libminijail[356]: compile_file: (31): previous definition here
06-13 20:07:29.752 W/mediaextractor( 356): libminijail[356]: compile_file: /apex/com.android.media/etc/seccomp_policy/crash_dump.arm.policy(30): syscall mprotect redefined here
06-13 20:07:29.752 W/mediaextractor( 356): libminijail[356]: compile_file: (12): previous definition here
06-13 20:07:29.752 W/mediaextractor( 356): libminijail[356]: compile_file: /apex/com.android.media/etc/seccomp_policy/crash_dump.arm.policy(31): syscall munmap redefined here
06-13 20:07:29.752 W/mediaextractor( 356): libminijail[356]: compile_file: (10): previous definition here
06-13 20:07:29.752 W/mediaextractor( 356): libminijail[356]: compile_file: /apex/com.android.media/etc/seccomp_policy/crash_dump.arm.policy(32): syscall getuid32 redefined here
06-13 20:07:29.752 W/mediaextractor( 356): libminijail[356]: compile_file: (13): previous definition here
06-13 20:07:29.752 W/mediaextractor( 356): libminijail[356]: compile_file: /apex/com.android.media/etc/seccomp_policy/crash_dump.arm.policy(33): syscall fstat64 redefined here
06-13 20:07:29.752 W/mediaextractor( 356): libminijail[356]: compile_file: (25): previous definition here
06-13 20:07:29.752 W/mediaextractor( 356): libminijail[356]: compile_file: /apex/com.android.media/etc/seccomp_policy/crash_dump.arm.policy(34): syscall mmap2 redefined here
06-13 20:07:29.753 W/mediaextractor( 356): libminijail[356]: compile_file: (8): previous definition here
06-13 20:07:29.753 W/mediaextractor( 356): libminijail[356]: compile_file: /apex/com.android.media/etc/seccomp_policy/crash_dump.arm.policy(35): syscall geteuid32 redefined here
06-13 20:07:29.753 W/mediaextractor( 356): libminijail[356]: compile_file: (38): previous definition here
06-13 20:07:29.753 W/mediaextractor( 356): libminijail[356]: compile_file: /apex/com.android.media/etc/seccomp_policy/crash_dump.arm.policy(36): syscall getgid32 redefined here
06-13 20:07:29.753 W/mediaextractor( 356): libminijail[356]: compile_file: (39): previous definition here
06-13 20:07:29.753 W/mediaextractor( 356): libminijail[356]: compile_file: /apex/com.android.media/etc/seccomp_policy/crash_dump.arm.policy(37): syscall getegid32 redefined here
06-13 20:07:29.753 W/mediaextractor( 356): libminijail[356]: compile_file: (40): previous definition here
06-13 20:07:29.753 W/mediaextractor( 356): libminijail[356]: compile_file: /apex/com.android.media/etc/seccomp_policy/crash_dump.arm.policy(38): syscall getgroups32 redefined here
06-13 20:07:29.753 W/mediaextractor( 356): libminijail[356]: compile_file: (41): previous definition here
06-13 20:07:29.767 I/android.hardware.usb.gadget@1.1-service.aw( 274): setCurrentUsbFunctions None
06-13 20:07:29.767 I/android.hardware.usb.gadget@1.1-service.aw( 274): Gadget cannot be pulled down
06-13 20:07:29.767 I/android.hardware.usb.gadget@1.1-service.aw( 274): mMonitor not running
06-13 20:07:29.768 I/android.hardware.usb.gadget@1.1-service.aw( 274): Returned from tearDown gadget
06-13 20:07:29.768 I/rainbow_flow( 332): type=1400 audit(0.0:280): avc: denied { ioctl } for path="/dev/spidev1.0" dev="tmpfs" ino=249 ioctlcmd=0x6b00 scontext=u:r:init:s0 tcontext=u:object_r:device:s0 tclass=chr_file permissive=1
06-13 20:07:29.778 I/cedarc ( 368): : register h265 decoder success!
06-13 20:07:29.779 E/cedarc ( 368): : dlopen 'libawh265soft.so' fail: dlopen failed: library "libawh265soft.so" not found
