06-13 20:07:39.808 I/xiriservice_All( 319): type=1400 audit(0.0:377): avc: denied { read } for name="lib" dev="mmcblk0p25" ino=9741 scontext=u:r:init:s0 tcontext=u:object_r:bluetooth_data_file:s0 tclass=lnk_file permissive=1
06-13 20:07:39.815 D/XiriService( 319): check file name: /data/data/com.android.bluetooth/lib
06-13 20:07:39.816 D/XiriService( 319): check file name: /data/data/com.cibn.tv/lib
06-13 20:07:39.819 V/PackageManager( 485): reconcileAppsData finished 113 packages
06-13 20:07:39.820 D/XiriService( 319): check file name: /data/data/com.cibn.tv/lib
06-13 20:07:39.820 I/ActivityManager( 485): User 0 state changed from RUNNING_LOCKED to RUNNING_UNLOCKING
06-13 20:07:39.822 D/ActivityManager( 485): Unlocking user 0 progress 20
06-13 20:07:39.828 I/SystemServerTimingAsync( 485): ssm.UnlockingUser-0
06-13 20:07:39.828 I/SystemServiceManager( 485): Calling onUnlockingUser 0
06-13 20:07:39.831 D/BluetoothManagerService( 485): User 0 unlocked
06-13 20:07:39.831 D/StorageManagerService( 485): onUnlockUser 0
06-13 20:07:39.831 I/StorageSessionController( 485): On user unlock 0
06-13 20:07:39.831 I/StorageSessionController( 485): Initialialising...
06-13 20:07:39.832 I/vold ( 197): onUserStarted: 0
06-13 20:07:39.836 W/TextServicesManagerService( 485): no available spell checker services found
06-13 20:07:39.837 D/WifiService( 485): Handle user unlock 0
06-13 20:07:39.838 I/WallpaperManagerService( 485): on-unlock-user-0
06-13 20:07:39.841 D/WifiNetworkFactory( 485): Registering NetworkFactory
06-13 20:07:39.841 D/ConnectivityService( 485): Got NetworkProvider Messenger for WifiNetworkFactory
06-13 20:07:39.842 D/UntrustedWifiNetworkFactory( 485): Registering NetworkFactory
06-13 20:07:39.848 D/AW_CODE ( 485): rotation =0
06-13 20:07:39.850 V/StorageManagerService( 485): Found primary storage at VolumeInfo{emulated;0}:
06-13 20:07:39.850 V/StorageManagerService( 485): type=EMULATED diskId=null partGuid= mountFlags=0 mountUserId=0
06-13 20:07:39.850 V/StorageManagerService( 485): state=UNMOUNTED
06-13 20:07:39.850 V/StorageManagerService( 485): fsType=null fsUuid=null fsLabel=null
06-13 20:07:39.850 V/StorageManagerService( 485): path=null internalPath=null
06-13 20:07:39.851 I/StorageManagerService( 485): Mounting volume VolumeInfo{emulated;0}:
06-13 20:07:39.851 I/StorageManagerService( 485): type=EMULATED diskId=null partGuid= mountFlags=PRIMARY|VISIBLE
06-13 20:07:39.851 I/StorageManagerService( 485): mountUserId=0 state=UNMOUNTED
06-13 20:07:39.851 I/StorageManagerService( 485): fsType=null fsUuid=null fsLabel=null
06-13 20:07:39.851 I/StorageManagerService( 485): path=null internalPath=null
06-13 20:07:39.852 I/vold ( 197): Mounting emulated fuse volume
06-13 20:07:39.853 D/XM_HIDREAD( 328): add@ add@/class/hci_reg
06-13 20:07:39.853 D/XM_HIDREAD( 328): add@ add@/module/sunxi_hci
06-13 20:07:39.853 D/BluetoothManagerService( 485): MESSAGE_USER_UNLOCKED
06-13 20:07:39.853 D/ConnectivityService( 485): Got NetworkProvider Messenger for UntrustedWifiNetworkFactory
06-13 20:07:39.856 D/OemPaidWifiNetworkFactory( 485): Registering NetworkFactory
06-13 20:07:39.848 I/xiriservice_All( 334): type=1400 audit(0.0:378): avc: denied { read } for scontext=u:r:init:s0 tcontext=u:r:init:s0 tclass=netlink_kobject_uevent_socket permissive=1
06-13 20:07:39.860 I/runin.sh( 1028): type=1400 audit(0.0:379): avc: denied { dac_read_search } for capability=2 scontext=u:r:shell:s0 tcontext=u:r:shell:s0 tclass=capability permissive=1
06-13 20:07:39.865 D/XM_HIDREAD( 328): add@ add@/devices/virtual/bdi/0:47
06-13 20:07:39.866 D/ConnectivityService( 485): Got NetworkProvider Messenger for OemPaidWifiNetworkFactory
06-13 20:07:39.867 W/VoiceInteractionManager( 485): no available voice recognition services found for user 0
06-13 20:07:39.867 I/BackupManagerService( 485): Starting service for user: 0
06-13 20:07:39.867 V/BackupManagerService( 485): [UserID:0] Starting with transport com.android.localtransport/.LocalTransport
06-13 20:07:39.870 I/vold ( 197): Bind mounting /data/media to /mnt/pass_through/0/emulated
06-13 20:07:39.870 D/AW_CODE ( 485): rotation =0
06-13 20:07:39.871 D/BackupManagerService( 485): [UserID:0] Started thread backup-0
06-13 20:07:39.873 D/ColorDisplayService( 485): setUp: currentUser=0
06-13 20:07:39.881 I/StorageSessionController( 485): On volume mount VolumeInfo{emulated;0}:
06-13 20:07:39.881 I/StorageSessionController( 485): type=EMULATED diskId=null partGuid= mountFlags=PRIMARY|VISIBLE
06-13 20:07:39.881 I/StorageSessionController( 485): mountUserId=0 state=CHECKING
06-13 20:07:39.881 I/StorageSessionController( 485): fsType=null fsUuid=null fsLabel=null
06-13 20:07:39.881 I/StorageSessionController( 485): path=/storage/emulated internalPath=/data/media
06-13 20:07:39.883 I/HibernationStateDiskStore( 485): No hibernation file on disk for file /data/system_ce/0/hibernation/states
06-13 20:07:39.885 I/StorageSessionController( 485): Creating connection for user: 0
06-13 20:07:39.885 D/XM_HIDREAD( 328): add@ add@/devices/virtual/devlink/regulator.8--5101000.ehci0-controller
06-13 20:07:39.884 W/sunxi-ehci( 177): EHCI SUNXI driver
06-13 20:07:39.886 W/ ( 177): sunxi ehci0-controller don't init wakeup source
06-13 20:07:39.886 W/[sunxi-ehci0]( 177): probe, pdev->name: 5101000.ehci0-controller, sunxi_ehci: 0xffffffc008f81018, 0x:ffffffc01215d000, irq_no:32
06-13 20:07:39.888 I/sunxi-ehci 5101000.ehci0-controller( 177): EHCI Host Controller
06-13 20:07:39.888 I/sunxi-ehci 5101000.ehci0-controller( 177): new USB bus registered, assigned bus number 1
06-13 20:07:39.889 I/sunxi-ehci 5101000.ehci0-controller( 177): irq 50, io mem 0x05101000
06-13 20:07:39.888 I/AdbDebuggingManager( 485): Not connected to any wireless network. Not enabling adbwifi.
06-13 20:07:39.891 D/ColorDisplayService( 485): onNightDisplayAutoModeChanged: autoMode=0
06-13 20:07:39.891 I/ColorDisplayService( 485): Turning off night display
06-13 20:07:39.891 D/ColorDisplayService( 485): Setting bright color reduction level: 50
06-13 20:07:39.893 W/Looper ( 485): Slow dispatch took 822ms android.fg h=com.android.server.adb.AdbDebuggingManager$AdbDebuggingHandler c=null m=11
06-13 20:07:39.893 W/Looper ( 485): Slow delivery took 812ms android.fg h=com.android.server.adb.AdbDebuggingManager$AdbDebuggingHandler c=null m=26
06-13 20:07:39.895 D/AutofillManagerServiceImpl( 485): Reset component for user 0:
06-13 20:07:39.896 D/AutofillUI( 485): destroySaveUiUiThread(): already destroyed
06-13 20:07:39.897 D/SystemUIService( 684): Starting Wifi now
06-13 20:07:39.899 D/FieldClassificationStrategy( 485): reset(): service is not bound. Do nothing.
06-13 20:07:39.900 W/AppBindingService( 485): [Default SMS app] u0 Target package not found
06-13 20:07:39.896 I/ndroid.systemui( 684): type=1400 audit(0.0:380): avc: denied { search } for name="com.android.systemui" dev="mmcblk0p25" ino=484 scontext=u:r:platform_app:s0:c512,c768 tcontext=u:object_r:app_data_file:s0:c512,c768 tclass=dir permissive=1 app=com.softwinner.screenshot
06-13 20:07:39.901 I/ActivityTaskManager( 485): Loading recents for user 0 into memory.
06-13 20:07:39.903 I/sunxi-ehci 5101000.ehci0-controller( 177): USB 2.0 started, EHCI 1.00
06-13 20:07:39.902 I/StorageSessionController( 485): Creating and starting session with id: emulated;0
06-13 20:07:39.903 D/XM_HIDREAD( 328): add@ add@/devices/platform/soc@3000000/5101000.ehci0-controller/usb1
06-13 20:07:39.904 D/XM_HIDREAD( 328): add@ add@/devices/platform/soc@3000000/5101000.ehci0-controller/usb1/1-0:1.0
06-13 20:07:39.908 D/XM_HIDREAD( 328): add@ add@/devices/virtual/devlink/regulator.8--5200000.ehci1-controller
06-13 20:07:39.904 I/usb1 ( 177): New USB device found, idVendor=1d6b, idProduct=0002, bcdDevice= 5.04
06-13 20:07:39.904 I/usb1 ( 177): New USB device strings: Mfr=3, Product=2, SerialNumber=1
06-13 20:07:39.904 I/usb1 ( 177): Product: EHCI Host Controller
06-13 20:07:39.904 I/usb1 ( 177): Manufacturer: Linux 5.4.125+ ehci_hcd
06-13 20:07:39.904 I/usb1 ( 177): SerialNumber: sunxi-ehci
06-13 20:07:39.906 I/hub 1-0 ( 177): 1.0: USB hub found
06-13 20:07:39.910 I/StorageUserConnection( 485): Binding to the ExternalStorageService for user 0
06-13 20:07:39.906 I/hub 1-0 ( 177): 1.0: 1 port detected
06-13 20:07:39.908 W/ ( 177): sunxi ehci1-controller don't init wakeup source
06-13 20:07:39.908 W/[sunxi-ehci1]( 177): probe, pdev->name: 5200000.ehci1-controller, sunxi_ehci: 0xffffffc008f816d8, 0x:ffffffc0121df000, irq_no:34
06-13 20:07:39.908 I/sunxi-ehci 5200000.ehci1-controller( 177): EHCI Host Controller
06-13 20:07:39.909 I/sunxi-ehci 5200000.ehci1-controller( 177): new USB bus registered, assigned bus number 2
06-13 20:07:39.909 I/sunxi-ehci 5200000.ehci1-controller( 177): irq 52, io mem 0x05200000
06-13 20:07:39.916 I/UsageStatsService( 485): User[0] Rollover scheduled @ 2025-06-14 19:14:24(1749899664147)
06-13 20:07:39.923 I/sunxi-ehci 5200000.ehci1-controller( 177): USB 2.0 started, EHCI 1.00
06-13 20:07:39.924 E/debugfs ( 177): Directory 'sunxi-ehci' with parent 'ehci' already present!
06-13 20:07:39.924 I/UsageStatsService( 485): User[0] Flushing usage stats to disk
06-13 20:07:39.927 W/InputMethodUtils( 485): Found no fallback locale. imis=[InputMethodInfo{com.sohu.inputmethod.sogou.tv/.SogouIME, settings: com.sohu.inputmethod.sogou.SogouIMESettingsLauncher}]
06-13 20:07:39.928 W/InputMethodUtils( 485): No software keyboard is found. imis=[InputMethodInfo{com.sohu.inputmethod.sogou.tv/.SogouIME, settings: com.sohu.inputmethod.sogou.SogouIMESettingsLauncher}] systemLocale=zh_CN fallbackLocale=null
06-13 20:07:39.929 I/NotificationHistory( 485): Attempted to unlock gone/disabled user 0
06-13 20:07:39.934 V/PackageConfigPersister( 485): loadPackages: empty list files from /data/system_ce/0/package_configs
06-13 20:07:39.936 D/XM_HIDREAD( 328): add@ add@/devices/platform/soc@3000000/5200000.ehci1-controller/usb2
06-13 20:07:39.937 D/XM_HIDREAD( 328): add@ add@/devices/platform/soc@3000000/5200000.ehci1-controller/usb2/2-0:1.0
06-13 20:07:39.936 I/usb2 ( 177): New USB device found, idVendor=1d6b, idProduct=0002, bcdDevice= 5.04
06-13 20:07:39.936 I/usb2 ( 177): New USB device strings: Mfr=3, Product=2, SerialNumber=1
06-13 20:07:39.936 I/usb2 ( 177): Product: EHCI Host Controller
06-13 20:07:39.936 I/usb2 ( 177): Manufacturer: Linux 5.4.125+ ehci_hcd
06-13 20:07:39.936 I/usb2 ( 177): SerialNumber: sunxi-ehci
06-13 20:07:39.940 I/hub 2-0 ( 177): 1.0: USB hub found
06-13 20:07:39.940 I/hub 2-0 ( 177): 1.0: 1 port detected
06-13 20:07:39.944 D/XM_HIDREAD( 328): add@ add@/devices/virtual/devlink/regulator.8--5310000.ehci2-controller
06-13 20:07:39.944 W/ ( 177): sunxi ehci2-controller don't init wakeup source
06-13 20:07:39.944 W/[sunxi-ehci2]( 177): probe, pdev->name: 5310000.ehci2-controller, sunxi_ehci: 0xffffffc008f81d98, 0x:ffffffc01228d000, irq_no:36
06-13 20:07:39.947 I/sunxi-ehci 5310000.ehci2-controller( 177): EHCI Host Controller
06-13 20:07:39.947 I/sunxi-ehci 5310000.ehci2-controller( 177): new USB bus registered, assigned bus number 3
06-13 20:07:39.947 I/sunxi-ehci 5310000.ehci2-controller( 177): irq 54, io mem 0x05310000
06-13 20:07:39.946 W/ActivityManager( 485): UserLifecycleEvent 5 received without an active userJourneySession.
06-13 20:07:39.946 W/ActivityManager( 485): UserLifecycleEvent 6 received without an active userJourneySession.
06-13 20:07:39.949 I/ActivityManager( 485): User 0 state changed from RUNNING_UNLOCKING to RUNNING_UNLOCKED
06-13 20:07:39.948 I/SharedPreferenc( 684): type=1400 audit(0.0:381): avc: denied { open } for path="/data/user_de/0/com.android.systemui/shared_prefs/com.android.systemui.xml" dev="mmcblk0p25" ino=9643 scontext=u:r:platform_app:s0:c512,c768 tcontext=u:object_r:app_data_file:s0:c512,c768 tclass=file permissive=1 app=com.softwinner.screenshot
06-13 20:07:39.952 D/SystemServerTiming( 485): SystemUserUnlock took to complete: 846ms
06-13 20:07:39.956 I/WifiService( 485): setWifiEnabled package=com.android.systemui uid=10065 enable=true
06-13 20:07:39.957 I/ActivityManager( 485): com.dangbei.lerad.etna.haqu is exempt from freezer
06-13 20:07:39.959 I/sunxi-ehci 5310000.ehci2-controller( 177): USB 2.0 started, EHCI 1.00
06-13 20:07:39.959 E/debugfs ( 177): Directory 'sunxi-ehci' with parent 'ehci' already present!
06-13 20:07:39.969 I/SELinux ( 485): SELinux: Loaded file_contexts
06-13 20:07:39.971 D/CompatibilityChangeReporter( 485): Compat change id reported: 135634846; UID 1000; state: DISABLED
06-13 20:07:39.971 W/IorapForwardingService( 485): No service published for: iorapd
06-13 20:07:39.972 D/AdbService( 485): setAdbEnabled(true), mIsAdbUsbEnabled=true, mIsAdbWifiEnabled=true, transportType=1
06-13 20:07:39.972 W/Looper ( 485): Drained
06-13 20:07:39.975 I/usb3 ( 177): New USB device found, idVendor=1d6b, idProduct=0002, bcdDevice= 5.04
06-13 20:07:39.975 I/usb3 ( 177): New USB device strings: Mfr=3, Product=2, SerialNumber=1
06-13 20:07:39.975 I/usb3 ( 177): Product: EHCI Host Controller
06-13 20:07:39.975 I/usb3 ( 177): Manufacturer: Linux 5.4.125+ ehci_hcd
06-13 20:07:39.975 I/usb3 ( 177): SerialNumber: sunxi-ehci
06-13 20:07:39.979 I/hub 3-0 ( 177): 1.0: USB hub found
06-13 20:07:39.979 I/hub 3-0 ( 177): 1.0: 1 port detected
06-13 20:07:39.975 D/XM_HIDREAD( 328): add@ add@/devices/platform/soc@3000000/5310000.ehci2-controller/usb3
06-13 20:07:39.983 W/ ( 177): sunxi ehci3-controller don't init wakeup source
06-13 20:07:39.983 W/[sunxi-ehci3]( 177): probe, pdev->name: 5311000.ehci3-controller, sunxi_ehci: 0xffffffc008f82458, 0x:ffffffc0122af000, irq_no:38
06-13 20:07:39.977 D/XM_HIDREAD( 328): add@ add@/devices/platform/soc@3000000/5310000.ehci2-controller/usb3/3-0:1.0
06-13 20:07:39.982 D/XM_HIDREAD( 328): add@ add@/devices/virtual/devlink/regulator.8--5311000.ehci3-controller
06-13 20:07:39.984 I/sunxi-ehci 5311000.ehci3-controller( 177): EHCI Host Controller
06-13 20:07:39.984 I/sunxi-ehci 5311000.ehci3-controller( 177): new USB bus registered, assigned bus number 4
06-13 20:07:39.985 I/sunxi-ehci 5311000.ehci3-controller( 177): irq 56, io mem 0x05311000
06-13 20:07:39.988 D/WakeupConfigStoreData( 485): WifiWake user data has been read
06-13 20:07:39.988 D/CompatibilityChangeReporter( 485): Compat change id reported: 135634846; UID 10074; state: DISABLED
06-13 20:07:39.992 E/BackupPasswordManager( 485): Unable to read backup pw version
06-13 20:07:39.992 E/BackupPasswordManager( 485): Unable to read saved backup pw hash
06-13 20:07:40.002 W/ContextImpl( 819): Calling a method in the system process without a qualified user: android.app.ContextImpl.startService:1816 android.content.ContextWrapper.startService:774 android.content.ContextWrapper.startService:774 com.android.tv.settings.users.UserSwitchListenerService$BootReceiver.onReceive:50 android.app.ActivityThread.handleReceiver:4308
06-13 20:07:40.005 D/WifiConfigStore( 485): Reading from user stores completed in 58 ms.
06-13 20:07:40.005 D/Zygote ( 255): Forked child process 1039
06-13 20:07:40.006 W/ActivityManager( 485): Slow operation: 53ms so far, now at startProcess: returned from zygote!
06-13 20:07:40.000 I/sunxi-ehci 5311000.ehci3-controller( 177): USB 2.0 started, EHCI 1.00
06-13 20:07:40.000 E/debugfs ( 177): Directory 'sunxi-ehci' with parent 'ehci' already present!
06-13 20:07:40.016 D/XM_HIDREAD( 328): add@ add@/devices/platform/soc@3000000/5311000.ehci3-controller/usb4
06-13 20:07:40.016 I/usb4 ( 177): New USB device found, idVendor=1d6b, idProduct=0002, bcdDevice= 5.04
06-13 20:07:40.016 I/usb4 ( 177): New USB device strings: Mfr=3, Product=2, SerialNumber=1
06-13 20:07:40.016 I/usb4 ( 177): Product: EHCI Host Controller
06-13 20:07:40.016 I/usb4 ( 177): Manufacturer: Linux 5.4.125+ ehci_hcd
06-13 20:07:40.016 I/usb4 ( 177): SerialNumber: sunxi-ehci
06-13 20:07:40.021 I/hub 4-0 ( 177): 1.0: USB hub found
06-13 20:07:40.021 I/hub 4-0 ( 177): 1.0: 1 port detected
06-13 20:07:40.019 D/XM_HIDREAD( 328): add@ add@/devices/platform/soc@3000000/5311000.ehci3-controller/usb4/4-0:1.0
06-13 20:07:40.024 D/XM_HIDREAD( 328): add@ add@/bus/platform/drivers/sunxi-ehci
06-13 20:07:40.024 I/StorageUserConnection( 485): Bound to the ExternalStorageService for user 0
06-13 20:07:40.024 D/XM_HIDREAD( 328): add@ add@/module/ehci_sunxi
06-13 20:07:40.029 I/Zygote ( 1039): seccomp disabled by setenforce 0
06-13 20:07:40.030 W/Searchables( 485): No global search activity found
06-13 20:07:40.030 W/ActivityManager( 485): Slow operation: 75ms so far, now at startProcess: done updating battery stats
06-13 20:07:40.030 W/ActivityManager( 485): Slow operation: 77ms so far, now at startProcess: building log message
06-13 20:07:40.030 I/ActivityManager( 485): app.processName = com.dangbei.lerad.etna.haqu
06-13 20:07:40.030 I/ActivityManager( 485): Start proc 1039:com.dangbei.lerad.etna.haqu/1000 for added application com.dangbei.lerad.etna.haqu
06-13 20:07:40.031 W/ActivityManager( 485): Slow operation: 78ms so far, now at startProcess: starting to update pids map
06-13 20:07:40.031 W/ActivityManager( 485): Slow operation: 78ms so far, now at startProcess: done updating pids map
06-13 20:07:40.031 D/CompatibilityChangeReporter( 485): Compat change id reported: 143937733; UID 10074; state: ENABLED
06-13 20:07:40.032 D/AW_CODE ( 485): rotation =0
06-13 20:07:40.037 D/AW_CODE ( 485): rotation =0
06-13 20:07:40.053 D/Zygote ( 255): Forked child process 1042
06-13 20:07:40.054 W/ActivityManager( 485): Slow operation: 67ms so far, now at startProcess: returned from zygote!
06-13 20:07:40.063 W/ActivityManager( 485): Slow operation: 76ms so far, now at startProcess: done updating battery stats
06-13 20:07:40.064 I/Watchdog( 485): Interesting Java process com.android.providers.media.module started. Pid 1042
06-13 20:07:40.064 W/ActivityManager( 485): Slow operation: 77ms so far, now at startProcess: building log message
06-13 20:07:40.064 I/ActivityManager( 485): app.processName = com.android.providers.media.module
06-13 20:07:40.064 I/ActivityManager( 485): Start proc 1042:com.android.providers.media.module/u0a74 for service {com.android.providers.media.module/com.android.providers.media.fuse.ExternalStorageServiceImpl}
06-13 20:07:40.064 W/ActivityManager( 485): Slow operation: 77ms so far, now at startProcess: starting to update pids map
06-13 20:07:40.064 W/ActivityManager( 485): Slow operation: 77ms so far, now at startProcess: done updating pids map
06-13 20:07:40.068 I/Zygote ( 1042): seccomp disabled by setenforce 0
06-13 20:07:40.068 W/sunxi-ohci( 177): OHCI SUNXI driver
06-13 20:07:40.069 W/ ( 177): sunxi ohci0-controller don't init wakeup source
06-13 20:07:40.069 W/[sunxi-ohci0]( 177): probe, pdev->name: 5101400.ohci0-controller, sunxi_ohci: 0xffffffc008f81378
06-13 20:07:40.069 W/audit ( 975): audit_lost=1 audit_rate_limit=5 audit_backlog_limit=64
06-13 20:07:40.069 E/audit ( 975): rate limit exceeded
06-13 20:07:40.069 I/sunxi-ohci 5101400.ohci0-controller( 177): OHCI Host Controller
06-13 20:07:40.072 D/XM_HIDREAD( 328): add@ add@/devices/virtual/devlink/regulator.8--5101400.ohci0-controller
06-13 20:07:40.073 I/system_server( 485): Using smaps_rollup for pss collection
06-13 20:07:40.076 I/sunxi-ohci 5101400.ohci0-controller( 177): new USB bus registered, assigned bus number 5
06-13 20:07:40.076 I/sunxi-ohci 5101400.ohci0-controller( 177): irq 51, io mem 0x05101400
06-13 20:07:40.075 V/BackupManagerConstants( 485): getKeyValueBackupIntervalMilliseconds(...) returns 14400000
06-13 20:07:40.076 V/BackupManagerConstants( 485): getKeyValueBackupFuzzMilliseconds(...) returns 600000
06-13 20:07:40.076 V/BackupManagerConstants( 485): getKeyValueBackupRequiredNetworkType(...) returns 1
06-13 20:07:40.076 V/BackupManagerConstants( 485): getKeyValueBackupRequireCharging(...) returns true
06-13 20:07:40.076 V/KeyValueBackupJob( 485): Scheduling k/v pass in 241 minutes
06-13 20:07:40.079 I/adbd ( 389): jdwp connection from 1039
06-13 20:07:40.080 I/ActivityManager( 485): Posting BOOT_COMPLETED user #0
06-13 20:07:40.085 I/AppWidgetServiceImpl( 485): Processing of handleUserUnlocked u0 took 5 ms
06-13 20:07:40.089 D/ConnectivityService( 485): requestNetwork for uid/pid:1000/485 activeRequest: null callbackRequest: 22 [NetworkRequest [ REQUEST id=23, [ Capabilities: INTERNET&NOT_RESTRICTED&TRUSTED&NOT_VCN_MANAGED Uid: 1000 RequestorUid: 1000 RequestorPkg: android] ]] callback flags: 0 priority: 2147483647
06-13 20:07:40.092 D/ConnectivityService( 485): NetReassign [no changes]
06-13 20:07:40.094 I/adbd ( 389): jdwp connection from 1042
06-13 20:07:40.095 D/Ethernet( 485): got request NetworkRequest [ REQUEST id=23, [ Capabilities: INTERNET&NOT_RESTRICTED&TRUSTED&NOT_VCN_MANAGED Uid: 1000 RequestorUid: 1000 RequestorPkg: android] ]
06-13 20:07:40.096 D/EthernetNetworkFactory( 485): acceptRequest, request: NetworkRequest [ REQUEST id=23, [ Capabilities: INTERNET&NOT_RESTRICTED&TRUSTED&NOT_VCN_MANAGED Uid: 1000 RequestorUid: 1000 RequestorPkg: android] ]
06-13 20:07:40.096 I/EthernetNetworkFactory( 485): networkForRequest, request: NetworkRequest [ REQUEST id=23, [ Capabilities: INTERNET&NOT_RESTRICTED&TRUSTED&NOT_VCN_MANAGED Uid: 1000 RequestorUid: 1000 RequestorPkg: android] ], network: null
06-13 20:07:40.096 D/PPPOE ( 485): got request NetworkRequest [ REQUEST id=23, [ Capabilities: INTERNET&NOT_RESTRICTED&TRUSTED&NOT_VCN_MANAGED Uid: 1000 RequestorUid: 1000 RequestorPkg: android] ]
06-13 20:07:40.100 D/WifiConfigStore( 485): Writing to stores completed in 73 ms.
06-13 20:07:40.101 V/BackupManagerService( 485): [UserID:0] No ancestral data
06-13 20:07:40.102 D/WifiActiveModeWarden( 485): Starting primary ClientModeManager in connect mode
06-13 20:07:40.109 D/CompatibilityChangeReporter( 485): Compat change id reported: 135634846; UID 10025; state: DISABLED
06-13 20:07:40.110 I/update_engine( 378): [INFO:cleanup_previous_update_action.cc(112)] Executing task 6
06-13 20:07:40.112 D/CompatibilityChangeReporter( 485): Compat change id reported: 177438394; UID 10025; state: DISABLED
06-13 20:07:40.115 I/update_engine( 378): [INFO:cleanup_previous_update_action.cc(189)] Boot completed, waiting on markBootSuccessful()
06-13 20:07:40.118 D/CompatibilityChangeReporter( 485): Compat change id reported: 135772972; UID 10025; state: DISABLED
06-13 20:07:40.119 I/update_engine( 378): EnsureMetadataMounted does nothing in Android mode.
06-13 20:07:40.121 D/WifiController( 485): DisabledState.exit()
06-13 20:07:40.125 I/update_engine( 378): [INFO:cleanup_previous_update_action.cc(261)] Waiting for any previous merge request to complete. This can take up to several minutes.
06-13 20:07:40.129 D/CompatibilityChangeReporter( 485): Compat change id reported: 135754954; UID 10025; state: ENABLED
06-13 20:07:40.132 D/CompatibilityChangeReporter( 485): Compat change id reported: 143937733; UID 10025; state: ENABLED
06-13 20:07:40.133 D/CompatibilityChangeReporter( 485): Compat change id reported: 168419799; UID 1000; state: DISABLED
06-13 20:07:40.139 D/XM_HIDREAD( 328): add@ add@/devices/platform/soc@3000000/5101400.ohci0-controller/usb5
06-13 20:07:40.141 D/XM_HIDREAD( 328): add@ add@/devices/platform/soc@3000000/5101400.ohci0-controller/usb5/5-0:1.0
06-13 20:07:40.140 I/usb5 ( 177): New USB device found, idVendor=1d6b, idProduct=0001, bcdDevice= 5.04
06-13 20:07:40.140 I/usb5 ( 177): New USB device strings: Mfr=3, Product=2, SerialNumber=1
06-13 20:07:40.140 I/usb5 ( 177): Product: OHCI Host Controller
06-13 20:07:40.140 I/usb5 ( 177): Manufacturer: Linux 5.4.125+ ohci_hcd
06-13 20:07:40.140 I/usb5 ( 177): SerialNumber: sunxi-ohci
06-13 20:07:40.143 I/hub 5-0 ( 177): 1.0: USB hub found
06-13 20:07:40.143 I/hub 5-0 ( 177): 1.0: 1 port detected
06-13 20:07:40.147 W/ ( 177): sunxi ohci1-controller don't init wakeup source
06-13 20:07:40.147 W/[sunxi-ohci1]( 177): probe, pdev->name: 5200400.ohci1-controller, sunxi_ohci: 0xffffffc008f81a38
06-13 20:07:40.152 I/sunxi-ohci 5200400.ohci1-controller( 177): OHCI Host Controller
06-13 20:07:40.152 I/sunxi-ohci 5200400.ohci1-controller( 177): new USB bus registered, assigned bus number 6
06-13 20:07:40.152 E/debugfs ( 177): Directory 'sunxi-ohci' with parent 'ohci' already present!
06-13 20:07:40.150 D/XM_HIDREAD( 328): add@ add@/devices/virtual/devlink/regulator.8--5200400.ohci1-controller
06-13 20:07:40.160 D/WifiController( 485): EnabledState.enter()
06-13 20:07:40.161 D/WifiClientModeManager[unknown]( 485): entering IdleState
06-13 20:07:40.162 D/CompatibilityChangeReporter( 1039): Compat change id reported: 171979766; UID 1000; state: DISABLED
06-13 20:07:40.166 I/sunxi-ohci 5200400.ohci1-controller( 177): irq 53, io mem 0x05200400
06-13 20:07:40.168 D/XM_HIDREAD( 328): remove@ remove@/devices/virtual/block/dm-3
06-13 20:07:40.170 D/Zygote ( 255): Forked child process 1074
06-13 20:07:40.171 W/ActivityManager( 485): Slow operation: 66ms so far, now at startProcess: returned from zygote!
06-13 20:07:40.178 D/XM_HIDREAD( 328): remove@ remove@/devices/virtual/bdi/253:3
06-13 20:07:40.179 D/XM_HIDREAD( 328): remove@ remove@/devices/virtual/block/dm-3
06-13 20:07:40.180 D/CompatibilityChangeReporter( 485): Compat change id reported: 168419799; UID 10074; state: DISABLED
06-13 20:07:40.189 I/Zygote ( 1074): seccomp disabled by setenforce 0
06-13 20:07:40.194 D/BluetoothOppFileProvider( 671): Initialized
06-13 20:07:40.196 I/SystemServerTimingAsync( 485): ssm.UnlockedUser-0
06-13 20:07:40.196 I/SystemServiceManager( 485): Calling onUnlockedUser 0
06-13 20:07:40.197 W/ActivityManager( 485): Slow operation: 92ms so far, now at startProcess: done updating battery stats
06-13 20:07:40.197 W/ActivityManager( 485): Slow operation: 92ms so far, now at startProcess: building log message
06-13 20:07:40.198 I/ActivityManager( 485): app.processName = com.android.traceur
06-13 20:07:40.198 I/ActivityManager( 485): Start proc 1074:com.android.traceur/u0a25 for broadcast {com.android.traceur/com.android.traceur.Receiver}
06-13 20:07:40.198 W/ActivityManager( 485): Slow operation: 93ms so far, now at startProcess: starting to update pids map
06-13 20:07:40.202 D/FallbackHome( 819): User unlocked and real home found; let's go!
06-13 20:07:40.203 I/servicemanager( 192): Since 'gsiservice' could not be found, trying to start it as a lazy AIDL service
06-13 20:07:40.205 I/LaunchParamsPersister( 485): Didn't find launch param folder for user 0
06-13 20:07:40.209 W/ActivityManager( 485): Slow operation: 104ms so far, now at startProcess: done updating pids map
06-13 20:07:40.227 D/XM_HIDREAD( 328): add@ add@/devices/platform/soc@3000000/5200400.ohci1-controller/usb6
06-13 20:07:40.228 D/XM_HIDREAD( 328): add@ add@/devices/platform/soc@3000000/5200400.ohci1-controller/usb6/6-0:1.0
06-13 20:07:40.228 I/usb6 ( 177): New USB device found, idVendor=1d6b, idProduct=0001, bcdDevice= 5.04
06-13 20:07:40.228 I/usb6 ( 177): New USB device strings: Mfr=3, Product=2, SerialNumber=1
06-13 20:07:40.228 I/usb6 ( 177): Product: OHCI Host Controller
06-13 20:07:40.228 I/usb6 ( 177): Manufacturer: Linux 5.4.125+ ohci_hcd
06-13 20:07:40.228 I/usb6 ( 177): SerialNumber: sunxi-ohci
06-13 20:07:40.231 I/hub 6-0 ( 177): 1.0: USB hub found
06-13 20:07:40.231 I/hub 6-0 ( 177): 1.0: 1 port detected
06-13 20:07:40.233 D/XM_HIDREAD( 328): add@ add@/devices/virtual/devlink/regulator.8--5310400.ohci2-controller
06-13 20:07:40.233 D/WifiNetworkFactory( 485): got request NetworkRequest [ REQUEST id=17, [ Capabilities: INTERNET&NOT_RESTRICTED&TRUSTED&NOT_VCN_MANAGED Uid: 1000 RequestorUid: 1000 RequestorPkg: android] ]
06-13 20:07:40.235 W/ ( 177): sunxi ohci2-controller don't init wakeup source
06-13 20:07:40.235 W/[sunxi-ohci2]( 177): probe, pdev->name: 5310400.ohci2-controller, sunxi_ohci: 0xffffffc008f820f8
06-13 20:07:40.235 D/CompatibilityChangeReporter( 1042): Compat change id reported: 171979766; UID 10074; state: DISABLED
06-13 20:07:40.236 I/sunxi-ohci 5310400.ohci2-controller( 177): OHCI Host Controller
06-13 20:07:40.236 I/sunxi-ohci 5310400.ohci2-controller( 177): new USB bus registered, assigned bus number 7
06-13 20:07:40.236 E/debugfs ( 177): Directory 'sunxi-ohci' with parent 'ohci' already present!
06-13 20:07:40.245 I/adbd ( 389): jdwp connection from 1074
06-13 20:07:40.247 D/ApplicationLoaders( 1039): Returning zygote-cached class loader: /system/framework/android.test.base.jar
06-13 20:07:40.247 D/ApplicationLoaders( 1039): Returning zygote-cached class loader: /system/framework/android.hidl.manager-V1.0-java.jar
06-13 20:07:40.247 D/ApplicationLoaders( 1039): Returning zygote-cached class loader: /system/framework/android.hidl.base-V1.0-java.jar
06-13 20:07:40.249 I/BackupManagerService( 485): isBackupEnabled() => false due to absent settings file
06-13 20:07:40.249 D/BackupManagerService( 485): user:0 readBackupEnableState enabled:false
06-13 20:07:40.249 I/BackupManagerService( 485): [UserID:0] Backup enabled => false
06-13 20:07:40.251 I/sunxi-ohci 5310400.ohci2-controller( 177): irq 55, io mem 0x05310400
06-13 20:07:40.257 D/WifiNetworkFactory( 485): got request NetworkRequest [ REQUEST id=19, [ Capabilities: INTERNET&NOT_RESTRICTED&TRUSTED&NOT_VCN_MANAGED Uid: 1073 RequestorUid: 1073 RequestorPkg: com.android.networkstack] ]
06-13 20:07:40.261 D/WifiNetworkFactory( 485): got request NetworkRequest [ REQUEST id=23, [ Capabilities: INTERNET&NOT_RESTRICTED&TRUSTED&NOT_VCN_MANAGED Uid: 1000 RequestorUid: 1000 RequestorPkg: android] ]
06-13 20:07:40.261 D/WifiNetworkFactory( 485): got request NetworkRequest [ REQUEST id=1, [ Capabilities: INTERNET&NOT_RESTRICTED&TRUSTED&NOT_VPN&NOT_VCN_MANAGED RequestorUid: 1000 RequestorPkg: android] ]
06-13 20:07:40.262 D/WifiNetworkFactory( 485): got request NetworkRequest [ REQUEST id=10, [ Capabilities: INTERNET&NOT_RESTRICTED&TRUSTED&NOT_VCN_MANAGED Uid: 1000 RequestorUid: 1000 RequestorPkg: android] ]
06-13 20:07:40.263 D/WifiNetworkFactory( 485): got request NetworkRequest [ REQUEST id=3, [ Transports: WIFI Capabilities: INTERNET&NOT_RESTRICTED&TRUSTED&NOT_VPN&NOT_VCN_MANAGED RequestorUid: 1000 RequestorPkg: android] ]
06-13 20:07:40.263 D/UntrustedWifiNetworkFactory( 485): got request NetworkRequest [ REQUEST id=17, [ Capabilities: INTERNET&NOT_RESTRICTED&TRUSTED&NOT_VCN_MANAGED Uid: 1000 RequestorUid: 1000 RequestorPkg: android] ]
06-13 20:07:40.263 D/UntrustedWifiNetworkFactory( 485): got request NetworkRequest [ REQUEST id=19, [ Capabilities: INTERNET&NOT_RESTRICTED&TRUSTED&NOT_VCN_MANAGED Uid: 1073 RequestorUid: 1073 RequestorPkg: com.android.networkstack] ]
06-13 20:07:40.264 D/UntrustedWifiNetworkFactory( 485): got request NetworkRequest [ REQUEST id=23, [ Capabilities: INTERNET&NOT_RESTRICTED&TRUSTED&NOT_VCN_MANAGED Uid: 1000 RequestorUid: 1000 RequestorPkg: android] ]
06-13 20:07:40.264 D/UntrustedWifiNetworkFactory( 485): got request NetworkRequest [ REQUEST id=1, [ Capabilities: INTERNET&NOT_RESTRICTED&TRUSTED&NOT_VPN&NOT_VCN_MANAGED RequestorUid: 1000 RequestorPkg: android] ]
06-13 20:07:40.264 D/UntrustedWifiNetworkFactory( 485): got request NetworkRequest [ REQUEST id=10, [ Capabilities: INTERNET&NOT_RESTRICTED&TRUSTED&NOT_VCN_MANAGED Uid: 1000 RequestorUid: 1000 RequestorPkg: android] ]
06-13 20:07:40.264 D/UntrustedWifiNetworkFactory( 485): got request NetworkRequest [ REQUEST id=3, [ Transports: WIFI Capabilities: INTERNET&NOT_RESTRICTED&TRUSTED&NOT_VPN&NOT_VCN_MANAGED RequestorUid: 1000 RequestorPkg: android] ]
06-13 20:07:40.264 W/ActivityManager( 485): UserLifecycleEvent 6 received without an active userJourneySession.
06-13 20:07:40.265 D/CompatibilityChangeReporter( 485): Compat change id reported: 168419799; UID 10025; state: DISABLED
06-13 20:07:40.265 I/BpBinder( 288): onLastStrongRef automatically unlinking death recipients:
06-13 20:07:40.267 D/OemPaidWifiNetworkFactory( 485): got request NetworkRequest [ REQUEST id=17, [ Capabilities: INTERNET&NOT_RESTRICTED&TRUSTED&NOT_VCN_MANAGED Uid: 1000 RequestorUid: 1000 RequestorPkg: android] ]
06-13 20:07:40.267 D/OemPaidWifiNetworkFactory( 485): got request NetworkRequest [ REQUEST id=19, [ Capabilities: INTERNET&NOT_RESTRICTED&TRUSTED&NOT_VCN_MANAGED Uid: 1073 RequestorUid: 1073 RequestorPkg: com.android.networkstack] ]
06-13 20:07:40.268 D/OemPaidWifiNetworkFactory( 485): got request NetworkRequest [ REQUEST id=23, [ Capabilities: INTERNET&NOT_RESTRICTED&TRUSTED&NOT_VCN_MANAGED Uid: 1000 RequestorUid: 1000 RequestorPkg: android] ]
06-13 20:07:40.268 D/OemPaidWifiNetworkFactory( 485): got request NetworkRequest [ REQUEST id=1, [ Capabilities: INTERNET&NOT_RESTRICTED&TRUSTED&NOT_VPN&NOT_VCN_MANAGED RequestorUid: 1000 RequestorPkg: android] ]
06-13 20:07:40.268 D/OemPaidWifiNetworkFactory( 485): got request NetworkRequest [ REQUEST id=10, [ Capabilities: INTERNET&NOT_RESTRICTED&TRUSTED&NOT_VCN_MANAGED Uid: 1000 RequestorUid: 1000 RequestorPkg: android] ]
06-13 20:07:40.268 D/OemPaidWifiNetworkFactory( 485): got request NetworkRequest [ REQUEST id=3, [ Transports: WIFI Capabilities: INTERNET&NOT_RESTRICTED&TRUSTED&NOT_VPN&NOT_VCN_MANAGED RequestorUid: 1000 RequestorPkg: android] ]
06-13 20:07:40.270 D/WifiHWInfo( 662): Start to load wireless module hardware info table...
06-13 20:07:40.271 D/WifiHWInfo( 662): Entry [01], BUS: SDIO, ID: 0x024C8179, Name: rtl8189es.
06-13 20:07:40.271 D/WifiHWInfo( 662): Entry [02], BUS: SDIO, ID: 0x024CB723, Name: rtl8723bs_vq0.
06-13 20:07:40.271 D/WifiHWInfo( 662): Entry [03], BUS: SDIO, ID: 0x024CB703, Name: rtl8723cs.
06-13 20:07:40.271 D/WifiHWInfo( 662): Entry [04], BUS: SDIO, ID: 0x024CD723, Name: rtl8723ds.
06-13 20:07:40.271 D/WifiHWInfo( 662): Entry [05], BUS: SDIO, ID: 0x024CF179, Name: rtl8189fs.
06-13 20:07:40.271 D/WifiHWInfo( 662): Entry [06], BUS: SDIO, ID: 0x024CB822, Name: rtl88x2bs.
06-13 20:07:40.271 D/WifiHWInfo( 662): Entry [07], BUS: USB, ID: 0x0BDAD723, Name: rtl8723du.
06-13 20:07:40.271 D/WifiHWInfo( 662): Entry [08], BUS: USB, ID: 0x0BDA8179, Name: rtl8188etv.
06-13 20:07:40.271 D/WifiHWInfo( 662): Entry [09], BUS: USB, ID: 0x0BDA0179, Name: rtl8188eu.
06-13 20:07:40.271 D/WifiHWInfo( 662): Entry [10], BUS: USB, ID: 0x0BDA818B, Name: rtl8192eu.
06-13 20:07:40.271 D/WifiHWInfo( 662): Entry [11], BUS: USB, ID: 0x0BDAB720, Name: rtl8723bu.
06-13 20:07:40.271 D/WifiHWInfo( 662): Entry [12], BUS: USB, ID: 0x0BDAC82C, Name: rtl8822cu.
06-13 20:07:40.271 D/WifiHWInfo( 662): Entry [13], BUS: USB, ID: 0x0BDAF179, Name: rtl8188fu.
06-13 20:07:40.271 D/WifiHWInfo( 662): Entry [14], BUS: SDIO, ID: 0x02D0A9A6, Name: ap6212.
06-13 20:07:40.272 D/WifiHWInfo( 662): Entry [15], BUS: SDIO, ID: 0x02D04330, Name: ap6330.
06-13 20:07:40.272 D/WifiHWInfo( 662): Entry [16], BUS: SDIO, ID: 0x02D04356, Name: ap6356s.
06-13 20:07:40.272 D/WifiHWInfo( 662): Entry [17], BUS: SDIO, ID: 0x02D0A9BF, Name: ap6255.
06-13 20:07:40.272 D/WifiHWInfo( 662): Entry [18], BUS: SDIO, ID: 0x02D04334, Name: bcm43342.
06-13 20:07:40.272 D/WifiHWInfo( 662): Entry [19], BUS: SDIO, ID: 0x00202281, Name: xr819.
06-13 20:07:40.272 D/WifiHWInfo( 662): Entry [20], BUS: SDIO, ID: 0x0A9E2282, Name: xr829.
06-13 20:07:40.272 D/WifiHWInfo( 662): Entry [21], BUS: SDIO, ID: 0x0271050A, Name: qca6174a.
06-13 20:07:40.272 D/WifiHWInfo( 662): Entry [22], BUS: SDIO, ID: 0x30303030, Name: ssv6x5x.
06-13 20:07:40.272 D/WifiHWInfo( 662): Entry [23], BUS: SDIO, ID: 0x00000000, Name: uwe5621.
06-13 20:07:40.272 D/WifiHWInfo( 662): Entry [24], BUS: SDIO, ID: 0x54490145, Name: aic8800.
06-13 20:07:40.272 D/WifiHWInfo( 662): Entry [25], BUS: SDIO, ID: 0xC8A1C08D, Name: aic8800.
06-13 20:07:40.272 D/WifiHWInfo( 662): Entry [26], BUS: USB, ID: 0xA69C8800, Name: aic8800.
06-13 20:07:40.272 D/WifiHWInfo( 662): Entry [27], BUS: USB, ID: 0x007A8888, Name: atbm6023is.
06-13 20:07:40.272 D/WifiHWInfo( 662): Entry [28], BUS: SDIO, ID: 0x02E79086, Name: 9012p.
06-13 20:07:40.272 D/WifiHWInfo( 662): Entry [29], BUS: SDIO, ID: 0x007A6011, Name: atbm613x_wifi_sdio.
06-13 20:07:40.272 D/WifiHWInfo( 662): Entry [30], BUS: SDIO, ID: 0x024CC822, Name: 88x2cs.
06-13 20:07:40.272 D/WifiHWInfo( 662): Entry [31], BUS: SDIO, ID: 0x000018F0, Name: dummy.
06-13 20:07:40.272 W/android.hardware.wifi@1.0-service-lazy( 662): DRIVER_MODULE_TAG: sprdwl_ng : Success
06-13 20:07:40.272 I/android.hardware.wifi@1.0-service-lazy( 662): driver_module_path: /vendor/lib/modules/sprdwl_ng.ko
06-13 20:07:40.272 I/android.hardware.wifi@1.0-service-lazy( 662): driver_module_arg:
06-13 20:07:40.277 W/NotificationHistory( 485): Attempted to add notif for locked/gone/disabled user 0
06-13 20:07:40.283 I/ActivityStarter( 485): ---START u0 {act=android.intent.action.MAIN cat=[android.intent.category.HOME] flg=0x10000100 cmp=com.dangbei.leard.leradlauncher/com.dangbei.launcher.home.LauncherActivity (has extras)} from uid 0
06-13 20:07:40.287 W/Looper ( 485): Slow dispatch took 129ms main h=com.android.server.notification.NotificationManagerService$WorkerHandler c=com.android.server.notification.NotificationManagerService$PostNotificationRunnable@131acd8 m=0
06-13 20:07:40.304 D/CompatibilityChangeReporter( 485): Compat change id reported: 174042980; UID 1000; state: DISABLED
06-13 20:07:40.310 D/ActivityTaskManager( 485): isHomeLauncher info= ActivityInfo{88d3ef0 com.dangbei.launcher.home.LauncherActivity}
06-13 20:07:40.311 D/XM_HIDREAD( 328): add@ add@/devices/platform/soc@3000000/5310400.ohci2-controller/usb7
06-13 20:07:40.312 D/XM_HIDREAD( 328): add@ add@/devices/platform/soc@3000000/5310400.ohci2-controller/usb7/7-0:1.0
06-13 20:07:40.312 I/usb7 ( 177): New USB device found, idVendor=1d6b, idProduct=0001, bcdDevice= 5.04
06-13 20:07:40.312 I/usb7 ( 177): New USB device strings: Mfr=3, Product=2, SerialNumber=1
06-13 20:07:40.312 I/usb7 ( 177): Product: OHCI Host Controller
06-13 20:07:40.312 I/usb7 ( 177): Manufacturer: Linux 5.4.125+ ohci_hcd
06-13 20:07:40.312 I/usb7 ( 177): SerialNumber: sunxi-ohci
06-13 20:07:40.314 I/hub 7-0 ( 177): 1.0: USB hub found
06-13 20:07:40.314 I/hub 7-0 ( 177): 1.0: 1 port detected
06-13 20:07:40.316 D/XM_HIDREAD( 328): add@ add@/devices/virtual/devlink/regulator.8--5311400.ohci3-controller
06-13 20:07:40.317 W/ ( 177): sunxi ohci3-controller don't init wakeup source
06-13 20:07:40.317 W/[sunxi-ohci3]( 177): probe, pdev->name: 5311400.ohci3-controller, sunxi_ohci: 0xffffffc008f827b8
06-13 20:07:40.318 I/sunxi-ohci 5311400.ohci3-controller( 177): OHCI Host Controller
06-13 20:07:40.319 I/sunxi-ohci 5311400.ohci3-controller( 177): new USB bus registered, assigned bus number 8
06-13 20:07:40.319 E/debugfs ( 177): Directory 'sunxi-ohci' with parent 'ohci' already present!
06-13 20:07:40.327 D/XM_HIDREAD( 328): add@ add@/bus/platform/drivers/unisoc_wifi
06-13 20:07:40.328 D/XM_HIDREAD( 328): add@ add@/devices/platform/unisoc_wifi
06-13 20:07:40.331 I/WCN ( 662): start_marlin [MARLIN_WIFI]
06-13 20:07:40.331 D/ ( 662): CPU: 0 PID: 662 Comm: wifi@1.0-servic Tainted: G O 5.4.125+ #10
06-13 20:07:40.331 D/Hardware name( 662): sun50iw9 (DT)
06-13 20:07:40.331 D/Call trace( 662):
06-13 20:07:40.331 D/ ( 662): dump_backtrace.cfi_jt+0x0/0x4
06-13 20:07:40.331 D/ ( 662): dump_stack+0xbc/0x104
06-13 20:07:40.331 D/ ( 662): marlin_set_power+0x2c/0x78c [uwe5621_bsp_sdio]
06-13 20:07:40.331 D/ ( 662): start_marlin+0xbc/0x14c [uwe5621_bsp_sdio]
06-13 20:07:40.331 D/ ( 662): sprdwl_probe+0x28/0x3f4 [sprdwl_ng]
06-13 20:07:40.331 D/ ( 662): platform_drv_probe+0xac/0xf0
06-13 20:07:40.331 D/ ( 662): really_probe+0x340/0x8f8
06-13 20:07:40.331 D/ ( 662): driver_probe_device+0x70/0x144
06-13 20:07:40.331 D/ ( 662): __device_attach_driver+0x14c/0x210
06-13 20:07:40.331 D/ ( 662): bus_for_each_drv+0x98/0x10c
06-13 20:07:40.331 D/ ( 662): __device_attach.llvm.14547616182355937686+0x108/0x1a8
06-13 20:07:40.331 D/ ( 662): bus_probe_device+0x3c/0xdc
06-13 20:07:40.331 D/ ( 662): device_add+0x950/0xb78
06-13 20:07:40.331 D/ ( 662): platform_device_add+0x90/0x260
06-13 20:07:40.331 D/ ( 662): init_module+0x48/0xfc4 [sprdwl_ng]
06-13 20:07:40.331 D/ ( 662): do_one_initcall+0xc4/0x238
06-13 20:07:40.331 D/ ( 662): do_init_module+0x58/0x2e0
06-13 20:07:40.331 D/ ( 662): load_module+0x31b8/0x3a40
06-13 20:07:40.331 D/ ( 662): __arm64_sys_finit_module+0xbc/0x120
06-13 20:07:40.331 D/ ( 662): el0_svc_common+0xb8/0x1cc
06-13 20:07:40.331 D/ ( 662): el0_svc_compat_handler+0x1c/0x28
06-13 20:07:40.331 D/ ( 662): el0_svc_compat+0x8/0x24
06-13 20:07:40.331 I/WCN ( 662): marlin power state:1, subsys: [MARLIN_WIFI] power 1
06-13 20:07:40.331 I/WCN ( 662): marlin have open, GNSS is closed
06-13 20:07:40.332 D/XM_HIDREAD( 328): add@ add@/devices/platform/unisoc_wifi/wakeup/wakeup25
06-13 20:07:40.332 I/sunxi-ohci 5311400.ohci3-controller( 177): irq 57, io mem 0x05311400
06-13 20:07:40.345 W/System.err( 485): java.io.IOException: Cannot run program "su": error=2, No such file or directory
06-13 20:07:40.350 W/System.err( 485): at java.lang.ProcessBuilder.start(ProcessBuilder.java:1050)
06-13 20:07:40.352 W/System.err( 485): at java.lang.Runtime.exec(Runtime.java:694)
06-13 20:07:40.352 W/System.err( 485): at java.lang.Runtime.exec(Runtime.java:524)
06-13 20:07:40.352 W/System.err( 485): at java.lang.Runtime.exec(Runtime.java:421)
06-13 20:07:40.352 W/System.err( 485): at com.android.server.wm.ActivityRecord.executeCMD(ActivityRecord.java:5940)
06-13 20:07:40.352 W/System.err( 485): at com.android.server.wm.ActivityRecord.isHomeLauncher(ActivityRecord.java:2431)
06-13 20:07:40.352 W/System.err( 485): at com.android.server.wm.RootWindowContainer.startPowerModeLaunchIfNeeded(RootWindowContainer.java:3653)
06-13 20:07:40.352 W/System.err( 485): at com.android.server.wm.ActivityStarter.startActivityInner(ActivityStarter.java:1786)
06-13 20:07:40.352 W/System.err( 485): at com.android.server.wm.ActivityStarter.startActivityUnchecked(ActivityStarter.java:1579)
06-13 20:07:40.352 W/System.err( 485): at com.android.server.wm.ActivityStarter.executeRequest(ActivityStarter.java:1186)
06-13 20:07:40.352 W/System.err( 485): at com.android.server.wm.ActivityStarter.execute(ActivityStarter.java:667)
06-13 20:07:40.352 W/System.err( 485): at com.android.server.wm.ActivityStartController.startHomeActivity(ActivityStartController.java:177)
06-13 20:07:40.352 W/System.err( 485): at com.android.server.wm.RootWindowContainer.startHomeOnTaskDisplayArea(RootWindowContainer.java:1565)
06-13 20:07:40.352 W/System.err( 485): at com.android.server.wm.RootWindowContainer.resumeHomeActivity(RootWindowContainer.java:1699)
06-13 20:07:40.352 W/System.err( 485): at com.android.server.wm.Task.resumeNextFocusableActivityWhenRootTaskIsEmpty(Task.java:6574)
06-13 20:07:40.352 W/System.err( 485): at com.android.server.wm.Task.resumeTopActivityInnerLocked(Task.java:6184)
06-13 20:07:40.352 W/System.err( 485): at com.android.server.wm.Task.resumeTopActivityUncheckedLocked(Task.java:6112)
06-13 20:07:40.352 W/System.err( 485): at com.android.server.wm.Task.resumeTopActivityUncheckedLocked(Task.java:6125)
06-13 20:07:40.353 W/System.err( 485): at com.android.server.wm.Task.resumeTopActivityUncheckedLocked(Task.java:6157)
06-13 20:07:40.353 W/System.err( 485): at com.android.server.wm.RootWindowContainer.resumeFocusedTasksTopActivities(RootWindowContainer.java:2387)
06-13 20:07:40.353 W/System.err( 485): at com.android.server.wm.RootWindowContainer.resumeFocusedTasksTopActivities(RootWindowContainer.java:2334)
06-13 20:07:40.353 W/System.err( 485): at com.android.server.wm.RootWindowContainer.resumeFocusedTasksTopActivities(RootWindowContainer.java:2329)
06-13 20:07:40.353 W/System.err( 485): at com.android.server.wm.ActivityRecord.addToFinishingAndWaitForIdle(ActivityRecord.java:3293)
06-13 20:07:40.353 W/System.err( 485): at com.android.server.wm.ActivityRecord.completeFinishing(ActivityRecord.java:3213)
06-13 20:07:40.353 W/System.err( 485): at com.android.server.wm.Task.completePauseLocked(Task.java:5864)
06-13 20:07:40.353 W/System.err( 485): at com.android.server.wm.ActivityRecord.activityPaused(ActivityRecord.java:5541)
06-13 20:07:40.353 W/System.err( 485): at com.android.server.wm.ActivityClientController.activityPaused(ActivityClientController.java:165)
06-13 20:07:40.353 W/System.err( 485): at android.app.IActivityClientController$Stub.onTransact(IActivityClientController.java:540)
06-13 20:07:40.353 W/System.err( 485): at com.android.server.wm.ActivityClientController.onTransact(ActivityClientController.java:111)
06-13 20:07:40.353 W/System.err( 485): at android.os.Binder.execTransactInternal(Binder.java:1179)
06-13 20:07:40.353 W/System.err( 485): at android.os.Binder.execTransact(Binder.java:1143)
06-13 20:07:40.353 W/System.err( 485): Caused by: java.io.IOException: error=2, No such file or directory
06-13 20:07:40.353 W/System.err( 485): at java.lang.UNIXProcess.forkAndExec(Native Method)
06-13 20:07:40.353 W/System.err( 485): at java.lang.UNIXProcess.(UNIXProcess.java:133)
06-13 20:07:40.353 W/System.err( 485): at java.lang.ProcessImpl.start(ProcessImpl.java:141)
06-13 20:07:40.353 W/System.err( 485): at java.lang.ProcessBuilder.start(ProcessBuilder.java:1029)
06-13 20:07:40.353 W/System.err( 485): ... 30 more
06-13 20:07:40.357 D/CompatibilityChangeReporter( 485): Compat change id reported: 168419799; UID 1000; state: DISABLED
06-13 20:07:40.360 I/AW_PowerHAL( 272): Power setMode: SUSTAINED_PERFORMANCE to: 1
06-13 20:07:40.354 E/sprdwl ( 662): __sprdwl_cmd_getbuf cant't get vif, ctx_id: 0
06-13 20:07:40.370 D/CompatibilityChangeReporter( 485): Compat change id reported: 181136395; UID 1000; state: DISABLED
06-13 20:07:40.371 D/CompatibilityChangeReporter( 485): Compat change id reported: 174042936; UID 1000; state: DISABLED
06-13 20:07:40.372 W/ActivityManager( 485): Slow operation: 115ms so far, now at attachApplicationLocked: after mServices.attachApplicationLocked
06-13 20:07:40.380 W/ActivityManager( 485): Slow operation: 123ms so far, now at attachApplicationLocked: after sendPendingBroadcastsLocked
06-13 20:07:40.396 I/usb8 ( 177): New USB device found, idVendor=1d6b, idProduct=0001, bcdDevice= 5.04
06-13 20:07:40.396 I/usb8 ( 177): New USB device strings: Mfr=3, Product=2, SerialNumber=1
06-13 20:07:40.396 I/usb8 ( 177): Product: OHCI Host Controller
06-13 20:07:40.396 I/usb8 ( 177): Manufacturer: Linux 5.4.125+ ohci_hcd
06-13 20:07:40.396 I/usb8 ( 177): SerialNumber: sunxi-ohci
06-13 20:07:40.398 I/hub 8-0 ( 177): 1.0: USB hub found
06-13 20:07:40.398 I/hub 8-0 ( 177): 1.0: 1 port detected
06-13 20:07:40.383 D/CompatibilityChangeReporter( 1074): Compat change id reported: 171979766; UID 10025; state: ENABLED
06-13 20:07:40.388 I/ActivityManager( 485): com.dangbei.leard.leradlauncher is exempt from freezer
06-13 20:07:40.389 D/CompatibilityChangeReporter( 485): Compat change id reported: 135634846; UID 1000; state: DISABLED
06-13 20:07:40.389 V/NotificationAssistants( 485): disabling notification assistant for user 0: ComponentInfo{android.ext.services/android.ext.services.notification.Assistant}
06-13 20:07:40.390 W/AW_PowerHAL( 272): Could not open nsi-bw: No such file or directory
06-13 20:07:40.390 I/AW_PowerHAL( 272): cur-mode:PERFORMANCE
06-13 20:07:40.395 D/XM_HIDREAD( 328): add@ add@/devices/platform/soc@3000000/5311400.ohci3-controller/usb8
06-13 20:07:40.395 D/XM_HIDREAD( 328): add@ add@/devices/platform/soc@3000000/5311400.ohci3-controller/usb8/8-0:1.0
06-13 20:07:40.398 D/NotificationListeners( 485): Removing active service ComponentInfo{android.ext.services/android.ext.services.notification.Assistant}
06-13 20:07:40.399 D/XM_HIDREAD( 328): add@ add@/bus/platform/drivers/sunxi-ohci
06-13 20:07:40.401 D/XM_HIDREAD( 328): add@ add@/module/ohci_sunxi
06-13 20:07:40.416 D/Zygote ( 255): Forked child process 1101
06-13 20:07:40.426 I/Zygote ( 1101): seccomp disabled by setenforce 0
06-13 20:07:40.430 E/TaskPersister( 485): File error accessing recents directory (directory doesn't exist?).
06-13 20:07:40.444 V/GraphicsEnvironment( 1039): ANGLE Developer option for 'com.dangbei.lerad.etna.haqu' set to: 'default'
06-13 20:07:40.444 V/GraphicsEnvironment( 1039): Neither updatable production driver nor prerelease driver is supported.
06-13 20:07:40.447 D/NetworkSecurityConfig( 1039): Using Network Security Config from resource network_security_config debugBuild: false
06-13 20:07:40.453 D/NetworkSecurityConfig( 1039): Using Network Security Config from resource network_security_config debugBuild: false
06-13 20:07:40.464 D/ ( 177): get det_vbus is fail, -84
06-13 20:07:40.464 D/ ( 177): get id is fail, -84
06-13 20:07:40.455 V/GraphicsEnvironment( 1042): ANGLE Developer option for 'com.android.providers.media.module' set to: 'default'
06-13 20:07:40.455 V/GraphicsEnvironment( 1042): Neither updatable production driver nor prerelease driver is supported.
06-13 20:07:40.462 I/AidlLazyServiceRegistrar( 1100): Registering service gsiservice
06-13 20:07:40.465 D/NetworkSecurityConfig( 1042): No Network Security Config specified, using platform default
06-13 20:07:40.466 D/NetworkSecurityConfig( 1042): No Network Security Config specified, using platform default
06-13 20:07:40.469 I/ActivityManager( 485): com.android.keychain is exempt from freezer
06-13 20:07:40.472 D/XM_HIDREAD( 328): add@ add@/bus/platform/drivers/otg manager
06-13 20:07:40.472 D/XM_HIDREAD( 328): add@ add@/module/sunxi_usbc
06-13 20:07:40.473 V/NotificationAssistants( 485): enabling notification assistant for 0: ComponentInfo{android.ext.services/android.ext.services.notification.Assistant}
06-13 20:07:40.473 V/NotificationAssistants( 485): binding: Intent { act=android.service.notification.NotificationAssistantService cmp=android.ext.services/.notification.Assistant (has extras) }
06-13 20:07:40.476 D/TvPipController( 684): onTaskStackChanged()
06-13 20:07:40.477 W/ActivityManager( 485): Slow operation: 90ms so far, now at startProcess: done updating battery stats
06-13 20:07:40.477 W/ActivityManager( 485): Slow operation: 90ms so far, now at startProcess: building log message
06-13 20:07:40.477 I/ActivityManager( 485): app.processName = com.dangbei.leard.leradlauncher
