06-13 20:07:29.787 I/cedarc ( 368): : register h264 decoder success!
06-13 20:07:29.788 I/cedarc ( 368): : register mjpeg decoder success!
06-13 20:07:29.789 I/cedarc ( 368): : register mjpegplus decoder success!
06-13 20:07:29.792 W/mediaextractor( 356): libminijail[356]: logging seccomp filter failures
06-13 20:07:29.795 I/cedarc ( 368): : register mpeg2 decoder success!
06-13 20:07:29.795 I/hwservicemanager( 193): getTransport: Cannot find entry android.hardware.graphics.mapper@4.0::IMapper/default in either framework or device VINTF manifest.
06-13 20:07:29.796 W/cedarc ( 368): : Invalid plugin, CedarPluginVDInit not found, lib:libawmpeg4base.so.
06-13 20:07:29.796 I/cedarc ( 368): : register mpeg4Normal decoder success!
06-13 20:07:29.797 I/cedarc ( 368): : register Mpeg4Vp6 decoder success!
06-13 20:07:29.785 D/isomountservice( 355): main isomount service is running.
06-13 20:07:29.799 I/cedarc ( 368): : register mpeg4dx decoder success!
06-13 20:07:29.796 I/Gralloc4( 288): mapper 4.x is not supported
06-13 20:07:29.802 I/hwservicemanager( 193): getTransport: Cannot find entry android.hardware.graphics.mapper@3.0::IMapper/default in either framework or device VINTF manifest.
06-13 20:07:29.803 W/Gralloc3( 288): mapper 3.x is not supported
06-13 20:07:29.806 I/isomountservice( 355): ServiceManager: 0xf59b0cc0
06-13 20:07:29.808 D/zygote ( 255): Time zone APEX ICU file found: /apex/com.android.tzdata/etc/icu/icu_tzdata.dat
06-13 20:07:29.808 I/cedarc ( 368): : register mpeg4H263 decoder success!
06-13 20:07:29.809 I/cedarc ( 368): : register vp8 decoder success!
06-13 20:07:29.809 I/cedarc ( 368): : register vc1 decoder success!
06-13 20:07:29.810 D/zygote ( 255): I18n APEX ICU file found: /apex/com.android.i18n/etc/icu/icudt68l.dat
06-13 20:07:29.820 E/gralloc ( 288): Arm Module v1.0
06-13 20:07:29.822 I/SoftOMXPlugin( 368): createOMXPlugin
06-13 20:07:29.823 D/MediaCodecsXmlParser( 368): parsing /vendor/etc/media_codecs.xml...
06-13 20:07:29.824 I/hwservicemanager( 193): getTransport: Cannot find entry android.hardware.graphics.allocator@4.0::IAllocator/default in either framework or device VINTF manifest.
06-13 20:07:29.825 W/Gralloc4( 288): allocator 4.x is not supported
06-13 20:07:29.825 D/MediaCodecsXmlParser( 368): parsing /vendor/etc/media_codecs_google_audio.xml...
06-13 20:07:29.825 D/MediaCodecsXmlParser( 368): unable to open media codecs configuration xml file: /vendor/etc/media_codecs_google_audio.xml
06-13 20:07:29.826 I/hwservicemanager( 193): getTransport: Cannot find entry android.hardware.graphics.allocator@3.0::IAllocator/default in either framework or device VINTF manifest.
06-13 20:07:29.826 W/Gralloc3( 288): allocator 3.x is not supported
06-13 20:07:29.828 D/MediaCodecsXmlParser( 368): parsing /vendor/etc/media_codecs_google_video.xml...
06-13 20:07:29.828 D/MediaCodecsXmlParser( 368): unable to open media codecs configuration xml file: /vendor/etc/media_codecs_google_video.xml
06-13 20:07:29.828 D/MediaCodecsXmlParser( 368): parsing /vendor/etc/media_codecs_performance.xml...
06-13 20:07:29.832 D/MediaCodecsXmlParser( 368): MediaCodec: cannot update non-existing codec: OMX.google.h264.encoder at line 25 of /vendor/etc/media_codecs_performance.xml
06-13 20:07:29.833 D/MediaCodecsXmlParser( 368): MediaCodec: cannot update non-existing codec: OMX.google.h263.encoder at line 31 of /vendor/etc/media_codecs_performance.xml
06-13 20:07:29.833 D/MediaCodecsXmlParser( 368): MediaCodec: cannot update non-existing codec: OMX.google.mpeg4.encoder at line 34 of /vendor/etc/media_codecs_performance.xml
06-13 20:07:29.833 D/MediaCodecsXmlParser( 368): MediaCodec: cannot update non-existing codec: OMX.google.vp8.encoder at line 37 of /vendor/etc/media_codecs_performance.xml
06-13 20:07:29.833 D/MediaCodecsXmlParser( 368): MediaCodec: cannot update non-existing codec: OMX.allwinner.video.decoder.h263 at line 59 of /vendor/etc/media_codecs_performance.xml
06-13 20:07:29.833 D/MediaCodecsXmlParser( 368): MediaCodec: cannot update non-existing codec: OMX.google.mpeg4.decoder at line 80 of /vendor/etc/media_codecs_performance.xml
06-13 20:07:29.833 D/MediaCodecsXmlParser( 368): MediaCodec: cannot update non-existing codec: OMX.google.h264.decoder at line 83 of /vendor/etc/media_codecs_performance.xml
06-13 20:07:29.833 D/MediaCodecsXmlParser( 368): MediaCodec: cannot update non-existing codec: OMX.google.h263.decoder at line 89 of /vendor/etc/media_codecs_performance.xml
06-13 20:07:29.833 D/MediaCodecsXmlParser( 368): MediaCodec: cannot update non-existing codec: OMX.google.hevc.decoder at line 93 of /vendor/etc/media_codecs_performance.xml
06-13 20:07:29.833 D/MediaCodecsXmlParser( 368): MediaCodec: cannot update non-existing codec: OMX.google.vp8.decoder at line 101 of /vendor/etc/media_codecs_performance.xml
06-13 20:07:29.833 D/MediaCodecsXmlParser( 368): MediaCodec: cannot update non-existing codec: OMX.google.vp9.decoder at line 107 of /vendor/etc/media_codecs_performance.xml
06-13 20:07:29.834 I/MediaCodecsXmlParser( 368): Did not find media_codecs_shaping.xml in search path
06-13 20:07:29.834 E/cutils-trace( 368): Error opening trace file: No such file or directory (2)
06-13 20:07:29.845 I/mediaswcodec( 376): media swcodec service starting
06-13 20:07:29.848 W/mediaswcodec( 376): Could not read additional policy file '/vendor/etc/seccomp_policy/mediaswcodec.policy'
06-13 20:07:29.850 W/mediaswcodec( 376): libminijail[376]: failed to get path of fd 4: No such file or directory
06-13 20:07:29.856 W/mediaswcodec( 376): libminijail[376]: allowing syscall: clock_gettime
06-13 20:07:29.857 W/mediaswcodec( 376): libminijail[376]: allowing syscall: connect
06-13 20:07:29.859 E/ion ( 265): ioctl c0044901 failed with code -1: Inappropriate ioctl for device
06-13 20:07:29.859 W/mediaswcodec( 376): libminijail[376]: allowing syscall: fcntl64
06-13 20:07:29.859 W/mediaswcodec( 376): libminijail[376]: allowing syscall: socket
06-13 20:07:29.859 W/mediaswcodec( 376): libminijail[376]: allowing syscall: writev
06-13 20:07:29.860 I/gralloc ( 265): alloc buffer:W:1 H:1 S:16 PL[1 1] SZ:64 fmt:1 if:0 af:1 usg:300 fg:00000004
06-13 20:07:29.860 E/ion ( 288): ioctl c0044901 failed with code -1: Inappropriate ioctl for device
06-13 20:07:29.860 W/mediaswcodec( 376): libminijail[376]: compile_file: (71): syscall futex redefined here
06-13 20:07:29.861 W/mediaswcodec( 376): libminijail[376]: compile_file: (15): previous definition here
06-13 20:07:29.862 W/mediaswcodec( 376): libminijail[376]: logging seccomp filter failures
06-13 20:07:29.862 I/RenderEngine( 288): OpenGL ES informations:
06-13 20:07:29.862 I/RenderEngine( 288): vendor : ARM
06-13 20:07:29.862 I/RenderEngine( 288): renderer : Mali-G31
06-13 20:07:29.863 I/RenderEngine( 288): version : OpenGL ES 3.2 v1.r20p0-01rel0.9f6475d0baffb05079096179e1278b1d
06-13 20:07:29.863 I/RenderEngine( 288): extensions: GL_EXT_debug_marker GL_ARM_rgba8 GL_ARM_mali_shader_binary GL_OES_depth24 GL_OES_depth_texture GL_OES_depth_texture_cube_map GL_OES_packed_depth_stencil GL_OES_rgb8_rgba8 GL_EXT_read_format_bgra GL_OES_compressed_paletted_texture GL_OES_compressed_ETC1_RGB8_texture GL_OES_standard_derivatives GL_OES_EGL_image GL_OES_EGL_image_external GL_OES_EGL_image_external_essl3 GL_OES_EGL_sync GL_OES_texture_npot GL_OES_vertex_half_float GL_OES_required_internalformat GL_OES_vertex_array_object GL_OES_mapbuffer GL_EXT_texture_format_BGRA8888 GL_EXT_texture_rg GL_EXT_texture_type_2_10_10_10_REV GL_OES_fbo_render_mipmap GL_OES_element_index_uint GL_EXT_shadow_samplers GL_OES_texture_compression_astc GL_KHR_texture_compression_astc_ldr GL_KHR_texture_compression_astc_hdr GL_KHR_texture_compression_astc_sliced_3d GL_EXT_texture_compression_astc_decode_mode GL_EXT_texture_compression_astc_decode_mode_rgb9e5 GL_KHR_debug GL_EXT_occlusion_query_boolean GL_EXT_disjoint_timer_query GL_EXT_blend_minmax GL_EXT_discard_
06-13 20:07:29.863 I/RenderEngine( 288): GL_MAX_TEXTURE_SIZE = 8192
06-13 20:07:29.863 I/RenderEngine( 288): GL_MAX_VIEWPORT_DIMS = 8192
06-13 20:07:29.863 W/libprocessgroup( 288): Failed to open /dev/cpuset/system-background/tasks: Permission denied: Permission denied
06-13 20:07:29.863 W/libprocessgroup( 288): Failed to apply SFMainPolicy task profile: Permission denied
06-13 20:07:29.864 I/CodecServiceRegistrant( 376): Creating software Codec2 service...
06-13 20:07:29.868 I/android.hardware.usb.gadget@1.1-service.aw( 274): setCurrentUsbFunctions Adb
06-13 20:07:29.868 I/android.hardware.usb.gadget@1.1-service.aw( 274): Service started
06-13 20:07:29.868 I/android.hardware.usb.gadget@1.1-service.aw( 274): enable usbradio debug functions
06-13 20:07:29.868 E/cutils-trace( 376): Error opening trace file: No such file or directory (2)
06-13 20:07:29.869 I/android.hardware.usb.gadget@1.1-service.aw( 274): Usb Gadget setcurrent functions called successfully
06-13 20:07:29.871 I/HidlServiceManagement( 368): Registered android.hardware.media.omx@1.0::IOmx/default
06-13 20:07:29.871 I/HidlServiceManagement( 368): Removing namespace from process name android.hardware.media.omx@1.0-service to omx@1.0-service.
06-13 20:07:29.872 I/android.hardware.media.omx@1.0-service( 368): IOmx HAL service created.
06-13 20:07:29.873 I/OmxStore( 368): omx common prefix: 'OMX.'
06-13 20:07:29.873 D/MediaCodecsXmlParser( 368): parsing /vendor/etc/media_codecs.xml...
06-13 20:07:29.874 D/MediaCodecsXmlParser( 368): parsing /vendor/etc/media_codecs_google_audio.xml...
06-13 20:07:29.875 D/MediaCodecsXmlParser( 368): unable to open media codecs configuration xml file: /vendor/etc/media_codecs_google_audio.xml
06-13 20:07:29.878 D/MediaCodecsXmlParser( 368): parsing /vendor/etc/media_codecs_google_video.xml...
06-13 20:07:29.879 D/MediaCodecsXmlParser( 368): unable to open media codecs configuration xml file: /vendor/etc/media_codecs_google_video.xml
06-13 20:07:29.879 D/MediaCodecsXmlParser( 368): parsing /vendor/etc/media_codecs_performance.xml...
06-13 20:07:29.880 D/MediaCodecsXmlParser( 368): MediaCodec: cannot update non-existing codec: OMX.google.h264.encoder at line 25 of /vendor/etc/media_codecs_performance.xml
06-13 20:07:29.881 I/adbd ( 389): persist.adb.watchdog set to ''
06-13 20:07:29.881 I/adbd ( 389): persist.sys.test_harness set to ''
06-13 20:07:29.881 I/adbd ( 389): adb watchdog timeout set to 600 seconds
06-13 20:07:29.882 D/MediaCodecsXmlParser( 368): MediaCodec: cannot update non-existing codec: OMX.google.h263.encoder at line 31 of /vendor/etc/media_codecs_performance.xml
06-13 20:07:29.882 D/MediaCodecsXmlParser( 368): MediaCodec: cannot update non-existing codec: OMX.google.mpeg4.encoder at line 34 of /vendor/etc/media_codecs_performance.xml
06-13 20:07:29.882 D/MediaCodecsXmlParser( 368): MediaCodec: cannot update non-existing codec: OMX.google.vp8.encoder at line 37 of /vendor/etc/media_codecs_performance.xml
06-13 20:07:29.882 I/adbd ( 389): Setup mdns on port= 5555
06-13 20:07:29.882 D/MediaCodecsXmlParser( 368): MediaCodec: cannot update non-existing codec: OMX.allwinner.video.decoder.h263 at line 59 of /vendor/etc/media_codecs_performance.xml
06-13 20:07:29.882 I/adbd ( 389): adbd listening on tcp:5555
06-13 20:07:29.883 I/adbd ( 389): adbd listening on vsock:5555
06-13 20:07:29.883 D/MediaCodecsXmlParser( 368): MediaCodec: cannot update non-existing codec: OMX.google.mpeg4.decoder at line 80 of /vendor/etc/media_codecs_performance.xml
06-13 20:07:29.883 D/MediaCodecsXmlParser( 368): MediaCodec: cannot update non-existing codec: OMX.google.h264.decoder at line 83 of /vendor/etc/media_codecs_performance.xml
06-13 20:07:29.883 D/MediaCodecsXmlParser( 368): MediaCodec: cannot update non-existing codec: OMX.google.h263.decoder at line 89 of /vendor/etc/media_codecs_performance.xml
06-13 20:07:29.883 I/adbd ( 389): adbd started
06-13 20:07:29.883 D/MediaCodecsXmlParser( 368): MediaCodec: cannot update non-existing codec: OMX.google.hevc.decoder at line 93 of /vendor/etc/media_codecs_performance.xml
06-13 20:07:29.883 D/MediaCodecsXmlParser( 368): MediaCodec: cannot update non-existing codec: OMX.google.vp8.decoder at line 101 of /vendor/etc/media_codecs_performance.xml
06-13 20:07:29.883 D/MediaCodecsXmlParser( 368): MediaCodec: cannot update non-existing codec: OMX.google.vp9.decoder at line 107 of /vendor/etc/media_codecs_performance.xml
06-13 20:07:29.883 I/MediaCodecsXmlParser( 368): Did not find media_codecs_shaping.xml in search path
06-13 20:07:29.884 E/MediaCodecsXmlParser( 368): Cannot find the role for a decoder of type video/divx
06-13 20:07:29.884 E/MediaCodecsXmlParser( 368): Cannot find the role for a decoder of type video/jpeg
06-13 20:07:29.884 E/MediaCodecsXmlParser( 368): Cannot find the role for a decoder of type video/mpeg1
06-13 20:07:29.884 E/MediaCodecsXmlParser( 368): Cannot find the role for a decoder of type video/x-ms-mpeg4v1
06-13 20:07:29.884 E/MediaCodecsXmlParser( 368): Cannot find the role for a decoder of type video/x-ms-mpeg4v2
06-13 20:07:29.884 E/MediaCodecsXmlParser( 368): Cannot find the role for a decoder of type video/rvg2
06-13 20:07:29.884 E/MediaCodecsXmlParser( 368): Cannot find the role for a decoder of type video/flv1
06-13 20:07:29.884 E/MediaCodecsXmlParser( 368): Cannot find the role for a decoder of type video/wvc1
06-13 20:07:29.884 E/MediaCodecsXmlParser( 368): Cannot find the role for a decoder of type video/x-vnd.on2.vp6
06-13 20:07:29.884 E/MediaCodecsXmlParser( 368): Cannot find the role for a decoder of type video/wmv1
06-13 20:07:29.884 E/MediaCodecsXmlParser( 368): Cannot find the role for a decoder of type video/wmv2
06-13 20:07:29.884 E/MediaCodecsXmlParser( 368): Cannot find the role for a decoder of type video/xvid
06-13 20:07:29.888 I/HidlServiceManagement( 376): Registered android.hardware.media.c2@1.2::IComponentStore/software
06-13 20:07:29.889 I/adbd ( 389): Waiting for persist.adb.tls_server.enable=1
06-13 20:07:29.889 I/adbd ( 389): persist.adb.tls_server.enable changed to 1
06-13 20:07:29.891 E/cutils-trace( 364): Error opening trace file: No such file or directory (2)
06-13 20:07:29.894 V/MediaUtils( 357): physMem: 2055442432
06-13 20:07:29.895 V/MediaUtils( 357): requested limit: 134217728
06-13 20:07:29.896 I/libc ( 357): malloc_limit: Allocation limit enabled, max size 134217728 bytes
06-13 20:07:29.900 I/adbd ( 389): opening control endpoint /dev/usb-ffs/adb/ep0
06-13 20:07:29.896 I/xiriservice_All( 334): type=1400 audit(0.0:281): avc: denied { read } for scontext=u:r:init:s0 tcontext=u:r:init:s0 tclass=netlink_kobject_uevent_socket permissive=1
06-13 20:07:29.902 I/ ( 400): read descriptors
06-13 20:07:29.902 I/ ( 400): read strings
06-13 20:07:29.905 I/android.hardware.usb.gadget@1.1-service.aw( 274): GADGET pulled up
06-13 20:07:29.909 I/adbd ( 389): UsbFfsConnection constructed
06-13 20:07:29.907 I/hwservicemanager( 193): getTransport: Cannot find entry android.hardware.graphics.mapper@4.0::IMapper/default in either framework or device VINTF manifest.
06-13 20:07:29.909 I/ComposerResources( 269): failed to get mapper 4.0 service, falling back to mapper 3.0
06-13 20:07:29.910 I/hwservicemanager( 193): getTransport: Cannot find entry android.hardware.media.c2@1.0::IComponentStore/default in either framework or device VINTF manifest.
06-13 20:07:29.911 I/CodecServiceRegistrant( 376): Preferred Codec2 store is defaulted to "software".
06-13 20:07:29.912 I/CodecServiceRegistrant( 376): Software Codec2 service created and registered.
06-13 20:07:29.912 I/HidlServiceManagement( 368): Registered android.hardware.media.omx@1.0::IOmxStore/default
06-13 20:07:29.913 I/HidlServiceManagement( 368): Removing namespace from process name android.hardware.media.omx@1.0-service to omx@1.0-service.
06-13 20:07:29.916 I/adbd ( 389): adbwifi started on port 42759
06-13 20:07:29.917 I/adbd ( 389): TlsServer running on port 42759
06-13 20:07:29.918 I/adbd ( 389): adb wifi started on port 42759
06-13 20:07:29.919 I/adbd ( 389): Waiting for persist.adb.tls_server.enable=0
06-13 20:07:29.920 D/AudioPowerUsage( 357): AudioPowerUsage
06-13 20:07:29.921 D/AudioAnalytics( 357): AudioAnalytics
06-13 20:07:29.921 I/adbd ( 389): UsbFfs-monitor thread spawned
06-13 20:07:29.921 D/MediaMetricsService( 357): MediaMetricsService
06-13 20:07:29.922 I/adbd ( 389): USB event: FUNCTIONFS_BIND
06-13 20:07:29.923 I/zygote ( 255): Using memfd for future sealing
06-13 20:07:29.924 I/hwservicemanager( 193): getTransport: Cannot find entry android.hardware.graphics.mapper@3.0::IMapper/default in either framework or device VINTF manifest.
06-13 20:07:29.925 I/ComposerResources( 269): failed to get mapper 3.0 service, falling back to mapper 2.0
06-13 20:07:29.926 W/storaged( 364): health: invalid battery status
06-13 20:07:29.932 E/gralloc ( 269): Arm Module v1.0
06-13 20:07:29.936 I/sunxihwc( 269): createDeviceFactory: IDeviceFactory from hardware/aw/display/hwc-hal/disp2/HomletDeviceFactory.cpp
06-13 20:07:29.936 I/sunxihwc( 269): Device name: raven
06-13 20:07:29.939 I/sunxihwc( 269): threadLoop: EventThread start
06-13 20:07:29.939 I/adbd ( 389): Registering secure_connect service (adb-DZOH58251975972-iqRTca)
06-13 20:07:29.941 D/sunxihwc( 269): Device config file: /vendor/etc/dispconfigs/homlet-default.json
06-13 20:07:29.941 I/ServiceManager( 279): Waiting for service 'media.metrics' on '/dev/binder' successful after waiting 538ms
06-13 20:07:29.942 I/ServiceManager( 364): Waiting for service 'package_native' on '/dev/binder'...
06-13 20:07:29.942 D/sunxihwc( 269): Parse 'Display0' config
06-13 20:07:29.942 D/sunxihwc( 269): Parse 'Display1' config
06-13 20:07:29.943 I/AudioFlinger( 279): Using default 3000 mSec as standby time.
06-13 20:07:29.944 W/displayd( 269): xxxxxxx: threadedStartup begin
06-13 20:07:29.944 I/sunxihwc( 269): Device name: raven
06-13 20:07:29.945 I/HidlServiceManagement( 269): Registered vendor.display.config@1.0::IDisplayConfig/default
06-13 20:07:29.945 D/android.hardware.graphics.composer@2.2-service( 269): IDisplayConfig register: ok
06-13 20:07:29.945 I/sunxihwc( 269): initialize: DisplayConfigService init: ok
06-13 20:07:29.945 D/sunxihwc( 269): setHotplugState: mbHotplug = 1
06-13 20:07:29.945 E/sunxihwc( 269): notifyDeviceChanged: DeviceChangedListener not register yet!
06-13 20:07:29.945 I/sunxihwc( 269): setVendorInterface: register IVendorInterface: 0xe978f310
06-13 20:07:29.946 D/sunxihwc( 269): HAL device config file: /vendor/etc/dispconfigs/homlet-default.json
06-13 20:07:29.946 D/sunxihwc( 269): Displays (2 entries)
06-13 20:07:29.946 D/sunxihwc( 269): + Display{id=0, framebuffer=1920x1080(override=1), dpi=160x160}
06-13 20:07:29.946 D/sunxihwc( 269): DisplayEnginePortId=0
06-13 20:07:29.946 D/sunxihwc( 269): InterfaceType=HDMI
06-13 20:07:29.946 D/sunxihwc( 269): DefaultOutputMode=0
06-13 20:07:29.946 D/sunxihwc( 269): HotplugSupported=0
06-13 20:07:29.946 D/sunxihwc( 269): AfbcSupported=0
06-13 20:07:29.946 D/sunxihwc( 269): HardwareRotateSupported=0
06-13 20:07:29.946 D/sunxihwc( 269): BandwidthLimited=338800 Bytes per frame
06-13 20:07:29.946 D/sunxihwc( 269): + Display{id=1, framebuffer=1920x1080(override=1), dpi=160x160}
06-13 20:07:29.946 D/sunxihwc( 269): DisplayEnginePortId=1
06-13 20:07:29.946 D/sunxihwc( 269): InterfaceType=CVBS
06-13 20:07:29.946 D/sunxihwc( 269): DefaultOutputMode=0
06-13 20:07:29.946 D/sunxihwc( 269): HotplugSupported=0
06-13 20:07:29.946 D/sunxihwc( 269): AfbcSupported=0
06-13 20:07:29.946 D/sunxihwc( 269): HardwareRotateSupported=0
06-13 20:07:29.946 D/sunxihwc( 269): BandwidthLimited=338800 Bytes per frame
06-13 20:07:29.946 W/sunxihwc( 269): bringupDevices: display.1 was off, request type 2, try to bringup it!
06-13 20:07:29.946 I/sunxihwc( 269): scanConnectedDevice: wait for device connect
06-13 20:07:29.946 D/sunxihwc( 269): Device config file: /vendor/etc/dispconfigs/homlet-default.json
06-13 20:07:29.948 D/sunxihwc( 269): Parse 'Display0' config
06-13 20:07:29.948 D/sunxihwc( 269): Parse 'Display1' config
06-13 20:07:29.950 W/displayd( 269): xxxxxxx: HAL device config file: /vendor/etc/dispconfigs/homlet-default.json
06-13 20:07:29.950 W/displayd( 269): Displays (2 entries)
06-13 20:07:29.950 W/displayd( 269): + Display{id=0, framebuffer=1920x1080(override=1), dpi=160x160}
06-13 20:07:29.950 W/displayd( 269): DisplayEnginePortId=0
06-13 20:07:29.950 W/displayd( 269): InterfaceType=HDMI
06-13 20:07:29.950 W/displayd( 269): DefaultOutputMode=0
06-13 20:07:29.950 W/displayd( 269): HotplugSupported=0
06-13 20:07:29.950 W/displayd( 269): AfbcSupported=0
06-13 20:07:29.950 W/displayd( 269): HardwareRotateSupported=0
06-13 20:07:29.950 W/displayd( 269): BandwidthLimited=338800 Bytes per frame
06-13 20:07:29.950 W/displayd( 269): + Display{id=1, framebuffer=1920x1080(override=1), dpi=160x160}
06-13 20:07:29.950 W/displayd( 269): DisplayEnginePortId=1
06-13 20:07:29.950 W/displayd( 269): InterfaceType=CVBS
06-13 20:07:29.950 W/displayd( 269): DefaultOutputMode=0
06-13 20:07:29.950 W/displayd( 269): HotplugSupported=0
06-13 20:07:29.950 W/displayd( 269): AfbcSupported=0
06-13 20:07:29.950 W/displayd( 269): HardwareRotateSupported=0
06-13 20:07:29.950 W/displayd( 269): BandwidthLimited=338800 Bytes per frame
06-13 20:07:29.948 I/MQ-Thread( 269): type=1400 audit(0.0:282): avc: denied { read } for name="u:object_r:system_prop:s0" dev="tmpfs" ino=3513 scontext=u:r:hal_graphics_composer_default:s0 tcontext=u:object_r:system_prop:s0 tclass=file permissive=1
06-13 20:07:29.948 I/MQ-Thread( 269): type=1400 audit(0.0:283): avc: denied { open } for path="/dev/__properties__/u:object_r:system_prop:s0" dev="tmpfs" ino=3513 scontext=u:r:hal_graphics_composer_default:s0 tcontext=u:object_r:system_prop:s0 tclass=file permissive=1
06-13 20:07:29.948 I/MQ-Thread( 269): type=1400 audit(0.0:284): avc: denied { getattr } for path="/dev/__properties__/u:object_r:system_prop:s0" dev="tmpfs" ino=3513 scontext=u:r:hal_graphics_composer_default:s0 tcontext=u:object_r:system_prop:s0 tclass=file permissive=1
06-13 20:07:29.948 I/MQ-Thread( 269): type=1400 audit(0.0:285): avc: denied { map } for path="/dev/__properties__/u:object_r:system_prop:s0" dev="tmpfs" ino=3513 scontext=u:r:hal_graphics_composer_default:s0 tcontext=u:object_r:system_prop:s0 tclass=file permissive=1
06-13 20:07:29.952 W/displayd( 269): xxxxxxx: display output policy: dual
06-13 20:07:29.952 W/displayd( 269): xxxxxxx: Display.0 output type: 4
06-13 20:07:29.953 I/hw-BpHwBinder( 193): onLastStrongRef automatically unlinking death recipients
06-13 20:07:29.953 I/display.output-service( 275): platform is homlet
06-13 20:07:29.953 W/displayd( 269): xxxxxxx: Display.1 output type: 2
06-13 20:07:29.953 W/displayd( 269): xxxxxxx: createDevice: type=4 on port 0
06-13 20:07:29.954 I/update_engine( 378): [INFO:main.cc(55)] A/B Update Engine starting
06-13 20:07:29.954 I/servicemanager( 192): Found vendor.display.output.IDisplayOutputManager/default in device VINTF manifest.
06-13 20:07:29.956 I/MQ-Thread( 269): type=1400 audit(0.0:286): avc: denied { read } for name="u:object_r:default_prop:s0" dev="tmpfs" ino=3386 scontext=u:r:hal_graphics_composer_default:s0 tcontext=u:object_r:default_prop:s0 tclass=file permissive=1
06-13 20:07:29.956 I/MQ-Thread( 269): type=1400 audit(0.0:287): avc: denied { open } for path="/dev/__properties__/u:object_r:default_prop:s0" dev="tmpfs" ino=3386 scontext=u:r:hal_graphics_composer_default:s0 tcontext=u:object_r:default_prop:s0 tclass=file permissive=1
06-13 20:07:29.956 I/MQ-Thread( 269): type=1400 audit(0.0:288): avc: denied { getattr } for path="/dev/__properties__/u:object_r:default_prop:s0" dev="tmpfs" ino=3386 scontext=u:r:hal_graphics_composer_default:s0 tcontext=u:object_r:default_prop:s0 tclass=file permissive=1
06-13 20:07:29.956 I/MQ-Thread( 269): type=1400 audit(0.0:289): avc: denied { map } for path="/dev/__properties__/u:object_r:default_prop:s0" dev="tmpfs" ino=3386 scontext=u:r:hal_graphics_composer_default:s0 tcontext=u:object_r:default_prop:s0 tclass=file permissive=1
06-13 20:07:29.960 W/displayd( 269): xxxxxxx: Device hdmi init
06-13 20:07:29.960 W/displayd( 269): xxxxxxx: createDevice: type=2 on port 1
06-13 20:07:29.960 W/displayd( 269): xxxxxxx: Device cvbs init
06-13 20:07:29.960 W/displayd( 269): xxxxxxx: Initizlize display device mapping
06-13 20:07:29.960 D/displayd( 269): xxxxxxx: updateConnectState: type=-1 connected=-1
06-13 20:07:29.962 E/cutils-trace( 378): Error opening trace file: No such file or directory (2)
06-13 20:07:29.960 I/MQ-Thread( 269): type=1400 audit(0.0:290): avc: denied { getattr } for path="/sys/devices/platform/soc@3000000/6520000.tv0/extcon/extcon1/state" dev="sysfs" ino=19386 scontext=u:r:hal_graphics_composer_default:s0 tcontext=u:object_r:sysfs:s0 tclass=file permissive=1
06-13 20:07:29.963 W/displayd( 269): xxxxxxx: platformGetDeviceConnectStatePath:
06-13 20:07:29.963 W/displayd( 269): hdmi: /sys/class/extcon/extcon0/state
06-13 20:07:29.963 W/displayd( 269): cvbs: /sys/class/extcon/extcon1/state
06-13 20:07:29.963 D/displayd( 269): xxxxxxx: updated: type=2 connected=0
06-13 20:07:29.964 D/displayd( 269): xxxxxxx: updated: type=4 connected=1
06-13 20:07:29.964 E/displayd( 269): xxxxxxx: [cvbs] Saved attribute is not match, saved mode=11, actual mode=0
06-13 20:07:29.964 W/displayd( 269): xxxxxxx: setupDefaultOutput: hdmi user strategy: 5
06-13 20:07:29.964 W/edid ( 269): Parse block0:
06-13 20:07:29.964 W/edid ( 269): Extension block count: 1
06-13 20:07:29.965 W/edid ( 269): Parse CEA extension block (version: 3)
06-13 20:07:29.965 W/edid ( 269): CEA data length: 89 bytes
06-13 20:07:29.964 I//system/bin/init( 1): type=1107 audit(0.0:291): uid=0 auid=4294967295 ses=4294967295 subj=u:r:init:s0 msg='avc: denied { set } for property=vendor.sys.tv_vdid_fex pid=269 uid=1000 gid=1003 scontext=u:r:hal_graphics_composer_default:s0 tcontext=u:object_r:vendor_default_prop:s0 tclass=property_service permissive=1'
06-13 20:07:29.967 W/displayd( 269): xxxxxxx: performDefaultConfig dirty=0
06-13 20:07:29.968 W/displayd( 269): xxxxxxx: Old config: type[4] mode[5] pixelformat[1] bits[1] eotf[16] colorspace[263]
06-13 20:07:29.968 W/displayd( 269): xxxxxxx: New config: type[4] mode[5] pixelformat[1] bits[1] eotf[16] colorspace[263]
06-13 20:07:29.968 I/sunxihwc( 269): switchDevice: display[1]: type=2 mode=0 enable=0
06-13 20:07:29.968 I/sunxihwc( 269): switchDevice: display[0]: type=4 mode=5 enable=1
06-13 20:07:29.968 D/sunxihwc( 269): setHotplugState: mbHotplug = 1
06-13 20:07:29.968 I/sunxihwc( 269): createSyncTimeline: DisplayEngine Frequency: 696000000 Hz
06-13 20:07:29.968 I/sunxihwc( 269): setup: timeline0 create
06-13 20:07:29.968 E/sunxihwc( 269): readFromFile: Could not open '/sys/firmware/devicetree/base/dram/dram_clk', No such file or directory(2)
06-13 20:07:29.968 E/sunxihwc( 269): readFromFile: Could not open '/sys/firmware/devicetree/base/dram/dram_mr1', No such file or directory(2)
06-13 20:07:29.968 E/sunxihwc( 269): readFromFile: Could not open '/sys/firmware/devicetree/base/dram/dram_type', No such file or directory(2)
06-13 20:07:29.968 I/sunxihwc( 269): getDramInfoFromDeviceTree: draminfo: freq 0 MHz, bus width 32 bits, type 0
06-13 20:07:29.968 I/sunxihwc( 269): computeEffectiveBandwidth: dram effective bandwidth: 0 MBytes
06-13 20:07:29.968 E/sunxihwc( 269): calculateBandwidthLimitation: getDramFrequency return error(0), fallback to default bandwidth config
06-13 20:07:29.968 I/sunxihwc( 269): setup: Bandwidth limitation: 49152000 Bytes per frame
06-13 20:07:29.969 I/sunxihwc( 269): setDisplaydCb: get mDisplaydCb =0x0x696c4372
06-13 20:07:29.969 I/sunxihwc( 269): updateConnectedDevices: display[0] connected=1 type=4 device=0xe972700c
06-13 20:07:29.969 I/sunxihwc( 269): updateConnectedDevices: display[1] connected=0 type=2 device=0x0
06-13 20:07:29.969 D/sunxihwc( 269): enqueueEvent: enqueueEvent: event 1
06-13 20:07:29.969 I/sunxihwc( 269): setMargin: display[0]: margin 100 100 100 100
06-13 20:07:29.969 D/sunxihwc( 269): enqueueEvent: enqueueEvent: event 1
06-13 20:07:29.969 W/sunxihwc( 269): deviceChangedEventProcess: Display.0 (hdmi0) connect
06-13 20:07:29.969 I/sunxihwc( 269): onHotplugReceived: display(0) connect state[1]
06-13 20:07:29.969 I/sunxihwc( 269): waitForHotplugIssued: Wait for display connect
06-13 20:07:29.969 I/sunxihwc( 269): onHotplugReceived: display size: 0 display.0 0 display.1 0 display.0 0
06-13 20:07:29.969 W/sunxihwc( 269): onHotplugReceived: display(0) is 0xe9670010
06-13 20:07:29.969 D/sunxihwc( 269): setDisplays: display =0xe9670010
06-13 20:07:29.969 D/sunxihwc( 269): setDisplays: display size=1
06-13 20:07:29.969 D/sunxihwc( 269): setHotplugState: mbHotplug = 0
06-13 20:07:29.969 D/sunxihwc( 269): setHotplugState: mbHotplug = 0
06-13 20:07:29.970 I/SurfaceFlinger( 288): onComposerHalHotplug(0, connected)
06-13 20:07:29.970 I/HWComposer( 288): Switching to legacy multi-display mode
06-13 20:07:29.970 E/HWComposer( 288): getAttribute: getDisplayAttribute failed for display 0: BadConfig (1)
06-13 20:07:29.971 E/HWComposer( 288): getDisplayConnectionType: getDisplayConnectionType failed for display 0: Unsupported (8)
06-13 20:07:29.972 W/EventThread( 288): Ignoring VSYNC request while display is disconnected
06-13 20:07:29.972 W/EventThread( 288): Ignoring VSYNC request while display is disconnected
06-13 20:07:29.973 W/EventThread( 288): Ignoring VSYNC request while display is disconnected
06-13 20:07:29.973 W/EventThread( 288): Ignoring VSYNC request while display is disconnected
06-13 20:07:29.973 W/EventThread( 288): Ignoring VSYNC request while display is disconnected
06-13 20:07:29.973 W/EventThread( 288): Ignoring VSYNC request while display is disconnected
06-13 20:07:29.973 D/sunxihwc( 269): getHdrCapabilities: getHdrCapabilities: support hdr10 and hlg
06-13 20:07:29.974 W/HwcComposer( 288): getPerFrameMetadataKeys failed with 8
06-13 20:07:29.977 W/displayd( 269): xxxxxxx: Turen on display(0), margin(100,100,100,100)
06-13 20:07:29.977 W/displayd( 269): xxxxxxx: Current device mapping:
06-13 20:07:29.977 W/displayd( 269): + display [1]: enable=0 type=2 mode=0
06-13 20:07:29.977 W/displayd( 269): + display [0]: enable=1 type=4 mode=5
06-13 20:07:29.977 I/sunxihwc( 269): registerCallback: registerCallback mEventCallback =0x0
06-13 20:07:29.977 I/sunxihwc( 269): setDisplaydCb: get mDisplaydCb =0x0xe97c3400
06-13 20:07:29.978 I/sunxihwc( 269): threadLoop: set CommitThread priority as HAL_PRIORITY_URGENT_DISPLAY
06-13 20:07:29.978 W/displayd( 269): xxxxxxx: threadedStartup end
06-13 20:07:29.979 I/gralloc ( 265): alloc buffer:W:1920 H:1080 S:1920 PL[1920 1080] SZ:8294400 fmt:1 if:0 af:1 usg:1b00 fg:00000004
06-13 20:07:29.982 I/update_engine( 378): [INFO:boot_control_android.cc(69)] Loaded boot control hidl hal.
06-13 20:07:29.982 I/sunxihwc( 269): pollThreadLoop: polling VsyncThread start
06-13 20:07:29.983 I/gralloc ( 265): alloc buffer:W:1920 H:1080 S:1920 PL[1920 1080] SZ:8294400 fmt:1 if:0 af:1 usg:1b00 fg:00000004
06-13 20:07:29.983 I/SurfaceFlinger( 288): Dispatching display hotplug event displayId=0, connected=1
06-13 20:07:29.988 I/ServiceManager( 357): Waiting for service 'package_native' on '/dev/binder'...
06-13 20:07:29.988 W/SurfaceFlinger( 288): Failed to set thread name on dispatch thread
06-13 20:07:30.000 I/EventThread( 273): type=1400 audit(0.0:292): avc: denied { search } for name="extcon" dev="sysfs" ino=18109 scontext=u:r:hal_tv_cec_default:s0 tcontext=u:object_r:sysfs_extcon:s0 tclass=dir permissive=1
06-13 20:07:30.009 I/update_engine( 378): [INFO:daemon_state_android.cc(44)] Booted in dev mode.
06-13 20:07:30.012 D/gpioservice( 351): main gpio service is running.
06-13 20:07:30.015 I/MediaExtractorFactory( 356): plugin directory not present (/system/lib/extractors)
06-13 20:07:30.015 I/MediaExtractorFactory( 356): plugin directory not present (/system_ext/lib/extractors)
06-13 20:07:30.024 E/cutils-trace( 374): Error opening trace file: No such file or directory (2)
06-13 20:07:30.025 I/update_engine( 378): [INFO:update_attempter_android.cc(1082)] Scheduling CleanupPreviousUpdateAction.
06-13 20:07:30.026 I/gpioservice( 351): ServiceManager: 0xf48c0cc0
06-13 20:07:30.026 D/GpioService( 351): GpioService created
06-13 20:07:30.027 E/SELinux ( 192): avc: denied { add } for pid=351 uid=0 name=softwinner.gpio scontext=u:r:gpioservice:s0 tcontext=u:object_r:default_android_service:s0 tclass=service_manager permissive=1
06-13 20:07:30.027 I/HidlServiceManagement( 374): Registered android.hardware.radio@1.6::IRadio/slot1
06-13 20:07:30.029 I/HidlServiceManagement( 374): Registered android.hardware.radio.config@1.3::IRadioConfig/default
06-13 20:07:30.031 I/HidlServiceManagement( 374): Registered android.hardware.radio@1.2::ISap/slot1
06-13 20:07:30.046 I/update_engine( 378): [INFO:action_processor.cc(51)] ActionProcessor: starting CleanupPreviousUpdateAction
06-13 20:07:30.071 I/cameraserver( 350): ServiceManager: 0xef190960
06-13 20:07:30.072 I/CameraService( 350): CameraService started (pid=350)
06-13 20:07:30.072 I/CameraService( 350): CameraService process starting
06-13 20:07:30.073 W/BatteryNotifier( 350): batterystats service unavailable!
06-13 20:07:30.074 W/BatteryNotifier( 350): batterystats service unavailable!
06-13 20:07:30.074 E/cutils-trace( 350): Error opening trace file: No such file or directory (2)
06-13 20:07:30.076 I/update_engine( 378): [INFO:cleanup_previous_update_action.cc(149)] Starting/resuming CleanupPreviousUpdateAction
06-13 20:07:30.085 E/APM::HwModule( 279): refreshSupportedDevices: invalid source devices for primary input
06-13 20:07:30.086 E/APM::HwModule( 279): refreshSupportedDevices: invalid source devices for fast input
06-13 20:07:30.095 I/update_engine( 378): [INFO:cleanup_previous_update_action.cc(124)] CleanupPreviousUpdateAction scheduled task ID 1 for WaitBootCompleted
06-13 20:07:30.108 D/APM_EngineLoader( 279): Loaded engine from libaudiopolicyenginedefault.so
06-13 20:07:30.108 D/APM::AudioPolicyEngine/Base( 279): loadAudioPolicyEngineConfig: No configuration found, using default matching phone experience.
06-13 20:07:30.115 D/systemmixservice( 365): main SystemMix service is running.
06-13 20:07:30.115 D/multiir ( 362): multi_ir open uinput dev
06-13 20:07:30.117 D/XM_HIDREAD( 328): add@ add@/devices/virtual/input/input1
06-13 20:07:30.117 I/systemmixservice( 365): ServiceManager: 0xf4db3cb0
06-13 20:07:30.117 D/SystemMixService( 365): SystemMixService created
06-13 20:07:30.112 I/xiriservice_All( 334): type=1400 audit(0.0:293): avc: denied { read } for scontext=u:r:init:s0 tcontext=u:r:init:s0 tclass=netlink_kobject_uevent_socket permissive=1
06-13 20:07:30.118 E/SELinux ( 192): avc: denied { add } for pid=365 uid=0 name=softwinner.systemmix scontext=u:r:systemmix:s0 tcontext=u:object_r:default_android_service:s0 tclass=service_manager permissive=1
06-13 20:07:30.119 D/XM_HIDREAD( 328): add@ add@/devices/virtual/input/input1/event1
06-13 20:07:30.119 D/multiir ( 362): uinputfd=4
06-13 20:07:30.120 I/input ( 362): sunxi-ir-uinput as /devices/virtual/input/input1
06-13 20:07:30.124 I/rainbow_flow( 332): type=1400 audit(0.0:294): avc: denied { ioctl } for path="/dev/spidev1.0" dev="tmpfs" ino=249 ioctlcmd=0x6b00 scontext=u:r:init:s0 tcontext=u:object_r:device:s0 tclass=chr_file permissive=1
06-13 20:07:30.131 I/CameraProviderManager( 350): Connecting to new camera provider: external/0, isRemote? 1
06-13 20:07:30.133 I/CameraProviderManager( 350): Camera provider external/0 ready with 0 camera devices
06-13 20:07:30.134 W/CameraProviderManager( 350): addProviderLocked: Camera provider HAL with name 'external/0' already registered
06-13 20:07:30.135 I/cameraserver( 350): Waiting for activity service
06-13 20:07:30.143 W/APM::AudioPolicyEngine/Base( 279): loadAudioPolicyEngineConfig: No configuration of AUDIO_STREAM_ASSISTANT found, using default volume configuration
06-13 20:07:30.144 W/APM::AudioPolicyEngine/Base( 279): loadAudioPolicyEngineConfig: No configuration of AUDIO_STREAM_CALL_ASSISTANT found, using default volume configuration
06-13 20:07:30.173 D/multiir ( 362): uevent listen start
06-13 20:07:30.175 V/audio_hw_primary( 260): init_audio_devices, line: 611
06-13 20:07:30.176 D/audio_hw_primary( 260): read card /sys/class/sound/card0/id
06-13 20:07:30.176 D/audio_hw_primary( 260): /sys/class/sound/card0/id, audiocodec, len: 11
06-13 20:07:30.176 D/audio_hw_primary( 260): linux name = audiocodec, android name = AUDIO_CODEC
06-13 20:07:30.176 D/audio_hw_primary( 260): find name map, card_id = audiocodec, card_name = AUDIO_CODEC
06-13 20:07:30.176 V/audio_hw_primary( 260): card: 0, name: AUDIO_CODEC, capture: 0, playback: 1
06-13 20:07:30.176 D/audio_hw_primary( 260): read card /sys/class/sound/card1/id
06-13 20:07:30.176 D/audio_hw_primary( 260): /sys/class/sound/card1/id, sndspdif, len: 9
06-13 20:07:30.176 D/audio_hw_primary( 260): linux name = sndspdif, android name = AUDIO_SPDIF
06-13 20:07:30.176 D/audio_hw_primary( 260): find name map, card_id = sndspdif, card_name = AUDIO_SPDIF
06-13 20:07:30.176 V/audio_hw_primary( 260): card: 1, name: AUDIO_SPDIF, capture: 1, playback: 1
06-13 20:07:30.177 D/audio_hw_primary( 260): read card /sys/class/sound/card2/id
06-13 20:07:30.177 D/audio_hw_primary( 260): /sys/class/sound/card2/id, ahubdam, len: 8
06-13 20:07:30.177 D/audio_hw_primary( 260): linux name = ahubdam, android name = AUDIO_DAM
06-13 20:07:30.177 D/audio_hw_primary( 260): find name map, card_id = ahubdam, card_name = AUDIO_DAM
06-13 20:07:30.177 V/audio_hw_primary( 260): card: 2, name: AUDIO_DAM, capture: 0, playback: 0
06-13 20:07:30.177 D/audio_hw_primary( 260): read card /sys/class/sound/card3/id
06-13 20:07:30.177 D/audio_hw_primary( 260): /sys/class/sound/card3/id, ahubhdmi, len: 9
06-13 20:07:30.177 D/audio_hw_primary( 260): linux name = ahubhdmi, android name = AUDIO_HDMI
06-13 20:07:30.177 D/audio_hw_primary( 260): find name map, card_id = ahubhdmi, card_name = AUDIO_HDMI
06-13 20:07:30.177 V/audio_hw_primary( 260): card: 3, name: AUDIO_HDMI, capture: 1, playback: 1
06-13 20:07:30.177 D/audio_hw_primary( 260): read card /sys/class/sound/card4/id
06-13 20:07:30.178 D/audio_hw_primary( 260): /sys/class/sound/card4/id, ahubi2s2, len: 9
06-13 20:07:30.178 D/audio_hw_primary( 260): linux name = ahubi2s2, android name = AUDIO_I2S2
06-13 20:07:30.178 D/audio_hw_primary( 260): find name map, card_id = ahubi2s2, card_name = AUDIO_I2S2
06-13 20:07:30.178 V/audio_hw_primary( 260): card: 4, name: AUDIO_I2S2, capture: 1, playback: 1
06-13 20:07:30.178 D/audio_hw_primary( 260): getCardNumbyName: name = AUDIO_CODEC , card = 0
06-13 20:07:30.178 D/audio_hw_primary( 260): getCardNumbyName: name = AUDIO_DAM , card = 2
06-13 20:07:30.178 D/audio_hw_primary( 260): getCardNumbyName: name = AUDIO_HDMI , card = 3
06-13 20:07:30.178 D/audio_hw_primary( 260): getCardNumbyName: name = AUDIO_I2S2 , card = 4
06-13 20:07:30.178 D/audio_hw_primary( 260): getCardNumbyName: name = AUDIO_SPDIF , card = 1
06-13 20:07:30.178 E/audio_hw_primary( 260): AUDIO_BT card does not exist
06-13 20:07:30.178 E/audio_hw_primary( 260): AUDIO_MIX card does not exist
06-13 20:07:30.178 V/audio_hw_primary( 260): init_audio_devices_active, line: 635
06-13 20:07:30.178 V/audio_hw_primary( 260): init_audio_devices_active: get property persist.vendor.audio.input.active: AUDIO_CODEC
06-13 20:07:30.176 I//system/bin/init( 1): type=1107 audit(0.0:295): uid=0 auid=4294967295 ses=4294967295 subj=u:r:init:s0 msg='avc: denied { set } for property=persist.vendor.audio.input.active pid=260 uid=1041 gid=1005 scontext=u:r:hal_audio_default:s0 tcontext=u:object_r:vendor_default_prop:s0 tclass=property_service permissive=1'
06-13 20:07:30.191 V/audio_hw_primary( 260): set property persist.vendor.audio.input.active: AUDIO_CODEC ok
06-13 20:07:30.191 V/audio_hw_primary( 260): init_audio_devices_active: get property persist.vendor.audio.output.active: AUDIO_HDMI
06-13 20:07:30.201 V/audio_hw_primary( 260): set property persist.vendor.audio.output.active: AUDIO_HDMI ok
06-13 20:07:30.201 V/audio_hw_primary( 260): AUDIO_HDMI output device will be active
06-13 20:07:30.201 D/audio_hw_primary( 260): XX 2 0 2 0
06-13 20:07:30.214 W/audio_route( 260): Control 'External Speaker Switch' doesn't exist - skipping
06-13 20:07:30.214 W/audio_route( 260): Control 'Headphone Switch' doesn't exist - skipping
06-13 20:07:30.214 W/audio_route( 260): Control 'Earpiece Switch' doesn't exist - skipping
06-13 20:07:30.214 W/audio_route( 260): Control 'AIF1IN0R Mux' doesn't exist - skipping
06-13 20:07:30.214 W/audio_route( 260): Control 'AIF1IN0L Mux' doesn't exist - skipping
06-13 20:07:30.214 W/audio_route( 260): Control 'DACR Mixer AIF1DA0R Switch' doesn't exist - skipping
06-13 20:07:30.214 W/audio_route( 260): Control 'DACL Mixer AIF1DA0L Switch' doesn't exist - skipping
06-13 20:07:30.214 W/audio_route( 260): Control 'AIF1OUT0L Mux' doesn't exist - skipping
06-13 20:07:30.214 W/audio_route( 260): Control 'AIF1OUT0R Mux' doesn't exist - skipping
06-13 20:07:30.214 W/audio_route( 260): Control 'AIF1 AD0L Mixer ADCL Switch' doesn't exist - skipping
06-13 20:07:30.214 W/audio_route( 260): Control 'AIF1 AD0R Mixer ADCR Switch' doesn't exist - skipping
06-13 20:07:30.214 W/audio_route( 260): Control 'ADCR Mux' doesn't exist - skipping
06-13 20:07:30.214 W/audio_route( 260): Control 'ADCL Mux' doesn't exist - skipping
06-13 20:07:30.214 W/audio_route( 260): Control 'HP_R Mux' doesn't exist - skipping
06-13 20:07:30.214 W/audio_route( 260): Control 'HP_L Mux' doesn't exist - skipping
06-13 20:07:30.214 W/audio_route( 260): Control 'HP_R Mux' doesn't exist - skipping
06-13 20:07:30.214 W/audio_route( 260): Control 'HP_L Mux' doesn't exist - skipping
06-13 20:07:30.214 W/audio_route( 260): Control 'Right Output Mixer DACR Switch' doesn't exist - skipping
06-13 20:07:30.214 W/audio_route( 260): Control 'Left Output Mixer DACL Switch' doesn't exist - skipping
06-13 20:07:30.214 W/audio_route( 260): Control 'SPK_L Mux' doesn't exist - skipping
06-13 20:07:30.214 W/audio_route( 260): Control 'SPK_R Mux' doesn't exist - skipping
06-13 20:07:30.215 W/audio_route( 260): Control 'External Speaker Switch' doesn't exist - skipping
06-13 20:07:30.215 W/audio_route( 260): Control 'Headphone Switch' doesn't exist - skipping
06-13 20:07:30.215 W/audio_route( 260): Control 'AIF1IN0R Mux' doesn't exist - skipping
06-13 20:07:30.215 W/audio_route( 260): Control 'AIF1IN0L Mux' doesn't exist - skipping
06-13 20:07:30.215 W/audio_route( 260): Control 'DACR Mixer AIF1DA0R Switch' doesn't exist - skipping
06-13 20:07:30.215 W/audio_route( 260): Control 'DACL Mixer AIF1DA0L Switch' doesn't exist - skipping
06-13 20:07:30.215 W/audio_route( 260): Control 'Left Output Mixer DACR Switch' doesn't exist - skipping
06-13 20:07:30.215 W/audio_route( 260): Control 'Left Output Mixer DACL Switch' doesn't exist - skipping
06-13 20:07:30.215 W/audio_route( 260): Control 'SPK_L Mux' doesn't exist - skipping
06-13 20:07:30.215 W/audio_route( 260): Control 'External Speaker Switch' doesn't exist - skipping
06-13 20:07:30.215 W/audio_route( 260): unknown enum value string 0 for ctl LINEOUTL src LR
06-13 20:07:30.215 W/audio_route( 260): unknown enum value string 0 for ctl LINEOUTR src LR
06-13 20:07:30.215 W/audio_route( 260): Control 'DACR Mixer AIF1DA0R Switch' doesn't exist - skipping
06-13 20:07:30.215 W/audio_route( 260): Control 'DACL Mixer AIF1DA0L Switch' doesn't exist - skipping
06-13 20:07:30.215 W/audio_route( 260): Control 'AIF1 AD0L Mixer ADCL Switch' doesn't exist - skipping
06-13 20:07:30.215 W/audio_route( 260): Control 'AIF1 AD0R Mixer ADCR Switch' doesn't exist - skipping
06-13 20:07:30.215 W/audio_route( 260): Control 'Left Output Mixer DACL Switch' doesn't exist - skipping
06-13 20:07:30.215 W/audio_route( 260): Control 'Left Output Mixer DACR Switch' doesn't exist - skipping
06-13 20:07:30.215 W/audio_route( 260): Control 'Right Output Mixer DACL Switch' doesn't exist - skipping
06-13 20:07:30.215 W/audio_route( 260): Control 'Right Output Mixer DACR Switch' doesn't exist - skipping
06-13 20:07:30.215 W/audio_route( 260): Control 'Headphone Switch' doesn't exist - skipping
06-13 20:07:30.215 W/audio_route( 260): Control 'External Speaker Switch' doesn't exist - skipping
06-13 20:07:30.215 W/audio_route( 260): Control 'AIF1OUT0R Mux' doesn't exist - skipping
06-13 20:07:30.215 W/audio_route( 260): Control 'AIF1OUT0L Mux' doesn't exist - skipping
06-13 20:07:30.215 W/audio_route( 260): Control 'AIF1 AD0R Mixer ADCR Switch' doesn't exist - skipping
06-13 20:07:30.215 W/audio_route( 260): Control 'AIF1 AD0L Mixer ADCL Switch' doesn't exist - skipping
06-13 20:07:30.215 W/audio_route( 260): Control 'ADCR Mux' doesn't exist - skipping
06-13 20:07:30.215 W/audio_route( 260): Control 'ADCL Mux' doesn't exist - skipping
06-13 20:07:30.215 W/audio_route( 260): Control 'LADC input Mixer MIC1 boost Switch' doesn't exist - skipping
06-13 20:07:30.215 W/audio_route( 260): Control 'RADC input Mixer MIC1 boost Switch' doesn't exist - skipping
06-13 20:07:30.215 W/audio_route( 260): Control 'AIF1OUT0R Mux' doesn't exist - skipping
06-13 20:07:30.215 W/audio_route( 260): Control 'AIF1OUT0L Mux' doesn't exist - skipping
06-13 20:07:30.215 W/audio_route( 260): Control 'AIF1 AD0R Mixer ADCR Switch' doesn't exist - skipping
06-13 20:07:30.215 W/audio_route( 260): Control 'AIF1 AD0L Mixer ADCL Switch' doesn't exist - skipping
06-13 20:07:30.215 W/audio_route( 260): Control 'ADCR Mux' doesn't exist - skipping
06-13 20:07:30.215 W/audio_route( 260): Control 'ADCL Mux' doesn't exist - skipping
06-13 20:07:30.215 W/audio_route( 260): Control 'MIC2 SRC' doesn't exist - skipping
06-13 20:07:30.215 W/audio_route( 260): Control 'LADC input Mixer MIC2 boost Switch' doesn't exist - skipping
06-13 20:07:30.215 W/audio_route( 260): Control 'RADC input Mixer MIC2 boost Switch' doesn't exist - skipping
06-13 20:07:30.215 W/audio_route( 260): Control 'ADCL Mux' doesn't exist - skipping
06-13 20:07:30.216 W/audio_route( 260): Control 'ADCR Mux' doesn't exist - skipping
06-13 20:07:30.216 W/audio_route( 260): Control 'AIF1 AD0L Mixer ADCL Switch' doesn't exist - skipping
06-13 20:07:30.216 W/audio_route( 260): Control 'AIF1 AD0R Mixer ADCR Switch' doesn't exist - skipping
06-13 20:07:30.216 W/audio_route( 260): Control 'AIF1OUT0L Mux' doesn't exist - skipping
06-13 20:07:30.216 W/audio_route( 260): Control 'AIF1OUT0R Mux' doesn't exist - skipping
06-13 20:07:30.216 W/audio_route( 260): Control 'AIF2 ADC volume' doesn't exist - skipping
06-13 20:07:30.216 W/audio_route( 260): Control 'LEFT ADC input Mixer MIC1 boost Switch' doesn't exist - skipping
06-13 20:07:30.216 W/audio_route( 260): Control 'ADCL Mux' doesn't exist - skipping
06-13 20:07:30.216 W/audio_route( 260): Control 'AIF2 ADL Mixer ADCL Switch' doesn't exist - skipping
06-13 20:07:30.216 W/audio_route( 260): Control 'AIF2OUTL Mux' doesn't exist - skipping
06-13 20:07:30.216 W/audio_route( 260): Control 'AIF2INL Mux' doesn't exist - skipping
06-13 20:07:30.216 W/audio_route( 260): Control 'AIF2INL Mux switch aif2inl aif2Switch' doesn't exist - skipping
06-13 20:07:30.216 W/audio_route( 260): Control 'DACL Mixer AIF2DACL Switch' doesn't exist - skipping
06-13 20:07:30.216 W/audio_route( 260): Control 'Right Output Mixer DACL Switch' doesn't exist - skipping
06-13 20:07:30.216 W/audio_route( 260): Control 'Left Output Mixer DACL Switch' doesn't exist - skipping
06-13 20:07:30.216 W/audio_route( 260): Control 'SPK_L Mux' doesn't exist - skipping
06-13 20:07:30.216 W/audio_route( 260): Control 'SPK_R Mux' doesn't exist - skipping
06-13 20:07:30.216 W/audio_route( 260): Control 'External Speaker Switch' doesn't exist - skipping
06-13 20:07:30.216 W/audio_route( 260): Control 'AIF2 ADC volume' doesn't exist - skipping
06-13 20:07:30.216 W/audio_route( 260): Control 'MIC2 SRC' doesn't exist - skipping
06-13 20:07:30.216 W/audio_route( 260): Control 'LEFT ADC input Mixer MIC2 boost Switch' doesn't exist - skipping
06-13 20:07:30.216 W/audio_route( 260): Control 'ADCL Mux' doesn't exist - skipping
06-13 20:07:30.216 W/audio_route( 260): Control 'AIF2 ADL Mixer ADCL Switch' doesn't exist - skipping
06-13 20:07:30.216 W/audio_route( 260): Control 'AIF2OUTL Mux' doesn't exist - skipping
06-13 20:07:30.216 W/audio_route( 260): Control 'AIF2INL Mux' doesn't exist - skipping
06-13 20:07:30.216 W/audio_route( 260): Control 'AIF2INL Mux switch aif2inl aif2Switch' doesn't exist - skipping
06-13 20:07:30.216 W/audio_route( 260): Control 'DACL Mixer AIF2DACL Switch' doesn't exist - skipping
06-13 20:07:30.216 W/audio_route( 260): Control 'Left Output Mixer DACL Switch' doesn't exist - skipping
06-13 20:07:30.216 W/audio_route( 260): Control 'Right Output Mixer DACL Switch' doesn't exist - skipping
06-13 20:07:30.216 W/audio_route( 260): Control 'HP_L Mux' doesn't exist - skipping
06-13 20:07:30.216 W/audio_route( 260): Control 'HP_R Mux' doesn't exist - skipping
06-13 20:07:30.216 W/audio_route( 260): Control 'Headphone Switch' doesn't exist - skipping
06-13 20:07:30.216 W/audio_route( 260): Control 'AIF2 ADC volume' doesn't exist - skipping
06-13 20:07:30.216 W/audio_route( 260): Control 'LEFT ADC input Mixer MIC1 boost Switch' doesn't exist - skipping
06-13 20:07:30.216 W/audio_route( 260): Control 'ADCL Mux' doesn't exist - skipping
06-13 20:07:30.216 W/audio_route( 260): Control 'AIF2 ADL Mixer ADCL Switch' doesn't exist - skipping
06-13 20:07:30.216 W/audio_route( 260): Control 'AIF2OUTL Mux' doesn't exist - skipping
06-13 20:07:30.216 W/audio_route( 260): Control 'AIF2INL Mux' doesn't exist - skipping
06-13 20:07:30.216 W/audio_route( 260): Control 'AIF2INL Mux switch aif2inl aif2Switch' doesn't exist - skipping
06-13 20:07:30.216 W/audio_route( 260): Control 'DACL Mixer AIF2DACL Switch' doesn't exist - skipping
06-13 20:07:30.216 W/audio_route( 260): Control 'Left Output Mixer DACL Switch' doesn't exist - skipping
06-13 20:07:30.216 W/audio_route( 260): Control 'Right Output Mixer DACL Switch' doesn't exist - skipping
