06-13 20:07:50.643 I/ActivityManager( 485): Start proc 2132:com.dangbei.zhushou.os/1000 for broadcast {com.dangbei.zhushou.os/com.dangbei.projector.assistant.receiver.BootReceiver}
06-13 20:07:50.650 I/Zygote ( 2132): seccomp disabled by setenforce 0
06-13 20:07:50.698 I/adbd ( 389): jdwp connection from 2132
06-13 20:07:50.744 I/TvApplication( 2100): Starting TV app 1.24-asop
06-13 20:07:50.745 I/TvApplication( 2100): Started TV app 1.24-asop
06-13 20:07:50.765 D/CompatibilityChangeReporter( 2132): Compat change id reported: 171979766; UID 1000; state: DISABLED
06-13 20:07:50.783 D/ApplicationLoaders( 2132): Returning zygote-cached class loader: /system/framework/android.test.base.jar
06-13 20:07:50.783 D/ApplicationLoaders( 2132): Returning zygote-cached class loader: /system/framework/android.hidl.manager-V1.0-java.jar
06-13 20:07:50.783 D/ApplicationLoaders( 2132): Returning zygote-cached class loader: /system/framework/android.hidl.base-V1.0-java.jar
06-13 20:07:50.820 E/hq ( 1101): ErrorCoroutineExceptionHandler:::runTry error:com.dangbei.leard.base.proider.error.EmptyApiException: 数据为空 from=requestMessageDialog from=requestMessageDialog
06-13 20:07:50.873 V/GraphicsEnvironment( 2132): ANGLE Developer option for 'com.dangbei.zhushou.os' set to: 'default'
06-13 20:07:50.873 V/GraphicsEnvironment( 2132): Neither updatable production driver nor prerelease driver is supported.
06-13 20:07:50.874 D/NetworkSecurityConfig( 2132): No Network Security Config specified, using platform default
06-13 20:07:50.875 D/NetworkSecurityConfig( 2132): No Network Security Config specified, using platform default
06-13 20:07:50.878 I/MultiDex( 2132): VM with version 2.1.0 has multidex support
06-13 20:07:50.878 I/MultiDex( 2132): Installing application
06-13 20:07:50.878 I/MultiDex( 2132): VM has multidex support, MultiDex support library is disabled.
06-13 20:07:50.950 I/b ( 2132): -----------> Auto switch user, userId: -3377459
06-13 20:07:50.950 I/b ( 2132): -----------> doSwitchUserInternal, userId: -3377459
06-13 20:07:50.954 D/yl ( 2132): com.wangjie.rapidorm.c.b.a-------------------the tables are {class com.dangbei.setting.provider.dal.db.model.User=com.dangbei.setting.provider.dal.db.model.c@45d55c3, class com.dangbei.setting.provider.dal.db.model.UserPreference=com.dangbei.setting.provider.dal.db.model.b@3b11e40}
06-13 20:07:51.055 W/IorapForwardingService( 485): No service published for: iorapd
06-13 20:07:51.088 D/CompatibilityChangeReporter( 2132): Compat change id reported: 147600208; UID 1000; state: DISABLED
06-13 20:07:51.132 I/Thread-5( 2132): type=1400 audit(0.0:628): avc: denied { read } for name="address" dev="sysfs" ino=28050 scontext=u:r:system_app:s0 tcontext=u:object_r:sysfs:s0 tclass=file permissive=1
06-13 20:07:51.136 I/Thread-5( 2132): type=1400 audit(0.0:629): avc: denied { open } for path="/sys/devices/platform/unisoc_wifi/net/wlan1/address" dev="sysfs" ino=28050 scontext=u:r:system_app:s0 tcontext=u:object_r:sysfs:s0 tclass=file permissive=1
06-13 20:07:51.136 I/Thread-5( 2132): type=1400 audit(0.0:630): avc: denied { getattr } for path="/sys/devices/platform/unisoc_wifi/net/wlan1/address" dev="sysfs" ino=28050 scontext=u:r:system_app:s0 tcontext=u:object_r:sysfs:s0 tclass=file permissive=1
06-13 20:07:51.148 I/EventThread( 273): type=1400 audit(0.0:631): avc: denied { search } for name="extcon" dev="sysfs" ino=18109 scontext=u:r:hal_tv_cec_default:s0 tcontext=u:object_r:sysfs_extcon:s0 tclass=dir permissive=1
06-13 20:07:51.201 I/TDLog ( 2132): setReportUncaughtExceptions: true
06-13 20:07:51.258 I/TDLog ( 2132): TalkingData App Analytics SDK init...
06-13 20:07:51.258 I/TDLog ( 2132): SDK_VERSION is: Android+TD+V4.0.22 gp Type:Native Build_Num:712
06-13 20:07:51.258 I/TDLog ( 2132): App ID is: 219DEBE67C3B47D799EED1190DEACA09
06-13 20:07:51.258 I/TDLog ( 2132): App Channel is: statisticSDK
06-13 20:07:51.258 I/TDLog ( 2132): SDK_OVC is: TDOVC+a004ba0d7e569531a3ac013fd19b4443+SaaS
06-13 20:07:51.277 D/CompatibilityChangeReporter( 485): Compat change id reported: 135634846; UID 10037; state: DISABLED
06-13 20:07:51.277 D/CompatibilityChangeReporter( 485): Compat change id reported: 177438394; UID 10037; state: DISABLED
06-13 20:07:51.277 D/CompatibilityChangeReporter( 485): Compat change id reported: 135772972; UID 10037; state: DISABLED
06-13 20:07:51.277 D/CompatibilityChangeReporter( 485): Compat change id reported: 135754954; UID 10037; state: ENABLED
06-13 20:07:51.278 D/CompatibilityChangeReporter( 485): Compat change id reported: 143937733; UID 10037; state: ENABLED
06-13 20:07:51.290 I/d.leradlaunche( 1101): Background young concurrent copying GC freed 49649(3170KB) AllocSpace objects, 120(3720KB) LOS objects, 9% free, 19MB/21MB, paused 509us total 285.360ms
06-13 20:07:51.307 D/Zygote ( 255): Forked child process 2219
06-13 20:07:51.308 I/ActivityManager( 485): app.processName = com.softwinner.timerswitch
06-13 20:07:51.308 I/ActivityManager( 485): Start proc 2219:com.softwinner.timerswitch/u0a37 for broadcast {com.softwinner.timerswitch/com.softwinner.timerswitch.AlarmReceiver}
06-13 20:07:51.322 I/Zygote ( 2219): seccomp disabled by setenforce 0
06-13 20:07:51.345 I/adbd ( 389): jdwp connection from 2219
06-13 20:07:51.363 I/CameraManagerGlobal( 2132): Connecting to camera service
06-13 20:07:51.387 D/CompatibilityChangeReporter( 485): Compat change id reported: 168419799; UID 10037; state: DISABLED
06-13 20:07:51.401 V/NFC ( 2132): this device does not have NFC support
06-13 20:07:51.428 D/CompatibilityChangeReporter( 2219): Compat change id reported: 171979766; UID 10037; state: ENABLED
06-13 20:07:51.484 I/Thread-5( 2132): type=1400 audit(0.0:632): avc: denied { search } for name="tmp" dev="mmcblk0p25" ino=85 scontext=u:r:system_app:s0 tcontext=u:object_r:shell_data_file:s0 tclass=dir permissive=1
06-13 20:07:51.493 W/audit ( 2219): audit_lost=202 audit_rate_limit=5 audit_backlog_limit=64
06-13 20:07:51.493 E/audit ( 2219): rate limit exceeded
06-13 20:07:51.620 V/GraphicsEnvironment( 2219): ANGLE Developer option for 'com.softwinner.timerswitch' set to: 'default'
06-13 20:07:51.620 V/GraphicsEnvironment( 2219): Neither updatable production driver nor prerelease driver is supported.
06-13 20:07:51.624 D/NetworkSecurityConfig( 2219): No Network Security Config specified, using platform default
06-13 20:07:51.624 D/NetworkSecurityConfig( 2219): No Network Security Config specified, using platform default
06-13 20:07:51.661 D/TAG_AlarmReceiver( 2219): receive broadcast, curTime : 2025-06-13 20:07:51
06-13 20:07:51.661 D/TAG_AlarmReceiver( 2219): ********receive system bootUp broadcast*********
06-13 20:07:51.693 I/UtilCommon( 2132): bluetoothMac=B4:2F:03:15:73:2F
06-13 20:07:51.712 D/UtilLog ( 2132): key=deviceid
06-13 20:07:51.713 D/UtilLog ( 2132): values=9337461ad16d364850e5af80add373a6
06-13 20:07:51.713 D/UtilLog ( 2132): DesValues=grSXQIsadmTV/4sUMRV5fsx6rYRwWP1ZBABYMAj24dtfjE0XBiCQqg==
06-13 20:07:51.713 D/UtilLog ( 2132):
06-13 20:07:51.713 D/UtilLog ( 2132): key=dev_uuid
06-13 20:07:51.713 D/UtilLog ( 2132): values=3a9e4eb3-c550-436f-9c49-87e85f0d3e57
06-13 20:07:51.714 D/UtilLog ( 2132): DesValues=kHY+wlIGD2Q3ShRoNcHgncifsUmIvcUyfgSv3jr1MKVhnO98b6thdA==
06-13 20:07:51.730 D/UtilLog ( 2132):
06-13 20:07:51.730 D/UtilLog ( 2132): key=channel
06-13 20:07:51.730 D/UtilLog ( 2132): values=DBOS_DBBOX-A2
06-13 20:07:51.730 D/UtilLog ( 2132): DesValues=U2rMDSNEX4hlxebfMfvE5w==
06-13 20:07:51.731 D/UtilLog ( 2132):
06-13 20:07:51.731 D/UtilLog ( 2132): key=packagelist
06-13 20:07:51.731 D/UtilLog ( 2132): values=com.dangbei.lerad.rocky;com.dangbei.leard.leradlauncher;com.dangbei.zhushou.os;com.dangbei.lerad.leradwatcher
06-13 20:07:51.731 D/UtilLog ( 2132): DesValues=byaAjpuYP7Md9ImftnY6oL+u5Tex4kQ5jeOCkuyRk9SkGPr4UI1BJNL8hrF+2ShyB2oVVKVfAi8PlHx6PKeqfviwQR31zZWiutQ4uv9uOzMk4hV4bCp4ke5dnZ39kxd9UZG/Y45KL29MEmA74Oe5eQ==
06-13 20:07:51.731 D/UtilLog ( 2132):
06-13 20:07:51.731 D/UtilLog ( 2132): key=mac
06-13 20:07:51.732 D/UtilLog ( 2132): values=20:02:FE:19:C2:0E
06-13 20:07:51.732 D/UtilLog ( 2132): DesValues=nYMpcx8K3oNMsCNOIRB5d95iGKEedXib
06-13 20:07:51.732 D/UtilLog ( 2132):
06-13 20:07:51.732 D/UtilLog ( 2132): key=wifimac
06-13 20:07:51.732 D/UtilLog ( 2132): values=B4:2F:03:15:E8:B9
06-13 20:07:51.732 D/UtilLog ( 2132): DesValues=GtiP38bn9GIEdt8JW6xqeDqOnpqpvbwg
06-13 20:07:51.732 D/UtilLog ( 2132):
06-13 20:07:51.732 D/UtilLog ( 2132): key=uuid
06-13 20:07:51.732 D/UtilLog ( 2132): values=8656ac13-6b81-4ff2-987f-b2fa705954ca
06-13 20:07:51.732 D/UtilLog ( 2132): DesValues=zLHuVO1+xxa++LrGpZnqODPMq1YAmG0M9RUbAfxuEDWjP5YxvMVZfw==
06-13 20:07:51.732 D/UtilLog ( 2132):
06-13 20:07:51.732 D/UtilLog ( 2132): key=appname
06-13 20:07:51.733 D/UtilLog ( 2132): values=电视管家
06-13 20:07:51.733 D/UtilLog ( 2132): DesValues=iqL5Rox+365YgqkQrzmGew==
06-13 20:07:51.733 D/UtilLog ( 2132):
06-13 20:07:51.733 D/UtilLog ( 2132): key=packagename
06-13 20:07:51.733 D/UtilLog ( 2132): values=com.dangbei.zhushou.os
06-13 20:07:51.733 D/UtilLog ( 2132): DesValues=byaAjpuYP7N/v7Z6kyOIN8JduvsEBDYD
06-13 20:07:51.733 D/UtilLog ( 2132):
06-13 20:07:51.733 D/UtilLog ( 2132): key=vname
06-13 20:07:51.733 D/UtilLog ( 2132): values=4.0.0.0.1
06-13 20:07:51.733 D/UtilLog ( 2132): DesValues=ZmbdbetpP3xQfy8gEtIzGg==
06-13 20:07:51.733 D/UtilLog ( 2132):
06-13 20:07:51.744 D/UtilLog ( 2132): key=vcode
06-13 20:07:51.745 D/UtilLog ( 2132): values=40001
06-13 20:07:51.745 D/UtilLog ( 2132): DesValues=xHelLudSdno=
06-13 20:07:51.745 D/UtilLog ( 2132):
06-13 20:07:51.745 D/UtilLog ( 2132): key=brand
06-13 20:07:51.768 D/UtilLog ( 2132): values=Dangbei
06-13 20:07:51.768 D/UtilLog ( 2132): DesValues=w3F/S11z4cQ=
06-13 20:07:51.768 D/UtilLog ( 2132):
06-13 20:07:51.768 D/UtilLog ( 2132): key=boxfactory
06-13 20:07:51.769 D/UtilLog ( 2132): values=Allwinner
06-13 20:07:51.769 D/UtilLog ( 2132): DesValues=Z82sBMOvjTwCcRqjeHOwaQ==
06-13 20:07:51.769 D/UtilLog ( 2132):
06-13 20:07:51.769 D/UtilLog ( 2132): key=rommodel
06-13 20:07:51.769 D/UtilLog ( 2132): values=DBBOX-A2
06-13 20:07:51.769 D/UtilLog ( 2132): DesValues=Cp0N6KH6T4JIJBzkJvj0FQ==
06-13 20:07:51.769 D/UtilLog ( 2132):
06-13 20:07:51.769 D/UtilLog ( 2132): key=cpuserial
06-13 20:07:51.770 D/UtilLog ( 2132): values=0000000000000000
06-13 20:07:51.770 D/UtilLog ( 2132): DesValues=nNQaqXf/biPbsaIvekQHd7yInvBfbZxz
06-13 20:07:51.770 D/UtilLog ( 2132):
06-13 20:07:51.770 D/UtilLog ( 2132): key=cpuimei
06-13 20:07:51.770 D/UtilLog ( 2132): values=armeabi-v7a
06-13 20:07:51.770 D/UtilLog ( 2132): DesValues=eB2sQ5wFJ4fV9rAgxgt0kQ==
06-13 20:07:51.770 D/UtilLog ( 2132):
06-13 20:07:51.770 D/UtilLog ( 2132): key=sn
06-13 20:07:51.770 D/UtilLog ( 2132): values=DZOH58251975972
06-13 20:07:51.770 D/UtilLog ( 2132): DesValues=DRq9pIo+PTwmTD//cfZ/vQ==
06-13 20:07:51.770 D/UtilLog ( 2132):
06-13 20:07:51.770 D/UtilLog ( 2132): key=osversion
06-13 20:07:51.771 D/UtilLog ( 2132): values=12
06-13 20:07:51.771 D/UtilLog ( 2132): DesValues=z4Vde2HU9Lg=
06-13 20:07:51.771 D/UtilLog ( 2132):
06-13 20:07:51.771 D/UtilLog ( 2132): key=oscode
06-13 20:07:51.771 D/UtilLog ( 2132): values=31
06-13 20:07:51.771 D/UtilLog ( 2132): DesValues=uYf7cxwIekI=
06-13 20:07:51.771 D/UtilLog ( 2132):
06-13 20:07:51.771 D/UtilLog ( 2132): key=is_write
06-13 20:07:51.771 D/UtilLog ( 2132): values=0
06-13 20:07:51.771 D/UtilLog ( 2132): DesValues=fhgfj/J6fiI=
06-13 20:07:51.772 D/UtilLog ( 2132):
06-13 20:07:51.772 D/UtilLog ( 2132): key=romvername
06-13 20:07:51.772 D/UtilLog ( 2132): values=5.0.1.0
06-13 20:07:51.772 D/UtilLog ( 2132): DesValues=/CG4LR/QX40=
06-13 20:07:51.772 D/UtilLog ( 2132):
06-13 20:07:51.772 D/UtilLog ( 2132): key=romvercode
06-13 20:07:51.772 D/UtilLog ( 2132): values=5010
06-13 20:07:51.772 D/UtilLog ( 2132): DesValues=lRKW4Ewp/Fs=
06-13 20:07:51.772 D/UtilLog ( 2132):
06-13 20:07:51.772 D/UtilLog ( 2132): key=bluetoothmac
06-13 20:07:51.773 D/UtilLog ( 2132): values=B4:2F:03:15:73:2F
06-13 20:07:51.773 D/UtilLog ( 2132): DesValues=GtiP38bn9GLoWd2G50EnLjjL7wYIasXU
06-13 20:07:51.773 D/UtilLog ( 2132):
06-13 20:07:51.773 D/UtilLog ( 2132): key=rommodelnumber
06-13 20:07:51.773 D/UtilLog ( 2132): values=H5232
06-13 20:07:51.773 D/UtilLog ( 2132): DesValues=FkBqlkWzuas=
06-13 20:07:51.773 D/UtilLog ( 2132):
06-13 20:07:51.773 D/UtilLog ( 2132): key=userid
06-13 20:07:51.773 D/UtilLog ( 2132): values=-1
06-13 20:07:51.773 D/UtilLog ( 2132): DesValues=U8kqhGxUlIA=
06-13 20:07:51.773 D/UtilLog ( 2132):
06-13 20:07:51.773 D/UtilLog ( 2132): key=ip
06-13 20:07:51.774 D/UtilLog ( 2132): values=
06-13 20:07:51.774 D/UtilLog ( 2132): DesValues=gKen3SyYFuE=
06-13 20:07:51.774 D/UtilLog ( 2132):
06-13 20:07:51.776 W/BroadcastQueue( 485): Permission Denial: receiving Intent { act=android.intent.action.BOOT_COMPLETED flg=0x89000010 (has extras) } to com.cibn.tv/com.yunos.tv.yingshi.boutique.boot.TotalActionReceiver requires android.permission.RECEIVE_BOOT_COMPLETED due to sender null (uid 1000)
06-13 20:07:51.778 I/ActivityManager( 485): Finished processing BOOT_COMPLETED for u0
06-13 20:07:51.779 W/BroadcastQueue( 485): Background execution not allowed: receiving Intent { act=android.bluetooth.adapter.action.STATE_CHANGED flg=0x4000010 (has extras) } to com.dangbei.lerad.etna.haqu/com.dangbei.remotecontroller.RemoteControllerReceiver
06-13 20:07:51.781 D/CompatibilityChangeReporter( 485): Compat change id reported: 135634846; UID 10024; state: DISABLED
06-13 20:07:51.782 D/CompatibilityChangeReporter( 485): Compat change id reported: 143937733; UID 10024; state: DISABLED
06-13 20:07:51.808 D/Zygote ( 255): Forked child process 2259
06-13 20:07:51.810 I/ActivityManager( 485): app.processName = com.dangbei.screencast
06-13 20:07:51.810 I/ActivityManager( 485): Start proc 2259:com.dangbei.screencast/u0a24 for broadcast {com.dangbei.screencast/com.dangbei.screencast.startup.BootReceiver}
06-13 20:07:51.820 I/Zygote ( 2259): seccomp disabled by setenforce 0
06-13 20:07:51.883 I/adbd ( 389): jdwp connection from 2259
06-13 20:07:51.980 I/System.out( 2132): true
06-13 20:07:52.014 D/CompatibilityChangeReporter( 485): Compat change id reported: 168419799; UID 10024; state: DISABLED
06-13 20:07:52.029 D/CompatibilityChangeReporter( 2259): Compat change id reported: 171979766; UID 10024; state: DISABLED
06-13 20:07:52.035 I/System.out( 2132): true
06-13 20:07:52.058 W/IorapForwardingService( 485): No service published for: iorapd
06-13 20:07:52.089 D/ApplicationLoaders( 2259): Returning zygote-cached class loader: /system/framework/android.test.base.jar
06-13 20:07:52.089 D/ApplicationLoaders( 2259): Returning zygote-cached class loader: /system/framework/android.hidl.manager-V1.0-java.jar
06-13 20:07:52.089 D/ApplicationLoaders( 2259): Returning zygote-cached class loader: /system/framework/android.hidl.base-V1.0-java.jar
06-13 20:07:52.136 I/ProcessingThrea( 2132): type=1400 audit(0.0:858): avc: denied { getattr } for path="/dev/snd" dev="tmpfs" ino=177 scontext=u:r:system_app:s0 tcontext=u:object_r:audio_device:s0 tclass=dir permissive=1
06-13 20:07:52.136 I/ProcessingThrea( 2132): type=1400 audit(0.0:859): avc: denied { write } for name="sys" dev="tmpfs" ino=3628 scontext=u:r:system_app:s0 tcontext=u:object_r:device:s0 tclass=dir permissive=1
06-13 20:07:52.136 I/ProcessingThrea( 2132): type=1400 audit(0.0:860): avc: denied { write } for name="cgroup_info" dev="tmpfs" ino=1568 scontext=u:r:system_app:s0 tcontext=u:object_r:cgroup_rc_file:s0 tclass=dir permissive=1
06-13 20:07:52.140 I/ProcessingThrea( 2132): type=1400 audit(0.0:861): avc: denied { write } for name="backup_stage" dev="mmcblk0p25" ino=127 scontext=u:r:system_app:s0 tcontext=u:object_r:cache_backup_file:s0 tclass=dir permissive=1
06-13 20:07:52.140 I/ProcessingThrea( 2132): type=1400 audit(0.0:862): avc: denied { getattr } for path="/data/cache/backup" dev="mmcblk0p25" ino=128 scontext=u:r:system_app:s0 tcontext=u:object_r:cache_private_backup_file:s0 tclass=dir permissive=1
06-13 20:07:52.202 V/GraphicsEnvironment( 2259): ANGLE Developer option for 'com.dangbei.screencast' set to: 'default'
06-13 20:07:52.203 V/GraphicsEnvironment( 2259): Neither updatable production driver nor prerelease driver is supported.
06-13 20:07:52.206 D/NetworkSecurityConfig( 2259): Using Network Security Config from resource network_security_config debugBuild: false
06-13 20:07:52.212 D/NetworkSecurityConfig( 2259): Using Network Security Config from resource network_security_config debugBuild: false
06-13 20:07:52.244 I/MultiDex( 2259): VM with version 2.1.0 has multidex support
06-13 20:07:52.244 I/MultiDex( 2259): Installing application
06-13 20:07:52.244 I/MultiDex( 2259): VM has multidex support, MultiDex support library is disabled.
06-13 20:07:52.287 E/PartsInfoProvider( 2259): onCreate:
06-13 20:07:52.295 W/ActivityManager( 485): Background start not allowed: service Intent { act=com.dangbei.screencast.STARTUP pkg=com.dangbei.screencast } to com.dangbei.screencast/.startup.StartupService from pid=2259 uid=10024 pkg=com.dangbei.screencast startFg?=false
06-13 20:07:52.296 W/System.err( 2259): android.app.BackgroundServiceStartNotAllowedException: Not allowed to start service Intent { act=com.dangbei.screencast.STARTUP pkg=com.dangbei.screencast }: app is in background uid UidRecord{1d8bb49 u0a24 RCVR idle change:idle|uncached procs:0 seq(0,0,0)}
06-13 20:07:52.297 W/System.err( 2259): at android.app.ContextImpl.startServiceCommon(ContextImpl.java:1861)
06-13 20:07:52.297 W/System.err( 2259): at android.app.ContextImpl.startService(ContextImpl.java:1817)
06-13 20:07:52.297 W/System.err( 2259): at android.content.ContextWrapper.startService(ContextWrapper.java:774)
06-13 20:07:52.297 W/System.err( 2259): at b.f.f.h.g.k.a(Unknown Source:20)
06-13 20:07:52.297 W/System.err( 2259): at com.dangbei.screencast.provider.PartsInfoProvider.onCreate(:2)
06-13 20:07:52.297 W/System.err( 2259): at android.content.ContentProvider.attachInfo(ContentProvider.java:2404)
06-13 20:07:52.297 W/System.err( 2259): at android.content.ContentProvider.attachInfo(ContentProvider.java:2374)
06-13 20:07:52.297 W/System.err( 2259): at android.app.ActivityThread.installProvider(ActivityThread.java:7437)
06-13 20:07:52.297 W/System.err( 2259): at android.app.ActivityThread.installContentProviders(ActivityThread.java:6954)
06-13 20:07:52.297 W/System.err( 2259): at android.app.ActivityThread.handleBindApplication(ActivityThread.java:6725)
06-13 20:07:52.297 W/System.err( 2259): at android.app.ActivityThread.access$1500(ActivityThread.java:247)
06-13 20:07:52.297 W/System.err( 2259): at android.app.ActivityThread$H.handleMessage(ActivityThread.java:2053)
06-13 20:07:52.297 W/System.err( 2259): at android.os.Handler.dispatchMessage(Handler.java:106)
06-13 20:07:52.297 W/System.err( 2259): at android.os.Looper.loopOnce(Looper.java:201)
06-13 20:07:52.297 W/System.err( 2259): at android.os.Looper.loop(Looper.java:288)
06-13 20:07:52.297 W/System.err( 2259): at android.app.ActivityThread.main(ActivityThread.java:7854)
06-13 20:07:52.297 W/System.err( 2259): at java.lang.reflect.Method.invoke(Native Method)
06-13 20:07:52.298 W/System.err( 2259): at com.android.internal.os.RuntimeInit$MethodAndArgsCaller.run(RuntimeInit.java:548)
06-13 20:07:52.298 W/System.err( 2259): at com.android.internal.os.ZygoteInit.main(ZygoteInit.java:1182)
06-13 20:07:52.303 W/ActivityManager( 485): Background start not allowed: service Intent { act=com.dangbei.screencast.STARTUP pkg=com.dangbei.screencast } to com.dangbei.screencast/.startup.StartupService from pid=2259 uid=10024 pkg=com.dangbei.screencast startFg?=false
06-13 20:07:52.304 W/System.err( 2259): android.app.BackgroundServiceStartNotAllowedException: Not allowed to start service Intent { act=com.dangbei.screencast.STARTUP pkg=com.dangbei.screencast }: app is in background uid UidRecord{1d8bb49 u0a24 RCVR idle change:idle|uncached procs:0 seq(0,0,0)}
06-13 20:07:52.305 W/System.err( 2259): at android.app.ContextImpl.startServiceCommon(ContextImpl.java:1861)
06-13 20:07:52.305 W/System.err( 2259): at android.app.ContextImpl.startService(ContextImpl.java:1817)
06-13 20:07:52.305 W/System.err( 2259): at android.content.ContextWrapper.startService(ContextWrapper.java:774)
06-13 20:07:52.305 W/System.err( 2259): at b.f.f.h.g.k.a(Unknown Source:20)
06-13 20:07:52.305 W/System.err( 2259): at com.dangbei.screencast.common.utils.remotepreferences.ScreenCastPreferenceProvider.onCreate(Unknown Source:11)
06-13 20:07:52.305 W/System.err( 2259): at android.content.ContentProvider.attachInfo(ContentProvider.java:2404)
06-13 20:07:52.305 W/System.err( 2259): at android.content.ContentProvider.attachInfo(ContentProvider.java:2374)
06-13 20:07:52.305 W/System.err( 2259): at android.app.ActivityThread.installProvider(ActivityThread.java:7437)
06-13 20:07:52.305 W/System.err( 2259): at android.app.ActivityThread.installContentProviders(ActivityThread.java:6954)
06-13 20:07:52.305 W/System.err( 2259): at android.app.ActivityThread.handleBindApplication(ActivityThread.java:6725)
06-13 20:07:52.305 W/System.err( 2259): at android.app.ActivityThread.access$1500(ActivityThread.java:247)
06-13 20:07:52.305 W/System.err( 2259): at android.app.ActivityThread$H.handleMessage(ActivityThread.java:2053)
06-13 20:07:52.305 W/System.err( 2259): at android.os.Handler.dispatchMessage(Handler.java:106)
06-13 20:07:52.305 W/System.err( 2259): at android.os.Looper.loopOnce(Looper.java:201)
06-13 20:07:52.306 W/System.err( 2259): at android.os.Looper.loop(Looper.java:288)
06-13 20:07:52.306 W/System.err( 2259): at android.app.ActivityThread.main(ActivityThread.java:7854)
06-13 20:07:52.306 W/System.err( 2259): at java.lang.reflect.Method.invoke(Native Method)
06-13 20:07:52.306 W/System.err( 2259): at com.android.internal.os.RuntimeInit$MethodAndArgsCaller.run(RuntimeInit.java:548)
06-13 20:07:52.306 W/System.err( 2259): at com.android.internal.os.ZygoteInit.main(ZygoteInit.java:1182)
06-13 20:07:52.338 D/AndroidAutoSize( 2259): designWidthInDp = 360, designHeightInDp = 640, screenWidth = 1920, screenHeight = 1080
06-13 20:07:52.338 D/AndroidAutoSize( 2259): initDensity = 1.5, initScaledDensity = 1.5
06-13 20:07:52.354 I/d.leradlaunche( 1101): Background concurrent copying GC freed 52776(2256KB) AllocSpace objects, 185(5388KB) LOS objects, 49% free, 24MB/48MB, paused 5.026ms total 1.025s
06-13 20:07:52.366 D/CompatibilityChangeReporter( 485): Compat change id reported: 149924527; UID 10024; state: ENABLED
06-13 20:07:52.368 D/CompatibilityChangeReporter( 485): Compat change id reported: 132649864; UID 10024; state: DISABLED
06-13 20:07:52.459 D/SntpClient( 485): request time failed: java.net.SocketTimeoutException: Poll timed out
06-13 20:07:52.503 W/audit ( 2319): audit_lost=474 audit_rate_limit=5 audit_backlog_limit=64
06-13 20:07:52.503 E/audit ( 2319): rate limit exceeded
06-13 20:07:52.570 I/crashsdk( 2259): version unique build id: 6230cced
06-13 20:07:52.576 D/crashsdk( 2259): Native log stat thread 2329 setup, waiting
06-13 20:07:52.580 I/crashsdk( 2259): begin hack android.os.Process
06-13 20:07:52.580 I/crashsdk( 2259): end hack android.os.Process
06-13 20:07:52.583 I/TDLog ( 2259): setReportUncaughtExceptions: true
06-13 20:07:52.586 E/Application( 2259): onCreate:Version:v2.8.3/20830/883432e
06-13 20:07:52.614 I/Matrix.AnrTracer( 2259): anrTrace, final mAnrBeatTime:400, mAnrBeatRate:400
06-13 20:07:52.629 I/ActivityManager( 485): Background started FGS: Allowed [callingPackage: com.dangbei.screencast; callingUid: 10024; uidState: RCVR; intent: Intent { act=com.dangbei.screencast.STARTUP pkg=com.dangbei.screencast }; code:SYSTEM_ALERT_WINDOW_PERMISSION; tempAllowListReason:; targetSdkVersion:28; callerTargetSdkVersion:28; startForegroundCount:0; bindFromPackage:null]
06-13 20:07:52.629 I/TDLog ( 2259): TalkingData SDK init...
06-13 20:07:52.629 I/TDLog ( 2259): SDK_VERSION is: Android+TD+V5.0.7 gp Type:Native Build_Num:2141
06-13 20:07:52.629 I/TDLog ( 2259): App ID is: B9D7815EC975466AB1332111FCE62DF5
06-13 20:07:52.629 I/TDLog ( 2259): App Channel is: os
06-13 20:07:52.629 I/TDLog ( 2259): App Custom is:
06-13 20:07:52.629 I/TDLog ( 2259): SDK_OVC is: TDOVC+a3bb7754719798526508b6caad480dd7+SaaS
06-13 20:07:52.634 D/LaunchConfigManager( 2259): check in allready
06-13 20:07:52.638 I/LaunchTrace( 2259): begin sendLaunchCache
06-13 20:07:52.646 W/efs.send_log( 2259): tryFileLock start!
06-13 20:07:52.652 I/crashsdk( 2259): Catcher mask: 5000, 20480
06-13 20:07:52.657 I/crashsdk( 2259): Catcher thread 2264
06-13 20:07:52.657 D/crashsdk( 2259): Register ANR handler ...
06-13 20:07:52.671 W/efs.send_log( 2259): tryFileLock sendlock sucess! processname: com.dangbei.screencast
06-13 20:07:52.676 W/ActivityManager( 485): Foreground service started from background can not have location/camera/microphone access: service com.dangbei.screencast/.startup.StartupService
06-13 20:07:52.678 I/efs.config( 2259): --->>> 删除旧的配置文件 false
06-13 20:07:52.679 I/efs.base( 2259): lt=event`ev_ct=efs_core`ev_ac=pvuv`tm=2025-06-13 20:07:67`dn=2289c95e-3796-4344-a6ef-a055e65e00e3`ps=com.dangbei.screencast`um_os=android`stime=1749816472235`pid=2259`fr=android`pkg=com.dangbei.screencast`vcode=20830`dsp_w=1920`uid=2289c95e-3796-4344-a6ef-a055e65e00e3`rom=12`wid=2289c95e-3796-4344-a6ef-a055e65e00e3`um_app_carrier=`um_access=wifi`um_app_channel=os`um_crash_sdk_version=1.4.0`ctime=1749816472`model=dbbox-a2`lang=zh`net=wifi`brand=dangbei`dsp_h=1080`um_network_type=0`ver=v2.8.3`build_model=DBBOX-A2`w_tm=1749816472`appid=5fc60c21094d637f3130af19`um_umid_header=aie4002df3a8ac35b33f2f3a10056a81bf`sdk=31`tzone=Asia/Shanghai`sdk_ver=1.3.6.umeng
06-13 20:07:52.680 I/ActivityManager( 485): Deferring FGS notification in legacy app com.dangbei.screencast/u0a24 : Notification(channel=channel_record shortcut=null contentView=null vibrate=null sound=null defaults=0x0 flags=0x60 color=0x00000000 category=transport vis=PUBLIC)
06-13 20:07:52.685 I/efs.config( 2259): current config version (-1) is older than another (1735614866)
06-13 20:07:52.685 I/efs.config( 2259): load config from storage and notify observer
06-13 20:07:52.705 E/WifiHAL ( 662): wifi_get_link_stats: requestResponse Error:-5
06-13 20:07:52.706 E/WifiVendorHal( 485): getWifiLinkLayerStats_1_5_Internal(l.1191) failed {.code = ERROR_INVALID_ARGS, .description = }
06-13 20:07:52.751 E/raop ( 2259): *********************AirplayBroadcastServer+++++++++
06-13 20:07:52.757 D/NsdService( 485): New client listening to asynchronous messages
06-13 20:07:52.757 D/NsdService( 485): New client, channel: com.android.internal.util.AsyncChannel@67fb34f messenger: android.os.Messenger@b1b9adc
06-13 20:07:52.758 D/CompatibilityChangeReporter( 2259): Compat change id reported: 191844585; UID 10024; state: DISABLED
06-13 20:07:52.790 I/ActivityManager( 485): Background started FGS: Allowed [callingPackage: com.dangbei.screencast; callingUid: 10024; uidState: FGS ; intent: Intent { cmp=com.dangbei.screencast/.huaweicast.service.HuaweiCastService }; code:PROC_STATE_FGS; tempAllowListReason:; targetSdkVersion:28; callerTargetSdkVersion:28; startForegroundCount:0; bindFromPackage:null]
06-13 20:07:52.797 E/H264FrameQueue( 2259): H264FrameQueue: mFullQueueCount:200
06-13 20:07:52.807 W/System ( 2132): A resource failed to call close.
06-13 20:07:52.812 D/wenhc ( 1101): getScreenInfo uri = content://com.dangbei.screencast.parts.info/screen_cast
06-13 20:07:52.865 W/efs.info.manager( 2259): network change: wifi
06-13 20:07:52.881 D/CompatibilityChangeReporter( 485): Compat change id reported: 168419799; UID 1000; state: DISABLED
06-13 20:07:52.883 D/RockyVoice( 1245): RestartReceiver onReceive
06-13 20:07:52.887 I/MobclickAgent( 2259): module init:azioc
06-13 20:07:52.890 D/RockyVoice( 1245): RestartReceiver onReceive
06-13 20:07:52.890 E/HuaweiCastService( 2259): onCreate called().
06-13 20:07:52.894 W/BroadcastQueue( 485): Background execution not allowed: receiving Intent { act=android.bluetooth.adapter.action.STATE_CHANGED flg=0x4000010 (has extras) } to com.dangbei.lerad.etna.haqu/com.dangbei.remotecontroller.RemoteControllerReceiver
06-13 20:07:52.897 D/CompatibilityChangeReporter( 485): Compat change id reported: 135634846; UID 10027; state: DISABLED
06-13 20:07:52.897 D/CompatibilityChangeReporter( 485): Compat change id reported: 177438394; UID 10027; state: DISABLED
06-13 20:07:52.898 D/CompatibilityChangeReporter( 485): Compat change id reported: 135772972; UID 10027; state: DISABLED
06-13 20:07:52.898 D/CompatibilityChangeReporter( 485): Compat change id reported: 135754954; UID 10027; state: ENABLED
06-13 20:07:52.898 D/CompatibilityChangeReporter( 485): Compat change id reported: 143937733; UID 10027; state: ENABLED
06-13 20:07:52.903 I/WifiService( 485): acquireMulticastLock uid=10024
06-13 20:07:52.908 I/WifiService( 485): acquireMulticastLock uid=10024
06-13 20:07:52.917 D/Zygote ( 255): Forked child process 2389
06-13 20:07:52.918 I/ActivityManager( 485): app.processName = com.android.externalstorage
06-13 20:07:52.918 I/ActivityManager( 485): Start proc 2389:com.android.externalstorage/u0a27 for broadcast {com.android.externalstorage/com.android.externalstorage.MountReceiver}
06-13 20:07:52.925 E/PlayerClient( 2259): registerCallback com.dangbei.screencast.huaweicast.service.HuaweiCastService$a@f5d79e5
06-13 20:07:52.925 D/PlayerClient( 2259): registerCallback true
06-13 20:07:52.925 D/PlayerClient( 2259): init.
06-13 20:07:52.930 W/KIT_FWK_a( 2259): KitFwk is not installed, pls do not use related interfaces.
06-13 20:07:52.932 W/KIT_FWK_a( 2259): KitFwk is not installed, pls do not use related interfaces.
06-13 20:07:52.932 E/PlayerClient( 2259): bind player service by aar.
06-13 20:07:52.932 I/Zygote ( 2389): seccomp disabled by setenforce 0
06-13 20:07:52.940 E/hq ( 1101): ErrorCoroutineExceptionHandler:::runTry error:com.dangbei.leard.base.proider.error.EmptyApiException: 数据为空 from=requestMessageDialog from=requestMessageDialog
06-13 20:07:52.951 D/PlayerClient( 2259): bind player sink service true
06-13 20:07:52.959 I/adbd ( 389): jdwp connection from 2389
06-13 20:07:52.968 W/ActivityManager( 485): Foreground service started from background can not have location/camera/microphone access: service com.dangbei.screencast/.huaweicast.service.HuaweiCastService
06-13 20:07:52.970 E/HuaweiCastService( 2259): startForeground!
06-13 20:07:52.979 E/HuaweiCastService( 2259): onStartCommand in 0
06-13 20:07:53.007 D/CompatibilityChangeReporter( 485): Compat change id reported: 168419799; UID 10027; state: DISABLED
06-13 20:07:53.017 D/CompatibilityChangeReporter( 2389): Compat change id reported: 171979766; UID 10027; state: ENABLED
06-13 20:07:53.060 W/IorapForwardingService( 485): No service published for: iorapd
06-13 20:07:53.062 D/HiSight-SinkService( 2259): onCreate.
06-13 20:07:53.095 D/HiSight-ConnectionManager( 2259): start ConnectionManager
06-13 20:07:53.105 D/HiSight-SinkService( 2259): onBind.
06-13 20:07:53.110 D/PlayerClient( 2259): service connected.
06-13 20:07:53.111 D/HiSight-SinkService( 2259): ITaskBinder registerCallback: true
06-13 20:07:53.111 D/HiSight-HiSightManager( 2259): ITaskBinder registerCallback.
06-13 20:07:53.111 D/HiSight-CallbackManager( 2259): addNewCallback. com.dangbei.screencast.huaweicast.service.HuaweiCastService$a@f5d79e5
06-13 20:07:53.112 E/HuaweiCastService( 2259): eventId: 4001
06-13 20:07:53.114 E/HuaweiCastService( 2259): mPlayerClient is null.
06-13 20:07:53.114 D/HiSight-HiSightManager( 2259): check capability vbr range not setting, using default value
06-13 20:07:53.115 E/HuaweiCastService( 2259): mPlayerClient is null.
06-13 20:07:53.116 D/HiSight-SinkService( 2259): setAuthMode
06-13 20:07:53.116 W/HiSight-ConnectionManager( 2259): mSinkId is empty
06-13 20:07:53.118 V/GraphicsEnvironment( 2389): ANGLE Developer option for 'com.android.externalstorage' set to: 'default'
06-13 20:07:53.118 W/TelephonyPermissions( 485): reportAccessDeniedToReadIdentifiers:com.dangbei.screencast:getSerial:-1
06-13 20:07:53.118 V/GraphicsEnvironment( 2389): Neither updatable production driver nor prerelease driver is supported.
06-13 20:07:53.119 D/NetworkSecurityConfig( 2389): No Network Security Config specified, using platform default
06-13 20:07:53.120 D/NetworkSecurityConfig( 2389): No Network Security Config specified, using platform default
06-13 20:07:53.133 D/ExternalStorage( 2389): After updating volumes, found 1 active roots
06-13 20:07:53.137 D/ExternalStorage( 2389): After updating volumes, found 1 active roots
06-13 20:07:53.140 I/work_thread( 2259): type=1400 audit(0.0:932): avc: denied { rename } for name="umeng_general_config.xml" dev="mmcblk0p25" ino=9501 scontext=u:r:platform_app:s0:c512,c768 tcontext=u:object_r:app_data_file:s0:c512,c768 tclass=file permissive=1 app=com.dangbei.screencast
06-13 20:07:53.148 E/DiskReceiver( 819): Missing fsUuid, not launching activity.
06-13 20:07:53.153 D/ExternalStorage( 2389): After updating volumes, found 1 active roots
06-13 20:07:53.152 I/EventThread( 273): type=1400 audit(0.0:933): avc: denied { search } for name="extcon" dev="sysfs" ino=18109 scontext=u:r:hal_tv_cec_default:s0 tcontext=u:object_r:sysfs_extcon:s0 tclass=dir permissive=1
06-13 20:07:53.161 D/DiskReceiver( 819): Scanning volume: VolumeInfo{emulated;0}:
06-13 20:07:53.161 D/DiskReceiver( 819): type=EMULATED diskId=null partGuid= mountFlags=PRIMARY|VISIBLE
06-13 20:07:53.161 D/DiskReceiver( 819): mountUserId=0 state=MOUNTED
06-13 20:07:53.161 D/DiskReceiver( 819): fsType=null fsUuid=null fsLabel=null
06-13 20:07:53.161 D/DiskReceiver( 819): path=/storage/emulated internalPath=/data/media
06-13 20:07:53.163 I/ActivityManager( 485): com.tv.filemanager.os is exempt from freezer
06-13 20:07:53.164 D/CompatibilityChangeReporter( 485): Compat change id reported: 135634846; UID 10040; state: DISABLED
06-13 20:07:53.164 D/CompatibilityChangeReporter( 485): Compat change id reported: 177438394; UID 10040; state: DISABLED
06-13 20:07:53.164 D/CompatibilityChangeReporter( 485): Compat change id reported: 135772972; UID 10040; state: DISABLED
06-13 20:07:53.164 D/CompatibilityChangeReporter( 485): Compat change id reported: 135754954; UID 10040; state: DISABLED
06-13 20:07:53.164 D/CompatibilityChangeReporter( 485): Compat change id reported: 143937733; UID 10040; state: DISABLED
06-13 20:07:53.183 D/Zygote ( 255): Forked child process 2435
06-13 20:07:53.185 I/ActivityManager( 485): app.processName = com.tv.filemanager.os
06-13 20:07:53.186 I/ActivityManager( 485): Start proc 2435:com.tv.filemanager.os/u0a40 for broadcast {com.tv.filemanager.os/com.dangbei.lerad.filemanager.receives.USBReceiver}
06-13 20:07:53.204 I/work_thread( 2259): type=1400 audit(0.0:934): avc: denied { search } for name="com.dangbei.screencast" dev="mmcblk0p25" ino=889 scontext=u:r:platform_app:s0:c512,c768 tcontext=u:object_r:app_data_file:s0:c512,c768 tclass=dir permissive=1 app=com.dangbei.screencast
06-13 20:07:53.204 I/work_thread( 2259): type=1400 audit(0.0:935): avc: denied { write } for name="shared_prefs" dev="mmcblk0p25" ino=2059 scontext=u:r:platform_app:s0:c512,c768 tcontext=u:object_r:app_data_file:s0:c512,c768 tclass=dir permissive=1 app=com.dangbei.screencast
06-13 20:07:53.194 I/Zygote ( 2435): seccomp disabled by setenforce 0
06-13 20:07:53.204 I/work_thread( 2259): type=1400 audit(0.0:936): avc: denied { remove_name } for name="info.xml" dev="mmcblk0p25" ino=9941 scontext=u:r:platform_app:s0:c512,c768 tcontext=u:object_r:app_data_file:s0:c512,c768 tclass=dir permissive=1 app=com.dangbei.screencast
06-13 20:07:53.218 I/adbd ( 389): jdwp connection from 2435
06-13 20:07:53.234 D/CompatibilityChangeReporter( 485): Compat change id reported: 168419799; UID 10040; state: DISABLED
06-13 20:07:53.241 D/CompatibilityChangeReporter( 2435): Compat change id reported: 171979766; UID 10040; state: DISABLED
06-13 20:07:53.249 D/ApplicationLoaders( 2435): Returning zygote-cached class loader: /system/framework/android.test.base.jar
06-13 20:07:53.338 E/hq ( 1101): Etna:::getFindLookupControllerState isConnect=true
06-13 20:07:53.338 E/Etna ( 1101): getFindLookupControllerState1111111
06-13 20:07:53.340 E/hq ( 1101): Etna:::getFindLookupControllerState valueStr=1
06-13 20:07:53.341 E/hq ( 1101): LookupControler:::isLookupController=true
06-13 20:07:53.342 I/hq ( 1101): LookupControler:::time=110000
06-13 20:07:53.407 V/GraphicsEnvironment( 2435): ANGLE Developer option for 'com.tv.filemanager.os' set to: 'default'
06-13 20:07:53.407 V/GraphicsEnvironment( 2435): Neither updatable production driver nor prerelease driver is supported.
06-13 20:07:53.409 D/NetworkSecurityConfig( 2435): No Network Security Config specified, using platform default
06-13 20:07:53.410 D/NetworkSecurityConfig( 2435): No Network Security Config specified, using platform default
06-13 20:07:53.413 I/MultiDex( 2435): VM with version 2.1.0 has multidex support
06-13 20:07:53.413 I/MultiDex( 2435): Installing application
06-13 20:07:53.413 I/MultiDex( 2435): VM has multidex support, MultiDex support library is disabled.
06-13 20:07:53.439 W/System ( 2219): A resource failed to call close.
06-13 20:07:53.440 W/System ( 2219): A resource failed to call close.
06-13 20:07:53.453 I/MultiDex( 2435): Installing application
06-13 20:07:53.453 I/MultiDex( 2435): VM has multidex support, MultiDex support library is disabled.
06-13 20:07:53.456 W/.filemanager.o( 2435): Accessing hidden field Landroid/app/ActivityThread;->mHiddenApiWarningShown:Z (max-target-o, reflection, denied)
06-13 20:07:53.456 W/System.err( 2435): java.lang.NoSuchFieldException: No field mHiddenApiWarningShown in class Landroid/app/ActivityThread; (declaration of 'android.app.ActivityThread' appears in /system/framework/framework.jar)
06-13 20:07:53.457 W/System.err( 2435): at java.lang.Class.getDeclaredField(Native Method)
06-13 20:07:53.457 W/System.err( 2435): at com.dangbei.lerad.filemanager.application.App.disableAPIDialog(App.java:166)
06-13 20:07:53.457 W/System.err( 2435): at com.dangbei.lerad.filemanager.application.App.onCreate(App.java:95)
06-13 20:07:53.457 W/System.err( 2435): at android.app.Instrumentation.callApplicationOnCreate(Instrumentation.java:1211)
06-13 20:07:53.457 W/System.err( 2435): at android.app.ActivityThread.handleBindApplication(ActivityThread.java:6740)
06-13 20:07:53.457 W/System.err( 2435): at android.app.ActivityThread.access$1500(ActivityThread.java:247)
06-13 20:07:53.457 W/System.err( 2435): at android.app.ActivityThread$H.handleMessage(ActivityThread.java:2053)
06-13 20:07:53.457 W/System.err( 2435): at android.os.Handler.dispatchMessage(Handler.java:106)
06-13 20:07:53.457 W/System.err( 2435): at android.os.Looper.loopOnce(Looper.java:201)
06-13 20:07:53.457 W/System.err( 2435): at android.os.Looper.loop(Looper.java:288)
06-13 20:07:53.457 W/System.err( 2435): at android.app.ActivityThread.main(ActivityThread.java:7854)
06-13 20:07:53.457 W/System.err( 2435): at java.lang.reflect.Method.invoke(Native Method)
06-13 20:07:53.457 W/System.err( 2435): at com.android.internal.os.RuntimeInit$MethodAndArgsCaller.run(RuntimeInit.java:548)
06-13 20:07:53.457 W/System.err( 2435): at com.android.internal.os.ZygoteInit.main(ZygoteInit.java:1182)
06-13 20:07:53.487 E/ActivityThread( 2435): Failed to find provider info for lerad.provider.etna
06-13 20:07:53.514 D/USBReceiver( 2435): usb > onReceive: action = android.intent.action.MEDIA_MOUNTED
06-13 20:07:53.516 I/ActivityManager( 485): Killing 1074:com.android.traceur/u0a25 (adj 985): empty #17
06-13 20:07:53.556 I/ActivityManager( 485): com.oranth.usbopenft is exempt from freezer
06-13 20:07:53.557 D/CompatibilityChangeReporter( 485): Compat change id reported: 135634846; UID 1000; state: DISABLED
06-13 20:07:53.562 I/libprocessgroup( 485): Successfully killed process cgroup uid 10025 pid 1074 in 45ms
06-13 20:07:53.563 I/MediaProvider( 1042): Begin Intent { act=android.intent.action.MEDIA_MOUNTED dat=file:///storage/emulated/0 flg=0x5000010 cmp=com.android.providers.media.module/com.android.providers.media.MediaService (has extras) }
06-13 20:07:53.570 I/MediaProvider( 1042): Volume MediaVolume name: [external_primary] id: [emulated;0] user: [UserHandle{0}] path: [/storage/emulated/0] already attached
06-13 20:07:53.570 I/MediaProvider( 1042): End Intent { act=android.intent.action.MEDIA_MOUNTED dat=file:///storage/emulated/0 flg=0x5000010 cmp=com.android.providers.media.module/com.android.providers.media.MediaService (has extras) }
06-13 20:07:53.575 D/Zygote ( 255): Forked child process 2472
06-13 20:07:53.576 I/Zygote ( 255): Process 1074 exited due to signal 9 (Killed)
06-13 20:07:53.577 I/ActivityManager( 485): app.processName = com.oranth.usbopenft
06-13 20:07:53.577 I/ActivityManager( 485): Start proc 2472:com.oranth.usbopenft/1000 for broadcast {com.oranth.usbopenft/com.oranth.usbopenft.UsbReceiver}
06-13 20:07:53.582 I/Zygote ( 2472): seccomp disabled by setenforce 0
06-13 20:07:53.584 W/audit ( 1936): audit_lost=502 audit_rate_limit=5 audit_backlog_limit=64
06-13 20:07:53.584 E/audit ( 1936): rate limit exceeded
06-13 20:07:53.598 I/adbd ( 389): jdwp connection from 2472
06-13 20:07:53.623 D/CompatibilityChangeReporter( 2472): Compat change id reported: 171979766; UID 1000; state: ENABLED
06-13 20:07:53.653 V/GraphicsEnvironment( 2472): ANGLE Developer option for 'com.oranth.usbopenft' set to: 'default'
06-13 20:07:53.653 V/GraphicsEnvironment( 2472): Neither updatable production driver nor prerelease driver is supported.
06-13 20:07:53.655 D/NetworkSecurityConfig( 2472): No Network Security Config specified, using platform default
06-13 20:07:53.655 D/NetworkSecurityConfig( 2472): No Network Security Config specified, using platform default
06-13 20:07:53.656 D/hdmi-cec( 273): receive invalid cec message!
06-13 20:07:53.656 D/hdmi-cec( 273): receive poll message [04], skip!
06-13 20:07:53.660 W/BroadcastQueue( 485): Target SDK mismatch: receiver ActivityInfo{8546896 com.dangbei.screencast.startup.BootReceiver} targets 28 but delivery restricted to [0, 23] broadcasting Intent { act=android.net.conn.CONNECTIVITY_CHANGE flg=0x4200010 (has extras) } from android (pid=485, uid=1000) to com.dangbei.screencast/.startup.BootReceiver
06-13 20:07:53.661 I/ActivityManager( 485): Killing 1120:com.android.keychain/1000 (adj 985): empty #17
06-13 20:07:53.667 W/BroadcastQueue( 485): Target SDK mismatch: receiver ActivityInfo{dd26c17 com.dangbei.euthenia.receiver.NetworkChangeReceiver} targets 26 but delivery restricted to [0, 23] broadcasting Intent { act=android.net.conn.CONNECTIVITY_CHANGE flg=0x4200010 (has extras) } from android (pid=485, uid=1000) to com.dangbei.lerad.videoposter/com.dangbei.euthenia.receiver.NetworkChangeReceiver
06-13 20:07:53.667 I/libprocessgroup( 485): Successfully killed process cgroup uid 1000 pid 1120 in 0ms
06-13 20:07:53.667 W/BroadcastQueue( 485): Target SDK mismatch: receiver ActivityInfo{513804 com.dangbei.screencast.startup.BootReceiver} targets 28 but delivery restricted to [0, 23] broadcasting Intent { act=android.net.conn.CONNECTIVITY_CHANGE flg=0x4200010 (has extras) } from android (pid=485, uid=1000) to com.dangbei.screencast/.startup.BootReceiver
06-13 20:07:53.667 W/BroadcastQueue( 485): Target SDK mismatch: receiver ActivityInfo{8be41ed com.dangbei.euthenia.receiver.NetworkChangeReceiver} targets 26 but delivery restricted to [0, 23] broadcasting Intent { act=android.net.conn.CONNECTIVITY_CHANGE flg=0x4200010 (has extras) } from android (pid=485, uid=1000) to com.dangbei.lerad.videoposter/com.dangbei.euthenia.receiver.NetworkChangeReceiver
06-13 20:07:53.676 D/CompatibilityChangeReporter( 485): Compat change id reported: 168419799; UID 10022; state: DISABLED
06-13 20:07:53.688 I/Zygote ( 255): Process 1120 exited due to signal 9 (Killed)
06-13 20:07:53.929 D/aaa ( 1146): LedStatusService onStartCommand begin
06-13 20:07:53.930 D/aaa ( 1146): topPkg is -------------- :com.dangbei.leard.leradlauncher
06-13 20:07:53.940 D/aaa ( 1146): WiFi is connect
06-13 20:07:53.968 D/bbb ( 1185): onStartCommand begin !!!!!!! data分区剩余 24689MB
06-13 20:07:53.971 D/CompatibilityChangeReporter( 485): Compat change id reported: 171306433; UID 1000; state: ENABLED
06-13 20:07:53.972 I/gbei.screencas( 2259): Background young concurrent copying GC freed 88871(5365KB) AllocSpace objects, 54(1528KB) LOS objects, 86% free, 3900KB/27MB, paused 262us total 107.168ms
06-13 20:07:54.062 W/IorapForwardingService( 485): No service published for: iorapd
06-13 20:07:54.719 I/TDLog ( 2132): [APP] New data found, Submitting...
06-13 20:07:54.746 I/TDLog ( 2132): [APP] Failed to submit data!
06-13 20:07:55.065 W/IorapForwardingService( 485): No service published for: iorapd
06-13 20:07:55.181 W/hdr10p_Configure( 421): 27 callbacks suppressed
06-13 20:07:55.181 I/ ( 421): DVI mode selected: packets not configured
06-13 20:07:55.181 W/set_vsif_config( 421): 27 callbacks suppressed
06-13 20:07:55.181 I/ ( 421): Error: set vsif failed
06-13 20:07:55.220 I/ ( 421): DVI mode selected: packets not configured
06-13 20:07:55.220 I/ ( 421): Error: set vsif failed
06-13 20:07:55.237 I/ ( 421): DVI mode selected: packets not configured
06-13 20:07:55.237 I/ ( 421): Error: set vsif failed
06-13 20:07:55.253 I/ ( 421): DVI mode selected: packets not configured
06-13 20:07:55.253 I/ ( 421): Error: set vsif failed
06-13 20:07:55.269 I/ ( 421): DVI mode selected: packets not configured
06-13 20:07:55.269 I/ ( 421): Error: set vsif failed
06-13 20:07:55.286 I/ ( 421): DVI mode selected: packets not configured
06-13 20:07:55.286 I/ ( 421): Error: set vsif failed
06-13 20:07:55.307 I/ ( 421): DVI mode selected: packets not configured
06-13 20:07:55.307 I/ ( 421): Error: set vsif failed
06-13 20:07:55.318 I/ ( 421): DVI mode selected: packets not configured
06-13 20:07:55.318 I/ ( 421): Error: set vsif failed
06-13 20:07:55.336 I/ ( 421): DVI mode selected: packets not configured
06-13 20:07:55.336 I/ ( 421): Error: set vsif failed
06-13 20:07:55.352 I/ ( 421): DVI mode selected: packets not configured
06-13 20:07:55.352 I/ ( 421): Error: set vsif failed
06-13 20:07:55.600 I/CrashSDKNormalH( 2259): type=1400 audit(0.0:952): avc: denied { search } for name="com.dangbei.screencast" dev="mmcblk0p25" ino=889 scontext=u:r:platform_app:s0:c512,c768 tcontext=u:object_r:app_data_file:s0:c512,c768 tclass=dir permissive=1 app=com.dangbei.screencast
06-13 20:07:55.604 I/CrashSDKNormalH( 2259): type=1400 audit(0.0:953): avc: denied { open } for path="/data/user/0/com.dangbei.screencast/crashsdk/tags/cr.wa" dev="mmcblk0p25" ino=2168 scontext=u:r:platform_app:s0:c512,c768 tcontext=u:object_r:app_data_file:s0:c512,c768 tclass=file permissive=1 app=com.dangbei.screencast
06-13 20:07:55.604 I/CrashSDKNormalH( 2259): type=1400 audit(0.0:954): avc: denied { lock } for path="/data/user/0/com.dangbei.screencast/crashsdk/tags/cr.wa" dev="mmcblk0p25" ino=2168 scontext=u:r:platform_app:s0:c512,c768 tcontext=u:object_r:app_data_file:s0:c512,c768 tclass=file permissive=1 app=com.dangbei.screencast
06-13 20:07:55.721 E/WifiHAL ( 662): wifi_get_link_stats: requestResponse Error:-5
06-13 20:07:55.722 E/WifiVendorHal( 485): getWifiLinkLayerStats_1_5_Internal(l.1191) failed {.code = ERROR_INVALID_ARGS, .description = }
06-13 20:07:56.067 W/IorapForwardingService( 485): No service published for: iorapd
06-13 20:07:57.070 W/IorapForwardingService( 485): No service published for: iorapd
06-13 20:07:57.204 I/CrashSDKNormalH( 2259): type=1400 audit(0.0:955): avc: denied { getattr } for path="/data/user/0/com.dangbei.screencast/crashsdk/tags" dev="mmcblk0p25" ino=2068 scontext=u:r:platform_app:s0:c512,c768 tcontext=u:object_r:app_data_file:s0:c512,c768 tclass=dir permissive=1 app=com.dangbei.screencast
06-13 20:07:57.468 D/SntpClient( 485): request time failed: java.net.SocketTimeoutException: Poll timed out
06-13 20:07:57.632 I/Timer-1 ( 2259): type=1400 audit(0.0:956): avc: denied { search } for name="net" dev="sysfs" ino=10442 scontext=u:r:platform_app:s0:c512,c768 tcontext=u:object_r:sysfs_net:s0 tclass=dir permissive=1 app=com.dangbei.screencast
06-13 20:07:57.632 I/Timer-1 ( 2259): type=1400 audit(0.0:957): avc: denied { read } for name="address" dev="sysfs" ino=16906 scontext=u:r:platform_app:s0:c512,c768 tcontext=u:object_r:sysfs_net:s0 tclass=file permissive=1 app=com.dangbei.screencast
06-13 20:07:57.632 I/Timer-1 ( 2259): type=1400 audit(0.0:958): avc: denied { open } for path="/sys/devices/virtual/net/dummy0/address" dev="sysfs" ino=16906 scontext=u:r:platform_app:s0:c512,c768 tcontext=u:object_r:sysfs_net:s0 tclass=file permissive=1 app=com.dangbei.screencast
06-13 20:07:57.632 I/Timer-1 ( 2259): type=1400 audit(0.0:959): avc: denied { getattr } for path="/sys/devices/virtual/net/dummy0/address" dev="sysfs" ino=16906 scontext=u:r:platform_app:s0:c512,c768 tcontext=u:object_r:sysfs_net:s0 tclass=file permissive=1 app=com.dangbei.screencast
06-13 20:07:57.640 I/Timer-1 ( 2259): type=1400 audit(0.0:960): avc: denied { read } for name="address" dev="sysfs" ino=28050 scontext=u:r:platform_app:s0:c512,c768 tcontext=u:object_r:sysfs:s0 tclass=file permissive=1 app=com.dangbei.screencast
06-13 20:07:57.647 W/audit ( 2349): audit_lost=511 audit_rate_limit=5 audit_backlog_limit=64
06-13 20:07:57.647 E/audit ( 2349): rate limit exceeded
06-13 20:07:57.640 I/Timer-1 ( 2259): type=1400 audit(0.0:961): avc: denied { open } for path="/sys/devices/platform/unisoc_wifi/net/wlan1/address" dev="sysfs" ino=28050 scontext=u:r:platform_app:s0:c512,c768 tcontext=u:object_r:sysfs:s0 tclass=file permissive=1 app=com.dangbei.screencast
06-13 20:07:57.688 I/efs.config( 2259): No update is required, less than 8h since the last update
06-13 20:07:57.692 E/RCInfo ( 1039): vid:
06-13 20:07:57.692 E/RCInfo ( 1039): pid:
06-13 20:07:57.693 E/RCInfo ( 1039): vid:
06-13 20:07:57.693 E/RCInfo ( 1039): pid:
06-13 20:07:57.710 W/TelephonyPermissions( 485): reportAccessDeniedToReadIdentifiers:com.dangbei.screencast:getSerial:-1
