06-13 19:04:34.821 2588 2603 D NearFieldManagerImpl: startListen: moduleId: CastPlusDiscoveryModule
06-13 19:04:34.821 2588 2603 D NearFieldUtils: getPreferredIpAddress exec
06-13 19:04:34.822 2588 2603 D NearFieldUtils: getPreferredIpAddress by custom priority
06-13 19:04:34.822 2588 2603 D NearFieldUtils: getIpByInterfaceSetting customIdnNetworkPriority:[]
06-13 19:04:34.822 2588 2603 D NearFieldUtils: getPreferredIpAddress by default priority
06-13 19:04:34.763 1072 1072 E sprdwl : sprdwl_rx_rsp_process ctx_id 0 recv rsp[WIFI_CMD_TX_DATA] status[SPRDWL_CMD_STATUS_ERROR]
06-13 19:04:34.834 2588 2633 I efs.config: --->>> 删除旧的配置文件 false
06-13 19:04:34.850 2588 2657 I efs.base: lt=event`ev_ct=efs_core`ev_ac=pvuv`tm=2025-06-13 19:04:71`dn=ead2391c-0e40-41b4-8b1c-d68e1d1d13a8`ps=com.huawei.connection`um_os=android`stime=1749812674354`pid=2588`fr=android`pkg=com.dangbei.screencast`vcode=20830`dsp_w=1920`uid=ead2391c-0e40-41b4-8b1c-d68e1d1d13a8`rom=12`wid=ead2391c-0e40-41b4-8b1c-d68e1d1d13a8`um_app_carrier=`um_access=wifi`um_app_channel=os`um_crash_sdk_version=1.4.0`ctime=1749812674`model=dbbox-a2`lang=zh`net=wifi`brand=dangbei`dsp_h=1080`um_network_type=0`ver=v2.8.3`build_model=DBBOX-A2`w_tm=1749812674`appid=5fc60c21094d637f3130af19`um_umid_header=aibe109b3056101e3760192ec22f9fbb64`sdk=31`tzone=Asia/Shanghai`sdk_ver=1.3.6.umeng
06-13 19:04:34.895 2299 2310 I gbei.screencas: Background young concurrent copying GC freed 45872(3118KB) AllocSpace objects, 5(100KB) LOS objects, 41% free, 4457KB/7556KB, paused 25.766ms total 199.494ms
06-13 19:04:34.908 756 767 I rkstack.proces: Background young concurrent copying GC freed 88992(2683KB) AllocSpace objects, 0(0B) LOS objects, 31% free, 4015KB/5870KB, paused 4.449ms total 168.649ms
06-13 19:04:34.917 2588 2633 I efs.config: current config version (-1) is older than another (1735614866)
06-13 19:04:34.918 2588 2633 I efs.config: load config from storage and notify observer
06-13 19:04:34.921 479 523 W IorapForwardingService: No service published for: iorapd
06-13 19:04:34.924 2588 2588 D NearFieldUtils: to get wlan0 ip address
06-13 19:04:34.926 2588 2588 D NearFieldUtils: get wlan0 IP succeed.
06-13 19:04:34.926 2588 2588 E NearFieldManagerImpl: notifyByPriority: interfaceNameInUse is null
06-13 19:04:34.926 2588 2588 D NearFieldManagerImpl: handleConnectivityAction: notified by default
06-13 19:04:34.928 2588 2603 D NearFieldUtils: to get wlan0 ip address
06-13 19:04:34.929 2588 2603 D NearFieldUtils: get wlan0 IP succeed.
06-13 19:04:34.929 2588 2603 D NearFieldManagerImpl: sDeviceType: 46
06-13 19:04:34.929 2588 2603 D NearFieldManagerImpl: registerDevice() is called.
06-13 19:04:34.936 1 1 I init : processing action (debug.launcher3.exit=1) from (/vendor/etc/init/init.scheduler.rc:1)
06-13 19:04:34.930 2588 2603 E NearFieldManagerUtilsNative: Begin System.loadLibrary()
06-13 19:04:34.936 2588 2588 D NearFieldUtils: to get wlan0 ip address
06-13 19:04:34.936 2588 2588 D NearFieldUtils: get wlan0 IP succeed.
06-13 19:04:34.936 2588 2588 I NearFieldManagerImpl: wlan Connected
06-13 19:04:34.949 2588 2603 I HicomNfTimerManager: epoll fd:128 create success
06-13 19:04:34.949 2588 2603 I HicomNfTimerManager: epoll add fd:131--->128 success
06-13 19:04:34.949 2588 2603 I HicomNfTimerManager: time fd:131 add to epoll success
06-13 19:04:34.962 2588 2588 I HicomNf_java_to_c: notifyNetworkStateChanged with maskStr, networkType: 0, networkState: 0, mask:
06-13 19:04:34.962 2588 2588 I HicomNfMainCtrlManager: NotifyNetworkStateChanged is called with networkState: 0
06-13 19:04:34.962 2588 2588 I HicomNfMainCtrlManager: P2P and USB are both disconnected
06-13 19:04:34.962 2588 2588 I HicomNfSecureManager: stop listening
06-13 19:04:34.962 2588 2588 I HicomNfSecureManager: StopListening, m_sessionInfoLock out, before calling NSTACKX_DMsgClose 2
06-13 19:04:34.962 2588 2588 I HicomNfSecureManager: StopListening, after calling NSTACKX_DMsgClose 2
06-13 19:04:34.969 2588 2603 D nStackXDFinder: NSTACKX_Init:[146] :nstack ctrl creat epollfd 132
06-13 19:04:34.971 2588 2603 I nStackXDFinder: InitDefaultInterfaceName:[779] :InitDefaultInterfaceName exec
06-13 19:04:34.972 2588 2603 D nStackXCoAP: CoapServerInit:[174] :CoapServerInit is called
06-13 19:04:34.972 2588 2603 E nStackXDFinder: GetLocalIp:[401] :GetLocalIp exec
06-13 19:04:34.972 2588 2603 E nStackXDFinder: GetLocalIp:[407] :GetLocalIp, ifInfo is null
06-13 19:04:34.973 2588 2603 I HicomNfMainCtrlManager: NSTACKX_RegisterDevice is called
06-13 19:04:34.973 2588 2666 I nStackXDFinder: UpdateLocalNetworkInterface:[472] :UpdateLocalNetworkInterface exec,initerfaceName:wlan0
06-13 19:04:34.973 2588 2603 D NearFieldManagerImpl: Register device success.
06-13 19:04:34.973 2588 2666 E nStackXDFinder: GetLocalIp:[401] :GetLocalIp exec
06-13 19:04:34.973 2588 2666 E nStackXDFinder: GetLocalIp:[407] :GetLocalIp, ifInfo is null
06-13 19:04:34.973 2588 2666 I nStackXDFinder: UpdateLocalNetworkInterface:[498] :UpdateLocalNetworkInterface copy ip value in default process
06-13 19:04:34.973 2588 2603 I NearFieldManagerImpl: serviceName is castPlus
06-13 19:04:34.973 2588 2666 E nStackXDFinder: GetLocalIp:[401] :GetLocalIp exec
06-13 19:04:34.973 2588 2666 D nStackXCoAP: CoapServerInit:[174] :CoapServerInit is called
06-13 19:04:34.973 2588 2666 E nStackXDFinder: GetLocalIp:[401] :GetLocalIp exec
06-13 19:04:34.973 2588 2603 D NearFieldManagerImpl: registerCapability() called with: capabilityBitmapNum = 1, capabilityBitmap = [8]
06-13 19:04:34.973 2588 2603 I HicomNf_java_to_c: registerCapability, capabilityBitmapNum: 1
06-13 19:04:34.974 2588 2603 I HicomNfMainCtrlManager: RegisterCapability: 1, 8
06-13 19:04:34.974 2588 2603 D NearFieldManagerImpl: Register capability succeed with capabilityBitmapNum = 1, capabilityBitmap = [8]
06-13 19:04:34.974 2588 2603 D NearFieldManagerImpl: registerServiceData() called with: serviceData = 32
06-13 19:04:34.974 2588 2603 D NearFieldManagerImpl: registerModule() called with: packageModuleName = com.huawei.connection+CastPlusDiscoveryModule
06-13 19:04:34.974 2588 2603 I HicomNf_java_to_c: registerModule, moduleName: com.huawei.connection+CastPlusDiscoveryModule
06-13 19:04:34.974 2588 2603 I HicomNfMainCtrlManager: Enter RegisterModule
06-13 19:04:34.974 2588 2603 I HicomNfRegManager: RegisterModule OK, add module name com.huawei.connection+CastPlusDiscoveryModule
06-13 19:04:34.974 2588 2588 I HicomNf_java_to_c: notifyNetworkStateChanged with maskStr, networkType: 0, networkState: 1, mask: 255.255.254.0
06-13 19:04:34.974 2588 2588 I HicomNfMainCtrlManager: NotifyNetworkStateChanged is called with networkState: 1
06-13 19:04:34.974 2588 2588 I HicomNfSecureManager: StartListening, before calling NSTACKX_DMsgServer
06-13 19:04:34.974 2588 2588 I nStackXDMsg: NSTACKX_DMsgServer:[1335] :msgReceiver is not NULL
06-13 19:04:34.975 2588 2666 I nStackXUtil: BindToDevice:[352] :BindToDevice exec
06-13 19:04:34.975 2588 2666 I nStackXUtil: GetInterfaceByPriority:[279] :GetInterfaceByPriority exec
06-13 19:04:34.975 2588 2666 I nStackXUtil: GetInterfaceByDefault:[309] :GetInterfaceByDefault exec
06-13 19:04:34.975 2588 2666 I nStackXUtil: GetInterfaceByDefault:[316] :GetInterfaceByDefault, ndevice name: lo
06-13 19:04:34.975 2588 2666 I nStackXUtil: GetInterfaceByDefault:[316] :GetInterfaceByDefault, ndevice name: wlan0
06-13 19:04:34.975 2588 2666 I nStackXUtil: BindToDevice:[374] :BindToDevice, Bind localAddr name: wlan0
06-13 19:04:34.976 2588 2666 E nStackXUtil: BindToDeviceInner:[188] :setsockopt fail, errno = 1
06-13 19:04:34.976 2588 2666 E nStackXCoAP: CoapGetContext:[250] :bind to device fail
06-13 19:04:34.976 2588 2666 D nStackXCoAP: CoapInitResources:[744] :CoapInitResources g_wlanOrEthContext update
06-13 19:04:34.976 2588 2666 I nStackXDFinder: RegisterServiceData:[728] :RegisterServiceData, serviceData=[32]
06-13 19:04:34.976 2299 2587 I Hisight-DeviceListManager: init DeviceListManager.
06-13 19:04:34.980 2588 2588 D nStackXDMsg: StartDMsgMainThread:[1274] :pthread_create
06-13 19:04:34.980 2588 2588 I HicomNfSecureManager: StartListening, after calling NSTACKX_DMsgServer
06-13 19:04:34.980 2588 2588 I HicomNfSecureManager: OnehopSecureCtrlManager: succeeded to StartListening with type 0
06-13 19:04:34.985 2299 2587 D Hisight-DeviceListManager: get old secret key
06-13 19:04:35.000 2299 2587 E Hisight-ConnectAuthCallBack: readSecureFile failed, no such file
06-13 19:04:35.001 2299 2587 W Hisight-DeviceListManager: deviceRecords is empty
06-13 19:04:35.001 2299 2587 W Hisight-DeviceListManager: occur error, clear all the list
06-13 19:04:35.001 2299 2587 D Hisight-HiChainAuthControl: start HiChainAuthControl
06-13 19:04:35.013 2299 2587 I ConnectAuthJNI: JNI_OnLoad begin load
06-13 19:04:35.013 2299 2587 I ConnectAuthJNI: RegisterNativeMethod begin
06-13 19:04:35.013 2299 2587 I ConnectAuthJNI: RegisterNativeMethod end
06-13 19:04:35.013 2299 2587 I ConnectAuthJNI: RegisterNativeMethod 1004 methodLen=10
06-13 19:04:35.013 2299 2587 I ConnectAuthJNI: RegisterNativeMethod 1007 RegisterNatives=0
06-13 19:04:35.013 2299 2587 I ConnectAuthJNI: InitArraylist 1013
06-13 19:04:35.013 2299 2587 I ConnectAuthJNI: InitConnectAuthStaticJNIMethod 1114 methodRet=0
06-13 19:04:35.013 2299 2587 E ConnectAuthJNI: JNI_OnLoad finish....1138
06-13 19:04:35.014 2299 2587 D Hisight-HiChainAuthControl: setupAuthIfNeeded, HiChainInstance hasn't been initialized
06-13 19:04:35.014 2299 2587 I ConnectAuthJNI: Java_com_huawei_hisight_security_ConnectAuthNative_nativeSetup 795 call HiChainNativeSetup
06-13 19:04:35.015 2299 2587 I ConnectAuthJNI: HiChainNativeSetup 565 registe_log
06-13 19:04:35.015 2299 2587 I ConnectAuthJNI: HksStorageRegisterFileCallbacks 245 register hks file callback status =0
06-13 19:04:35.015 2299 2587 I ConnectAuthJNI: HksRegisterGetDeviceIdCallback 268 register hks get hardware udid callback status =0
06-13 19:04:35.015 2299 2587 D ConnectAuthJNI: [HiChain] get_instance Begin get instance
06-13 19:04:35.015 2299 2587 I ConnectAuthJNI: [HKS] hks_service_key_info_init hks init : begin
06-13 19:04:35.015 2299 2587 I ConnectAuthJNI: FileRead 113 FileRead
06-13 19:04:35.015 2299 2587 I ConnectAuthJNI: FileRead 122 FileRead call readSecureFile begin
06-13 19:04:35.016 2299 2587 E Hisight-ConnectAuthCallBack: readSecureFile failed, no such file
06-13 19:04:35.016 2299 2587 W ConnectAuthJNI: FileRead 132 FileRead call readSecureFile byteArray is null
06-13 19:04:35.017 2299 2587 I ConnectAuthJNI: [HKS] hks_rkc_init RKC init:begin, is_key_info_exist=0
06-13 19:04:35.017 2299 2587 I ConnectAuthJNI: [HKS] hks_rkc_init_entropy the entropy is empty
06-13 19:04:35.017 2299 2587 I ConnectAuthJNI: FileSize 214 FileSize
06-13 19:04:35.018 2299 2587 I ConnectAuthJNI: FileSize 230 fileSize=258
06-13 19:04:35.018 2299 2587 I ConnectAuthJNI: FileRead 113 FileRead
06-13 19:04:35.018 2299 2587 I ConnectAuthJNI: FileRead 122 FileRead call readSecureFile begin
06-13 19:04:35.018 2299 2587 I ConnectAuthJNI: FileRead 135 FileRead call readSecureFile end
06-13 19:04:35.019 2299 2587 I ConnectAuthJNI: FileRead 150 fileBuff size 258, buf len 258
06-13 19:04:35.020 2299 2587 I ConnectAuthJNI: FileSize 214 FileSize
06-13 19:04:35.021 2299 2587 I ConnectAuthJNI: FileSize 230 fileSize=258
06-13 19:04:35.021 2299 2587 I ConnectAuthJNI: FileRead 113 FileRead
06-13 19:04:35.021 2299 2587 I ConnectAuthJNI: FileRead 122 FileRead call readSecureFile begin
06-13 19:04:35.021 2299 2587 I ConnectAuthJNI: FileRead 135 FileRead call readSecureFile end
06-13 19:04:35.021 2299 2587 I ConnectAuthJNI: FileRead 150 fileBuff size 258, buf len 258
06-13 19:04:35.022 2299 2587 I ConnectAuthJNI: [HKS] hks_rkc_load_ksf load ksf success
06-13 19:04:35.022 2299 2587 I ConnectAuthJNI: [HKS] hks_rkc_init root key component init success
06-13 19:04:35.022 2299 2587 I ConnectAuthJNI: [HKS] hks_rkc_init RKC init:end,rc=0
06-13 19:04:35.022 2299 2587 I ConnectAuthJNI: [HKS] hks_service_key_info_init hks init : end
06-13 19:04:35.022 2299 2587 I ConnectAuthJNI: GetHiChainProtocolParamsCallback 371 GetHiChainProtocolParamsCallback operation_code= 99
06-13 19:04:35.022 2299 2587 I ConnectAuthJNI: paramLen is ,=0
06-13 19:04:35.022 2299 2587 I ConnectAuthJNI: paramLen is ,=0
06-13 19:04:35.022 2299 2587 I ConnectAuthJNI: GetHiChainProtocolParamsCallback 402 GetHiChainProtocolParamsCallback end
06-13 19:04:35.022 2299 2587 I ConnectAuthJNI: [HiChain] get_instance Get instance success
06-13 19:04:35.022 2299 2587 I ConnectAuthJNI: Java_com_huawei_hisight_security_ConnectAuthNative_nativeGetHiChainInstance 598 get instance success
06-13 19:04:35.022 2299 2587 D Hisight-HiChainAuthControl: destroyAuth
06-13 19:04:35.022 2299 2587 I ConnectAuthJNI: Java_com_huawei_hisight_security_ConnectAuthNative_nativeDestroy 603 destroy
06-13 19:04:35.022 2299 2587 D Hisight-HiChainAuthControl: setupAuthIfNeeded, HiChainInstance hasn't been initialized
06-13 19:04:35.022 2299 2587 I ConnectAuthJNI: Java_com_huawei_hisight_security_ConnectAuthNative_nativeSetup 795 call HiChainNativeSetup
06-13 19:04:35.022 2299 2587 I ConnectAuthJNI: HiChainNativeSetup 565 registe_log
06-13 19:04:35.022 2299 2587 I ConnectAuthJNI: HksStorageRegisterFileCallbacks 245 register hks file callback status =0
06-13 19:04:35.022 2299 2587 I ConnectAuthJNI: HksRegisterGetDeviceIdCallback 268 register hks get hardware udid callback status =0
06-13 19:04:35.022 2299 2587 D ConnectAuthJNI: [HiChain] get_instance Begin get instance
06-13 19:04:35.022 2299 2587 I ConnectAuthJNI: [HKS] hks_service_key_info_init hks init : begin
06-13 19:04:35.023 2299 2587 I ConnectAuthJNI: [HKS] hks_service_key_info_init hks init : end
06-13 19:04:35.023 2299 2587 I ConnectAuthJNI: GetHiChainProtocolParamsCallback 371 GetHiChainProtocolParamsCallback operation_code= 99
06-13 19:04:35.023 2299 2587 I ConnectAuthJNI: paramLen is ,=0
06-13 19:04:35.023 2299 2587 I ConnectAuthJNI: paramLen is ,=0
06-13 19:04:35.023 2299 2587 I ConnectAuthJNI: GetHiChainProtocolParamsCallback 402 GetHiChainProtocolParamsCallback end
06-13 19:04:35.023 2299 2587 I ConnectAuthJNI: [HiChain] get_instance Get instance success
06-13 19:04:35.023 2299 2587 I ConnectAuthJNI: Java_com_huawei_hisight_security_ConnectAuthNative_nativeGetHiChainInstance 598 get instance success
06-13 19:04:35.023 2299 2587 W ConnectAuthJNI: GetListTrustPeers 899 trustPeerSize=0
06-13 19:04:35.023 2299 2587 D Hisight-HiChainAuthControl: destroyAuth
06-13 19:04:35.023 2299 2587 I ConnectAuthJNI: Java_com_huawei_hisight_security_ConnectAuthNative_nativeDestroy 603 destroy
06-13 19:04:35.023 2299 2587 D Hisight-HiChainAuthControl: setupAuthIfNeeded, HiChainInstance hasn't been initialized
06-13 19:04:35.023 2299 2587 I ConnectAuthJNI: Java_com_huawei_hisight_security_ConnectAuthNative_nativeSetup 795 call HiChainNativeSetup
06-13 19:04:35.023 2299 2587 I ConnectAuthJNI: HiChainNativeSetup 565 registe_log
06-13 19:04:35.023 2299 2587 I ConnectAuthJNI: HksStorageRegisterFileCallbacks 245 register hks file callback status =0
06-13 19:04:35.023 2299 2587 I ConnectAuthJNI: HksRegisterGetDeviceIdCallback 268 register hks get hardware udid callback status =0
06-13 19:04:35.023 2299 2587 D ConnectAuthJNI: [HiChain] get_instance Begin get instance
06-13 19:04:35.023 2299 2587 I ConnectAuthJNI: [HKS] hks_service_key_info_init hks init : begin
06-13 19:04:35.023 2299 2587 I ConnectAuthJNI: [HKS] hks_service_key_info_init hks init : end
06-13 19:04:35.023 2299 2587 I ConnectAuthJNI: GetHiChainProtocolParamsCallback 371 GetHiChainProtocolParamsCallback operation_code= 99
06-13 19:04:35.023 2299 2587 I ConnectAuthJNI: paramLen is ,=0
06-13 19:04:35.023 2299 2587 I ConnectAuthJNI: paramLen is ,=0
06-13 19:04:35.023 2299 2587 I ConnectAuthJNI: GetHiChainProtocolParamsCallback 402 GetHiChainProtocolParamsCallback end
06-13 19:04:35.023 2299 2587 I ConnectAuthJNI: [HiChain] get_instance Get instance success
06-13 19:04:35.023 2299 2587 I ConnectAuthJNI: Java_com_huawei_hisight_security_ConnectAuthNative_nativeGetHiChainInstance 598 get instance success
06-13 19:04:35.023 2299 2587 W ConnectAuthJNI: GetListTrustPeers 899 trustPeerSize=0
06-13 19:04:35.024 2299 2587 D Hisight-DeviceListManager: init trusted list size: 0
06-13 19:04:35.024 2299 2587 D HiSight-ConnectionManager: setAuthInfo, authMode: 1
06-13 19:04:35.100 2299 2299 I ModuleDataForwa: type=1400 audit(0.0:1010): avc: denied { remove_name } for name="TD_IP_CACHE.xml" dev="mmcblk0p25" ino=3233 scontext=u:r:platform_app:s0:c512,c768 tcontext=u:object_r:app_data_file:s0:c512,c768 tclass=dir permissive=1 app=com.dangbei.screencast
06-13 19:04:35.100 2299 2299 I ModuleDataForwa: type=1400 audit(0.0:1011): avc: denied { rename } for name="TD_IP_CACHE.xml" dev="mmcblk0p25" ino=3233 scontext=u:r:platform_app:s0:c512,c768 tcontext=u:object_r:app_data_file:s0:c512,c768 tclass=file permissive=1 app=com.dangbei.screencast
06-13 19:04:35.104 2299 2299 I ModuleDataForwa: type=1400 audit(0.0:1012): avc: denied { setattr } for name="TD_IP_CACHE.xml" dev="mmcblk0p25" ino=3604 scontext=u:r:platform_app:s0:c512,c768 tcontext=u:object_r:app_data_file:s0:c512,c768 tclass=file permissive=1 app=com.dangbei.screencast
06-13 19:04:35.104 2299 2299 I ModuleDataForwa: type=1400 audit(0.0:1013): avc: denied { unlink } for name="TD_IP_CACHE.xml.bak" dev="mmcblk0p25" ino=3233 scontext=u:r:platform_app:s0:c512,c768 tcontext=u:object_r:app_data_file:s0:c512,c768 tclass=file permissive=1 app=com.dangbei.screencast
06-13 19:04:35.136 1028 1028 I DefaultDispatch: type=1400 audit(0.0:1014): avc: denied { read } for name="devices" dev="proc" ino=4026532014 scontext=u:r:system_app:s0 tcontext=u:object_r:proc:s0 tclass=file permissive=1
06-13 19:04:35.141 1028 1177 E RCInfo : vid:
06-13 19:04:35.141 1028 1177 E RCInfo : pid:
06-13 19:04:35.141 1028 1177 E RCInfo : vid:
06-13 19:04:35.141 1028 1177 E RCInfo : pid:
06-13 19:04:35.282 2299 2392 E raop : JavaCallback init
06-13 19:04:35.371 479 648 W HdmiCecController: Failed to send 40:8F with errorCode=1
06-13 19:04:35.755 661 661 E WifiHAL : wifi_get_link_stats: requestResponse Error:-5
06-13 19:04:35.756 479 609 E WifiVendorHal: getWifiLinkLayerStats_1_5_Internal(l.1191) failed {.code = ERROR_INVALID_ARGS, .description = }
06-13 19:04:35.923 479 523 W IorapForwardingService: No service published for: iorapd
06-13 19:04:36.505 1028 2010 D LanCommander: onServerMessageReceived
06-13 19:04:36.505 1028 2010 D WechatAdapter: lerad_power value is
06-13 19:04:36.507 479 2366 D TvWindowManager: key event key = KEYCODE_POWER down = true
06-13 19:04:36.508 479 2366 W SoundPool: Use of stream types is deprecated for operations other than volume control
06-13 19:04:36.508 479 2366 W SoundPool: See the documentation of SoundPool() for what to use instead with android.media.AudioAttributes to qualify your playback use case
06-13 19:04:36.517 479 2366 D TvWindowManager: key event key = KEYCODE_POWER down = false
06-13 19:04:36.517 479 522 D CompatibilityChangeReporter: Compat change id reported: 173031413; UID 1000; state: DISABLED
06-13 19:04:36.518 479 522 D CompatibilityChangeReporter: Compat change id reported: 173031413; UID 1000; state: ENABLED
06-13 19:04:36.519 479 479 D WindowManager: powerPress: eventTime=38450 interactive=true count=0 beganFromNonInteractive=false mShortPressOnPowerBehavior=6
06-13 19:04:36.520 479 479 W ContextImpl: Calling a method in the system process without a qualified user: android.app.ContextImpl.startActivity:1055 com.android.server.policy.PhoneWindowManager.powerPress:996 com.android.server.policy.PhoneWindowManager.access$4500:245 com.android.server.policy.PhoneWindowManager$PowerKeyRule.onMultiPress:2010 com.android.server.policy.SingleKeyGestureDetector$KeyHandler.handleMessage:371
06-13 19:04:36.521 479 479 W ContextImpl: Calling a method in the system process without a qualified user: android.app.ContextImpl.startActivity:1067 android.app.ContextImpl.startActivity:1056 com.android.server.policy.PhoneWindowManager.powerPress:996 com.android.server.policy.PhoneWindowManager.access$4500:245 com.android.server.policy.PhoneWindowManager$PowerKeyRule.onMultiPress:2010
06-13 19:04:36.523 479 479 I ActivityStarter: ---START u0 {flg=0x10000000 cmp=com.oranth.powerwindow/.MainActivity} from uid 1000
06-13 19:04:36.529 479 479 W ActivityTaskManager: Can't find TaskDisplayArea to determine support for multi window. Task id=19 attached=false
06-13 19:04:36.535 479 479 D CompatibilityChangeReporter: Compat change id reported: 174042980; UID 1000; state: DISABLED
06-13 19:04:36.538 479 2692 D MediaCodecList: codecHandlesFormat: no format, so no extra checks
06-13 19:04:36.542 479 2694 D CCodec : allocate(c2.android.vorbis.decoder)
06-13 19:04:36.543 268 268 I AW_PowerHAL: Power setMode: LAUNCH to: 1
06-13 19:04:36.543 395 887 V C2Store : in init
06-13 19:04:36.543 395 887 V C2Store : loading dll
06-13 19:04:36.543 479 2693 D MediaCodecList: codecHandlesFormat: no format, so no extra checks
06-13 19:04:36.544 479 479 D CompatibilityChangeReporter: Compat change id reported: 168419799; UID 1000; state: DISABLED
06-13 19:04:36.549 479 2694 I CCodec : Created component [c2.android.vorbis.decoder]
06-13 19:04:36.549 479 2695 D CCodec : allocate(c2.android.vorbis.decoder)
06-13 19:04:36.550 479 2694 D CCodecConfig: read media type: audio/vorbis
06-13 19:04:36.553 479 2695 I CCodec : Created component [c2.android.vorbis.decoder]
06-13 19:04:36.553 479 2695 D CCodecConfig: read media type: audio/vorbis
06-13 19:04:36.554 479 2694 D ReflectedParamUpdater: extent() != 1 for single value type: algo.buffers.max-count.values
06-13 19:04:36.555 479 2694 D ReflectedParamUpdater: extent() != 1 for single value type: output.subscribed-indices.values
06-13 19:04:36.555 479 2694 D ReflectedParamUpdater: extent() != 1 for single value type: input.buffers.allocator-ids.values
06-13 19:04:36.555 479 524 I ActivityManager: com.oranth.powerwindow is exempt from freezer
06-13 19:04:36.555 479 2694 D ReflectedParamUpdater: extent() != 1 for single value type: output.buffers.allocator-ids.values
06-13 19:04:36.555 479 2694 D ReflectedParamUpdater: extent() != 1 for single value type: algo.buffers.allocator-ids.values
06-13 19:04:36.555 479 2694 D ReflectedParamUpdater: extent() != 1 for single value type: output.buffers.pool-ids.values
06-13 19:04:36.555 479 2694 D ReflectedParamUpdater: extent() != 1 for single value type: algo.buffers.pool-ids.values
06-13 19:04:36.556 479 2695 D ReflectedParamUpdater: extent() != 1 for single value type: algo.buffers.max-count.values
06-13 19:04:36.557 479 2695 D ReflectedParamUpdater: extent() != 1 for single value type: output.subscribed-indices.values
06-13 19:04:36.557 479 2695 D ReflectedParamUpdater: extent() != 1 for single value type: input.buffers.allocator-ids.values
06-13 19:04:36.557 479 2695 D ReflectedParamUpdater: extent() != 1 for single value type: output.buffers.allocator-ids.values
06-13 19:04:36.557 479 2695 D ReflectedParamUpdater: extent() != 1 for single value type: algo.buffers.allocator-ids.values
06-13 19:04:36.557 479 2695 D ReflectedParamUpdater: extent() != 1 for single value type: output.buffers.pool-ids.values
06-13 19:04:36.558 479 2695 D ReflectedParamUpdater: extent() != 1 for single value type: algo.buffers.pool-ids.values
06-13 19:04:36.558 479 2694 I CCodecConfig: query failed after returning 7 values (BAD_INDEX)
06-13 19:04:36.558 479 2694 D CCodecConfig: c2 config diff is Dict {
06-13 19:04:36.558 479 2694 D CCodecConfig: c2::u32 coded.bitrate.value = 64000
06-13 19:04:36.558 479 2694 D CCodecConfig: c2::u32 input.buffers.max-size.value = 32768
06-13 19:04:36.558 479 2694 D CCodecConfig: c2::u32 input.delay.value = 0
06-13 19:04:36.558 479 2694 D CCodecConfig: string input.media-type.value = "audio/vorbis"
06-13 19:04:36.558 479 2694 D CCodecConfig: string output.media-type.value = "audio/raw"
06-13 19:04:36.558 479 2694 D CCodecConfig: c2::u32 raw.channel-count.value = 1
06-13 19:04:36.558 479 2694 D CCodecConfig: c2::u32 raw.sample-rate.value = 48000
06-13 19:04:36.558 479 2694 D CCodecConfig: }
06-13 19:04:36.560 479 524 D CompatibilityChangeReporter: Compat change id reported: 135634846; UID 1000; state: DISABLED
06-13 19:04:36.561 479 2695 I CCodecConfig: query failed after returning 7 values (BAD_INDEX)
06-13 19:04:36.561 479 2695 D CCodecConfig: c2 config diff is Dict {
06-13 19:04:36.561 479 2695 D CCodecConfig: c2::u32 coded.bitrate.value = 64000
06-13 19:04:36.561 479 2695 D CCodecConfig: c2::u32 input.buffers.max-size.value = 32768
06-13 19:04:36.561 479 2695 D CCodecConfig: c2::u32 input.delay.value = 0
06-13 19:04:36.561 479 2695 D CCodecConfig: string input.media-type.value = "audio/vorbis"
06-13 19:04:36.561 479 2695 D CCodecConfig: string output.media-type.value = "audio/raw"
06-13 19:04:36.561 479 2695 D CCodecConfig: c2::u32 raw.channel-count.value = 1
06-13 19:04:36.561 479 2695 D CCodecConfig: c2::u32 raw.sample-rate.value = 48000
06-13 19:04:36.561 479 2695 D CCodecConfig: }
06-13 19:04:36.565 479 2695 D CCodec : [c2.android.vorbis.decoder] buffers are bound to CCodec for this session
06-13 19:04:36.565 479 2695 D CCodecConfig: no c2 equivalents for durationUs
06-13 19:04:36.565 479 2695 D CCodecConfig: no c2 equivalents for track-id
06-13 19:04:36.565 479 2695 D CCodecConfig: no c2 equivalents for csd-1
06-13 19:04:36.565 479 2695 D CCodecConfig: no c2 equivalents for channel-mask
06-13 19:04:36.565 479 2695 D CCodecConfig: no c2 equivalents for flags
06-13 19:04:36.567 268 268 I AW_PowerHAL: cur-mode:LAUNCH
06-13 19:04:36.567 479 2695 D CCodecConfig: c2 config diff is c2::u32 coded.bitrate.value = 112000
06-13 19:04:36.567 479 2695 D CCodecConfig: c2::u32 raw.channel-count.value = 2
06-13 19:04:36.567 479 2695 D CCodecConfig: c2::u32 raw.sample-rate.value = 44100
06-13 19:04:36.568 479 2695 W Codec2Client: query -- param skipped: index = 1107298332.
06-13 19:04:36.569 479 2695 D CCodec : setup formats input: AMessage(what = 0x00000000) = {
06-13 19:04:36.569 479 2695 D CCodec : int32_t bitrate = 112000
06-13 19:04:36.569 479 2695 D CCodec : int32_t channel-count = 2
06-13 19:04:36.569 479 2695 D CCodec : int32_t max-input-size = 32768
06-13 19:04:36.569 479 2695 D CCodec : string mime = "audio/vorbis"
06-13 19:04:36.569 479 2695 D CCodec : int32_t sample-rate = 44100
06-13 19:04:36.569 479 2695 D CCodec : }
06-13 19:04:36.569 479 2695 D CCodec : setup formats output: AMessage(what = 0x00000000) = {
06-13 19:04:36.569 479 2695 D CCodec : int32_t channel-count = 2
06-13 19:04:36.569 479 2695 D CCodec : string mime = "audio/raw"
06-13 19:04:36.569 479 2695 D CCodec : int32_t sample-rate = 44100
06-13 19:04:36.569 479 2695 D CCodec : int32_t channel-mask = 3
06-13 19:04:36.569 479 2695 D CCodec : }
06-13 19:04:36.569 479 2695 I CCodecConfig: query failed after returning 7 values (BAD_INDEX)
06-13 19:04:36.570 479 2695 W Codec2Client: query -- param skipped: index = 1342179345.
06-13 19:04:36.570 479 2695 W Codec2Client: query -- param skipped: index = 2415921170.
06-13 19:04:36.572 395 813 D BufferPoolAccessor2.0: bufferpool2 0xec6b3f18 : 0(0 size) total buffers - 0(0 size) used buffers - 136/145 (recycle/alloc) - 9/144 (fetch/transfer)
06-13 19:04:36.572 395 813 D BufferPoolAccessor2.0: Destruction - bufferpool2 0xec6b3f18 cached: 0/0M, 0/0% in use; allocs: 145, 94% recycled; transfers: 144, 94% unfetched
06-13 19:04:36.573 395 886 D BufferPoolAccessor2.0: bufferpool2 0xec6b4198 : 0(0 size) total buffers - 0(0 size) used buffers - 137/145 (recycle/alloc) - 8/144 (fetch/transfer)
06-13 19:04:36.573 395 886 D BufferPoolAccessor2.0: Destruction - bufferpool2 0xec6b4198 cached: 0/0M, 0/0% in use; allocs: 145, 94% recycled; transfers: 144, 94% unfetched
06-13 19:04:36.573 395 886 D BufferPoolAccessor2.0: bufferpool2 0xec6b42d8 : 0(0 size) total buffers - 0(0 size) used buffers - 15/19 (recycle/alloc) - 4/18 (fetch/transfer)
06-13 19:04:36.573 395 886 D BufferPoolAccessor2.0: Destruction - bufferpool2 0xec6b42d8 cached: 0/0M, 0/0% in use; allocs: 19, 79% recycled; transfers: 18, 78% unfetched
06-13 19:04:36.573 479 2694 D CCodec : [c2.android.vorbis.decoder] buffers are bound to CCodec for this session
06-13 19:04:36.573 395 886 D BufferPoolAccessor2.0: bufferpool2 0xec6b4418 : 0(0 size) total buffers - 0(0 size) used buffers - 16/21 (recycle/alloc) - 5/20 (fetch/transfer)
06-13 19:04:36.573 479 2694 D CCodecConfig: no c2 equivalents for durationUs
06-13 19:04:36.573 479 2694 D CCodecConfig: no c2 equivalents for track-id
06-13 19:04:36.574 479 2694 D CCodecConfig: no c2 equivalents for csd-1
06-13 19:04:36.574 395 886 D BufferPoolAccessor2.0: Destruction - bufferpool2 0xec6b4418 cached: 0/0M, 0/0% in use; allocs: 21, 76% recycled; transfers: 20, 75% unfetched
06-13 19:04:36.574 479 2694 D CCodecConfig: no c2 equivalents for channel-mask
06-13 19:04:36.574 479 2694 D CCodecConfig: no c2 equivalents for flags
06-13 19:04:36.574 395 426 D BufferPoolAccessor2.0: bufferpool2 0xec6b5098 : 0(0 size) total buffers - 0(0 size) used buffers - 33/36 (recycle/alloc) - 4/35 (fetch/transfer)
06-13 19:04:36.574 395 426 D BufferPoolAccessor2.0: Destruction - bufferpool2 0xec6b5098 cached: 0/0M, 0/0% in use; allocs: 36, 92% recycled; transfers: 35, 89% unfetched
06-13 19:04:36.575 479 2695 D CCodecBufferChannel: [c2.android.vorbis.decoder#800] Created input block pool with allocatorID 16 => poolID 23 - OK (0)
06-13 19:04:36.575 395 813 D BufferPoolAccessor2.0: bufferpool2 0xec6b4558 : 0(0 size) total buffers - 0(0 size) used buffers - 29/32 (recycle/alloc) - 3/31 (fetch/transfer)
06-13 19:04:36.575 395 813 D BufferPoolAccessor2.0: Destruction - bufferpool2 0xec6b4558 cached: 0/0M, 0/0% in use; allocs: 32, 91% recycled; transfers: 31, 90% unfetched
06-13 19:04:36.578 815 912 D BufferPoolAccessor2.0: bufferpool2 0xef5480d8 : 0(0 size) total buffers - 0(0 size) used buffers - 1/7 (recycle/alloc) - 6/96 (fetch/transfer)
06-13 19:04:36.579 479 2694 D CCodecConfig: c2 config diff is c2::u32 coded.bitrate.value = 112000
06-13 19:04:36.579 479 2694 D CCodecConfig: c2::u32 raw.channel-count.value = 2
06-13 19:04:36.579 479 2694 D CCodecConfig: c2::u32 raw.sample-rate.value = 44100
06-13 19:04:36.581 479 638 D BufferPoolAccessor2.0: bufferpool2 0xee1ec798 : 0(0 size) total buffers - 0(0 size) used buffers - 1/7 (recycle/alloc) - 12/294 (fetch/transfer)
06-13 19:04:36.581 479 638 D BufferPoolAccessor2.0: Destruction - bufferpool2 0xee1ec798 cached: 0/0M, 0/0% in use; allocs: 7, 14% recycled; transfers: 294, 96% unfetched
06-13 19:04:36.581 479 638 D BufferPoolAccessor2.0: bufferpool2 0xee1ec8d8 : 0(0 size) total buffers - 0(0 size) used buffers - 2/7 (recycle/alloc) - 12/294 (fetch/transfer)
06-13 19:04:36.581 479 638 D BufferPoolAccessor2.0: Destruction - bufferpool2 0xee1ec8d8 cached: 0/0M, 0/0% in use; allocs: 7, 29% recycled; transfers: 294, 96% unfetched
06-13 19:04:36.581 479 2694 W Codec2Client: query -- param skipped: index = 1107298332.
06-13 19:04:36.581 479 2694 D CCodec : setup formats input: AMessage(what = 0x00000000) = {
06-13 19:04:36.581 479 2694 D CCodec : int32_t bitrate = 112000
06-13 19:04:36.581 479 2694 D CCodec : int32_t channel-count = 2
06-13 19:04:36.581 479 2694 D CCodec : int32_t max-input-size = 32768
06-13 19:04:36.581 479 2694 D CCodec : string mime = "audio/vorbis"
06-13 19:04:36.581 479 2694 D CCodec : int32_t sample-rate = 44100
06-13 19:04:36.581 479 2694 D CCodec : }
06-13 19:04:36.581 479 638 D BufferPoolAccessor2.0: bufferpool2 0xee74d798 : 0(0 size) total buffers - 0(0 size) used buffers - 2/7 (recycle/alloc) - 5/42 (fetch/transfer)
06-13 19:04:36.581 479 2694 D CCodec : setup formats output: AMessage(what = 0x00000000) = {
06-13 19:04:36.581 479 2694 D CCodec : int32_t channel-count = 2
06-13 19:04:36.581 479 2694 D CCodec : string mime = "audio/raw"
06-13 19:04:36.581 479 2694 D CCodec : int32_t sample-rate = 44100
06-13 19:04:36.581 479 2694 D CCodec : int32_t channel-mask = 3
06-13 19:04:36.581 479 2694 D CCodec : }
06-13 19:04:36.581 479 638 D BufferPoolAccessor2.0: Destruction - bufferpool2 0xee74d798 cached: 0/0M, 0/0% in use; allocs: 7, 29% recycled; transfers: 42, 88% unfetched
06-13 19:04:36.582 479 638 D BufferPoolAccessor2.0: bufferpool2 0xee1f04d8 : 0(0 size) total buffers - 0(0 size) used buffers - 2/7 (recycle/alloc) - 8/46 (fetch/transfer)
06-13 19:04:36.582 479 638 D BufferPoolAccessor2.0: Destruction - bufferpool2 0xee1f04d8 cached: 0/0M, 0/0% in use; allocs: 7, 29% recycled; transfers: 46, 83% unfetched
06-13 19:04:36.582 479 638 D BufferPoolAccessor2.0: bufferpool2 0xee7500d8 : 0(0 size) total buffers - 0(0 size) used buffers - 2/7 (recycle/alloc) - 9/76 (fetch/transfer)
06-13 19:04:36.582 479 638 D BufferPoolAccessor2.0: Destruction - bufferpool2 0xee7500d8 cached: 0/0M, 0/0% in use; allocs: 7, 29% recycled; transfers: 76, 88% unfetched
06-13 19:04:36.582 1090 1289 W SQLiteLog: (28) double-quoted string literal: "
06-13 19:04:36.582 1090 1289 W SQLiteLog: (28) double-quoted string literal: "7D1F105532BE3FE4A8AB4341400AC90E"
06-13 19:04:36.583 479 2694 I CCodecConfig: query failed after returning 7 values (BAD_INDEX)
06-13 19:04:36.583 815 912 D BufferPoolAccessor2.0: Destruction - bufferpool2 0xef5480d8 cached: 0/0M, 0/0% in use; allocs: 7, 14% recycled; transfers: 96, 94% unfetched
06-13 19:04:36.584 815 912 D BufferPoolAccessor2.0: bufferpool2 0xef548ad8 : 0(0 size) total buffers - 0(0 size) used buffers - 2/7 (recycle/alloc) - 5/92 (fetch/transfer)
06-13 19:04:36.584 815 912 D BufferPoolAccessor2.0: Destruction - bufferpool2 0xef548ad8 cached: 0/0M, 0/0% in use; allocs: 7, 29% recycled; transfers: 92, 95% unfetched
06-13 19:04:36.584 479 638 D BufferPoolAccessor2.0: bufferpool2 0xee7514d8 : 0(0 size) total buffers - 0(0 size) used buffers - 2/7 (recycle/alloc) - 5/68 (fetch/transfer)
06-13 19:04:36.585 479 638 D BufferPoolAccessor2.0: Destruction - bufferpool2 0xee7514d8 cached: 0/0M, 0/0% in use; allocs: 7, 29% recycled; transfers: 68, 93% unfetched
06-13 19:04:36.586 479 2695 I CCodecBufferChannel: [c2.android.vorbis.decoder#800] Created output block pool with allocatorID 16 => poolID 25 - OK
06-13 19:04:36.586 479 2695 D CCodecBufferChannel: [c2.android.vorbis.decoder#800] Configured output block pool ids 25 => OK
06-13 19:04:36.590 479 2694 W Codec2Client: query -- param skipped: index = 1342179345.
06-13 19:04:36.590 479 2694 W Codec2Client: query -- param skipped: index = 2415921170.
06-13 19:04:36.591 2588 2597 I awei.connectio: Background concurrent copying GC freed 35717(3341KB) AllocSpace objects, 22(440KB) LOS objects, 49% free, 3258KB/6517KB, paused 295us total 200.498ms
06-13 19:04:36.592 479 2694 D CCodecBufferChannel: [c2.android.vorbis.decoder#632] Created input block pool with allocatorID 16 => poolID 24 - OK (0)
06-13 19:04:36.596 276 276 I BpBinder: onLastStrongRef automatically unlinking death recipients:
06-13 19:04:36.596 479 2694 I CCodecBufferChannel: [c2.android.vorbis.decoder#632] Created output block pool with allocatorID 16 => poolID 26 - OK
06-13 19:04:36.596 249 249 D Zygote : Forked child process 2702
06-13 19:04:36.598 479 2694 D CCodecBufferChannel: [c2.android.vorbis.decoder#632] Configured output block pool ids 26 => OK
06-13 19:04:36.598 479 543 I ActivityManager: app.processName = com.oranth.powerwindow
06-13 19:04:36.598 479 543 I ActivityManager: Start proc 2702:com.oranth.powerwindow/1000 for pre-top-activity {com.oranth.powerwindow/com.oranth.powerwindow.MainActivity}
06-13 19:04:36.599 395 2697 D SimpleC2Component: Using output block pool with poolID 25 => got 25 - 0
06-13 19:04:36.604 395 2696 D SimpleC2Component: Using output block pool with poolID 26 => got 26 - 0
06-13 19:04:36.609 2702 2702 I Zygote : seccomp disabled by setenforce 0
06-13 19:04:36.629 402 419 I adbd : jdwp connection from 2702
06-13 19:04:36.654 479 2694 D CCodecBufferChannel: [c2.android.vorbis.decoder#632] MediaCodec discarded an unknown buffer
06-13 19:04:36.654 479 2694 D CCodecBufferChannel: [c2.android.vorbis.decoder#632] MediaCodec discarded an unknown buffer
06-13 19:04:36.655 479 938 D AW_CODE : rotation =0
06-13 19:04:36.664 479 2694 I hw-BpHwBinder: onLastStrongRef automatically unlinking death recipients
06-13 19:04:36.671 479 938 D CompatibilityChangeReporter: Compat change id reported: 181136395; UID 1000; state: DISABLED
06-13 19:04:36.672 479 938 D CompatibilityChangeReporter: Compat change id reported: 174042936; UID 1000; state: DISABLED
06-13 19:04:36.676 479 2695 D CCodecBufferChannel: [c2.android.vorbis.decoder#800] MediaCodec discarded an unknown buffer
06-13 19:04:36.677 677 677 D TvPipController: onTaskStackChanged()
06-13 19:04:36.680 2702 2702 D CompatibilityChangeReporter: Compat change id reported: 171979766; UID 1000; state: ENABLED
06-13 19:04:36.683 479 2695 I hw-BpHwBinder: onLastStrongRef automatically unlinking death recipients
06-13 19:04:36.684 395 813 I hw-BpHwBinder: onLastStrongRef automatically unlinking death recipients
06-13 19:04:36.684 395 813 V C2Store : in ~ComponentModule
06-13 19:04:36.684 395 813 V C2Store : unloading dll
06-13 19:04:36.704 479 2692 D MediaCodecList: codecHandlesFormat: no format, so no extra checks
06-13 19:04:36.706 479 2721 D CCodec : allocate(c2.android.vorbis.decoder)
06-13 19:04:36.706 395 813 V C2Store : in init
06-13 19:04:36.707 395 813 V C2Store : loading dll
06-13 19:04:36.711 479 2721 I CCodec : Created component [c2.android.vorbis.decoder]
06-13 19:04:36.711 479 2721 D CCodecConfig: read media type: audio/vorbis
06-13 19:04:36.715 479 2721 D ReflectedParamUpdater: extent() != 1 for single value type: algo.buffers.max-count.values
06-13 19:04:36.715 479 2721 D ReflectedParamUpdater: extent() != 1 for single value type: output.subscribed-indices.values
06-13 19:04:36.715 479 2721 D ReflectedParamUpdater: extent() != 1 for single value type: input.buffers.allocator-ids.values
06-13 19:04:36.716 479 2721 D ReflectedParamUpdater: extent() != 1 for single value type: output.buffers.allocator-ids.values
06-13 19:04:36.716 479 2721 D ReflectedParamUpdater: extent() != 1 for single value type: algo.buffers.allocator-ids.values
06-13 19:04:36.716 479 2721 D ReflectedParamUpdater: extent() != 1 for single value type: output.buffers.pool-ids.values
06-13 19:04:36.716 479 2721 D ReflectedParamUpdater: extent() != 1 for single value type: algo.buffers.pool-ids.values
06-13 19:04:36.719 479 2721 I CCodecConfig: query failed after returning 7 values (BAD_INDEX)
06-13 19:04:36.719 479 2721 D CCodecConfig: c2 config diff is Dict {
06-13 19:04:36.719 479 2721 D CCodecConfig: c2::u32 coded.bitrate.value = 64000
06-13 19:04:36.719 479 2721 D CCodecConfig: c2::u32 input.buffers.max-size.value = 32768
06-13 19:04:36.719 479 2721 D CCodecConfig: c2::u32 input.delay.value = 0
06-13 19:04:36.719 479 2721 D CCodecConfig: string input.media-type.value = "audio/vorbis"
06-13 19:04:36.719 479 2721 D CCodecConfig: string output.media-type.value = "audio/raw"
06-13 19:04:36.719 479 2721 D CCodecConfig: c2::u32 raw.channel-count.value = 1
06-13 19:04:36.719 479 2721 D CCodecConfig: c2::u32 raw.sample-rate.value = 48000
06-13 19:04:36.719 479 2721 D CCodecConfig: }
06-13 19:04:36.721 479 2721 D CCodec : [c2.android.vorbis.decoder] buffers are bound to CCodec for this session
06-13 19:04:36.721 479 2721 D CCodecConfig: no c2 equivalents for durationUs
06-13 19:04:36.721 479 2721 D CCodecConfig: no c2 equivalents for track-id
06-13 19:04:36.721 479 2721 D CCodecConfig: no c2 equivalents for csd-1
06-13 19:04:36.721 479 2721 D CCodecConfig: no c2 equivalents for channel-mask
06-13 19:04:36.721 479 2721 D CCodecConfig: no c2 equivalents for flags
06-13 19:04:36.722 479 2721 D CCodecConfig: c2 config diff is c2::u32 coded.bitrate.value = 112000
06-13 19:04:36.722 479 2721 D CCodecConfig: c2::u32 raw.channel-count.value = 2
06-13 19:04:36.722 479 2721 D CCodecConfig: c2::u32 raw.sample-rate.value = 44100
06-13 19:04:36.722 2702 2702 V GraphicsEnvironment: ANGLE Developer option for 'com.oranth.powerwindow' set to: 'default'
06-13 19:04:36.722 2702 2702 V GraphicsEnvironment: Neither updatable production driver nor prerelease driver is supported.
06-13 19:04:36.724 2702 2702 D NetworkSecurityConfig: No Network Security Config specified, using platform default
06-13 19:04:36.725 479 2721 W Codec2Client: query -- param skipped: index = 1107298332.
06-13 19:04:36.725 479 2721 D CCodec : setup formats input: AMessage(what = 0x00000000) = {
06-13 19:04:36.725 479 2721 D CCodec : int32_t bitrate = 112000
06-13 19:04:36.725 479 2721 D CCodec : int32_t channel-count = 2
06-13 19:04:36.725 479 2721 D CCodec : int32_t max-input-size = 32768
06-13 19:04:36.725 479 2721 D CCodec : string mime = "audio/vorbis"
06-13 19:04:36.725 479 2721 D CCodec : int32_t sample-rate = 44100
06-13 19:04:36.725 479 2721 D CCodec : }
06-13 19:04:36.725 479 2721 D CCodec : setup formats output: AMessage(what = 0x00000000) = {
06-13 19:04:36.725 479 2721 D CCodec : int32_t channel-count = 2
06-13 19:04:36.725 479 2721 D CCodec : string mime = "audio/raw"
06-13 19:04:36.725 479 2721 D CCodec : int32_t sample-rate = 44100
06-13 19:04:36.725 479 2721 D CCodec : int32_t channel-mask = 3
06-13 19:04:36.725 479 2721 D CCodec : }
06-13 19:04:36.725 2702 2702 D NetworkSecurityConfig: No Network Security Config specified, using platform default
06-13 19:04:36.725 479 2721 I CCodecConfig: query failed after returning 7 values (BAD_INDEX)
06-13 19:04:36.726 479 2721 W Codec2Client: query -- param skipped: index = 1342179345.
06-13 19:04:36.726 479 2721 W Codec2Client: query -- param skipped: index = 2415921170.
06-13 19:04:36.728 479 2721 D CCodecBufferChannel: [c2.android.vorbis.decoder#85] Created input block pool with allocatorID 16 => poolID 25 - OK (0)
06-13 19:04:36.730 479 2721 I CCodecBufferChannel: [c2.android.vorbis.decoder#85] Created output block pool with allocatorID 16 => poolID 27 - OK
06-13 19:04:36.731 479 2721 D CCodecBufferChannel: [c2.android.vorbis.decoder#85] Configured output block pool ids 27 => OK
06-13 19:04:36.735 395 2723 D SimpleC2Component: Using output block pool with poolID 27 => got 27 - 0
06-13 19:04:36.806 479 2721 D CCodecBufferChannel: [c2.android.vorbis.decoder#85] MediaCodec discarded an unknown buffer
06-13 19:04:36.807 479 2721 D CCodecBufferChannel: [c2.android.vorbis.decoder#85] MediaCodec discarded an unknown buffer
06-13 19:04:36.807 479 2721 D CCodecBufferChannel: [c2.android.vorbis.decoder#85] MediaCodec discarded an unknown buffer
06-13 19:04:36.808 395 813 I hw-BpHwBinder: onLastStrongRef automatically unlinking death recipients
06-13 19:04:36.808 395 813 V C2Store : in ~ComponentModule
06-13 19:04:36.808 395 813 V C2Store : unloading dll
06-13 19:04:36.809 479 2721 I hw-BpHwBinder: onLastStrongRef automatically unlinking death recipients
06-13 19:04:36.804 1072 1072 E sprdwl : sprdwl_rx_rsp_process ctx_id 0 recv rsp[WIFI_CMD_TX_DATA] status[SPRDWL_CMD_STATUS_ERROR]
06-13 19:04:36.854 479 479 W NotificationHistory: Attempted to add notif for locked/gone/disabled user 0
06-13 19:04:36.857 677 677 V TvNotificationHandler: Notification not added because it isn't relevant for tv
06-13 19:04:36.925 479 523 W IorapForwardingService: No service published for: iorapd
06-13 19:04:37.068 2299 2299 I CrashSDKNormalH: type=1400 audit(0.0:1017): avc: denied { search } for name="com.dangbei.screencast" dev="mmcblk0p25" ino=889 scontext=u:r:platform_app:s0:c512,c768 tcontext=u:object_r:app_data_file:s0:c512,c768 tclass=dir permissive=1 app=com.dangbei.screencast
06-13 19:04:37.068 2299 2299 I CrashSDKNormalH: type=1400 audit(0.0:1018): avc: denied { read } for name="tags" dev="mmcblk0p25" ino=2029 scontext=u:r:platform_app:s0:c512,c768 tcontext=u:object_r:app_data_file:s0:c512,c768 tclass=dir permissive=1 app=com.dangbei.screencast
06-13 19:04:37.068 2299 2299 I CrashSDKNormalH: type=1400 audit(0.0:1019): avc: denied { open } for path="/data/user/0/com.dangbei.screencast/crashsdk/tags" dev="mmcblk0p25" ino=2029 scontext=u:r:platform_app:s0:c512,c768 tcontext=u:object_r:app_data_file:s0:c512,c768 tclass=dir permissive=1 app=com.dangbei.screencast
06-13 19:04:37.068 2299 2299 I CrashSDKNormalH: type=1400 audit(0.0:1020): avc: denied { open } for path="/data/user/0/com.dangbei.screencast/crashsdk/tags/TSACNEERCS0IEBGNAD0MOC.st" dev="mmcblk0p25" ino=2159 scontext=u:r:platform_app:s0:c512,c768 tcontext=u:object_r:app_data_file:s0:c512,c768 tclass=file permissive=1 app=com.dangbei.screencast
06-13 19:04:37.068 2299 2299 I CrashSDKNormalH: type=1400 audit(0.0:1021): avc: denied { lock } for path="/data/user/0/com.dangbei.screencast/crashsdk/tags/TSACNEERCS0IEBGNAD0MOC.st" dev="mmcblk0p25" ino=2159 scontext=u:r:platform_app:s0:c512,c768 tcontext=u:object_r:app_data_file:s0:c512,c768 tclass=file permissive=1 app=com.dangbei.screencast
06-13 19:04:37.081 187 187 I hwservicemanager: getTransport: Cannot find entry android.hardware.configstore@1.0::ISurfaceFlingerConfigs/default in either framework or device VINTF manifest.
06-13 19:04:37.099 276 532 E HWComposer: getSupportedContentTypes: getSupportedContentTypes failed for display 0: Unsupported (8)
06-13 19:04:37.101 187 187 I hwservicemanager: getTransport: Cannot find entry android.hardware.graphics.mapper@4.0::IMapper/default in either framework or device VINTF manifest.
06-13 19:04:37.101 2702 2740 I Gralloc4: mapper 4.x is not supported
06-13 19:04:37.102 187 187 I hwservicemanager: getTransport: Cannot find entry android.hardware.graphics.mapper@3.0::IMapper/default in either framework or device VINTF manifest.
06-13 19:04:37.102 2702 2740 W Gralloc3: mapper 3.x is not supported
06-13 19:04:37.105 2702 2740 E gralloc : Arm Module v1.0
06-13 19:04:37.107 187 187 I hwservicemanager: getTransport: Cannot find entry android.hardware.graphics.allocator@4.0::IAllocator/default in either framework or device VINTF manifest.
06-13 19:04:37.107 2702 2740 W Gralloc4: allocator 4.x is not supported
06-13 19:04:37.107 187 187 I hwservicemanager: getTransport: Cannot find entry android.hardware.graphics.allocator@3.0::IAllocator/default in either framework or device VINTF manifest.
06-13 19:04:37.107 2702 2740 W Gralloc3: allocator 3.x is not supported
06-13 19:04:37.109 263 263 I gralloc : alloc buffer:W:1920 H:1080 S:1920 PL[1920 1080] SZ:8294400 fmt:1 if:0 af:1 usg:20000b00 fg:00000004
06-13 19:04:37.110 2702 2740 E ion : ioctl c0044901 failed with code -1: Inappropriate ioctl for device
06-13 19:04:37.111 263 263 I gralloc : alloc buffer:W:1920 H:1080 S:1920 PL[1920 1080] SZ:8294400 fmt:1 if:0 af:1 usg:20000b00 fg:00000004
06-13 19:04:37.112 263 263 I gralloc : alloc buffer:W:1920 H:1080 S:1920 PL[1920 1080] SZ:8294400 fmt:1 if:0 af:1 usg:20000b00 fg:00000004
06-13 19:04:37.187 2147 2191 D UtilLog : 日志批量上报 进行正常循环 !!!!!!本次有0次请求,共0条数据
06-13 19:04:37.207 479 750 D AW_CODE : rotation =0
06-13 19:04:37.208 479 750 D CompatibilityChangeReporter: Compat change id reported: 174042980; UID 1000; state: DISABLED
06-13 19:04:37.210 1090 1090 I hq : 当小贝:::showMessage from=mActivityLifecycleCallbacks
06-13 19:04:37.212 1090 1529 I hq : 当小贝:::showMessage 没有消息需要显示
06-13 19:04:37.226 2071 2071 I DefaultIMS: onStartInput attribute=android.view.inputmethod.EditorInfo@39c0afd restarting=false inputType: 0
06-13 19:04:37.241 268 268 I AW_PowerHAL: Power setMode: LAUNCH to: 0
06-13 19:04:37.243 268 268 I AW_PowerHAL: cur-mode:SCHEDUTIL
06-13 19:04:37.248 479 479 W HdmiCecLocalDevicePlayback: Failed to complete One Touch Play. result=1
06-13 19:04:37.257 479 524 I ActivityManager: Killing 1405:com.android.localtransport/1000 (adj 985): empty #17
06-13 19:04:37.260 1090 1289 D MobclickAgent: 延续上一个会话: 7D1F105532BE3FE4A8AB4341400AC90E
06-13 19:04:37.276 1090 1289 W SQLiteLog: (28) double-quoted string literal: "7D1F105532BE3FE4A8AB4341400AC90E"
06-13 19:04:37.276 1090 1289 W SQLiteLog: (28) double-quoted string literal: ""
06-13 19:04:37.276 1090 1289 W SQLiteLog: (28) double-quoted string literal: "7D1F105532BE3FE4A8AB4341400AC90E"
06-13 19:04:37.276 1090 1289 W SQLiteLog: (28) double-quoted string literal: "-1"
06-13 19:04:37.296 2392 2392 W audit : audit_lost=570 audit_rate_limit=5 audit_backlog_limit=64
06-13 19:04:37.296 2392 2392 E audit : rate limit exceeded
06-13 19:04:37.310 479 544 I libprocessgroup: Successfully killed process cgroup uid 1000 pid 1405 in 52ms
06-13 19:04:37.312 677 677 D TvPipController: onTaskStackChanged()
06-13 19:04:37.314 249 249 I Zygote : Process 1405 exited due to signal 9 (Killed)
06-13 19:04:37.371 2299 2750 I PlatformDependent: Your platform does not provide complete low-level API for accessing direct buffers reliably. Unless explicitly requested, heap buffer will always be preferred to avoid potential system instability.
06-13 19:04:37.432 2299 2392 W VideoCapabilities: Unrecognized profile/level 0/3 for video/mpeg2
06-13 19:04:37.457 479 619 D NsdService: Register service
06-13 19:04:37.457 479 619 D NsdService: registerService: 4 name: 当贝投屏R5, type: _airplay._tcp, host: null, port: 40369, txtRecord: srcvers=220.68features=0x527FFFF7,0x1E'pi=2e388006-13ba-4041-9a67-25dd4a43d536Cpk=b07727d6f6cd6e08b58ede525ec3cdeaa252ad9f683feb212ef8a205246554e7vv=2 flags=0x4model=AppleTV2,1deviceid=b4:2f:03:15:e9:b5
06-13 19:04:37.458 479 619 D NsdService: mdnssd [register, 4, 当贝投屏R5, _airplay._tcp, 40369, DnNyY3ZlcnM9MjIwLjY4GGZlYXR1cmVzPTB4NTI3RkZGRjcsMHgxRSdwaT0yZTM4ODAwNi0xM2JhLTQwNDEtOWE2Ny0yNWRkNGE0M2Q1MzZDcGs9YjA3NzI3ZDZmNmNkNmUwOGI1OGVkZTUyNWVjM2NkZWFhMjUyYWQ5ZjY4M2ZlYjIxMmVmOGEyMDUyNDY1NTRlNwR2dj0yCWZsYWdzPTB4NBBtb2RlbD1BcHBsZVRWMiwxGmRldmljZWlkPWI0OjJmOjAzOjE1OmU5OmI1]
06-13 19:04:37.460 479 619 D NsdService: Register 2 4
06-13 19:04:37.469 479 619 D NsdService: Register service
06-13 19:04:37.470 479 619 D NsdService: registerService: 5 name: b42f0315e9b5@当贝投屏R5, type: _raop._tcp, host: null, port: 33301, txtRecord: txtvers=1 am=AppleTV2,1ch=2
