06-13 19:04:04.864 319 319 I pgrep : type=1400 audit(0.0:192): avc: denied { getattr } for path="/proc/274" dev="proc" ino=8249 scontext=u:r:toolbox:s0 tcontext=u:r:credstore:s0 tclass=dir permissive=1
06-13 19:04:04.864 319 319 I pgrep : type=1400 audit(0.0:193): avc: denied { search } for name="274" dev="proc" ino=8249 scontext=u:r:toolbox:s0 tcontext=u:r:credstore:s0 tclass=dir permissive=1
06-13 19:04:04.864 319 319 I pgrep : type=1400 audit(0.0:194): avc: denied { open } for path="/proc/274/stat" dev="proc" ino=10476 scontext=u:r:toolbox:s0 tcontext=u:r:credstore:s0 tclass=file permissive=1
06-13 19:04:04.864 319 319 I pgrep : type=1400 audit(0.0:195): avc: denied { getattr } for path="/proc/275" dev="proc" ino=8266 scontext=u:r:toolbox:s0 tcontext=u:r:gpuservice:s0 tclass=dir permissive=1
06-13 19:04:04.864 319 319 I pgrep : type=1400 audit(0.0:196): avc: denied { search } for name="275" dev="proc" ino=8266 scontext=u:r:toolbox:s0 tcontext=u:r:gpuservice:s0 tclass=dir permissive=1
06-13 19:04:04.864 319 319 I pgrep : type=1400 audit(0.0:197): avc: denied { open } for path="/proc/275/stat" dev="proc" ino=10477 scontext=u:r:toolbox:s0 tcontext=u:r:gpuservice:s0 tclass=file permissive=1
06-13 19:04:04.868 319 319 I pgrep : type=1400 audit(0.0:198): avc: denied { getattr } for path="/proc/276" dev="proc" ino=3965 scontext=u:r:toolbox:s0 tcontext=u:r:surfaceflinger:s0 tclass=dir permissive=1
06-13 19:04:04.868 319 319 I pgrep : type=1400 audit(0.0:199): avc: denied { search } for name="276" dev="proc" ino=3965 scontext=u:r:toolbox:s0 tcontext=u:r:surfaceflinger:s0 tclass=dir permissive=1
06-13 19:04:04.868 319 319 I pgrep : type=1400 audit(0.0:200): avc: denied { open } for path="/proc/276/stat" dev="proc" ino=10478 scontext=u:r:toolbox:s0 tcontext=u:r:surfaceflinger:s0 tclass=file permissive=1
06-13 19:04:04.868 319 319 I pgrep : type=1400 audit(0.0:201): avc: denied { getattr } for path="/proc/277" dev="proc" ino=3917 scontext=u:r:toolbox:s0 tcontext=u:r:pqd:s0 tclass=dir permissive=1
06-13 19:04:04.868 319 319 I pgrep : type=1400 audit(0.0:202): avc: denied { search } for name="277" dev="proc" ino=3917 scontext=u:r:toolbox:s0 tcontext=u:r:pqd:s0 tclass=dir permissive=1
06-13 19:04:04.868 319 319 I pgrep : type=1400 audit(0.0:203): avc: denied { open } for path="/proc/277/stat" dev="proc" ino=10479 scontext=u:r:toolbox:s0 tcontext=u:r:pqd:s0 tclass=file permissive=1
06-13 19:04:04.868 319 319 I pgrep : type=1400 audit(0.0:204): avc: denied { getattr } for path="/proc/292" dev="proc" ino=9244 scontext=u:r:toolbox:s0 tcontext=u:r:init:s0 tclass=dir permissive=1
06-13 19:04:04.868 319 319 I pgrep : type=1400 audit(0.0:205): avc: denied { search } for name="292" dev="proc" ino=9244 scontext=u:r:toolbox:s0 tcontext=u:r:init:s0 tclass=dir permissive=1
06-13 19:04:04.868 318 318 I xiriservice_All: type=1400 audit(0.0:206): avc: denied { search } for name="com.android.htmlviewer" dev="mmcblk0p25" ino=698 scontext=u:r:init:s0 tcontext=u:object_r:app_data_file:s0:c32,c256,c512,c768 tclass=dir permissive=1
06-13 19:04:04.868 318 318 I xiriservice_All: type=1400 audit(0.0:207): avc: denied { search } for name="com.android.companiondevicemanager" dev="mmcblk0p25" ino=706 scontext=u:r:init:s0 tcontext=u:object_r:app_data_file:s0:c48,c256,c512,c768 tclass=dir permissive=1
06-13 19:04:04.868 318 318 I xiriservice_All: type=1400 audit(0.0:208): avc: denied { search } for name="com.android.internal.systemui.onehanded.gestural" dev="mmcblk0p25" ino=731 scontext=u:r:init:s0 tcontext=u:object_r:app_data_file:s0:c8,c256,c512,c768 tclass=dir permissive=1
06-13 19:04:04.872 318 318 I xiriservice_All: type=1400 audit(0.0:209): avc: denied { search } for name="com.android.simappdialog" dev="mmcblk0p25" ino=771 scontext=u:r:init:s0 tcontext=u:object_r:app_data_file:s0:c49,c256,c512,c768 tclass=dir permissive=1
06-13 19:04:04.872 318 318 I xiriservice_All: type=1400 audit(0.0:210): avc: denied { read } for name="lib" dev="mmcblk0p25" ino=3020 scontext=u:r:init:s0 tcontext=u:object_r:radio_data_file:s0 tclass=lnk_file permissive=1
06-13 19:04:04.876 318 318 I xiriservice_All: type=1400 audit(0.0:211): avc: denied { search } for name="com.android.modulemetadata" dev="mmcblk0p25" ino=788 scontext=u:r:init:s0 tcontext=u:object_r:app_data_file:s0:c59,c256,c512,c768 tclass=dir permissive=1
06-13 19:04:04.876 318 318 I xiriservice_All: type=1400 audit(0.0:212): avc: denied { search } for name="com.google.android.apps.searchlite.overlay" dev="mmcblk0p25" ino=814 scontext=u:r:init:s0 tcontext=u:object_r:app_data_file:s0:c2,c256,c512,c768 tclass=dir permissive=1
06-13 19:04:04.876 318 318 I xiriservice_All: type=1400 audit(0.0:213): avc: denied { search } for name="com.android.internal.systemui.navbar.threebutton" dev="mmcblk0p25" ino=822 scontext=u:r:init:s0 tcontext=u:object_r:app_data_file:s0:c9,c256,c512,c768 tclass=dir permissive=1
06-13 19:04:04.876 318 318 I xiriservice_All: type=1400 audit(0.0:214): avc: denied { search } for name="com.google.android.networkstackconfig" dev="mmcblk0p25" ino=830 scontext=u:r:init:s0 tcontext=u:object_r:app_data_file:s0:c4,c256,c512,c768 tclass=dir permissive=1
06-13 19:04:04.876 318 318 I xiriservice_All: type=1400 audit(0.0:215): avc: denied { search } for name="com.android.internal.systemui.navbar.gestural_extra_wide_back" dev="mmcblk0p25" ino=907 scontext=u:r:init:s0 tcontext=u:object_r:app_data_file:s0:c5,c256,c512,c768 tclass=dir permissive=1
06-13 19:04:04.880 318 318 I xiriservice_All: type=1400 audit(0.0:216): avc: denied { search } for name="com.android.printspooler" dev="mmcblk0p25" ino=935 scontext=u:r:init:s0 tcontext=u:object_r:app_data_file:s0:c46,c256,c512,c768 tclass=dir permissive=1
06-13 19:04:04.880 318 318 I xiriservice_All: type=1400 audit(0.0:217): avc: denied { read } for name="lib" dev="mmcblk0p25" ino=3025 scontext=u:r:init:s0 tcontext=u:object_r:app_data_file:s0:c46,c256,c512,c768 tclass=lnk_file permissive=1
06-13 19:04:04.880 318 318 I xiriservice_All: type=1400 audit(0.0:218): avc: denied { search } for name="com.android.dreams.basic" dev="mmcblk0p25" ino=943 scontext=u:r:init:s0 tcontext=u:object_r:app_data_file:s0:c38,c256,c512,c768 tclass=dir permissive=1
06-13 19:04:04.880 318 318 I xiriservice_All: type=1400 audit(0.0:219): avc: denied { search } for name="com.android.webview" dev="mmcblk0p25" ino=951 scontext=u:r:init:s0 tcontext=u:object_r:app_data_file:s0:c60,c256,c512,c768 tclass=dir permissive=1
06-13 19:04:04.880 318 318 I xiriservice_All: type=1400 audit(0.0:220): avc: denied { read } for name="lib" dev="mmcblk0p25" ino=3026 scontext=u:r:init:s0 tcontext=u:object_r:app_data_file:s0:c60,c256,c512,c768 tclass=lnk_file permissive=1
06-13 19:04:04.884 324 324 I led_switch.sh: type=1400 audit(0.0:221): avc: denied { write } for name="tmp" dev="mmcblk0p25" ino=85 scontext=u:r:init:s0 tcontext=u:object_r:shell_data_file:s0 tclass=dir permissive=1 bug=b/77873135
06-13 19:04:04.888 276 276 I SurfaceFlinger: SurfaceFlinger's main thread ready to run. Initializing graphics H/W...
06-13 19:04:04.888 276 276 D RenderEngine: RenderEngine with GLES Backend
06-13 19:04:04.884 324 324 I led_switch.sh: type=1400 audit(0.0:222): avc: denied { add_name } for name="led_swith.txt" scontext=u:r:init:s0 tcontext=u:object_r:shell_data_file:s0 tclass=dir permissive=1 bug=b/77873135
06-13 19:04:04.884 324 324 I led_switch.sh: type=1400 audit(0.0:223): avc: denied { create } for name="led_swith.txt" scontext=u:r:init:s0 tcontext=u:object_r:shell_data_file:s0 tclass=file permissive=1 bug=b/77873135
06-13 19:04:04.888 324 324 I led_switch.sh: type=1400 audit(0.0:224): avc: denied { write } for name="led_swith.txt" dev="mmcblk0p25" ino=220 scontext=u:r:init:s0 tcontext=u:object_r:shell_data_file:s0 tclass=file permissive=1 bug=b/77873135
06-13 19:04:04.888 324 324 I led_switch.sh: type=1400 audit(0.0:225): avc: denied { open } for path="/data/local/tmp/led_swith.txt" dev="mmcblk0p25" ino=220 scontext=u:r:init:s0 tcontext=u:object_r:shell_data_file:s0 tclass=file permissive=1 bug=b/77873135
06-13 19:04:04.892 318 318 I xiriservice_All: type=1400 audit(0.0:226): avc: denied { search } for name="com.android.printservice.recommendation" dev="mmcblk0p25" ino=1023 scontext=u:r:init:s0 tcontext=u:object_r:app_data_file:s0:c54,c256,c512,c768 tclass=dir permissive=1
06-13 19:04:04.896 328 328 I led_switch.sh: type=1400 audit(0.0:227): avc: denied { execute_no_trans } for path="/vendor/bin/toolbox" dev="dm-1" ino=229 scontext=u:r:init:s0 tcontext=u:object_r:vendor_toolbox_exec:s0 tclass=file permissive=1
06-13 19:04:04.896 318 318 I xiriservice_All: type=1400 audit(0.0:228): avc: denied { search } for name="com.google.android.networkstack.tetheringconfig" dev="mmcblk0p25" ino=1031 scontext=u:r:init:s0 tcontext=u:object_r:app_data_file:s0:c3,c256,c512,c768 tclass=dir permissive=1
06-13 19:04:04.906 327 327 D XM_HIDREAD: hidread running 0429 d06.
06-13 19:04:04.908 327 327 D XM_HIDREAD: addr_len_t:26,addr_len:26
06-13 19:04:04.908 327 327 D XM_HIDREAD: server_socket:4
06-13 19:04:04.908 327 327 D XM_HIDREAD: pthread_join listen_thread before
06-13 19:04:04.908 327 330 D XM_HIDREAD: listener_thread has start 4.
06-13 19:04:04.908 327 330 D XM_HIDREAD: accept before.
06-13 19:04:04.904 318 318 I xiriservice_All: type=1400 audit(0.0:229): avc: denied { search } for name="com.android.theme.font.notoserifsource" dev="mmcblk0p25" ino=1055 scontext=u:r:init:s0 tcontext=u:object_r:app_data_file:s0:c7,c256,c512,c768 tclass=dir permissive=1
06-13 19:04:04.909 327 329 D XM_HIDREAD: >> start monitor uevent ...
06-13 19:04:04.904 327 327 I xm_hidread: type=1400 audit(0.0:230): avc: denied { create } for scontext=u:r:init:s0 tcontext=u:r:init:s0 tclass=netlink_kobject_uevent_socket permissive=1
06-13 19:04:04.904 327 327 I xm_hidread: type=1400 audit(0.0:231): avc: denied { setopt } for scontext=u:r:init:s0 tcontext=u:r:init:s0 tclass=netlink_kobject_uevent_socket permissive=1
06-13 19:04:04.904 327 327 I xm_hidread: type=1400 audit(0.0:232): avc: denied { bind } for scontext=u:r:init:s0 tcontext=u:r:init:s0 tclass=netlink_kobject_uevent_socket permissive=1
06-13 19:04:04.904 327 327 I xm_hidread: type=1400 audit(0.0:233): avc: denied { read } for scontext=u:r:init:s0 tcontext=u:r:init:s0 tclass=netlink_kobject_uevent_socket permissive=1
06-13 19:04:04.912 318 318 I xiriservice_All: type=1400 audit(0.0:234): avc: denied { read } for name="lib" dev="mmcblk0p25" ino=3036 scontext=u:r:init:s0 tcontext=u:object_r:radio_data_file:s0 tclass=lnk_file permissive=1
06-13 19:04:04.920 318 318 I xiriservice_All: type=1400 audit(0.0:235): avc: denied { search } for name="com.android.smspush" dev="mmcblk0p25" ino=1121 scontext=u:r:init:s0 tcontext=u:object_r:app_data_file:s0:c69,c256,c512,c768 tclass=dir permissive=1
06-13 19:04:04.924 318 318 I xiriservice_All: type=1400 audit(0.0:236): avc: denied { search } for name="com.tv.filemanager.os" dev="mmcblk0p25" ino=1137 scontext=u:r:init:s0 tcontext=u:object_r:app_data_file:s0:c40,c256,c512,c768 tclass=dir permissive=1
06-13 19:04:04.931 249 249 I AndroidRuntime: Using default boot image
06-13 19:04:04.931 249 249 I AndroidRuntime: Leaving lock profiling enabled
06-13 19:04:04.928 318 318 I xiriservice_All: type=1400 audit(0.0:237): avc: denied { search } for name="com.android.bookmarkprovider" dev="mmcblk0p25" ino=1161 scontext=u:r:init:s0 tcontext=u:object_r:app_data_file:s0:c37,c256,c512,c768 tclass=dir permissive=1
06-13 19:04:04.932 318 318 I xiriservice_All: type=1400 audit(0.0:238): avc: denied { search } for name="com.android.cts.ctsshim" dev="mmcblk0p25" ino=1177 scontext=u:r:init:s0 tcontext=u:object_r:app_data_file:s0:c42,c256,c512,c768 tclass=dir permissive=1
06-13 19:04:04.932 318 318 I xiriservice_All: type=1400 audit(0.0:239): avc: denied { search } for name="com.dangbei.lerad.screensaver" dev="mmcblk0p25" ino=1185 scontext=u:r:init:s0 tcontext=u:object_r:app_data_file:s0:c53,c256,c512,c768 tclass=dir permissive=1
06-13 19:04:04.932 318 318 I xiriservice_All: type=1400 audit(0.0:240): avc: denied { read } for name="lib" dev="mmcblk0p25" ino=3040 scontext=u:r:init:s0 tcontext=u:object_r:app_data_file:s0:c53,c256,c512,c768 tclass=lnk_file permissive=1
06-13 19:04:04.936 318 318 I xiriservice_All: type=1400 audit(0.0:241): avc: denied { search } for name="com.android.remoteprovisioner" dev="mmcblk0p25" ino=1193 scontext=u:r:init:s0 tcontext=u:object_r:app_data_file:s0:c66,c256,c512,c768 tclass=dir permissive=1
06-13 19:04:04.936 318 318 I xiriservice_All: type=1400 audit(0.0:242): avc: denied { search } for name="com.softwinner.theme.icon" dev="mmcblk0p25" ino=1201 scontext=u:r:init:s0 tcontext=u:object_r:app_data_file:s0:c1,c256,c512,c768 tclass=dir permissive=1
06-13 19:04:04.936 318 318 I xiriservice_All: type=1400 audit(0.0:243): avc: denied { search } for name="com.android.music" dev="mmcblk0p25" ino=1225 scontext=u:r:init:s0 tcontext=u:object_r:app_data_file:s0:c33,c256,c512,c768 tclass=dir permissive=1
06-13 19:04:04.940 249 249 E cutils-trace: Error opening trace file: No such file or directory (2)
06-13 19:04:04.940 318 318 I xiriservice_All: type=1400 audit(0.0:244): avc: denied { search } for name="com.android.providers.media.module" dev="mmcblk0p25" ino=1257 scontext=u:r:init:s0 tcontext=u:object_r:privapp_data_file:s0:c74,c256,c512,c768 tclass=dir permissive=1
06-13 19:04:04.944 249 249 I zygote : option[0]=-Xzygote
06-13 19:04:04.944 249 249 I zygote : option[1]=-Xdeny-art-apex-data-files
06-13 19:04:04.944 249 249 I zygote : option[2]=exit
06-13 19:04:04.944 249 249 I zygote : option[3]=vfprintf
06-13 19:04:04.944 249 249 I zygote : option[4]=sensitiveThread
06-13 19:04:04.944 249 249 I zygote : option[5]=-verbose:gc
06-13 19:04:04.944 249 249 I zygote : option[6]=-XX:PerfettoHprof=true
06-13 19:04:04.944 249 249 I zygote : option[7]=-XX:PerfettoJavaHeapStackProf=true
06-13 19:04:04.944 249 249 I zygote : option[8]=-Xprimaryzygote
06-13 19:04:04.944 249 249 I zygote : option[9]=-Xms5m
06-13 19:04:04.940 318 318 I xiriservice_All: type=1400 audit(0.0:245): avc: denied { read } for name="lib" dev="mmcblk0p25" ino=3042 scontext=u:r:init:s0 tcontext=u:object_r:privapp_data_file:s0:c74,c256,c512,c768 tclass=lnk_file permissive=1
06-13 19:04:04.944 249 249 I zygote : option[11]=-XX:HeapGrowthLimit=256m
06-13 19:04:04.944 249 249 I zygote : option[12]=-XX:HeapMinFree=512k
06-13 19:04:04.944 249 249 I zygote : option[13]=-XX:HeapMaxFree=8m
06-13 19:04:04.944 249 249 I zygote : option[14]=-XX:HeapTargetUtilization=0.75
06-13 19:04:04.944 249 249 I zygote : option[15]=-Xusejit:true
06-13 19:04:04.944 249 249 I zygote : option[16]=-Xjitsaveprofilinginfo
06-13 19:04:04.944 249 249 I zygote : option[17]=-XMadviseWillNeedVdexFileSize:104857600
06-13 19:04:04.944 249 249 I zygote : option[18]=-XMadviseWillNeedOdexFileSize:104857600
06-13 19:04:04.944 249 249 I zygote : option[19]=-XMadviseWillNeedArtFileSize:4294967295
06-13 19:04:04.944 249 249 I zygote : option[20]=-XjdwpOptions:suspend=n,server=y
06-13 19:04:04.944 249 249 I zygote : option[21]=-XjdwpProvider:default
06-13 19:04:04.944 249 249 I zygote : option[22]=-Xopaque-jni-ids:swapable
06-13 19:04:04.944 249 249 I zygote : option[23]=-Xcompiler-option
06-13 19:04:04.944 249 249 I zygote : option[24]=--instruction-set-variant=cortex-a7
06-13 19:04:04.944 249 249 I zygote : option[25]=-Xcompiler-option
06-13 19:04:04.944 249 249 I zygote : option[26]=--instruction-set-features=default
06-13 19:04:04.944 249 249 I zygote : option[27]=-Xcompiler-option
06-13 19:04:04.944 249 249 I zygote : option[28]=--generate-mini-debug-info
06-13 19:04:04.944 249 249 I zygote : option[29]=-Ximage-compiler-option
06-13 19:04:04.944 249 249 I zygote : option[30]=--runtime-arg
06-13 19:04:04.944 249 249 I zygote : option[31]=-Ximage-compiler-option
06-13 19:04:04.944 249 249 I zygote : option[32]=-Xms64m
06-13 19:04:04.944 318 318 I xiriservice_All: type=1400 audit(0.0:246): avc: denied { search } for name="com.softwinner.theme.color" dev="mmcblk0p25" ino=1265 scontext=u:r:init:s0 tcontext=u:object_r:app_data_file:s0:c6,c256,c512,c768 tclass=dir permissive=1
06-13 19:04:04.944 249 249 I zygote : option[33]=-Ximage-compiler-option
06-13 19:04:04.944 249 249 I zygote : option[34]=--runtime-arg
06-13 19:04:04.944 249 249 I zygote : option[35]=-Ximage-compiler-option
06-13 19:04:04.944 249 249 I zygote : option[36]=-Xmx64m
06-13 19:04:04.945 249 249 I zygote : option[37]=-Ximage-compiler-option
06-13 19:04:04.945 249 249 I zygote : option[38]=--dirty-image-objects=/system/etc/dirty-image-objects
06-13 19:04:04.945 249 249 I zygote : option[39]=-Ximage-compiler-option
06-13 19:04:04.945 249 249 I zygote : option[40]=--instruction-set-variant=cortex-a7
06-13 19:04:04.945 249 249 I zygote : option[41]=-Ximage-compiler-option
06-13 19:04:04.945 249 249 I zygote : option[42]=--instruction-set-features=default
06-13 19:04:04.945 249 249 I zygote : option[43]=-Ximage-compiler-option
06-13 19:04:04.945 249 249 I zygote : option[44]=--generate-mini-debug-info
06-13 19:04:04.945 249 249 I zygote : option[45]=-Duser.locale=zh-CN
06-13 19:04:04.945 249 249 I zygote : option[46]=--cpu-abilist=armeabi-v7a,armeabi
06-13 19:04:04.945 249 249 I zygote : option[47]=-Xfingerprint:Dangbei/raven/raven:12/SP1A.211105.004/20250613.162004:user/release-keys
06-13 19:04:04.952 318 318 I xiriservice_All: type=1400 audit(0.0:247): avc: denied { search } for name="com.android.hotspot2.osulogin" dev="mmcblk0p25" ino=1281 scontext=u:r:init:s0 tcontext=u:object_r:app_data_file:s0:c71,c256,c512,c768 tclass=dir permissive=1
06-13 19:04:04.962 273 273 I FastMixerState: sMaxFastTracks = 8
06-13 19:04:04.960 318 318 I xiriservice_All: type=1400 audit(0.0:248): avc: denied { search } for name="com.android.internal.systemui.navbar.gestural" dev="mmcblk0p25" ino=1289 scontext=u:r:init:s0 tcontext=u:object_r:app_data_file:s0:c11,c256,c512,c768 tclass=dir permissive=1
06-13 19:04:04.971 249 249 W zygote : ART APEX data files are untrusted.
06-13 19:04:04.968 318 318 I xiriservice_All: type=1400 audit(0.0:249): avc: denied { search } for name="com.android.bluetoothmidiservice" dev="mmcblk0p25" ino=1305 scontext=u:r:init:s0 tcontext=u:object_r:app_data_file:s0:c47,c256,c512,c768 tclass=dir permissive=1
06-13 19:04:04.973 273 273 V MediaUtils: physMem: 2055442432
06-13 19:04:04.974 273 273 V MediaUtils: requested limit: 411088480
06-13 19:04:04.974 273 273 I libc : malloc_limit: Allocation limit enabled, max size 411088480 bytes
06-13 19:04:04.972 318 318 I xiriservice_All: type=1400 audit(0.0:250): avc: denied { search } for name="com.android.traceur" dev="mmcblk0p25" ino=1329 scontext=u:r:init:s0 tcontext=u:object_r:app_data_file:s0:c25,c256,c512,c768 tclass=dir permissive=1
06-13 19:04:04.976 273 273 I audioserver: ServiceManager: 0xf3339420
06-13 19:04:04.977 273 273 W BatteryNotifier: batterystats service unavailable!
06-13 19:04:04.977 273 273 E cutils-trace: Error opening trace file: No such file or directory (2)
06-13 19:04:04.972 318 318 I xiriservice_All: type=1400 audit(0.0:251): avc: denied { read } for name="lib" dev="mmcblk0p25" ino=3047 scontext=u:r:init:s0 tcontext=u:object_r:bluetooth_data_file:s0 tclass=lnk_file permissive=1
06-13 19:04:04.976 332 332 I rainbow_flow: type=1400 audit(0.0:252): avc: denied { write } for name="spidev1.0" dev="tmpfs" ino=3340 scontext=u:r:init:s0 tcontext=u:object_r:device:s0 tclass=chr_file permissive=1
06-13 19:04:04.976 332 332 I rainbow_flow: type=1400 audit(0.0:253): avc: denied { open } for path="/dev/spidev1.0" dev="tmpfs" ino=3340 scontext=u:r:init:s0 tcontext=u:object_r:device:s0 tclass=chr_file permissive=1
06-13 19:04:04.976 332 332 I rainbow_flow: type=1400 audit(0.0:254): avc: denied { ioctl } for path="/dev/spidev1.0" dev="tmpfs" ino=3340 ioctlcmd=0x6b01 scontext=u:r:init:s0 tcontext=u:object_r:device:s0 tclass=chr_file permissive=1
06-13 19:04:04.984 318 318 I xiriservice_All: type=1400 audit(0.0:255): avc: denied { search } for name="com.android.captiveportallogin" dev="mmcblk0p25" ino=1353 scontext=u:r:init:s0 tcontext=u:object_r:app_data_file:s0:c45,c256,c512,c768 tclass=dir permissive=1
06-13 19:04:04.984 318 318 I xiriservice_All: type=1400 audit(0.0:256): avc: denied { search } for name="com.android.internal.systemui.navbar.gestural_narrow_back" dev="mmcblk0p25" ino=1361 scontext=u:r:init:s0 tcontext=u:object_r:app_data_file:s0:c10,c256,c512,c768 tclass=dir permissive=1
06-13 19:04:04.984 318 318 I xiriservice_All: type=1400 audit(0.0:257): avc: denied { search } for name="android.auto_generated_rro_vendor__" dev="mmcblk0p25" ino=1369 scontext=u:r:init:s0 tcontext=u:object_r:app_data_file:s0:c12,c256,c512,c768 tclass=dir permissive=1
06-13 19:04:05.005 333 333 I bootstat: Service started: /system/bin/bootstat --set_system_boot_reason
06-13 19:04:05.008 333 333 I bootstat: Canonical boot reason: reboot,
06-13 19:04:05.008 333 333 I bootstat: Canonical boot reason: reboot,
06-13 19:04:05.012 1 1 W FAT-fs (mmcblk0p24): Volume was not properly unmounted. Some data may be corrupt. Please run fsck.
06-13 19:04:05.041 318 318 D XiriService: read SYSTEM APP lib
06-13 19:04:05.042 337 337 D DONGLE_SERVICE: ble_rc_service version is 2.0.26601
06-13 19:04:05.042 337 337 D DONGLE_SERVICE: init command center ...
06-13 19:04:05.042 337 337 D DONGLE_SERVICE: trying to scan for smart ctrl hidraw...
06-13 19:04:05.042 337 337 D DONGLE_SERVICE: command center, start working...
06-13 19:04:05.043 337 338 D DONGLE_SERVICE: >> start monitor uevent ...
06-13 19:04:05.068 333 333 I bootstat: Last reboot reason read from /metadata/bootstat/persist.sys.boot.reason : reboot,. Last reboot reason read from persist.sys.boot.reason : reboot,
06-13 19:04:05.068 333 333 I bootstat: Normalized last reboot reason : reboot,
06-13 19:04:05.098 273 273 I ServiceManager: Waiting for service 'media.metrics' on '/dev/binder'...
06-13 19:04:05.096 318 318 I xiriservice_All: type=1400 audit(0.0:258): avc: denied { watch } for path="/data/data" dev="mmcblk0p25" ino=87 scontext=u:r:init:s0 tcontext=u:object_r:system_data_file:s0:c512,c768 tclass=dir permissive=1
06-13 19:04:05.121 276 276 D libEGL : loaded /vendor/lib/egl/libGLES_mali.so
06-13 19:04:05.152 345 345 I preloaddata: type=1400 audit(0.0:259): avc: denied { write search } for name="tmp" dev="mmcblk0p25" ino=85 scontext=u:r:toolbox:s0 tcontext=u:object_r:shell_data_file:s0 tclass=dir permissive=1
06-13 19:04:05.152 345 345 I preloaddata: type=1400 audit(0.0:260): avc: denied { getattr } for path="/data/local/tmp" dev="mmcblk0p25" ino=85 scontext=u:r:toolbox:s0 tcontext=u:object_r:shell_data_file:s0 tclass=dir permissive=1
06-13 19:04:05.160 343 343 I perfetto: probes.cc:84 Starting /system/bin/traced_probes service
06-13 19:04:05.162 343 347 I perfetto: _activity_trigger.cc:71 mm_events ftrace instance not found. Triggering of traces on memory pressure will not be available on this device.
06-13 19:04:05.164 344 344 W perfetto: service.cc:207 Started traced, listening on /dev/socket/traced_producer /dev/socket/traced_consumer
06-13 19:04:05.167 343 343 I perfetto: probes_producer.cc:112 Connected to the service
06-13 19:04:05.176 269 269 I EventThread: type=1400 audit(0.0:261): avc: denied { search } for name="extcon" dev="sysfs" ino=18109 scontext=u:r:hal_tv_cec_default:s0 tcontext=u:object_r:sysfs_extcon:s0 tclass=dir permissive=1
06-13 19:04:05.176 269 269 I EventThread: type=1400 audit(0.0:262): avc: denied { read } for name="u:object_r:default_prop:s0" dev="tmpfs" ino=6322 scontext=u:r:hal_tv_cec_default:s0 tcontext=u:object_r:default_prop:s0 tclass=file permissive=1
06-13 19:04:05.176 269 269 I EventThread: type=1400 audit(0.0:263): avc: denied { open } for path="/dev/__properties__/u:object_r:default_prop:s0" dev="tmpfs" ino=6322 scontext=u:r:hal_tv_cec_default:s0 tcontext=u:object_r:default_prop:s0 tclass=file permissive=1
06-13 19:04:05.176 269 269 I EventThread: type=1400 audit(0.0:264): avc: denied { getattr } for path="/dev/__properties__/u:object_r:default_prop:s0" dev="tmpfs" ino=6322 scontext=u:r:hal_tv_cec_default:s0 tcontext=u:object_r:default_prop:s0 tclass=file permissive=1
06-13 19:04:05.176 269 269 I EventThread: type=1400 audit(0.0:265): avc: denied { map } for path="/dev/__properties__/u:object_r:default_prop:s0" dev="tmpfs" ino=6322 scontext=u:r:hal_tv_cec_default:s0 tcontext=u:object_r:default_prop:s0 tclass=file permissive=1
06-13 19:04:05.183 327 329 D XM_HIDREAD: add@ add@/devices/platform/uwe_bsp.0
06-13 19:04:05.185 327 329 D XM_HIDREAD: add@ add@/devices/platform/uwe_bsp.0/wakeup/wakeup8
06-13 19:04:05.189 169 169 I WCN : marlin_init entry!
06-13 19:04:05.190 169 169 I WCN : unisoc wcn driver version: W25.24.5, build time: Jun 13 2025 09:56:11 (UTC)
06-13 19:04:05.190 169 169 I WCN : wcn config keep power on
06-13 19:04:05.190 169 169 I WCN : wcn config bt wake host
06-13 19:04:05.190 169 169 I WCN : marlin_registsr_bt_wake bt_hostwake gpio=208 intnum=237
06-13 19:04:05.190 169 169 I sdiohal : sdiohal_parse_dt adma_tx:1, adma_rx:1, pwrseq:0, irq type:data, gpio_num:0, blksize:840
06-13 19:04:05.191 276 276 I RenderEngine: Realtime priority unsupported, degrading gracefully to high priority
06-13 19:04:05.197 327 329 D XM_HIDREAD: add@ add@/class/slog_wcn
06-13 19:04:05.194 169 169 E sdiohal err: sdio, BITS =64, PageSize =4096, order=6, 3
06-13 19:04:05.203 169 169 I sdiohal : sdiohal_init ok
06-13 19:04:05.200 327 329 D XM_HIDREAD: add@ add@/devices/virtual/slog_wcn/slog_wcn0
06-13 19:04:05.204 327 329 D XM_HIDREAD: add@ add@/devices/virtual/slog_wcn/slog_wcn1
06-13 19:04:05.204 327 329 D XM_HIDREAD: add@ add@/devices/virtual/misc/wcn_op
06-13 19:04:05.205 327 329 D XM_HIDREAD: add@ add@/bus/platform/drivers/uwe_bsp
06-13 19:04:05.205 327 329 D XM_HIDREAD: add@ add@/module/uwe5621_bsp_sdio
06-13 19:04:05.210 169 169 I WCN : marlin_probe ok!
06-13 19:04:05.211 187 187 I hwservicemanager: getTransport: Cannot find entry android.hardware.graphics.mapper@4.0::IMapper/default in either framework or device VINTF manifest.
06-13 19:04:05.211 276 276 I Gralloc4: mapper 4.x is not supported
06-13 19:04:05.212 187 187 I hwservicemanager: getTransport: Cannot find entry android.hardware.graphics.mapper@3.0::IMapper/default in either framework or device VINTF manifest.
06-13 19:04:05.212 276 276 W Gralloc3: mapper 3.x is not supported
06-13 19:04:05.220 276 276 E gralloc : Arm Module v1.0
06-13 19:04:05.221 187 187 I hwservicemanager: getTransport: Cannot find entry android.hardware.graphics.allocator@4.0::IAllocator/default in either framework or device VINTF manifest.
06-13 19:04:05.221 276 276 W Gralloc4: allocator 4.x is not supported
06-13 19:04:05.221 187 187 I hwservicemanager: getTransport: Cannot find entry android.hardware.graphics.allocator@3.0::IAllocator/default in either framework or device VINTF manifest.
06-13 19:04:05.221 276 276 W Gralloc3: allocator 3.x is not supported
06-13 19:04:05.239 327 329 D XM_HIDREAD: add@ add@/devices/platform/mtty.0
06-13 19:04:05.239 263 263 E ion : ioctl c0044901 failed with code -1: Inappropriate ioctl for device
06-13 19:04:05.240 263 263 I gralloc : alloc buffer:W:1 H:1 S:16 PL[1 1] SZ:64 fmt:1 if:0 af:1 usg:300 fg:00000004
06-13 19:04:05.240 276 276 E ion : ioctl c0044901 failed with code -1: Inappropriate ioctl for device
06-13 19:04:05.241 327 329 D XM_HIDREAD: add@ add@/devices/virtual/tty/ttyBT0
06-13 19:04:05.242 276 276 I RenderEngine: OpenGL ES informations:
06-13 19:04:05.242 276 276 I RenderEngine: vendor : ARM
06-13 19:04:05.242 276 276 I RenderEngine: renderer : Mali-G31
06-13 19:04:05.242 276 276 I RenderEngine: version : OpenGL ES 3.2 v1.r20p0-01rel0.9f6475d0baffb05079096179e1278b1d
06-13 19:04:05.242 276 276 I RenderEngine: extensions: GL_EXT_debug_marker GL_ARM_rgba8 GL_ARM_mali_shader_binary GL_OES_depth24 GL_OES_depth_texture GL_OES_depth_texture_cube_map GL_OES_packed_depth_stencil GL_OES_rgb8_rgba8 GL_EXT_read_format_bgra GL_OES_compressed_paletted_texture GL_OES_compressed_ETC1_RGB8_texture GL_OES_standard_derivatives GL_OES_EGL_image GL_OES_EGL_image_external GL_OES_EGL_image_external_essl3 GL_OES_EGL_sync GL_OES_texture_npot GL_OES_vertex_half_float GL_OES_required_internalformat GL_OES_vertex_array_object GL_OES_mapbuffer GL_EXT_texture_format_BGRA8888 GL_EXT_texture_rg GL_EXT_texture_type_2_10_10_10_REV GL_OES_fbo_render_mipmap GL_OES_element_index_uint GL_EXT_shadow_samplers GL_OES_texture_compression_astc GL_KHR_texture_compression_astc_ldr GL_KHR_texture_compression_astc_hdr GL_KHR_texture_compression_astc_sliced_3d GL_EXT_texture_compression_astc_decode_mode GL_EXT_texture_compression_astc_decode_mode_rgb9e5 GL_KHR_debug GL_EXT_occlusion_query_boolean GL_EXT_disjoint_timer_query GL_EXT_blend_minmax GL_EXT_discard_
06-13 19:04:05.242 276 276 I RenderEngine: GL_MAX_TEXTURE_SIZE = 8192
06-13 19:04:05.242 276 276 I RenderEngine: GL_MAX_VIEWPORT_DIMS = 8192
06-13 19:04:05.242 276 276 W libprocessgroup: Failed to open /dev/cpuset/system-background/tasks: Permission denied: Permission denied
06-13 19:04:05.242 276 276 W libprocessgroup: Failed to apply SFMainPolicy task profile: Permission denied
06-13 19:04:05.244 187 187 I hwservicemanager: getTransport: Cannot find entry android.hardware.graphics.mapper@4.0::IMapper/default in either framework or device VINTF manifest.
06-13 19:04:05.244 265 265 I ComposerResources: failed to get mapper 4.0 service, falling back to mapper 3.0
06-13 19:04:05.245 187 187 I hwservicemanager: getTransport: Cannot find entry android.hardware.graphics.mapper@3.0::IMapper/default in either framework or device VINTF manifest.
06-13 19:04:05.245 265 265 I ComposerResources: failed to get mapper 3.0 service, falling back to mapper 2.0
06-13 19:04:05.240 169 169 E : uwe5621_bt_tty_init
06-13 19:04:05.246 169 169 E : mtty_probe unisoc soc, continue
06-13 19:04:05.247 169 169 I : mtty_probe init device addr: 0x00000000304bb9ad
06-13 19:04:05.248 265 265 E gralloc : Arm Module v1.0
06-13 19:04:05.250 265 360 I sunxihwc: threadLoop: EventThread start
06-13 19:04:05.250 265 265 I sunxihwc: createDeviceFactory: IDeviceFactory from hardware/aw/display/hwc-hal/disp2/HomletDeviceFactory.cpp
06-13 19:04:05.250 265 265 I sunxihwc: Device name: raven
06-13 19:04:05.253 169 169 E : rfkill_bluetooth_init
06-13 19:04:05.252 327 329 D XM_HIDREAD: add@ add@/devices/platform/mtty.0/rfkill/rfkill1
06-13 19:04:05.260 169 169 E : rfkill_bluetooth_init end
06-13 19:04:05.265 169 169 E : marlin_sdio_init
06-13 19:04:05.265 327 329 D XM_HIDREAD: add@ add@/bus/platform/drivers/mtty
06-13 19:04:05.265 327 329 D XM_HIDREAD: add@ add@/module/sprdbt_tty
06-13 19:04:05.283 265 265 D sunxihwc: Device config file: /vendor/etc/dispconfigs/homlet-default.json
06-13 19:04:05.285 265 265 D sunxihwc: Parse 'Display0' config
06-13 19:04:05.285 265 265 D sunxihwc: Parse 'Display1' config
06-13 19:04:05.288 265 265 I HidlServiceManagement: Registered vendor.display.config@1.0::IDisplayConfig/default
06-13 19:04:05.289 265 265 D android.hardware.graphics.composer@2.2-service: IDisplayConfig register: ok
06-13 19:04:05.289 265 265 I sunxihwc: initialize: DisplayConfigService init: ok
06-13 19:04:05.289 265 265 D sunxihwc: setHotplugState: mbHotplug = 1
06-13 19:04:05.289 265 265 E sunxihwc: notifyDeviceChanged: DeviceChangedListener not register yet!
06-13 19:04:05.289 265 265 I sunxihwc: setVendorInterface: register IVendorInterface: 0xf4148310
06-13 19:04:05.289 265 265 D sunxihwc: HAL device config file: /vendor/etc/dispconfigs/homlet-default.json
06-13 19:04:05.289 265 265 D sunxihwc: Displays (2 entries)
06-13 19:04:05.289 265 265 D sunxihwc: + Display{id=0, framebuffer=1920x1080(override=1), dpi=160x160}
06-13 19:04:05.289 265 265 D sunxihwc: DisplayEnginePortId=0
06-13 19:04:05.289 265 265 D sunxihwc: InterfaceType=HDMI
06-13 19:04:05.289 265 265 D sunxihwc: DefaultOutputMode=0
06-13 19:04:05.289 265 265 D sunxihwc: HotplugSupported=0
06-13 19:04:05.289 265 265 D sunxihwc: AfbcSupported=0
06-13 19:04:05.289 265 265 D sunxihwc: HardwareRotateSupported=0
06-13 19:04:05.289 265 265 D sunxihwc: BandwidthLimited=338800 Bytes per frame
06-13 19:04:05.289 265 265 D sunxihwc: + Display{id=1, framebuffer=1920x1080(override=1), dpi=160x160}
06-13 19:04:05.289 265 265 D sunxihwc: DisplayEnginePortId=1
06-13 19:04:05.289 265 265 D sunxihwc: InterfaceType=CVBS
06-13 19:04:05.289 265 265 D sunxihwc: DefaultOutputMode=0
06-13 19:04:05.289 265 265 D sunxihwc: HotplugSupported=0
06-13 19:04:05.289 265 265 D sunxihwc: AfbcSupported=0
06-13 19:04:05.289 265 265 D sunxihwc: HardwareRotateSupported=0
06-13 19:04:05.289 265 265 D sunxihwc: BandwidthLimited=338800 Bytes per frame
06-13 19:04:05.289 265 265 W sunxihwc: bringupDevices: display.1 was off, request type 2, try to bringup it!
06-13 19:04:05.289 265 265 I sunxihwc: scanConnectedDevice: wait for device connect
06-13 19:04:05.291 271 271 I display.output-service: platform is homlet
06-13 19:04:05.292 187 187 I hw-BpHwBinder: onLastStrongRef automatically unlinking death recipients
06-13 19:04:05.292 265 365 W displayd: xxxxxxx: threadedStartup begin
06-13 19:04:05.292 186 186 I servicemanager: Found vendor.display.output.IDisplayOutputManager/default in device VINTF manifest.
06-13 19:04:05.295 265 365 I sunxihwc: Device name: raven
06-13 19:04:05.296 265 365 D sunxihwc: Device config file: /vendor/etc/dispconfigs/homlet-default.json
06-13 19:04:05.297 265 365 D sunxihwc: Parse 'Display0' config
06-13 19:04:05.297 265 365 D sunxihwc: Parse 'Display1' config
06-13 19:04:05.297 265 365 W displayd: xxxxxxx: HAL device config file: /vendor/etc/dispconfigs/homlet-default.json
06-13 19:04:05.297 265 365 W displayd: Displays (2 entries)
06-13 19:04:05.297 265 365 W displayd: + Display{id=0, framebuffer=1920x1080(override=1), dpi=160x160}
06-13 19:04:05.297 265 365 W displayd: DisplayEnginePortId=0
06-13 19:04:05.297 265 365 W displayd: InterfaceType=HDMI
06-13 19:04:05.297 265 365 W displayd: DefaultOutputMode=0
06-13 19:04:05.297 265 365 W displayd: HotplugSupported=0
06-13 19:04:05.297 265 365 W displayd: AfbcSupported=0
06-13 19:04:05.297 265 365 W displayd: HardwareRotateSupported=0
06-13 19:04:05.297 265 365 W displayd: BandwidthLimited=338800 Bytes per frame
06-13 19:04:05.297 265 365 W displayd: + Display{id=1, framebuffer=1920x1080(override=1), dpi=160x160}
06-13 19:04:05.297 265 365 W displayd: DisplayEnginePortId=1
06-13 19:04:05.297 265 365 W displayd: InterfaceType=CVBS
06-13 19:04:05.297 265 365 W displayd: DefaultOutputMode=0
06-13 19:04:05.297 265 365 W displayd: HotplugSupported=0
06-13 19:04:05.297 265 365 W displayd: AfbcSupported=0
06-13 19:04:05.297 265 365 W displayd: HardwareRotateSupported=0
06-13 19:04:05.297 265 365 W displayd: BandwidthLimited=338800 Bytes per frame
06-13 19:04:05.292 265 265 I MQ-Thread: type=1400 audit(0.0:266): avc: denied { read } for name="u:object_r:system_prop:s0" dev="tmpfs" ino=6449 scontext=u:r:hal_graphics_composer_default:s0 tcontext=u:object_r:system_prop:s0 tclass=file permissive=1
06-13 19:04:05.292 265 265 I MQ-Thread: type=1400 audit(0.0:267): avc: denied { open } for path="/dev/__properties__/u:object_r:system_prop:s0" dev="tmpfs" ino=6449 scontext=u:r:hal_graphics_composer_default:s0 tcontext=u:object_r:system_prop:s0 tclass=file permissive=1
06-13 19:04:05.292 265 265 I MQ-Thread: type=1400 audit(0.0:268): avc: denied { getattr } for path="/dev/__properties__/u:object_r:system_prop:s0" dev="tmpfs" ino=6449 scontext=u:r:hal_graphics_composer_default:s0 tcontext=u:object_r:system_prop:s0 tclass=file permissive=1
06-13 19:04:05.292 265 265 I MQ-Thread: type=1400 audit(0.0:269): avc: denied { map } for path="/dev/__properties__/u:object_r:system_prop:s0" dev="tmpfs" ino=6449 scontext=u:r:hal_graphics_composer_default:s0 tcontext=u:object_r:system_prop:s0 tclass=file permissive=1
06-13 19:04:05.292 265 265 I MQ-Thread: type=1400 audit(0.0:270): avc: denied { read } for name="u:object_r:default_prop:s0" dev="tmpfs" ino=6322 scontext=u:r:hal_graphics_composer_default:s0 tcontext=u:object_r:default_prop:s0 tclass=file permissive=1
06-13 19:04:05.297 265 365 W displayd: xxxxxxx: Display.0 output type: 4
06-13 19:04:05.297 265 365 W displayd: xxxxxxx: Display.1 output type: 2
06-13 19:04:05.297 265 365 W displayd: xxxxxxx: createDevice: type=4 on port 0
06-13 19:04:05.292 265 265 I MQ-Thread: type=1400 audit(0.0:271): avc: denied { open } for path="/dev/__properties__/u:object_r:default_prop:s0" dev="tmpfs" ino=6322 scontext=u:r:hal_graphics_composer_default:s0 tcontext=u:object_r:default_prop:s0 tclass=file permissive=1
06-13 19:04:05.292 265 265 I MQ-Thread: type=1400 audit(0.0:272): avc: denied { getattr } for path="/dev/__properties__/u:object_r:default_prop:s0" dev="tmpfs" ino=6322 scontext=u:r:hal_graphics_composer_default:s0 tcontext=u:object_r:default_prop:s0 tclass=file permissive=1
06-13 19:04:05.292 265 265 I MQ-Thread: type=1400 audit(0.0:273): avc: denied { map } for path="/dev/__properties__/u:object_r:default_prop:s0" dev="tmpfs" ino=6322 scontext=u:r:hal_graphics_composer_default:s0 tcontext=u:object_r:default_prop:s0 tclass=file permissive=1
06-13 19:04:05.304 265 365 W displayd: xxxxxxx: Device hdmi init
06-13 19:04:05.305 265 365 W displayd: xxxxxxx: createDevice: type=2 on port 1
06-13 19:04:05.305 265 365 W displayd: xxxxxxx: Device cvbs init
06-13 19:04:05.305 265 365 W displayd: xxxxxxx: Initizlize display device mapping
06-13 19:04:05.305 265 365 D displayd: xxxxxxx: updateConnectState: type=-1 connected=-1
06-13 19:04:05.300 265 265 I MQ-Thread: type=1400 audit(0.0:274): avc: denied { getattr } for path="/sys/devices/platform/soc@3000000/6520000.tv0/extcon/extcon1/state" dev="sysfs" ino=19386 scontext=u:r:hal_graphics_composer_default:s0 tcontext=u:object_r:sysfs:s0 tclass=file permissive=1
06-13 19:04:05.306 265 365 W displayd: xxxxxxx: platformGetDeviceConnectStatePath:
06-13 19:04:05.306 265 365 W displayd: hdmi: /sys/class/extcon/extcon0/state
06-13 19:04:05.306 265 365 W displayd: cvbs: /sys/class/extcon/extcon1/state
06-13 19:04:05.306 265 365 D displayd: xxxxxxx: updated: type=2 connected=0
06-13 19:04:05.306 265 365 D displayd: xxxxxxx: updated: type=4 connected=1
06-13 19:04:05.307 265 365 W displayd: xxxxxxx: setupDefaultOutput: hdmi user strategy: 5
06-13 19:04:05.307 265 365 W edid : Parse block0:
06-13 19:04:05.307 265 365 W edid : Extension block count: 1
06-13 19:04:05.307 265 365 W edid : Parse CEA extension block (version: 3)
06-13 19:04:05.307 265 365 W edid : CEA data length: 30 bytes
06-13 19:04:05.309 265 365 W displayd: xxxxxxx: performDefaultConfig dirty=0
06-13 19:04:05.304 1 1 I /system/bin/init: type=1107 audit(0.0:275): uid=0 auid=4294967295 ses=4294967295 subj=u:r:init:s0 msg='avc: denied { set } for property=vendor.sys.tv_vdid_fex pid=265 uid=1000 gid=1003 scontext=u:r:hal_graphics_composer_default:s0 tcontext=u:object_r:vendor_default_prop:s0 tclass=property_service permissive=1'
06-13 19:04:05.310 265 365 W displayd: xxxxxxx: Old config: type[4] mode[5] pixelformat[0] bits[0] eotf[4] colorspace[257]
06-13 19:04:05.310 265 365 W displayd: xxxxxxx: New config: type[4] mode[5] pixelformat[0] bits[0] eotf[4] colorspace[257]
06-13 19:04:05.310 265 365 I sunxihwc: switchDevice: display[1]: type=2 mode=0 enable=0
06-13 19:04:05.310 265 365 I sunxihwc: switchDevice: display[0]: type=4 mode=5 enable=1
06-13 19:04:05.310 265 365 D sunxihwc: setHotplugState: mbHotplug = 1
06-13 19:04:05.310 265 365 I sunxihwc: createSyncTimeline: DisplayEngine Frequency: 696000000 Hz
06-13 19:04:05.310 265 365 I sunxihwc: setup: timeline0 create
06-13 19:04:05.315 265 365 E sunxihwc: readFromFile: Could not open '/sys/firmware/devicetree/base/dram/dram_clk', No such file or directory(2)
06-13 19:04:05.315 265 365 E sunxihwc: readFromFile: Could not open '/sys/firmware/devicetree/base/dram/dram_mr1', No such file or directory(2)
06-13 19:04:05.315 265 365 E sunxihwc: readFromFile: Could not open '/sys/firmware/devicetree/base/dram/dram_type', No such file or directory(2)
06-13 19:04:05.315 265 365 I sunxihwc: getDramInfoFromDeviceTree: draminfo: freq 0 MHz, bus width 32 bits, type 0
06-13 19:04:05.315 265 365 I sunxihwc: computeEffectiveBandwidth: dram effective bandwidth: 0 MBytes
06-13 19:04:05.315 265 365 E sunxihwc: calculateBandwidthLimitation: getDramFrequency return error(0), fallback to default bandwidth config
06-13 19:04:05.315 265 365 I sunxihwc: setup: Bandwidth limitation: 49152000 Bytes per frame
06-13 19:04:05.316 265 365 I sunxihwc: setDisplaydCb: get mDisplaydCb =0x0x696c4372
06-13 19:04:05.316 265 365 I sunxihwc: updateConnectedDevices: display[0] connected=1 type=4 device=0xf3f3ad0c
06-13 19:04:05.316 265 365 I sunxihwc: updateConnectedDevices: display[1] connected=0 type=2 device=0x0
06-13 19:04:05.319 265 365 D sunxihwc: enqueueEvent: enqueueEvent: event 1
06-13 19:04:05.319 265 365 I sunxihwc: setMargin: display[0]: margin 90 90 90 90
06-13 19:04:05.319 265 360 W sunxihwc: deviceChangedEventProcess: Display.0 (hdmi0) connect
06-13 19:04:05.319 265 360 I sunxihwc: onHotplugReceived: display(0) connect state[1]
06-13 19:04:05.319 265 360 I sunxihwc: onHotplugReceived: display size: 0 display.0 0 display.1 0 display.0 0
06-13 19:04:05.319 265 365 W displayd: xxxxxxx: Turen on display(0), margin( 90, 90, 90, 90)
06-13 19:04:05.319 265 360 W sunxihwc: onHotplugReceived: display(0) is 0xf3f89010
06-13 19:04:05.319 265 360 D sunxihwc: setDisplays: display =0xf3f89010
06-13 19:04:05.319 265 360 D sunxihwc: setDisplays: display size=1
06-13 19:04:05.319 265 265 D sunxihwc: enqueueEvent: enqueueEvent: event 1
06-13 19:04:05.319 265 265 I sunxihwc: waitForHotplugIssued: Wait for display connect
06-13 19:04:05.320 265 365 W displayd: xxxxxxx: Current device mapping:
06-13 19:04:05.320 265 365 W displayd: + display [1]: enable=0 type=2 mode=0
06-13 19:04:05.320 265 365 W displayd: + display [0]: enable=1 type=4 mode=5
06-13 19:04:05.320 265 360 D sunxihwc: setHotplugState: mbHotplug = 0
06-13 19:04:05.320 265 360 D sunxihwc: setHotplugState: mbHotplug = 0
06-13 19:04:05.320 265 365 I sunxihwc: registerCallback: registerCallback mEventCallback =0x0
06-13 19:04:05.320 265 365 I sunxihwc: setDisplaydCb: get mDisplaydCb =0x0xf417c3d0
06-13 19:04:05.320 265 367 I sunxihwc: threadLoop: set CommitThread priority as HAL_PRIORITY_URGENT_DISPLAY
06-13 19:04:05.320 276 276 I SurfaceFlinger: onComposerHalHotplug(0, connected)
06-13 19:04:05.320 276 276 I HWComposer: Switching to legacy multi-display mode
06-13 19:04:05.320 265 365 W displayd: xxxxxxx: threadedStartup end
06-13 19:04:05.321 276 276 E HWComposer: getAttribute: getDisplayAttribute failed for display 0: BadConfig (1)
06-13 19:04:05.321 276 276 E HWComposer: getDisplayConnectionType: getDisplayConnectionType failed for display 0: Unsupported (8)
06-13 19:04:05.322 276 372 W EventThread: Ignoring VSYNC request while display is disconnected
06-13 19:04:05.323 265 369 I sunxihwc: pollThreadLoop: polling VsyncThread start
06-13 19:04:05.323 276 372 W EventThread: Ignoring VSYNC request while display is disconnected
06-13 19:04:05.323 276 373 W EventThread: Ignoring VSYNC request while display is disconnected
06-13 19:04:05.323 276 373 W EventThread: Ignoring VSYNC request while display is disconnected
06-13 19:04:05.324 276 372 W EventThread: Ignoring VSYNC request while display is disconnected
06-13 19:04:05.324 276 372 W EventThread: Ignoring VSYNC request while display is disconnected
06-13 19:04:05.324 265 265 D sunxihwc: getHdrCapabilities: getHdrCapabilities: support hdr10 and hlg
06-13 19:04:05.324 276 276 W HwcComposer: getPerFrameMetadataKeys failed with 8
06-13 19:04:05.330 263 263 I gralloc : alloc buffer:W:1920 H:1080 S:1920 PL[1920 1080] SZ:8294400 fmt:1 if:0 af:1 usg:1b00 fg:00000004
06-13 19:04:05.335 263 317 I gralloc : alloc buffer:W:1920 H:1080 S:1920 PL[1920 1080] SZ:8294400 fmt:1 if:0 af:1 usg:1b00 fg:00000004
06-13 19:04:05.335 276 276 I SurfaceFlinger: Dispatching display hotplug event displayId=0, connected=1
06-13 19:04:05.336 276 376 W SurfaceFlinger: Failed to set thread name on dispatch thread
06-13 19:04:05.400 366 366 I installd: installd firing up
06-13 19:04:05.400 332 332 I rainbow_flow: type=1400 audit(0.0:276): avc: denied { ioctl } for path="/dev/spidev1.0" dev="tmpfs" ino=3340 ioctlcmd=0x6b00 scontext=u:r:init:s0 tcontext=u:object_r:device:s0 tclass=chr_file permissive=1
06-13 19:04:05.408 1 1 I init : type=1400 audit(0.0:277): avc: denied { read } for name="ext_csd" dev="debugfs" ino=6205 scontext=u:r:init:s0 tcontext=u:object_r:debugfs_mmc:s0 tclass=file permissive=1
06-13 19:04:05.412 1 1 I init : type=1400 audit(0.0:278): avc: denied { open } for path="/sys/kernel/debug/mmc0/mmc0:0001/ext_csd" dev="debugfs" ino=6205 scontext=u:r:init:s0 tcontext=u:object_r:debugfs_mmc:s0 tclass=file permissive=1
06-13 19:04:05.452 387 387 I storaged: type=1400 audit(0.0:279): avc: denied { read } for path="/sys/kernel/debug/mmc0/mmc0:0001/ext_csd" dev="debugfs" ino=6205 scontext=u:r:storaged:s0 tcontext=u:object_r:debugfs_mmc:s0 tclass=file permissive=1
06-13 19:04:05.577 392 392 D WifiHWInfo: Start to load wireless module hardware info table...
06-13 19:04:05.582 392 392 D WifiHWInfo: Entry [01], BUS: SDIO, ID: 0x024C8179, Name: rtl8189es.
06-13 19:04:05.582 392 392 D WifiHWInfo: Entry [02], BUS: SDIO, ID: 0x024CB723, Name: rtl8723bs_vq0.
06-13 19:04:05.582 392 392 D WifiHWInfo: Entry [03], BUS: SDIO, ID: 0x024CB703, Name: rtl8723cs.
06-13 19:04:05.582 392 392 D WifiHWInfo: Entry [04], BUS: SDIO, ID: 0x024CD723, Name: rtl8723ds.
06-13 19:04:05.582 392 392 D WifiHWInfo: Entry [05], BUS: SDIO, ID: 0x024CF179, Name: rtl8189fs.
06-13 19:04:05.583 392 392 D WifiHWInfo: Entry [06], BUS: SDIO, ID: 0x024CB822, Name: rtl88x2bs.
06-13 19:04:05.583 392 392 D WifiHWInfo: Entry [07], BUS: USB, ID: 0x0BDAD723, Name: rtl8723du.
06-13 19:04:05.583 392 392 D WifiHWInfo: Entry [08], BUS: USB, ID: 0x0BDA8179, Name: rtl8188etv.
06-13 19:04:05.583 392 392 D WifiHWInfo: Entry [09], BUS: USB, ID: 0x0BDA0179, Name: rtl8188eu.
06-13 19:04:05.585 392 392 D WifiHWInfo: Entry [10], BUS: USB, ID: 0x0BDA818B, Name: rtl8192eu.
06-13 19:04:05.585 392 392 D WifiHWInfo: Entry [11], BUS: USB, ID: 0x0BDAB720, Name: rtl8723bu.
06-13 19:04:05.585 392 392 D WifiHWInfo: Entry [12], BUS: USB, ID: 0x0BDAC82C, Name: rtl8822cu.
06-13 19:04:05.585 392 392 D WifiHWInfo: Entry [13], BUS: USB, ID: 0x0BDAF179, Name: rtl8188fu.
06-13 19:04:05.585 392 392 D WifiHWInfo: Entry [14], BUS: SDIO, ID: 0x02D0A9A6, Name: ap6212.
06-13 19:04:05.586 392 392 D WifiHWInfo: Entry [15], BUS: SDIO, ID: 0x02D04330, Name: ap6330.
06-13 19:04:05.586 392 392 D WifiHWInfo: Entry [16], BUS: SDIO, ID: 0x02D04356, Name: ap6356s.
06-13 19:04:05.586 392 392 D WifiHWInfo: Entry [17], BUS: SDIO, ID: 0x02D0A9BF, Name: ap6255.
06-13 19:04:05.586 392 392 D WifiHWInfo: Entry [18], BUS: SDIO, ID: 0x02D04334, Name: bcm43342.
06-13 19:04:05.586 392 392 D WifiHWInfo: Entry [19], BUS: SDIO, ID: 0x00202281, Name: xr819.
06-13 19:04:05.586 392 392 D WifiHWInfo: Entry [20], BUS: SDIO, ID: 0x0A9E2282, Name: xr829.
06-13 19:04:05.586 392 392 D WifiHWInfo: Entry [21], BUS: SDIO, ID: 0x0271050A, Name: qca6174a.
06-13 19:04:05.586 392 392 D WifiHWInfo: Entry [22], BUS: SDIO, ID: 0x30303030, Name: ssv6x5x.
06-13 19:04:05.586 392 392 D WifiHWInfo: Entry [23], BUS: SDIO, ID: 0x00000000, Name: uwe5621.
06-13 19:04:05.586 392 392 D WifiHWInfo: Entry [24], BUS: SDIO, ID: 0x54490145, Name: aic8800.
06-13 19:04:05.586 392 392 D WifiHWInfo: Entry [25], BUS: SDIO, ID: 0xC8A1C08D, Name: aic8800.
06-13 19:04:05.586 392 392 D WifiHWInfo: Entry [26], BUS: USB, ID: 0xA69C8800, Name: aic8800.
06-13 19:04:05.586 392 392 D WifiHWInfo: Entry [27], BUS: USB, ID: 0x007A8888, Name: atbm6023is.
06-13 19:04:05.586 392 392 D WifiHWInfo: Entry [28], BUS: SDIO, ID: 0x02E79086, Name: 9012p.
06-13 19:04:05.586 392 392 D WifiHWInfo: Entry [29], BUS: SDIO, ID: 0x007A6011, Name: atbm613x_wifi_sdio.
06-13 19:04:05.586 392 392 D WifiHWInfo: Entry [30], BUS: SDIO, ID: 0x024CC822, Name: 88x2cs.
06-13 19:04:05.586 392 392 D WifiHWInfo: Entry [31], BUS: SDIO, ID: 0x000018F0, Name: dummy.
06-13 19:04:05.587 392 392 D HWINFO : ********** Wireless information **********
06-13 19:04:05.587 392 392 D HWINFO : module vendor: sprd
06-13 19:04:05.587 392 392 D HWINFO : module name : uwe5621
06-13 19:04:05.587 392 392 D HWINFO : wifi hal name: libwifi-hal-sprd.so
06-13 19:04:05.587 392 392 D HWINFO : libbt-vendor : libbt-sprd.so
06-13 19:04:05.587 392 392 D HWINFO : is bt support: 1
06-13 19:04:05.587 392 392 D HWINFO : ******************************************
06-13 19:04:05.593 389 389 I wificond: wificond is starting up...
06-13 19:04:05.635 389 389 E cutils-trace: Error opening trace file: No such file or directory (2)
06-13 19:04:05.643 389 389 I HidlServiceManagement: Registered android.system.wifi.keystore@1.0::IKeystore/default
06-13 19:04:05.643 391 391 D dom2reg : timezone change, new: Asia/Shanghai, pre:
06-13 19:04:05.652 391 391 D dom2reg : convert timezone to alpha2 country code: CN
06-13 19:04:05.660 1 1 I init : type=1400 audit(0.0:280): avc: denied { add_name } for name="panic" scontext=u:r:init:s0 tcontext=u:object_r:sysfs:s0 tclass=dir permissive=1
06-13 19:04:05.668 391 391 D dom2reg : regulatory set to [CN] success(0)
06-13 19:04:05.680 269 269 I EventThread: type=1400 audit(0.0:281): avc: denied { search } for name="extcon" dev="sysfs" ino=18109 scontext=u:r:hal_tv_cec_default:s0 tcontext=u:object_r:sysfs_extcon:s0 tclass=dir permissive=1
06-13 19:04:05.680 337 337 I xiriservice_All: type=1400 audit(0.0:282): avc: denied { read } for scontext=u:r:init:s0 tcontext=u:r:init:s0 tclass=netlink_kobject_uevent_socket permissive=1
06-13 19:04:05.690 169 169 I sunxi-rfkill soc@3000000: rfkill: set block: 1
06-13 19:04:05.690 169 169 I sunxi-rfkill soc@3000000: rfkill: bt power off success
06-13 19:04:05.693 396 396 I gatekeeperd: Starting gatekeeperd...
