06-13 19:04:13.826 815 906 D ReflectedParamUpdater: extent() != 1 for single value type: input.buffers.allocator-ids.values
06-13 19:04:13.826 815 906 D ReflectedParamUpdater: extent() != 1 for single value type: output.buffers.allocator-ids.values
06-13 19:04:13.827 815 906 D ReflectedParamUpdater: extent() != 1 for single value type: algo.buffers.allocator-ids.values
06-13 19:04:13.827 815 906 D ReflectedParamUpdater: extent() != 1 for single value type: output.buffers.pool-ids.values
06-13 19:04:13.827 815 906 D ReflectedParamUpdater: extent() != 1 for single value type: algo.buffers.pool-ids.values
06-13 19:04:13.833 479 523 W IorapForwardingService: No service published for: iorapd
06-13 19:04:13.833 815 906 I CCodecConfig: query failed after returning 7 values (BAD_INDEX)
06-13 19:04:13.834 815 906 D CCodecConfig: c2 config diff is Dict {
06-13 19:04:13.834 815 906 D CCodecConfig: c2::u32 coded.bitrate.value = 64000
06-13 19:04:13.834 815 906 D CCodecConfig: c2::u32 input.buffers.max-size.value = 32768
06-13 19:04:13.834 815 906 D CCodecConfig: c2::u32 input.delay.value = 0
06-13 19:04:13.834 815 906 D CCodecConfig: string input.media-type.value = "audio/vorbis"
06-13 19:04:13.834 815 906 D CCodecConfig: string output.media-type.value = "audio/raw"
06-13 19:04:13.834 815 906 D CCodecConfig: c2::u32 raw.channel-count.value = 1
06-13 19:04:13.834 815 906 D CCodecConfig: c2::u32 raw.sample-rate.value = 48000
06-13 19:04:13.834 815 906 D CCodecConfig: }
06-13 19:04:13.835 276 904 E HWComposer: getSupportedContentTypes: getSupportedContentTypes failed for display 0: Unsupported (8)
06-13 19:04:13.836 815 906 D CCodec : [c2.android.vorbis.decoder] buffers are bound to CCodec for this session
06-13 19:04:13.837 815 906 D CCodecConfig: no c2 equivalents for durationUs
06-13 19:04:13.837 815 906 D CCodecConfig: no c2 equivalents for track-id
06-13 19:04:13.837 815 906 D CCodecConfig: no c2 equivalents for csd-1
06-13 19:04:13.837 815 906 D CCodecConfig: no c2 equivalents for channel-mask
06-13 19:04:13.837 815 905 D ReflectedParamUpdater: extent() != 1 for single value type: algo.buffers.max-count.values
06-13 19:04:13.837 815 906 D CCodecConfig: no c2 equivalents for flags
06-13 19:04:13.839 815 906 D CCodecConfig: c2 config diff is c2::u32 coded.bitrate.value = 224000
06-13 19:04:13.839 815 906 D CCodecConfig: c2::u32 raw.channel-count.value = 2
06-13 19:04:13.841 187 187 I hwservicemanager: getTransport: Cannot find entry android.hardware.graphics.mapper@4.0::IMapper/default in either framework or device VINTF manifest.
06-13 19:04:13.842 815 922 I Gralloc4: mapper 4.x is not supported
06-13 19:04:13.842 815 906 W Codec2Client: query -- param skipped: index = 1107298332.
06-13 19:04:13.842 815 906 D CCodec : setup formats input: AMessage(what = 0x00000000) = {
06-13 19:04:13.842 815 906 D CCodec : int32_t bitrate = 224000
06-13 19:04:13.842 815 906 D CCodec : int32_t channel-count = 2
06-13 19:04:13.842 815 906 D CCodec : int32_t max-input-size = 32768
06-13 19:04:13.842 815 906 D CCodec : string mime = "audio/vorbis"
06-13 19:04:13.842 815 906 D CCodec : int32_t sample-rate = 48000
06-13 19:04:13.842 815 906 D CCodec : }
06-13 19:04:13.842 815 906 D CCodec : setup formats output: AMessage(what = 0x00000000) = {
06-13 19:04:13.842 815 906 D CCodec : int32_t channel-count = 2
06-13 19:04:13.842 815 906 D CCodec : string mime = "audio/raw"
06-13 19:04:13.842 815 906 D CCodec : int32_t sample-rate = 48000
06-13 19:04:13.842 815 906 D CCodec : int32_t channel-mask = 3
06-13 19:04:13.842 815 906 D CCodec : }
06-13 19:04:13.842 815 906 I CCodecConfig: query failed after returning 7 values (BAD_INDEX)
06-13 19:04:13.843 815 905 D ReflectedParamUpdater: extent() != 1 for single value type: output.subscribed-indices.values
06-13 19:04:13.843 815 905 D ReflectedParamUpdater: extent() != 1 for single value type: input.buffers.allocator-ids.values
06-13 19:04:13.843 815 905 D ReflectedParamUpdater: extent() != 1 for single value type: output.buffers.allocator-ids.values
06-13 19:04:13.844 815 905 D ReflectedParamUpdater: extent() != 1 for single value type: algo.buffers.allocator-ids.values
06-13 19:04:13.844 815 905 D ReflectedParamUpdater: extent() != 1 for single value type: output.buffers.pool-ids.values
06-13 19:04:13.844 815 905 D ReflectedParamUpdater: extent() != 1 for single value type: algo.buffers.pool-ids.values
06-13 19:04:13.847 187 187 I hwservicemanager: getTransport: Cannot find entry android.hardware.graphics.mapper@3.0::IMapper/default in either framework or device VINTF manifest.
06-13 19:04:13.844 269 269 I EventThread: type=1400 audit(0.0:341): avc: denied { search } for name="extcon" dev="sysfs" ino=18109 scontext=u:r:hal_tv_cec_default:s0 tcontext=u:object_r:sysfs_extcon:s0 tclass=dir permissive=1
06-13 19:04:13.848 815 906 W Codec2Client: query -- param skipped: index = 1342179345.
06-13 19:04:13.848 815 906 W Codec2Client: query -- param skipped: index = 2415921170.
06-13 19:04:13.848 815 922 W Gralloc3: mapper 3.x is not supported
06-13 19:04:13.849 815 906 D C2Store : Using ION
06-13 19:04:13.849 479 479 W Looper : Slow dispatch took 151ms main h=android.os.Handler c=com.android.server.hdmi.WorkSourceUidPreservingRunnable@9ac7ee6 m=0
06-13 19:04:13.849 479 479 I HdmiCecLocalDeviceSource: queryDisplayStatus already in progress
06-13 19:04:13.850 815 906 D CCodecBufferChannel: [c2.android.vorbis.decoder#221] Created input block pool with allocatorID 16 => poolID 17 - OK (0)
06-13 19:04:13.851 815 905 I CCodecConfig: query failed after returning 7 values (BAD_INDEX)
06-13 19:04:13.851 815 905 D CCodecConfig: c2 config diff is Dict {
06-13 19:04:13.851 815 905 D CCodecConfig: c2::u32 coded.bitrate.value = 64000
06-13 19:04:13.851 815 905 D CCodecConfig: c2::u32 input.buffers.max-size.value = 32768
06-13 19:04:13.851 815 905 D CCodecConfig: c2::u32 input.delay.value = 0
06-13 19:04:13.851 815 905 D CCodecConfig: string input.media-type.value = "audio/vorbis"
06-13 19:04:13.851 815 905 D CCodecConfig: string output.media-type.value = "audio/raw"
06-13 19:04:13.851 815 905 D CCodecConfig: c2::u32 raw.channel-count.value = 1
06-13 19:04:13.851 815 905 D CCodecConfig: c2::u32 raw.sample-rate.value = 48000
06-13 19:04:13.851 815 905 D CCodecConfig: }
06-13 19:04:13.852 815 906 I CCodecBufferChannel: [c2.android.vorbis.decoder#221] Created output block pool with allocatorID 16 => poolID 19 - OK
06-13 19:04:13.852 815 906 D CCodecBufferChannel: [c2.android.vorbis.decoder#221] Configured output block pool ids 19 => OK
06-13 19:04:13.852 479 479 I PackageWatchdog: Syncing health check requests for packages: {}
06-13 19:04:13.853 815 905 D CCodec : [c2.android.vorbis.decoder] buffers are bound to CCodec for this session
06-13 19:04:13.853 815 906 E ion : ioctl c0044901 failed with code -1: Inappropriate ioctl for device
06-13 19:04:13.853 815 905 D CCodecConfig: no c2 equivalents for durationUs
06-13 19:04:13.853 815 905 D CCodecConfig: no c2 equivalents for track-id
06-13 19:04:13.853 815 905 D CCodecConfig: no c2 equivalents for csd-1
06-13 19:04:13.853 479 479 I ExplicitHealthCheckController: Service not ready to get health check supported packages. Binding...
06-13 19:04:13.853 815 905 D CCodecConfig: no c2 equivalents for channel-mask
06-13 19:04:13.853 815 905 D CCodecConfig: no c2 equivalents for flags
06-13 19:04:13.855 815 905 D CCodecConfig: c2 config diff is c2::u32 coded.bitrate.value = 224000
06-13 19:04:13.855 815 905 D CCodecConfig: c2::u32 raw.channel-count.value = 2
06-13 19:04:13.857 815 905 W Codec2Client: query -- param skipped: index = 1107298332.
06-13 19:04:13.857 815 905 D CCodec : setup formats input: AMessage(what = 0x00000000) = {
06-13 19:04:13.857 815 905 D CCodec : int32_t bitrate = 224000
06-13 19:04:13.857 815 905 D CCodec : int32_t channel-count = 2
06-13 19:04:13.857 815 905 D CCodec : int32_t max-input-size = 32768
06-13 19:04:13.857 815 905 D CCodec : string mime = "audio/vorbis"
06-13 19:04:13.857 815 905 D CCodec : int32_t sample-rate = 48000
06-13 19:04:13.857 815 905 D CCodec : }
06-13 19:04:13.857 815 905 D CCodec : setup formats output: AMessage(what = 0x00000000) = {
06-13 19:04:13.857 815 905 D CCodec : int32_t channel-count = 2
06-13 19:04:13.857 815 905 D CCodec : string mime = "audio/raw"
06-13 19:04:13.857 815 905 D CCodec : int32_t sample-rate = 48000
06-13 19:04:13.857 815 905 D CCodec : int32_t channel-mask = 3
06-13 19:04:13.857 815 905 D CCodec : }
06-13 19:04:13.857 815 905 I CCodecConfig: query failed after returning 7 values (BAD_INDEX)
06-13 19:04:13.858 815 905 W Codec2Client: query -- param skipped: index = 1342179345.
06-13 19:04:13.858 815 905 W Codec2Client: query -- param skipped: index = 2415921170.
06-13 19:04:13.859 395 920 D SimpleC2Component: Using output block pool with poolID 19 => got 19 - 0
06-13 19:04:13.859 815 905 D CCodecBufferChannel: [c2.android.vorbis.decoder#714] Created input block pool with allocatorID 16 => poolID 18 - OK (0)
06-13 19:04:13.863 479 479 I ExplicitHealthCheckController: Explicit health check service is bound
06-13 19:04:13.866 815 922 E gralloc : Arm Module v1.0
06-13 19:04:13.867 815 905 I CCodecBufferChannel: [c2.android.vorbis.decoder#714] Created output block pool with allocatorID 16 => poolID 20 - OK
06-13 19:04:13.867 815 905 D CCodecBufferChannel: [c2.android.vorbis.decoder#714] Configured output block pool ids 20 => OK
06-13 19:04:13.867 677 677 D MediaResumeListener: loaded resume components []
06-13 19:04:13.872 479 501 W ActivityManager: Unable to start service Intent { cmp=com.oranth.ledstatus/.LedStatusService } U=0: not found
06-13 19:04:13.873 187 187 I hwservicemanager: getTransport: Cannot find entry android.hardware.graphics.allocator@4.0::IAllocator/default in either framework or device VINTF manifest.
06-13 19:04:13.876 815 922 W Gralloc4: allocator 4.x is not supported
06-13 19:04:13.880 187 187 I hwservicemanager: getTransport: Cannot find entry android.hardware.graphics.allocator@3.0::IAllocator/default in either framework or device VINTF manifest.
06-13 19:04:13.881 815 922 W Gralloc3: allocator 3.x is not supported
06-13 19:04:13.886 263 317 I gralloc : alloc buffer:W:1920 H:1080 S:1920 PL[1920 1080] SZ:8294400 fmt:1 if:0 af:1 usg:20000b00 fg:00000004
06-13 19:04:13.886 815 922 E ion : ioctl c0044901 failed with code -1: Inappropriate ioctl for device
06-13 19:04:13.893 479 662 W ActivityManager: Unable to start service Intent { cmp=com.oranth.storage/.MainService } U=0: not found
06-13 19:04:13.894 263 317 I gralloc : alloc buffer:W:1920 H:1080 S:1920 PL[1920 1080] SZ:8294400 fmt:1 if:0 af:1 usg:20000b00 fg:00000004
06-13 19:04:13.899 263 317 I gralloc : alloc buffer:W:1920 H:1080 S:1920 PL[1920 1080] SZ:8294400 fmt:1 if:0 af:1 usg:20000b00 fg:00000004
06-13 19:04:13.907 395 919 D SimpleC2Component: Using output block pool with poolID 20 => got 20 - 0
06-13 19:04:13.915 677 677 D LocalBluetoothProfileManager: LocalBluetoothProfileManager construction complete
06-13 19:04:13.915 677 677 D LocalBluetoothProfileManager: supportedList is null
06-13 19:04:13.920 268 268 I AW_PowerHAL: Power setMode: SUSTAINED_PERFORMANCE to: 0
06-13 19:04:13.920 268 268 I AW_PowerHAL: BootCompleted
06-13 19:04:13.920 479 524 I ActivityManagerTiming: FinishBooting
06-13 19:04:13.921 268 268 I AW_PowerHAL: cur-mode:SCHEDUTIL-Home
06-13 19:04:13.923 479 524 W KeyguardServiceDelegate: onScreenTurningOn(): no keyguard service!
06-13 19:04:13.915 920 920 E cma : cma_alloc: alloc failed, req-size: 8 pages, ret: -16
06-13 19:04:13.939 397 397 I update_engine: [INFO:cleanup_previous_update_action.cc(112)] Executing task 5
06-13 19:04:13.941 397 397 I update_engine: [INFO:cleanup_previous_update_action.cc(124)] CleanupPreviousUpdateAction scheduled task ID 6 for WaitBootCompleted
06-13 19:04:14.039 815 906 D CCodecBufferChannel: [c2.android.vorbis.decoder#221] MediaCodec discarded an unknown buffer
06-13 19:04:14.045 815 906 I hw-BpHwBinder: onLastStrongRef automatically unlinking death recipients
06-13 19:04:14.058 479 479 D NetworkSecurityConfig: No Network Security Config specified, using platform default
06-13 19:04:14.058 479 479 D NetworkSecurityConfig: No Network Security Config specified, using platform default
06-13 19:04:14.062 479 479 W Looper : Slow dispatch took 198ms main h=android.app.ActivityThread$H c=null m=114
06-13 19:04:14.067 815 905 D CCodecBufferChannel: [c2.android.vorbis.decoder#714] MediaCodec discarded an unknown buffer
06-13 19:04:14.067 815 905 D CCodecBufferChannel: [c2.android.vorbis.decoder#714] MediaCodec discarded an unknown buffer
06-13 19:04:14.070 395 886 I hw-BpHwBinder: onLastStrongRef automatically unlinking death recipients
06-13 19:04:14.071 815 933 I hw-BpHwBinder: onLastStrongRef automatically unlinking death recipients
06-13 19:04:14.074 479 521 I ServiceWatcher: [fused] connected to {com.android.location.fused/com.android.location.fused.FusedLocationService}
06-13 19:04:14.076 479 479 E WiredAccessoryManager: No state change.
06-13 19:04:14.077 479 479 W WiredAccessoryManager: Both input event and extcon are used for audio jack, please just choose one.
06-13 19:04:14.086 479 479 W TrustManagerService: EXTRA_USER_HANDLE missing or invalid, value=0
06-13 19:04:14.101 479 479 I SystemServerTiming: ManagedServices.unbindOtherUserServices_current0
06-13 19:04:14.102 479 479 I SystemServerTiming: ManagedServices.unbindOtherUserServices_current0
06-13 19:04:14.103 479 479 I SystemServerTiming: ManagedServices.unbindOtherUserServices_current0
06-13 19:04:14.103 479 479 V NotificationAssistants: enabling notification assistant for 0: ComponentInfo{android.ext.services/android.ext.services.notification.Assistant}
06-13 19:04:14.104 479 479 V NotificationAssistants: binding: Intent { act=android.service.notification.NotificationAssistantService cmp=android.ext.services/.notification.Assistant (has extras) }
06-13 19:04:14.131 479 648 W HdmiCecController: Failed to send 40:47 with errorCode=1
06-13 19:04:14.190 677 677 W AlarmManager: Unrecognized alarm listener com.android.systemui.keyguard.KeyguardSliceProvider$$ExternalSyntheticLambda0@31fc7e1
06-13 19:04:14.223 479 479 W Looper : Slow dispatch took 111ms main h=android.app.ActivityThread$H c=android.app.LoadedApk$ReceiverDispatcher$Args$$ExternalSyntheticLambda0@87975c7 m=0
06-13 19:04:14.228 479 724 D CCodecBufferChannel: [c2.android.vorbis.decoder#892] MediaCodec discarded an unknown buffer
06-13 19:04:14.228 479 724 D CCodecBufferChannel: [c2.android.vorbis.decoder#892] MediaCodec discarded an unknown buffer
06-13 19:04:14.228 479 724 D CCodecBufferChannel: [c2.android.vorbis.decoder#892] MediaCodec discarded an unknown buffer
06-13 19:04:14.232 479 724 I hw-BpHwBinder: onLastStrongRef automatically unlinking death recipients
06-13 19:04:14.235 677 677 V SystemUIService: SystemUIApplication created.
06-13 19:04:14.240 677 677 D SystemUIService: is homlet
06-13 19:04:14.242 677 677 I SystemUIService: Found SurfaceFlinger's GPU Priority: 12545
06-13 19:04:14.257 479 648 W HdmiCecController: Failed to send 45:7D with errorCode=1
06-13 19:04:14.261 479 709 D MediaCodecList: codecHandlesFormat: no format, so no extra checks
06-13 19:04:14.264 479 940 D CCodec : allocate(c2.android.vorbis.decoder)
06-13 19:04:14.267 479 940 I CCodec : Created component [c2.android.vorbis.decoder]
06-13 19:04:14.268 479 940 D CCodecConfig: read media type: audio/vorbis
06-13 19:04:14.272 479 940 D ReflectedParamUpdater: extent() != 1 for single value type: algo.buffers.max-count.values
06-13 19:04:14.272 479 940 D ReflectedParamUpdater: extent() != 1 for single value type: output.subscribed-indices.values
06-13 19:04:14.272 479 940 D ReflectedParamUpdater: extent() != 1 for single value type: input.buffers.allocator-ids.values
06-13 19:04:14.273 479 940 D ReflectedParamUpdater: extent() != 1 for single value type: output.buffers.allocator-ids.values
06-13 19:04:14.273 479 940 D ReflectedParamUpdater: extent() != 1 for single value type: algo.buffers.allocator-ids.values
06-13 19:04:14.273 479 940 D ReflectedParamUpdater: extent() != 1 for single value type: output.buffers.pool-ids.values
06-13 19:04:14.273 479 940 D ReflectedParamUpdater: extent() != 1 for single value type: algo.buffers.pool-ids.values
06-13 19:04:14.275 479 479 D ConditionProviders.SCP: onSubscribe condition://android/schedule?days=1.2.3.4.5.6.7&start=22.0&end=7.0&exitAtAlarm=true
06-13 19:04:14.278 479 940 I CCodecConfig: query failed after returning 7 values (BAD_INDEX)
06-13 19:04:14.278 479 940 D CCodecConfig: c2 config diff is Dict {
06-13 19:04:14.278 479 940 D CCodecConfig: c2::u32 coded.bitrate.value = 64000
06-13 19:04:14.278 479 940 D CCodecConfig: c2::u32 input.buffers.max-size.value = 32768
06-13 19:04:14.278 479 940 D CCodecConfig: c2::u32 input.delay.value = 0
06-13 19:04:14.278 479 940 D CCodecConfig: string input.media-type.value = "audio/vorbis"
06-13 19:04:14.278 479 940 D CCodecConfig: string output.media-type.value = "audio/raw"
06-13 19:04:14.278 479 940 D CCodecConfig: c2::u32 raw.channel-count.value = 1
06-13 19:04:14.278 479 940 D CCodecConfig: c2::u32 raw.sample-rate.value = 48000
06-13 19:04:14.278 479 940 D CCodecConfig: }
06-13 19:04:14.280 479 940 D CCodec : [c2.android.vorbis.decoder] buffers are bound to CCodec for this session
06-13 19:04:14.280 479 940 D CCodecConfig: no c2 equivalents for durationUs
06-13 19:04:14.280 479 940 D CCodecConfig: no c2 equivalents for track-id
06-13 19:04:14.280 479 940 D CCodecConfig: no c2 equivalents for csd-1
06-13 19:04:14.280 479 940 D CCodecConfig: no c2 equivalents for channel-mask
06-13 19:04:14.280 479 940 D CCodecConfig: no c2 equivalents for flags
06-13 19:04:14.282 479 940 D CCodecConfig: c2 config diff is c2::u32 coded.bitrate.value = 499821
06-13 19:04:14.282 479 940 D CCodecConfig: c2::u32 raw.channel-count.value = 2
06-13 19:04:14.282 479 940 D CCodecConfig: c2::u32 raw.sample-rate.value = 44100
06-13 19:04:14.284 479 940 W Codec2Client: query -- param skipped: index = 1107298332.
06-13 19:04:14.285 479 940 D CCodec : setup formats input: AMessage(what = 0x00000000) = {
06-13 19:04:14.285 479 940 D CCodec : int32_t bitrate = 499821
06-13 19:04:14.285 479 940 D CCodec : int32_t channel-count = 2
06-13 19:04:14.285 479 940 D CCodec : int32_t max-input-size = 32768
06-13 19:04:14.285 479 940 D CCodec : string mime = "audio/vorbis"
06-13 19:04:14.285 479 940 D CCodec : int32_t sample-rate = 44100
06-13 19:04:14.285 479 940 D CCodec : }
06-13 19:04:14.285 479 940 D CCodec : setup formats output: AMessage(what = 0x00000000) = {
06-13 19:04:14.285 479 940 D CCodec : int32_t channel-count = 2
06-13 19:04:14.285 479 940 D CCodec : string mime = "audio/raw"
06-13 19:04:14.285 479 940 D CCodec : int32_t sample-rate = 44100
06-13 19:04:14.285 479 940 D CCodec : int32_t channel-mask = 3
06-13 19:04:14.285 479 940 D CCodec : }
06-13 19:04:14.285 479 940 I CCodecConfig: query failed after returning 7 values (BAD_INDEX)
06-13 19:04:14.287 479 940 W Codec2Client: query -- param skipped: index = 1342179345.
06-13 19:04:14.287 479 940 W Codec2Client: query -- param skipped: index = 2415921170.
06-13 19:04:14.288 479 479 D ConditionProviders.SCP: setRegistered true
06-13 19:04:14.292 479 940 D CCodecBufferChannel: [c2.android.vorbis.decoder#231] Created input block pool with allocatorID 16 => poolID 19 - OK (0)
06-13 19:04:14.294 479 622 W ActivityThread: Failed to find provider info for com.android.calendar (user not unlocked)
06-13 19:04:14.295 479 940 I CCodecBufferChannel: [c2.android.vorbis.decoder#231] Created output block pool with allocatorID 16 => poolID 21 - OK
06-13 19:04:14.296 479 940 D CCodecBufferChannel: [c2.android.vorbis.decoder#231] Configured output block pool ids 21 => OK
06-13 19:04:14.299 479 622 W ActivityThread: Failed to find provider info for com.android.calendar (user not unlocked)
06-13 19:04:14.303 395 941 D SimpleC2Component: Using output block pool with poolID 21 => got 21 - 0
06-13 19:04:14.312 479 725 D CCodecBufferChannel: [c2.android.vorbis.decoder#836] MediaCodec discarded an unknown buffer
06-13 19:04:14.312 479 725 D CCodecBufferChannel: [c2.android.vorbis.decoder#836] MediaCodec discarded an unknown buffer
06-13 19:04:14.312 479 725 D CCodecBufferChannel: [c2.android.vorbis.decoder#836] MediaCodec discarded an unknown buffer
06-13 19:04:14.315 479 725 I hw-BpHwBinder: onLastStrongRef automatically unlinking death recipients
06-13 19:04:14.327 479 479 D ConditionProviders.SCP: evaluateSubscriptionLocked cal=ScheduleCalendar[mDays={1, 2, 3, 4, 5, 6, 7}, mSchedule=ScheduleInfo{days=[1, 2, 3, 4, 5, 6, 7], startHour=22, startMinute=0, endHour=7, endMinute=0, exitAtAlarm=true, nextAlarm=Thu Jan 01 08:00:00 GMT+08:00 1970 (0)}], now=Fri Jun 13 19:04:14 GMT+08:00 2025 (1749812654288), nextUserAlarmTime=Thu Jan 01 08:00:00 GMT+08:00 1970 (0)
06-13 19:04:14.333 479 479 D ConditionProviders.SCP: notifyCondition condition://android/schedule?days=1.2.3.4.5.6.7&start=22.0&end=7.0&exitAtAlarm=true STATE_FALSE reason=!meetsSchedule
06-13 19:04:14.338 479 708 D MediaCodecList: codecHandlesFormat: no format, so no extra checks
06-13 19:04:14.342 479 479 D ConditionProviders.SCP: Scheduling evaluate for Fri Jun 13 22:00:00 GMT+08:00 2025 (1749823200000), in +2h55m45s712ms, now=Fri Jun 13 19:04:14 GMT+08:00 2025 (1749812654288)
06-13 19:04:14.345 479 479 I ConnectivityModuleConnector: Networking module service connected
06-13 19:04:14.345 479 479 I ConnectivityModuleConnector: Networking module service connected
06-13 19:04:14.345 479 944 D CCodec : allocate(c2.android.vorbis.decoder)
06-13 19:04:14.345 479 479 I NetworkStackClient: Network stack service connected
06-13 19:04:14.348 479 944 I CCodec : Created component [c2.android.vorbis.decoder]
06-13 19:04:14.349 479 944 D CCodecConfig: read media type: audio/vorbis
06-13 19:04:14.352 479 944 D ReflectedParamUpdater: extent() != 1 for single value type: algo.buffers.max-count.values
06-13 19:04:14.352 479 944 D ReflectedParamUpdater: extent() != 1 for single value type: output.subscribed-indices.values
06-13 19:04:14.352 479 944 D ReflectedParamUpdater: extent() != 1 for single value type: input.buffers.allocator-ids.values
06-13 19:04:14.352 479 944 D ReflectedParamUpdater: extent() != 1 for single value type: output.buffers.allocator-ids.values
06-13 19:04:14.353 479 944 D ReflectedParamUpdater: extent() != 1 for single value type: algo.buffers.allocator-ids.values
06-13 19:04:14.353 479 944 D ReflectedParamUpdater: extent() != 1 for single value type: output.buffers.pool-ids.values
06-13 19:04:14.353 479 944 D ReflectedParamUpdater: extent() != 1 for single value type: algo.buffers.pool-ids.values
06-13 19:04:14.356 479 944 I CCodecConfig: query failed after returning 7 values (BAD_INDEX)
06-13 19:04:14.357 479 479 D BluetoothManagerService: BluetoothServiceConnection: com.android.bluetooth.btservice.AdapterService
06-13 19:04:14.357 479 944 D CCodecConfig: c2 config diff is Dict {
06-13 19:04:14.357 479 944 D CCodecConfig: c2::u32 coded.bitrate.value = 64000
06-13 19:04:14.357 479 944 D CCodecConfig: c2::u32 input.buffers.max-size.value = 32768
06-13 19:04:14.357 479 944 D CCodecConfig: c2::u32 input.delay.value = 0
06-13 19:04:14.357 479 944 D CCodecConfig: string input.media-type.value = "audio/vorbis"
06-13 19:04:14.357 479 944 D CCodecConfig: string output.media-type.value = "audio/raw"
06-13 19:04:14.357 479 944 D CCodecConfig: c2::u32 raw.channel-count.value = 1
06-13 19:04:14.357 479 944 D CCodecConfig: c2::u32 raw.sample-rate.value = 48000
06-13 19:04:14.357 479 944 D CCodecConfig: }
06-13 19:04:14.357 479 523 D BluetoothManagerService: MESSAGE_BLUETOOTH_SERVICE_CONNECTED: 1
06-13 19:04:14.357 269 269 D hdmi-cec: cec physical address: 1.0.0.0
06-13 19:04:14.358 269 269 D hdmi-cec: cec physical address: 1.0.0.0
06-13 19:04:14.358 269 269 D hdmi-cec: cec physical address: 1.0.0.0
06-13 19:04:14.358 269 269 D hdmi-cec: addLogicalAddress (4)
06-13 19:04:14.361 479 944 D CCodec : [c2.android.vorbis.decoder] buffers are bound to CCodec for this session
06-13 19:04:14.362 479 944 D CCodecConfig: no c2 equivalents for durationUs
06-13 19:04:14.362 479 944 D CCodecConfig: no c2 equivalents for track-id
06-13 19:04:14.362 479 944 D CCodecConfig: no c2 equivalents for csd-1
06-13 19:04:14.362 479 944 D CCodecConfig: no c2 equivalents for channel-mask
06-13 19:04:14.362 479 944 D CCodecConfig: no c2 equivalents for flags
06-13 19:04:14.363 479 944 D CCodecConfig: c2 config diff is c2::u32 coded.bitrate.value = 499821
06-13 19:04:14.363 479 944 D CCodecConfig: c2::u32 raw.channel-count.value = 2
06-13 19:04:14.363 479 944 D CCodecConfig: c2::u32 raw.sample-rate.value = 44100
06-13 19:04:14.366 479 944 W Codec2Client: query -- param skipped: index = 1107298332.
06-13 19:04:14.367 479 944 D CCodec : setup formats input: AMessage(what = 0x00000000) = {
06-13 19:04:14.367 479 944 D CCodec : int32_t bitrate = 499821
06-13 19:04:14.367 479 944 D CCodec : int32_t channel-count = 2
06-13 19:04:14.367 479 944 D CCodec : int32_t max-input-size = 32768
06-13 19:04:14.367 479 944 D CCodec : string mime = "audio/vorbis"
06-13 19:04:14.367 479 944 D CCodec : int32_t sample-rate = 44100
06-13 19:04:14.367 479 944 D CCodec : }
06-13 19:04:14.367 479 944 D CCodec : setup formats output: AMessage(what = 0x00000000) = {
06-13 19:04:14.367 479 944 D CCodec : int32_t channel-count = 2
06-13 19:04:14.367 479 944 D CCodec : string mime = "audio/raw"
06-13 19:04:14.367 479 944 D CCodec : int32_t sample-rate = 44100
06-13 19:04:14.367 479 944 D CCodec : int32_t channel-mask = 3
06-13 19:04:14.367 479 944 D CCodec : }
06-13 19:04:14.367 479 944 I CCodecConfig: query failed after returning 7 values (BAD_INDEX)
06-13 19:04:14.367 479 523 D BluetoothManagerService: Broadcasting onBluetoothServiceUp() to 3 receivers.
06-13 19:04:14.368 677 942 D BluetoothAdapter: onBluetoothServiceUp: android.bluetooth.IBluetooth$Stub$Proxy@4996b51
06-13 19:04:14.368 479 944 W Codec2Client: query -- param skipped: index = 1342179345.
06-13 19:04:14.368 479 944 W Codec2Client: query -- param skipped: index = 2415921170.
06-13 19:04:14.370 479 944 D CCodecBufferChannel: [c2.android.vorbis.decoder#74] Created input block pool with allocatorID 16 => poolID 20 - OK (0)
06-13 19:04:14.371 479 523 D BluetoothAdapter: onBluetoothServiceUp: android.bluetooth.IBluetooth$Stub$Proxy@8114dc0
06-13 19:04:14.372 479 944 I CCodecBufferChannel: [c2.android.vorbis.decoder#74] Created output block pool with allocatorID 16 => poolID 22 - OK
06-13 19:04:14.373 479 944 D CCodecBufferChannel: [c2.android.vorbis.decoder#74] Configured output block pool ids 22 => OK
06-13 19:04:14.373 479 940 D CCodecBufferChannel: [c2.android.vorbis.decoder#231] MediaCodec discarded an unknown buffer
06-13 19:04:14.373 479 940 D CCodecBufferChannel: [c2.android.vorbis.decoder#231] MediaCodec discarded an unknown buffer
06-13 19:04:14.373 479 940 D CCodecBufferChannel: [c2.android.vorbis.decoder#231] MediaCodec discarded an unknown buffer
06-13 19:04:14.374 670 686 D BluetoothAdapter: onBluetoothServiceUp: com.android.bluetooth.btservice.AdapterService$AdapterServiceBinder@26f3c89
06-13 19:04:14.375 269 269 D hdmi-cec: cec physical address: 1.0.0.0
06-13 19:04:14.375 670 684 D BluetoothAdapterService: enable() - Enable called with quiet mode status = false
06-13 19:04:14.377 670 816 I AdapterState: BLE_TURNING_ON : entered
06-13 19:04:14.377 395 946 D SimpleC2Component: Using output block pool with poolID 22 => got 22 - 0
06-13 19:04:14.377 670 816 D AdapterProperties: Setting state to BLE_TURNING_ON
06-13 19:04:14.378 670 816 D BluetoothAdapterService: updateAdapterState() - Broadcasting state BLE_TURNING_ON to 1 receivers.
06-13 19:04:14.382 479 523 D BluetoothManagerService: MESSAGE_BLUETOOTH_STATE_CHANGE: OFF > BLE_TURNING_ON
06-13 19:04:14.385 479 479 I ConnectivityModuleConnector: Networking module service connected
06-13 19:04:14.386 479 523 D BluetoothManagerService: Sending BLE State Change: OFF > BLE_TURNING_ON
06-13 19:04:14.387 670 816 D BluetoothAdapterService: bleOnProcessStart()
06-13 19:04:14.388 479 940 I hw-BpHwBinder: onLastStrongRef automatically unlinking death recipients
06-13 19:04:14.389 670 816 I AdapterProperties: init(), maxConnectedAudioDevices, default=5, propertyOverlayed=5, finalValue=5
06-13 19:04:14.389 479 479 I ConnectivityModuleConnector: Networking module service connected
06-13 19:04:14.398 670 816 D BluetoothAdapterService: bleOnProcessStart() - Make Bond State Machine
06-13 19:04:14.399 677 677 V SystemUIService: Starting SystemUI services for user 0.
06-13 19:04:14.399 677 677 D SystemUIService: loading: com.android.systemui.util.NotificationChannels
06-13 19:04:14.400 677 677 D SystemUIService: running: com.android.systemui.util.NotificationChannels@2b86b8d
06-13 19:04:14.400 479 479 I ExplicitHealthCheckController: Explicit health check service is connected ComponentInfo{android.ext.services/android.ext.services.watchdog.ExplicitHealthCheckServiceImpl}
06-13 19:04:14.402 479 479 I ExplicitHealthCheckController: Service initialized, syncing requests
06-13 19:04:14.403 479 479 D AutofillManagerService: Restriction did not change for user 0
06-13 19:04:14.412 670 816 D BluetoothBondStateMachine: make
06-13 19:04:14.415 677 677 D SystemUIService: loading: com.android.systemui.oranth.ManagerService
06-13 19:04:14.416 186 186 E SELinux : avc: denied { find } for pid=677 uid=10065 name=oranth_manager scontext=u:r:platform_app:s0:c512,c768 tcontext=u:object_r:default_android_service:s0 tclass=service_manager permissive=1
06-13 19:04:14.419 479 479 V NotificationAssistants: 0 notification assistant service connected: ComponentInfo{android.ext.services/android.ext.services.notification.Assistant}
06-13 19:04:14.425 479 709 D MediaCodecList: codecHandlesFormat: no format, so no extra checks
06-13 19:04:14.429 677 677 D SystemUIService: running: com.android.systemui.oranth.ManagerService@b6d0553
06-13 19:04:14.430 677 677 I ManagerService: -------------------- oranth manager service ---------
06-13 19:04:14.438 479 479 I PackageWatchdog: Syncing health check requests for packages: {}
06-13 19:04:14.439 479 479 D ExplicitHealthCheckController: Getting health check supported packages
06-13 19:04:14.443 479 952 D CCodec : allocate(c2.android.vorbis.decoder)
06-13 19:04:14.443 479 580 I ExplicitHealthCheckController: Explicit health check supported packages [PackageConfig{com.android.networkstack, 86400000}]
06-13 19:04:14.444 479 580 D PackageWatchdog: Received supported packages [PackageConfig{com.android.networkstack, 86400000}]
06-13 19:04:14.445 479 580 D ExplicitHealthCheckController: Getting health check requested packages
06-13 19:04:14.450 479 952 I CCodec : Created component [c2.android.vorbis.decoder]
06-13 19:04:14.451 479 746 I ExplicitHealthCheckController: Explicit health check requested packages []
06-13 19:04:14.452 479 952 D CCodecConfig: read media type: audio/vorbis
06-13 19:04:14.452 479 479 W Looper : Drained
06-13 19:04:14.453 479 746 I ExplicitHealthCheckController: No more health check requests, unbinding...
06-13 19:04:14.453 677 677 I FalsingManager: xdpi, ydpi: 0.16, 0.16
06-13 19:04:14.453 677 677 I FalsingManager: width, height: 1920, 1080
06-13 19:04:14.457 479 952 D ReflectedParamUpdater: extent() != 1 for single value type: algo.buffers.max-count.values
06-13 19:04:14.457 479 952 D ReflectedParamUpdater: extent() != 1 for single value type: output.subscribed-indices.values
06-13 19:04:14.458 479 952 D ReflectedParamUpdater: extent() != 1 for single value type: input.buffers.allocator-ids.values
06-13 19:04:14.458 479 952 D ReflectedParamUpdater: extent() != 1 for single value type: output.buffers.allocator-ids.values
06-13 19:04:14.458 479 952 D ReflectedParamUpdater: extent() != 1 for single value type: algo.buffers.allocator-ids.values
06-13 19:04:14.458 479 952 D ReflectedParamUpdater: extent() != 1 for single value type: output.buffers.pool-ids.values
06-13 19:04:14.458 479 746 I ExplicitHealthCheckController: Explicit health check service is unbound
06-13 19:04:14.458 479 952 D ReflectedParamUpdater: extent() != 1 for single value type: algo.buffers.pool-ids.values
06-13 19:04:14.461 479 952 I CCodecConfig: query failed after returning 7 values (BAD_INDEX)
06-13 19:04:14.461 479 952 D CCodecConfig: c2 config diff is Dict {
06-13 19:04:14.461 479 952 D CCodecConfig: c2::u32 coded.bitrate.value = 64000
06-13 19:04:14.461 479 952 D CCodecConfig: c2::u32 input.buffers.max-size.value = 32768
06-13 19:04:14.461 479 952 D CCodecConfig: c2::u32 input.delay.value = 0
06-13 19:04:14.461 479 952 D CCodecConfig: string input.media-type.value = "audio/vorbis"
06-13 19:04:14.461 479 952 D CCodecConfig: string output.media-type.value = "audio/raw"
06-13 19:04:14.461 479 952 D CCodecConfig: c2::u32 raw.channel-count.value = 1
06-13 19:04:14.461 479 952 D CCodecConfig: c2::u32 raw.sample-rate.value = 48000
06-13 19:04:14.461 479 952 D CCodecConfig: }
06-13 19:04:14.463 479 952 D CCodec : [c2.android.vorbis.decoder] buffers are bound to CCodec for this session
06-13 19:04:14.463 479 952 D CCodecConfig: no c2 equivalents for durationUs
06-13 19:04:14.463 479 952 D CCodecConfig: no c2 equivalents for track-id
06-13 19:04:14.463 479 952 D CCodecConfig: no c2 equivalents for csd-1
06-13 19:04:14.463 479 952 D CCodecConfig: no c2 equivalents for channel-mask
06-13 19:04:14.463 479 952 D CCodecConfig: no c2 equivalents for flags
06-13 19:04:14.464 479 952 D CCodecConfig: c2 config diff is c2::u32 coded.bitrate.value = 499821
06-13 19:04:14.464 479 952 D CCodecConfig: c2::u32 raw.channel-count.value = 2
06-13 19:04:14.464 479 952 D CCodecConfig: c2::u32 raw.sample-rate.value = 44100
06-13 19:04:14.465 670 951 I BluetoothBondStateMachine: StableState(): Entering Off State
06-13 19:04:14.460 677 677 I SharedPreferenc: type=1400 audit(0.0:342): avc: denied { open } for path="/data/user_de/0/com.android.systemui/shared_prefs/plugin_prefs.xml" dev="mmcblk0p25" ino=2168 scontext=u:r:platform_app:s0:c512,c768 tcontext=u:object_r:app_data_file:s0:c512,c768 tclass=file permissive=1 app=com.softwinner.screenshot
06-13 19:04:14.466 479 952 W Codec2Client: query -- param skipped: index = 1107298332.
06-13 19:04:14.466 479 952 D CCodec : setup formats input: AMessage(what = 0x00000000) = {
06-13 19:04:14.466 479 952 D CCodec : int32_t bitrate = 499821
06-13 19:04:14.466 479 952 D CCodec : int32_t channel-count = 2
06-13 19:04:14.466 479 952 D CCodec : int32_t max-input-size = 32768
06-13 19:04:14.466 479 952 D CCodec : string mime = "audio/vorbis"
06-13 19:04:14.466 479 952 D CCodec : int32_t sample-rate = 44100
06-13 19:04:14.466 479 952 D CCodec : }
06-13 19:04:14.466 479 952 D CCodec : setup formats output: AMessage(what = 0x00000000) = {
06-13 19:04:14.466 479 952 D CCodec : int32_t channel-count = 2
06-13 19:04:14.466 479 952 D CCodec : string mime = "audio/raw"
06-13 19:04:14.466 479 952 D CCodec : int32_t sample-rate = 44100
06-13 19:04:14.466 479 952 D CCodec : int32_t channel-mask = 3
06-13 19:04:14.466 479 952 D CCodec : }
06-13 19:04:14.466 479 952 I CCodecConfig: query failed after returning 7 values (BAD_INDEX)
06-13 19:04:14.467 479 952 W Codec2Client: query -- param skipped: index = 1342179345.
06-13 19:04:14.467 479 952 W Codec2Client: query -- param skipped: index = 2415921170.
06-13 19:04:14.468 479 952 D CCodecBufferChannel: [c2.android.vorbis.decoder#589] Created input block pool with allocatorID 16 => poolID 21 - OK (0)
06-13 19:04:14.470 479 952 I CCodecBufferChannel: [c2.android.vorbis.decoder#589] Created output block pool with allocatorID 16 => poolID 23 - OK
06-13 19:04:14.470 479 952 D CCodecBufferChannel: [c2.android.vorbis.decoder#589] Configured output block pool ids 23 => OK
06-13 19:04:14.473 395 958 D SimpleC2Component: Using output block pool with poolID 23 => got 23 - 0
06-13 19:04:14.488 479 746 W ServiceManager: Permission failure: android.permission.HIGH_SAMPLING_RATE_SENSORS from uid=10065 pid=677
06-13 19:04:14.497 670 670 I BtGatt.JNI: classInitNative(L1073): classInitNative: Success!
06-13 19:04:14.504 479 944 D CCodecBufferChannel: [c2.android.vorbis.decoder#74] MediaCodec discarded an unknown buffer
06-13 19:04:14.504 479 944 D CCodecBufferChannel: [c2.android.vorbis.decoder#74] MediaCodec discarded an unknown buffer
06-13 19:04:14.504 479 944 D CCodecBufferChannel: [c2.android.vorbis.decoder#74] MediaCodec discarded an unknown buffer
06-13 19:04:14.508 670 670 D BtGatt.DebugUtils: handleDebugAction() action=null
06-13 19:04:14.509 479 963 I hw-BpHwBinder: onLastStrongRef automatically unlinking death recipients
06-13 19:04:14.515 670 670 I bt_btif : system/bt/btif/src/bluetooth.cc:417 get_profile_interface: get_profile_interface: id = gatt
06-13 19:04:14.520 670 670 D CompatibilityChangeReporter: Compat change id reported: 160794467; UID 1002; state: ENABLED
06-13 19:04:14.525 479 708 D MediaCodecList: codecHandlesFormat: no format, so no extra checks
06-13 19:04:14.534 479 965 D CCodec : allocate(c2.android.vorbis.decoder)
06-13 19:04:14.537 479 965 I CCodec : Created component [c2.android.vorbis.decoder]
06-13 19:04:14.538 479 965 D CCodecConfig: read media type: audio/vorbis
06-13 19:04:14.541 479 965 D ReflectedParamUpdater: extent() != 1 for single value type: algo.buffers.max-count.values
06-13 19:04:14.541 479 965 D ReflectedParamUpdater: extent() != 1 for single value type: output.subscribed-indices.values
06-13 19:04:14.542 479 965 D ReflectedParamUpdater: extent() != 1 for single value type: input.buffers.allocator-ids.values
06-13 19:04:14.542 479 965 D ReflectedParamUpdater: extent() != 1 for single value type: output.buffers.allocator-ids.values
06-13 19:04:14.542 479 965 D ReflectedParamUpdater: extent() != 1 for single value type: algo.buffers.allocator-ids.values
06-13 19:04:14.543 479 965 D ReflectedParamUpdater: extent() != 1 for single value type: output.buffers.pool-ids.values
06-13 19:04:14.543 479 965 D ReflectedParamUpdater: extent() != 1 for single value type: algo.buffers.pool-ids.values
06-13 19:04:14.544 670 838 I bt_stack_manager: system/bt/btif/src/stack_manager.cc:246 event_start_up_stack: event_start_up_stack is bringing up the stack
06-13 19:04:14.544 670 838 I bt_core_module: system/bt/btcore/src/module.cc:85 module_start_up: module_start_up Starting module "btif_config_module"
06-13 19:04:14.544 670 838 I bt_core_module: system/bt/btcore/src/module.cc:90 module_start_up: module_start_up Started module "btif_config_module"
06-13 19:04:14.545 670 838 I bt_core_module: system/bt/btcore/src/module.cc:85 module_start_up: module_start_up Starting module "btsnoop_module"
06-13 19:04:14.545 670 838 I droid.bluetoot: [0613/190414.545269:INFO:btsnoop.cc(209)] start_up: Snoop Logs disabled
06-13 19:04:14.545 670 838 I droid.bluetoot: [0613/190414.545546:INFO:btsnoop.cc(356)] delete_btsnoop_files: Deleting snoop logs if they exist. filtered = 1
06-13 19:04:14.545 670 838 I droid.bluetoot: [0613/190414.545858:INFO:btsnoop.cc(356)] delete_btsnoop_files: Deleting snoop logs if they exist. filtered = 0
06-13 19:04:14.546 670 838 I bt_core_module: system/bt/btcore/src/module.cc:90 module_start_up: module_start_up Started module "btsnoop_module"
06-13 19:04:14.546 479 965 I CCodecConfig: query failed after returning 7 values (BAD_INDEX)
06-13 19:04:14.546 479 965 D CCodecConfig: c2 config diff is Dict {
06-13 19:04:14.546 479 965 D CCodecConfig: c2::u32 coded.bitrate.value = 64000
06-13 19:04:14.546 479 965 D CCodecConfig: c2::u32 input.buffers.max-size.value = 32768
06-13 19:04:14.546 479 965 D CCodecConfig: c2::u32 input.delay.value = 0
06-13 19:04:14.546 479 965 D CCodecConfig: string input.media-type.value = "audio/vorbis"
06-13 19:04:14.546 479 965 D CCodecConfig: string output.media-type.value = "audio/raw"
06-13 19:04:14.546 479 965 D CCodecConfig: c2::u32 raw.channel-count.value = 1
06-13 19:04:14.546 479 965 D CCodecConfig: c2::u32 raw.sample-rate.value = 48000
06-13 19:04:14.546 479 965 D CCodecConfig: }
06-13 19:04:14.546 670 838 I bt_core_module: system/bt/btcore/src/module.cc:85 module_start_up: module_start_up Starting module "hci_module"
06-13 19:04:14.546 670 838 I bt_hci : system/bt/hci/src/hci_layer.cc:200 hci_module_start_up: hci_module_start_up
06-13 19:04:14.548 479 965 D CCodec : [c2.android.vorbis.decoder] buffers are bound to CCodec for this session
06-13 19:04:14.548 479 965 D CCodecConfig: no c2 equivalents for durationUs
06-13 19:04:14.548 479 965 D CCodecConfig: no c2 equivalents for track-id
06-13 19:04:14.548 479 965 D CCodecConfig: no c2 equivalents for csd-1
06-13 19:04:14.548 479 965 D CCodecConfig: no c2 equivalents for channel-mask
06-13 19:04:14.548 479 965 D CCodecConfig: no c2 equivalents for flags
06-13 19:04:14.549 479 965 D CCodecConfig: c2 config diff is c2::u32 coded.bitrate.value = 239920
06-13 19:04:14.549 479 965 D CCodecConfig: c2::u32 raw.sample-rate.value = 44100
06-13 19:04:14.550 670 970 I droid.bluetoot: [0613/190414.550184:INFO:message_loop_thread.cc(224)] Run: message loop starting for thread bt_hci_thread
06-13 19:04:14.551 479 965 W Codec2Client: query -- param skipped: index = 1107298332.
06-13 19:04:14.551 479 965 D CCodec : setup formats input: AMessage(what = 0x00000000) = {
06-13 19:04:14.551 479 965 D CCodec : int32_t bitrate = 239920
06-13 19:04:14.551 479 965 D CCodec : int32_t channel-count = 1
06-13 19:04:14.551 479 965 D CCodec : int32_t max-input-size = 32768
06-13 19:04:14.551 479 965 D CCodec : string mime = "audio/vorbis"
06-13 19:04:14.551 479 965 D CCodec : int32_t sample-rate = 44100
06-13 19:04:14.551 479 965 D CCodec : }
06-13 19:04:14.551 479 965 D CCodec : setup formats output: AMessage(what = 0x00000000) = {
06-13 19:04:14.551 479 965 D CCodec : int32_t channel-count = 1
06-13 19:04:14.551 479 965 D CCodec : string mime = "audio/raw"
06-13 19:04:14.551 479 965 D CCodec : int32_t sample-rate = 44100
06-13 19:04:14.551 479 965 D CCodec : int32_t channel-mask = 1
06-13 19:04:14.551 479 965 D CCodec : }
06-13 19:04:14.551 670 970 I bt_hci : system/bt/hci/src/hci_layer_android.cc:159 hci_initialize: hci_initialize
06-13 19:04:14.551 479 965 I CCodecConfig: query failed after returning 7 values (BAD_INDEX)
06-13 19:04:14.552 479 965 W Codec2Client: query -- param skipped: index = 1342179345.
06-13 19:04:14.552 187 187 I hwservicemanager: getTransport: Cannot find entry android.hardware.bluetooth@1.1::IBluetoothHci/default in either framework or device VINTF manifest.
06-13 19:04:14.552 479 965 W Codec2Client: query -- param skipped: index = 2415921170.
06-13 19:04:14.552 670 838 I bt_hci : system/bt/hci/src/hci_layer.cc:257 hci_module_start_up: hci_module_start_up starting async portion
06-13 19:04:14.553 479 965 D CCodecBufferChannel: [c2.android.vorbis.decoder#18] Created input block pool with allocatorID 16 => poolID 22 - OK (0)
06-13 19:04:14.555 670 970 I bt_hci : system/bt/hci/src/hci_layer_android.cc:178 hci_initialize: hci_initialize: IBluetoothHci::getService() returned 0xef1a9440 (remote)
06-13 19:04:14.555 670 970 E cutils-trace: Error opening trace file: No such file or directory (2)
06-13 19:04:14.556 479 965 I CCodecBufferChannel: [c2.android.vorbis.decoder#18] Created output block pool with allocatorID 16 => poolID 24 - OK
06-13 19:04:14.556 479 965 D CCodecBufferChannel: [c2.android.vorbis.decoder#18] Configured output block pool ids 24 => OK
06-13 19:04:14.558 255 296 I android.hardware.bluetooth@1.0-impl: BluetoothHci::initialize()
06-13 19:04:14.560 677 677 D NavigationModeController: getCurrentUserContext: contextUser=0 currentUser=0
06-13 19:04:14.560 677 677 D NavigationModeController: getCurrentInteractionMode: mode=0 contextUser=0
06-13 19:04:14.561 677 677 D NavigationModeController: updateCurrentInteractionMode: mode=0
06-13 19:04:14.561 677 677 D NavigationModeController: contextUser=0
06-13 19:04:14.561 677 677 D NavigationModeController: assetPaths=
06-13 19:04:14.561 255 296 D android.hardware.bluetooth@1.0-service: get_local_address: Trying /sys/class/addr_mgt/addr_bt
06-13 19:04:14.561 677 677 D NavigationModeController: and /system/framework/framework-res.apk
06-13 19:04:14.561 677 677 D NavigationModeController: /vendor/overlay/framework-res__auto_generated_rro_vendor.apk
06-13 19:04:14.561 677 677 D NavigationModeController: /product/overlay/AwAccentColor/AwAccentColorOverlay.apk
06-13 19:04:14.561 677 677 D NavigationModeController: /product/overlay/AwIconShape/AwIconShapeOverlay.apk
06-13 19:04:14.561 677 677 D NavigationModeController: and /system/system_ext/priv-app/SystemUI/SystemUI.apk
06-13 19:04:14.561 255 296 D android.hardware.bluetooth@1.0-service: get_local_address: Got Factory BDA B6:9D:26:31:B8:89
06-13 19:04:14.561 255 296 D WifiHWInfo: Start to load wireless module hardware info table...
06-13 19:04:14.561 255 296 D WifiHWInfo: Entry [01], BUS: SDIO, ID: 0x024C8179, Name: rtl8189es.
06-13 19:04:14.562 255 296 D WifiHWInfo: Entry [02], BUS: SDIO, ID: 0x024CB723, Name: rtl8723bs_vq0.
06-13 19:04:14.562 255 296 D WifiHWInfo: Entry [03], BUS: SDIO, ID: 0x024CB703, Name: rtl8723cs.
06-13 19:04:14.562 255 296 D WifiHWInfo: Entry [04], BUS: SDIO, ID: 0x024CD723, Name: rtl8723ds.
06-13 19:04:14.562 255 296 D WifiHWInfo: Entry [05], BUS: SDIO, ID: 0x024CF179, Name: rtl8189fs.
06-13 19:04:14.562 255 296 D WifiHWInfo: Entry [06], BUS: SDIO, ID: 0x024CB822, Name: rtl88x2bs.
06-13 19:04:14.562 255 296 D WifiHWInfo: Entry [07], BUS: USB, ID: 0x0BDAD723, Name: rtl8723du.
06-13 19:04:14.562 255 296 D WifiHWInfo: Entry [08], BUS: USB, ID: 0x0BDA8179, Name: rtl8188etv.
06-13 19:04:14.562 255 296 D WifiHWInfo: Entry [09], BUS: USB, ID: 0x0BDA0179, Name: rtl8188eu.
06-13 19:04:14.562 255 296 D WifiHWInfo: Entry [10], BUS: USB, ID: 0x0BDA818B, Name: rtl8192eu.
06-13 19:04:14.562 255 296 D WifiHWInfo: Entry [11], BUS: USB, ID: 0x0BDAB720, Name: rtl8723bu.
06-13 19:04:14.562 255 296 D WifiHWInfo: Entry [12], BUS: USB, ID: 0x0BDAC82C, Name: rtl8822cu.
06-13 19:04:14.562 255 296 D WifiHWInfo: Entry [13], BUS: USB, ID: 0x0BDAF179, Name: rtl8188fu.
06-13 19:04:14.562 255 296 D WifiHWInfo: Entry [14], BUS: SDIO, ID: 0x02D0A9A6, Name: ap6212.
06-13 19:04:14.562 255 296 D WifiHWInfo: Entry [15], BUS: SDIO, ID: 0x02D04330, Name: ap6330.
06-13 19:04:14.562 255 296 D WifiHWInfo: Entry [16], BUS: SDIO, ID: 0x02D04356, Name: ap6356s.
06-13 19:04:14.562 255 296 D WifiHWInfo: Entry [17], BUS: SDIO, ID: 0x02D0A9BF, Name: ap6255.
06-13 19:04:14.562 677 677 D NavigationModeController: getCurrentInteractionMode: mode=0 contextUser=0
06-13 19:04:14.562 255 296 D WifiHWInfo: Entry [18], BUS: SDIO, ID: 0x02D04334, Name: bcm43342.
06-13 19:04:14.562 255 296 D WifiHWInfo: Entry [19], BUS: SDIO, ID: 0x00202281, Name: xr819.
06-13 19:04:14.562 255 296 D WifiHWInfo: Entry [20], BUS: SDIO, ID: 0x0A9E2282, Name: xr829.
06-13 19:04:14.562 255 296 D WifiHWInfo: Entry [21], BUS: SDIO, ID: 0x0271050A, Name: qca6174a.
06-13 19:04:14.562 255 296 D WifiHWInfo: Entry [22], BUS: SDIO, ID: 0x30303030, Name: ssv6x5x.
06-13 19:04:14.562 255 296 D WifiHWInfo: Entry [23], BUS: SDIO, ID: 0x00000000, Name: uwe5621.
06-13 19:04:14.562 255 296 D WifiHWInfo: Entry [24], BUS: SDIO, ID: 0x54490145, Name: aic8800.
06-13 19:04:14.562 255 296 D WifiHWInfo: Entry [25], BUS: SDIO, ID: 0xC8A1C08D, Name: aic8800.
06-13 19:04:14.562 255 296 D WifiHWInfo: Entry [26], BUS: USB, ID: 0xA69C8800, Name: aic8800.
06-13 19:04:14.562 255 296 D WifiHWInfo: Entry [27], BUS: USB, ID: 0x007A8888, Name: atbm6023is.
06-13 19:04:14.562 255 296 D WifiHWInfo: Entry [28], BUS: SDIO, ID: 0x02E79086, Name: 9012p.
06-13 19:04:14.562 255 296 D WifiHWInfo: Entry [29], BUS: SDIO, ID: 0x007A6011, Name: atbm613x_wifi_sdio.
06-13 19:04:14.562 255 296 D WifiHWInfo: Entry [30], BUS: SDIO, ID: 0x024CC822, Name: 88x2cs.
06-13 19:04:14.562 255 296 D WifiHWInfo: Entry [31], BUS: SDIO, ID: 0x000018F0, Name: dummy.
06-13 19:04:14.562 255 296 D libbt-auto-detect: init, get libbt name: libbt-sprd.so.
06-13 19:04:14.568 255 296 I bt_vendor: init
06-13 19:04:14.576 1 1 I init : processing action (vendor.driver.lpm.load=1) from (/vendor/etc/init/init.bluetooth.common.rc:68)
06-13 19:04:14.578 1 1 I init : processing action (vendor.init.lpm.load=1) from (/vendor/etc/init/init.bluetooth.common.rc:71)
06-13 19:04:14.570 255 296 D bt_vnd_hci: sprd_vendor_hci_init
06-13 19:04:14.580 296 296 I : mtty_open probe is success!
06-13 19:04:14.564 1 1 I /system/bin/init: type=1107 audit(0.0:343): uid=0 auid=4294967295 ses=4294967295 subj=u:r:init:s0 msg='avc: denied { set } for property=vendor.driver.lpm.load pid=255 uid=1002 gid=1002 scontext=u:r:hal_bluetooth_default:s0 tcontext=u:object_r:vendor_wireless_prop:s0 tclass=property_service permissive=1'
06-13 19:04:14.568 332 332 I rainbow_flow: type=1400 audit(0.0:344): avc: denied { ioctl } for path="/dev/spidev1.0" dev="tmpfs" ino=3340 ioctlcmd=0x6b00 scontext=u:r:init:s0 tcontext=u:object_r:device:s0 tclass=chr_file permissive=1
06-13 19:04:14.580 296 296 E bluetooth_set_power: start_block=0
06-13 19:04:14.586 296 296 I WCN : start_marlin [MARLIN_BLUETOOTH]
06-13 19:04:14.586 296 296 D : CPU: 0 PID: 296 Comm: HwBinder:255_1 Tainted: G O 5.4.125+ #10
06-13 19:04:14.586 296 296 D Hardware name: sun50iw9 (DT)
06-13 19:04:14.586 296 296 D Call trace:
06-13 19:04:14.586 296 296 D : dump_backtrace.cfi_jt+0x0/0x4
06-13 19:04:14.586 296 296 D : dump_stack+0xbc/0x104
06-13 19:04:14.586 296 296 D : marlin_set_power+0x2c/0x78c [uwe5621_bsp_sdio]
06-13 19:04:14.586 296 296 D : start_marlin+0xbc/0x14c [uwe5621_bsp_sdio]
06-13 19:04:14.586 296 296 D : bluetooth_set_power+0x44/0x70 [sprdbt_tty]
06-13 19:04:14.586 296 296 D : mtty_open+0xb0/0x150 [sprdbt_tty]
06-13 19:04:14.586 296 296 D : tty_open+0x350/0x550
06-13 19:04:14.586 296 296 D : chrdev_open+0x1d8/0x254
06-13 19:04:14.586 296 296 D : do_dentry_open+0x270/0x3ac
06-13 19:04:14.586 296 296 D : vfs_open+0x2c/0x38
06-13 19:04:14.586 296 296 D : path_openat+0x6a8/0xf78
