06-13 19:04:10.915 479 479 I SystemServiceManager: Starting com.android.server.locksettings.LockSettingsService$Lifecycle
06-13 19:04:10.915 249 249 D MtpDeviceJNI: register_android_mtp_MtpDevice
06-13 19:04:10.922 479 520 D SystemServerInitThreadPool: Finished executing UiModeManager.onStart
06-13 19:04:10.941 479 479 I SystemServerTiming: StartPersistentDataBlock
06-13 19:04:10.941 479 479 I SystemServiceManager: Starting com.android.server.PersistentDataBlockService
06-13 19:04:10.942 479 479 I SystemServerTiming: StartTestHarnessMode
06-13 19:04:10.942 479 579 I SystemServerTimingAsync: InitThreadPoolExec:PersistentDataBlockService.onStart
06-13 19:04:10.942 479 479 I SystemServiceManager: Starting com.android.server.testharness.TestHarnessModeService
06-13 19:04:10.942 479 579 D SystemServerInitThreadPool: Started executing PersistentDataBlockService.onStart
06-13 19:04:10.943 479 479 I SystemServerTiming: StartOemLockService
06-13 19:04:10.943 479 479 I SystemServiceManager: Starting com.android.server.oemlock.OemLockService
06-13 19:04:10.944 187 187 I hwservicemanager: getTransport: Cannot find entry android.hardware.oemlock@1.0::IOemLock/default in either framework or device VINTF manifest.
06-13 19:04:10.944 318 318 D XiriService: check file name: /data/data/com.android.cts.priv.ctsshim/lib
06-13 19:04:10.940 318 318 I xiriservice_All: type=1400 audit(0.0:301): avc: denied { search } for name="com.android.cts.priv.ctsshim" dev="mmcblk0p25" ino=567 scontext=u:r:init:s0 tcontext=u:object_r:privapp_data_file:s0:c512,c768 tclass=dir permissive=1
06-13 19:04:10.940 318 318 I xiriservice_All: type=1400 audit(0.0:302): avc: denied { read } for name="lib" dev="mmcblk0p25" ino=2996 scontext=u:r:init:s0 tcontext=u:object_r:privapp_data_file:s0:c512,c768 tclass=lnk_file permissive=1
06-13 19:04:10.945 479 479 I OemLock : OemLock HAL not present on device
06-13 19:04:10.945 479 479 I OemLock : Using persistent data block based lock
06-13 19:04:10.947 479 479 I SystemServerTiming: StartDeviceIdleController
06-13 19:04:10.947 479 479 I SystemServiceManager: Starting com.android.server.DeviceIdleController
06-13 19:04:10.948 318 318 D XiriService: check file name: /data/data/com.android.cts.priv.ctsshim/lib
06-13 19:04:10.948 318 318 D XiriService: check file name: /data/data/com.android.cts.priv.ctsshim/lib
06-13 19:04:10.949 318 318 D XiriService: check file name: /data/data/com.android.cts.priv.ctsshim/lib
06-13 19:04:10.953 479 479 I SystemServerTiming: StartDevicePolicyManager
06-13 19:04:10.954 479 479 I SystemServiceManager: Starting com.android.server.devicepolicy.DevicePolicyManagerService$Lifecycle
06-13 19:04:10.958 479 579 D SystemServerInitThreadPool: Finished executing PersistentDataBlockService.onStart
06-13 19:04:10.959 318 318 D XiriService: check file name: /data/data/com.android.cts.priv.ctsshim/lib
06-13 19:04:10.959 318 318 D XiriService: check file name: /data/data/com.android.cts.priv.ctsshim/lib
06-13 19:04:10.959 318 318 D XiriService: check file name: /data/data/com.android.cts.priv.ctsshim/lib
06-13 19:04:10.959 318 318 D XiriService: check file name: /data/data/com.android.cts.priv.ctsshim/lib
06-13 19:04:10.960 318 318 D XiriService: check file name: /data/data/com.android.dynsystem/lib
06-13 19:04:10.960 318 318 D XiriService: check file name: /data/data/com.android.dynsystem/lib
06-13 19:04:10.960 318 318 D XiriService: check file name: /data/data/com.android.dynsystem/lib
06-13 19:04:10.960 318 318 D XiriService: check file name: /data/data/com.android.dynsystem/lib
06-13 19:04:10.965 479 479 I SystemServerTiming: StartStatusBarManagerService
06-13 19:04:10.966 479 479 D SystemServer: MusicRecognitionManagerService not defined by OEM or disabled by flag
06-13 19:04:10.967 479 479 D SystemServer: ContentCaptureService disabled because resource is not overlaid
06-13 19:04:10.968 479 479 D SystemServer: AttentionService is not configured on this device
06-13 19:04:10.968 318 318 D XiriService: check file name: /data/data/com.android.dynsystem/lib
06-13 19:04:10.968 479 479 D SystemServer: RotationResolverService is not configured on this device
06-13 19:04:10.968 318 318 D XiriService: check file name: /data/data/com.android.dynsystem/lib
06-13 19:04:10.968 479 479 D SystemServer: SystemCaptionsManagerService disabled because resource is not overlaid
06-13 19:04:10.968 479 479 I SystemServerTiming: StartTextToSpeechManagerService
06-13 19:04:10.968 479 479 I SystemServiceManager: Starting com.android.server.texttospeech.TextToSpeechManagerService
06-13 19:04:10.969 318 318 D XiriService: check file name: /data/data/com.android.dynsystem/lib
06-13 19:04:10.969 318 318 D XiriService: check file name: /data/data/com.android.dynsystem/lib
06-13 19:04:10.970 318 318 D XiriService: check file name: /data/data/com.dangbei.lerad.rocky/lib
06-13 19:04:10.970 318 318 D XiriService: check file name: /data/data/com.dangbei.lerad.rocky/lib
06-13 19:04:10.970 318 318 D XiriService: check file name: /data/data/com.dangbei.lerad.rocky/lib
06-13 19:04:10.971 318 318 D XiriService: check file name: /data/data/com.dangbei.lerad.rocky/lib
06-13 19:04:10.971 479 479 I SystemServerTiming: StartSpeechRecognitionManagerService
06-13 19:04:10.972 479 479 I SystemServiceManager: Starting com.android.server.speech.SpeechRecognitionManagerService
06-13 19:04:10.975 479 479 D SystemServer: AppPredictionService not defined by OEM
06-13 19:04:10.975 479 479 D SystemServer: ContentSuggestionsService not defined by OEM
06-13 19:04:10.975 479 479 I SystemServerTiming: StartSearchUiService
06-13 19:04:10.975 479 479 I SystemServiceManager: Starting com.android.server.searchui.SearchUiManagerService
06-13 19:04:10.977 479 479 I SystemServerTiming: StartSmartspaceService
06-13 19:04:10.977 318 318 D XiriService: check file name: /data/data/com.dangbei.lerad.rocky/lib
06-13 19:04:10.977 479 479 I SystemServiceManager: Starting com.android.server.smartspace.SmartspaceManagerService
06-13 19:04:10.977 318 318 D XiriService: check file name: /data/data/com.dangbei.lerad.rocky/lib
06-13 19:04:10.978 318 318 D XiriService: check file name: /data/data/com.dangbei.lerad.rocky/lib
06-13 19:04:10.978 318 318 D XiriService: check file name: /data/data/com.dangbei.lerad.rocky/lib
06-13 19:04:10.982 479 479 I SystemServerTiming: InitConnectivityModuleConnector
06-13 19:04:10.982 479 479 D ConnectivityModuleConnector: Network stack init
06-13 19:04:10.986 318 318 D XiriService: check file name: /data/data/com.android.tv.settings/lib
06-13 19:04:10.986 318 318 D XiriService: check file name: /data/data/com.android.tv.settings/lib
06-13 19:04:10.986 318 318 D XiriService: check file name: /data/data/com.android.tv.settings/lib
06-13 19:04:10.986 318 318 D XiriService: check file name: /data/data/com.android.tv.settings/lib
06-13 19:04:10.986 479 479 I SystemServerTiming: InitNetworkStackClient
06-13 19:04:10.988 479 479 I SystemServerTiming: StartNetworkManagementService
06-13 19:04:10.993 318 318 D XiriService: check file name: /data/data/com.android.tv.settings/lib
06-13 19:04:10.993 318 318 D XiriService: check file name: /data/data/com.android.tv.settings/lib
06-13 19:04:10.993 318 318 D XiriService: check file name: /data/data/com.android.tv.settings/lib
06-13 19:04:10.994 318 318 D XiriService: check file name: /data/data/com.android.tv.settings/lib
06-13 19:04:10.995 479 479 I SystemServerTiming: StartIpSecService
06-13 19:04:10.999 479 479 I SystemServerTiming: StartTextServicesManager
06-13 19:04:10.999 479 520 I SystemServerTimingAsync: InitThreadPoolExec:START_FONT_MANAGER_SERVICE
06-13 19:04:10.999 479 520 D SystemServerInitThreadPool: Started executing START_FONT_MANAGER_SERVICE
06-13 19:04:10.999 479 520 I SystemServerTimingAsync: START_FONT_MANAGER_SERVICE
06-13 19:04:10.999 479 479 I SystemServiceManager: Starting com.android.server.textservices.TextServicesManagerService$Lifecycle
06-13 19:04:11.001 479 479 I SystemServerTiming: StartTextClassificationManagerService
06-13 19:04:11.001 479 479 I SystemServiceManager: Starting com.android.server.textclassifier.TextClassificationManagerService$Lifecycle
06-13 19:04:11.005 318 318 D XiriService: check file name: /data/data/com.oranth.factory/lib
06-13 19:04:11.005 318 318 D XiriService: check file name: /data/data/com.oranth.factory/lib
06-13 19:04:11.005 479 479 I SystemServerTiming: StartNetworkScoreService
06-13 19:04:11.005 318 318 D XiriService: check file name: /data/data/com.oranth.factory/lib
06-13 19:04:11.005 479 479 I SystemServiceManager: Starting com.android.server.NetworkScoreService$Lifecycle
06-13 19:04:11.005 318 318 D XiriService: check file name: /data/data/com.oranth.factory/lib
06-13 19:04:11.007 479 479 I NetworkScoreService: Registering network_score
06-13 19:04:11.008 479 479 I SystemServerTiming: StartNetworkStatsService
06-13 19:04:11.014 479 479 I SystemServerTiming: StartNetworkPolicyManagerService
06-13 19:04:11.019 318 318 D XiriService: check file name: /data/data/com.oranth.factory/lib
06-13 19:04:11.027 318 318 D XiriService: check file name: /data/data/com.dangbei.zhushou.os/lib
06-13 19:04:11.027 318 318 D XiriService: check file name: /data/data/com.dangbei.zhushou.os/lib
06-13 19:04:11.027 318 318 D XiriService: check file name: /data/data/com.dangbei.zhushou.os/lib
06-13 19:04:11.028 318 318 D XiriService: check file name: /data/data/com.dangbei.zhushou.os/lib
06-13 19:04:11.030 479 479 I SystemServerTiming: StartWifi
06-13 19:04:11.035 318 318 D XiriService: check file name: /data/data/com.dangbei.zhushou.os/lib
06-13 19:04:11.035 318 318 D XiriService: check file name: /data/data/com.dangbei.zhushou.os/lib
06-13 19:04:11.035 318 318 D XiriService: check file name: /data/data/com.dangbei.zhushou.os/lib
06-13 19:04:11.035 318 318 D XiriService: check file name: /data/data/com.dangbei.zhushou.os/lib
06-13 19:04:11.063 318 318 D XiriService: check file name: /data/data/com.sohu.inputmethod.sogou.tv/lib
06-13 19:04:11.063 318 318 D XiriService: check file name: /data/data/com.sohu.inputmethod.sogou.tv/lib
06-13 19:04:11.060 318 318 I xiriservice_All: type=1400 audit(0.0:303): avc: denied { search } for name="com.sohu.inputmethod.sogou.tv" dev="mmcblk0p25" ino=1406 scontext=u:r:init:s0 tcontext=u:object_r:app_data_file:s0:c41,c256,c512,c768 tclass=dir permissive=1
06-13 19:04:11.060 318 318 I xiriservice_All: type=1400 audit(0.0:304): avc: denied { read } for name="lib" dev="mmcblk0p25" ino=3013 scontext=u:r:init:s0 tcontext=u:object_r:app_data_file:s0:c41,c256,c512,c768 tclass=lnk_file permissive=1
06-13 19:04:11.064 318 318 D XiriService: check file name: /data/data/com.sohu.inputmethod.sogou.tv/lib
06-13 19:04:11.064 318 318 D XiriService: check file name: /data/data/com.sohu.inputmethod.sogou.tv/lib
06-13 19:04:11.072 318 318 D XiriService: check file name: /data/data/com.sohu.inputmethod.sogou.tv/lib
06-13 19:04:11.072 318 318 D XiriService: check file name: /data/data/com.sohu.inputmethod.sogou.tv/lib
06-13 19:04:11.072 318 318 D XiriService: check file name: /data/data/com.sohu.inputmethod.sogou.tv/lib
06-13 19:04:11.077 479 479 I SystemServiceManager: Starting com.android.server.wifi.WifiService
06-13 19:04:11.109 479 479 I WifiContext: Found Wifi Resources APK at: com.android.wifi.resources
06-13 19:04:11.118 318 318 D XiriService: check file name: /data/data/com.oranth.ledstatus/lib
06-13 19:04:11.118 318 318 D XiriService: check file name: /data/data/com.oranth.ledstatus/lib
06-13 19:04:11.119 318 318 D XiriService: check file name: /data/data/com.oranth.ledstatus/lib
06-13 19:04:11.119 318 318 D XiriService: check file name: /data/data/com.oranth.ledstatus/lib
06-13 19:04:11.123 479 479 V NetworkScoreManager: registerNetworkScoreCallback: callback=com.android.server.wifi.WifiNetworkScoreCache@6b03377, executor=com.android.wifi.x.android.os.HandlerExecutor@dbe5be4
06-13 19:04:11.126 318 318 D XiriService: check file name: /data/data/com.oranth.ledstatus/lib
06-13 19:04:11.124 318 318 I xiriservice_All: type=1400 audit(0.0:305): avc: denied { read } for name="lib" dev="mmcblk0p25" ino=3019 scontext=u:r:init:s0 tcontext=u:object_r:app_data_file:s0:c512,c768 tclass=lnk_file permissive=1
06-13 19:04:11.128 318 318 D XiriService: check file name: /data/data/com.oranth.ledstatus/lib
06-13 19:04:11.128 318 318 D XiriService: check file name: /data/data/com.dangbei.lerad.videoposter/lib
06-13 19:04:11.129 318 318 D XiriService: check file name: /data/data/com.dangbei.lerad.videoposter/lib
06-13 19:04:11.137 318 318 D XiriService: check file name: /data/data/com.dangbei.lerad.videoposter/lib
06-13 19:04:11.137 318 318 D XiriService: check file name: /data/data/com.dangbei.lerad.videoposter/lib
06-13 19:04:11.137 318 318 D XiriService: check file name: /data/data/com.dangbei.lerad.videoposter/lib
06-13 19:04:11.137 318 318 D XiriService: check file name: /data/data/com.dangbei.lerad.videoposter/lib
06-13 19:04:11.150 479 479 D ScanMetrics: Settings package: com.android.tv.settings
06-13 19:04:11.151 479 479 E ScanMetrics: Can't get GMS uid
06-13 19:04:11.165 318 318 D XiriService: check file name: /data/data/com.android.networkstack/lib
06-13 19:04:11.160 318 318 I xiriservice_All: type=1400 audit(0.0:306): avc: denied { read } for name="lib" dev="mmcblk0p25" ino=3265 scontext=u:r:init:s0 tcontext=u:object_r:radio_data_file:s0 tclass=lnk_file permissive=1
06-13 19:04:11.169 479 479 I WifiCoexManager: Default coex algorithm is disabled.
06-13 19:04:11.179 318 318 D XiriService: check file name: /data/data/com.android.networkstack/lib
06-13 19:04:11.181 318 318 D XiriService: check file name: /data/data/com.android.networkstack/lib
06-13 19:04:11.200 249 249 W Zygote : Class not found for preloading: android.view.SurfaceView$2
06-13 19:04:11.225 479 479 D WifiOpenNetworkNotifier: Settings toggle enabled=true
06-13 19:04:11.232 389 389 I wificond: New wificond event callback registered
06-13 19:04:11.233 479 479 D WifiNl80211Manager: registerCountryCodeEventListener called
06-13 19:04:11.233 479 479 D WifiCountryCode: Default country code from system property ro.boot.wificountrycode is CN
06-13 19:04:11.242 479 479 D WakeupController: WifiWake enabled
06-13 19:04:11.245 479 479 V HistoricalRegistry: Interaction before persistence initialized
06-13 19:04:11.254 479 479 I WifiService: Registering wifi
06-13 19:04:11.255 479 479 I SystemServerTiming: StartWifiScanning
06-13 19:04:11.256 479 479 I SystemServiceManager: Starting com.android.server.wifi.scanner.WifiScanningService
06-13 19:04:11.256 479 479 I WifiScanningService: Creating wifiscanner
06-13 19:04:11.267 479 479 I WifiScanningService: Publishing wifiscanner
06-13 19:04:11.268 479 479 I SystemServerTiming: StartWifiP2P
06-13 19:04:11.268 479 479 I SystemServiceManager: Starting com.android.server.wifi.p2p.WifiP2pService
06-13 19:04:11.277 479 479 I WifiP2pService: Registering wifip2p
06-13 19:04:11.278 479 479 I SystemServerTiming: StartEthernet
06-13 19:04:11.279 479 479 I SystemServiceManager: Starting com.android.server.ethernet.EthernetService
06-13 19:04:11.279 479 479 I EthernetService: Registering service ethernet
06-13 19:04:11.280 479 479 I SystemServerTiming: StartPacProxyService
06-13 19:04:11.284 479 479 I SystemServerTiming: StartPppoe
06-13 19:04:11.285 479 479 I SystemServiceManager: Starting com.android.server.pppoe.PppoeService
06-13 19:04:11.286 318 318 D XiriService: check file name: /data/data/com.dangbei.screencast/lib
06-13 19:04:11.286 318 318 D XiriService: check file name: /data/data/com.dangbei.screencast/lib
06-13 19:04:11.286 479 479 I PppoeServiceImpl: Creating PppoeServiceImpl
06-13 19:04:11.287 318 318 D XiriService: check file name: /data/data/com.dangbei.screencast/lib
06-13 19:04:11.287 318 318 D XiriService: check file name: /data/data/com.dangbei.screencast/lib
06-13 19:04:11.296 318 318 D XiriService: check file name: /data/data/com.dangbei.screencast/lib
06-13 19:04:11.297 318 318 D XiriService: check file name: /data/data/com.dangbei.screencast/lib
06-13 19:04:11.298 318 318 D XiriService: check file name: /data/data/com.dangbei.screencast/lib
06-13 19:04:11.298 318 318 D XiriService: check file name: /data/data/com.dangbei.screencast/lib
06-13 19:04:11.301 479 479 I PppoeService: Registering service pppoe
06-13 19:04:11.302 479 479 I SystemServerTiming: StartConnectivityService
06-13 19:04:11.313 318 318 D XiriService: check file name: /data/data/com.dangbei.leard.leradlauncher/lib
06-13 19:04:11.314 318 318 D XiriService: check file name: /data/data/com.dangbei.leard.leradlauncher/lib
06-13 19:04:11.308 318 318 I xiriservice_All: type=1400 audit(0.0:307): avc: denied { search } for name="com.dangbei.leard.leradlauncher" dev="mmcblk0p25" ino=916 scontext=u:r:init:s0 tcontext=u:object_r:system_app_data_file:s0 tclass=dir permissive=1
06-13 19:04:11.314 318 318 D XiriService: check file name: /data/data/com.dangbei.leard.leradlauncher/lib
06-13 19:04:11.320 479 479 I SystemServiceManager: Starting com.android.server.ConnectivityServiceInitializer
06-13 19:04:11.322 318 318 D XiriService: check file name: /data/data/com.dangbei.leard.leradlauncher/lib
06-13 19:04:11.322 318 318 D XiriService: check file name: /data/data/com.dangbei.leard.leradlauncher/lib
06-13 19:04:11.323 318 318 D XiriService: check file name: /data/data/com.dangbei.leard.leradlauncher/lib
06-13 19:04:11.323 318 318 D XiriService: check file name: /data/data/com.dangbei.leard.leradlauncher/lib
06-13 19:04:11.328 479 520 D SystemServerInitThreadPool: Finished executing START_FONT_MANAGER_SERVICE
06-13 19:04:11.332 318 318 D XiriService: check file name: /data/data/com.android.printspooler/lib
06-13 19:04:11.333 318 318 D XiriService: check file name: /data/data/com.android.printspooler/lib
06-13 19:04:11.328 318 318 I xiriservice_All: type=1400 audit(0.0:308): avc: denied { search } for name="com.android.printspooler" dev="mmcblk0p25" ino=935 scontext=u:r:init:s0 tcontext=u:object_r:app_data_file:s0:c46,c256,c512,c768 tclass=dir permissive=1
06-13 19:04:11.333 318 318 D XiriService: check file name: /data/data/com.android.printspooler/lib
06-13 19:04:11.328 318 318 I xiriservice_All: type=1400 audit(0.0:309): avc: denied { read } for name="lib" dev="mmcblk0p25" ino=3271 scontext=u:r:init:s0 tcontext=u:object_r:app_data_file:s0:c46,c256,c512,c768 tclass=lnk_file permissive=1
06-13 19:04:11.340 318 318 D XiriService: check file name: /data/data/com.android.printspooler/lib
06-13 19:04:11.340 318 318 D XiriService: check file name: /data/data/com.android.printspooler/lib
06-13 19:04:11.341 318 318 D XiriService: check file name: /data/data/com.android.printspooler/lib
06-13 19:04:11.341 318 318 D XiriService: check file name: /data/data/com.android.printspooler/lib
06-13 19:04:11.348 318 318 D XiriService: check file name: /data/data/com.android.webview/lib
06-13 19:04:11.349 318 318 D XiriService: check file name: /data/data/com.android.webview/lib
06-13 19:04:11.344 318 318 I xiriservice_All: type=1400 audit(0.0:310): avc: denied { search } for name="com.android.webview" dev="mmcblk0p25" ino=951 scontext=u:r:init:s0 tcontext=u:object_r:app_data_file:s0:c60,c256,c512,c768 tclass=dir permissive=1
06-13 19:04:11.344 318 318 I xiriservice_All: type=1400 audit(0.0:311): avc: denied { read } for name="lib" dev="mmcblk0p25" ino=3026 scontext=u:r:init:s0 tcontext=u:object_r:app_data_file:s0:c60,c256,c512,c768 tclass=lnk_file permissive=1
06-13 19:04:11.344 318 318 I xiriservice_All: type=1400 audit(0.0:312): avc: denied { read } for name="lib" dev="mmcblk0p25" ino=3273 scontext=u:r:init:s0 tcontext=u:object_r:app_data_file:s0 tclass=lnk_file permissive=1
06-13 19:04:11.350 318 318 D XiriService: check file name: /data/data/com.android.webview/lib
06-13 19:04:11.350 479 479 D ConnectivityService: ConnectivityService starting up
06-13 19:04:11.353 479 479 D pppoeNRI:: uid/pid:1000/479 activeRequest: null callbackRequest: 5 [NetworkRequest [ REQUEST id=5, [ Transports: PPPOE Capabilities: INTERNET&NOT_RESTRICTED&TRUSTED&NOT_VPN&NOT_VCN_MANAGED RequestorUid: 1000 RequestorPkg: android] ]] callback flags: 1 priority: 2147483647
06-13 19:04:11.356 318 318 D XiriService: check file name: /data/data/com.android.webview/lib
06-13 19:04:11.356 318 318 D XiriService: check file name: /data/data/com.android.webview/lib
06-13 19:04:11.357 318 318 D XiriService: check file name: /data/data/com.android.webview/lib
06-13 19:04:11.359 479 479 E TAG : Exception = android.content.pm.PackageManager$NameNotFoundException: android.telephony.cts
06-13 19:04:11.359 479 479 E TAG : Exception = android.content.pm.PackageManager$NameNotFoundException: android.net.cts
06-13 19:04:11.368 318 318 D XiriService: check file name: /data/data/com.android.bips/lib
06-13 19:04:11.368 318 318 D XiriService: check file name: /data/data/com.android.bips/lib
06-13 19:04:11.368 318 318 D XiriService: check file name: /data/data/com.android.bips/lib
06-13 19:04:11.369 318 318 D XiriService: check file name: /data/data/com.android.bips/lib
06-13 19:04:11.364 318 318 I xiriservice_All: type=1400 audit(0.0:313): avc: denied { search } for name="com.android.bips" dev="mmcblk0p25" ino=975 scontext=u:r:init:s0 tcontext=u:object_r:privapp_data_file:s0:c512,c768 tclass=dir permissive=1
06-13 19:04:11.376 318 318 D XiriService: check file name: /data/data/com.android.bips/lib
06-13 19:04:11.376 318 318 D XiriService: check file name: /data/data/com.android.bips/lib
06-13 19:04:11.377 318 318 D XiriService: check file name: /data/data/com.android.bips/lib
06-13 19:04:11.377 318 318 D XiriService: check file name: /data/data/com.android.bips/lib
06-13 19:04:11.377 318 318 D XiriService: check file name: /data/data/com.oranth.inputmacsn/lib
06-13 19:04:11.377 318 318 D XiriService: check file name: /data/data/com.oranth.inputmacsn/lib
06-13 19:04:11.378 318 318 D XiriService: check file name: /data/data/com.oranth.inputmacsn/lib
06-13 19:04:11.378 318 318 D XiriService: check file name: /data/data/com.oranth.inputmacsn/lib
06-13 19:04:11.385 318 318 D XiriService: check file name: /data/data/com.oranth.inputmacsn/lib
06-13 19:04:11.385 318 318 D XiriService: check file name: /data/data/com.oranth.inputmacsn/lib
06-13 19:04:11.385 318 318 D XiriService: check file name: /data/data/com.oranth.inputmacsn/lib
06-13 19:04:11.385 318 318 D XiriService: check file name: /data/data/com.oranth.inputmacsn/lib
06-13 19:04:11.391 479 479 D CompatibilityChangeReporter: Compat change id reported: 182478738; UID 1000; state: ENABLED
06-13 19:04:11.399 479 479 I ConnectivityServiceInitializer: Registering connectivity
06-13 19:04:11.400 479 479 I SystemServerTiming: StartVpnManagerService
06-13 19:04:11.404 479 479 D VpnManagerService: VpnManagerService starting up
06-13 19:04:11.404 318 318 D XiriService: check file name: /data/data/com.android.keychain/lib
06-13 19:04:11.404 318 318 D XiriService: check file name: /data/data/com.android.keychain/lib
06-13 19:04:11.405 479 479 I SystemServerTiming: StartVcnManagementService
06-13 19:04:11.405 318 318 D XiriService: check file name: /data/data/com.android.keychain/lib
06-13 19:04:11.405 318 318 D XiriService: check file name: /data/data/com.android.keychain/lib
06-13 19:04:11.410 479 479 I SystemServerTiming: StartNsdService
06-13 19:04:11.412 479 479 D NsdService: Network service discovery is enabled
06-13 19:04:11.414 318 318 D XiriService: check file name: /data/data/com.android.keychain/lib
06-13 19:04:11.416 479 479 I SystemServerTiming: StartSystemUpdateManagerService
06-13 19:04:11.416 318 318 D XiriService: check file name: /data/data/com.android.keychain/lib
06-13 19:04:11.416 318 318 D XiriService: check file name: /data/data/com.android.keychain/lib
06-13 19:04:11.417 479 479 I SystemUpdateManagerService: No existing info file /data/system/system-update-info.xml
06-13 19:04:11.418 479 479 I SystemServerTiming: StartUpdateLockService
06-13 19:04:11.419 479 479 I SystemServerTiming: StartNotificationManager
06-13 19:04:11.419 479 479 I SystemServiceManager: Starting com.android.server.notification.NotificationManagerService
06-13 19:04:11.432 318 318 D XiriService: check file name: /data/data/com.android.localtransport/lib
06-13 19:04:11.432 318 318 D XiriService: check file name: /data/data/com.android.localtransport/lib
06-13 19:04:11.432 318 318 D XiriService: check file name: /data/data/com.android.localtransport/lib
06-13 19:04:11.432 318 318 D XiriService: check file name: /data/data/com.android.localtransport/lib
06-13 19:04:11.433 479 479 D ConditionProviders.SCP: new ScheduleConditionProvider()
06-13 19:04:11.439 318 318 D XiriService: check file name: /data/data/com.android.localtransport/lib
06-13 19:04:11.439 318 318 D XiriService: check file name: /data/data/com.android.localtransport/lib
06-13 19:04:11.440 318 318 D XiriService: check file name: /data/data/com.android.localtransport/lib
06-13 19:04:11.440 318 318 D XiriService: check file name: /data/data/com.android.localtransport/lib
06-13 19:04:11.441 318 318 D XiriService: check file name: /data/data/com.android.packageinstaller/lib
06-13 19:04:11.441 318 318 D XiriService: check file name: /data/data/com.android.packageinstaller/lib
06-13 19:04:11.441 318 318 D XiriService: check file name: /data/data/com.android.packageinstaller/lib
06-13 19:04:11.441 318 318 D XiriService: check file name: /data/data/com.android.packageinstaller/lib
06-13 19:04:11.443 249 249 I Zygote : ...preloaded 7337 classes in 984ms.
06-13 19:04:11.448 318 318 D XiriService: check file name: /data/data/com.android.packageinstaller/lib
06-13 19:04:11.448 318 318 D XiriService: check file name: /data/data/com.android.packageinstaller/lib
06-13 19:04:11.444 318 318 I xiriservice_All: type=1400 audit(0.0:314): avc: denied { read } for name="lib" dev="mmcblk0p25" ino=3289 scontext=u:r:init:s0 tcontext=u:object_r:system_app_data_file:s0 tclass=lnk_file permissive=1
06-13 19:04:11.448 318 318 D XiriService: check file name: /data/data/com.android.packageinstaller/lib
06-13 19:04:11.448 318 318 D XiriService: check file name: /data/data/com.android.packageinstaller/lib
06-13 19:04:11.449 249 249 D ApplicationLoaders: Created zygote-cached class loader: /system/framework/android.hidl.base-V1.0-java.jar
06-13 19:04:11.453 479 479 I NotificationAssistants: Read notification assistant permissions from xml
06-13 19:04:11.454 479 479 I ConditionProviders: Read condition provider permissions from xml
06-13 19:04:11.454 479 479 I ConditionProviders: Read condition provider permissions from xml
06-13 19:04:11.454 479 479 D NotificationAssistants: Approving default notification assistant for user 0
06-13 19:04:11.454 249 249 D ApplicationLoaders: Created zygote-cached class loader: /system/framework/android.hidl.manager-V1.0-java.jar
06-13 19:04:11.455 479 479 I ConditionProviders: Allowing condition provider android.ext.services/android.ext.services.notification.Assistant (userSet: true)
06-13 19:04:11.458 479 479 D CompatibilityChangeReporter: Compat change id reported: 147600208; UID 1000; state: ENABLED
06-13 19:04:11.459 249 249 D ApplicationLoaders: Created zygote-cached class loader: /system/framework/android.test.base.jar
06-13 19:04:11.459 249 249 I Zygote : Preloading resources...
06-13 19:04:11.460 479 479 D CompatibilityChangeReporter: Compat change id reported: 157233955; UID 1000; state: ENABLED
06-13 19:04:11.465 318 318 D XiriService: check file name: /data/data/com.oranth.usbopenft/lib
06-13 19:04:11.465 318 318 D XiriService: check file name: /data/data/com.oranth.usbopenft/lib
06-13 19:04:11.466 318 318 D XiriService: check file name: /data/data/com.oranth.usbopenft/lib
06-13 19:04:11.466 318 318 D XiriService: check file name: /data/data/com.oranth.usbopenft/lib
06-13 19:04:11.470 479 479 I SystemServerTiming: StartDeviceMonitor
06-13 19:04:11.470 479 479 I SystemServiceManager: Starting com.android.server.storage.DeviceStorageMonitorService
06-13 19:04:11.472 479 479 I SystemServerTiming: StartLocationManagerService
06-13 19:04:11.473 479 479 I SystemServiceManager: Starting com.android.server.location.LocationManagerService$Lifecycle
06-13 19:04:11.474 318 318 D XiriService: check file name: /data/data/com.oranth.usbopenft/lib
06-13 19:04:11.474 318 318 D XiriService: check file name: /data/data/com.android.networkstack.tethering/lib
06-13 19:04:11.474 318 318 D XiriService: check file name: /data/data/com.android.networkstack.tethering/lib
06-13 19:04:11.475 318 318 D XiriService: check file name: /data/data/com.android.networkstack.tethering/lib
06-13 19:04:11.479 249 249 W Resources: Preloaded drawable resource #0x1080286 (android:drawable/dialog_background_material) that varies with configuration!!
06-13 19:04:11.480 479 479 I SystemServerTiming: StartCountryDetectorService
06-13 19:04:11.482 479 479 I SystemServerTiming: StartTimeDetectorService
06-13 19:04:11.482 479 479 I SystemServiceManager: Starting com.android.server.timedetector.TimeDetectorService$Lifecycle
06-13 19:04:11.482 318 318 D XiriService: check file name: /data/data/com.android.networkstack.tethering/lib
06-13 19:04:11.483 318 318 D XiriService: check file name: /data/data/com.android.networkstack.tethering/lib
06-13 19:04:11.483 318 318 D XiriService: check file name: /data/data/com.android.networkstack.tethering/lib
06-13 19:04:11.483 318 318 D XiriService: check file name: /data/data/com.android.networkstack.tethering/lib
06-13 19:04:11.485 479 479 I SystemServerTiming: StartTimeZoneDetectorService
06-13 19:04:11.485 479 479 I SystemServiceManager: Starting com.android.server.timezonedetector.TimeZoneDetectorService$Lifecycle
06-13 19:04:11.488 479 479 I SystemServerTiming: StartLocationTimeZoneManagerService
06-13 19:04:11.488 479 479 I SystemServiceManager: Starting com.android.server.timezonedetector.location.LocationTimeZoneManagerService$Lifecycle
06-13 19:04:11.491 479 479 I SystemServerTiming: StartSearchManagerService
06-13 19:04:11.491 479 479 I SystemServiceManager: Starting com.android.server.search.SearchManagerService$Lifecycle
06-13 19:04:11.491 318 318 D XiriService: check file name: /data/data/com.dangbei.lerad.etna.haqu/lib
06-13 19:04:11.492 318 318 D XiriService: check file name: /data/data/com.dangbei.lerad.etna.haqu/lib
06-13 19:04:11.492 318 318 D XiriService: check file name: /data/data/com.dangbei.lerad.etna.haqu/lib
06-13 19:04:11.492 318 318 D XiriService: check file name: /data/data/com.dangbei.lerad.etna.haqu/lib
06-13 19:04:11.494 479 479 I SystemServerTiming: StartWallpaperManagerService
06-13 19:04:11.494 479 479 I SystemServiceManager: Starting com.android.server.wallpaper.WallpaperManagerService$Lifecycle
06-13 19:04:11.496 479 479 I SystemServerTiming: StartAudioService
06-13 19:04:11.497 479 479 I SystemServiceManager: Starting com.android.server.audio.AudioService$Lifecycle
06-13 19:04:11.500 318 318 D XiriService: check file name: /data/data/com.dangbei.lerad.etna.haqu/lib
06-13 19:04:11.500 318 318 D XiriService: check file name: /data/data/com.dangbei.lerad.etna.haqu/lib
06-13 19:04:11.500 318 318 D XiriService: check file name: /data/data/com.dangbei.lerad.etna.haqu/lib
06-13 19:04:11.501 318 318 D XiriService: check file name: /data/data/com.dangbei.lerad.etna.haqu/lib
06-13 19:04:11.515 479 479 I android_os_HwBinder: HwBinder: Starting thread pool for getting: android.hidl.manager@1.0::IServiceManager/default
06-13 19:04:11.522 273 450 W AudioFlinger: no wake lock to update, system not ready yet
06-13 19:04:11.522 249 249 I Zygote : ...preloaded 64 resources in 63ms.
06-13 19:04:11.527 273 273 D PermissionCache: checking android.permission.MODIFY_AUDIO_ROUTING for uid=1000 => granted (1818 us)
06-13 19:04:11.529 318 318 D XiriService: check file name: /data/data/com.oranth.powerwindow/lib
06-13 19:04:11.529 318 318 D XiriService: check file name: /data/data/com.oranth.powerwindow/lib
06-13 19:04:11.529 318 318 D XiriService: check file name: /data/data/com.oranth.powerwindow/lib
06-13 19:04:11.529 318 318 D XiriService: check file name: /data/data/com.oranth.powerwindow/lib
06-13 19:04:11.534 249 249 I Zygote : ...preloaded 41 resources in 11ms.
06-13 19:04:11.537 318 318 D XiriService: check file name: /data/data/com.oranth.powerwindow/lib
06-13 19:04:11.537 318 318 D XiriService: check file name: /data/data/com.oranth.powerwindow/lib
06-13 19:04:11.537 318 318 D XiriService: check file name: /data/data/com.oranth.powerwindow/lib
06-13 19:04:11.537 318 318 D XiriService: check file name: /data/data/com.oranth.powerwindow/lib
06-13 19:04:11.548 273 273 D PermissionCache: checking android.permission.MODIFY_AUDIO_SETTINGS for uid=1000 => granted (2464 us)
06-13 19:04:11.551 318 318 D XiriService: check file name: /data/data/com.android.networkstack.permissionconfig/lib
06-13 19:04:11.552 318 318 D XiriService: check file name: /data/data/com.android.networkstack.permissionconfig/lib
06-13 19:04:11.552 318 318 D XiriService: check file name: /data/data/com.android.networkstack.permissionconfig/lib
06-13 19:04:11.552 318 318 D XiriService: check file name: /data/data/com.android.networkstack.permissionconfig/lib
06-13 19:04:11.556 273 445 D AudioFlinger: isLowRamDevice:false totalMemory:2055442432 mClientSharedHeapSize:4194304
06-13 19:04:11.558 479 479 I SystemServerTiming: StartSoundTriggerMiddlewareService
06-13 19:04:11.558 479 479 I SystemServiceManager: Starting com.android.server.soundtrigger_middleware.SoundTriggerMiddlewareService$Lifecycle
06-13 19:04:11.561 479 479 D SoundTriggerMiddlewareService: Connecting to default ISoundTriggerHw
06-13 19:04:11.561 318 318 D XiriService: check file name: /data/data/com.android.networkstack.permissionconfig/lib
06-13 19:04:11.561 318 318 D XiriService: check file name: /data/data/com.android.networkstack.permissionconfig/lib
06-13 19:04:11.561 318 318 D XiriService: check file name: /data/data/com.android.networkstack.permissionconfig/lib
06-13 19:04:11.561 318 318 D XiriService: check file name: /data/data/com.android.networkstack.permissionconfig/lib
06-13 19:04:11.562 187 187 I hwservicemanager: getTransport: Cannot find entry android.hardware.soundtrigger@2.0::ISoundTriggerHw/default in either framework or device VINTF manifest.
06-13 19:04:11.563 249 249 D libEGL : loaded /vendor/lib/egl/libGLES_mali.so
06-13 19:04:11.567 479 479 E SoundTriggerMiddlewareImpl: Failed to add a SoundTriggerModule instance
06-13 19:04:11.567 479 479 E SoundTriggerMiddlewareImpl: java.util.NoSuchElementException
06-13 19:04:11.567 479 479 E SoundTriggerMiddlewareImpl: at android.os.HwBinder.getService(Native Method)
06-13 19:04:11.567 479 479 E SoundTriggerMiddlewareImpl: at android.hardware.soundtrigger.V2_0.ISoundTriggerHw.getService(ISoundTriggerHw.java:57)
06-13 19:04:11.567 479 479 E SoundTriggerMiddlewareImpl: at android.hardware.soundtrigger.V2_0.ISoundTriggerHw.getService(ISoundTriggerHw.java:64)
06-13 19:04:11.567 479 479 E SoundTriggerMiddlewareImpl: at com.android.server.soundtrigger_middleware.SoundTriggerMiddlewareService$Lifecycle.lambda$onStart$0(SoundTriggerMiddlewareService.java:238)
06-13 19:04:11.567 479 479 E SoundTriggerMiddlewareImpl: at com.android.server.soundtrigger_middleware.SoundTriggerMiddlewareService$Lifecycle$$ExternalSyntheticLambda0.create(Unknown Source:0)
06-13 19:04:11.567 479 479 E SoundTriggerMiddlewareImpl: at com.android.server.soundtrigger_middleware.SoundTriggerModule.attachToHal(SoundTriggerModule.java:222)
06-13 19:04:11.567 479 479 E SoundTriggerMiddlewareImpl: at com.android.server.soundtrigger_middleware.SoundTriggerModule.(SoundTriggerModule.java:112)
06-13 19:04:11.567 479 479 E SoundTriggerMiddlewareImpl: at com.android.server.soundtrigger_middleware.SoundTriggerMiddlewareImpl.(SoundTriggerMiddlewareImpl.java:89)
06-13 19:04:11.567 479 479 E SoundTriggerMiddlewareImpl: at com.android.server.soundtrigger_middleware.SoundTriggerMiddlewareService$Lifecycle.onStart(SoundTriggerMiddlewareService.java:244)
06-13 19:04:11.567 479 479 E SoundTriggerMiddlewareImpl: at com.android.server.SystemServiceManager.startService(SystemServiceManager.java:205)
06-13 19:04:11.567 479 479 E SoundTriggerMiddlewareImpl: at com.android.server.SystemServiceManager.startService(SystemServiceManager.java:192)
06-13 19:04:11.567 479 479 E SoundTriggerMiddlewareImpl: at com.android.server.SystemServer.startOtherServices(SystemServer.java:2161)
06-13 19:04:11.567 479 479 E SoundTriggerMiddlewareImpl: at com.android.server.SystemServer.run(SystemServer.java:928)
06-13 19:04:11.567 479 479 E SoundTriggerMiddlewareImpl: at com.android.server.SystemServer.main(SystemServer.java:628)
06-13 19:04:11.567 479 479 E SoundTriggerMiddlewareImpl: at java.lang.reflect.Method.invoke(Native Method)
06-13 19:04:11.567 479 479 E SoundTriggerMiddlewareImpl: at com.android.internal.os.RuntimeInit$MethodAndArgsCaller.run(RuntimeInit.java:548)
06-13 19:04:11.567 479 479 E SoundTriggerMiddlewareImpl: at com.android.internal.os.ZygoteInit.main(ZygoteInit.java:1160)
06-13 19:04:11.571 318 318 D XiriService: check file name: /data/data/com.dangbei.lerad.screensaver/lib
06-13 19:04:11.568 318 318 I xiriservice_All: type=1400 audit(0.0:315): avc: denied { search } for name="com.dangbei.lerad.screensaver" dev="mmcblk0p25" ino=1185 scontext=u:r:init:s0 tcontext=u:object_r:app_data_file:s0:c53,c256,c512,c768 tclass=dir permissive=1
06-13 19:04:11.568 318 318 I xiriservice_All: type=1400 audit(0.0:316): avc: denied { read } for name="lib" dev="mmcblk0p25" ino=3307 scontext=u:r:init:s0 tcontext=u:object_r:app_data_file:s0:c53,c256,c512,c768 tclass=lnk_file permissive=1
06-13 19:04:11.573 479 479 I SystemServerTiming: StartDockObserver
06-13 19:04:11.573 479 479 I SystemServiceManager: Starting com.android.server.DockObserver
06-13 19:04:11.574 479 479 W DockObserver: This kernel does not have dock station support
06-13 19:04:11.576 479 479 I SystemServerTiming: StartWiredAccessoryManager
06-13 19:04:11.577 479 479 I SystemServer: Audio device manager Observer
06-13 19:04:11.577 479 479 E Environment: Path requests must specify a user by using UserEnvironment
06-13 19:04:11.577 479 479 E Environment: java.lang.Throwable
06-13 19:04:11.577 479 479 E Environment: at android.os.Environment.throwIfUserRequired(Environment.java:1449)
06-13 19:04:11.577 479 479 E Environment: at android.os.Environment.getExternalStorageDirectory(Environment.java:707)
06-13 19:04:11.577 479 479 E Environment: at com.android.server.SystemServer.startOtherServices(SystemServer.java:2192)
06-13 19:04:11.577 479 479 E Environment: at com.android.server.SystemServer.run(SystemServer.java:928)
06-13 19:04:11.577 479 479 E Environment: at com.android.server.SystemServer.main(SystemServer.java:628)
06-13 19:04:11.577 479 479 E Environment: at java.lang.reflect.Method.invoke(Native Method)
06-13 19:04:11.577 479 479 E Environment: at com.android.internal.os.RuntimeInit$MethodAndArgsCaller.run(RuntimeInit.java:548)
06-13 19:04:11.577 479 479 E Environment: at com.android.internal.os.ZygoteInit.main(ZygoteInit.java:1160)
06-13 19:04:11.578 318 318 D XiriService: check file name: /data/data/com.dangbei.lerad.screensaver/lib
06-13 19:04:11.579 318 318 D XiriService: check file name: /data/data/com.dangbei.lerad.screensaver/lib
06-13 19:04:11.579 318 318 D XiriService: check file name: /data/data/com.dangbei.lerad.screensaver/lib
06-13 19:04:11.581 273 445 I CaptureStateNotifier: Registering a listener
06-13 19:04:11.583 479 542 I DropBoxManagerService: add tag=system_server_wtf isTagEnabled=true flags=0x2
06-13 19:04:11.583 479 479 W StorageManagerService: No primary storage defined yet; hacking together a stub
06-13 19:04:11.594 479 632 I SoundTriggerMiddlewareLogging: setCaptureState[this=com.android.server.soundtrigger_middleware.SoundTriggerMiddlewareImpl@5684e63, client=null](false)
06-13 19:04:11.598 479 479 W system_server: ClassLoaderContext parent mismatch. (PCL[] | PCL[];PCL[/system/framework/com.android.location.provider.jar*3633238673:/system/framework/services.jar*324275400:/system/framework/services.jar!classes2.dex*4169108402:/system/framework/ethernet-service.jar*655162001:/system/framework/pppoe-service.jar*2082030846:/apex/com.android.appsearch/javalib/service-appsearch.jar*4100577803:/apex/com.android.media/javalib/service-media-s.jar*3881732923:/apex/com.android.permission/javalib/service-permission.jar*62506796])
06-13 19:04:11.605 479 479 D DisplayOutputManager: ro.build.characteristics=homlet
06-13 19:04:11.606 186 186 E SELinux : avc: denied { find } for pid=479 uid=1000 name=vendor.display.output.IDisplayOutputManager/default scontext=u:r:system_server:s0 tcontext=u:object_r:hal_awdisplayoutput_service:s0 tclass=service_manager permissive=1
06-13 19:04:11.607 186 186 I servicemanager: Found vendor.display.output.IDisplayOutputManager/default in device VINTF manifest.
06-13 19:04:11.609 479 479 D HomletDisplayOutputManager: get IDisplayOutputManager service success
06-13 19:04:11.609 479 479 D AudioManagerEx: AudioManagerEx
06-13 19:04:11.609 479 479 D AudioDeviceManagerObserver: AudioDeviceManagerObserver construct
06-13 19:04:11.610 479 479 I SystemServerTiming: StartMidiManager
06-13 19:04:11.610 479 479 I SystemServiceManager: Starting com.android.server.midi.MidiService$Lifecycle
06-13 19:04:11.612 479 479 I SystemServerTiming: StartAdbService
06-13 19:04:11.612 479 479 I SystemServiceManager: Starting com.android.server.adb.AdbService$Lifecycle
06-13 19:04:11.616 479 479 I SystemServerTiming: StartUsbService
06-13 19:04:11.617 479 479 I SystemServiceManager: Starting com.android.server.usb.UsbService$Lifecycle
06-13 19:04:11.617 479 579 I SystemServerTimingAsync: InitThreadPoolExec:UsbService$Lifecycle#onStart
06-13 19:04:11.617 479 579 D SystemServerInitThreadPool: Started executing UsbService$Lifecycle#onStart
06-13 19:04:11.618 479 479 I SystemServerTiming: StartSerialService
06-13 19:04:11.620 479 579 E UsbDeviceManager: failed to write to /sys/class/android_usb/android0/f_rndis/ethaddr
06-13 19:04:11.623 479 479 I SystemServerTiming: StartHardwarePropertiesManagerService
06-13 19:04:11.626 187 187 I hwservicemanager: getTransport: Cannot find entry android.hardware.thermal@1.0::IThermal/default in either framework or device VINTF manifest.
06-13 19:04:11.626 479 479 E HardwarePropertiesManagerService-JNI: Unable to get Thermal service.
06-13 19:04:11.627 479 579 I android_os_HwBinder: HwBinder: Starting thread pool for getting: android.hardware.usb.gadget@1.0::IUsbGadget/default
06-13 19:04:11.628 318 318 D XiriService: check file name: /data/data/com.android.wallpaperbackup/lib
06-13 19:04:11.634 579 579 I : read descriptors
06-13 19:04:11.634 579 579 I : read strings
06-13 19:04:11.634 579 579 I : read descriptors
06-13 19:04:11.634 579 579 I : read strings
06-13 19:04:11.633 479 479 I SystemServerTiming: StartTwilightService
06-13 19:04:11.633 479 579 W StorageManagerService: No primary storage defined yet; hacking together a stub
06-13 19:04:11.634 479 479 I SystemServiceManager: Starting com.android.server.twilight.TwilightService
06-13 19:04:11.634 479 479 I SystemServerTiming: StartColorDisplay
06-13 19:04:11.634 479 479 I SystemServiceManager: Starting com.android.server.display.color.ColorDisplayService
06-13 19:04:11.635 318 318 D XiriService: check file name: /data/data/com.android.wallpaperbackup/lib
06-13 19:04:11.635 318 318 D XiriService: check file name: /data/data/com.android.wallpaperbackup/lib
06-13 19:04:11.636 318 318 D XiriService: check file name: /data/data/com.android.wallpaperbackup/lib
06-13 19:04:11.636 479 579 I android_os_HwBinder: HwBinder: Starting thread pool for getting: android.hidl.manager@1.0::IServiceManager/default
06-13 19:04:11.639 479 479 I SystemServerTiming: StartJobScheduler
06-13 19:04:11.639 479 559 I UsbDeviceManager: Usb gadget hal service started android.hardware.usb.gadget@1.0::IUsbGadget default
06-13 19:04:11.640 479 521 I android_os_HwBinder: HwBinder: Starting thread pool for getting: android.hardware.usb.gadget@1.0::IUsbGadget/default
06-13 19:04:11.642 479 579 I android_os_HwBinder: HwBinder: Starting thread pool for getting: android.hardware.usb.gadget@1.0::IUsbGadget/default
06-13 19:04:11.643 479 479 I SystemServiceManager: Starting com.android.server.job.JobSchedulerService
06-13 19:04:11.647 479 521 E UsbDeviceManager: prcessing MSG_GET_CURRENT_USB_FUNCTIONS
06-13 19:04:11.647 479 521 E UsbDeviceManager: updating mCurrentFunctions
06-13 19:04:11.647 479 521 E UsbDeviceManager: mCurrentFunctions:0applied:1
06-13 19:04:11.652 479 579 I android_os_HwBinder: HwBinder: Starting thread pool for getting: android.hidl.manager@1.0::IServiceManager/default
06-13 19:04:11.654 318 318 D XiriService: check file name: /data/data/com.android.providers.media.module/lib
06-13 19:04:11.654 318 318 D XiriService: check file name: /data/data/com.android.providers.media.module/lib
06-13 19:04:11.648 318 318 I xiriservice_All: type=1400 audit(0.0:317): avc: denied { search } for name="com.android.providers.media.module" dev="mmcblk0p25" ino=1257 scontext=u:r:init:s0 tcontext=u:object_r:privapp_data_file:s0:c74,c256,c512,c768 tclass=dir permissive=1
06-13 19:04:11.652 318 318 I xiriservice_All: type=1400 audit(0.0:318): avc: denied { read } for name="lib" dev="mmcblk0p25" ino=3318 scontext=u:r:init:s0 tcontext=u:object_r:privapp_data_file:s0:c74,c256,c512,c768 tclass=lnk_file permissive=1
06-13 19:04:11.655 318 318 D XiriService: check file name: /data/data/com.android.providers.media.module/lib
06-13 19:04:11.656 479 636 I UsbPortManager: Usb hal service started android.hardware.usb@1.0::IUsb default
06-13 19:04:11.660 479 636 I android_os_HwBinder: HwBinder: Starting thread pool for getting: android.hardware.usb@1.0::IUsb/default
06-13 19:04:11.660 479 479 D JobStore: Start tag: job-info
06-13 19:04:11.661 270 270 I android.hardware.usb@1.0-service: registering callback
06-13 19:04:11.662 270 270 E android.hardware.usb@1.0-service: Failed to open /sys/class/typec
06-13 19:04:11.662 270 637 E android.hardware.usb@1.0-service: creating thread
06-13 19:04:11.664 318 318 D XiriService: check file name: /data/data/com.android.providers.media.module/lib
06-13 19:04:11.664 318 318 D XiriService: check file name: /data/data/com.android.providers.media.module/lib
06-13 19:04:11.665 318 318 D XiriService: check file name: /data/data/com.android.providers.media.module/lib
06-13 19:04:11.665 318 318 D XiriService: check file name: /data/data/com.android.providers.media.module/lib
06-13 19:04:11.670 249 249 I Zygote : Preloading shared libraries...
06-13 19:04:11.673 318 318 D XiriService: check file name: /data/data/com.oranth.storage/lib
06-13 19:04:11.673 318 318 D XiriService: check file name: /data/data/com.oranth.storage/lib
06-13 19:04:11.673 479 479 I JobStore: Read 5 jobs
06-13 19:04:11.673 479 636 I UsbPortManager: USB HAL version: 10
06-13 19:04:11.673 318 318 D XiriService: check file name: /data/data/com.oranth.storage/lib
06-13 19:04:11.673 318 318 D XiriService: check file name: /data/data/com.oranth.storage/lib
06-13 19:04:11.678 479 579 D SystemServerInitThreadPool: Finished executing UsbService$Lifecycle#onStart
06-13 19:04:11.678 249 249 I Zygote : Called ZygoteHooks.endPreload()
06-13 19:04:11.679 249 249 I Zygote : Installed AndroidKeyStoreProvider in 1ms.
06-13 19:04:11.680 318 318 D XiriService: check file name: /data/data/com.oranth.storage/lib
06-13 19:04:11.680 318 318 D XiriService: check file name: /data/data/com.oranth.storage/lib
06-13 19:04:11.681 318 318 D XiriService: check file name: /data/data/com.oranth.storage/lib
06-13 19:04:11.681 318 318 D XiriService: check file name: /data/data/com.oranth.storage/lib
06-13 19:04:11.688 479 616 D ConnectivityService: NetReassign [no changes]
06-13 19:04:11.693 479 479 V HistoricalRegistry: Interaction before persistence initialized
06-13 19:04:11.693 249 249 I Zygote : Warmed up JCA providers in 14ms.
06-13 19:04:11.693 249 249 D Zygote : end preload
06-13 19:04:11.693 479 479 V HistoricalRegistry: Interaction before persistence initialized
06-13 19:04:11.694 479 528 D SystemServerInitThreadPool: Finished executing SecondaryZygotePreload
06-13 19:04:11.700 318 318 D XiriService: check file name: /data/data/com.dangbei.haqusetting/lib
06-13 19:04:11.700 318 318 D XiriService: check file name: /data/data/com.dangbei.haqusetting/lib
06-13 19:04:11.700 318 318 D XiriService: check file name: /data/data/com.dangbei.haqusetting/lib
06-13 19:04:11.700 318 318 D XiriService: check file name: /data/data/com.dangbei.haqusetting/lib
06-13 19:04:11.703 479 479 I SystemServerTiming: StartSoundTrigger
06-13 19:04:11.703 479 479 I SystemServiceManager: Starting com.android.server.soundtrigger.SoundTriggerService
06-13 19:04:11.705 479 479 I SystemServerTiming: StartTrustManager
06-13 19:04:11.706 479 479 I SystemServiceManager: Starting com.android.server.trust.TrustManagerService
06-13 19:04:11.709 318 318 D XiriService: check file name: /data/data/com.dangbei.haqusetting/lib
06-13 19:04:11.709 479 479 I SystemServerTiming: StartBackupManager
06-13 19:04:11.709 479 479 I SystemServiceManager: Starting com.android.server.backup.BackupManagerService$Lifecycle
06-13 19:04:11.709 318 318 D XiriService: check file name: /data/data/com.dangbei.haqusetting/lib
06-13 19:04:11.709 318 318 D XiriService: check file name: /data/data/com.dangbei.haqusetting/lib
06-13 19:04:11.720 479 479 I SystemServerTiming: StartAppWidgetService
06-13 19:04:11.720 479 479 I SystemServiceManager: Starting com.android.server.appwidget.AppWidgetService
06-13 19:04:11.727 318 318 D XiriService: check file name: /data/data/com.softwinner.miracastReceiver/lib
06-13 19:04:11.727 318 318 D XiriService: check file name: /data/data/com.softwinner.miracastReceiver/lib
06-13 19:04:11.727 318 318 D XiriService: check file name: /data/data/com.softwinner.miracastReceiver/lib
06-13 19:04:11.728 318 318 D XiriService: check file name: /data/data/com.softwinner.miracastReceiver/lib
