06-13 19:04:20.313 254 302 V audio_hw_primary: set property persist.vendor.audio.input.active: AUDIO_CODEC ok
06-13 19:04:20.317 479 479 W Looper : Slow dispatch took 237ms main h=android.app.ActivityThread$H c=android.app.LoadedApk$ReceiverDispatcher$Args$$ExternalSyntheticLambda0@c58344 m=0
06-13 19:04:20.318 479 479 D AudioDeviceManagerObserver: name: AUDIO_HDMI, state: 0, type: 1
06-13 19:04:20.320 479 479 W Looper : Slow delivery took 210ms main h=android.app.ActivityThread$H c=android.app.LoadedApk$ReceiverDispatcher$Args$$ExternalSyntheticLambda0@eddd562 m=0
06-13 19:04:20.344 479 479 W Looper : Drained
06-13 19:04:20.344 479 479 D AudioManagerPolicy: On Audio device plug in/out receive,name=AUDIO_HDMI type=1 state=0 extra=null
06-13 19:04:20.345 479 479 V AudioManagerPolicy: chengkan------------- hdmi inactive
06-13 19:04:20.352 479 479 D AudioManagerPolicy: get AUDIO_MANAGE_POLICY is 2
06-13 19:04:20.352 479 479 D AudioManagerPolicy: Policy2 HDMI Plug Out/In Switch! Booting
06-13 19:04:20.357 479 479 D AudioManagerEx: AudioManagerEx
06-13 19:04:20.358 479 479 D AudioManagerPolicy: save audio is AUDIO_HDMI
06-13 19:04:20.358 479 479 D AudioManagerPolicy: get AUDIO_MANAGE_POLICY is 2
06-13 19:04:20.358 479 479 D AudioManagerPolicy: POLICY_2 Remove USB Audio or No USB Audio Output Device Connected!
06-13 19:04:20.359 402 419 I adbd : jdwp connection from 1484
06-13 19:04:20.356 1391 1391 I net_disconnect.: type=1400 audit(0.0:455): avc: denied { execute } for name="rgb_led_ctl" dev="dm-1" ino=188 scontext=u:r:init:s0 tcontext=u:object_r:vendor_file:s0 tclass=file permissive=1
06-13 19:04:20.365 479 479 D AudioManagerEx: state=audio_devices_out_active,dev=[AUDIO_HDMI]
06-13 19:04:20.365 479 479 D AudioManagerEx: enablePassThrough = true
06-13 19:04:20.360 479 479 I system_server: type=1400 audit(0.0:456): avc: denied { call } for scontext=u:r:system_server:s0 tcontext=u:r:hal_awdisplayoutput_default:s0 tclass=binder permissive=1
06-13 19:04:20.364 1493 1493 I net_disconnect.: type=1400 audit(0.0:457): avc: denied { execute_no_trans } for path="/vendor/bin/rgb_led_ctl" dev="dm-1" ino=188 scontext=u:r:init:s0 tcontext=u:object_r:vendor_file:s0 tclass=file permissive=1
06-13 19:04:20.370 479 479 D AudioManagerEx: HDMI AUDIO_HDMI
06-13 19:04:20.370 479 479 D AudioManagerEx: AUDIO_NAME_HDMI
06-13 19:04:20.372 254 254 V audio_hw_primary: adev_set_parameters, mediasw.sft.rawdata=HDMI_RAW
06-13 19:04:20.395 479 479 D AudioManagerEx: audio=AUDIO_HDMI
06-13 19:04:20.396 254 302 V audio_hw_primary: adev_set_parameters, audio_devices_out_active=AUDIO_HDMI
06-13 19:04:20.396 254 302 V audio_hw_primary: out AUDIO_PARAMETER_DEVICES_OUT_ACTIVE: AUDIO_HDMI
06-13 19:04:20.401 756 1477 E IpClient.wlan0: Failed to set accept_ra to 2
06-13 19:04:20.405 254 302 V audio_hw_primary: set property persist.vendor.audio.output.active: AUDIO_HDMI ok
06-13 19:04:20.405 254 302 V audio_hw_primary: AUDIO_HDMI output device will be active
06-13 19:04:20.407 1090 1289 W SQLiteLog: (28) double-quoted string literal: "7D1F105532BE3FE4A8AB4341400AC90E"
06-13 19:04:20.407 1090 1289 W SQLiteLog: (28) double-quoted string literal: ""
06-13 19:04:20.408 1090 1289 W SQLiteLog: (28) double-quoted string literal: "7D1F105532BE3FE4A8AB4341400AC90E"
06-13 19:04:20.408 1090 1289 W SQLiteLog: (28) double-quoted string literal: "-1"
06-13 19:04:20.411 479 1371 D CompatibilityChangeReporter: Compat change id reported: 132649864; UID 10033; state: DISABLED
06-13 19:04:20.413 479 479 D AudioManagerEx: Update Settings.System.AUDIO_OUTPUT_CHANNEL, now save audio is AUDIO_HDMI
06-13 19:04:20.420 269 269 I EventThread: type=1400 audit(0.0:458): avc: denied { search } for name="extcon" dev="sysfs" ino=18109 scontext=u:r:hal_tv_cec_default:s0 tcontext=u:object_r:sysfs_extcon:s0 tclass=dir permissive=1
06-13 19:04:20.456 479 479 I TransportClient: LocalTransportService#0: Notifying [TransportManager.registerTransport()] transport = IBackupTransport
06-13 19:04:20.480 479 609 I WifiClientModeImpl[wlan0]: disconnectedstate enter
06-13 19:04:20.492 1090 1090 E xxxxxxxxxxxxxxx: onReceive:mIsHDMIPlugged = false
06-13 19:04:20.493 1028 1028 E dangbei111: cccccc 开始扫描
06-13 19:04:20.494 1028 1028 D BluetoothAdapter: isLeEnabled(): ON
06-13 19:04:20.516 479 479 W Looper : Slow dispatch took 101ms main h=android.app.ActivityThread$H c=android.app.LoadedApk$ServiceDispatcher$RunConnection@7a1c399 m=0
06-13 19:04:20.523 479 750 D CountryDetector: The first listener is added
06-13 19:04:20.528 479 525 E ActivityRecord: real home.....com.dangbei.leard.leradlauncher/com.dangbei.launcher.home.LauncherActivity
06-13 19:04:20.528 479 525 E +++ActivityRecord: pre led_switch = 5
06-13 19:04:20.528 1090 1090 E hq : AdHelper:::启动延迟检查,支持广告的最长播放时间:25000 isLoadAd=false
06-13 19:04:20.531 1090 1090 D OsInitLaunch: send cache: launchAd, playAd, start, null
06-13 19:04:20.532 1 1 I /system/bin/init: type=1107 audit(0.0:459): uid=0 auid=4294967295 ses=4294967295 subj=u:r:init:s0 msg='avc: denied { set } for property=vendor.led_switch pid=479 uid=1000 gid=1000 scontext=u:r:system_server:s0 tcontext=u:object_r:vendor_default_prop:s0 tclass=property_service permissive=1'
06-13 19:04:20.536 1090 1090 I dangbei ad sdk: ADSDK::play splash ad
06-13 19:04:20.546 1 1 I init : processing action (vendor.led_switch=*) from (/vendor/etc/init/hw/init.oranth.rc:139)
06-13 19:04:20.547 1 1 I init : starting service 'exec 19 (/vendor/bin/led_switch.sh 5)'...
06-13 19:04:20.554 1 1 I init : SVC_EXEC service 'exec 19 (/vendor/bin/led_switch.sh 5)' pid 1509 (uid 0 gid 0+0 context default) started; waiting...
06-13 19:04:20.549 1090 1090 I dangbei ad sdk: AdSplashView::show offline ad
06-13 19:04:20.555 479 609 E WifiScoringParams: Invalid frequency(-1), using 5G as default rssi array
06-13 19:04:20.569 1333 1333 I ContactsDatabaseHelper: updateUseStrictPhoneNumberComparison: CN
06-13 19:04:20.580 670 1074 I bluetooth: system/bt/stack/gatt/gatt_api.cc:1019 GATT_Register: Allocated name:GattClient uuid:73290a8c-1eab-c46c-10be-6e34a32f65dd gatt_if:5 eatt_support:0
06-13 19:04:20.582 1028 1089 D BluetoothLeScanner: onScannerRegistered() - status=0 scannerId=5 mScannerId=0
06-13 19:04:20.587 677 677 D BluetoothA2dp: Proxy object connected
06-13 19:04:20.588 1028 1063 E ccc : cccccc etnaService addListener com.dangbei.lerad.etna.aidl.IEtnaAidlListener$Stub$Proxy@ce0defa com.dangbei.leard.leradlauncher
06-13 19:04:20.590 518 531 D BootAnimation: BootAnimationStopTiming start time: 22523ms
06-13 19:04:20.591 1090 1090 E hq : Etna:::etnaClient connectState=true
06-13 19:04:20.592 1090 1090 E getHdmiStatus: sourceInputStatus=null mEtnaAdapter=com.dangbei.launcher.etna.EtnaAdapter@f735d2e
06-13 19:04:20.592 1238 1238 D wpa_supplicant: nl80211: Event message available
06-13 19:04:20.592 1238 1238 D wpa_supplicant: nl80211: Ignored event 33 (NL80211_CMD_TRIGGER_SCAN) for foreign interface (ifindex 14 wdev 0x0)
06-13 19:04:20.592 1238 1238 D wpa_supplicant: nl80211: Drv Event 33 (NL80211_CMD_TRIGGER_SCAN) received for wlan0
06-13 19:04:20.592 1238 1238 D wpa_supplicant: wlan0: nl80211: Scan trigger
06-13 19:04:20.592 1238 1238 D wpa_supplicant: wlan0: Event SCAN_STARTED (47) received
06-13 19:04:20.592 1238 1238 D wpa_supplicant: wlan0: External program started a scan
06-13 19:04:20.594 1090 1090 E hq : USBReceiver:::USBReceiver onReceive: action=android.intent.action.MEDIA_MOUNTED
06-13 19:04:20.594 1090 1090 I Choreographer: Skipped 41 frames! The application may be doing too much work on its main thread.
06-13 19:04:20.599 479 609 D WifiClientModeImpl[wlan0]: setupClientMode() ifacename = wlan0
06-13 19:04:20.612 479 502 D CompatibilityChangeReporter: Compat change id reported: 182734110; UID 10033; state: DISABLED
06-13 19:04:20.625 1 1 I init : Control message: Processed ctl.stop for 'rainbow_flow' from pid: 1511 (stop rainbow_flow voice breathe flow_led net_disconnect)
06-13 19:04:20.629 1 1 I init : Control message: Processed ctl.stop for 'voice' from pid: 1511 (stop rainbow_flow voice breathe flow_led net_disconnect)
06-13 19:04:20.630 1 1 I init : Control message: Processed ctl.stop for 'breathe' from pid: 1511 (stop rainbow_flow voice breathe flow_led net_disconnect)
06-13 19:04:20.631 1 1 I init : Control message: Processed ctl.stop for 'flow_led' from pid: 1511 (stop rainbow_flow voice breathe flow_led net_disconnect)
06-13 19:04:20.632 1 1 I init : Sending signal 9 to service 'net_disconnect' (pid 1391) process group...
06-13 19:04:20.630 479 525 W System.err: java.io.IOException: Cannot run program "su": error=2, No such file or directory
06-13 19:04:20.630 479 525 W System.err: at java.lang.ProcessBuilder.start(ProcessBuilder.java:1050)
06-13 19:04:20.630 479 525 W System.err: at java.lang.Runtime.exec(Runtime.java:694)
06-13 19:04:20.630 479 525 W System.err: at java.lang.Runtime.exec(Runtime.java:524)
06-13 19:04:20.630 479 525 W System.err: at java.lang.Runtime.exec(Runtime.java:421)
06-13 19:04:20.630 479 525 W System.err: at com.android.server.wm.ActivityRecord.executeCMD(ActivityRecord.java:5940)
06-13 19:04:20.630 479 525 W System.err: at com.android.server.wm.ActivityRecord.onWindowsDrawn(ActivityRecord.java:5992)
06-13 19:04:20.630 479 525 W System.err: at com.android.server.wm.ActivityRecord.updateReportedVisibilityLocked(ActivityRecord.java:6126)
06-13 19:04:20.631 479 525 W System.err: at com.android.server.wm.AppTransitionController.handleOpeningApps(AppTransitionController.java:757)
06-13 19:04:20.631 479 525 W System.err: at com.android.server.wm.AppTransitionController.handleAppTransitionReady(AppTransitionController.java:227)
06-13 19:04:20.631 479 525 W System.err: at com.android.server.wm.RootWindowContainer.checkAppTransitionReady(RootWindowContainer.java:1045)
06-13 19:04:20.631 479 525 W System.err: at com.android.server.wm.RootWindowContainer.performSurfacePlacementNoTrace(RootWindowContainer.java:884)
06-13 19:04:20.631 479 525 W System.err: at com.android.server.wm.RootWindowContainer.performSurfacePlacement(RootWindowContainer.java:820)
06-13 19:04:20.631 479 525 W System.err: at com.android.server.wm.WindowSurfacePlacer.performSurfacePlacementLoop(WindowSurfacePlacer.java:177)
06-13 19:04:20.631 479 525 W System.err: at com.android.server.wm.WindowSurfacePlacer.performSurfacePlacement(WindowSurfacePlacer.java:126)
06-13 19:04:20.631 479 525 W System.err: at com.android.server.wm.WindowSurfacePlacer.performSurfacePlacement(WindowSurfacePlacer.java:115)
06-13 19:04:20.631 479 525 W System.err: at com.android.server.wm.WindowSurfacePlacer$Traverser.run(WindowSurfacePlacer.java:57)
06-13 19:04:20.631 479 525 W System.err: at android.os.Handler.handleCallback(Handler.java:938)
06-13 19:04:20.631 479 525 W System.err: at android.os.Handler.dispatchMessage(Handler.java:99)
06-13 19:04:20.631 479 525 W System.err: at android.os.Looper.loopOnce(Looper.java:201)
06-13 19:04:20.631 479 525 W System.err: at android.os.Looper.loop(Looper.java:288)
06-13 19:04:20.631 479 525 W System.err: at android.os.HandlerThread.run(HandlerThread.java:67)
06-13 19:04:20.631 479 525 W System.err: at com.android.server.ServiceThread.run(ServiceThread.java:44)
06-13 19:04:20.631 479 525 W System.err: Caused by: java.io.IOException: error=2, No such file or directory
06-13 19:04:20.631 479 525 W System.err: at java.lang.UNIXProcess.forkAndExec(Native Method)
06-13 19:04:20.631 479 525 W System.err: at java.lang.UNIXProcess.(UNIXProcess.java:133)
06-13 19:04:20.631 479 525 W System.err: at java.lang.ProcessImpl.start(ProcessImpl.java:141)
06-13 19:04:20.631 479 525 W System.err: at java.lang.ProcessBuilder.start(ProcessBuilder.java:1029)
06-13 19:04:20.631 479 525 W System.err: ... 21 more
06-13 19:04:20.638 1 1 I libprocessgroup: Successfully killed process cgroup uid 0 pid 1391 in 6ms
06-13 19:04:20.639 1 1 I init : Control message: Processed ctl.stop for 'net_disconnect' from pid: 1511 (stop rainbow_flow voice breathe flow_led net_disconnect)
06-13 19:04:20.654 677 677 D BluetoothMap: Proxy object connected
06-13 19:04:20.658 677 677 D BluetoothMap: getConnectedDevices()
06-13 19:04:20.665 1090 1090 E hq : AdHelper:::notFetchAd: main
06-13 19:04:20.665 1090 1090 E hq : AdHelper:::onComplete:main
06-13 19:04:20.665 1090 1090 E hq : AdHelper:::adFinish: com.dangbei.launcher.home.callback.LauncherCallback$onAttach$1$1@bdde406
06-13 19:04:20.668 1090 1090 E hq : LauncherCallback:::onDetach
06-13 19:04:20.668 1090 1090 E hq : AdHelper:::handleFinishAd: true
06-13 19:04:20.680 479 525 W System.err: java.io.IOException: Cannot run program "su": error=2, No such file or directory
06-13 19:04:20.681 479 525 W System.err: at java.lang.ProcessBuilder.start(ProcessBuilder.java:1050)
06-13 19:04:20.681 479 525 W System.err: at java.lang.Runtime.exec(Runtime.java:694)
06-13 19:04:20.681 479 525 W System.err: at java.lang.Runtime.exec(Runtime.java:524)
06-13 19:04:20.681 479 525 W System.err: at java.lang.Runtime.exec(Runtime.java:421)
06-13 19:04:20.681 479 525 W System.err: at com.android.server.wm.ActivityRecord.executeCMD(ActivityRecord.java:5940)
06-13 19:04:20.681 479 525 W System.err: at com.android.server.wm.ActivityRecord.onWindowsDrawn(ActivityRecord.java:6001)
06-13 19:04:20.681 479 525 W System.err: at com.android.server.wm.ActivityRecord.updateReportedVisibilityLocked(ActivityRecord.java:6126)
06-13 19:04:20.681 479 525 W System.err: at com.android.server.wm.AppTransitionController.handleOpeningApps(AppTransitionController.java:757)
06-13 19:04:20.681 479 525 W System.err: at com.android.server.wm.AppTransitionController.handleAppTransitionReady(AppTransitionController.java:227)
06-13 19:04:20.681 479 525 W System.err: at com.android.server.wm.RootWindowContainer.checkAppTransitionReady(RootWindowContainer.java:1045)
06-13 19:04:20.681 479 525 W System.err: at com.android.server.wm.RootWindowContainer.performSurfacePlacementNoTrace(RootWindowContainer.java:884)
06-13 19:04:20.681 479 525 W System.err: at com.android.server.wm.RootWindowContainer.performSurfacePlacement(RootWindowContainer.java:820)
06-13 19:04:20.681 479 525 W System.err: at com.android.server.wm.WindowSurfacePlacer.performSurfacePlacementLoop(WindowSurfacePlacer.java:177)
06-13 19:04:20.681 479 525 W System.err: at com.android.server.wm.WindowSurfacePlacer.performSurfacePlacement(WindowSurfacePlacer.java:126)
06-13 19:04:20.681 479 525 W System.err: at com.android.server.wm.WindowSurfacePlacer.performSurfacePlacement(WindowSurfacePlacer.java:115)
06-13 19:04:20.681 479 525 W System.err: at com.android.server.wm.WindowSurfacePlacer$Traverser.run(WindowSurfacePlacer.java:57)
06-13 19:04:20.681 479 525 W System.err: at android.os.Handler.handleCallback(Handler.java:938)
06-13 19:04:20.681 479 525 W System.err: at android.os.Handler.dispatchMessage(Handler.java:99)
06-13 19:04:20.681 479 525 W System.err: at android.os.Looper.loopOnce(Looper.java:201)
06-13 19:04:20.681 479 525 W System.err: at android.os.Looper.loop(Looper.java:288)
06-13 19:04:20.681 479 525 W System.err: at android.os.HandlerThread.run(HandlerThread.java:67)
06-13 19:04:20.681 479 525 W System.err: at com.android.server.ServiceThread.run(ServiceThread.java:44)
06-13 19:04:20.681 479 525 W System.err: Caused by: java.io.IOException: error=2, No such file or directory
06-13 19:04:20.681 479 525 W System.err: at java.lang.UNIXProcess.forkAndExec(Native Method)
06-13 19:04:20.681 479 525 W System.err: at java.lang.UNIXProcess.(UNIXProcess.java:133)
06-13 19:04:20.681 479 525 W System.err: at java.lang.ProcessImpl.start(ProcessImpl.java:141)
06-13 19:04:20.681 479 525 W System.err: at java.lang.ProcessBuilder.start(ProcessBuilder.java:1029)
06-13 19:04:20.681 479 525 W System.err: ... 21 more
06-13 19:04:20.684 677 677 D BluetoothHidHost: Proxy object connected
06-13 19:04:20.685 479 525 I WindowManager: ******* TELLING SURFACE FLINGER WE ARE BOOTED!
06-13 19:04:20.686 276 532 I SurfaceFlinger: Boot is finished (15818 ms)
06-13 19:04:20.689 1333 1480 I CallLogProvider: Syncing call composer pics -- source user=0, isShadow=true, forAllUser=false
06-13 19:04:20.690 1333 1480 I CallLogProvider: Fetching list of Uris to sync
06-13 19:04:20.695 1090 1090 E DangXiaoBeiManager: setMessageList: false
06-13 19:04:20.696 1090 1090 E hq : 当小贝:::显示消息type=SIMPLE_TEXT ,data.isShowInCur=false ,delay=60000 ,message.mandatoryMessage=null , message=null
06-13 19:04:20.696 1090 1090 E hq : 当小贝:::当前显示了消息,不显示新消息
06-13 19:04:20.708 186 186 I servicemanager: Found android.hardware.power.IPower/default in device VINTF manifest.
06-13 19:04:20.709 276 532 I PowerAdvisor: Loaded AIDL Power HAL service
06-13 19:04:20.709 268 268 I AW_PowerHAL: check: Mode 6 not Supported ,do nothing
06-13 19:04:20.710 268 268 I AW_PowerHAL: isBoostSupported: 1
06-13 19:04:20.711 1090 1090 D OsInitLaunch: send cache: launchAd, playAd, complete, null
06-13 19:04:20.766 479 1371 D CompatibilityChangeReporter: Compat change id reported: 149924527; UID 10074; state: ENABLED
06-13 19:04:20.768 677 677 D BluetoothHidDevice: Proxy object connected
06-13 19:04:20.768 479 501 D CompatibilityChangeReporter: Compat change id reported: 132649864; UID 10074; state: DISABLED
06-13 19:04:20.775 670 686 W UnsafeUtil: platform method missing - proto runtime falling back to safer methods: java.lang.NoSuchMethodException: sun.misc.Unsafe.copyMemory [class java.lang.Object, long, class java.lang.Object, long, long]
06-13 19:04:20.775 677 677 D BluetoothPan: Proxy object connected
06-13 19:04:20.775 677 677 I Choreographer: Skipped 32 frames! The application may be doing too much work on its main thread.
06-13 19:04:20.776 677 677 V TvNotificationHandler: Notification not added because it isn't relevant for tv
06-13 19:04:20.777 479 1269 W ActivityManager: Slow operation: 268ms so far, now at attachApplicationLocked: before bindApplication
06-13 19:04:20.791 479 1269 D CompatibilityChangeReporter: Compat change id reported: 168419799; UID 10014; state: DISABLED
06-13 19:04:20.791 479 1269 W ActivityManager: Slow operation: 282ms so far, now at attachApplicationLocked: immediately before bindApplication
06-13 19:04:20.793 479 1269 W ActivityManager: Slow operation: 284ms so far, now at attachApplicationLocked: immediately after bindApplication
06-13 19:04:20.793 479 1269 W ActivityManager: Slow operation: 284ms so far, now at attachApplicationLocked: after updateLruProcessLocked
06-13 19:04:20.794 479 1269 W ActivityManager: Slow operation: 285ms so far, now at attachApplicationLocked: after mServices.attachApplicationLocked
06-13 19:04:20.813 479 1269 W ActivityManager: Slow operation: 304ms so far, now at attachApplicationLocked: after updateOomAdjLocked
06-13 19:04:20.816 479 479 I ActivityManager: com.android.dynsystem is exempt from freezer
06-13 19:04:20.817 479 479 D CompatibilityChangeReporter: Compat change id reported: 135634846; UID 1000; state: DISABLED
06-13 19:04:20.820 1484 1484 D CompatibilityChangeReporter: Compat change id reported: 171979766; UID 10014; state: ENABLED
06-13 19:04:20.832 479 479 W Looper : Slow dispatch took 316ms main h=android.app.ActivityThread$H c=android.app.LoadedApk$ReceiverDispatcher$Args$$ExternalSyntheticLambda0@4d21404 m=0
06-13 19:04:20.833 479 479 W Looper : Slow delivery took 317ms main h=android.os.Handler c=com.android.server.backup.transport.TransportClient$$ExternalSyntheticLambda1@98b422 m=0
06-13 19:04:20.840 661 661 E WifiHAL : wifi_start_pkt_fate_monitoring: packet fate logging feature not supported 0
06-13 19:04:20.850 249 249 D Zygote : Forked child process 1535
06-13 19:04:20.855 479 609 E WifiVendorHal: startPktFateMonitoring(l.2352) failed {.code = ERROR_NOT_SUPPORTED, .description = }
06-13 19:04:20.855 479 609 W WifiDiags: Failed to start packet fate monitoring
06-13 19:04:20.855 479 543 I ActivityManager: app.processName = com.android.dynsystem
06-13 19:04:20.855 479 543 I ActivityManager: Start proc 1535:com.android.dynsystem/1000 for broadcast {com.android.dynsystem/com.android.dynsystem.BootCompletedReceiver}
06-13 19:04:20.866 1535 1535 I Zygote : seccomp disabled by setenforce 0
06-13 19:04:20.871 479 523 W IorapForwardingService: No service published for: iorapd
06-13 19:04:20.872 661 661 E WifiHAL : wifi_get_driver_version: Error -5 happened.
06-13 19:04:20.873 661 661 E android.hardware.wifi@1.0-service-lazy: Failed to get driver version: INVALID_ARGS
06-13 19:04:20.876 479 521 W Looper : Slow dispatch took 154ms android.fg h=android.os.Handler c=com.android.server.wm.ActivityMetricsLogger$$ExternalSyntheticLambda1@66f5988 m=0
06-13 19:04:20.877 479 521 I ActivityTaskManager: +++Displayed com.dangbei.leard.leradlauncher/com.dangbei.launcher.home.LauncherActivity: +4s464ms
06-13 19:04:20.891 479 609 E WifiVendorHal: requestChipDebugInfo(l.2167) failed {.code = ERROR_INVALID_ARGS, .description = failed to get driver version}
06-13 19:04:20.891 479 609 I WifiVendorHal: Driver: null Firmware: null
06-13 19:04:20.892 661 661 E WifiHAL : wifi_get_driver_version: Error -5 happened.
06-13 19:04:20.893 661 661 E android.hardware.wifi@1.0-service-lazy: Failed to get driver version: INVALID_ARGS
06-13 19:04:20.894 479 609 E WifiVendorHal: requestChipDebugInfo(l.2167) failed {.code = ERROR_INVALID_ARGS, .description = failed to get driver version}
06-13 19:04:20.894 479 609 I WifiVendorHal: Driver: null Firmware: null
06-13 19:04:20.896 479 1023 D BackupTransportManager: Transport com.android.localtransport/.LocalTransportService registered
06-13 19:04:20.896 479 1023 D BackupManagerService: [UserID:0] Transport com.android.localtransport/.LocalTransport registered 4888ms after first request (delay = 3000ms)
06-13 19:04:20.899 661 661 E WifiHAL : wifi_get_ring_buffers_status: Ring buffer logging feature not supported 0
06-13 19:04:20.902 479 609 E WifiVendorHal: getRingBufferStatus(l.2244) failed {.code = ERROR_NOT_SUPPORTED, .description = }
06-13 19:04:20.907 479 609 W WifiDiags: no ring buffers found
06-13 19:04:20.908 479 609 D WifiDiags: startLogging() iface list is {wlan0} after adding wlan0
06-13 19:04:20.923 402 419 I adbd : jdwp connection from 1535
06-13 19:04:20.932 294 294 W audit : audit_lost=80 audit_rate_limit=5 audit_backlog_limit=64
06-13 19:04:20.932 294 294 E audit : rate limit exceeded
06-13 19:04:20.971 479 1023 I BackupManagerService: [UserID:0] Found 3 stale backup journal(s), scheduling.
06-13 19:04:20.972 479 1023 V BackupManagerConstants: getKeyValueBackupIntervalMilliseconds(...) returns 14400000
06-13 19:04:20.973 479 1023 V BackupManagerConstants: getKeyValueBackupFuzzMilliseconds(...) returns 600000
06-13 19:04:20.973 479 1023 V BackupManagerConstants: getKeyValueBackupRequiredNetworkType(...) returns 1
06-13 19:04:20.973 479 1023 V BackupManagerConstants: getKeyValueBackupRequireCharging(...) returns true
06-13 19:04:20.973 479 1023 V KeyValueBackupJob: Scheduling k/v pass in 249 minutes
06-13 19:04:21.018 479 1023 I BackupManagerService: [UserID:0] Stale backup journals: Scheduled 7 package(s) total
06-13 19:04:21.024 1484 1484 V GraphicsEnvironment: ANGLE Developer option for 'com.android.providers.downloads' set to: 'default'
06-13 19:04:21.025 1484 1484 V GraphicsEnvironment: Neither updatable production driver nor prerelease driver is supported.
06-13 19:04:21.027 1484 1484 D NetworkSecurityConfig: No Network Security Config specified, using platform default
06-13 19:04:21.028 1484 1484 D NetworkSecurityConfig: No Network Security Config specified, using platform default
06-13 19:04:21.076 1207 1207 D RockyManager: switchWakeIsAllow isQuitBootGuide: true isBtMode: false
06-13 19:04:21.077 1207 1207 D RockyManager: switchWakeIsAllow isAllowFarWake: true
06-13 19:04:21.082 661 661 E WifiHAL : wifi_get_link_stats: requestResponse Error:-5
06-13 19:04:21.083 479 609 E WifiVendorHal: getWifiLinkLayerStats_1_5_Internal(l.1191) failed {.code = ERROR_INVALID_ARGS, .description = }
06-13 19:04:21.084 479 479 W Looper : Drained
06-13 19:04:21.090 1535 1535 D CompatibilityChangeReporter: Compat change id reported: 171979766; UID 1000; state: ENABLED
06-13 19:04:21.098 479 502 W InputManager-JNI: Input channel object '2ec8eae com.android.tv.settings/com.android.tv.settings.system.FallbackHome (client)' was disposed without first being removed with the input manager!
06-13 19:04:21.112 677 892 D LocalBluetoothProfileManager: Current Profiles[]
06-13 19:04:21.124 1333 1516 D ContactsDatabaseHelper: WAL enabled for contacts2.db: true
06-13 19:04:21.132 1090 1090 E hq : USBReceiver:::USBReceiver onReceive: list=1
06-13 19:04:21.135 1333 1480 I CallLogProvider: Will sync following Uris:[]
06-13 19:04:21.135 1333 1480 I CallLogProvider: Syncing call composer pics -- got []
06-13 19:04:21.139 1090 1517 E hq : ErrorCoroutineExceptionHandler:::runTry error:java.net.UnknownHostException: Unable to resolve host "ottdbui-tyapiqun7.yysh.mgtv.com": No address associated with hostname from=requestMessageDialog
06-13 19:04:21.170 479 609 I WifiService: onDriverCountryCodeChanged CN
06-13 19:04:21.179 479 609 D WifiNetworkFactory: got request NetworkRequest [ REQUEST id=28, [ Capabilities: INTERNET&NOT_RESTRICTED&TRUSTED&NOT_VCN_MANAGED Uid: 1000 RequestorUid: 1000 RequestorPkg: com.dangbei.leard.leradlauncher] ]
06-13 19:04:21.180 479 609 D UntrustedWifiNetworkFactory: got request NetworkRequest [ REQUEST id=28, [ Capabilities: INTERNET&NOT_RESTRICTED&TRUSTED&NOT_VCN_MANAGED Uid: 1000 RequestorUid: 1000 RequestorPkg: com.dangbei.leard.leradlauncher] ]
06-13 19:04:21.180 479 609 D OemPaidWifiNetworkFactory: got request NetworkRequest [ REQUEST id=28, [ Capabilities: INTERNET&NOT_RESTRICTED&TRUSTED&NOT_VCN_MANAGED Uid: 1000 RequestorUid: 1000 RequestorPkg: com.dangbei.leard.leradlauncher] ]
06-13 19:04:21.195 677 892 D BluetoothMap: getConnectionState(E4:BB:D3:57:C0:60)
06-13 19:04:21.199 479 609 D chongyuzhao: reconnect again
06-13 19:04:21.223 670 686 D BluetoothPbapService: getConnectionState: E4:BB:D3:57:C0:60
06-13 19:04:21.226 1535 1535 V GraphicsEnvironment: ANGLE Developer option for 'com.android.dynsystem' set to: 'default'
06-13 19:04:21.226 1535 1535 V GraphicsEnvironment: Neither updatable production driver nor prerelease driver is supported.
06-13 19:04:21.232 1535 1535 D NetworkSecurityConfig: No Network Security Config specified, using platform default
06-13 19:04:21.232 1535 1535 D NetworkSecurityConfig: No Network Security Config specified, using platform default
06-13 19:04:21.241 677 892 D LocalBluetoothProfileManager: New Profiles[HID]
06-13 19:04:21.243 479 1372 I ActivityManager: com.android.dynsystem is exempt from freezer
06-13 19:04:21.243 479 1372 D CompatibilityChangeReporter: Compat change id reported: 135634846; UID 1000; state: DISABLED
06-13 19:04:21.254 661 661 E WifiHAL : wifi_get_link_stats: requestResponse Error:-5
06-13 19:04:21.256 479 609 E WifiVendorHal: getWifiLinkLayerStats_1_5_Internal(l.1191) failed {.code = ERROR_INVALID_ARGS, .description = }
06-13 19:04:21.261 479 1372 I ActivityManager: com.android.managedprovisioning is exempt from freezer
06-13 19:04:21.261 479 1372 D CompatibilityChangeReporter: Compat change id reported: 135634846; UID 10030; state: DISABLED
06-13 19:04:21.261 479 1372 D CompatibilityChangeReporter: Compat change id reported: 177438394; UID 10030; state: DISABLED
06-13 19:04:21.261 479 1372 D CompatibilityChangeReporter: Compat change id reported: 135772972; UID 10030; state: DISABLED
06-13 19:04:21.261 479 1372 D CompatibilityChangeReporter: Compat change id reported: 135754954; UID 10030; state: ENABLED
06-13 19:04:21.271 677 892 D CachedBluetoothDevice: updating profiles for Dangbei
06-13 19:04:21.277 249 249 D Zygote : Forked child process 1563
06-13 19:04:21.277 677 892 V CachedBluetoothDevice: Class: 1f00
06-13 19:04:21.277 677 892 V CachedBluetoothDevice: UUID:
06-13 19:04:21.277 677 892 V CachedBluetoothDevice: 00001812-0000-1000-8000-00805f9b34fb
06-13 19:04:21.278 479 543 I ActivityManager: app.processName = com.android.dynsystem:dynsystem
06-13 19:04:21.278 479 543 I ActivityManager: Start proc 1563:com.android.dynsystem:dynsystem/1000 for service {com.android.dynsystem/com.android.dynsystem.DynamicSystemInstallationService}
06-13 19:04:21.279 479 543 D CompatibilityChangeReporter: Compat change id reported: 143937733; UID 10030; state: ENABLED
06-13 19:04:21.290 1563 1563 I Zygote : seccomp disabled by setenforce 0
06-13 19:04:21.304 249 249 D Zygote : Forked child process 1565
06-13 19:04:21.320 1565 1565 I Zygote : seccomp disabled by setenforce 0
06-13 19:04:21.328 479 543 W ActivityManager: Slow operation: 68ms so far, now at startProcess: returned from zygote!
06-13 19:04:21.328 479 543 W ActivityManager: Slow operation: 69ms so far, now at startProcess: done updating battery stats
06-13 19:04:21.329 479 543 W ActivityManager: Slow operation: 69ms so far, now at startProcess: building log message
06-13 19:04:21.329 479 543 I ActivityManager: app.processName = com.android.managedprovisioning
06-13 19:04:21.329 479 543 I ActivityManager: Start proc 1565:com.android.managedprovisioning/u0a30 for broadcast {com.android.managedprovisioning/com.android.managedprovisioning.BootReminder}
06-13 19:04:21.329 479 543 W ActivityManager: Slow operation: 69ms so far, now at startProcess: starting to update pids map
06-13 19:04:21.329 479 543 W ActivityManager: Slow operation: 69ms so far, now at startProcess: done updating pids map
06-13 19:04:21.346 402 419 I adbd : jdwp connection from 1565
06-13 19:04:21.347 402 419 I adbd : jdwp connection from 1563
06-13 19:04:21.347 479 648 W HdmiCecController: Failed to send 40:8F with errorCode=1
06-13 19:04:21.368 677 677 I SysUiBg : type=1400 audit(0.0:470): avc: denied { search } for name="com.android.systemui" dev="mmcblk0p25" ino=484 scontext=u:r:platform_app:s0:c512,c768 tcontext=u:object_r:app_data_file:s0:c512,c768 tclass=dir permissive=1 app=com.softwinner.screenshot
06-13 19:04:21.394 127 127 I binder : undelivered transaction 25116, process died.
06-13 19:04:21.420 479 501 D CompatibilityChangeReporter: Compat change id reported: 168419799; UID 10030; state: DISABLED
06-13 19:04:21.402 1283 1303 I m.android.musi: Background concurrent copying GC freed 10724(549KB) AllocSpace objects, 0(0B) LOS objects, 49% free, 2814KB/5629KB, paused 152us total 867.843ms
06-13 19:04:21.430 1283 1473 D MusicProvider: Failed to move cursor to first row (no query result)
06-13 19:04:21.436 1565 1565 D CompatibilityChangeReporter: Compat change id reported: 171979766; UID 10030; state: ENABLED
06-13 19:04:21.436 1596 1596 I preinstall.sh: type=1400 audit(0.0:471): avc: denied { write search } for name="tmp" dev="mmcblk0p25" ino=85 scontext=u:r:preinstall:s0 tcontext=u:object_r:shell_data_file:s0 tclass=dir permissive=1
06-13 19:04:21.436 1596 1596 I preinstall.sh: type=1400 audit(0.0:472): avc: denied { getattr } for path="/data/local/tmp" dev="mmcblk0p25" ino=85 scontext=u:r:preinstall:s0 tcontext=u:object_r:shell_data_file:s0 tclass=dir permissive=1
06-13 19:04:21.442 1283 1283 D music_MediaPlaybackSer: Received catalog result, success: true
06-13 19:04:21.443 1283 1283 D music_MediaPlaybackSer: OnLoadChildren.ROOT
06-13 19:04:21.443 1283 1283 D music_MediaPlaybackSer: OnLoadChildren sending 4 results for __ROOT__
06-13 19:04:21.447 670 670 D AvrcpBrowsablePlayerConnector: Received a message: msg.what=0
06-13 19:04:21.450 670 670 I AvrcpBrowsablePlayerConnector: Successfully added package to results: com.android.music
06-13 19:04:21.450 670 670 I AvrcpBrowsablePlayerConnector: Successfully connected to 1 browsable players.
06-13 19:04:21.451 670 670 I MediaPlayerList: init: Browsable Player list size is 1
06-13 19:04:21.451 670 670 D MediaPlayerList: Adding Browser Wrapper for com.android.music with id 1
06-13 19:04:21.451 670 670 I AvrcpBrowsedPlayerWrapper: getFolderItems: Grabbing cached data for mediaId: __ROOT__
06-13 19:04:21.452 670 670 D MediaPlayerList: Got the contents for: __ROOT__ : num results=4
06-13 19:04:21.452 670 670 D MediaPlayerList: Initializing list of current media players
06-13 19:04:21.456 1333 1516 I ContactLocale: AddressBook Labels [[zh_CN]]: […, A, B, C, D, E, F, G, H, I, J, K, L, M, N, O, P, Q, R, S, T, U, V, W, X, Y, Z, Α, Β, Γ, Δ, Ε, Ζ, Η, Θ, Ι, Κ, Λ, Μ, Ν, Ξ, Ο, Π, Ρ, Σ, Τ, Υ, Φ, Χ, Ψ, Ω, …, А, Б, В, Г, Д, Ђ, Е, Є, Ж, З, И, І, Й, Ј, К, Л, Љ, М, Н, Њ, О, П, Р, С, Т, Ћ, У, Ф, Х, Ц, Ч, Џ, Ш, Щ, Ю, Я, …, א, ב, ג, ד, ה, ו, ז, ח, ט, י, כ, ל, מ, נ, ס, ע, פ, צ, ק, ר, ש, ת, …, ا, ب, ت, ث, ج, ح, خ, د, ذ, ر, ز, س, ش, ص, ض, ط, ظ, ع, غ, ف, ق, ك, ل, م, ن, ه, و, ي, …, ก, ข, ฃ, ค, ฅ, ฆ, ง, จ, ฉ, ช, ซ, ฌ, ญ, ฎ, ฏ, ฐ, ฑ, ฒ, ณ, ด, ต, ถ, ท, ธ, น, บ, ป, ผ, ฝ, พ, ฟ, ภ, ม, ย, ร, ฤ, ล, ฦ, ว, ศ, ษ, ส, ห, ฬ, อ, ฮ, …, ㄱ, ㄴ, ㄷ, ㄹ, ㅁ, ㅂ, ㅅ, ㅇ, ㅈ, ㅊ, ㅋ, ㅌ, ㅍ, ㅎ, …, あ, か, さ, た, な, は, ま, や, ら, わ, #, …]
06-13 19:04:21.458 1563 1563 D CompatibilityChangeReporter: Compat change id reported: 171979766; UID 1000; state: ENABLED
06-13 19:04:21.469 1283 1283 D music_MediaPlaybackSer: onDestroy
06-13 19:04:21.469 1283 1283 D music_MusicApp: remove mount callback: com.android.music.MediaPlaybackService@2d10c00
06-13 19:04:21.469 1283 1283 D music_MediaPlaybackSer: handleStopRequest: mState=0 error=destroy
06-13 19:04:21.469 1283 1283 D music_MediaPlaybackSer: updatePlaybackState, playback state=1
06-13 19:04:21.470 1283 1283 D Playback: giveUpAudioFocus
06-13 19:04:21.470 1283 1283 D Playback: relaxResources. releaseMediaPlayer=true
06-13 19:04:21.471 1090 1258 D AppManager: checkLocalAppsIsValid:
06-13 19:04:21.496 1599 1599 I cmd : type=1400 audit(0.0:473): avc: denied { call } for scontext=u:r:preinstall:s0 tcontext=u:r:servicemanager:s0 tclass=binder permissive=1
06-13 19:04:21.496 1599 1599 I cmd : type=1400 audit(0.0:474): avc: denied { call } for scontext=u:r:preinstall:s0 tcontext=u:r:system_server:s0 tclass=binder permissive=1
06-13 19:04:21.512 1283 1283 D music_MediaPlaybackSer: updatePlaybackState, playback state=1
06-13 19:04:21.519 670 670 V MediaPlayerList: onActiveSessionsChanged: number of controllers: 0
06-13 19:04:21.523 1090 1517 E hq : ErrorCoroutineExceptionHandler:::runTry error:java.net.UnknownHostException: Unable to resolve host "ottdbui-tyapiqun7.yysh.mgtv.com": No address associated with hostname from=requestAppAdInfo
06-13 19:04:21.604 268 268 I AW_PowerHAL: Power setMode: SUSTAINED_PERFORMANCE to: 0
06-13 19:04:21.605 1563 1563 V GraphicsEnvironment: ANGLE Developer option for 'com.android.dynsystem' set to: 'default'
06-13 19:04:21.606 1563 1563 V GraphicsEnvironment: Neither updatable production driver nor prerelease driver is supported.
06-13 19:04:21.606 268 268 I AW_PowerHAL: cur-mode:SCHEDUTIL-Home
06-13 19:04:21.613 1565 1565 V GraphicsEnvironment: ANGLE Developer option for 'com.android.managedprovisioning' set to: 'default'
06-13 19:04:21.613 1565 1565 V GraphicsEnvironment: Neither updatable production driver nor prerelease driver is supported.
06-13 19:04:21.615 1563 1563 D NetworkSecurityConfig: No Network Security Config specified, using platform default
06-13 19:04:21.616 1563 1563 D NetworkSecurityConfig: No Network Security Config specified, using platform default
06-13 19:04:21.617 1565 1565 D NetworkSecurityConfig: No Network Security Config specified, using platform default
06-13 19:04:21.625 1565 1565 D NetworkSecurityConfig: No Network Security Config specified, using platform default
06-13 19:04:21.638 1563 1563 D DynamicSystemInstallationService: onStartCommand(): action=android.os.image.action.NOTIFY_IF_IN_USE
06-13 19:04:21.651 479 1372 I DynamicSystemService: isInstalled(): false
06-13 19:04:21.653 1333 1344 I d.process.acor: Background concurrent copying GC freed 18129(850KB) AllocSpace objects, 4(72KB) LOS objects, 49% free, 3386KB/6773KB, paused 1.030ms total 831.692ms
06-13 19:04:21.662 1035 1361 I MediaProvider: Scanned internal due to REASON_MOUNTED, found 5 items in 1502ms, 0 inserts 0 updates 0 deletes
06-13 19:04:21.692 479 523 E BluetoothManagerService: Wait for STATE_OFF timeout
06-13 19:04:21.692 479 523 D BluetoothManagerService: Handle enable is finished
06-13 19:04:21.711 1565 1565 I CarUiInstaller: CarUiInstaller started for com.android.managedprovisioning
06-13 19:04:21.725 1035 1361 W ModernMediaScanner: Failed to visit /oem/media: java.nio.file.NoSuchFileException: /oem/media
06-13 19:04:21.767 1035 1361 I MediaProvider: Scanned internal due to REASON_MOUNTED, found 0 items in 43ms, 0 inserts 0 updates 0 deletes
06-13 19:04:21.791 479 1372 D CompatibilityChangeReporter: Compat change id reported: 168419799; UID 10014; state: DISABLED
06-13 19:04:21.803 1484 1484 D NetworkSecurityConfig: No Network Security Config specified, using platform default
06-13 19:04:21.839 479 810 D WifiNl80211Manager: Scan result ready event
06-13 19:04:21.840 479 810 D WifiNative: Scan result ready event
06-13 19:04:21.841 479 1372 D CompatibilityChangeReporter: Compat change id reported: 135634846; UID 10055; state: DISABLED
06-13 19:04:21.841 479 1372 D CompatibilityChangeReporter: Compat change id reported: 177438394; UID 10055; state: DISABLED
06-13 19:04:21.841 479 1372 D CompatibilityChangeReporter: Compat change id reported: 135772972; UID 10055; state: DISABLED
06-13 19:04:21.841 479 1372 D CompatibilityChangeReporter: Compat change id reported: 135754954; UID 10055; state: ENABLED
06-13 19:04:21.842 479 543 D CompatibilityChangeReporter: Compat change id reported: 143937733; UID 10055; state: ENABLED
06-13 19:04:21.873 249 249 D Zygote : Forked child process 1627
06-13 19:04:21.878 479 543 I ActivityManager: app.processName = com.android.onetimeinitializer
06-13 19:04:21.878 479 543 I ActivityManager: Start proc 1627:com.android.onetimeinitializer/u0a55 for broadcast {com.android.onetimeinitializer/com.android.onetimeinitializer.OneTimeInitializerReceiver}
06-13 19:04:21.879 1090 1517 D hq : NetWorkStateReceiver:::检查网络,并且持续更新 isConnect=false
06-13 19:04:21.887 479 523 W IorapForwardingService: No service published for: iorapd
06-13 19:04:21.900 1134 1134 D aaa : LedStatusService onStartCommand begin
06-13 19:04:21.902 1627 1627 I Zygote : seccomp disabled by setenforce 0
06-13 19:04:21.953 402 419 I adbd : jdwp connection from 1627
06-13 19:04:21.953 1134 1631 D aaa : topPkg is -------------- :com.dangbei.leard.leradlauncher
06-13 19:04:21.950 294 294 W audit : audit_lost=93 audit_rate_limit=5 audit_backlog_limit=64
06-13 19:04:21.950 294 294 E audit : rate limit exceeded
06-13 19:04:21.975 1333 1516 D ContactsDatabaseHelper: WAL enabled for profile.db: true
06-13 19:04:21.997 1173 1173 D bbb : onStartCommand begin !!!!!!! data分区剩余 24979MB
06-13 19:04:22.012 479 810 D CompatibilityChangeReporter: Compat change id reported: 168419799; UID 10055; state: DISABLED
06-13 19:04:22.016 479 501 D CompatibilityChangeReporter: Compat change id reported: 171306433; UID 1000; state: ENABLED
06-13 19:04:22.065 1627 1627 D CompatibilityChangeReporter: Compat change id reported: 171979766; UID 10055; state: ENABLED
06-13 19:04:22.095 479 523 D BluetoothManagerService: MESSAGE_RESTART_BLUETOOTH_SERVICE: retry count=1
06-13 19:04:22.098 670 684 D BluetoothAdapterService: enable() - Enable called with quiet mode status = false
06-13 19:04:22.100 670 816 I AdapterState: ON : Unhandled message - BLE_TURN_ON
06-13 19:04:22.113 1627 1627 D nativeloader: classloader namespace configured for unbundled product apk. library_path=/product/priv-app/OneTimeInitializer/lib/arm:/product/lib:/system/product/lib
06-13 19:04:22.114 479 613 W IE_Capabilities: Unknown RSN cipher suite: 6ac0f00
06-13 19:04:22.157 1090 1100 I d.leradlaunche: Background young concurrent copying GC freed 46935(3806KB) AllocSpace objects, 12(368KB) LOS objects, 54% free, 7859KB/17MB, paused 37.849ms total 534.247ms
06-13 19:04:22.161 479 613 W IE_Capabilities: Unknown RSN cipher suite: 6ac0f00
06-13 19:04:22.171 479 613 W IE_Capabilities: Unknown RSN cipher suite: 6ac0f00
06-13 19:04:22.171 1627 1627 V GraphicsEnvironment: ANGLE Developer option for 'com.android.onetimeinitializer' set to: 'default'
06-13 19:04:22.172 1627 1627 V GraphicsEnvironment: Neither updatable production driver nor prerelease driver is supported.
06-13 19:04:22.174 1627 1627 D NetworkSecurityConfig: No Network Security Config specified, using platform default
06-13 19:04:22.175 1627 1627 D NetworkSecurityConfig: No Network Security Config specified, using platform default
06-13 19:04:22.181 1627 1627 V OneTimeInitializerReceiver: OneTimeInitializerReceiver.onReceive
06-13 19:04:22.194 479 613 W IE_Capabilities: Unknown RSN cipher suite: 6ac0f00
06-13 19:04:22.215 479 613 W IE_Capabilities: Unknown RSN cipher suite: 6ac0f00
06-13 19:04:22.220 479 501 I ActivityManager: com.android.packageinstaller is exempt from freezer
06-13 19:04:22.220 479 501 D CompatibilityChangeReporter: Compat change id reported: 135634846; UID 1000; state: DISABLED
06-13 19:04:22.224 479 613 W IE_Capabilities: Unknown RSN cipher suite: 6ac0f00
06-13 19:04:22.226 479 613 W IE_Capabilities: Unknown RSN cipher suite: 6ac0f00
06-13 19:04:22.235 479 613 W IE_Capabilities: Unknown RSN cipher suite: 6ac0f00
06-13 19:04:22.237 479 613 W IE_Capabilities: Unknown RSN cipher suite: 6ac0f00
06-13 19:04:22.251 479 613 W IE_Capabilities: Unknown RSN cipher suite: 6ac0f00
06-13 19:04:22.257 479 613 W IE_Capabilities: Unknown RSN cipher suite: 6ac0f00
06-13 19:04:22.258 479 613 W IE_Capabilities: Unknown RSN cipher suite: 6ac0f00
06-13 19:04:22.267 249 249 D Zygote : Forked child process 1687
06-13 19:04:22.274 479 613 W IE_Capabilities: Unknown RSN cipher suite: 6ac0f00
06-13 19:04:22.275 1687 1687 I Zygote : seccomp disabled by setenforce 0
06-13 19:04:22.277 479 543 W ActivityManager: Slow operation: 58ms so far, now at startProcess: returned from zygote!
06-13 19:04:22.307 402 419 I adbd : jdwp connection from 1687
06-13 19:04:22.314 479 543 W ActivityManager: Slow operation: 96ms so far, now at startProcess: done updating battery stats
06-13 19:04:22.315 479 543 W ActivityManager: Slow operation: 96ms so far, now at startProcess: building log message
06-13 19:04:22.315 479 543 I ActivityManager: app.processName = com.android.packageinstaller
06-13 19:04:22.315 479 543 I ActivityManager: Start proc 1687:com.android.packageinstaller/1000 for broadcast {com.android.packageinstaller/com.android.packageinstaller.TemporaryFileManager}
06-13 19:04:22.315 479 543 W ActivityManager: Slow operation: 96ms so far, now at startProcess: starting to update pids map
06-13 19:04:22.315 479 543 W ActivityManager: Slow operation: 96ms so far, now at startProcess: done updating pids map
06-13 19:04:22.412 1522 1522 I net_disconnect.: type=1400 audit(0.0:489): avc: denied { execute } for name="rgb_led_ctl" dev="dm-1" ino=188 scontext=u:r:init:s0 tcontext=u:object_r:vendor_file:s0 tclass=file permissive=1
06-13 19:04:22.421 479 1375 D CompatibilityChangeReporter: Compat change id reported: 168419799; UID 1000; state: DISABLED
06-13 19:04:22.416 1713 1713 I net_disconnect.: type=1400 audit(0.0:490): avc: denied { execute_no_trans } for path="/vendor/bin/rgb_led_ctl" dev="dm-1" ino=188 scontext=u:r:init:s0 tcontext=u:object_r:vendor_file:s0 tclass=file permissive=1
06-13 19:04:22.448 269 269 I EventThread: type=1400 audit(0.0:491): avc: denied { search } for name="extcon" dev="sysfs" ino=18109 scontext=u:r:hal_tv_cec_default:s0 tcontext=u:object_r:sysfs_extcon:s0 tclass=dir permissive=1
06-13 19:04:22.479 479 1375 W ActivityManager: Slow operation: 66ms so far, now at attachApplicationLocked: immediately after bindApplication
06-13 19:04:22.479 479 1375 W ActivityManager: Slow operation: 67ms so far, now at attachApplicationLocked: after updateLruProcessLocked
06-13 19:04:22.480 479 1375 W ActivityManager: Slow operation: 67ms so far, now at attachApplicationLocked: after mServices.attachApplicationLocked
06-13 19:04:22.519 479 1375 W ActivityManager: Slow operation: 106ms so far, now at attachApplicationLocked: after sendPendingBroadcastsLocked
06-13 19:04:22.524 1687 1687 D CompatibilityChangeReporter: Compat change id reported: 171979766; UID 1000; state: ENABLED
06-13 19:04:22.531 1090 1090 E hq : NetWorkStateReceiver:::NetWorkStateReceiver onReceive: 网络变化广播 >>>> intent.action=android.net.wifi.SCAN_RESULTS
06-13 19:04:22.544 1721 1721 I pm : type=1400 audit(0.0:492): avc: denied { write search } for name="tmp" dev="mmcblk0p25" ino=85 scontext=u:r:preinstall:s0 tcontext=u:object_r:shell_data_file:s0 tclass=dir permissive=1
06-13 19:04:22.544 1721 1721 I pm : type=1400 audit(0.0:493): avc: denied { getattr } for path="/data/local/tmp" dev="mmcblk0p25" ino=85 scontext=u:r:preinstall:s0 tcontext=u:object_r:shell_data_file:s0 tclass=dir permissive=1
06-13 19:04:22.561 661 661 E WifiHAL : wifi_get_link_stats: requestResponse Error:-5
06-13 19:04:22.564 479 609 E WifiVendorHal: getWifiLinkLayerStats_1_5_Internal(l.1191) failed {.code = ERROR_INVALID_ARGS, .description = }
06-13 19:04:22.618 1687 1687 V GraphicsEnvironment: ANGLE Developer option for 'com.android.packageinstaller' set to: 'default'
06-13 19:04:22.618 1687 1687 V GraphicsEnvironment: Neither updatable production driver nor prerelease driver is supported.
06-13 19:04:22.622 1687 1687 D NetworkSecurityConfig: No Network Security Config specified, using platform default
06-13 19:04:22.623 1687 1687 D NetworkSecurityConfig: No Network Security Config specified, using platform default
06-13 19:04:22.650 479 501 D CompatibilityChangeReporter: Compat change id reported: 135634846; UID 10073; state: DISABLED
06-13 19:04:22.650 479 501 D CompatibilityChangeReporter: Compat change id reported: 177438394; UID 10073; state: DISABLED
06-13 19:04:22.651 479 501 D CompatibilityChangeReporter: Compat change id reported: 135772972; UID 10073; state: DISABLED
06-13 19:04:22.651 479 501 D CompatibilityChangeReporter: Compat change id reported: 135754954; UID 10073; state: DISABLED
06-13 19:04:22.652 479 543 D CompatibilityChangeReporter: Compat change id reported: 143937733; UID 10073; state: DISABLED
06-13 19:04:22.660 1484 1499 I d.process.medi: Background concurrent copying GC freed 11183(510KB) AllocSpace objects, 0(0B) LOS objects, 49% free, 2826KB/5652KB, paused 141us total 355.668ms
06-13 19:04:22.675 249 249 D Zygote : Forked child process 1732
06-13 19:04:22.677 479 543 I ActivityManager: app.processName = com.android.permissioncontroller
06-13 19:04:22.677 479 543 I ActivityManager: Start proc 1732:com.android.permissioncontroller/u0a73 for broadcast {com.android.permissioncontroller/com.android.permissioncontroller.permission.service.LocationAccessCheck$SetupPeriodicBackgroundLocationAccessCheck}
06-13 19:04:22.687 1732 1732 I Zygote : seccomp disabled by setenforce 0
06-13 19:04:22.693 479 496 I system_server: Background concurrent copying GC freed 178994(8673KB) AllocSpace objects, 48(2328KB) LOS objects, 49% free, 14MB/28MB, paused 359us total 1.791s
06-13 19:04:22.726 402 419 I adbd : jdwp connection from 1732
06-13 19:04:22.794 479 1368 D CompatibilityChangeReporter: Compat change id reported: 168419799; UID 10073; state: DISABLED
06-13 19:04:22.833 1090 1258 D AppManager: checkLocalAppsIsValid: size
06-13 19:04:22.834 1090 1258 D AppManager: AppManager resetData:
06-13 19:04:22.870 1732 1732 D CompatibilityChangeReporter: Compat change id reported: 171979766; UID 10073; state: DISABLED
06-13 19:04:22.882 1732 1732 D ApplicationLoaders: Returning zygote-cached class loader: /system/framework/android.test.base.jar
06-13 19:04:22.890 479 523 W IorapForwardingService: No service published for: iorapd
06-13 19:04:22.958 294 294 W audit : audit_lost=105 audit_rate_limit=5 audit_backlog_limit=64
06-13 19:04:22.958 294 294 E audit : rate limit exceeded
06-13 19:04:22.954 479 609 W UnsafeUtil: platform method missing - proto runtime falling back to safer methods: java.lang.NoSuchMethodException: sun.misc.Unsafe.copyMemory [class java.lang.Object, long, class java.lang.Object, long, long]
06-13 19:04:23.059 1732 1732 V GraphicsEnvironment: ANGLE Developer option for 'com.android.permissioncontroller' set to: 'default'
06-13 19:04:23.059 1732 1732 V GraphicsEnvironment: Neither updatable production driver nor prerelease driver is supported.
06-13 19:04:23.079 1732 1732 D NetworkSecurityConfig: No Network Security Config specified, using platform default
06-13 19:04:23.079 1732 1732 D NetworkSecurityConfig: No Network Security Config specified, using platform default
06-13 19:04:23.083 1090 1090 W eventbuscore: post Event:com.dangbei.leard.base.entity.event.NetWifiRssiEvent
06-13 19:04:23.086 479 609 D WifiScoreReport: setShouldReduceNetworkScore=false mNetworkAgent is null? true
06-13 19:04:23.087 479 609 D WifiClientModeImpl[wlan0]: CMD_START_CONNECT my state DisconnectedState nid=0 roam=false
06-13 19:04:23.114 1732 1732 I CarUiInstaller: CarUiInstaller started for com.android.permissioncontroller
06-13 19:04:23.124 1090 1090 I Choreographer: Skipped 34 frames! The application may be doing too much work on its main thread.
06-13 19:04:23.139 479 609 W LastMileLogger: Failed to open free_buffer pseudo-file: /sys/kernel/debug/tracing/instances/wifi/free_buffer: open failed: ENOENT (No such file or directory)
06-13 19:04:23.139 479 609 W LastMileLogger: Failed to arm fail-safe.
06-13 19:04:23.143 479 609 I WifiClientModeImpl[wlan0]: Connecting with b4:2f:03:15:e9:b5 as the mac address
06-13 19:04:23.144 389 389 W wificond: Scan is not started. Ignore abort request
06-13 19:04:23.145 479 609 D SupplicantStaIfaceHal: connectToNetwork "DB-AN"WPA_PSK
06-13 19:04:23.151 479 609 I SupplicantStaIfaceHal: addSupplicantStaNetwork via HIDL
06-13 19:04:23.156 1732 1732 W Role : Cannot get ApplicationInfo for default holder: com.android.messaging
06-13 19:04:23.217 479 609 D SupplicantStaNetworkHal: The target security params: Security Parameters:
06-13 19:04:23.217 479 609 D SupplicantStaNetworkHal: Type: 2
06-13 19:04:23.217 479 609 D SupplicantStaNetworkHal: Enabled: true
06-13 19:04:23.217 479 609 D SupplicantStaNetworkHal: KeyMgmt: WPA_PSK
