06-13 19:04:04.525 186 186 I servicemanager: Found android.hardware.light.ILights/default in device VINTF manifest.
06-13 19:04:04.526 268 268 I AW_PowerHAL: AW Power HAL AIDL Service is starting.
06-13 19:04:04.527 268 268 I AW_PowerHAL: PowerHAL initiated
06-13 19:04:04.527 263 263 E cutils-trace: Error opening trace file: No such file or directory (2)
06-13 19:04:04.529 186 186 I servicemanager: Found android.hardware.power.IPower/default in device VINTF manifest.
06-13 19:04:04.532 270 270 E android.hardware.usb.gadget@1.1-service.aw: configfs setup not done yet
06-13 19:04:04.533 270 270 E cutils-trace: Error opening trace file: No such file or directory (2)
06-13 19:04:04.539 186 186 I servicemanager: Found android.hardware.rebootescrow.IRebootEscrow/default in device VINTF manifest.
06-13 19:04:04.540 248 248 I netd : Setting up StrictController hooks: 50772us
06-13 19:04:04.540 248 248 I netd : Initializing ClatdController: 334us
06-13 19:04:04.541 266 266 E cutils-trace: Error opening trace file: No such file or directory (2)
06-13 19:04:04.542 248 248 I netd : Initializing traffic control: 2126us
06-13 19:04:04.545 277 277 D Sunxi_PQ: ic_id=2, de_version=201 0x2
06-13 19:04:04.546 277 277 D Sunxi_PQ: /vendor/lib/libde201.so
06-13 19:04:04.551 277 277 D Sunxi_PQ: maybe /vendor/etc/firmware/disp_firmware, fd:-1 @O_RDONLY.
06-13 19:04:04.548 277 277 I pqd : type=1400 audit(0.0:16): avc: denied { read write } for name="disp_firmware" dev="mmcblk0p25" ino=218 scontext=u:r:pqd:s0 tcontext=u:object_r:system_data_root_file:s0 tclass=file permissive=1
06-13 19:04:04.548 277 277 I pqd : type=1400 audit(0.0:17): avc: denied { open } for path="/data/disp_firmware" dev="mmcblk0p25" ino=218 scontext=u:r:pqd:s0 tcontext=u:object_r:system_data_root_file:s0 tclass=file permissive=1
06-13 19:04:04.548 277 277 I pqd : type=1400 audit(0.0:18): avc: denied { map } for path="/data/disp_firmware" dev="mmcblk0p25" ino=218 scontext=u:r:pqd:s0 tcontext=u:object_r:system_data_root_file:s0 tclass=file permissive=1
06-13 19:04:04.552 277 277 D Sunxi_PQ: config display firmware completed...
06-13 19:04:04.552 277 277 D Sunxi_PQ: There is not the /vendor/etc/firmware/disp_firmware, creat it.
06-13 19:04:04.553 277 277 D Sunxi_PQ: sunxi PQ wait for client connect from tcp port:5005...
06-13 19:04:04.558 277 280 D Sunxi_PQ: Sunxi PQ entry tanslate thread.
06-13 19:04:04.559 277 281 D Sunxi_PQ: creat a connect thread to deal the socket.
06-13 19:04:04.559 258 258 E cutils-trace: Error opening trace file: No such file or directory (2)
06-13 19:04:04.565 255 255 E cutils-trace: Error opening trace file: No such file or directory (2)
06-13 19:04:04.568 271 271 I display.output-service: DisplayOutputManagerService is started
06-13 19:04:04.568 271 271 I display.output-service: DisplayOutputManagerService current version V2.2.0
06-13 19:04:04.569 271 271 E cutils-trace: Error opening trace file: No such file or directory (2)
06-13 19:04:04.577 266 266 W healthd : No battery devices found
06-13 19:04:04.576 270 270 I HidlServiceManagement: Registered android.hardware.usb@1.0::IUsb/default
06-13 19:04:04.576 270 270 I HidlServiceManagement: Removing namespace from process name android.hardware.usb@1.0-service.aw to usb@1.0-service.aw.
06-13 19:04:04.578 187 187 I hwservicemanager: Since vendor.display.config@1.0::IDisplayConfig/default is not registered, trying to start it as a lazy HAL.
06-13 19:04:04.579 266 266 I android.hardware.health@2.1-service: default instance initializing with healthd_config...
06-13 19:04:04.585 258 258 I HidlServiceManagement: Registered android.hardware.cas@1.2::IMediaCasService/default
06-13 19:04:04.587 258 258 I HidlServiceManagement: Removing namespace from process name android.hardware.cas@1.2-service to cas@1.2-service.
06-13 19:04:04.593 1 1 I init : processing action (boot) from (/vendor/etc/init/hw/init.oranth.rc:12)
06-13 19:04:04.593 1 1 I init : starting service 'onstartup'...
06-13 19:04:04.594 213 213 D tee_supplicant: looping
06-13 19:04:04.597 248 248 I netd : Enabling bandwidth control: 54854us
06-13 19:04:04.602 248 248 I netd : Initializing RouteController: 4763us
06-13 19:04:04.603 248 248 D XfrmController: XfrmController::ipSecAddXfrmInterface, line=1479
06-13 19:04:04.604 248 248 D XfrmController: XfrmController::ipSecRemoveTunnelInterface, line=1692
06-13 19:04:04.605 248 248 D XfrmController: deviceName=ipsec_test
06-13 19:04:04.616 269 269 E cutils-trace: Error opening trace file: No such file or directory (2)
06-13 19:04:04.631 270 270 I HidlServiceManagement: Registered android.hardware.usb.gadget@1.1::IUsbGadget/default
06-13 19:04:04.631 270 270 I android.hardware.usb@1.0-service: USB HAL Ready.
06-13 19:04:04.635 187 187 I hwservicemanager: Since vendor.display.config@1.0::IDisplayConfig/default is not registered, trying to start it as a lazy HAL.
06-13 19:04:04.638 271 271 I HidlServiceManagement: getService: Trying again for vendor.display.config@1.0::IDisplayConfig/default...
06-13 19:04:04.609 1 1 E init : Control message: Could not find 'vendor.display.config@1.0::IDisplayConfig/default' for ctl.interface_start from pid: 187 (/system/bin/hwservicemanager)
06-13 19:04:04.648 266 266 W healthd : battery none chg=
06-13 19:04:04.641 266 266 I HidlServiceManagement: Registered android.hardware.health@2.1::IHealth/default
06-13 19:04:04.641 266 266 I HidlServiceManagement: Removing namespace from process name android.hardware.health@2.1-service to health@2.1-service.
06-13 19:04:04.641 266 266 I android.hardware.health@2.1-service: default: Hal init done
06-13 19:04:04.651 187 284 W libc : Unable to set property "ctl.interface_start" to "vendor.display.config@1.0::IDisplayConfig/default": error code: 0x20
06-13 19:04:04.651 187 284 I hwservicemanager: Tried to start vendor.display.config@1.0::IDisplayConfig/default as a lazy service, but was unable to. Usually this happens when a service is not installed, but if the service is intended to be used as a lazy service, then it may be configured incorrectly.
06-13 19:04:04.658 1 1 I init : starting service 'xiriservice'...
06-13 19:04:04.664 269 269 D hdmi-cec: Loading: sunxi HDMI CEC module
06-13 19:04:04.675 254 254 I HidlServiceManagement: Registered android.hardware.audio@7.0::IDevicesFactory/default
06-13 19:04:04.676 254 254 I HidlServiceManagement: Removing namespace from process name android.hardware.audio.service to audio.service.
06-13 19:04:04.676 265 265 I sunxihwc: open: Loading: sunxi hwcomposer module
06-13 19:04:04.676 254 254 I LegacySupport: Registration complete for android.hardware.audio@7.0::IDevicesFactory/default.
06-13 19:04:04.676 265 265 E cutils-trace: Error opening trace file: No such file or directory (2)
06-13 19:04:04.680 187 290 W libc : Unable to set property "ctl.interface_start" to "vendor.display.config@1.0::IDisplayConfig/default": error code: 0x20
06-13 19:04:04.676 292 292 I init : type=1400 audit(0.0:19): avc: denied { execute_no_trans } for path="/system/bin/xiriservice.sh" dev="dm-0" ino=1296 scontext=u:r:init:s0 tcontext=u:object_r:system_file:s0 tclass=file permissive=1
06-13 19:04:04.680 275 291 E GpuMem : Failed to retrieve pinned program from /sys/fs/bpf/prog_gpu_mem_tracepoint_gpu_mem_gpu_mem_total [2(No such file or directory)]
06-13 19:04:04.681 269 294 I hdmi-cec: HDMI-CEC EventThread start
06-13 19:04:04.681 187 290 I hwservicemanager: Tried to start vendor.display.config@1.0::IDisplayConfig/default as a lazy service, but was unable to. Usually this happens when a service is not installed, but if the service is intended to be used as a lazy service, then it may be configured incorrectly.
06-13 19:04:04.682 275 291 E GpuMemTracer: Cannot initialize GpuMemTracer before GpuMem
06-13 19:04:04.681 255 255 I HidlServiceManagement: Registered android.hardware.bluetooth@1.0::IBluetoothHci/default
06-13 19:04:04.665 1 1 E init : Control message: Could not find 'vendor.display.config@1.0::IDisplayConfig/default' for ctl.interface_start from pid: 187 (/system/bin/hwservicemanager)
06-13 19:04:04.683 248 248 D XfrmController: Sending Netlink XFRM Message: XFRM_MSG_FLUSHSA
06-13 19:04:04.683 248 248 D XfrmController: Sending Netlink XFRM Message: XFRM_MSG_FLUSHPOLICY
06-13 19:04:04.683 248 248 I netd : Initializing XfrmController: 80965us
06-13 19:04:04.685 255 255 I HidlServiceManagement: Removing namespace from process name android.hardware.bluetooth@1.0-service to bluetooth@1.0-service.
06-13 19:04:04.686 255 255 I LegacySupport: Registration complete for android.hardware.bluetooth@1.0::IBluetoothHci/default.
06-13 19:04:04.687 269 269 I HidlServiceManagement: Registered android.hardware.tv.cec@1.0::IHdmiCec/default
06-13 19:04:04.688 269 269 I HidlServiceManagement: Removing namespace from process name android.hardware.tv.cec@1.0-service to cec@1.0-service.
06-13 19:04:04.688 269 269 I LegacySupport: Registration complete for android.hardware.tv.cec@1.0::IHdmiCec/default.
06-13 19:04:04.692 274 274 I credstore: Registered binder service
06-13 19:04:04.699 248 248 E cutils-trace: Error opening trace file: No such file or directory (2)
06-13 19:04:04.705 261 261 I HidlServiceManagement: Registered android.hardware.gatekeeper@1.0::IGatekeeper/default
06-13 19:04:04.705 261 261 I HidlServiceManagement: Removing namespace from process name android.hardware.gatekeeper@1.0-service-aw to gatekeeper@1.0-service-aw.
06-13 19:04:04.706 261 261 I LegacySupport: Registration complete for android.hardware.gatekeeper@1.0::IGatekeeper/default.
06-13 19:04:04.712 1 1 I init : starting service 'check_xm_hidraw'...
06-13 19:04:04.712 263 263 E gralloc : Arm Module v1.0
06-13 19:04:04.712 288 288 I onstartup.sh: type=1400 audit(0.0:20): avc: denied { write search } for name="tmp" dev="mmcblk0p25" ino=85 scontext=u:r:onstartup:s0 tcontext=u:object_r:shell_data_file:s0 tclass=dir permissive=1
06-13 19:04:04.712 288 288 I onstartup.sh: type=1400 audit(0.0:21): avc: denied { getattr } for path="/data/local/tmp" dev="mmcblk0p25" ino=85 scontext=u:r:onstartup:s0 tcontext=u:object_r:shell_data_file:s0 tclass=dir permissive=1
06-13 19:04:04.716 1 1 I init : type=1400 audit(0.0:22): avc: denied { setattr } for name="ext_csd" dev="debugfs" ino=6205 scontext=u:r:init:s0 tcontext=u:object_r:debugfs_mmc:s0 tclass=file permissive=1
06-13 19:04:04.726 1 1 I init : processing action (boot) from (/system/etc/init/dumpstate.rc:1)
06-13 19:04:04.726 1 1 I init : processing action (boot) from (/system/etc/init/gsid.rc:25)
06-13 19:04:04.727 1 1 I init : starting service 'exec 13 (/system/bin/gsid run-startup-tasks)'...
06-13 19:04:04.733 1 1 I init : processing action (boot) from (/vendor/etc/init/android.hardware.usb@1.0-service.aw.rc:6)
06-13 19:04:04.732 265 265 I HidlServiceManagement: Registered android.hardware.graphics.composer@2.2::IComposer/default
06-13 19:04:04.732 265 265 I HidlServiceManagement: Removing namespace from process name android.hardware.graphics.composer@2.2-service to composer@2.2-service.
06-13 19:04:04.740 169 169 I sunxi-rfkill soc@3000000: rfkill: set block: 0
06-13 19:04:04.740 169 169 I sunxi-rfkill soc@3000000: rfkill: bt power on success
06-13 19:04:04.736 292 292 I xiriservice.sh: type=1400 audit(0.0:23): avc: denied { write } for name="tmp" dev="mmcblk0p25" ino=85 scontext=u:r:init:s0 tcontext=u:object_r:shell_data_file:s0 tclass=dir permissive=1 bug=b/77873135
06-13 19:04:04.748 263 263 I HidlServiceManagement: Registered android.hardware.graphics.allocator@2.0::IAllocator/default
06-13 19:04:04.749 263 263 I HidlServiceManagement: Removing namespace from process name android.hardware.graphics.allocator@2.0-service to allocator@2.0-service.
06-13 19:04:04.749 263 263 I LegacySupport: Registration complete for android.hardware.graphics.allocator@2.0::IAllocator/default.
06-13 19:04:04.748 315 315 I init : type=1400 audit(0.0:24): avc: denied { write } for name="kmsg_debug" dev="tmpfs" ino=1721 scontext=u:r:init:s0 tcontext=u:object_r:kmsg_debug_device:s0 tclass=chr_file permissive=1
06-13 19:04:04.748 315 315 I init : type=1400 audit(0.0:25): avc: denied { open } for path="/dev/kmsg_debug" dev="tmpfs" ino=1721 scontext=u:r:init:s0 tcontext=u:object_r:kmsg_debug_device:s0 tclass=chr_file permissive=1
06-13 19:04:04.756 254 254 I HidlServiceManagement: Registered android.hardware.audio.effect@7.0::IEffectsFactory/default
06-13 19:04:04.756 318 318 I xiriservice.sh: type=1400 audit(0.0:26): avc: denied { execute_no_trans } for path="/system/bin/xiriservice_All" dev="dm-0" ino=1297 scontext=u:r:init:s0 tcontext=u:object_r:system_file:s0 tclass=file permissive=1
06-13 19:04:04.759 254 254 I LegacySupport: Registration complete for android.hardware.audio.effect@7.0::IEffectsFactory/default.
06-13 19:04:04.767 187 187 I hwservicemanager: getTransport: Cannot find entry android.hardware.soundtrigger@2.3::ISoundTriggerHw/default in either framework or device VINTF manifest.
06-13 19:04:04.776 254 254 E LegacySupport: Could not get passthrough implementation for android.hardware.soundtrigger@2.3::ISoundTriggerHw/default.
06-13 19:04:04.776 187 187 I hwservicemanager: getTransport: Cannot find entry android.hardware.soundtrigger@2.2::ISoundTriggerHw/default in either framework or device VINTF manifest.
06-13 19:04:04.778 254 254 E LegacySupport: Could not get passthrough implementation for android.hardware.soundtrigger@2.2::ISoundTriggerHw/default.
06-13 19:04:04.779 187 187 I hwservicemanager: getTransport: Cannot find entry android.hardware.soundtrigger@2.1::ISoundTriggerHw/default in either framework or device VINTF manifest.
06-13 19:04:04.780 254 254 E LegacySupport: Could not get passthrough implementation for android.hardware.soundtrigger@2.1::ISoundTriggerHw/default.
06-13 19:04:04.788 187 187 I hwservicemanager: getTransport: Cannot find entry android.hardware.soundtrigger@2.0::ISoundTriggerHw/default in either framework or device VINTF manifest.
06-13 19:04:04.789 254 254 E LegacySupport: Could not get passthrough implementation for android.hardware.soundtrigger@2.0::ISoundTriggerHw/default.
06-13 19:04:04.789 254 254 W audiohalservice: Could not register Soundtrigger API
06-13 19:04:04.790 187 187 I hwservicemanager: getTransport: Cannot find entry android.hardware.bluetooth.audio@2.1::IBluetoothAudioProvidersFactory/default in either framework or device VINTF manifest.
06-13 19:04:04.790 254 254 E LegacySupport: Could not get passthrough implementation for android.hardware.bluetooth.audio@2.1::IBluetoothAudioProvidersFactory/default.
06-13 19:04:04.791 187 187 I hwservicemanager: getTransport: Cannot find entry android.hardware.bluetooth.audio@2.0::IBluetoothAudioProvidersFactory/default in either framework or device VINTF manifest.
06-13 19:04:04.795 254 254 E LegacySupport: Could not get passthrough implementation for android.hardware.bluetooth.audio@2.0::IBluetoothAudioProvidersFactory/default.
06-13 19:04:04.796 254 254 W audiohalservice: Could not register Bluetooth Audio API
06-13 19:04:04.798 187 187 I hwservicemanager: getTransport: Cannot find entry android.hardware.bluetooth.a2dp@1.0::IBluetoothAudioOffload/default in either framework or device VINTF manifest.
06-13 19:04:04.807 254 254 E LegacySupport: Could not get passthrough implementation for android.hardware.bluetooth.a2dp@1.0::IBluetoothAudioOffload/default.
06-13 19:04:04.804 288 288 I onstartup.sh: type=1400 audit(0.0:27): avc: denied { getattr } for path="/data/local/fast_apks_installed" dev="mmcblk0p25" ino=222 scontext=u:r:onstartup:s0 tcontext=u:object_r:onstartup_system_file:s0 tclass=file permissive=1
06-13 19:04:04.808 254 254 W audiohalservice: Could not register Bluetooth Audio Offload API
06-13 19:04:04.814 318 318 D XiriService: XiriService version 2.5.0.11258
06-13 19:04:04.816 256 256 I ExtCamUtils@3.4: loadFromCfg: load external camera config succeed!
06-13 19:04:04.816 256 256 I ExtCamUtils@3.4: loadFromCfg: no internal ignored device specified
06-13 19:04:04.817 256 256 V CamPrvdr@2.4-external: Preferred HAL 3 minor version is 4
06-13 19:04:04.820 256 256 I HidlServiceManagement: Registered android.hardware.camera.provider@2.4::ICameraProvider/external/0
06-13 19:04:04.821 256 256 I HidlServiceManagement: Removing namespace from process name android.hardware.camera.provider@2.4-external-service to provider@2.4-external-service.
06-13 19:04:04.822 256 256 I LegacySupport: Registration complete for android.hardware.camera.provider@2.4::ICameraProvider/external/0.
06-13 19:04:04.824 256 321 I CamPrvdr@2.4-external: threadLoop start monitoring new V4L2 devices
06-13 19:04:04.824 318 318 I xiriservice_All: type=1400 audit(0.0:28): avc: denied { search } for name="com.android.connectivity.resources" dev="mmcblk0p25" ino=501 scontext=u:r:init:s0 tcontext=u:object_r:privapp_data_file:s0:c512,c768 tclass=dir permissive=1
06-13 19:04:04.824 318 318 I xiriservice_All: type=1400 audit(0.0:29): avc: denied { search } for name="android" dev="mmcblk0p25" ino=505 scontext=u:r:init:s0 tcontext=u:object_r:system_app_data_file:s0 tclass=dir permissive=1
06-13 19:04:04.828 318 318 I xiriservice_All: type=1400 audit(0.0:30): avc: denied { read } for name="lib" dev="mmcblk0p25" ino=3021 scontext=u:r:init:s0 tcontext=u:object_r:system_app_data_file:s0 tclass=lnk_file permissive=1
06-13 19:04:04.839 312 312 I gsid : no DSU: No such file or directory
06-13 19:04:04.836 319 319 I pgrep : type=1400 audit(0.0:31): avc: denied { read } for scontext=u:r:toolbox:s0 tcontext=u:r:init:s0 tclass=file permissive=1
06-13 19:04:04.836 319 319 I pgrep : type=1400 audit(0.0:32): avc: denied { read } for scontext=u:r:toolbox:s0 tcontext=u:r:kernel:s0 tclass=file permissive=1
06-13 19:04:04.836 319 319 I pgrep : type=1400 audit(0.0:33): avc: denied { read } for scontext=u:r:toolbox:s0 tcontext=u:r:vendor_init:s0 tclass=file permissive=1
06-13 19:04:04.836 319 319 I pgrep : type=1400 audit(0.0:34): avc: denied { getattr } for path="/proc/1" dev="proc" ino=1735 scontext=u:r:toolbox:s0 tcontext=u:r:init:s0 tclass=dir permissive=1
06-13 19:04:04.836 318 318 I xiriservice_All: type=1400 audit(0.0:35): avc: denied { search } for name="android.ext.shared" dev="mmcblk0p25" ino=522 scontext=u:r:init:s0 tcontext=u:object_r:app_data_file:s0:c512,c768 tclass=dir permissive=1
06-13 19:04:04.840 319 319 I pgrep : type=1400 audit(0.0:36): avc: denied { search } for name="1" dev="proc" ino=1735 scontext=u:r:toolbox:s0 tcontext=u:r:init:s0 tclass=dir permissive=1
06-13 19:04:04.840 319 319 I pgrep : type=1400 audit(0.0:37): avc: denied { open } for path="/proc/1/stat" dev="proc" ino=10317 scontext=u:r:toolbox:s0 tcontext=u:r:init:s0 tclass=file permissive=1
06-13 19:04:04.840 319 319 I pgrep : type=1400 audit(0.0:38): avc: denied { getattr } for path="/proc/2" dev="proc" ino=1013 scontext=u:r:toolbox:s0 tcontext=u:r:kernel:s0 tclass=dir permissive=1
06-13 19:04:04.840 324 324 I init : type=1400 audit(0.0:39): avc: denied { execute } for name="led_switch.sh" dev="dm-1" ino=129 scontext=u:r:init:s0 tcontext=u:object_r:vendor_file:s0 tclass=file permissive=1
06-13 19:04:04.840 324 324 I init : type=1400 audit(0.0:40): avc: denied { execute_no_trans } for path="/vendor/bin/led_switch.sh" dev="dm-1" ino=129 scontext=u:r:init:s0 tcontext=u:object_r:vendor_file:s0 tclass=file permissive=1
06-13 19:04:04.840 319 319 I pgrep : type=1400 audit(0.0:41): avc: denied { search } for name="2" dev="proc" ino=1013 scontext=u:r:toolbox:s0 tcontext=u:r:kernel:s0 tclass=dir permissive=1
06-13 19:04:04.840 319 319 I pgrep : type=1400 audit(0.0:42): avc: denied { open } for path="/proc/2/stat" dev="proc" ino=10322 scontext=u:r:toolbox:s0 tcontext=u:r:kernel:s0 tclass=file permissive=1
06-13 19:04:04.840 318 318 I xiriservice_All: type=1400 audit(0.0:43): avc: denied { read } for name="lib" dev="mmcblk0p25" ino=3031 scontext=u:r:init:s0 tcontext=u:object_r:app_data_file:s0:c512,c768 tclass=lnk_file permissive=1
06-13 19:04:04.849 276 276 E cutils-trace: Error opening trace file: No such file or directory (2)
06-13 19:04:04.851 187 187 I hwservicemanager: getTransport: Cannot find entry android.hardware.configstore@1.0::ISurfaceFlingerConfigs/default in either framework or device VINTF manifest.
06-13 19:04:04.852 319 319 I pgrep : type=1400 audit(0.0:44): avc: denied { sys_ptrace } for capability=19 scontext=u:r:toolbox:s0 tcontext=u:r:toolbox:s0 tclass=capability permissive=1
06-13 19:04:04.852 319 319 I pgrep : type=1400 audit(0.0:45): avc: denied { read } for scontext=u:r:toolbox:s0 tcontext=u:r:ueventd:s0 tclass=file permissive=1
06-13 19:04:04.852 319 319 I pgrep : type=1400 audit(0.0:46): avc: denied { read } for scontext=u:r:toolbox:s0 tcontext=u:r:logd:s0 tclass=file permissive=1
06-13 19:04:04.852 319 319 I pgrep : type=1400 audit(0.0:47): avc: denied { read } for scontext=u:r:toolbox:s0 tcontext=u:r:lmkd:s0 tclass=file permissive=1
06-13 19:04:04.852 319 319 I pgrep : type=1400 audit(0.0:48): avc: denied { read } for scontext=u:r:toolbox:s0 tcontext=u:r:servicemanager:s0 tclass=file permissive=1
06-13 19:04:04.852 319 319 I pgrep : type=1400 audit(0.0:49): avc: denied { read } for scontext=u:r:toolbox:s0 tcontext=u:r:hwservicemanager:s0 tclass=file permissive=1
06-13 19:04:04.852 319 319 I pgrep : type=1400 audit(0.0:50): avc: denied { read } for scontext=u:r:toolbox:s0 tcontext=u:r:vndservicemanager:s0 tclass=file permissive=1
06-13 19:04:04.852 319 319 I pgrep : type=1400 audit(0.0:51): avc: denied { read } for scontext=u:r:toolbox:s0 tcontext=u:r:shell:s0 tclass=file permissive=1
06-13 19:04:04.852 319 319 I pgrep : type=1400 audit(0.0:52): avc: denied { read } for scontext=u:r:toolbox:s0 tcontext=u:r:vold:s0 tclass=file permissive=1
06-13 19:04:04.852 319 319 I pgrep : type=1400 audit(0.0:53): avc: denied { read } for scontext=u:r:toolbox:s0 tcontext=u:r:system_suspend:s0 tclass=file permissive=1
06-13 19:04:04.852 319 319 I pgrep : type=1400 audit(0.0:54): avc: denied { read } for scontext=u:r:toolbox:s0 tcontext=u:r:keystore:s0 tclass=file permissive=1
06-13 19:04:04.852 319 319 I pgrep : type=1400 audit(0.0:55): avc: denied { read } for scontext=u:r:toolbox:s0 tcontext=u:r:hal_bootctl_default:s0 tclass=file permissive=1
06-13 19:04:04.852 319 319 I pgrep : type=1400 audit(0.0:56): avc: denied { read } for scontext=u:r:toolbox:s0 tcontext=u:r:hal_keymint_default:s0 tclass=file permissive=1
06-13 19:04:04.852 319 319 I pgrep : type=1400 audit(0.0:57): avc: denied { read } for scontext=u:r:toolbox:s0 tcontext=u:r:tee:s0 tclass=file permissive=1
06-13 19:04:04.852 319 319 I pgrep : type=1400 audit(0.0:58): avc: denied { read } for scontext=u:r:toolbox:s0 tcontext=u:r:tombstoned:s0 tclass=file permissive=1
06-13 19:04:04.852 319 319 I pgrep : type=1400 audit(0.0:59): avc: denied { read } for scontext=u:r:toolbox:s0 tcontext=u:r:statsd:s0 tclass=file permissive=1
06-13 19:04:04.852 319 319 I pgrep : type=1400 audit(0.0:60): avc: denied { read } for scontext=u:r:toolbox:s0 tcontext=u:r:netd:s0 tclass=file permissive=1
06-13 19:04:04.852 319 319 I pgrep : type=1400 audit(0.0:61): avc: denied { read } for scontext=u:r:toolbox:s0 tcontext=u:r:zygote:s0 tclass=file permissive=1
06-13 19:04:04.852 319 319 I pgrep : type=1400 audit(0.0:62): avc: denied { read } for scontext=u:r:toolbox:s0 tcontext=u:r:hal_allocator_default:s0 tclass=file permissive=1
06-13 19:04:04.852 319 319 I pgrep : type=1400 audit(0.0:63): avc: denied { read } for scontext=u:r:toolbox:s0 tcontext=u:r:hal_audio_default:s0 tclass=file permissive=1
06-13 19:04:04.852 319 319 I pgrep : type=1400 audit(0.0:64): avc: denied { read } for scontext=u:r:toolbox:s0 tcontext=u:r:hal_bluetooth_default:s0 tclass=file permissive=1
06-13 19:04:04.852 319 319 I pgrep : type=1400 audit(0.0:65): avc: denied { read } for scontext=u:r:toolbox:s0 tcontext=u:r:hal_camera_default:s0 tclass=file permissive=1
06-13 19:04:04.852 319 319 I pgrep : type=1400 audit(0.0:66): avc: denied { read } for scontext=u:r:toolbox:s0 tcontext=u:r:hal_cas_default:s0 tclass=file permissive=1
06-13 19:04:04.852 319 319 I pgrep : type=1400 audit(0.0:67): avc: denied { read } for scontext=u:r:toolbox:s0 tcontext=u:r:hal_gatekeeper_default:s0 tclass=file permissive=1
06-13 19:04:04.852 319 319 I pgrep : type=1400 audit(0.0:68): avc: denied { read } for scontext=u:r:toolbox:s0 tcontext=u:r:hal_graphics_allocator_default:s0 tclass=file permissive=1
06-13 19:04:04.852 319 319 I pgrep : type=1400 audit(0.0:69): avc: denied { read } for scontext=u:r:toolbox:s0 tcontext=u:r:hal_graphics_composer_default:s0 tclass=file permissive=1
06-13 19:04:04.852 319 319 I pgrep : type=1400 audit(0.0:70): avc: denied { read } for scontext=u:r:toolbox:s0 tcontext=u:r:hal_health_default:s0 tclass=file permissive=1
06-13 19:04:04.852 319 319 I pgrep : type=1400 audit(0.0:71): avc: denied { read } for scontext=u:r:toolbox:s0 tcontext=u:r:hal_light_default:s0 tclass=file permissive=1
06-13 19:04:04.862 249 249 D AndroidRuntime: >>>>>> START com.android.internal.os.ZygoteInit uid 0 <<<<<<
06-13 19:04:04.852 319 319 I pgrep : type=1400 audit(0.0:72): avc: denied { read } for scontext=u:r:toolbox:s0 tcontext=u:r:hal_power_default:s0 tclass=file permissive=1
06-13 19:04:04.852 319 319 I pgrep : type=1400 audit(0.0:73): avc: denied { read } for scontext=u:r:toolbox:s0 tcontext=u:r:hal_tv_cec_default:s0 tclass=file permissive=1
06-13 19:04:04.852 319 319 I pgrep : type=1400 audit(0.0:74): avc: denied { read } for scontext=u:r:toolbox:s0 tcontext=u:r:hal_usb_impl:s0 tclass=file permissive=1
06-13 19:04:04.852 319 319 I pgrep : type=1400 audit(0.0:75): avc: denied { read } for scontext=u:r:toolbox:s0 tcontext=u:r:hal_awdisplayoutput_default:s0 tclass=file permissive=1
06-13 19:04:04.852 319 319 I pgrep : type=1400 audit(0.0:76): avc: denied { read } for scontext=u:r:toolbox:s0 tcontext=u:r:hal_rebootescrow_default:s0 tclass=file permissive=1
06-13 19:04:04.852 319 319 I pgrep : type=1400 audit(0.0:77): avc: denied { read } for scontext=u:r:toolbox:s0 tcontext=u:r:audioserver:s0 tclass=file permissive=1
06-13 19:04:04.852 319 319 I pgrep : type=1400 audit(0.0:78): avc: denied { read } for scontext=u:r:toolbox:s0 tcontext=u:r:credstore:s0 tclass=file permissive=1
06-13 19:04:04.852 319 319 I pgrep : type=1400 audit(0.0:79): avc: denied { read } for scontext=u:r:toolbox:s0 tcontext=u:r:gpuservice:s0 tclass=file permissive=1
06-13 19:04:04.852 319 319 I pgrep : type=1400 audit(0.0:80): avc: denied { read } for scontext=u:r:toolbox:s0 tcontext=u:r:surfaceflinger:s0 tclass=file permissive=1
06-13 19:04:04.852 319 319 I pgrep : type=1400 audit(0.0:81): avc: denied { read } for scontext=u:r:toolbox:s0 tcontext=u:r:pqd:s0 tclass=file permissive=1
06-13 19:04:04.852 319 319 I pgrep : type=1400 audit(0.0:82): avc: denied { getattr } for path="/proc/169" dev="proc" ino=6522 scontext=u:r:toolbox:s0 tcontext=u:r:vendor_init:s0 tclass=dir permissive=1
06-13 19:04:04.852 319 319 I pgrep : type=1400 audit(0.0:83): avc: denied { search } for name="169" dev="proc" ino=6522 scontext=u:r:toolbox:s0 tcontext=u:r:vendor_init:s0 tclass=dir permissive=1
06-13 19:04:04.852 319 319 I pgrep : type=1400 audit(0.0:84): avc: denied { open } for path="/proc/169/stat" dev="proc" ino=10428 scontext=u:r:toolbox:s0 tcontext=u:r:vendor_init:s0 tclass=file permissive=1
06-13 19:04:04.852 319 319 I pgrep : type=1400 audit(0.0:85): avc: denied { getattr } for path="/proc/172" dev="proc" ino=6564 scontext=u:r:toolbox:s0 tcontext=u:r:ueventd:s0 tclass=dir permissive=1
06-13 19:04:04.852 319 319 I pgrep : type=1400 audit(0.0:86): avc: denied { search } for name="172" dev="proc" ino=6564 scontext=u:r:toolbox:s0 tcontext=u:r:ueventd:s0 tclass=dir permissive=1
06-13 19:04:04.852 319 319 I pgrep : type=1400 audit(0.0:87): avc: denied { open } for path="/proc/172/stat" dev="proc" ino=10429 scontext=u:r:toolbox:s0 tcontext=u:r:ueventd:s0 tclass=file permissive=1
06-13 19:04:04.856 319 319 I pgrep : type=1400 audit(0.0:88): avc: denied { read } for scontext=u:r:toolbox:s0 tcontext=u:r:kernel:s0 tclass=file permissive=1
06-13 19:04:04.856 319 319 I pgrep : type=1400 audit(0.0:89): avc: denied { open } for path="/proc/174/stat" dev="proc" ino=10430 scontext=u:r:toolbox:s0 tcontext=u:r:kernel:s0 tclass=file permissive=1
06-13 19:04:04.870 276 276 I SurfaceFlinger: Using HWComposer service: default
06-13 19:04:04.870 276 276 I SurfaceFlinger: SurfaceFlinger is starting
06-13 19:04:04.856 319 319 I pgrep : type=1400 audit(0.0:90): avc: denied { getattr } for path="/proc/184" dev="proc" ino=6663 scontext=u:r:toolbox:s0 tcontext=u:r:logd:s0 tclass=dir permissive=1
06-13 19:04:04.856 318 318 I xiriservice_All: type=1400 audit(0.0:91): avc: denied { search } for name="com.android.permissioncontroller" dev="mmcblk0p25" ino=551 scontext=u:r:init:s0 tcontext=u:object_r:privapp_data_file:s0:c73,c256,c512,c768 tclass=dir permissive=1
06-13 19:04:04.856 319 319 I pgrep : type=1400 audit(0.0:92): avc: denied { search } for name="184" dev="proc" ino=6663 scontext=u:r:toolbox:s0 tcontext=u:r:logd:s0 tclass=dir permissive=1
06-13 19:04:04.856 319 319 I pgrep : type=1400 audit(0.0:93): avc: denied { open } for path="/proc/184/stat" dev="proc" ino=10432 scontext=u:r:toolbox:s0 tcontext=u:r:logd:s0 tclass=file permissive=1
06-13 19:04:04.856 319 319 I pgrep : type=1400 audit(0.0:94): avc: denied { getattr } for path="/proc/185" dev="proc" ino=1895 scontext=u:r:toolbox:s0 tcontext=u:r:lmkd:s0 tclass=dir permissive=1
06-13 19:04:04.856 319 319 I pgrep : type=1400 audit(0.0:95): avc: denied { search } for name="185" dev="proc" ino=1895 scontext=u:r:toolbox:s0 tcontext=u:r:lmkd:s0 tclass=dir permissive=1
06-13 19:04:04.856 319 319 I pgrep : type=1400 audit(0.0:96): avc: denied { open } for path="/proc/185/stat" dev="proc" ino=10433 scontext=u:r:toolbox:s0 tcontext=u:r:lmkd:s0 tclass=file permissive=1
06-13 19:04:04.856 319 319 I pgrep : type=1400 audit(0.0:97): avc: denied { getattr } for path="/proc/186" dev="proc" ino=6673 scontext=u:r:toolbox:s0 tcontext=u:r:servicemanager:s0 tclass=dir permissive=1
06-13 19:04:04.856 319 319 I pgrep : type=1400 audit(0.0:98): avc: denied { search } for name="186" dev="proc" ino=6673 scontext=u:r:toolbox:s0 tcontext=u:r:servicemanager:s0 tclass=dir permissive=1
06-13 19:04:04.856 319 319 I pgrep : type=1400 audit(0.0:99): avc: denied { open } for path="/proc/186/stat" dev="proc" ino=10434 scontext=u:r:toolbox:s0 tcontext=u:r:servicemanager:s0 tclass=file permissive=1
06-13 19:04:04.856 319 319 I pgrep : type=1400 audit(0.0:100): avc: denied { getattr } for path="/proc/187" dev="proc" ino=3379 scontext=u:r:toolbox:s0 tcontext=u:r:hwservicemanager:s0 tclass=dir permissive=1
06-13 19:04:04.872 187 187 I hwservicemanager: getTransport: Cannot find entry android.hardware.configstore@1.1::ISurfaceFlingerConfigs/default in either framework or device VINTF manifest.
06-13 19:04:04.856 319 319 I pgrep : type=1400 audit(0.0:101): avc: denied { search } for name="187" dev="proc" ino=3379 scontext=u:r:toolbox:s0 tcontext=u:r:hwservicemanager:s0 tclass=dir permissive=1
06-13 19:04:04.856 319 319 I pgrep : type=1400 audit(0.0:102): avc: denied { open } for path="/proc/187/stat" dev="proc" ino=10435 scontext=u:r:toolbox:s0 tcontext=u:r:hwservicemanager:s0 tclass=file permissive=1
06-13 19:04:04.856 318 318 I xiriservice_All: type=1400 audit(0.0:103): avc: denied { read } for name="lib" dev="mmcblk0p25" ino=2996 scontext=u:r:init:s0 tcontext=u:object_r:privapp_data_file:s0:c512,c768 tclass=lnk_file permissive=1
06-13 19:04:04.856 319 319 I pgrep : type=1400 audit(0.0:104): avc: denied { getattr } for path="/proc/188" dev="proc" ino=3387 scontext=u:r:toolbox:s0 tcontext=u:r:vndservicemanager:s0 tclass=dir permissive=1
06-13 19:04:04.856 319 319 I pgrep : type=1400 audit(0.0:105): avc: denied { search } for name="188" dev="proc" ino=3387 scontext=u:r:toolbox:s0 tcontext=u:r:vndservicemanager:s0 tclass=dir permissive=1
06-13 19:04:04.856 319 319 I pgrep : type=1400 audit(0.0:106): avc: denied { open } for path="/proc/188/stat" dev="proc" ino=10436 scontext=u:r:toolbox:s0 tcontext=u:r:vndservicemanager:s0 tclass=file permissive=1
06-13 19:04:04.856 319 319 I pgrep : type=1400 audit(0.0:107): avc: denied { getattr } for path="/proc/190" dev="proc" ino=6679 scontext=u:r:toolbox:s0 tcontext=u:r:shell:s0 tclass=dir permissive=1
06-13 19:04:04.856 319 319 I pgrep : type=1400 audit(0.0:108): avc: denied { search } for name="190" dev="proc" ino=6679 scontext=u:r:toolbox:s0 tcontext=u:r:shell:s0 tclass=dir permissive=1
06-13 19:04:04.856 319 319 I pgrep : type=1400 audit(0.0:109): avc: denied { open } for path="/proc/190/stat" dev="proc" ino=10438 scontext=u:r:toolbox:s0 tcontext=u:r:shell:s0 tclass=file permissive=1
06-13 19:04:04.856 319 319 I pgrep : type=1400 audit(0.0:110): avc: denied { getattr } for path="/proc/194" dev="proc" ino=6706 scontext=u:r:toolbox:s0 tcontext=u:r:vold:s0 tclass=dir permissive=1
06-13 19:04:04.856 319 319 I pgrep : type=1400 audit(0.0:111): avc: denied { search } for name="194" dev="proc" ino=6706 scontext=u:r:toolbox:s0 tcontext=u:r:vold:s0 tclass=dir permissive=1
06-13 19:04:04.856 319 319 I pgrep : type=1400 audit(0.0:112): avc: denied { open } for path="/proc/194/stat" dev="proc" ino=10439 scontext=u:r:toolbox:s0 tcontext=u:r:vold:s0 tclass=file permissive=1
06-13 19:04:04.856 319 319 I pgrep : type=1400 audit(0.0:113): avc: denied { getattr } for path="/proc/209" dev="proc" ino=3452 scontext=u:r:toolbox:s0 tcontext=u:r:system_suspend:s0 tclass=dir permissive=1
06-13 19:04:04.856 319 319 I pgrep : type=1400 audit(0.0:114): avc: denied { search } for name="209" dev="proc" ino=3452 scontext=u:r:toolbox:s0 tcontext=u:r:system_suspend:s0 tclass=dir permissive=1
06-13 19:04:04.856 319 319 I pgrep : type=1400 audit(0.0:115): avc: denied { open } for path="/proc/209/stat" dev="proc" ino=10445 scontext=u:r:toolbox:s0 tcontext=u:r:system_suspend:s0 tclass=file permissive=1
06-13 19:04:04.856 319 319 I pgrep : type=1400 audit(0.0:116): avc: denied { getattr } for path="/proc/210" dev="proc" ino=3462 scontext=u:r:toolbox:s0 tcontext=u:r:keystore:s0 tclass=dir permissive=1
06-13 19:04:04.856 319 319 I pgrep : type=1400 audit(0.0:117): avc: denied { search } for name="210" dev="proc" ino=3462 scontext=u:r:toolbox:s0 tcontext=u:r:keystore:s0 tclass=dir permissive=1
06-13 19:04:04.856 319 319 I pgrep : type=1400 audit(0.0:118): avc: denied { open } for path="/proc/210/stat" dev="proc" ino=10446 scontext=u:r:toolbox:s0 tcontext=u:r:keystore:s0 tclass=file permissive=1
06-13 19:04:04.856 319 319 I pgrep : type=1400 audit(0.0:119): avc: denied { getattr } for path="/proc/211" dev="proc" ino=2014 scontext=u:r:toolbox:s0 tcontext=u:r:hal_bootctl_default:s0 tclass=dir permissive=1
06-13 19:04:04.856 319 319 I pgrep : type=1400 audit(0.0:120): avc: denied { search } for name="211" dev="proc" ino=2014 scontext=u:r:toolbox:s0 tcontext=u:r:hal_bootctl_default:s0 tclass=dir permissive=1
06-13 19:04:04.856 319 319 I pgrep : type=1400 audit(0.0:121): avc: denied { open } for path="/proc/211/stat" dev="proc" ino=10447 scontext=u:r:toolbox:s0 tcontext=u:r:hal_bootctl_default:s0 tclass=file permissive=1
06-13 19:04:04.856 319 319 I pgrep : type=1400 audit(0.0:122): avc: denied { getattr } for path="/proc/212" dev="proc" ino=2019 scontext=u:r:toolbox:s0 tcontext=u:r:hal_keymint_default:s0 tclass=dir permissive=1
06-13 19:04:04.856 319 319 I pgrep : type=1400 audit(0.0:123): avc: denied { search } for name="212" dev="proc" ino=2019 scontext=u:r:toolbox:s0 tcontext=u:r:hal_keymint_default:s0 tclass=dir permissive=1
06-13 19:04:04.856 319 319 I pgrep : type=1400 audit(0.0:124): avc: denied { open } for path="/proc/212/stat" dev="proc" ino=10448 scontext=u:r:toolbox:s0 tcontext=u:r:hal_keymint_default:s0 tclass=file permissive=1
06-13 19:04:04.860 319 319 I pgrep : type=1400 audit(0.0:125): avc: denied { getattr } for path="/proc/213" dev="proc" ino=6776 scontext=u:r:toolbox:s0 tcontext=u:r:tee:s0 tclass=dir permissive=1
06-13 19:04:04.860 319 319 I pgrep : type=1400 audit(0.0:126): avc: denied { search } for name="213" dev="proc" ino=6776 scontext=u:r:toolbox:s0 tcontext=u:r:tee:s0 tclass=dir permissive=1
06-13 19:04:04.860 319 319 I pgrep : type=1400 audit(0.0:127): avc: denied { open } for path="/proc/213/stat" dev="proc" ino=10449 scontext=u:r:toolbox:s0 tcontext=u:r:tee:s0 tclass=file permissive=1
06-13 19:04:04.860 319 319 I pgrep : type=1400 audit(0.0:128): avc: denied { getattr } for path="/proc/224" dev="proc" ino=3655 scontext=u:r:toolbox:s0 tcontext=u:r:tombstoned:s0 tclass=dir permissive=1
06-13 19:04:04.860 319 319 I pgrep : type=1400 audit(0.0:129): avc: denied { search } for name="224" dev="proc" ino=3655 scontext=u:r:toolbox:s0 tcontext=u:r:tombstoned:s0 tclass=dir permissive=1
06-13 19:04:04.860 319 319 I pgrep : type=1400 audit(0.0:130): avc: denied { open } for path="/proc/224/stat" dev="proc" ino=10453 scontext=u:r:toolbox:s0 tcontext=u:r:tombstoned:s0 tclass=file permissive=1
06-13 19:04:04.860 319 319 I pgrep : type=1400 audit(0.0:131): avc: denied { getattr } for path="/proc/247" dev="proc" ino=7409 scontext=u:r:toolbox:s0 tcontext=u:r:statsd:s0 tclass=dir permissive=1
06-13 19:04:04.860 319 319 I pgrep : type=1400 audit(0.0:132): avc: denied { read } for scontext=u:r:toolbox:s0 tcontext=u:r:statsd:s0 tclass=file permissive=1
06-13 19:04:04.860 319 319 I pgrep : type=1400 audit(0.0:133): avc: denied { search } for name="247" dev="proc" ino=7409 scontext=u:r:toolbox:s0 tcontext=u:r:statsd:s0 tclass=dir permissive=1
06-13 19:04:04.860 319 319 I pgrep : type=1400 audit(0.0:134): avc: denied { open } for path="/proc/247/stat" dev="proc" ino=10455 scontext=u:r:toolbox:s0 tcontext=u:r:statsd:s0 tclass=file permissive=1
06-13 19:04:04.860 319 319 I pgrep : type=1400 audit(0.0:135): avc: denied { getattr } for path="/proc/248" dev="proc" ino=393 scontext=u:r:toolbox:s0 tcontext=u:r:netd:s0 tclass=dir permissive=1
06-13 19:04:04.860 319 319 I pgrep : type=1400 audit(0.0:136): avc: denied { search } for name="248" dev="proc" ino=393 scontext=u:r:toolbox:s0 tcontext=u:r:netd:s0 tclass=dir permissive=1
06-13 19:04:04.860 319 319 I pgrep : type=1400 audit(0.0:137): avc: denied { open } for path="/proc/248/stat" dev="proc" ino=10456 scontext=u:r:toolbox:s0 tcontext=u:r:netd:s0 tclass=file permissive=1
06-13 19:04:04.860 319 319 I pgrep : type=1400 audit(0.0:138): avc: denied { getattr } for path="/proc/249" dev="proc" ino=7025 scontext=u:r:toolbox:s0 tcontext=u:r:zygote:s0 tclass=dir permissive=1
06-13 19:04:04.860 319 319 I pgrep : type=1400 audit(0.0:139): avc: denied { search } for name="249" dev="proc" ino=7025 scontext=u:r:toolbox:s0 tcontext=u:r:zygote:s0 tclass=dir permissive=1
06-13 19:04:04.860 319 319 I pgrep : type=1400 audit(0.0:140): avc: denied { open } for path="/proc/249/stat" dev="proc" ino=10457 scontext=u:r:toolbox:s0 tcontext=u:r:zygote:s0 tclass=file permissive=1
06-13 19:04:04.860 319 319 I pgrep : type=1400 audit(0.0:141): avc: denied { getattr } for path="/proc/253" dev="proc" ino=7057 scontext=u:r:toolbox:s0 tcontext=u:r:hal_allocator_default:s0 tclass=dir permissive=1
06-13 19:04:04.860 319 319 I pgrep : type=1400 audit(0.0:142): avc: denied { search } for name="253" dev="proc" ino=7057 scontext=u:r:toolbox:s0 tcontext=u:r:hal_allocator_default:s0 tclass=dir permissive=1
06-13 19:04:04.860 319 319 I pgrep : type=1400 audit(0.0:143): avc: denied { open } for path="/proc/253/stat" dev="proc" ino=10458 scontext=u:r:toolbox:s0 tcontext=u:r:hal_allocator_default:s0 tclass=file permissive=1
06-13 19:04:04.860 319 319 I pgrep : type=1400 audit(0.0:144): avc: denied { getattr } for path="/proc/254" dev="proc" ino=3784 scontext=u:r:toolbox:s0 tcontext=u:r:hal_audio_default:s0 tclass=dir permissive=1
06-13 19:04:04.860 319 319 I pgrep : type=1400 audit(0.0:145): avc: denied { search } for name="254" dev="proc" ino=3784 scontext=u:r:toolbox:s0 tcontext=u:r:hal_audio_default:s0 tclass=dir permissive=1
06-13 19:04:04.860 319 319 I pgrep : type=1400 audit(0.0:146): avc: denied { open } for path="/proc/254/stat" dev="proc" ino=10459 scontext=u:r:toolbox:s0 tcontext=u:r:hal_audio_default:s0 tclass=file permissive=1
06-13 19:04:04.860 319 319 I pgrep : type=1400 audit(0.0:147): avc: denied { getattr } for path="/proc/255" dev="proc" ino=3812 scontext=u:r:toolbox:s0 tcontext=u:r:hal_bluetooth_default:s0 tclass=dir permissive=1
06-13 19:04:04.860 319 319 I pgrep : type=1400 audit(0.0:148): avc: denied { search } for name="255" dev="proc" ino=3812 scontext=u:r:toolbox:s0 tcontext=u:r:hal_bluetooth_default:s0 tclass=dir permissive=1
06-13 19:04:04.860 319 319 I pgrep : type=1400 audit(0.0:149): avc: denied { open } for path="/proc/255/stat" dev="proc" ino=10460 scontext=u:r:toolbox:s0 tcontext=u:r:hal_bluetooth_default:s0 tclass=file permissive=1
06-13 19:04:04.860 319 319 I pgrep : type=1400 audit(0.0:150): avc: denied { getattr } for path="/proc/256" dev="proc" ino=7454 scontext=u:r:toolbox:s0 tcontext=u:r:hal_camera_default:s0 tclass=dir permissive=1
06-13 19:04:04.860 318 318 I xiriservice_All: type=1400 audit(0.0:151): avc: denied { search } for name="com.android.internal.systemui.navbar.gestural_wide_back" dev="mmcblk0p25" ino=626 scontext=u:r:init:s0 tcontext=u:object_r:app_data_file:s0:c0,c256,c512,c768 tclass=dir permissive=1
06-13 19:04:04.860 319 319 I pgrep : type=1400 audit(0.0:152): avc: denied { search } for name="256" dev="proc" ino=7454 scontext=u:r:toolbox:s0 tcontext=u:r:hal_camera_default:s0 tclass=dir permissive=1
06-13 19:04:04.860 319 319 I pgrep : type=1400 audit(0.0:153): avc: denied { open } for path="/proc/256/stat" dev="proc" ino=10461 scontext=u:r:toolbox:s0 tcontext=u:r:hal_camera_default:s0 tclass=file permissive=1
06-13 19:04:04.860 319 319 I pgrep : type=1400 audit(0.0:154): avc: denied { getattr } for path="/proc/258" dev="proc" ino=7126 scontext=u:r:toolbox:s0 tcontext=u:r:hal_cas_default:s0 tclass=dir permissive=1
06-13 19:04:04.860 319 319 I pgrep : type=1400 audit(0.0:155): avc: denied { search } for name="258" dev="proc" ino=7126 scontext=u:r:toolbox:s0 tcontext=u:r:hal_cas_default:s0 tclass=dir permissive=1
06-13 19:04:04.860 319 319 I pgrep : type=1400 audit(0.0:156): avc: denied { open } for path="/proc/258/stat" dev="proc" ino=10463 scontext=u:r:toolbox:s0 tcontext=u:r:hal_cas_default:s0 tclass=file permissive=1
06-13 19:04:04.864 319 319 I pgrep : type=1400 audit(0.0:157): avc: denied { getattr } for path="/proc/261" dev="proc" ino=3814 scontext=u:r:toolbox:s0 tcontext=u:r:hal_gatekeeper_default:s0 tclass=dir permissive=1
06-13 19:04:04.864 319 319 I pgrep : type=1400 audit(0.0:158): avc: denied { search } for name="261" dev="proc" ino=3814 scontext=u:r:toolbox:s0 tcontext=u:r:hal_gatekeeper_default:s0 tclass=dir permissive=1
06-13 19:04:04.864 319 319 I pgrep : type=1400 audit(0.0:159): avc: denied { open } for path="/proc/261/stat" dev="proc" ino=10465 scontext=u:r:toolbox:s0 tcontext=u:r:hal_gatekeeper_default:s0 tclass=file permissive=1
06-13 19:04:04.864 318 318 I xiriservice_All: type=1400 audit(0.0:160): avc: denied { search } for name="com.sohu.inputmethod.sogou.tv" dev="mmcblk0p25" ino=1406 scontext=u:r:init:s0 tcontext=u:object_r:app_data_file:s0:c41,c256,c512,c768 tclass=dir permissive=1
06-13 19:04:04.864 319 319 I pgrep : type=1400 audit(0.0:161): avc: denied { getattr } for path="/proc/263" dev="proc" ino=7143 scontext=u:r:toolbox:s0 tcontext=u:r:hal_graphics_allocator_default:s0 tclass=dir permissive=1
06-13 19:04:04.864 319 319 I pgrep : type=1400 audit(0.0:162): avc: denied { search } for name="263" dev="proc" ino=7143 scontext=u:r:toolbox:s0 tcontext=u:r:hal_graphics_allocator_default:s0 tclass=dir permissive=1
06-13 19:04:04.864 319 319 I pgrep : type=1400 audit(0.0:163): avc: denied { open } for path="/proc/263/stat" dev="proc" ino=10466 scontext=u:r:toolbox:s0 tcontext=u:r:hal_graphics_allocator_default:s0 tclass=file permissive=1
06-13 19:04:04.864 319 319 I pgrep : type=1400 audit(0.0:164): avc: denied { getattr } for path="/proc/265" dev="proc" ino=3823 scontext=u:r:toolbox:s0 tcontext=u:r:hal_graphics_composer_default:s0 tclass=dir permissive=1
06-13 19:04:04.864 319 319 I pgrep : type=1400 audit(0.0:165): avc: denied { search } for name="265" dev="proc" ino=3823 scontext=u:r:toolbox:s0 tcontext=u:r:hal_graphics_composer_default:s0 tclass=dir permissive=1
06-13 19:04:04.864 319 319 I pgrep : type=1400 audit(0.0:166): avc: denied { open } for path="/proc/265/stat" dev="proc" ino=10467 scontext=u:r:toolbox:s0 tcontext=u:r:hal_graphics_composer_default:s0 tclass=file permissive=1
06-13 19:04:04.864 319 319 I pgrep : type=1400 audit(0.0:167): avc: denied { getattr } for path="/proc/266" dev="proc" ino=3828 scontext=u:r:toolbox:s0 tcontext=u:r:hal_health_default:s0 tclass=dir permissive=1
06-13 19:04:04.864 319 319 I pgrep : type=1400 audit(0.0:168): avc: denied { search } for name="266" dev="proc" ino=3828 scontext=u:r:toolbox:s0 tcontext=u:r:hal_health_default:s0 tclass=dir permissive=1
06-13 19:04:04.864 319 319 I pgrep : type=1400 audit(0.0:169): avc: denied { open } for path="/proc/266/stat" dev="proc" ino=10468 scontext=u:r:toolbox:s0 tcontext=u:r:hal_health_default:s0 tclass=file permissive=1
06-13 19:04:04.864 319 319 I pgrep : type=1400 audit(0.0:170): avc: denied { getattr } for path="/proc/267" dev="proc" ino=3825 scontext=u:r:toolbox:s0 tcontext=u:r:hal_light_default:s0 tclass=dir permissive=1
06-13 19:04:04.864 319 319 I pgrep : type=1400 audit(0.0:171): avc: denied { search } for name="267" dev="proc" ino=3825 scontext=u:r:toolbox:s0 tcontext=u:r:hal_light_default:s0 tclass=dir permissive=1
06-13 19:04:04.864 319 319 I pgrep : type=1400 audit(0.0:172): avc: denied { open } for path="/proc/267/stat" dev="proc" ino=10469 scontext=u:r:toolbox:s0 tcontext=u:r:hal_light_default:s0 tclass=file permissive=1
06-13 19:04:04.864 319 319 I pgrep : type=1400 audit(0.0:173): avc: denied { getattr } for path="/proc/268" dev="proc" ino=3830 scontext=u:r:toolbox:s0 tcontext=u:r:hal_power_default:s0 tclass=dir permissive=1
06-13 19:04:04.864 319 319 I pgrep : type=1400 audit(0.0:174): avc: denied { search } for name="268" dev="proc" ino=3830 scontext=u:r:toolbox:s0 tcontext=u:r:hal_power_default:s0 tclass=dir permissive=1
06-13 19:04:04.864 319 319 I pgrep : type=1400 audit(0.0:175): avc: denied { open } for path="/proc/268/stat" dev="proc" ino=10470 scontext=u:r:toolbox:s0 tcontext=u:r:hal_power_default:s0 tclass=file permissive=1
06-13 19:04:04.864 319 319 I pgrep : type=1400 audit(0.0:176): avc: denied { getattr } for path="/proc/269" dev="proc" ino=698 scontext=u:r:toolbox:s0 tcontext=u:r:hal_tv_cec_default:s0 tclass=dir permissive=1
06-13 19:04:04.864 319 319 I pgrep : type=1400 audit(0.0:177): avc: denied { search } for name="269" dev="proc" ino=698 scontext=u:r:toolbox:s0 tcontext=u:r:hal_tv_cec_default:s0 tclass=dir permissive=1
06-13 19:04:04.864 319 319 I pgrep : type=1400 audit(0.0:178): avc: denied { open } for path="/proc/269/stat" dev="proc" ino=10471 scontext=u:r:toolbox:s0 tcontext=u:r:hal_tv_cec_default:s0 tclass=file permissive=1
06-13 19:04:04.864 319 319 I pgrep : type=1400 audit(0.0:179): avc: denied { getattr } for path="/proc/270" dev="proc" ino=8222 scontext=u:r:toolbox:s0 tcontext=u:r:hal_usb_impl:s0 tclass=dir permissive=1
06-13 19:04:04.864 319 319 I pgrep : type=1400 audit(0.0:180): avc: denied { search } for name="270" dev="proc" ino=8222 scontext=u:r:toolbox:s0 tcontext=u:r:hal_usb_impl:s0 tclass=dir permissive=1
06-13 19:04:04.864 319 319 I pgrep : type=1400 audit(0.0:181): avc: denied { open } for path="/proc/270/stat" dev="proc" ino=10472 scontext=u:r:toolbox:s0 tcontext=u:r:hal_usb_impl:s0 tclass=file permissive=1
06-13 19:04:04.864 319 319 I pgrep : type=1400 audit(0.0:182): avc: denied { getattr } for path="/proc/271" dev="proc" ino=3844 scontext=u:r:toolbox:s0 tcontext=u:r:hal_awdisplayoutput_default:s0 tclass=dir permissive=1
06-13 19:04:04.879 276 276 I SurfaceFlinger: Disabling blur effects, they are not supported.
06-13 19:04:04.864 319 319 I pgrep : type=1400 audit(0.0:183): avc: denied { search } for name="271" dev="proc" ino=3844 scontext=u:r:toolbox:s0 tcontext=u:r:hal_awdisplayoutput_default:s0 tclass=dir permissive=1
06-13 19:04:04.864 319 319 I pgrep : type=1400 audit(0.0:184): avc: denied { open } for path="/proc/271/stat" dev="proc" ino=10473 scontext=u:r:toolbox:s0 tcontext=u:r:hal_awdisplayoutput_default:s0 tclass=file permissive=1
06-13 19:04:04.864 319 319 I pgrep : type=1400 audit(0.0:185): avc: denied { getattr } for path="/proc/272" dev="proc" ino=3854 scontext=u:r:toolbox:s0 tcontext=u:r:hal_rebootescrow_default:s0 tclass=dir permissive=1
06-13 19:04:04.864 319 319 I pgrep : type=1400 audit(0.0:186): avc: denied { search } for name="272" dev="proc" ino=3854 scontext=u:r:toolbox:s0 tcontext=u:r:hal_rebootescrow_default:s0 tclass=dir permissive=1
06-13 19:04:04.864 318 318 I xiriservice_All: type=1400 audit(0.0:188): avc: denied { read } for name="lib" dev="mmcblk0p25" ino=3013 scontext=u:r:init:s0 tcontext=u:object_r:app_data_file:s0:c41,c256,c512,c768 tclass=lnk_file permissive=1
06-13 19:04:04.864 319 319 I pgrep : type=1400 audit(0.0:187): avc: denied { open } for path="/proc/272/stat" dev="proc" ino=10474 scontext=u:r:toolbox:s0 tcontext=u:r:hal_rebootescrow_default:s0 tclass=file permissive=1
06-13 19:04:04.864 319 319 I pgrep : type=1400 audit(0.0:189): avc: denied { getattr } for path="/proc/273" dev="proc" ino=4011 scontext=u:r:toolbox:s0 tcontext=u:r:audioserver:s0 tclass=dir permissive=1
06-13 19:04:04.864 319 319 I pgrep : type=1400 audit(0.0:190): avc: denied { search } for name="273" dev="proc" ino=4011 scontext=u:r:toolbox:s0 tcontext=u:r:audioserver:s0 tclass=dir permissive=1
06-13 19:04:04.864 319 319 I pgrep : type=1400 audit(0.0:191): avc: denied { open } for path="/proc/273/stat" dev="proc" ino=10475 scontext=u:r:toolbox:s0 tcontext=u:r:audioserver:s0 tclass=file permissive=1
