06-13 19:04:19.480 1238 1238 D WifiHWInfo: Entry [03], BUS: SDIO, ID: 0x024CB703, Name: rtl8723cs.
06-13 19:04:19.480 1238 1238 D WifiHWInfo: Entry [04], BUS: SDIO, ID: 0x024CD723, Name: rtl8723ds.
06-13 19:04:19.480 1238 1238 D WifiHWInfo: Entry [05], BUS: SDIO, ID: 0x024CF179, Name: rtl8189fs.
06-13 19:04:19.480 1238 1238 D WifiHWInfo: Entry [06], BUS: SDIO, ID: 0x024CB822, Name: rtl88x2bs.
06-13 19:04:19.480 1238 1238 D WifiHWInfo: Entry [07], BUS: USB, ID: 0x0BDAD723, Name: rtl8723du.
06-13 19:04:19.480 1238 1238 D WifiHWInfo: Entry [08], BUS: USB, ID: 0x0BDA8179, Name: rtl8188etv.
06-13 19:04:19.480 1238 1238 D WifiHWInfo: Entry [09], BUS: USB, ID: 0x0BDA0179, Name: rtl8188eu.
06-13 19:04:19.480 1238 1238 D WifiHWInfo: Entry [10], BUS: USB, ID: 0x0BDA818B, Name: rtl8192eu.
06-13 19:04:19.480 1238 1238 D WifiHWInfo: Entry [11], BUS: USB, ID: 0x0BDAB720, Name: rtl8723bu.
06-13 19:04:19.480 1238 1238 D WifiHWInfo: Entry [12], BUS: USB, ID: 0x0BDAC82C, Name: rtl8822cu.
06-13 19:04:19.480 1238 1238 D WifiHWInfo: Entry [13], BUS: USB, ID: 0x0BDAF179, Name: rtl8188fu.
06-13 19:04:19.480 1238 1238 D WifiHWInfo: Entry [14], BUS: SDIO, ID: 0x02D0A9A6, Name: ap6212.
06-13 19:04:19.480 1238 1238 D WifiHWInfo: Entry [15], BUS: SDIO, ID: 0x02D04330, Name: ap6330.
06-13 19:04:19.480 1238 1238 D WifiHWInfo: Entry [16], BUS: SDIO, ID: 0x02D04356, Name: ap6356s.
06-13 19:04:19.480 1238 1238 D WifiHWInfo: Entry [17], BUS: SDIO, ID: 0x02D0A9BF, Name: ap6255.
06-13 19:04:19.480 1238 1238 D WifiHWInfo: Entry [18], BUS: SDIO, ID: 0x02D04334, Name: bcm43342.
06-13 19:04:19.480 1238 1238 D WifiHWInfo: Entry [19], BUS: SDIO, ID: 0x00202281, Name: xr819.
06-13 19:04:19.480 1238 1238 D WifiHWInfo: Entry [20], BUS: SDIO, ID: 0x0A9E2282, Name: xr829.
06-13 19:04:19.480 1238 1238 D WifiHWInfo: Entry [21], BUS: SDIO, ID: 0x0271050A, Name: qca6174a.
06-13 19:04:19.480 1238 1238 D WifiHWInfo: Entry [22], BUS: SDIO, ID: 0x30303030, Name: ssv6x5x.
06-13 19:04:19.480 1238 1238 D WifiHWInfo: Entry [23], BUS: SDIO, ID: 0x00000000, Name: uwe5621.
06-13 19:04:19.480 1238 1238 D WifiHWInfo: Entry [24], BUS: SDIO, ID: 0x54490145, Name: aic8800.
06-13 19:04:19.480 1238 1238 D WifiHWInfo: Entry [25], BUS: SDIO, ID: 0xC8A1C08D, Name: aic8800.
06-13 19:04:19.480 1238 1238 D WifiHWInfo: Entry [26], BUS: USB, ID: 0xA69C8800, Name: aic8800.
06-13 19:04:19.480 1238 1238 D WifiHWInfo: Entry [27], BUS: USB, ID: 0x007A8888, Name: atbm6023is.
06-13 19:04:19.480 1238 1238 D WifiHWInfo: Entry [28], BUS: SDIO, ID: 0x02E79086, Name: 9012p.
06-13 19:04:19.480 1238 1238 D WifiHWInfo: Entry [29], BUS: SDIO, ID: 0x007A6011, Name: atbm613x_wifi_sdio.
06-13 19:04:19.480 1238 1238 D WifiHWInfo: Entry [30], BUS: SDIO, ID: 0x024CC822, Name: 88x2cs.
06-13 19:04:19.480 1238 1238 D WifiHWInfo: Entry [31], BUS: SDIO, ID: 0x000018F0, Name: dummy.
06-13 19:04:19.480 1238 1238 W wpa_supplicant: check_initialed for nl80211, use sprd wpa_supplicant_8_lib.
06-13 19:04:19.480 1238 1238 W wpa_supplicant: check_initialed found wpa_supplicant_8_lib vendor implement for sprd.
06-13 19:04:19.480 1238 1238 D wpa_supplicant: wlan0: Event CHANNEL_LIST_CHANGED (27) received
06-13 19:04:19.480 1238 1238 I wpa_supplicant: wlan0: CTRL-EVENT-REGDOM-CHANGE init=USER type=COUNTRY alpha2=CN
06-13 19:04:19.480 1238 1238 D wpa_supplicant: p2p-dev-wlan0: Updating hw mode
06-13 19:04:19.482 1238 1238 D wpa_supplicant: nl80211: No channel number found for frequency 5920 MHz
06-13 19:04:19.482 1238 1238 D wpa_supplicant: nl80211: No channel number found for frequency 5940 MHz
06-13 19:04:19.482 1238 1238 D wpa_supplicant: nl80211: Regulatory information - country=CN (DFS-FCC)
06-13 19:04:19.482 1238 1238 D wpa_supplicant: nl80211: 2400-2483 @ 40 MHz 20 mBm
06-13 19:04:19.482 1238 1238 D wpa_supplicant: nl80211: 5150-5350 @ 80 MHz 20 mBm (DFS)
06-13 19:04:19.482 1238 1238 D wpa_supplicant: nl80211: 5725-5850 @ 80 MHz 33 mBm
06-13 19:04:19.482 1238 1238 D wpa_supplicant: nl80211: 57240-59400 @ 2160 MHz 28 mBm
06-13 19:04:19.482 1238 1238 D wpa_supplicant: nl80211: 59400-63720 @ 2160 MHz 44 mBm
06-13 19:04:19.484 1238 1238 D wpa_supplicant: nl80211: 63720-65880 @ 2160 MHz 28 mBm
06-13 19:04:19.484 1238 1238 D wpa_supplicant: nl80211: Added 802.11b mode based on 802.11g information
06-13 19:04:19.485 1238 1238 D wpa_supplicant: nl80211: Mode IEEE 802.11g: 2412 2417 2422 2427 2432 2437 2442 2447 2452 2457 2462 2467 2472 2484[DISABLED]
06-13 19:04:19.485 1238 1238 D wpa_supplicant: nl80211: Mode IEEE 802.11a: 5170[DISABLED] 5180 5200 5220 5240 5260[RADAR] 5280[RADAR] 5300[RADAR] 5320[RADAR] 5500[DISABLED][RADAR] 5520[DISABLED][RADAR] 5540[DISABLED][RADAR] 5560[DISABLED][RADAR] 5580[DISABLED][RADAR]
06-13 19:04:19.485 1238 1238 D wpa_supplicant: nl80211: Mode IEEE 802.11b: 2412 2417 2422 2427 2432 2437 2442 2447 2452 2457 2462 2467 2472 2484[DISABLED]
06-13 19:04:19.485 1238 1238 D wpa_supplicant: wlan0: Updating hw mode
06-13 19:04:19.486 1238 1238 D wpa_supplicant: nl80211: No channel number found for frequency 5920 MHz
06-13 19:04:19.486 1238 1238 D wpa_supplicant: nl80211: No channel number found for frequency 5940 MHz
06-13 19:04:19.487 1238 1238 D wpa_supplicant: nl80211: Regulatory information - country=CN (DFS-FCC)
06-13 19:04:19.487 1238 1238 D wpa_supplicant: nl80211: 2400-2483 @ 40 MHz 20 mBm
06-13 19:04:19.487 1238 1238 D wpa_supplicant: nl80211: 5150-5350 @ 80 MHz 20 mBm (DFS)
06-13 19:04:19.487 1238 1238 D wpa_supplicant: nl80211: 5725-5850 @ 80 MHz 33 mBm
06-13 19:04:19.487 1238 1238 D wpa_supplicant: nl80211: 57240-59400 @ 2160 MHz 28 mBm
06-13 19:04:19.487 1238 1238 D wpa_supplicant: nl80211: 59400-63720 @ 2160 MHz 44 mBm
06-13 19:04:19.487 1238 1238 D wpa_supplicant: nl80211: 63720-65880 @ 2160 MHz 28 mBm
06-13 19:04:19.487 1238 1238 D wpa_supplicant: nl80211: Added 802.11b mode based on 802.11g information
06-13 19:04:19.487 1238 1238 D wpa_supplicant: nl80211: Mode IEEE 802.11g: 2412 2417 2422 2427 2432 2437 2442 2447 2452 2457 2462 2467 2472 2484[DISABLED]
06-13 19:04:19.487 1238 1238 D wpa_supplicant: nl80211: Mode IEEE 802.11a: 5170[DISABLED] 5180 5200 5220 5240 5260[RADAR] 5280[RADAR] 5300[RADAR] 5320[RADAR] 5500[DISABLED][RADAR] 5520[DISABLED][RADAR] 5540[DISABLED][RADAR] 5560[DISABLED][RADAR] 5580[DISABLED][RADAR]
06-13 19:04:19.488 1238 1238 D wpa_supplicant: nl80211: Mode IEEE 802.11b: 2412 2417 2422 2427 2432 2437 2442 2447 2452 2457 2462 2467 2472 2484[DISABLED]
06-13 19:04:19.488 1238 1238 D wpa_supplicant: wlan0: Determining shared radio frequencies (max len 2)
06-13 19:04:19.488 1238 1238 D wpa_supplicant: wlan0: Shared frequencies (len=0): completed iteration
06-13 19:04:19.488 1238 1238 D wpa_supplicant: P2P: Add operating class 81
06-13 19:04:19.488 1238 1238 D wpa_supplicant: P2P: Channels - hexdump(len=13): 01 02 03 04 05 06 07 08 09 0a 0b 0c 0d
06-13 19:04:19.488 1238 1238 D wpa_supplicant: P2P: Add operating class 115
06-13 19:04:19.488 1238 1238 D wpa_supplicant: P2P: Channels - hexdump(len=4): 24 28 2c 30
06-13 19:04:19.488 1238 1238 D wpa_supplicant: P2P: Add operating class 116
06-13 19:04:19.488 1238 1238 D wpa_supplicant: P2P: Channels - hexdump(len=2): 24 2c
06-13 19:04:19.488 1238 1238 D wpa_supplicant: P2P: Add operating class 117
06-13 19:04:19.488 1238 1238 D wpa_supplicant: P2P: Channels - hexdump(len=2): 28 30
06-13 19:04:19.488 1238 1238 D wpa_supplicant: P2P: Add operating class 124
06-13 19:04:19.488 1238 1238 D wpa_supplicant: P2P: Channels - hexdump(len=4): 95 99 9d a1
06-13 19:04:19.488 1238 1238 D wpa_supplicant: P2P: Add operating class 125
06-13 19:04:19.488 1238 1238 D wpa_supplicant: P2P: Channels - hexdump(len=5): 95 99 9d a1 a5
06-13 19:04:19.488 1238 1238 D wpa_supplicant: P2P: Add operating class 126
06-13 19:04:19.488 1238 1238 D wpa_supplicant: P2P: Channels - hexdump(len=2): 95 9d
06-13 19:04:19.488 1238 1238 D wpa_supplicant: P2P: Add operating class 127
06-13 19:04:19.488 1238 1238 D wpa_supplicant: P2P: Channels - hexdump(len=2): 99 a1
06-13 19:04:19.488 1238 1238 D wpa_supplicant: P2P: Add operating class 128
06-13 19:04:19.488 1238 1238 D wpa_supplicant: P2P: Channels - hexdump(len=8): 24 28 2c 30 95 99 9d a1
06-13 19:04:19.488 1238 1238 D wpa_supplicant: P2P: Add operating class 130
06-13 19:04:19.488 1238 1238 D wpa_supplicant: P2P: Channels - hexdump(len=9): 24 28 2c 30 95 99 9d a1 a5
06-13 19:04:19.488 1238 1238 D wpa_supplicant: P2P: Update channel list
06-13 19:04:19.488 1238 1238 D wpa_supplicant: P2P: channels: 81:1,2,3,4,5,6,7,8,9,10,11,12,13 115:36,40,44,48 116:36,44 117:40,48 124:149,153,157,161 125:149,153,157,161,165 126:149,157 127:153,161 128:36,40,44,48,149,153,157,161 130:36,40,44,48,149,153,157,161,165
06-13 19:04:19.488 1238 1238 D wpa_supplicant: P2P: cli_channels:
06-13 19:04:19.488 1238 1238 D wpa_supplicant: sprd_wpa_driver_nl80211_driver_cmd COUNTRY CN len = 0, 10
06-13 19:04:19.501 479 609 D WifiNative: onSetCountryCodeSucceeded: CN
06-13 19:04:19.501 479 609 I WifiCountryCode: Receive onSetCountryCodeSucceeded CN
06-13 19:04:19.508 479 609 D WakeupController: onWifiEnabled()
06-13 19:04:19.509 479 609 W WifiClientModeImpl: No cached packet filter to apply
06-13 19:04:19.517 1283 1283 D NetworkSecurityConfig: No Network Security Config specified, using platform default
06-13 19:04:19.523 1207 1245 I UtilCommon: bluetoothMac=B4:2F:03:15:74:2B
06-13 19:04:19.524 1283 1283 D NetworkSecurityConfig: No Network Security Config specified, using platform default
06-13 19:04:19.536 479 809 D ConnectivityService: requestNetwork for uid/pid:1000/1090 activeRequest: null callbackRequest: 27 [NetworkRequest [ REQUEST id=28, [ Capabilities: INTERNET&NOT_RESTRICTED&TRUSTED&NOT_VCN_MANAGED Uid: 1000 RequestorUid: 1000 RequestorPkg: com.dangbei.leard.leradlauncher] ]] callback flags: 0 priority: 2147483647
06-13 19:04:19.540 479 616 D ConnectivityService: NetReassign [no changes]
06-13 19:04:19.542 479 655 D PPPOE : got request NetworkRequest [ REQUEST id=28, [ Capabilities: INTERNET&NOT_RESTRICTED&TRUSTED&NOT_VCN_MANAGED Uid: 1000 RequestorUid: 1000 RequestorPkg: com.dangbei.leard.leradlauncher] ]
06-13 19:04:19.542 479 654 D Ethernet: got request NetworkRequest [ REQUEST id=28, [ Capabilities: INTERNET&NOT_RESTRICTED&TRUSTED&NOT_VCN_MANAGED Uid: 1000 RequestorUid: 1000 RequestorPkg: com.dangbei.leard.leradlauncher] ]
06-13 19:04:19.552 479 654 D EthernetNetworkFactory: acceptRequest, request: NetworkRequest [ REQUEST id=28, [ Capabilities: INTERNET&NOT_RESTRICTED&TRUSTED&NOT_VCN_MANAGED Uid: 1000 RequestorUid: 1000 RequestorPkg: com.dangbei.leard.leradlauncher] ]
06-13 19:04:19.552 479 654 I EthernetNetworkFactory: networkForRequest, request: NetworkRequest [ REQUEST id=28, [ Capabilities: INTERNET&NOT_RESTRICTED&TRUSTED&NOT_VCN_MANAGED Uid: 1000 RequestorUid: 1000 RequestorPkg: com.dangbei.leard.leradlauncher] ], network: null
06-13 19:04:19.574 479 1023 I ActivityManager: com.android.localtransport is exempt from freezer
06-13 19:04:19.580 479 1023 D CompatibilityChangeReporter: Compat change id reported: 135634846; UID 1000; state: DISABLED
06-13 19:04:19.585 677 677 D SystemUIBootTiming: SystemUIService: bootcomplete com.android.systemui.power.PowerUI took 518 ms
06-13 19:04:19.585 677 677 D SystemUIService: loading: com.android.systemui.media.RingtonePlayer
06-13 19:04:19.587 677 677 D SystemUIService: running: com.android.systemui.media.RingtonePlayer@345a3a0
06-13 19:04:19.589 677 677 D SystemUIBootTiming: SystemUIService: bootcomplete com.android.systemui.media.RingtonePlayer took 4 ms
06-13 19:04:19.590 677 677 D SystemUIService: loading: com.android.systemui.keyboard.KeyboardUI
06-13 19:04:19.591 677 677 D SystemUIService: running: com.android.systemui.keyboard.KeyboardUI@b1a731e
06-13 19:04:19.604 1207 1207 D RockyNetMessageUtil: initMediaControlPage pageEntity = null isRequestPageControlSuccess = false
06-13 19:04:19.605 479 521 W Looper : Slow dispatch took 207ms android.fg h=com.android.server.DropBoxManagerService$DropBoxManagerBroadcastHandler c=null m=2
06-13 19:04:19.607 479 603 D StorageManagerService: Volume emulated;0 broadcasting checking to UserHandle{0}
06-13 19:04:19.610 479 479 D WifiP2pService: Wifi enabled=true
06-13 19:04:19.617 479 609 D WifiClientModeImpl[wlan0]: entering ConnectableState: ifaceName = wlan0
06-13 19:04:19.617 1283 1283 D music_MediaPlaybackSer: onCreate()
06-13 19:04:19.617 677 892 D LocalBluetoothProfileManager: Adding local OPP profile
06-13 19:04:19.618 677 892 D LocalBluetoothProfileManager: Adding local HID_HOST profile
06-13 19:04:19.618 1283 1283 D music_MediaPlaybackSer: Create MusicProvider
06-13 19:04:19.620 1283 1283 D music_MediaPlaybackSer: Create MediaSession
06-13 19:04:19.628 249 249 D Zygote : Forked child process 1405
06-13 19:04:19.629 1238 1238 D wpa_supplicant: sprd_wpa_driver_nl80211_driver_cmd SETSUSPENDMODE 1 len = 0, 16
06-13 19:04:19.636 677 677 D SystemUIBootTiming: SystemUIService: bootcomplete com.android.systemui.keyboard.KeyboardUI took 45 ms
06-13 19:04:19.636 677 677 D SystemUIService: loading: com.android.systemui.shortcut.ShortcutKeyDispatcher
06-13 19:04:19.628 1090 1257 E hq : LookupControler:::startLookupControllerTimer
06-13 19:04:19.645 479 882 D BufferPoolAccessor2.0: bufferpool2 0xee1f04d8 : 0(0 size) total buffers - 0(0 size) used buffers - 2/7 (recycle/alloc) - 8/46 (fetch/transfer)
06-13 19:04:19.646 479 882 D BufferPoolAccessor2.0: bufferpool2 0xee7500d8 : 0(0 size) total buffers - 0(0 size) used buffers - 2/7 (recycle/alloc) - 9/76 (fetch/transfer)
06-13 19:04:19.646 479 882 D BufferPoolAccessor2.0: bufferpool2 0xee74d798 : 0(0 size) total buffers - 0(0 size) used buffers - 2/7 (recycle/alloc) - 5/42 (fetch/transfer)
06-13 19:04:19.646 479 882 D BufferPoolAccessor2.0: bufferpool2 0xee7514d8 : 0(0 size) total buffers - 0(0 size) used buffers - 2/7 (recycle/alloc) - 5/68 (fetch/transfer)
06-13 19:04:19.646 479 882 D BufferPoolAccessor2.0: evictor expired: 4, evicted: 4
06-13 19:04:19.651 479 543 W ActivityManager: Slow operation: 77ms so far, now at startProcess: returned from zygote!
06-13 19:04:19.651 677 677 D SystemUIService: running: com.android.systemui.shortcut.ShortcutKeyDispatcher@8a57ff
06-13 19:04:19.652 1405 1405 I Zygote : seccomp disabled by setenforce 0
06-13 19:04:19.653 479 609 D WifiClientModeImpl[wlan0]: Start makeIpClient ifaceName = wlan0
06-13 19:04:19.655 395 758 D BufferPoolAccessor2.0: bufferpool2 0xec6b4a58 : 0(0 size) total buffers - 0(0 size) used buffers - 42/46 (recycle/alloc) - 4/45 (fetch/transfer)
06-13 19:04:19.656 395 758 D BufferPoolAccessor2.0: bufferpool2 0xec6b4cd8 : 0(0 size) total buffers - 0(0 size) used buffers - 40/44 (recycle/alloc) - 4/43 (fetch/transfer)
06-13 19:04:19.656 395 758 D BufferPoolAccessor2.0: bufferpool2 0xec6b5098 : 0(0 size) total buffers - 0(0 size) used buffers - 33/36 (recycle/alloc) - 4/35 (fetch/transfer)
06-13 19:04:19.656 395 758 D BufferPoolAccessor2.0: bufferpool2 0xec6b4418 : 0(0 size) total buffers - 0(0 size) used buffers - 16/21 (recycle/alloc) - 5/20 (fetch/transfer)
06-13 19:04:19.656 395 758 D BufferPoolAccessor2.0: bufferpool2 0xec6b4558 : 0(0 size) total buffers - 0(0 size) used buffers - 29/32 (recycle/alloc) - 3/31 (fetch/transfer)
06-13 19:04:19.656 395 758 D BufferPoolAccessor2.0: bufferpool2 0xec6b42d8 : 0(0 size) total buffers - 0(0 size) used buffers - 15/19 (recycle/alloc) - 4/18 (fetch/transfer)
06-13 19:04:19.656 395 758 D BufferPoolAccessor2.0: evictor expired: 6, evicted: 6
06-13 19:04:19.671 670 670 V MediaPlayerList: onActiveSessionsChanged: number of controllers: 0
06-13 19:04:19.673 479 543 W ActivityManager: Slow operation: 99ms so far, now at startProcess: done updating battery stats
06-13 19:04:19.673 479 543 W ActivityManager: Slow operation: 100ms so far, now at startProcess: building log message
06-13 19:04:19.674 479 543 I ActivityManager: app.processName = com.android.localtransport
06-13 19:04:19.674 479 543 I ActivityManager: Start proc 1405:com.android.localtransport/1000 for service {com.android.localtransport/com.android.localtransport.LocalTransportService}
06-13 19:04:19.674 479 543 W ActivityManager: Slow operation: 100ms so far, now at startProcess: starting to update pids map
06-13 19:04:19.674 479 543 W ActivityManager: Slow operation: 100ms so far, now at startProcess: done updating pids map
06-13 19:04:19.675 479 603 D StorageManagerService: Volume emulated;0 broadcasting mounted to UserHandle{0}
06-13 19:04:19.688 1207 1404 D XHttpObservable: handleRequest: start https://tyapi.qun7.com/v1/voice/getsoundshowmsg ,,, isCache = false
06-13 19:04:19.696 1207 1395 W System.err: java.net.UnknownHostException: Unable to resolve host "tyapi.qun7.com": No address associated with hostname
06-13 19:04:19.696 1207 1395 W System.err: at java.net.Inet6AddressImpl.lookupHostByName(Inet6AddressImpl.java:156)
06-13 19:04:19.696 1207 1395 W System.err: at java.net.Inet6AddressImpl.lookupAllHostAddr(Inet6AddressImpl.java:103)
06-13 19:04:19.696 1207 1395 W System.err: at java.net.InetAddress.getAllByName(InetAddress.java:1152)
06-13 19:04:19.696 1207 1395 W System.err: at com.android.okhttp.Dns$1.lookup(Dns.java:41)
06-13 19:04:19.696 1207 1395 W System.err: at com.android.okhttp.internal.http.RouteSelector.resetNextInetSocketAddress(RouteSelector.java:178)
06-13 19:04:19.696 1207 1395 W System.err: at com.android.okhttp.internal.http.RouteSelector.nextProxy(RouteSelector.java:144)
06-13 19:04:19.697 1207 1395 W System.err: at com.android.okhttp.internal.http.RouteSelector.next(RouteSelector.java:86)
06-13 19:04:19.697 1207 1395 W System.err: at com.android.okhttp.internal.http.StreamAllocation.findConnection(StreamAllocation.java:176)
06-13 19:04:19.697 1207 1395 W System.err: at com.android.okhttp.internal.http.StreamAllocation.findHealthyConnection(StreamAllocation.java:128)
06-13 19:04:19.697 1207 1395 W System.err: at com.android.okhttp.internal.http.StreamAllocation.newStream(StreamAllocation.java:97)
06-13 19:04:19.697 1207 1395 W System.err: at com.android.okhttp.internal.http.HttpEngine.connect(HttpEngine.java:289)
06-13 19:04:19.697 1207 1395 W System.err: at com.android.okhttp.internal.http.HttpEngine.sendRequest(HttpEngine.java:232)
06-13 19:04:19.697 1207 1395 W System.err: at com.android.okhttp.internal.huc.HttpURLConnectionImpl.execute(HttpURLConnectionImpl.java:465)
06-13 19:04:19.697 1207 1395 W System.err: at com.android.okhttp.internal.huc.HttpURLConnectionImpl.getResponse(HttpURLConnectionImpl.java:411)
06-13 19:04:19.697 1207 1395 W System.err: at com.android.okhttp.internal.huc.HttpURLConnectionImpl.getResponseCode(HttpURLConnectionImpl.java:542)
06-13 19:04:19.697 1207 1395 W System.err: at com.dangbei.statistics.UtilCommon.networkGetIp(UtilCommon.java:826)
06-13 19:04:19.697 1207 1395 W System.err: at com.dangbei.statistics.UtilCommon$1.accept(UtilCommon.java:807)
06-13 19:04:19.697 1207 1395 W System.err: at com.dangbei.statistics.UtilCommon$1.accept(UtilCommon.java:803)
06-13 19:04:19.697 1207 1395 W System.err: at io.reactivex.internal.operators.observable.ObservableDoOnEach$DoOnEachObserver.onNext(ObservableDoOnEach.java:93)
06-13 19:04:19.697 1207 1395 W System.err: at io.reactivex.internal.operators.observable.ObservableObserveOn$ObserveOnObserver.drainNormal(ObservableObserveOn.java:201)
06-13 19:04:19.697 1207 1395 W System.err: at io.reactivex.internal.operators.observable.ObservableObserveOn$ObserveOnObserver.run(ObservableObserveOn.java:255)
06-13 19:04:19.697 1207 1395 W System.err: at io.reactivex.internal.schedulers.ScheduledRunnable.run(ScheduledRunnable.java:66)
06-13 19:04:19.697 1207 1395 W System.err: at io.reactivex.internal.schedulers.ScheduledRunnable.call(ScheduledRunnable.java:57)
06-13 19:04:19.697 1207 1395 W System.err: at java.util.concurrent.FutureTask.run(FutureTask.java:266)
06-13 19:04:19.697 1207 1395 W System.err: at java.util.concurrent.ScheduledThreadPoolExecutor$ScheduledFutureTask.run(ScheduledThreadPoolExecutor.java:301)
06-13 19:04:19.697 1207 1395 W System.err: at java.util.concurrent.ThreadPoolExecutor.runWorker(ThreadPoolExecutor.java:1167)
06-13 19:04:19.697 1207 1395 W System.err: at java.util.concurrent.ThreadPoolExecutor$Worker.run(ThreadPoolExecutor.java:641)
06-13 19:04:19.697 1207 1395 W System.err: at java.lang.Thread.run(Thread.java:920)
06-13 19:04:19.698 1207 1395 W System.err: Caused by: android.system.GaiException: android_getaddrinfo failed: EAI_NODATA (No address associated with hostname)
06-13 19:04:19.698 1207 1395 W System.err: at libcore.io.Linux.android_getaddrinfo(Native Method)
06-13 19:04:19.698 1207 1395 W System.err: at libcore.io.ForwardingOs.android_getaddrinfo(ForwardingOs.java:136)
06-13 19:04:19.698 1207 1395 W System.err: at libcore.io.BlockGuardOs.android_getaddrinfo(BlockGuardOs.java:221)
06-13 19:04:19.698 1207 1395 W System.err: at libcore.io.ForwardingOs.android_getaddrinfo(ForwardingOs.java:136)
06-13 19:04:19.698 1207 1395 W System.err: at java.net.Inet6AddressImpl.lookupHostByName(Inet6AddressImpl.java:135)
06-13 19:04:19.698 1207 1395 W System.err: ... 27 more
06-13 19:04:19.702 402 419 I adbd : jdwp connection from 1405
06-13 19:04:19.719 1090 1322 W System.err: java.net.UnknownHostException: Unable to resolve host "utoken.umeng.com": No address associated with hostname
06-13 19:04:19.727 1090 1322 W System.err: at java.net.Inet6AddressImpl.lookupHostByName(Inet6AddressImpl.java:156)
06-13 19:04:19.728 1090 1322 W System.err: at java.net.Inet6AddressImpl.lookupAllHostAddr(Inet6AddressImpl.java:103)
06-13 19:04:19.728 1090 1322 W System.err: at java.net.InetAddress.getAllByName(InetAddress.java:1152)
06-13 19:04:19.728 1090 1322 W System.err: at com.android.okhttp.Dns$1.lookup(Dns.java:41)
06-13 19:04:19.728 1090 1322 W System.err: at com.android.okhttp.internal.http.RouteSelector.resetNextInetSocketAddress(RouteSelector.java:178)
06-13 19:04:19.728 1090 1322 W System.err: at com.android.okhttp.internal.http.RouteSelector.nextProxy(RouteSelector.java:144)
06-13 19:04:19.728 479 502 W WindowManager: Failed looking up window session=Session{b098c99 1090:1000} callers=com.android.server.wm.WindowManagerService.windowForClientLocked:5702 com.android.server.wm.Session.insetsModified:629 android.view.IWindowSession$Stub.onTransact:1151
06-13 19:04:19.728 1090 1322 W System.err: at com.android.okhttp.internal.http.RouteSelector.next(RouteSelector.java:86)
06-13 19:04:19.728 1090 1322 W System.err: at com.android.okhttp.internal.http.StreamAllocation.findConnection(StreamAllocation.java:176)
06-13 19:04:19.728 1090 1322 W System.err: at com.android.okhttp.internal.http.StreamAllocation.findHealthyConnection(StreamAllocation.java:128)
06-13 19:04:19.728 1090 1322 W System.err: at com.android.okhttp.internal.http.StreamAllocation.newStream(StreamAllocation.java:97)
06-13 19:04:19.728 1090 1322 W System.err: at com.android.okhttp.internal.http.HttpEngine.connect(HttpEngine.java:289)
06-13 19:04:19.728 1090 1322 W System.err: at com.android.okhttp.internal.http.HttpEngine.sendRequest(HttpEngine.java:232)
06-13 19:04:19.728 1090 1322 W System.err: at com.android.okhttp.internal.huc.HttpURLConnectionImpl.execute(HttpURLConnectionImpl.java:465)
06-13 19:04:19.728 1090 1322 W System.err: at com.android.okhttp.internal.huc.HttpURLConnectionImpl.connect(HttpURLConnectionImpl.java:131)
06-13 19:04:19.728 1090 1322 W System.err: at com.android.okhttp.internal.huc.HttpURLConnectionImpl.getOutputStream(HttpURLConnectionImpl.java:262)
06-13 19:04:19.728 1090 1322 W System.err: at com.android.okhttp.internal.huc.DelegatingHttpsURLConnection.getOutputStream(DelegatingHttpsURLConnection.java:219)
06-13 19:04:19.728 1090 1322 W System.err: at com.android.okhttp.internal.huc.HttpsURLConnectionImpl.getOutputStream(HttpsURLConnectionImpl.java:30)
06-13 19:04:19.728 1090 1322 W System.err: at com.umeng.umzid.a.a(SourceFile:80)
06-13 19:04:19.728 1090 1322 W System.err: at com.umeng.umzid.ZIDManager.b(SourceFile:298)
06-13 19:04:19.728 1090 1322 W System.err: at com.umeng.umzid.ZIDManager$b.run(Unknown Source:4)
06-13 19:04:19.728 1090 1322 W System.err: at java.util.concurrent.Executors$RunnableAdapter.call(Executors.java:462)
06-13 19:04:19.728 1090 1322 W System.err: at java.util.concurrent.FutureTask.run(FutureTask.java:266)
06-13 19:04:19.728 1090 1322 W System.err: at java.util.concurrent.ScheduledThreadPoolExecutor$ScheduledFutureTask.run(ScheduledThreadPoolExecutor.java:301)
06-13 19:04:19.728 1090 1322 W System.err: at java.util.concurrent.ThreadPoolExecutor.runWorker(ThreadPoolExecutor.java:1167)
06-13 19:04:19.729 1090 1322 W System.err: at java.util.concurrent.ThreadPoolExecutor$Worker.run(ThreadPoolExecutor.java:641)
06-13 19:04:19.729 1090 1322 W System.err: at java.lang.Thread.run(Thread.java:920)
06-13 19:04:19.729 1090 1322 W System.err: Caused by: android.system.GaiException: android_getaddrinfo failed: EAI_NODATA (No address associated with hostname)
06-13 19:04:19.729 1090 1322 W System.err: at libcore.io.Linux.android_getaddrinfo(Native Method)
06-13 19:04:19.729 1090 1322 W System.err: at libcore.io.ForwardingOs.android_getaddrinfo(ForwardingOs.java:136)
06-13 19:04:19.729 1090 1322 W System.err: at libcore.io.BlockGuardOs.android_getaddrinfo(BlockGuardOs.java:221)
06-13 19:04:19.729 1090 1322 W System.err: at libcore.io.ForwardingOs.android_getaddrinfo(ForwardingOs.java:136)
06-13 19:04:19.729 1090 1322 W System.err: at java.net.Inet6AddressImpl.lookupHostByName(Inet6AddressImpl.java:135)
06-13 19:04:19.729 1090 1322 W System.err: ... 25 more
06-13 19:04:19.731 479 1269 D CompatibilityChangeReporter: Compat change id reported: 168419799; UID 1000; state: DISABLED
06-13 19:04:19.742 479 525 D CompatibilityChangeReporter: Compat change id reported: 158002302; UID 1000; state: ENABLED
06-13 19:04:19.744 1090 1090 I Choreographer: Skipped 157 frames! The application may be doing too much work on its main thread.
06-13 19:04:19.756 677 892 D BluetoothHidHost: Binding service...
06-13 19:04:19.757 677 677 D SystemUIBootTiming: SystemUIService: bootcomplete com.android.systemui.shortcut.ShortcutKeyDispatcher took 120 ms
06-13 19:04:19.757 677 677 D SystemUIService: loading: com.android.systemui.VendorServices
06-13 19:04:19.759 677 677 D SystemUIService: running: com.android.systemui.VendorServices@2e79415
06-13 19:04:19.760 1207 1435 D XHttpObservable: handleRequest: start https://tyapi.qun7.com/v1/voice/getResponseControlPage ,,, isCache = false
06-13 19:04:19.811 677 677 D SystemUIBootTiming: SystemUIService: bootcomplete com.android.systemui.VendorServices took 54 ms
06-13 19:04:19.812 677 677 D SystemUIService: loading: com.android.systemui.SliceBroadcastRelayHandler
06-13 19:04:19.840 1283 1283 D CompatibilityChangeReporter: Compat change id reported: 160794467; UID 10033; state: DISABLED
06-13 19:04:19.843 1090 1396 D hq : NetWorkStateReceiver:::检查网络,并且持续更新 isConnect=false
06-13 19:04:19.843 479 1368 D CompatibilityChangeReporter: Compat change id reported: 181136395; UID 1000; state: DISABLED
06-13 19:04:19.845 479 1368 D CompatibilityChangeReporter: Compat change id reported: 174042936; UID 1000; state: DISABLED
06-13 19:04:19.848 1283 1283 D music_MediaPlaybackSer: updatePlaybackState, playback state=0
06-13 19:04:19.856 677 677 D SystemUIService: running: com.android.systemui.SliceBroadcastRelayHandler@336751b
06-13 19:04:19.867 677 892 D LocalBluetoothProfileManager: Adding local HID_DEVICE profile
06-13 19:04:19.867 479 523 W IorapForwardingService: No service published for: iorapd
06-13 19:04:19.874 677 677 D SystemUIBootTiming: SystemUIService: bootcomplete com.android.systemui.SliceBroadcastRelayHandler took 55 ms
06-13 19:04:19.888 677 677 D SystemUIService: loading: com.android.systemui.statusbar.notification.InstantAppNotifier
06-13 19:04:19.896 1090 1169 E hq : ErrorCoroutineExceptionHandler:::runTry error:java.net.UnknownHostException: Unable to resolve host "ottdbui-tyapiqun7.yysh.mgtv.com": No address associated with hostname from=requestUserAgreement
06-13 19:04:19.897 1090 1169 E UserProtocolInterceptorImpl: isAgree: 20210615 20210615 true
06-13 19:04:19.898 1090 1396 E hq : ErrorCoroutineExceptionHandler:::runTry error:java.net.UnknownHostException: Unable to resolve host "ottdbui-tyapiqun7.yysh.mgtv.com": No address associated with hostname from=requestAppBarData_loadData
06-13 19:04:19.902 1090 1169 E UserProtocolInterceptorImpl: version===>0
06-13 19:04:19.907 479 1368 W ActivityManager: Slow operation: 72ms so far, now at attachApplicationLocked: after mServices.attachApplicationLocked
06-13 19:04:19.909 677 677 D SystemUIService: running: com.android.systemui.statusbar.notification.InstantAppNotifier@3c046b8
06-13 19:04:19.916 1405 1405 D CompatibilityChangeReporter: Compat change id reported: 171979766; UID 1000; state: ENABLED
06-13 19:04:19.919 1035 1055 I FuseDaemon: Background concurrent copying GC freed 21070(1301KB) AllocSpace objects, 6(120KB) LOS objects, 49% free, 3175KB/6351KB, paused 145us total 1.848s
06-13 19:04:19.920 294 294 W audit : audit_lost=60 audit_rate_limit=5 audit_backlog_limit=64
06-13 19:04:19.920 294 294 E audit : rate limit exceeded
06-13 19:04:19.923 1283 1283 D music_MusicApp: add mount callback: com.android.music.MediaPlaybackService@bcc593d
06-13 19:04:19.928 677 677 D SystemUIBootTiming: SystemUIService: bootcomplete com.android.systemui.statusbar.notification.InstantAppNotifier took 54 ms
06-13 19:04:19.928 677 677 D SystemUIService: loading: com.android.systemui.toast.ToastUI
06-13 19:04:19.931 1207 1207 W SoundPool: Use of stream types is deprecated for operations other than volume control
06-13 19:04:19.931 1207 1207 W SoundPool: See the documentation of SoundPool() for what to use instead with android.media.AudioAttributes to qualify your playback use case
06-13 19:04:19.929 1283 1283 D music_MusicApp: received action: android.intent.action.MEDIA_MOUNTED
06-13 19:04:19.934 1283 1283 D music_MediaPlaybackSer: mount changed: isMounted: true, stop playing ...
06-13 19:04:19.935 1283 1283 D music_MediaPlaybackSer: OnGetRoot: clientPackageName=com.android.bluetooth; clientUid=1002 ; rootHints=null
06-13 19:04:19.939 677 677 D SystemUIService: running: com.android.systemui.toast.ToastUI@9bd47f7
06-13 19:04:19.939 677 677 D SystemUIBootTiming: SystemUIService: bootcomplete com.android.systemui.toast.ToastUI took 11 ms
06-13 19:04:19.939 677 677 D SystemUIService: loading: com.android.systemui.wmshell.WMShell
06-13 19:04:19.939 670 670 I AvrcpBrowsedPlayerWrapper: onConnected: com.android.music is connected
06-13 19:04:19.939 670 670 D AvrcpBrowsablePlayerConnector: Browse player callback called: package=com.android.music : status=0
06-13 19:04:19.939 677 677 D SystemUIService: running: com.android.systemui.wmshell.WMShell@18f1664
06-13 19:04:19.940 670 670 D AvrcpBrowsablePlayerConnector: Received a message: msg.what=1
06-13 19:04:19.940 670 670 I AvrcpBrowsablePlayerConnector: Checking root contents for com.android.music
06-13 19:04:19.945 677 892 D BluetoothHidDevice: Binding service...
06-13 19:04:19.948 1283 1283 D music_MediaPlaybackSer: onDestroy
06-13 19:04:19.948 1283 1283 D music_MusicApp: remove mount callback: com.android.music.MediaPlaybackService@bcc593d
06-13 19:04:19.949 1283 1283 D music_MediaPlaybackSer: handleStopRequest: mState=0 error=destroy
06-13 19:04:19.949 1283 1283 D music_MediaPlaybackSer: updatePlaybackState, playback state=1
06-13 19:04:19.951 1283 1283 D Playback: giveUpAudioFocus
06-13 19:04:19.951 1283 1283 D Playback: relaxResources. releaseMediaPlayer=true
06-13 19:04:19.954 677 677 D SystemUIBootTiming: SystemUIService: bootcomplete com.android.systemui.wmshell.WMShell took 14 ms
06-13 19:04:19.954 677 677 D SystemUIService: loading: com.android.systemui.media.systemsounds.HomeSoundEffectController
06-13 19:04:19.958 677 677 D SystemUIService: running: com.android.systemui.media.systemsounds.HomeSoundEffectController@96f3eef
06-13 19:04:19.960 1283 1283 D music_MediaPlaybackSer: updatePlaybackState, playback state=1
06-13 19:04:19.967 677 677 D SystemUIBootTiming: SystemUIService: bootcomplete com.android.systemui.media.systemsounds.HomeSoundEffectController took 12 ms
06-13 19:04:19.977 479 1269 D CompatibilityChangeReporter: Compat change id reported: 168419799; UID 10033; state: DISABLED
06-13 19:04:19.980 670 670 V MediaPlayerList: onActiveSessionsChanged: number of controllers: 0
06-13 19:04:19.981 1207 1207 D RockyReceiver: action: android.net.wifi.WIFI_STATE_CHANGED
06-13 19:04:19.990 677 892 D LocalBluetoothProfileManager: Adding local PAN profile
06-13 19:04:19.991 479 1368 E ConnectivityService: Exception = android.content.pm.PackageManager$NameNotFoundException: android.net.cts
06-13 19:04:19.997 1090 1255 I UtilCommon: bluetoothMac=B4:2F:03:15:74:2B
06-13 19:04:20.004 1090 1255 E wangli : env: 0_false
06-13 19:04:20.004 677 677 I ManagerService: --------------------- system activated! ---------------
06-13 19:04:20.004 677 677 D SystemUIBootTiming: SystemUIService: bootcomplete com.android.systemui.oranth.ManagerService took 37 ms
06-13 19:04:20.010 1283 1283 D music_MediaPlaybackSer: onCreate()
06-13 19:04:20.010 1283 1283 D music_MediaPlaybackSer: Create MusicProvider
06-13 19:04:20.010 1283 1283 D music_MediaPlaybackSer: Create MediaSession
06-13 19:04:20.015 670 670 V MediaPlayerList: onActiveSessionsChanged: number of controllers: 0
06-13 19:04:20.020 187 187 I hwservicemanager: getTransport: Cannot find entry android.hardware.configstore@1.0::ISurfaceFlingerConfigs/default in either framework or device VINTF manifest.
06-13 19:04:20.024 479 1371 D CompatibilityChangeReporter: Compat change id reported: 168419799; UID 1000; state: DISABLED
06-13 19:04:20.025 479 479 D NetworkSecurityConfig: No Network Security Config specified, using platform default
06-13 19:04:20.032 479 479 E BootReceiver: Could not open /sys/kernel/tracing/instances/bootreceiver/trace_pipe
06-13 19:04:20.032 479 479 E BootReceiver: android.system.ErrnoException: open failed: ENOENT (No such file or directory)
06-13 19:04:20.032 479 479 E BootReceiver: at libcore.io.Linux.open(Native Method)
06-13 19:04:20.032 479 479 E BootReceiver: at libcore.io.ForwardingOs.open(ForwardingOs.java:567)
06-13 19:04:20.032 479 479 E BootReceiver: at libcore.io.BlockGuardOs.open(BlockGuardOs.java:273)
06-13 19:04:20.032 479 479 E BootReceiver: at android.system.Os.open(Os.java:501)
06-13 19:04:20.032 479 479 E BootReceiver: at com.android.server.BootReceiver.onReceive(BootReceiver.java:167)
06-13 19:04:20.032 479 479 E BootReceiver: at android.app.ActivityThread.handleReceiver(ActivityThread.java:4308)
06-13 19:04:20.032 479 479 E BootReceiver: at android.app.ActivityThread.access$1600(ActivityThread.java:247)
06-13 19:04:20.032 479 479 E BootReceiver: at android.app.ActivityThread$H.handleMessage(ActivityThread.java:2064)
06-13 19:04:20.032 479 479 E BootReceiver: at android.os.Handler.dispatchMessage(Handler.java:106)
06-13 19:04:20.032 479 479 E BootReceiver: at android.os.Looper.loopOnce(Looper.java:201)
06-13 19:04:20.032 479 479 E BootReceiver: at android.os.Looper.loop(Looper.java:288)
06-13 19:04:20.032 479 479 E BootReceiver: at com.android.server.SystemServer.run(SystemServer.java:966)
06-13 19:04:20.032 479 479 E BootReceiver: at com.android.server.SystemServer.main(SystemServer.java:628)
06-13 19:04:20.032 479 479 E BootReceiver: at java.lang.reflect.Method.invoke(Native Method)
06-13 19:04:20.032 479 479 E BootReceiver: at com.android.internal.os.RuntimeInit$MethodAndArgsCaller.run(RuntimeInit.java:548)
06-13 19:04:20.032 479 479 E BootReceiver: at com.android.internal.os.ZygoteInit.main(ZygoteInit.java:1160)
06-13 19:04:20.042 815 815 W ContextImpl: Calling a method in the system process without a qualified user: android.app.ContextImpl.startService:1816 android.content.ContextWrapper.startService:774 android.content.ContextWrapper.startService:774 com.android.tv.settings.users.UserSwitchListenerService$BootReceiver.onReceive:50 android.app.ActivityThread.handleReceiver:4308
06-13 19:04:20.056 1283 1283 D music_MediaPlaybackSer: updatePlaybackState, playback state=0
06-13 19:04:20.062 1333 1333 I ContactsPerf: VoicemailContentProvider.onCreate start
06-13 19:04:20.071 479 1469 I RecoverySystem: No recovery log file
06-13 19:04:20.081 479 479 V AudioDeviceManagerObserver: AudioDeviceManagerObserver init()
06-13 19:04:20.081 479 479 D AudioDeviceManagerObserver: AudioDeviceManagerObserver: newCardId: /sys/class/sound/card0/id
06-13 19:04:20.083 1283 1283 D music_MusicApp: add mount callback: com.android.music.MediaPlaybackService@2d10c00
06-13 19:04:20.083 479 479 D AudioDeviceManagerObserver: AudioDeviceManagerObserver: devName: pcmC0D0p
06-13 19:04:20.084 479 479 D AudioDeviceManagerObserver: ~~~~~~~~ AudioDeviceManagerObserver: findNameMap: id: audiocodec
06-13 19:04:20.084 479 479 D AudioDeviceManagerObserver: AudioDeviceManagerObserver: name_linux: audiocodec, name_android: AUDIO_CODEC
06-13 19:04:20.084 479 479 D AudioDeviceManagerObserver: AudioDeviceManagerObserver: newCardId: /sys/class/sound/card1/id
06-13 19:04:20.086 479 479 D AudioDeviceManagerObserver: AudioDeviceManagerObserver: devName: pcmC1D0c
06-13 19:04:20.087 1283 1283 D music_MediaPlaybackSer: OnGetRoot: clientPackageName=com.android.bluetooth; clientUid=1002 ; rootHints=null
06-13 19:04:20.088 479 479 D AudioDeviceManagerObserver: ~~~~~~~~ AudioDeviceManagerObserver: findNameMap: id: sndspdif
06-13 19:04:20.088 479 479 D AudioDeviceManagerObserver: AudioDeviceManagerObserver: devName: pcmC1D0p
06-13 19:04:20.088 479 479 D AudioDeviceManagerObserver: ~~~~~~~~ AudioDeviceManagerObserver: findNameMap: id: sndspdif
06-13 19:04:20.088 479 479 D AudioDeviceManagerObserver: AudioDeviceManagerObserver: name_linux: sndspdif, name_android: AUDIO_SPDIF
06-13 19:04:20.088 670 670 I AvrcpBrowsedPlayerWrapper: onConnected: com.android.music is connected
06-13 19:04:20.088 670 670 I AvrcpBrowsedPlayerWrapper: getFolderItems: Connected to browsable player: com.android.music
06-13 19:04:20.088 479 479 D AudioDeviceManagerObserver: AudioDeviceManagerObserver: newCardId: /sys/class/sound/card2/id
06-13 19:04:20.090 479 479 D AudioDeviceManagerObserver: AudioDeviceManagerObserver: name_linux: ahubdam, name_android: AUDIO_SPDIF
06-13 19:04:20.091 479 479 D AudioDeviceManagerObserver: AudioDeviceManagerObserver: newCardId: /sys/class/sound/card3/id
06-13 19:04:20.092 479 479 D AudioDeviceManagerObserver: AudioDeviceManagerObserver: devName: pcmC3D0c
06-13 19:04:20.092 479 479 D AudioDeviceManagerObserver: ~~~~~~~~ AudioDeviceManagerObserver: findNameMap: id: ahubhdmi
06-13 19:04:20.092 479 479 D AudioDeviceManagerObserver: AudioDeviceManagerObserver: devName: pcmC3D0p
06-13 19:04:20.092 479 479 D AudioDeviceManagerObserver: ~~~~~~~~ AudioDeviceManagerObserver: findNameMap: id: ahubhdmi
06-13 19:04:20.092 479 479 D AudioDeviceManagerObserver: AudioDeviceManagerObserver: name_linux: ahubhdmi, name_android: AUDIO_USB_ahubhdmi
06-13 19:04:20.092 479 479 D AudioDeviceManagerObserver: AudioDeviceManagerObserver: newCardId: /sys/class/sound/card4/id
06-13 19:04:20.093 479 479 D AudioDeviceManagerObserver: AudioDeviceManagerObserver: devName: pcmC4D0c
06-13 19:04:20.093 479 479 D AudioDeviceManagerObserver: ~~~~~~~~ AudioDeviceManagerObserver: findNameMap: id: ahubi2s2
06-13 19:04:20.093 479 479 D AudioDeviceManagerObserver: AudioDeviceManagerObserver: devName: pcmC4D0p
06-13 19:04:20.093 479 479 D AudioDeviceManagerObserver: ~~~~~~~~ AudioDeviceManagerObserver: findNameMap: id: ahubi2s2
06-13 19:04:20.093 479 479 D AudioDeviceManagerObserver: AudioDeviceManagerObserver: name_linux: ahubi2s2, name_android: AUDIO_USB_ahubi2s2
06-13 19:04:20.093 479 479 D AudioDeviceManagerObserver: AudioDeviceManagerObserver: newCardId: /sys/class/sound/card5/id
06-13 19:04:20.094 479 479 V AudioDeviceManagerObserver: This kernel does not have sound card5
06-13 19:04:20.096 1283 1283 D music_MediaPlaybackSer: OnLoadChildren: parentMediaId=__ROOT__
06-13 19:04:20.103 1035 1361 V MediaProvider: onConfigure() for internal.db
06-13 19:04:20.107 1207 1219 W System : A resource failed to call close.
06-13 19:04:20.107 1283 1283 D MusicProvider: retrieveMediaAsync called
06-13 19:04:20.109 479 479 D AudioManagerEx: AudioManagerEx
06-13 19:04:20.111 254 254 D audio_hw_primary: getAudioDevices()
06-13 19:04:20.111 254 254 D audio_hw_primary: out dev:AUDIO_CODEC
06-13 19:04:20.111 254 254 D audio_hw_primary: in dev:AUDIO_SPDIF
06-13 19:04:20.111 254 254 D audio_hw_primary: out dev:AUDIO_SPDIF
06-13 19:04:20.111 254 254 D audio_hw_primary: in dev:AUDIO_HDMI
06-13 19:04:20.111 254 254 D audio_hw_primary: out dev:AUDIO_HDMI
06-13 19:04:20.111 254 254 D audio_hw_primary: in dev:AUDIO_I2S2
06-13 19:04:20.111 254 254 D audio_hw_primary: out playback: AUDIO_CODEC,AUDIO_SPDIF,AUDIO_HDMI
06-13 19:04:20.112 254 302 D xm_audio: adev_get_parameters
06-13 19:04:20.112 273 445 I hash_map_utils: system/bt/osi/src/hash_map_utils.cc:81 hash_map_utils_dump_string_keys_string_values: key: 'audio_devices_out' value: ''
06-13 19:04:20.113 479 1469 I DropBoxManagerService: add tag=SYSTEM_BOOT isTagEnabled=true flags=0x2
06-13 19:04:20.119 479 1469 I BootReceiver: Copying audit failures to DropBox
06-13 19:04:20.126 479 479 D AudioManagerEx: type audio_devices_out list AUDIO_CODEC,AUDIO_SPDIF,AUDIO_HDMI=
06-13 19:04:20.127 1035 1361 V MediaProvider: onOpen() for internal.db
06-13 19:04:20.127 479 479 D AudioManagerPolicy: get AUDIO_MANAGE_POLICY is 2
06-13 19:04:20.131 1035 1361 V MediaProvider: onOpen() finished for internal.db
06-13 19:04:20.133 479 479 E AudioDeviceManagerObserver: Could not parse switch state for /sys/devices/virtual/switch/h2w/state ,fail because /sys/devices/virtual/switch/h2w/state: open failed: ENOENT (No such file or directory)
06-13 19:04:20.134 479 479 D AudioManagerPolicy: no usb audio i=3 size=3
06-13 19:04:20.144 479 1469 I BootReceiver: Checking for fsck errors
06-13 19:04:20.152 479 479 D AudioManagerPolicy: curType4 isHdmiPlugin =true
06-13 19:04:20.153 479 479 D AudioManagerPolicy: hdmi is available on init.
06-13 19:04:20.153 479 479 D AudioManagerPolicy: notifyHdmiAvailable hdmi is available
06-13 19:04:20.161 1090 1170 I d.leradlaunche: WaitForGcToComplete blocked ClassLinker on Background for 1.591s
06-13 19:04:20.169 1090 1102 W System : A resource failed to call close.
06-13 19:04:20.171 479 750 W OverlayManager: service 'idmap' died
06-13 19:04:20.174 1333 1333 I ContactsPerf: VoicemailContentProvider.onCreate finish
06-13 19:04:20.178 677 892 D BluetoothPan: Binding service...
06-13 19:04:20.185 276 666 E HWComposer: getSupportedContentTypes: getSupportedContentTypes failed for display 0: Unsupported (8)
06-13 19:04:20.189 1090 1289 D MobclickAgent: 延续上一个会话: 7D1F105532BE3FE4A8AB4341400AC90E
06-13 19:04:20.195 479 1469 D CompatibilityChangeReporter: Compat change id reported: 135634846; UID 10014; state: DISABLED
06-13 19:04:20.196 479 1469 D CompatibilityChangeReporter: Compat change id reported: 177438394; UID 10014; state: DISABLED
06-13 19:04:20.196 479 1469 D CompatibilityChangeReporter: Compat change id reported: 135772972; UID 10014; state: DISABLED
06-13 19:04:20.196 479 1469 D CompatibilityChangeReporter: Compat change id reported: 135754954; UID 10014; state: ENABLED
06-13 19:04:20.200 187 187 I hwservicemanager: getTransport: Cannot find entry android.hardware.graphics.mapper@4.0::IMapper/default in either framework or device VINTF manifest.
06-13 19:04:20.200 1090 1478 I Gralloc4: mapper 4.x is not supported
06-13 19:04:20.200 479 543 D CompatibilityChangeReporter: Compat change id reported: 143937733; UID 10014; state: ENABLED
06-13 19:04:20.201 187 187 I hwservicemanager: getTransport: Cannot find entry android.hardware.graphics.mapper@3.0::IMapper/default in either framework or device VINTF manifest.
06-13 19:04:20.202 1090 1478 W Gralloc3: mapper 3.x is not supported
06-13 19:04:20.212 1405 1405 V GraphicsEnvironment: ANGLE Developer option for 'com.android.localtransport' set to: 'default'
06-13 19:04:20.212 1405 1405 V GraphicsEnvironment: Neither updatable production driver nor prerelease driver is supported.
06-13 19:04:20.210 1090 1478 E gralloc : Arm Module v1.0
06-13 19:04:20.221 187 187 I hwservicemanager: getTransport: Cannot find entry android.hardware.graphics.allocator@4.0::IAllocator/default in either framework or device VINTF manifest.
06-13 19:04:20.221 1405 1405 D NetworkSecurityConfig: No Network Security Config specified, using platform default
06-13 19:04:20.221 1090 1478 W Gralloc4: allocator 4.x is not supported
06-13 19:04:20.226 1405 1405 D NetworkSecurityConfig: No Network Security Config specified, using platform default
06-13 19:04:20.228 187 187 I hwservicemanager: getTransport: Cannot find entry android.hardware.graphics.allocator@3.0::IAllocator/default in either framework or device VINTF manifest.
06-13 19:04:20.229 1090 1478 W Gralloc3: allocator 3.x is not supported
06-13 19:04:20.243 263 317 I gralloc : alloc buffer:W:1920 H:1080 S:1920 PL[1920 1080] SZ:8294400 fmt:1 if:0 af:1 usg:20000b00 fg:00000004
06-13 19:04:20.245 249 249 D Zygote : Forked child process 1484
06-13 19:04:20.246 479 543 W ActivityManager: Slow operation: 52ms so far, now at startProcess: returned from zygote!
06-13 19:04:20.247 1090 1478 E ion : ioctl c0044901 failed with code -1: Inappropriate ioctl for device
06-13 19:04:20.252 263 317 I gralloc : alloc buffer:W:1920 H:1080 S:1920 PL[1920 1080] SZ:8294400 fmt:1 if:0 af:1 usg:20000b00 fg:00000004
06-13 19:04:20.258 263 263 I gralloc : alloc buffer:W:1920 H:1080 S:1920 PL[1920 1080] SZ:8294400 fmt:1 if:0 af:1 usg:20000b00 fg:00000004
06-13 19:04:20.263 479 543 W ActivityManager: Slow operation: 68ms so far, now at startProcess: done updating battery stats
06-13 19:04:20.264 479 543 W ActivityManager: Slow operation: 69ms so far, now at startProcess: building log message
06-13 19:04:20.264 479 543 I ActivityManager: app.processName = android.process.media
06-13 19:04:20.264 479 543 I ActivityManager: Start proc 1484:android.process.media/u0a14 for content provider {com.android.providers.downloads/com.android.providers.downloads.DownloadProvider}
06-13 19:04:20.264 479 543 W ActivityManager: Slow operation: 69ms so far, now at startProcess: starting to update pids map
06-13 19:04:20.264 479 543 W ActivityManager: Slow operation: 69ms so far, now at startProcess: done updating pids map
06-13 19:04:20.264 254 254 D audio_hw_primary: Mic get_audio_devices_active:
06-13 19:04:20.264 254 254 D audio_hw_primary: get_audio_devices_active: AUDIO_HDMI
06-13 19:04:20.265 254 302 D xm_audio: adev_get_parameters
06-13 19:04:20.265 273 445 I hash_map_utils: system/bt/osi/src/hash_map_utils.cc:81 hash_map_utils_dump_string_keys_string_values: key: 'audio_devices_out_active' value: ''
06-13 19:04:20.264 677 892 D LocalBluetoothProfileManager: Adding local PBAP profile
06-13 19:04:20.268 479 479 D AudioManagerEx: type audio_devices_out_active list AUDIO_HDMI=
06-13 19:04:20.269 479 479 D AudioManagerEx: AudioManagerEx
06-13 19:04:20.269 479 479 D AudioManagerPolicy: save audio is AUDIO_HDMI
06-13 19:04:20.269 479 479 D AudioManagerPolicy: get AUDIO_MANAGE_POLICY is 2
06-13 19:04:20.269 479 479 D AudioManagerPolicy: POLICY_2 Remove USB Audio or No USB Audio Output Device Connected!
06-13 19:04:20.271 479 479 D AudioManagerEx: state=audio_devices_out_active,dev=[AUDIO_HDMI]
06-13 19:04:20.271 479 479 D AudioManagerEx: enablePassThrough = true
06-13 19:04:20.274 479 479 D AudioManagerEx: Hdmi status true,true,1
06-13 19:04:20.274 479 479 D AudioManagerEx: HDMI AUDIO_HDMI
06-13 19:04:20.274 479 479 D AudioManagerEx: AUDIO_NAME_HDMI
06-13 19:04:20.277 254 254 V audio_hw_primary: adev_set_parameters, mediasw.sft.rawdata=HDMI_RAW
06-13 19:04:20.279 479 479 D AudioManagerEx: audio=AUDIO_HDMI
06-13 19:04:20.282 254 254 V audio_hw_primary: adev_set_parameters, audio_devices_out_active=AUDIO_HDMI
06-13 19:04:20.281 1484 1484 I Zygote : seccomp disabled by setenforce 0
06-13 19:04:20.282 254 254 V audio_hw_primary: out AUDIO_PARAMETER_DEVICES_OUT_ACTIVE: AUDIO_HDMI
06-13 19:04:20.286 479 1371 D CompatibilityChangeReporter: Compat change id reported: 149924527; UID 10033; state: ENABLED
06-13 19:04:20.292 254 254 V audio_hw_primary: set property persist.vendor.audio.output.active: AUDIO_HDMI ok
06-13 19:04:20.292 254 254 V audio_hw_primary: AUDIO_HDMI output device will be active
06-13 19:04:20.297 479 479 D AudioManagerEx: Update Settings.System.AUDIO_OUTPUT_CHANNEL, now save audio is AUDIO_HDMI
06-13 19:04:20.297 479 479 D AudioManagerPolicy: get AUDIO_MANAGE_POLICY is 2
06-13 19:04:20.302 254 254 D audio_hw_primary: getAudioDevices()
06-13 19:04:20.302 254 254 D audio_hw_primary: out dev:AUDIO_CODEC
06-13 19:04:20.302 254 254 D audio_hw_primary: in dev:AUDIO_SPDIF
06-13 19:04:20.302 254 254 D audio_hw_primary: out dev:AUDIO_SPDIF
06-13 19:04:20.302 254 254 D audio_hw_primary: in dev:AUDIO_HDMI
06-13 19:04:20.302 254 254 D audio_hw_primary: out dev:AUDIO_HDMI
06-13 19:04:20.302 254 254 D audio_hw_primary: in dev:AUDIO_I2S2
06-13 19:04:20.302 254 254 D audio_hw_primary: in capture: AUDIO_SPDIF,AUDIO_HDMI,AUDIO_I2S2
06-13 19:04:20.305 254 302 D xm_audio: adev_get_parameters
06-13 19:04:20.306 273 445 I hash_map_utils: system/bt/osi/src/hash_map_utils.cc:81 hash_map_utils_dump_string_keys_string_values: key: 'audio_devices_in' value: ''
06-13 19:04:20.307 479 479 D AudioManagerEx: type audio_devices_in list AUDIO_SPDIF,AUDIO_HDMI,AUDIO_I2S2=
06-13 19:04:20.307 479 479 D AudioManagerEx: state=audio_devices_in_active,dev=[AUDIO_CODEC]
06-13 19:04:20.308 479 479 D AudioManagerEx: enablePassThrough = true
06-13 19:04:20.308 479 479 D AudioManagerEx: audio=AUDIO_CODEC
06-13 19:04:20.308 254 302 V audio_hw_primary: adev_set_parameters, audio_devices_in_active=AUDIO_CODEC
06-13 19:04:20.308 254 302 V audio_hw_primary: in AUDIO_PARAMETER_DEVICES_IN_ACTIVE: AUDIO_CODEC
