06-13 19:04:25.153 1028 2006 E RCInfo : pid:
06-13 19:04:25.162 1028 1177 I okhttp.OkHttpClient: --> POST http://tymsgapi.qun7.com/v1/core/logip (588-byte body)
06-13 19:04:25.165 1987 1987 D ApplicationLoaders: Returning zygote-cached class loader: /system/framework/android.test.base.jar
06-13 19:04:25.198 1028 1179 I okhttp.OkHttpClient: --> POST http://tymsgapi.qun7.com/v1/core/rom (523-byte body)
06-13 19:04:25.210 1028 1177 I okhttp.OkHttpClient: <-- 200 OK http://tymsgapi.qun7.com/v1/core/logip (47ms, 81-byte body)
06-13 19:04:25.213 1028 1177 I HttpUtil: success
06-13 19:04:25.231 479 619 D NsdService: unregister service
06-13 19:04:25.232 479 619 D NsdService: mdnssd [stop-register, 2]
06-13 19:04:25.232 1028 2006 E HigherBroadcastServer: {"bluetoothBoot":false,"bluetoothController":false,"bluetoothMac":"B4:2F:03:15:74:2B","deviceModel":"DBBOX-A2","deviceModelNumber":"H5232","deviceName":"客厅的当贝盒子","findController":1,"hostName":"10.192.35.42","inetAddress":"10.192.35.42","mac":"20:02:FE:19:C1:F9","port":6689,"romCode":5010,"romVersion":"5.0.1.0","wifiMac":"B4:2F:03:15:E9:B5","deviceId":"1e3a052a7efe7674c1a3abec968efde1","sn":"DZOH58251938669"}
06-13 19:04:25.232 1028 2006 W NsdServiceInfo: Key lengths > 9 are discouraged: deviceModel
06-13 19:04:25.232 1028 2006 W NsdServiceInfo: Key lengths > 9 are discouraged: deviceModelNumber
06-13 19:04:25.232 1028 2006 W NsdServiceInfo: Key lengths > 9 are discouraged: deviceName
06-13 19:04:25.232 248 305 W netd : dnssd_clientstub DNSServiceProcessResult called with NULL DNSServiceRef
06-13 19:04:25.232 1028 2006 W NsdServiceInfo: Key lengths > 9 are discouraged: romVersion
06-13 19:04:25.232 1028 2006 W NsdServiceInfo: Key lengths > 9 are discouraged: findController
06-13 19:04:25.236 1028 2019 I okhttp.OkHttpClient: --> POST http://tyapi.qun7.com/v1/core/launcherota (523-byte body)
06-13 19:04:25.240 1987 1987 W audit : audit_lost=181 audit_rate_limit=5 audit_backlog_limit=64
06-13 19:04:25.240 1987 1987 E audit : rate limit exceeded
06-13 19:04:25.261 1028 2017 I okhttp.OkHttpClient: --> POST http://tyapi.qun7.com/v1/core/launcherota (523-byte body)
06-13 19:04:25.272 1028 2018 I okhttp.OkHttpClient: --> POST http://tymsgapi.qun7.com/v1/core/rom (523-byte body)
06-13 19:04:25.283 1090 1258 E hq : WeatherRefresh:::请求网络地址后,更新的地理位置为:101210101
06-13 19:04:25.306 1028 1179 I okhttp.OkHttpClient: <-- 200 OK http://tymsgapi.qun7.com/v1/core/rom (106ms, unknown-length body)
06-13 19:04:25.311 479 619 D NsdService: Register service
06-13 19:04:25.311 479 619 D NsdService: registerService: 3 name: 10.192.35.42, type: _db_controller._tcp, host: /10.192.35.42, port: 6689, txtRecord: deviceModel=DBBOX-A2romVersion=5.0.1.0findController=1sn=DZOH58251938669mac=20:02:FE:19:C1:F9 deviceName=客厅的当贝盒子)deviceId=1e3a052a7efe7674c1a3abec968efde1deviceModelNumber=H5232 romCode=5010
06-13 19:04:25.311 479 619 D NsdService: mdnssd [register, 3, 10.192.35.42, _db_controller._tcp, 6689, FGRldmljZU1vZGVsPURCQk9YLUEyEnJvbVZlcnNpb249NS4wLjEuMBBmaW5kQ29udHJvbGxlcj0xEnNuPURaT0g1ODI1MTkzODY2ORVtYWM9MjA6MDI6RkU6MTk6QzE6RjkgZGV2aWNlTmFtZT3lrqLljoXnmoTlvZPotJ3nm5LlrZApZGV2aWNlSWQ9MWUzYTA1MmE3ZWZlNzY3NGMxYTNhYmVjOTY4ZWZkZTEXZGV2aWNlTW9kZWxOdW1iZXI9SDUyMzIMcm9tQ29kZT01MDEw]
06-13 19:04:25.315 479 619 D NsdService: Register 3 3
06-13 19:04:25.333 1028 2018 I okhttp.OkHttpClient: <-- 200 OK http://tymsgapi.qun7.com/v1/core/rom (60ms, unknown-length body)
06-13 19:04:25.336 1207 1404 D XHttpObservable: createNetWorkObservable subscribe: ShowMessageEntity{code=0, data=TipEntity{movieType=[我想看喜剧片, 动作片, 枪战片], movie=[庆余年, 误杀, 美丽人生, 爆笑虫子, 哪吒, 小猪佩奇, 胡歌的电视剧, 张艺谋导演的电影, 切换到1080P, 收藏], appController=[打开当贝市场, 下载哈趣影视, 爱奇艺, 卸载腾讯视频], weather=[今天的天气, 未来五天的天气, 杭州天气怎么样, 明天下不下雨], music=[我要听歌, 周杰伦的歌, 上一首, 下一首, 快进一分钟, 暂停], liveAppDownload='非常抱歉,根据监管部门政策管理要求,暂不提供相应服务。', subscreen=null, wakeUpVoiceResponse=[ProbabilityEntity{word='在呢', probability=30}, ProbabilityEntity{word='我在', probability=35}, ProbabilityEntity{word='你说', probability=15}, ProbabilityEntity{word='来啦', probability=20}], unrecognizedVoiceResponse=[ProbabilityEntity{word='可以再说一遍么', probability=45}, ProbabilityEntity{word='可以说的详细一点么', probability=30}, ProbabilityEntity{word='请问有什么可以帮您', probability=25}], notUnderstandVoiceResponse=[ProbabilityEntity{word='换个说法试试吧', probability=100}]}, message='success'} ,,, isDisposed = false
06-13 19:04:25.342 1987 1987 V GraphicsEnvironment: ANGLE Developer option for 'com.android.statementservice' set to: 'default'
06-13 19:04:25.342 1987 1987 V GraphicsEnvironment: Neither updatable production driver nor prerelease driver is supported.
06-13 19:04:25.344 1987 1987 D NetworkSecurityConfig: No Network Security Config specified, using platform default
06-13 19:04:25.344 1987 1987 D NetworkSecurityConfig: No Network Security Config specified, using platform default
06-13 19:04:25.350 1207 1435 D XHttpObservable: createNetWorkObservable subscribe: MediaControlEntity{code=0, data=PageEntity{list=[ContentEntity{packageName='com.dangbei.leard.leradlauncher', activityName='FilmDetailActivity'}, ContentEntity{packageName='com.dangbei.leard.leradlauncher', activityName='FullScreenDetailActivity'}, ContentEntity{packageName='com.dangbei.leard.leradlauncher', activityName='TencentSportActivity'}, ContentEntity{packageName='com.dangbei.leradVideoPlugins', activityName='FilmDetailActivity'}, ContentEntity{packageName='com.dangbei.leradVideoPlugins', activityName='FullScreenDetailActivity'}, ContentEntity{packageName='com.dangbei.leradVideoPlugins', activityName='TencentSportActivity'}, ContentEntity{packageName='com.dangbei.leradVideoPlugins', activityName='ShortPlayActivity'}, ContentEntity{packageName='com.dangbei.hqmedia', activityName='FilmDetailActivity'}, ContentEntity{packageName='com.dangbei.hqmedia', activityName='FullScreenDetailActivity'}, ContentEntity{packageName='com.dangbei.leradVideoPlugins', activityName='MangoMediaActivity'}, ContentEntity{packageName='com.dangbei.leradVideoPlugins', activityName='VcinemaActivity'}]}, message='success'} ,,, isDisposed = false
06-13 19:04:25.351 1028 1028 E ccc : cccccc requestOtaInfo result BaseResponse{message='success', data=OtaUpdateBean{downloadId='3912', updateType=1, romVersionName='5.0.1.0', romCode=6666, current=0, romMd5v='5098bfb41da7862a5f8efa32169185f6', romLength=695965992, romSize='1.0 GB', downUrl='http://dl.qun7.com/H5/H5/5.0.1.0_user_20250613_MP/user_H618_H5_20250613_ota.zip', reUrl='http://dl.v5tv.com/H5/H5/5.0.1.0_user_20250613_MP/user_H618_H5_20250613_ota.zip', reUrl2='http://dl.tymcdn.com/H5/H5/5.0.1.0_user_20250613_MP/user_H618_H5_20250613_ota.zip', tempUrl='null', remark='6月13号,MP量产固件测试
06-13 19:04:25.351 1028 1028 E ccc : user_H618_H5_20250613
06-13 19:04:25.351 1028 1028 E ccc : 链接: https://pan.baidu.com/s/1I9qXbnB145IidajJVd4M5Q?pwd=b527 提取码: b527
06-13 19:04:25.351 1028 1028 E ccc : 1、user版本
06-13 19:04:25.351 1028 1028 E ccc : 2、添加两个开机广播
06-13 19:04:25.351 1028 1028 E ccc : 3、版本号5010', status=idle, progress=0.0, filterMac=[], localPath='null', popup=1, isPaused=false, cancelled=false, extraInfo='null'}, code=0}
06-13 19:04:25.359 479 648 W HdmiCecController: Failed to send 40:8F with errorCode=1
06-13 19:04:25.361 1028 2019 I okhttp.OkHttpClient: <-- 200 OK http://tyapi.qun7.com/v1/core/launcherota (125ms, unknown-length body)
06-13 19:04:25.365 1028 1176 I okhttp.OkHttpClient: --> POST http://tymsgapi.qun7.com/v1/core/appupdate (3200-byte body)
06-13 19:04:25.397 1090 1170 E hq : WeatherRefresh:::请求网络地址后,更新的地理位置为:101210101
06-13 19:04:25.399 1028 2017 I okhttp.OkHttpClient: <-- 200 OK http://tyapi.qun7.com/v1/core/launcherota (133ms, unknown-length body)
06-13 19:04:25.401 1028 1177 I okhttp.OkHttpClient: --> POST http://tymsgapi.qun7.com/v1/core/appupdate (3200-byte body)
06-13 19:04:25.423 1028 1028 E ccc : cccccc com.dangbei.haqusetting not connect
06-13 19:04:25.423 1028 1028 E ccc : cccccc updateHelper 通知更新
06-13 19:04:25.423 1028 1028 E ccc : cccccc OtaUpdateHelper 普通更新 1
06-13 19:04:25.443 1028 1028 E ccc : cccccc requestOtaInfo result BaseResponse{message='success', data=OtaUpdateBean{downloadId='3912', updateType=1, romVersionName='5.0.1.0', romCode=6666, current=0, romMd5v='5098bfb41da7862a5f8efa32169185f6', romLength=695965992, romSize='1.0 GB', downUrl='http://dl.qun7.com/H5/H5/5.0.1.0_user_20250613_MP/user_H618_H5_20250613_ota.zip', reUrl='http://dl.v5tv.com/H5/H5/5.0.1.0_user_20250613_MP/user_H618_H5_20250613_ota.zip', reUrl2='http://dl.tymcdn.com/H5/H5/5.0.1.0_user_20250613_MP/user_H618_H5_20250613_ota.zip', tempUrl='null', remark='6月13号,MP量产固件测试
06-13 19:04:25.443 1028 1028 E ccc : user_H618_H5_20250613
06-13 19:04:25.443 1028 1028 E ccc : 链接: https://pan.baidu.com/s/1I9qXbnB145IidajJVd4M5Q?pwd=b527 提取码: b527
06-13 19:04:25.443 1028 1028 E ccc : 1、user版本
06-13 19:04:25.443 1028 1028 E ccc : 2、添加两个开机广播
06-13 19:04:25.443 1028 1028 E ccc : 3、版本号5010', status=idle, progress=0.0, filterMac=[], localPath='null', popup=1, isPaused=false, cancelled=false, extraInfo='null'}, code=0}
06-13 19:04:25.445 1028 1028 E ccc : cccccc com.dangbei.haqusetting not connect
06-13 19:04:25.445 1028 1028 E ccc : cccccc updateHelper 通知更新
06-13 19:04:25.445 1028 1028 E ccc : cccccc OtaUpdateHelper 普通更新 1
06-13 19:04:25.449 1028 1176 I okhttp.OkHttpClient: <-- 200 OK http://tymsgapi.qun7.com/v1/core/appupdate (81ms, unknown-length body)
06-13 19:04:25.449 1028 1028 E ccc : cccccc launcher ota response is BaseResponse{message='success', data=UpgradeInfoEntity{contentLength=0, versionName='', versionCode=0, remark='', list=[]}, code=0}
06-13 19:04:25.450 1028 1028 W System.err: java.lang.IndexOutOfBoundsException: Index: 0, Size: 0
06-13 19:04:25.469 1028 1028 W System.err: at java.util.ArrayList.get(ArrayList.java:437)
06-13 19:04:25.469 1028 1028 W System.err: at com.dangbei.etna.update.launcher.LauncherUpdateHelper$requestLauncherUpdateInfo$1$2.invoke(LauncherUpdateHelper.kt:198)
06-13 19:04:25.469 1028 1028 W System.err: at com.dangbei.etna.update.launcher.LauncherUpdateHelper$requestLauncherUpdateInfo$1$2.invoke(LauncherUpdateHelper.kt:189)
06-13 19:04:25.469 1028 1028 W System.err: at com.etna.haqu.support.ext.FlowExtKt$safeCollect$3.emit(FlowExt.kt:52)
06-13 19:04:25.469 1028 1028 W System.err: at kotlinx.coroutines.flow.FlowKt__ErrorsKt$catchImpl$2.emit(Errors.kt:158)
06-13 19:04:25.469 1028 1028 W System.err: at kotlinx.coroutines.flow.FlowKt__ChannelsKt.emitAllImpl$FlowKt__ChannelsKt(Channels.kt:62)
06-13 19:04:25.469 1028 1028 W System.err: at kotlinx.coroutines.flow.FlowKt__ChannelsKt.access$emitAllImpl$FlowKt__ChannelsKt(Channels.kt:1)
06-13 19:04:25.469 1028 1028 W System.err: at kotlinx.coroutines.flow.FlowKt__ChannelsKt$emitAllImpl$1.invokeSuspend(Unknown Source:14)
06-13 19:04:25.469 1028 1028 W System.err: at kotlin.coroutines.jvm.internal.BaseContinuationImpl.resumeWith(ContinuationImpl.kt:33)
06-13 19:04:25.469 1028 1028 W System.err: at kotlinx.coroutines.DispatchedTask.run(DispatchedTask.kt:106)
06-13 19:04:25.469 1028 1028 W System.err: at android.os.Handler.handleCallback(Handler.java:938)
06-13 19:04:25.470 1028 1028 W System.err: at android.os.Handler.dispatchMessage(Handler.java:99)
06-13 19:04:25.470 1028 1028 W System.err: at android.os.Looper.loopOnce(Looper.java:201)
06-13 19:04:25.470 1028 1028 W System.err: at android.os.Looper.loop(Looper.java:288)
06-13 19:04:25.470 1028 1028 W System.err: at android.app.ActivityThread.main(ActivityThread.java:7854)
06-13 19:04:25.470 1028 1028 W System.err: at java.lang.reflect.Method.invoke(Native Method)
06-13 19:04:25.470 1028 1028 W System.err: at com.android.internal.os.RuntimeInit$MethodAndArgsCaller.run(RuntimeInit.java:548)
06-13 19:04:25.470 1028 1028 W System.err: at com.android.internal.os.ZygoteInit.main(ZygoteInit.java:1182)
06-13 19:04:25.472 1028 1040 I lerad.etna.haq: Background young concurrent copying GC freed 36917(2365KB) AllocSpace objects, 3(60KB) LOS objects, 28% free, 4438KB/6214KB, paused 299us total 180.770ms
06-13 19:04:25.473 1028 1042 W System : A resource failed to call close.
06-13 19:04:25.473 1028 1042 W System : A resource failed to call close.
06-13 19:04:25.473 1028 1042 W System : A resource failed to call close.
06-13 19:04:25.478 1028 1028 E ccc : cccccc com.dangbei.haqusetting not connect
06-13 19:04:25.478 1028 1028 E ccc : cccccc updateHelper 通知更新
06-13 19:04:25.479 1028 1028 E ccc : cccccc launcher ota response is BaseResponse{message='success', data=UpgradeInfoEntity{contentLength=0, versionName='', versionCode=0, remark='', list=[]}, code=0}
06-13 19:04:25.479 1028 1028 W System.err: java.lang.IndexOutOfBoundsException: Index: 0, Size: 0
06-13 19:04:25.479 1028 1028 W System.err: at java.util.ArrayList.get(ArrayList.java:437)
06-13 19:04:25.479 1028 1028 W System.err: at com.dangbei.etna.update.launcher.LauncherUpdateHelper$requestLauncherUpdateInfo$1$2.invoke(LauncherUpdateHelper.kt:198)
06-13 19:04:25.479 1028 1028 W System.err: at com.dangbei.etna.update.launcher.LauncherUpdateHelper$requestLauncherUpdateInfo$1$2.invoke(LauncherUpdateHelper.kt:189)
06-13 19:04:25.479 1028 1028 W System.err: at com.etna.haqu.support.ext.FlowExtKt$safeCollect$3.emit(FlowExt.kt:52)
06-13 19:04:25.479 1028 1028 W System.err: at kotlinx.coroutines.flow.FlowKt__ErrorsKt$catchImpl$2.emit(Errors.kt:158)
06-13 19:04:25.480 1028 1028 W System.err: at kotlinx.coroutines.flow.FlowKt__ChannelsKt.emitAllImpl$FlowKt__ChannelsKt(Channels.kt:62)
06-13 19:04:25.480 1028 1028 W System.err: at kotlinx.coroutines.flow.FlowKt__ChannelsKt.access$emitAllImpl$FlowKt__ChannelsKt(Channels.kt:1)
06-13 19:04:25.480 1028 1028 W System.err: at kotlinx.coroutines.flow.FlowKt__ChannelsKt$emitAllImpl$1.invokeSuspend(Unknown Source:14)
06-13 19:04:25.480 1028 1028 W System.err: at kotlin.coroutines.jvm.internal.BaseContinuationImpl.resumeWith(ContinuationImpl.kt:33)
06-13 19:04:25.480 1028 1028 W System.err: at kotlinx.coroutines.DispatchedTask.run(DispatchedTask.kt:106)
06-13 19:04:25.480 1028 1028 W System.err: at android.os.Handler.handleCallback(Handler.java:938)
06-13 19:04:25.480 1028 1028 W System.err: at android.os.Handler.dispatchMessage(Handler.java:99)
06-13 19:04:25.480 1028 1028 W System.err: at android.os.Looper.loopOnce(Looper.java:201)
06-13 19:04:25.480 1028 1028 W System.err: at android.os.Looper.loop(Looper.java:288)
06-13 19:04:25.480 1028 1028 W System.err: at android.app.ActivityThread.main(ActivityThread.java:7854)
06-13 19:04:25.480 1028 1028 W System.err: at java.lang.reflect.Method.invoke(Native Method)
06-13 19:04:25.480 1028 1028 W System.err: at com.android.internal.os.RuntimeInit$MethodAndArgsCaller.run(RuntimeInit.java:548)
06-13 19:04:25.480 1028 1028 W System.err: at com.android.internal.os.ZygoteInit.main(ZygoteInit.java:1182)
06-13 19:04:25.481 1028 1028 E ccc : cccccc com.dangbei.haqusetting not connect
06-13 19:04:25.481 1028 1028 E ccc : cccccc updateHelper 通知更新
06-13 19:04:25.488 1028 1177 I okhttp.OkHttpClient: <-- 200 OK http://tymsgapi.qun7.com/v1/core/appupdate (86ms, unknown-length body)
06-13 19:04:25.493 1987 2040 D CompatibilityChangeReporter: Compat change id reported: 160794467; UID 10028; state: DISABLED
06-13 19:04:25.497 479 1371 D CompatibilityChangeReporter: Compat change id reported: 171306433; UID 10028; state: DISABLED
06-13 19:04:25.509 1035 1133 W MediaProvider: getVolumePath for unknown volume: internal
06-13 19:04:25.524 479 1371 D ConnectivityService: requestNetwork for uid/pid:1000/479 asUid: 10028 activeRequest: null callbackRequest: 31 [NetworkRequest [ REQUEST id=32, [ Capabilities: INTERNET&NOT_RESTRICTED&TRUSTED&NOT_VCN_MANAGED Uid: 10028 RequestorUid: 1000 RequestorPkg: android] ]] callback flags: 0 priority: 2147483647
06-13 19:04:25.525 479 616 D ConnectivityService: NetReassign [32 : null → 100]
06-13 19:04:25.527 1035 1133 W MediaProvider: getVolumePath for unknown volume: internal
06-13 19:04:25.527 479 654 D Ethernet: got request NetworkRequest [ REQUEST id=32, [ Capabilities: INTERNET&NOT_RESTRICTED&TRUSTED&NOT_VCN_MANAGED Uid: 10028 RequestorUid: 1000 RequestorPkg: android] ]
06-13 19:04:25.527 479 609 D WifiNetworkFactory: got request NetworkRequest [ REQUEST id=32, [ Capabilities: INTERNET&NOT_RESTRICTED&TRUSTED&NOT_VCN_MANAGED Uid: 10028 RequestorUid: 1000 RequestorPkg: android] ]
06-13 19:04:25.528 479 654 D EthernetNetworkFactory: acceptRequest, request: NetworkRequest [ REQUEST id=32, [ Capabilities: INTERNET&NOT_RESTRICTED&TRUSTED&NOT_VCN_MANAGED Uid: 10028 RequestorUid: 1000 RequestorPkg: android] ]
06-13 19:04:25.528 479 654 I EthernetNetworkFactory: networkForRequest, request: NetworkRequest [ REQUEST id=32, [ Capabilities: INTERNET&NOT_RESTRICTED&TRUSTED&NOT_VCN_MANAGED Uid: 10028 RequestorUid: 1000 RequestorPkg: android] ], network: null
06-13 19:04:25.528 479 609 D UntrustedWifiNetworkFactory: got request NetworkRequest [ REQUEST id=32, [ Capabilities: INTERNET&NOT_RESTRICTED&TRUSTED&NOT_VCN_MANAGED Uid: 10028 RequestorUid: 1000 RequestorPkg: android] ]
06-13 19:04:25.528 479 609 D OemPaidWifiNetworkFactory: got request NetworkRequest [ REQUEST id=32, [ Capabilities: INTERNET&NOT_RESTRICTED&TRUSTED&NOT_VCN_MANAGED Uid: 10028 RequestorUid: 1000 RequestorPkg: android] ]
06-13 19:04:25.534 1035 1361 I MediaProvider: Scanned internal due to REASON_MOUNTED, found 230 items in 3764ms, 0 inserts 7 updates 0 deletes
06-13 19:04:25.535 479 1371 D CompatibilityChangeReporter: Compat change id reported: 135634846; UID 10057; state: DISABLED
06-13 19:04:25.535 479 1371 D CompatibilityChangeReporter: Compat change id reported: 177438394; UID 10057; state: DISABLED
06-13 19:04:25.536 479 1371 D CompatibilityChangeReporter: Compat change id reported: 135772972; UID 10057; state: DISABLED
06-13 19:04:25.537 479 1371 D CompatibilityChangeReporter: Compat change id reported: 135754954; UID 10057; state: DISABLED
06-13 19:04:25.537 479 543 D CompatibilityChangeReporter: Compat change id reported: 143937733; UID 10057; state: DISABLED
06-13 19:04:25.545 1090 1090 E SecondScreen: isShowSecondScreen()=0 getCurrentPageState()=com.monster.gamma.core.LoadService@c3e9611
06-13 19:04:25.561 249 249 D Zygote : Forked child process 2049
06-13 19:04:25.563 479 543 I ActivityManager: app.processName = com.android.tv
06-13 19:04:25.563 479 543 I ActivityManager: Start proc 2049:com.android.tv/u0a57 for broadcast {com.android.tv/com.android.tv.receiver.BootCompletedReceiver}
06-13 19:04:25.572 2049 2049 I Zygote : seccomp disabled by setenforce 0
06-13 19:04:25.572 1987 1987 I pool-2-thread-1: type=1400 audit(0.0:600): avc: denied { read } for name="no_backup" dev="mmcblk0p25" ino=2138 scontext=u:r:platform_app:s0:c512,c768 tcontext=u:object_r:app_data_file:s0:c512,c768 tclass=dir permissive=1 app=com.android.statementservice
06-13 19:04:25.572 1987 1987 I pool-2-thread-1: type=1400 audit(0.0:601): avc: denied { open } for path="/data/user/0/com.android.statementservice/no_backup" dev="mmcblk0p25" ino=2138 scontext=u:r:platform_app:s0:c512,c768 tcontext=u:object_r:app_data_file:s0:c512,c768 tclass=dir permissive=1 app=com.android.statementservice
06-13 19:04:25.600 402 419 I adbd : jdwp connection from 2049
06-13 19:04:25.602 248 1879 W resolv : validateDnsTlsServer returned 1 for 223.5.5.5
06-13 19:04:25.602 248 1879 W resolv : Validation success
06-13 19:04:25.611 479 616 W BestClock: java.time.DateTimeException: Missing NTP fix
06-13 19:04:25.643 479 616 W BestClock: java.time.DateTimeException: Missing NTP fix
06-13 19:04:25.647 479 1371 D CompatibilityChangeReporter: Compat change id reported: 168419799; UID 10057; state: DISABLED
06-13 19:04:25.657 479 938 D ConnectivityService: requestNetwork for uid/pid:10028/1987 activeRequest: null callbackRequest: 33 [NetworkRequest [ REQUEST id=34, [ Capabilities: INTERNET&NOT_RESTRICTED&TRUSTED&NOT_VCN_MANAGED Uid: 10028 RequestorUid: 10028 RequestorPkg: com.android.statementservice] ]] callback flags: 0 priority: 2147483647
06-13 19:04:25.672 479 1368 D CompatibilityChangeReporter: Compat change id reported: 135634846; UID 10041; state: DISABLED
06-13 19:04:25.673 479 616 D ConnectivityService: NetReassign [34 : null → 100]
06-13 19:04:25.673 479 543 D CompatibilityChangeReporter: Compat change id reported: 143937733; UID 10041; state: DISABLED
06-13 19:04:25.678 1090 1171 E hq : 当小贝:::message list add complete data.messageList:[]
06-13 19:04:25.678 1090 1171 E hq : data.tabList=[]
06-13 19:04:25.678 479 609 D WifiNetworkFactory: got request NetworkRequest [ REQUEST id=34, [ Capabilities: INTERNET&NOT_RESTRICTED&TRUSTED&NOT_VCN_MANAGED Uid: 10028 RequestorUid: 10028 RequestorPkg: com.android.statementservice] ]
06-13 19:04:25.679 1090 1171 I hq : 当小贝:::showMessage from=requestGetMessageRemind
06-13 19:04:25.681 1090 1170 I hq : 当小贝:::showMessage 没有消息需要显示
06-13 19:04:25.682 479 609 D UntrustedWifiNetworkFactory: got request NetworkRequest [ REQUEST id=34, [ Capabilities: INTERNET&NOT_RESTRICTED&TRUSTED&NOT_VCN_MANAGED Uid: 10028 RequestorUid: 10028 RequestorPkg: com.android.statementservice] ]
06-13 19:04:25.687 479 607 W BestClock: java.time.DateTimeException: Missing NTP fix
06-13 19:04:25.687 479 607 W BestClock: java.time.DateTimeException: Missing NTP fix
06-13 19:04:25.689 479 609 D OemPaidWifiNetworkFactory: got request NetworkRequest [ REQUEST id=34, [ Capabilities: INTERNET&NOT_RESTRICTED&TRUSTED&NOT_VCN_MANAGED Uid: 10028 RequestorUid: 10028 RequestorPkg: com.android.statementservice] ]
06-13 19:04:25.692 2049 2049 D CompatibilityChangeReporter: Compat change id reported: 171979766; UID 10057; state: DISABLED
06-13 19:04:25.697 249 249 D Zygote : Forked child process 2071
06-13 19:04:25.698 479 543 I ActivityManager: app.processName = com.sohu.inputmethod.sogou.tv
06-13 19:04:25.698 479 543 I ActivityManager: Start proc 2071:com.sohu.inputmethod.sogou.tv/u0a41 for service {com.sohu.inputmethod.sogou.tv/com.sohu.inputmethod.sogou.tv.SogouIME}
06-13 19:04:25.704 479 654 D Ethernet: got request NetworkRequest [ REQUEST id=34, [ Capabilities: INTERNET&NOT_RESTRICTED&TRUSTED&NOT_VCN_MANAGED Uid: 10028 RequestorUid: 10028 RequestorPkg: com.android.statementservice] ]
06-13 19:04:25.704 479 654 D EthernetNetworkFactory: acceptRequest, request: NetworkRequest [ REQUEST id=34, [ Capabilities: INTERNET&NOT_RESTRICTED&TRUSTED&NOT_VCN_MANAGED Uid: 10028 RequestorUid: 10028 RequestorPkg: com.android.statementservice] ]
06-13 19:04:25.704 479 654 I EthernetNetworkFactory: networkForRequest, request: NetworkRequest [ REQUEST id=34, [ Capabilities: INTERNET&NOT_RESTRICTED&TRUSTED&NOT_VCN_MANAGED Uid: 10028 RequestorUid: 10028 RequestorPkg: com.android.statementservice] ], network: null
06-13 19:04:25.711 2071 2071 I Zygote : seccomp disabled by setenforce 0
06-13 19:04:25.717 1090 1090 E martin : 组件:2025-06-13
06-13 19:04:25.732 402 419 I adbd : jdwp connection from 2071
06-13 19:04:25.736 1987 1987 I pool-2-thread-3: type=1400 audit(0.0:602): avc: denied { lock } for path="/data/user/0/com.android.statementservice/no_backup/androidx.work.workdb-shm" dev="mmcblk0p25" ino=2143 scontext=u:r:platform_app:s0:c512,c768 tcontext=u:object_r:app_data_file:s0:c512,c768 tclass=file permissive=1 app=com.android.statementservice
06-13 19:04:25.755 1090 1090 E weatherWidget: dataChange:Fri Jun 13 19:04:25 GMT+08:00 2025
06-13 19:04:25.761 479 938 D CompatibilityChangeReporter: Compat change id reported: 168419799; UID 10041; state: DISABLED
06-13 19:04:25.763 2049 2049 D ApplicationLoaders: Returning zygote-cached class loader: /system/framework/android.test.base.jar
06-13 19:04:25.782 2071 2071 D CompatibilityChangeReporter: Compat change id reported: 171979766; UID 10041; state: DISABLED
06-13 19:04:25.793 1987 2048 I WM-WorkerWrapper: Worker result SUCCESS for Work [ id=112a8f96-4f4f-4d36-a99f-c933959e083c, tags={ com.android.statementservice.domain.worker.RetryRequestWorker } ]
06-13 19:04:25.801 2071 2071 D ApplicationLoaders: Returning zygote-cached class loader: /system/framework/android.test.base.jar
06-13 19:04:25.801 2071 2071 D ApplicationLoaders: Returning zygote-cached class loader: /system/framework/android.hidl.manager-V1.0-java.jar
06-13 19:04:25.801 2071 2071 D ApplicationLoaders: Returning zygote-cached class loader: /system/framework/android.hidl.base-V1.0-java.jar
06-13 19:04:25.879 2049 2049 D nativeloader: classloader namespace configured for unbundled product apk. library_path=/product/priv-app/LiveTv/lib/arm:/product/lib:/system/product/lib
06-13 19:04:25.897 479 523 W IorapForwardingService: No service published for: iorapd
06-13 19:04:25.908 2071 2071 V GraphicsEnvironment: ANGLE Developer option for 'com.sohu.inputmethod.sogou.tv' set to: 'default'
06-13 19:04:25.908 2071 2071 V GraphicsEnvironment: Neither updatable production driver nor prerelease driver is supported.
06-13 19:04:25.910 2071 2071 D NetworkSecurityConfig: Using Network Security Config from resource network_security_config debugBuild: false
06-13 19:04:25.913 2071 2071 D NetworkSecurityConfig: Using Network Security Config from resource network_security_config debugBuild: false
06-13 19:04:25.916 2071 2071 I MultiDex: VM with version 2.1.0 has multidex support
06-13 19:04:25.916 2071 2071 I MultiDex: Installing application
06-13 19:04:25.916 2071 2071 I MultiDex: VM has multidex support, MultiDex support library is disabled.
06-13 19:04:25.960 269 269 I EventThread: type=1400 audit(0.0:603): avc: denied { search } for name="extcon" dev="sysfs" ino=18109 scontext=u:r:hal_tv_cec_default:s0 tcontext=u:object_r:sysfs_extcon:s0 tclass=dir permissive=1
06-13 19:04:25.975 2049 2049 V GraphicsEnvironment: ANGLE Developer option for 'com.android.tv' set to: 'default'
06-13 19:04:25.977 2049 2049 V GraphicsEnvironment: Neither updatable production driver nor prerelease driver is supported.
06-13 19:04:25.979 2049 2049 D NetworkSecurityConfig: No Network Security Config specified, using platform default
06-13 19:04:25.980 2049 2049 D NetworkSecurityConfig: No Network Security Config specified, using platform default
06-13 19:04:26.049 2071 2071 E SogouIME: setupInputSurface
06-13 19:04:26.080 479 619 D NsdService: Native daemon message SERVICE_REGISTERED: 606 3 "10.192.35.42"
06-13 19:04:26.087 1028 1028 D LanCommander: com.dangbei.andes.bean.RegistrationData@54dbe70----------------onServiceRegistered
06-13 19:04:26.087 2049 2049 W UnsafeUtil: platform method missing - proto runtime falling back to safer methods: java.lang.NoSuchMethodException: sun.misc.Unsafe.copyMemory [class java.lang.Object, long, class java.lang.Object, long, long]
06-13 19:04:26.177 2071 2071 I DefaultIMS: DefaultIMS::onCreate()
06-13 19:04:26.177 2071 2071 I DefaultIMS: DefaultIMS::onCreate() finish
06-13 19:04:26.200 479 609 D chongyuzhao: stop reconnect
06-13 19:04:26.234 479 1375 W ActivityTaskManager: Current config: {1.0 ?mcc?mnc [zh_CN] ldltr sw720dp w1280dp h696dp 240dpi xlrg long land television -touch qwerty/v/v dpad/v winConfig={ mBounds=Rect(0, 0 - 1920, 1080) mAppBounds=Rect(0, 0 - 1920, 1080) mMaxBounds=Rect(0, 0 - 1920, 1080) mWindowingMode=fullscreen mDisplayWindowingMode=fullscreen mActivityType=undefined mAlwaysOnTop=undefined mRotation=ROTATION_0} s.6 fontWeightAdjustment=0} unchanged for IME proc com.sohu.inputmethod.sogou.tv
06-13 19:04:26.234 479 1375 W ActivityTaskManager: Current config: {1.0 ?mcc?mnc [zh_CN] ldltr sw720dp w1280dp h696dp 240dpi xlrg long land television -touch qwerty/v/v dpad/v winConfig={ mBounds=Rect(0, 0 - 1920, 1080) mAppBounds=Rect(0, 0 - 1920, 1080) mMaxBounds=Rect(0, 0 - 1920, 1080) mWindowingMode=fullscreen mDisplayWindowingMode=fullscreen mActivityType=undefined mAlwaysOnTop=undefined mRotation=ROTATION_0} s.6 fontWeightAdjustment=0} unchanged for IME proc com.sohu.inputmethod.sogou.tv
06-13 19:04:26.251 2071 2071 I DefaultIMS: onInitializeInterface:
06-13 19:04:26.267 479 1371 D CompatibilityChangeReporter: Compat change id reported: 135634846; UID 10057; state: DISABLED
06-13 19:04:26.267 479 1371 D CompatibilityChangeReporter: Compat change id reported: 177438394; UID 10057; state: DISABLED
06-13 19:04:26.267 479 1371 D CompatibilityChangeReporter: Compat change id reported: 135772972; UID 10057; state: DISABLED
06-13 19:04:26.267 479 1371 D CompatibilityChangeReporter: Compat change id reported: 135754954; UID 10057; state: DISABLED
06-13 19:04:26.268 479 543 D CompatibilityChangeReporter: Compat change id reported: 143937733; UID 10057; state: DISABLED
06-13 19:04:26.286 2049 2049 I TvApplication: Starting TV app 1.24-asop
06-13 19:04:26.287 2049 2049 I TvApplication: Started TV app 1.24-asop
06-13 19:04:26.294 249 249 D Zygote : Forked child process 2114
06-13 19:04:26.296 479 543 I ActivityManager: app.processName = com.android.tv.common
06-13 19:04:26.296 479 543 I ActivityManager: Start proc 2114:com.android.tv.common/u0a57 for content provider {com.android.tv/com.android.tv.common.CommonPreferenceProvider}
06-13 19:04:26.305 2114 2114 I Zygote : seccomp disabled by setenforce 0
06-13 19:04:26.308 1090 1171 E hq : 当小贝:::message list add complete data.messageList:[]
06-13 19:04:26.308 1090 1171 E hq : data.tabList=[]
06-13 19:04:26.308 1090 1171 I hq : 当小贝:::showMessage from=requestAllMessage
06-13 19:04:26.309 1090 1518 I hq : 当小贝:::showMessage 没有消息需要显示
06-13 19:04:26.336 2071 2071 I InputModelManager: mLanguageId+0 mInputType=0mChInputType=2
06-13 19:04:26.342 2071 2071 I nw : loadKeyData: loadLanguageInfoSuccess ? true
06-13 19:04:26.342 2071 2071 I InputModelManager: getCurrentLanguageBean inputMode languageId:0
06-13 19:04:26.343 2071 2071 I nw : onChanged: languageResStatusBean=Language load status:
06-13 19:04:26.343 2071 2071 I nw : {}
06-13 19:04:26.351 402 419 I adbd : jdwp connection from 2114
06-13 19:04:26.376 2071 2071 I InputModelManager: getCurrentLanguageBean inputMode languageId:0
06-13 19:04:26.390 2071 2071 I LanguageResManager: prepareResource onSuccess:
06-13 19:04:26.396 2071 2071 D InputSurface: initView:
06-13 19:04:26.397 2071 2071 I MainPresenter: initView:
06-13 19:04:26.397 479 1375 I ActivityManager: Background started FGS: Allowed [callingPackage: com.android.tv; callingUid: 10057; uidState: RCVR; intent: Intent { cmp=com.android.tv/.dvr.recorder.DvrRecordingService (has extras) }; code:BACKGROUND_ACTIVITY_PERMISSION; tempAllowListReason:; targetSdkVersion:29; callerTargetSdkVersion:29; startForegroundCount:0; bindFromPackage:null]
06-13 19:04:26.399 2071 2071 D MainLayer: initView:
06-13 19:04:26.401 2071 2134 I LanguageResManager: prepareResource onSuccess:
06-13 19:04:26.405 2071 2071 D BodyAreaPresenter: initView:
06-13 19:04:26.498 2071 2071 I DefaultIMS: DefaultIMS::onInitializeInterface() finish
06-13 19:04:26.552 2114 2114 D CompatibilityChangeReporter: Compat change id reported: 171979766; UID 10057; state: DISABLED
06-13 19:04:26.561 2071 2071 D CompatibilityChangeReporter: Compat change id reported: 160794467; UID 10041; state: DISABLED
06-13 19:04:26.570 2071 2071 I DefaultIMS: onStartInput attribute=android.view.inputmethod.EditorInfo@5b8b9a restarting=false inputType: 0
06-13 19:04:26.615 2114 2114 D ApplicationLoaders: Returning zygote-cached class loader: /system/framework/android.test.base.jar
06-13 19:04:26.615 2071 2071 I SendAliveManager: doWhenNetworkStateChanged
06-13 19:04:26.615 2071 2071 I nw : onChanged: languageResStatusBean=Language load status:
06-13 19:04:26.615 2071 2071 I nw : {zh=3}
06-13 19:04:26.616 2071 2071 I DefaultIMS: initializedCallback: time tag1=1749812666616
06-13 19:04:26.628 2071 2071 I nw : initializeInputSession: inputMode=languageID=0
06-13 19:04:26.628 2071 2071 I nw : scriptID=2
06-13 19:04:26.628 2071 2071 I nw : layoutID=2
06-13 19:04:26.628 2071 2071 I KeyEventTransfer: languageID=0
06-13 19:04:26.628 2071 2071 I KeyEventTransfer: scriptID=2
06-13 19:04:26.628 2071 2071 I KeyEventTransfer: layoutID=2
06-13 19:04:26.640 479 542 I ActivityManager: Deferring FGS notification in legacy app com.android.tv/u0a57 : Notification(channel=dvr_notification_channel shortcut=null contentView=null vibrate=null sound=null defaults=0x0 flags=0x40 color=0x00000000 vis=PRIVATE)
06-13 19:04:26.657 2114 2114 D nativeloader: classloader namespace configured for unbundled product apk. library_path=/product/priv-app/LiveTv/lib/arm:/product/lib:/system/product/lib
06-13 19:04:26.659 661 661 E WifiHAL : wifi_get_link_stats: requestResponse Error:-5
06-13 19:04:26.663 479 609 E WifiVendorHal: getWifiLinkLayerStats_1_5_Internal(l.1191) failed {.code = ERROR_INVALID_ARGS, .description = }
06-13 19:04:26.678 479 1368 D CompatibilityChangeReporter: Compat change id reported: 168419799; UID 1000; state: DISABLED
06-13 19:04:26.685 479 1368 D CompatibilityChangeReporter: Compat change id reported: 149924527; UID 10041; state: ENABLED
06-13 19:04:26.687 479 938 D CompatibilityChangeReporter: Compat change id reported: 132649864; UID 10041; state: DISABLED
06-13 19:04:26.693 815 815 W ContextImpl: Calling a method in the system process without a qualified user: android.app.ContextImpl.startService:1816 android.content.ContextWrapper.startService:774 android.content.ContextWrapper.startService:774 com.android.tv.settings.help.BootBroadcastReceiver.onReceive:18 android.app.ActivityThread.handleReceiver:4308
06-13 19:04:26.694 479 938 W ActivityManager: Unable to start service Intent { cmp=com.android.tv.settings/.app_lock.MainService } U=0: not found
06-13 19:04:26.695 815 815 V BootBroadcastReceiver: autorun
06-13 19:04:26.709 1035 1361 I MediaProvider: Scanned external_primary due to REASON_MOUNTED, found 46 items in 1157ms, 0 inserts 10 updates 0 deletes
06-13 19:04:26.713 479 1368 I ActivityManager: com.dangbei.zhushou.os is exempt from freezer
06-13 19:04:26.713 2114 2114 V GraphicsEnvironment: ANGLE Developer option for 'com.android.tv' set to: 'default'
06-13 19:04:26.714 479 1368 D CompatibilityChangeReporter: Compat change id reported: 135634846; UID 1000; state: DISABLED
06-13 19:04:26.714 2114 2114 V GraphicsEnvironment: Neither updatable production driver nor prerelease driver is supported.
06-13 19:04:26.721 2114 2114 D NetworkSecurityConfig: No Network Security Config specified, using platform default
06-13 19:04:26.721 1035 1361 I MediaProvider: End Intent { act=com.android.providers.media.action.SCAN_VOLUME (has extras) }
06-13 19:04:26.724 2114 2114 D NetworkSecurityConfig: No Network Security Config specified, using platform default
06-13 19:04:26.740 249 249 D Zygote : Forked child process 2147
06-13 19:04:26.741 479 543 I ActivityManager: app.processName = com.dangbei.zhushou.os
06-13 19:04:26.741 479 543 I ActivityManager: Start proc 2147:com.dangbei.zhushou.os/1000 for broadcast {com.dangbei.zhushou.os/com.dangbei.projector.assistant.receiver.BootReceiver}
06-13 19:04:26.751 2147 2147 I Zygote : seccomp disabled by setenforce 0
06-13 19:04:26.760 1983 1983 I rainbow_flow: type=1400 audit(0.0:604): avc: denied { ioctl } for path="/dev/spidev1.0" dev="tmpfs" ino=3340 ioctlcmd=0x6b00 scontext=u:r:init:s0 tcontext=u:object_r:device:s0 tclass=chr_file permissive=1
06-13 19:04:26.775 2114 2114 W UnsafeUtil: platform method missing - proto runtime falling back to safer methods: java.lang.NoSuchMethodException: sun.misc.Unsafe.copyMemory [class java.lang.Object, long, class java.lang.Object, long, long]
06-13 19:04:26.776 402 419 I adbd : jdwp connection from 2147
06-13 19:04:26.838 2147 2147 D CompatibilityChangeReporter: Compat change id reported: 171979766; UID 1000; state: DISABLED
06-13 19:04:26.884 2147 2147 D ApplicationLoaders: Returning zygote-cached class loader: /system/framework/android.test.base.jar
06-13 19:04:26.884 2147 2147 D ApplicationLoaders: Returning zygote-cached class loader: /system/framework/android.hidl.manager-V1.0-java.jar
06-13 19:04:26.884 2147 2147 D ApplicationLoaders: Returning zygote-cached class loader: /system/framework/android.hidl.base-V1.0-java.jar
06-13 19:04:26.896 2114 2114 I TvApplication: Starting TV app 1.24-asop
06-13 19:04:26.898 2114 2114 I TvApplication: Started TV app 1.24-asop
06-13 19:04:26.899 479 523 W IorapForwardingService: No service published for: iorapd
06-13 19:04:26.941 1035 1055 I FuseDaemon: Background young concurrent copying GC freed 43335(2577KB) AllocSpace objects, 2(40KB) LOS objects, 37% free, 3954KB/6351KB, paused 117us total 102.591ms
06-13 19:04:26.960 269 269 I EventThread: type=1400 audit(0.0:605): avc: denied { search } for name="extcon" dev="sysfs" ino=18109 scontext=u:r:hal_tv_cec_default:s0 tcontext=u:object_r:sysfs_extcon:s0 tclass=dir permissive=1
06-13 19:04:27.038 1090 1100 I d.leradlaunche: Background concurrent copying GC freed 224730(12MB) AllocSpace objects, 33(2988KB) LOS objects, 49% free, 13MB/27MB, paused 757us total 2.186s
06-13 19:04:27.068 2147 2147 V GraphicsEnvironment: ANGLE Developer option for 'com.dangbei.zhushou.os' set to: 'default'
06-13 19:04:27.068 2147 2147 V GraphicsEnvironment: Neither updatable production driver nor prerelease driver is supported.
06-13 19:04:27.074 2147 2147 D NetworkSecurityConfig: No Network Security Config specified, using platform default
06-13 19:04:27.075 2147 2147 D NetworkSecurityConfig: No Network Security Config specified, using platform default
06-13 19:04:27.078 2147 2147 I MultiDex: VM with version 2.1.0 has multidex support
06-13 19:04:27.082 2147 2147 I MultiDex: Installing application
06-13 19:04:27.083 2147 2147 I MultiDex: VM has multidex support, MultiDex support library is disabled.
06-13 19:04:27.128 2071 2071 I chromium: [0613/190427:INFO:config_service.cc(227)] Load config buffer. err_code = 3, err_msg = Line: 1, column: 1, Unexpected token.
06-13 19:04:27.176 1090 1518 E hq : ErrorCoroutineExceptionHandler:::runTry error:com.dangbei.leard.base.proider.error.EmptyApiException: 数据为空 from=requestMessageDialog from=requestMessageDialog
06-13 19:04:27.219 2071 2071 I CHInputSession: set engine mode: 2 layout: 2
06-13 19:04:27.238 2071 2071 D CHJNIDefault: setInputMode value=-1
06-13 19:04:27.239 2071 2071 I InputContext: onChanged: candidateWords=[]
06-13 19:04:27.240 2071 2071 I InputContext: onChanged: candidateWordInfo.size=0 global offset: 0pausedCandidateData = false
06-13 19:04:27.240 2071 2071 I InputContext: onChanged: composing=null
06-13 19:04:27.240 2071 2071 I InputContext: onChanged: forCompose=false
06-13 19:04:27.259 2071 2071 I nw : onChanged: input mode:languageID=0
06-13 19:04:27.259 2071 2071 I nw : scriptID=2
06-13 19:04:27.259 2071 2071 I nw : layoutID=2
06-13 19:04:27.308 2147 2147 I gbei.zhushou.os: type=1400 audit(0.0:606): avc: denied { read } for name="address" dev="sysfs" ino=27837 scontext=u:r:system_app:s0 tcontext=u:object_r:sysfs:s0 tclass=file permissive=1
06-13 19:04:27.308 2147 2147 I gbei.zhushou.os: type=1400 audit(0.0:607): avc: denied { open } for path="/sys/devices/platform/unisoc_wifi/net/wlan1/address" dev="sysfs" ino=27837 scontext=u:r:system_app:s0 tcontext=u:object_r:sysfs:s0 tclass=file permissive=1
06-13 19:04:27.308 2147 2147 I gbei.zhushou.os: type=1400 audit(0.0:608): avc: denied { getattr } for path="/sys/devices/platform/unisoc_wifi/net/wlan1/address" dev="sysfs" ino=27837 scontext=u:r:system_app:s0 tcontext=u:object_r:sysfs:s0 tclass=file permissive=1
06-13 19:04:27.363 479 648 W HdmiCecController: Failed to send 40:8F with errorCode=1
06-13 19:04:27.368 2147 2147 I b : -----------> Auto switch user, userId: -3377459
06-13 19:04:27.368 2147 2147 I b : -----------> doSwitchUserInternal, userId: -3377459
06-13 19:04:27.373 2147 2147 D yl : com.wangjie.rapidorm.c.b.a-------------------the tables are {class com.dangbei.setting.provider.dal.db.model.User=com.dangbei.setting.provider.dal.db.model.c@2c62177, class com.dangbei.setting.provider.dal.db.model.UserPreference=com.dangbei.setting.provider.dal.db.model.b@598b1e4}
06-13 19:04:27.503 2147 2147 D CompatibilityChangeReporter: Compat change id reported: 147600208; UID 1000; state: DISABLED
06-13 19:04:27.554 2147 2147 I TDLog : setReportUncaughtExceptions: true
06-13 19:04:27.601 479 1368 D CompatibilityChangeReporter: Compat change id reported: 135634846; UID 10035; state: DISABLED
06-13 19:04:27.601 479 1368 D CompatibilityChangeReporter: Compat change id reported: 177438394; UID 10035; state: DISABLED
06-13 19:04:27.601 479 1368 D CompatibilityChangeReporter: Compat change id reported: 135772972; UID 10035; state: DISABLED
06-13 19:04:27.601 479 1368 D CompatibilityChangeReporter: Compat change id reported: 135754954; UID 10035; state: ENABLED
06-13 19:04:27.602 479 543 D CompatibilityChangeReporter: Compat change id reported: 143937733; UID 10035; state: ENABLED
06-13 19:04:27.612 2147 2147 I ThreadPoolUtils: type=1400 audit(0.0:609): avc: denied { read } for name="/" dev="dm-0" ino=2 scontext=u:r:system_app:s0 tcontext=u:object_r:rootfs:s0 tclass=dir permissive=1
06-13 19:04:27.621 2245 2245 W audit : audit_lost=193 audit_rate_limit=5 audit_backlog_limit=64
06-13 19:04:27.621 2245 2245 E audit : rate limit exceeded
06-13 19:04:27.633 249 249 D Zygote : Forked child process 2253
06-13 19:04:27.636 479 543 I ActivityManager: app.processName = com.softwinner.timerswitch
06-13 19:04:27.636 479 543 I ActivityManager: Start proc 2253:com.softwinner.timerswitch/u0a35 for broadcast {com.softwinner.timerswitch/com.softwinner.timerswitch.AlarmReceiver}
06-13 19:04:27.652 2253 2253 I Zygote : seccomp disabled by setenforce 0
06-13 19:04:27.657 2147 2224 I TDLog : TalkingData App Analytics SDK init...
06-13 19:04:27.657 2147 2224 I TDLog : SDK_VERSION is: Android+TD+V4.0.22 gp Type:Native Build_Num:712
06-13 19:04:27.657 2147 2224 I TDLog : App ID is: 219DEBE67C3B47D799EED1190DEACA09
06-13 19:04:27.657 2147 2224 I TDLog : App Channel is: statisticSDK
06-13 19:04:27.657 2147 2224 I TDLog : SDK_OVC is: TDOVC+a004ba0d7e569531a3ac013fd19b4443+SaaS
06-13 19:04:27.675 402 419 I adbd : jdwp connection from 2253
06-13 19:04:27.713 479 1368 D CompatibilityChangeReporter: Compat change id reported: 168419799; UID 10035; state: DISABLED
06-13 19:04:27.742 2049 2058 I com.android.tv: Background concurrent copying GC freed 12808(831KB) AllocSpace objects, 4(80KB) LOS objects, 49% free, 3014KB/6028KB, paused 193us total 123.219ms
06-13 19:04:27.831 2253 2253 D CompatibilityChangeReporter: Compat change id reported: 171979766; UID 10035; state: ENABLED
06-13 19:04:27.844 479 479 W Looper : Slow dispatch took 114ms main h=com.android.server.job.JobSchedulerService$JobHandler c=null m=7
06-13 19:04:27.852 2147 2224 V NFC : this device does not have NFC support
06-13 19:04:27.901 479 523 W IorapForwardingService: No service published for: iorapd
06-13 19:04:27.955 479 1368 D CompatibilityChangeReporter: Compat change id reported: 178209446; UID 1000; state: DISABLED
06-13 19:04:27.955 479 1368 D CompatibilityChangeReporter: Compat change id reported: 178209446; UID 1000; state: ENABLED
06-13 19:04:27.960 2147 2211 I CameraManagerGlobal: Connecting to camera service
06-13 19:04:27.964 269 269 I EventThread: type=1400 audit(0.0:795): avc: denied { search } for name="extcon" dev="sysfs" ino=18109 scontext=u:r:hal_tv_cec_default:s0 tcontext=u:object_r:sysfs_extcon:s0 tclass=dir permissive=1
06-13 19:04:27.964 2147 2147 I ThreadPoolUtils: type=1400 audit(0.0:796): avc: denied { read } for name="/" dev="dm-0" ino=2 scontext=u:r:system_app:s0 tcontext=u:object_r:rootfs:s0 tclass=dir permissive=1
06-13 19:04:27.964 2147 2147 I ThreadPoolUtils: type=1400 audit(0.0:797): avc: denied { open } for path="/" dev="dm-0" ino=2 scontext=u:r:system_app:s0 tcontext=u:object_r:rootfs:s0 tclass=dir permissive=1
06-13 19:04:27.980 2253 2253 I ner.timerswitch: type=1400 audit(0.0:798): avc: denied { search } for name="com.softwinner.timerswitch" dev="mmcblk0p25" ino=873 scontext=u:r:platform_app:s0:c512,c768 tcontext=u:object_r:app_data_file:s0:c512,c768 tclass=dir permissive=1 app=com.softwinner.timerswitch
06-13 19:04:27.992 2253 2253 V GraphicsEnvironment: ANGLE Developer option for 'com.softwinner.timerswitch' set to: 'default'
06-13 19:04:27.993 2253 2253 V GraphicsEnvironment: Neither updatable production driver nor prerelease driver is supported.
06-13 19:04:27.995 2253 2253 D NetworkSecurityConfig: No Network Security Config specified, using platform default
06-13 19:04:27.996 2253 2253 D NetworkSecurityConfig: No Network Security Config specified, using platform default
06-13 19:04:27.980 2147 2147 I ThreadPoolUtils: type=1400 audit(0.0:799): avc: denied { getattr } for path="/system/bin/init" dev="dm-0" ino=1033 scontext=u:r:system_app:s0 tcontext=u:object_r:init_exec:s0 tclass=file permissive=1
06-13 19:04:28.021 2253 2253 D TAG_AlarmReceiver: receive broadcast, curTime : 2025-06-13 19:04:28
06-13 19:04:28.022 2253 2253 D TAG_AlarmReceiver: ********receive system bootUp broadcast*********
06-13 19:04:28.065 2147 2239 I UtilCommon: bluetoothMac=B4:2F:03:15:74:2B
06-13 19:04:28.094 2147 2239 D UtilLog : key=deviceid
06-13 19:04:28.123 2147 2239 D UtilLog : values=4818c2b4be95ad1b245a813d435daf99
06-13 19:04:28.123 2147 2239 D UtilLog : DesValues=lrmdS2Bw/sGp03gQ15EQ7d04+evWCAzMcYQxwwUDlTTIsNyY8nLwtQ==
06-13 19:04:28.123 2147 2239 D UtilLog :
06-13 19:04:28.123 2147 2239 D UtilLog : key=dev_uuid
06-13 19:04:28.124 2147 2239 D UtilLog : values=7ccece79-fe61-4bf5-b5b4-2224e9948ea2
06-13 19:04:28.124 2147 2239 D UtilLog : DesValues=UqgtVr17v3+fchWnjULtSccMzsXkVVoIOzqjvby22HP4r6MP18obtQ==
06-13 19:04:28.124 2147 2239 D UtilLog :
06-13 19:04:28.124 2147 2239 D UtilLog : key=channel
06-13 19:04:28.124 2147 2239 D UtilLog : values=DBOS_DBBOX-A2
06-13 19:04:28.124 2147 2239 D UtilLog : DesValues=U2rMDSNEX4hlxebfMfvE5w==
06-13 19:04:28.124 2147 2239 D UtilLog :
06-13 19:04:28.124 2147 2239 D UtilLog : key=packagelist
06-13 19:04:28.125 2147 2239 D UtilLog : values=com.dangbei.lerad.rocky;com.dangbei.leard.leradlauncher;com.dangbei.zhushou.os
06-13 19:04:28.125 2147 2239 D UtilLog : DesValues=byaAjpuYP7Md9ImftnY6oL+u5Tex4kQ5jeOCkuyRk9SkGPr4UI1BJNL8hrF+2ShyB2oVVKVfAi8PlHx6PKeqfviwQR31zZWikKW1prDgGkU=
06-13 19:04:28.125 2147 2239 D UtilLog :
06-13 19:04:28.125 2147 2239 D UtilLog : key=mac
06-13 19:04:28.125 2147 2239 D UtilLog : values=20:02:FE:19:C1:F9
06-13 19:04:28.125 2147 2239 D UtilLog : DesValues=nYMpcx8K3oP+WR57bGh/3oC0V2a2JXsK
06-13 19:04:28.125 2147 2239 D UtilLog :
06-13 19:04:28.125 2147 2239 D UtilLog : key=wifimac
06-13 19:04:28.126 2147 2239 D UtilLog : values=B4:2F:03:15:E9:B5
06-13 19:04:28.126 2147 2239 D UtilLog : DesValues=GtiP38bn9GKbQ/y4GYpKf2h2+xfnVp+Q
06-13 19:04:28.126 2147 2239 D UtilLog :
06-13 19:04:28.126 2147 2239 D UtilLog : key=uuid
06-13 19:04:28.126 2147 2239 D UtilLog : values=7da6021e-9567-4f11-b2ad-1e6f083a1e6c
06-13 19:04:28.159 2147 2239 D UtilLog : DesValues=q3I1ldrmob/PxW/YO7forI0sQzjVWD8D6aNsfyaJcKCNRYHq7S5P/g==
06-13 19:04:28.159 2147 2239 D UtilLog :
06-13 19:04:28.159 2147 2239 D UtilLog : key=appname
06-13 19:04:28.170 479 1368 I ActivityManager: Finished processing BOOT_COMPLETED for u0
06-13 19:04:28.172 479 1368 D CompatibilityChangeReporter: Compat change id reported: 135634846; UID 10024; state: DISABLED
06-13 19:04:28.173 479 543 D CompatibilityChangeReporter: Compat change id reported: 143937733; UID 10024; state: DISABLED
06-13 19:04:28.174 2147 2239 D UtilLog : values=电视管家
06-13 19:04:28.174 2147 2239 D UtilLog : DesValues=iqL5Rox+365YgqkQrzmGew==
06-13 19:04:28.178 2147 2239 D UtilLog :
06-13 19:04:28.178 2147 2239 D UtilLog : key=packagename
06-13 19:04:28.179 2147 2239 D UtilLog : values=com.dangbei.zhushou.os
06-13 19:04:28.179 2147 2239 D UtilLog : DesValues=byaAjpuYP7N/v7Z6kyOIN8JduvsEBDYD
06-13 19:04:28.179 2147 2239 D UtilLog :
06-13 19:04:28.179 2147 2239 D UtilLog : key=vname
06-13 19:04:28.179 2147 2239 D UtilLog : values=4.0.0.0.1
06-13 19:04:28.179 2147 2239 D UtilLog : DesValues=ZmbdbetpP3xQfy8gEtIzGg==
06-13 19:04:28.180 2147 2239 D UtilLog :
06-13 19:04:28.180 2147 2239 D UtilLog : key=vcode
06-13 19:04:28.183 2147 2239 D UtilLog : values=40001
06-13 19:04:28.183 2147 2239 D UtilLog : DesValues=xHelLudSdno=
06-13 19:04:28.183 2147 2239 D UtilLog :
06-13 19:04:28.183 2147 2239 D UtilLog : key=brand
06-13 19:04:28.200 249 249 D Zygote : Forked child process 2299
06-13 19:04:28.203 2147 2239 D UtilLog : values=Dangbei
06-13 19:04:28.203 2147 2239 D UtilLog : DesValues=w3F/S11z4cQ=
06-13 19:04:28.203 2147 2239 D UtilLog :
06-13 19:04:28.203 2147 2239 D UtilLog : key=boxfactory
06-13 19:04:28.204 2147 2239 D UtilLog : values=Allwinner
06-13 19:04:28.204 2147 2239 D UtilLog : DesValues=Z82sBMOvjTwCcRqjeHOwaQ==
06-13 19:04:28.204 2147 2239 D UtilLog :
06-13 19:04:28.204 2147 2239 D UtilLog : key=rommodel
06-13 19:04:28.204 2147 2239 D UtilLog : values=DBBOX-A2
06-13 19:04:28.204 2147 2239 D UtilLog : DesValues=Cp0N6KH6T4JIJBzkJvj0FQ==
06-13 19:04:28.204 2147 2239 D UtilLog :
06-13 19:04:28.204 2147 2239 D UtilLog : key=cpuserial
06-13 19:04:28.205 2147 2239 D UtilLog : values=0000000000000000
06-13 19:04:28.205 2147 2239 D UtilLog : DesValues=nNQaqXf/biPbsaIvekQHd7yInvBfbZxz
06-13 19:04:28.205 2147 2239 D UtilLog :
06-13 19:04:28.205 2147 2239 D UtilLog : key=cpuimei
06-13 19:04:28.205 2147 2239 D UtilLog : values=armeabi-v7a
06-13 19:04:28.205 2147 2239 D UtilLog : DesValues=eB2sQ5wFJ4fV9rAgxgt0kQ==
06-13 19:04:28.205 2147 2239 D UtilLog :
06-13 19:04:28.205 2147 2239 D UtilLog : key=sn
06-13 19:04:28.205 2147 2239 D UtilLog : values=DZOH58251938669
06-13 19:04:28.205 2147 2239 D UtilLog : DesValues=DRq9pIo+PTzDN8Fx4U8OqA==
06-13 19:04:28.205 2147 2239 D UtilLog :
06-13 19:04:28.205 2147 2239 D UtilLog : key=osversion
06-13 19:04:28.206 2147 2239 D UtilLog : values=12
06-13 19:04:28.206 2147 2239 D UtilLog : DesValues=z4Vde2HU9Lg=
06-13 19:04:28.206 2147 2239 D UtilLog :
06-13 19:04:28.206 2147 2239 D UtilLog : key=oscode
06-13 19:04:28.206 2147 2239 D UtilLog : values=31
06-13 19:04:28.206 2147 2239 D UtilLog : DesValues=uYf7cxwIekI=
06-13 19:04:28.207 479 543 I ActivityManager: app.processName = com.dangbei.screencast
