06-13 19:04:09.848 318 318 D XiriService: check file name: /data/data/com.android.providers.settings/lib
06-13 19:04:09.848 318 318 D XiriService: check file name: /data/data/com.android.providers.settings/lib
06-13 19:04:09.854 318 318 D XiriService: check file name: /data/data/com.android.providers.settings/lib
06-13 19:04:09.854 318 318 D XiriService: check file name: /data/data/com.android.providers.settings/lib
06-13 19:04:09.854 318 318 D XiriService: check file name: /data/data/com.android.providers.settings/lib
06-13 19:04:09.855 318 318 D XiriService: check file name: /data/data/com.android.providers.settings/lib
06-13 19:04:09.856 318 318 D XiriService: check file name: /data/data/com.android.inputdevices/lib
06-13 19:04:09.856 318 318 D XiriService: check file name: /data/data/com.android.inputdevices/lib
06-13 19:04:09.857 318 318 D XiriService: check file name: /data/data/com.android.inputdevices/lib
06-13 19:04:09.857 318 318 D XiriService: check file name: /data/data/com.android.inputdevices/lib
06-13 19:04:09.867 318 318 D XiriService: check file name: /data/data/com.android.inputdevices/lib
06-13 19:04:09.867 318 318 D XiriService: check file name: /data/data/com.android.inputdevices/lib
06-13 19:04:09.868 318 318 D XiriService: check file name: /data/data/com.android.inputdevices/lib
06-13 19:04:09.868 318 318 D XiriService: check file name: /data/data/com.android.inputdevices/lib
06-13 19:04:09.873 318 318 D XiriService: check file name: /data/data/android.ext.services/lib
06-13 19:04:09.868 318 318 I xiriservice_All: type=1400 audit(0.0:296): avc: denied { search } for name="android.ext.services" dev="mmcblk0p25" ino=437 scontext=u:r:init:s0 tcontext=u:object_r:app_data_file:s0:c512,c768 tclass=dir permissive=1
06-13 19:04:09.874 318 318 D XiriService: check file name: /data/data/android.ext.services/lib
06-13 19:04:09.874 318 318 D XiriService: check file name: /data/data/android.ext.services/lib
06-13 19:04:09.874 318 318 D XiriService: check file name: /data/data/android.ext.services/lib
06-13 19:04:09.868 318 318 I xiriservice_All: type=1400 audit(0.0:297): avc: denied { read } for name="lib" dev="mmcblk0p25" ino=3218 scontext=u:r:init:s0 tcontext=u:object_r:app_data_file:s0:c512,c768 tclass=lnk_file permissive=1
06-13 19:04:09.883 318 318 D XiriService: check file name: /data/data/android.ext.services/lib
06-13 19:04:09.883 318 318 D XiriService: check file name: /data/data/android.ext.services/lib
06-13 19:04:09.883 318 318 D XiriService: check file name: /data/data/android.ext.services/lib
06-13 19:04:09.883 318 318 D XiriService: check file name: /data/data/android.ext.services/lib
06-13 19:04:09.902 318 318 D XiriService: check file name: /data/data/com.android.location.fused/lib
06-13 19:04:09.902 318 318 D XiriService: check file name: /data/data/com.android.location.fused/lib
06-13 19:04:09.903 318 318 D XiriService: check file name: /data/data/com.android.location.fused/lib
06-13 19:04:09.903 318 318 D XiriService: check file name: /data/data/com.android.location.fused/lib
06-13 19:04:09.908 318 318 D XiriService: check file name: /data/data/com.android.location.fused/lib
06-13 19:04:09.908 318 318 D XiriService: check file name: /data/data/com.android.location.fused/lib
06-13 19:04:09.908 318 318 D XiriService: check file name: /data/data/com.android.location.fused/lib
06-13 19:04:09.909 318 318 D XiriService: check file name: /data/data/com.android.location.fused/lib
06-13 19:04:09.920 479 479 V PackageManager: reconcileAppsData finished 14 packages
06-13 19:04:09.922 479 479 I PackageManagerTiming: write settings
06-13 19:04:09.923 479 572 I SystemServerTimingAsync: InitThreadPoolExec:prepareAppData
06-13 19:04:09.924 479 572 D SystemServerInitThreadPool: Started executing prepareAppData
06-13 19:04:09.925 366 383 E cutils-trace: Error opening trace file: No such file or directory (2)
06-13 19:04:09.930 366 383 W installd: Ignoring /data/data/android/lib with unexpected GID 0 instead of 1000
06-13 19:04:09.930 366 383 W installd: Ignoring /data/data/com.android.providers.settings/lib with unexpected GID 0 instead of 1000
06-13 19:04:09.930 366 383 W installd: Ignoring /data/data/com.android.inputdevices/lib with unexpected GID 0 instead of 1000
06-13 19:04:09.930 366 383 W installd: Ignoring /data/data/android.ext.services/lib with unexpected GID 0 instead of 10075
06-13 19:04:09.930 397 397 I update_engine: [INFO:cleanup_previous_update_action.cc(112)] Executing task 3
06-13 19:04:09.931 366 383 W installd: Ignoring /data/data/com.android.location.fused/lib with unexpected GID 0 instead of 1000
06-13 19:04:09.932 397 397 I update_engine: [INFO:cleanup_previous_update_action.cc(124)] CleanupPreviousUpdateAction scheduled task ID 4 for WaitBootCompleted
06-13 19:04:09.933 366 383 W installd: Ignoring /data/data/com.android.cts.priv.ctsshim/lib with unexpected GID 0 instead of 10018
06-13 19:04:09.933 366 383 W installd: Ignoring /data/data/com.android.dynsystem/lib with unexpected GID 0 instead of 1000
06-13 19:04:09.934 366 383 W installd: Ignoring /data/data/com.dangbei.lerad.rocky/lib with unexpected GID 0 instead of 1000
06-13 19:04:09.935 366 383 W installd: Ignoring /data/data/com.android.tv.settings/lib with unexpected GID 0 instead of 1000
06-13 19:04:09.936 366 383 W installd: Ignoring /data/data/com.oranth.factory/lib with unexpected GID 0 instead of 1000
06-13 19:04:09.938 366 383 W installd: Ignoring /data/data/com.dangbei.zhushou.os/lib with unexpected GID 0 instead of 1000
06-13 19:04:09.940 366 383 W installd: Ignoring /data/data/com.sohu.inputmethod.sogou.tv/lib with unexpected GID 0 instead of 10041
06-13 19:04:09.943 366 383 W installd: Ignoring /data/data/com.oranth.ledstatus/lib with unexpected GID 0 instead of 1000
06-13 19:04:09.944 366 383 W installd: Ignoring /data/data/com.dangbei.lerad.videoposter/lib with unexpected GID 0 instead of 10043
06-13 19:04:09.948 366 383 W installd: Ignoring /data/data/com.android.networkstack/lib with unexpected GID 0 instead of 1073
06-13 19:04:09.956 366 383 W installd: Ignoring /data/data/com.dangbei.screencast/lib with unexpected GID 0 instead of 10024
06-13 19:04:09.957 366 383 W installd: Ignoring /data/data/com.dangbei.leard.leradlauncher/lib with unexpected GID 0 instead of 1000
06-13 19:04:09.959 366 383 W installd: Ignoring /data/data/com.android.printspooler/lib with unexpected GID 0 instead of 10046
06-13 19:04:09.961 366 383 W installd: Ignoring /data/data/com.android.webview/lib with unexpected GID 0 instead of 10060
06-13 19:04:09.963 366 383 W installd: Ignoring /data/data/com.android.bips/lib with unexpected GID 0 instead of 10029
06-13 19:04:09.963 366 383 W installd: Ignoring /data/data/com.oranth.inputmacsn/lib with unexpected GID 0 instead of 1000
06-13 19:04:09.965 366 383 W installd: Ignoring /data/data/com.android.keychain/lib with unexpected GID 0 instead of 1000
06-13 19:04:09.967 366 383 W installd: Ignoring /data/data/com.android.localtransport/lib with unexpected GID 0 instead of 1000
06-13 19:04:09.967 366 383 W installd: Ignoring /data/data/com.android.packageinstaller/lib with unexpected GID 0 instead of 1000
06-13 19:04:09.968 479 479 I SELinux : SELinux: Loaded file_contexts
06-13 19:04:09.968 366 383 W installd: Ignoring /data/data/com.oranth.usbopenft/lib with unexpected GID 0 instead of 1000
06-13 19:04:09.969 366 383 W installd: Ignoring /data/data/com.android.networkstack.tethering/lib with unexpected GID 0 instead of 1073
06-13 19:04:09.970 366 383 W installd: Ignoring /data/data/com.dangbei.lerad.etna.haqu/lib with unexpected GID 0 instead of 1000
06-13 19:04:09.973 366 383 W installd: Ignoring /data/data/com.oranth.powerwindow/lib with unexpected GID 0 instead of 1000
06-13 19:04:09.975 366 383 W installd: Ignoring /data/data/com.android.networkstack.permissionconfig/lib with unexpected GID 0 instead of 1073
06-13 19:04:09.976 366 383 W installd: Ignoring /data/data/com.dangbei.lerad.screensaver/lib with unexpected GID 0 instead of 10053
06-13 19:04:09.982 366 383 W installd: Ignoring /data/data/com.android.wallpaperbackup/lib with unexpected GID 0 instead of 1000
06-13 19:04:09.984 479 479 W PackageManager: There should probably be a verifier, but, none were found
06-13 19:04:09.985 366 383 W installd: Ignoring /data/data/com.android.providers.media.module/lib with unexpected GID 0 instead of 10074
06-13 19:04:09.986 366 383 W installd: Ignoring /data/data/com.oranth.storage/lib with unexpected GID 0 instead of 1000
06-13 19:04:09.986 479 479 W PackageManager: Domain verification agent not found
06-13 19:04:09.987 366 383 W installd: Ignoring /data/data/com.dangbei.haqusetting/lib with unexpected GID 0 instead of 1000
06-13 19:04:09.989 366 383 W installd: Ignoring /data/data/com.softwinner.miracastReceiver/lib with unexpected GID 0 instead of 1000
06-13 19:04:09.990 366 383 W installd: Ignoring /data/data/com.android.bluetooth/lib with unexpected GID 0 instead of 1002
06-13 19:04:09.990 479 479 D PackageManager: Ephemeral resolver NOT found; no matching intent filters
06-13 19:04:09.990 479 479 D PackageManager: Instant App installer not found with android.intent.action.INSTALL_INSTANT_APP_PACKAGE
06-13 19:04:09.990 479 479 D PackageManager: Clear ephemeral installer activity
06-13 19:04:10.001 366 383 W installd: Ignoring /data/user_de/0/android/lib with unexpected GID 0 instead of 1000
06-13 19:04:10.002 366 383 W installd: Ignoring /data/user_de/0/com.android.providers.settings/lib with unexpected GID 0 instead of 1000
06-13 19:04:10.004 366 383 W installd: Ignoring /data/user_de/0/com.android.inputdevices/lib with unexpected GID 0 instead of 1000
06-13 19:04:10.006 366 383 W installd: Ignoring /data/user_de/0/com.android.location.fused/lib with unexpected GID 0 instead of 1000
06-13 19:04:10.006 479 479 I PackageManagerTiming: GC
06-13 19:04:10.007 479 479 I PackageManager: Fix for b/169414761 is applied
06-13 19:04:10.013 366 383 W installd: Ignoring /data/user_de/0/com.android.tv.settings/lib with unexpected GID 0 instead of 1000
06-13 19:04:10.017 366 383 W installd: Ignoring /data/user_de/0/com.sohu.inputmethod.sogou.tv/lib with unexpected GID 0 instead of 10041
06-13 19:04:10.023 366 383 W installd: Ignoring /data/user_de/0/com.android.networkstack/lib with unexpected GID 0 instead of 1073
06-13 19:04:10.039 366 383 W installd: Ignoring /data/user_de/0/com.android.packageinstaller/lib with unexpected GID 0 instead of 1000
06-13 19:04:10.040 366 383 W installd: Ignoring /data/user_de/0/com.android.networkstack.tethering/lib with unexpected GID 0 instead of 1073
06-13 19:04:10.047 479 479 V UserManagerService: Checking that all system packages are whitelisted.
06-13 19:04:10.053 479 479 W UserManagerService: checkWhitelistedSystemPackages(mode=ENFORCE|IMPLICIT_WHITELIST|IMPLICIT_WHITELIST_SYSTEM) has 55 warnings:
06-13 19:04:10.053 479 479 W UserManagerService: com.android.internal.display.cutout.emulation.corner is allowlisted but not present.
06-13 19:04:10.053 479 479 W UserManagerService: com.android.internal.display.cutout.emulation.double is allowlisted but not present.
06-13 19:04:10.053 479 479 W UserManagerService: com.android.theme.color.amethyst is allowlisted but not present.
06-13 19:04:10.053 479 479 W UserManagerService: com.android.theme.icon.pebble is allowlisted but not present.
06-13 19:04:10.053 479 479 W UserManagerService: com.android.theme.color.sand is allowlisted but not present.
06-13 19:04:10.053 479 479 W UserManagerService: com.android.theme.icon.vessel is allowlisted but not present.
06-13 19:04:10.053 479 479 W UserManagerService: com.android.theme.color.cinnamon is allowlisted but not present.
06-13 19:04:10.053 479 479 W UserManagerService: com.android.theme.icon_pack.victor.settings is allowlisted but not present.
06-13 19:04:10.053 479 479 W UserManagerService: com.android.theme.icon_pack.rounded.systemui is allowlisted but not present.
06-13 19:04:10.053 479 479 W UserManagerService: com.android.theme.icon.taperedrect is allowlisted but not present.
06-13 19:04:10.053 479 479 W UserManagerService: com.android.theme.icon_pack.rounded.android is allowlisted but not present.
06-13 19:04:10.053 479 479 W UserManagerService: com.android.theme.icon_pack.victor.systemui is allowlisted but not present.
06-13 19:04:10.053 479 479 W UserManagerService: com.android.theme.icon_pack.circular.themepicker is allowlisted but not present.
06-13 19:04:10.053 479 479 W UserManagerService: com.android.theme.color.tangerine is allowlisted but not present.
06-13 19:04:10.053 479 479 W UserManagerService: com.android.theme.color.aquamarine is allowlisted but not present.
06-13 19:04:10.053 479 479 W UserManagerService: com.android.internal.display.cutout.emulation.hole is allowlisted but not present.
06-13 19:04:10.053 479 479 W UserManagerService: com.android.internal.display.cutout.emulation.tall is allowlisted but not present.
06-13 19:04:10.053 479 479 W UserManagerService: com.android.theme.color.black is allowlisted but not present.
06-13 19:04:10.053 479 479 W UserManagerService: com.android.theme.color.green is allowlisted but not present.
06-13 19:04:10.053 479 479 W UserManagerService: com.android.theme.color.ocean is allowlisted but not present.
06-13 19:04:10.053 479 479 W UserManagerService: com.android.theme.color.space is allowlisted but not present.
06-13 19:04:10.053 479 479 W UserManagerService: com.android.theme.icon_pack.rounded.launcher is allowlisted but not present.
06-13 19:04:10.053 479 479 W UserManagerService: com.android.theme.icon_pack.kai.settings is allowlisted but not present.
06-13 19:04:10.053 479 479 W UserManagerService: com.android.internal.systemui.navbar.twobutton is allowlisted but not present.
06-13 19:04:10.053 479 479 W UserManagerService: com.android.theme.icon_pack.sam.settings is allowlisted but not present.
06-13 19:04:10.053 479 479 W UserManagerService: com.android.theme.icon_pack.kai.themepicker is allowlisted but not present.
06-13 19:04:10.053 479 479 W UserManagerService: com.android.theme.icon_pack.victor.launcher is allowlisted but not present.
06-13 19:04:10.053 479 479 W UserManagerService: com.android.theme.icon_pack.filled.settings is allowlisted but not present.
06-13 19:04:10.053 479 479 W UserManagerService: com.android.theme.icon_pack.kai.systemui is allowlisted but not present.
06-13 19:04:10.053 479 479 W UserManagerService: com.android.theme.icon_pack.circular.settings is allowlisted but not present.
06-13 19:04:10.053 479 479 W UserManagerService: com.android.theme.icon_pack.sam.systemui is allowlisted but not present.
06-13 19:04:10.053 479 479 W UserManagerService: com.android.theme.icon.teardrop is allowlisted but not present.
06-13 19:04:10.053 479 479 W UserManagerService: com.android.theme.icon_pack.rounded.themepicker is allowlisted but not present.
06-13 19:04:10.053 479 479 W UserManagerService: com.android.theme.icon_pack.filled.systemui is allowlisted but not present.
06-13 19:04:10.053 479 479 W UserManagerService: com.android.theme.icon_pack.sam.android is allowlisted but not present.
06-13 19:04:10.053 479 479 W UserManagerService: com.android.theme.icon_pack.filled.android is allowlisted but not present.
06-13 19:04:10.053 479 479 W UserManagerService: com.android.internal.display.cutout.emulation.waterfall is allowlisted but not present.
06-13 19:04:10.053 479 479 W UserManagerService: com.android.theme.icon_pack.circular.systemui is allowlisted but not present.
06-13 19:04:10.053 479 479 W UserManagerService: com.android.theme.icon_pack.kai.android is allowlisted but not present.
06-13 19:04:10.053 479 479 W UserManagerService: com.android.theme.icon_pack.kai.launcher is allowlisted but not present.
06-13 19:04:10.053 479 479 W UserManagerService: com.android.theme.icon_pack.sam.launcher is allowlisted but not present.
06-13 19:04:10.053 479 479 W UserManagerService: com.android.theme.icon.squircle is allowlisted but not present.
06-13 19:04:10.053 479 479 W UserManagerService: com.android.theme.icon_pack.victor.android is allowlisted but not present.
06-13 19:04:10.053 479 479 W UserManagerService: com.android.theme.color.palette is allowlisted but not present.
06-13 19:04:10.053 479 479 W UserManagerService: com.android.theme.icon_pack.filled.launcher is allowlisted but not present.
06-13 19:04:10.054 479 479 W UserManagerService: com.android.theme.color.carbon is allowlisted but not present.
06-13 19:04:10.054 479 479 W UserManagerService: com.android.theme.icon_pack.circular.launcher is allowlisted but not present.
06-13 19:04:10.054 479 479 W UserManagerService: com.android.theme.icon_pack.filled.themepicker is allowlisted but not present.
06-13 19:04:10.054 479 479 W UserManagerService: com.android.theme.icon_pack.victor.themepicker is allowlisted but not present.
06-13 19:04:10.054 479 479 W UserManagerService: com.android.theme.color.orchid is allowlisted but not present.
06-13 19:04:10.054 479 479 W UserManagerService: com.android.theme.color.purple is allowlisted but not present.
06-13 19:04:10.054 479 479 W UserManagerService: com.android.theme.icon_pack.sam.themepicker is allowlisted but not present.
06-13 19:04:10.054 479 479 W UserManagerService: com.android.theme.icon.roundedrect is allowlisted but not present.
06-13 19:04:10.054 479 479 W UserManagerService: com.android.theme.icon_pack.rounded.settings is allowlisted but not present.
06-13 19:04:10.054 479 479 W UserManagerService: com.android.theme.icon_pack.circular.android is allowlisted but not present.
06-13 19:04:10.056 479 479 I Watchdog: Resuming HandlerChecker: main thread for reason: packagemanagermain. Pause count: 0
06-13 19:04:10.057 479 479 I SystemServerDexLoadReporter: Configuring system server dex reporter
06-13 19:04:10.060 366 383 W installd: Ignoring /data/user_de/0/com.android.bluetooth/lib with unexpected GID 0 instead of 1002
06-13 19:04:10.070 387 387 I ServiceManager: Waiting for service 'package_native' on '/dev/binder' successful after waiting 3849ms
06-13 19:04:10.077 479 479 I SystemServerTiming: StartOtaDexOptService
06-13 19:04:10.078 479 479 I Watchdog: Pausing HandlerChecker: main thread for reason: moveab. Pause count: 1
06-13 19:04:10.079 479 479 D OTADexopt: No upgrade, skipping A/B artifacts check.
06-13 19:04:10.079 479 479 I Watchdog: Resuming HandlerChecker: main thread for reason: moveab. Pause count: 0
06-13 19:04:10.079 479 479 I SystemServerTiming: StartUserManagerService
06-13 19:04:10.079 479 479 I SystemServiceManager: Starting com.android.server.pm.UserManagerService$LifeCycle
06-13 19:04:10.081 479 479 I SystemServerTiming: InitAttributerCache
06-13 19:04:10.081 479 479 I SystemServerTiming: SetSystemProcess
06-13 19:04:10.087 387 575 I storaged: storaged: Start
06-13 19:04:10.092 479 544 I ActivityManager: Connection with lmkd established
06-13 19:04:10.092 185 185 I lowmemorykiller: lmkd data connection established
06-13 19:04:10.096 479 479 I SystemServerTiming: InitWatchdog
06-13 19:04:10.098 479 479 I SystemServerTiming: StartOverlayManagerService
06-13 19:04:10.104 479 502 V HistoricalRegistry: Interaction before persistence initialized
06-13 19:04:10.106 273 273 I audioserver: Waiting for sensor privacy service
06-13 19:04:10.108 479 502 V HistoricalRegistry: Interaction before persistence initialized
06-13 19:04:10.116 1 1 I init : Control message: Processed ctl.start for 'idmap2d' from pid: 479 (system_server)
06-13 19:04:10.111 379 437 I ServiceManager: Waiting for service 'package_native' on '/dev/binder' successful after waiting 3936ms
06-13 19:04:10.113 363 380 E cutils-trace: Error opening trace file: No such file or directory (2)
06-13 19:04:10.114 379 437 W AudioAnalytics: (key=audio.flinger) Audioflinger constructor event detected
06-13 19:04:10.114 361 361 I cameraserver: Waiting for sensor privacy service
06-13 19:04:10.155 363 380 W idmap2d : active ffro iterator was not previously released
06-13 19:04:10.176 479 479 I SystemServerTiming: StartSensorPrivacyService
06-13 19:04:10.185 479 479 I SystemServerTiming: StartSensorService
06-13 19:04:10.185 479 479 I SystemServiceManager: Starting com.android.server.sensors.SensorService
06-13 19:04:10.186 479 479 I SystemServerTiming: startCoreServices
06-13 19:04:10.186 479 479 I SystemServerTiming: StartSystemConfigService
06-13 19:04:10.186 479 479 I SystemServiceManager: Starting com.android.server.SystemConfigService
06-13 19:04:10.187 479 479 I SystemServerTiming: StartBatteryService
06-13 19:04:10.188 479 479 I SystemServiceManager: Starting com.android.server.BatteryService
06-13 19:04:10.188 269 269 I EventThread: type=1400 audit(0.0:298): avc: denied { search } for name="extcon" dev="sysfs" ino=18109 scontext=u:r:hal_tv_cec_default:s0 tcontext=u:object_r:sysfs_extcon:s0 tclass=dir permissive=1
06-13 19:04:10.194 479 479 I android_os_HwBinder: HwBinder: Starting thread pool for getting: android.hardware.health@2.0::IHealth/default
06-13 19:04:10.194 479 579 I SystemServerTimingAsync: InitThreadPoolExec:StartNativeSensorService
06-13 19:04:10.195 479 579 D SystemServerInitThreadPool: Started executing StartNativeSensorService
06-13 19:04:10.195 479 579 I SystemServerTimingAsync: StartNativeSensorService
06-13 19:04:10.195 479 579 D SensorService: nuSensorService starting...
06-13 19:04:10.202 187 187 I hwservicemanager: getTransport: Cannot find entry android.hardware.sensors@2.1::ISensors/default in either framework or device VINTF manifest.
06-13 19:04:10.204 266 266 W healthd : battery none chg=
06-13 19:04:10.218 187 187 I hwservicemanager: getTransport: Cannot find entry android.hardware.sensors@2.0::ISensors/default in either framework or device VINTF manifest.
06-13 19:04:10.220 187 187 I hwservicemanager: getTransport: Cannot find entry android.hardware.sensors@1.0::ISensors/default in either framework or device VINTF manifest.
06-13 19:04:10.221 361 361 I HidlServiceManagement: Registered android.frameworks.cameraservice.service@2.2::ICameraService/default
06-13 19:04:10.222 479 479 I android_os_HwBinder: HwBinder: Starting thread pool for getting: android.hidl.manager@1.0::IServiceManager/default
06-13 19:04:10.223 361 361 I CameraService: CameraService pinged cameraservice proxy
06-13 19:04:10.223 479 579 D SystemServerInitThreadPool: Finished executing StartNativeSensorService
06-13 19:04:10.223 361 361 I cameraserver: ServiceManager: 0xf19ab960 done instantiate
06-13 19:04:10.220 332 332 I rainbow_flow: type=1400 audit(0.0:299): avc: denied { ioctl } for path="/dev/spidev1.0" dev="tmpfs" ino=3340 ioctlcmd=0x6b00 scontext=u:r:init:s0 tcontext=u:object_r:device:s0 tclass=chr_file permissive=1
06-13 19:04:10.231 479 479 I HealthServiceWrapper: health: HealthServiceWrapper listening to instance default
06-13 19:04:10.232 479 479 I BatteryService: health: Waited 0ms and received the update.
06-13 19:04:10.232 479 581 I android_os_HwBinder: HwBinder: Starting thread pool for getting: android.hardware.health@2.0::IHealth/default
06-13 19:04:10.234 479 479 I SystemServerTiming: StartUsageService
06-13 19:04:10.235 479 479 I SystemServiceManager: Starting com.android.server.usage.UsageStatsService
06-13 19:04:10.252 479 479 I SystemServerTiming: StartWebViewUpdateService
06-13 19:04:10.252 479 479 I SystemServiceManager: Starting com.android.server.webkit.WebViewUpdateService
06-13 19:04:10.260 479 479 I SystemServerTiming: StartCachedDeviceStateService
06-13 19:04:10.262 479 479 I SystemServiceManager: Starting com.android.server.CachedDeviceStateService
06-13 19:04:10.263 479 479 I SystemServerTiming: StartBinderCallsStatsService
06-13 19:04:10.263 479 479 I SystemServiceManager: Starting com.android.server.BinderCallsStatsService$LifeCycle
06-13 19:04:10.266 479 479 I SystemServerTiming: StartLooperStatsService
06-13 19:04:10.266 479 479 I SystemServiceManager: Starting com.android.server.LooperStatsService$Lifecycle
06-13 19:04:10.269 479 479 I SystemServerTiming: StartRollbackManagerService
06-13 19:04:10.270 479 479 I SystemServiceManager: Starting com.android.server.rollback.RollbackManagerService
06-13 19:04:10.274 366 366 D installd: Found quota mount /dev/block/by-name/userdata at /data
06-13 19:04:10.274 366 366 D installd: Found quota mount /dev/block/by-name/userdata at /data/user/0
06-13 19:04:10.284 479 479 I PackageWatchdog: Syncing state, reason: added new observer
06-13 19:04:10.285 479 479 I PackageWatchdog: Not pruning observers, elapsed time: 0ms
06-13 19:04:10.285 479 534 I PackageWatchdog: Saving observer state to file
06-13 19:04:10.285 479 479 I PackageWatchdog: Cancelling state sync, nothing to sync
06-13 19:04:10.292 479 479 I SystemServerTiming: StartNativeTombstoneManagerService
06-13 19:04:10.293 479 479 I SystemServiceManager: Starting com.android.server.os.NativeTombstoneManagerService
06-13 19:04:10.295 479 479 I SystemServerTiming: StartBugreportManagerService
06-13 19:04:10.295 479 479 I SystemServiceManager: Starting com.android.server.os.BugreportManagerService
06-13 19:04:10.297 479 479 I SystemServerTiming: GpuService
06-13 19:04:10.297 479 479 I SystemServiceManager: Starting com.android.server.gpu.GpuService
06-13 19:04:10.297 479 479 I SystemServerTiming: startOtherServices
06-13 19:04:10.298 479 528 I SystemServerTimingAsync: InitThreadPoolExec:SecondaryZygotePreload
06-13 19:04:10.298 479 528 D SystemServerInitThreadPool: Started executing SecondaryZygotePreload
06-13 19:04:10.298 479 528 I SystemServer: SecondaryZygotePreload
06-13 19:04:10.298 479 528 I SystemServerTimingAsync: SecondaryZygotePreload
06-13 19:04:10.301 479 479 I SystemServerTiming: StartKeyAttestationApplicationIdProviderService
06-13 19:04:10.303 249 249 I Zygote : Lazily preloading resources.
06-13 19:04:10.303 249 249 D Zygote : begin preload
06-13 19:04:10.303 249 249 I Zygote : Calling ZygoteHooks.beginPreload()
06-13 19:04:10.304 479 479 I SystemServerTiming: StartKeyChainSystemService
06-13 19:04:10.304 479 479 I SystemServiceManager: Starting com.android.server.security.KeyChainSystemService
06-13 19:04:10.305 479 479 I SystemServerTiming: StartSchedulingPolicyService
06-13 19:04:10.305 479 520 I SystemServerTimingAsync: InitThreadPoolExec:SchedulingPolicyService.
06-13 19:04:10.305 479 520 D SystemServerInitThreadPool: Started executing SchedulingPolicyService.
06-13 19:04:10.314 479 479 I SystemServerTiming: StartTelecomLoaderService
06-13 19:04:10.315 479 479 I SystemServiceManager: Starting com.android.server.telecom.TelecomLoaderService
06-13 19:04:10.321 479 520 I SchedulingPolicyService: Moving 395 back to group default
06-13 19:04:10.324 479 479 I SystemServerTiming: StartTelephonyRegistry
06-13 19:04:10.328 479 479 I SystemServerTiming: StartEntropyMixer
06-13 19:04:10.336 479 496 I system_server: Background concurrent copying GC freed 93385(3940KB) AllocSpace objects, 18(464KB) LOS objects, 49% free, 6568KB/12MB, paused 178us total 329.307ms
06-13 19:04:10.355 479 520 D SystemServerInitThreadPool: Finished executing SchedulingPolicyService.
06-13 19:04:10.357 479 479 I EntropyMixer: Writing entropy...
06-13 19:04:10.360 479 479 I SystemServerTiming: StartAccountManagerService
06-13 19:04:10.360 479 479 I SystemServiceManager: Starting com.android.server.accounts.AccountManagerService$Lifecycle
06-13 19:04:10.364 479 479 D CompatibilityChangeReporter: Compat change id reported: 148180766; UID 1000; state: ENABLED
06-13 19:04:10.366 479 479 I SystemServerTiming: StartContentService
06-13 19:04:10.367 479 479 I SystemServiceManager: Starting com.android.server.content.ContentService$Lifecycle
06-13 19:04:10.369 479 479 I SystemServerTiming: InstallSystemProviders
06-13 19:04:10.440 479 479 W SettingsState: No settings state /data/system/users/0/settings_config.xml
06-13 19:04:10.445 479 479 I SettingsState: directory info for directory/file /data/system/users/0/settings_config.xml with stacktrace
06-13 19:04:10.445 479 479 I SettingsState: java.lang.Exception
06-13 19:04:10.445 479 479 I SettingsState: at com.android.providers.settings.SettingsState.logSettingsDirectoryInformation(SettingsState.java:877)
06-13 19:04:10.445 479 479 I SettingsState: at com.android.providers.settings.SettingsState.readStateSyncLocked(SettingsState.java:1008)
06-13 19:04:10.445 479 479 I SettingsState: at com.android.providers.settings.SettingsState.(SettingsState.java:283)
06-13 19:04:10.445 479 479 I SettingsState: at com.android.providers.settings.SettingsProvider$SettingsRegistry.ensureSettingsStateLocked(SettingsProvider.java:2884)
06-13 19:04:10.445 479 479 I SettingsState: at com.android.providers.settings.SettingsProvider$SettingsRegistry.ensureSettingsForUserLocked(SettingsProvider.java:2849)
06-13 19:04:10.445 479 479 I SettingsState: at com.android.providers.settings.SettingsProvider$SettingsRegistry.peekSettingsStateLocked(SettingsProvider.java:3201)
06-13 19:04:10.445 479 479 I SettingsState: at com.android.providers.settings.SettingsProvider$SettingsRegistry.getSettingsNamesLocked(SettingsProvider.java:2814)
06-13 19:04:10.445 479 479 I SettingsState: at com.android.providers.settings.SettingsProvider$SettingsRegistry.syncSsaidTableOnStartLocked(SettingsProvider.java:2797)
06-13 19:04:10.445 479 479 I SettingsState: at com.android.providers.settings.SettingsProvider$SettingsRegistry.access$100(SettingsProvider.java:2667)
06-13 19:04:10.445 479 479 I SettingsState: at com.android.providers.settings.SettingsProvider.onCreate(SettingsProvider.java:397)
06-13 19:04:10.445 479 479 I SettingsState: at android.content.ContentProvider.attachInfo(ContentProvider.java:2404)
06-13 19:04:10.445 479 479 I SettingsState: at android.content.ContentProvider.attachInfo(ContentProvider.java:2374)
06-13 19:04:10.445 479 479 I SettingsState: at android.app.ActivityThread.installProvider(ActivityThread.java:7437)
06-13 19:04:10.445 479 479 I SettingsState: at android.app.ActivityThread.installContentProviders(ActivityThread.java:6954)
06-13 19:04:10.445 479 479 I SettingsState: at android.app.ActivityThread.installSystemProviders(ActivityThread.java:7624)
06-13 19:04:10.445 479 479 I SettingsState: at com.android.server.am.ContentProviderHelper.installSystemProviders(ContentProviderHelper.java:1247)
06-13 19:04:10.445 479 479 I SettingsState: at com.android.server.SystemServer.startOtherServices(SystemServer.java:1507)
06-13 19:04:10.445 479 479 I SettingsState: at com.android.server.SystemServer.run(SystemServer.java:928)
06-13 19:04:10.445 479 479 I SettingsState: at com.android.server.SystemServer.main(SystemServer.java:628)
06-13 19:04:10.445 479 479 I SettingsState: at java.lang.reflect.Method.invoke(Native Method)
06-13 19:04:10.445 479 479 I SettingsState: at com.android.internal.os.RuntimeInit$MethodAndArgsCaller.run(RuntimeInit.java:548)
06-13 19:04:10.445 479 479 I SettingsState: at com.android.internal.os.ZygoteInit.main(ZygoteInit.java:1160)
06-13 19:04:10.446 479 479 I SettingsState: ancestor directory /data/system/users/0 exists
06-13 19:04:10.446 479 479 I SettingsState: ancestor directory /data/system/users/0 permissions: r: true w: true x: true
06-13 19:04:10.446 479 479 I SettingsState: ancestor's parent directory /data/system/users permissions: r: true w: true x: true
06-13 19:04:10.459 249 249 I Zygote : Preloading classes...
06-13 19:04:10.489 479 542 D ActivityManager: Freezer enabled
06-13 19:04:10.489 479 542 D ActivityManager: freezer override set to false
06-13 19:04:10.491 479 479 I SystemServerTiming: StartDropBoxManager
06-13 19:04:10.491 479 479 I SystemServiceManager: Starting com.android.server.DropBoxManagerService
06-13 19:04:10.492 479 479 I SystemServerTiming: StartRoleManagerService
06-13 19:04:10.493 479 479 I SystemServiceManager: Starting com.android.role.RoleService
06-13 19:04:10.506 479 479 I SystemServerTiming: StartVibratorManagerService
06-13 19:04:10.506 479 479 I SystemServiceManager: Starting com.android.server.vibrator.VibratorManagerService$Lifecycle
06-13 19:04:10.510 186 186 E servicemanager: Could not find android.hardware.vibrator.IVibratorManager/default in the VINTF manifest.
06-13 19:04:10.511 186 186 E servicemanager: Could not find android.hardware.vibrator.IVibrator/default in the VINTF manifest.
06-13 19:04:10.512 187 187 I hwservicemanager: getTransport: Cannot find entry android.hardware.vibrator@1.0::IVibrator/default in either framework or device VINTF manifest.
06-13 19:04:10.517 479 479 I SystemServerTiming: StartDynamicSystemService
06-13 19:04:10.519 479 479 I SystemServerTiming: StartConsumerIrService
06-13 19:04:10.521 187 187 I hwservicemanager: getTransport: Cannot find entry android.hardware.ir@1.0::IConsumerIr/default in either framework or device VINTF manifest.
06-13 19:04:10.523 479 479 I SystemServerTiming: StartAlarmManagerService
06-13 19:04:10.524 479 479 I SystemServiceManager: Starting com.android.server.alarm.AlarmManagerService
06-13 19:04:10.524 337 337 I xiriservice_All: type=1400 audit(0.0:300): avc: denied { read } for scontext=u:r:init:s0 tcontext=u:r:init:s0 tclass=netlink_kobject_uevent_socket permissive=1
06-13 19:04:10.529 327 329 D XM_HIDREAD: add@ add@/devices/virtual/wakeup/wakeup14
06-13 19:04:10.529 327 329 D XM_HIDREAD: add@ add@/devices/virtual/wakeup/wakeup15
06-13 19:04:10.529 327 329 D XM_HIDREAD: add@ add@/devices/virtual/wakeup/wakeup16
06-13 19:04:10.529 327 329 D XM_HIDREAD: add@ add@/devices/virtual/wakeup/wakeup17
06-13 19:04:10.529 327 329 D XM_HIDREAD: add@ add@/devices/virtual/wakeup/wakeup18
06-13 19:04:10.531 479 479 D AlarmManagerService: Kernel timezone updated to -480 minutes west of GMT
06-13 19:04:10.533 479 479 D CompatibilityChangeReporter: Compat change id reported: 160794467; UID 1000; state: ENABLED
06-13 19:04:10.535 327 329 D XM_HIDREAD: add@ add@/devices/virtual/wakeup/wakeup19
06-13 19:04:10.538 479 479 I SystemServerTiming: StartInputManagerService
06-13 19:04:10.540 479 479 I InputManager: Initializing input manager, mUseDevInputEventForAudioJack=true
06-13 19:04:10.543 327 329 D XM_HIDREAD: add@ add@/devices/virtual/wakeup/wakeup20
06-13 19:04:10.543 327 329 D XM_HIDREAD: add@ add@/devices/virtual/wakeup/wakeup21
06-13 19:04:10.543 327 329 D XM_HIDREAD: add@ add@/devices/virtual/wakeup/wakeup22
06-13 19:04:10.547 479 479 I SystemServerTiming: DeviceStateManagerService
06-13 19:04:10.548 479 479 I SystemServiceManager: Starting com.android.server.devicestate.DeviceStateManagerService
06-13 19:04:10.549 247 251 I ServiceManager: Waiting for service 'statscompanion' on '/dev/binder'...
06-13 19:04:10.549 249 249 I Typeface: Preloading /system/fonts/Roboto-Regular.ttf
06-13 19:04:10.549 249 249 I Typeface: Preloading /system/fonts/RobotoStatic-Regular.ttf
06-13 19:04:10.556 479 479 I SystemServerTiming: StartCameraServiceProxy
06-13 19:04:10.557 479 479 I SystemServiceManager: Starting com.android.server.camera.CameraServiceProxy
06-13 19:04:10.560 479 479 I SystemServerTiming: StartWindowManagerService
06-13 19:04:10.561 479 479 I SystemServiceManager: Starting phase 200
06-13 19:04:10.561 479 479 I SystemServerTiming: OnBootPhase_200
06-13 19:04:10.562 277 281 D Sunxi_PQ: has no clients connectted, close the socket.
06-13 19:04:10.565 479 479 I WindowManager: No existing display settings, starting empty
06-13 19:04:10.565 479 479 I WindowManager: No existing display settings, starting empty
06-13 19:04:10.592 479 524 I WindowTracing: Setting window tracing log level to 1
06-13 19:04:10.592 479 524 I WindowTracing: Setting window tracing buffer capacity to 2097152bytes
06-13 19:04:10.621 479 479 I SystemServerTiming: SetWindowManagerService
06-13 19:04:10.636 479 479 I InputDispatcher: Created monitor PointerEventDispatcher0 for display 0, gesture=false, pid=479
06-13 19:04:10.699 249 249 I Typeface: Preloading /system/fonts/NotoSansCJK-Regular.ttc
06-13 19:04:10.700 249 249 I Typeface: Preloading /system/fonts/NotoSerifCJK-Regular.ttc
06-13 19:04:10.701 479 479 I ActivityTaskManager: Loaded persisted task ids for user 0
06-13 19:04:10.719 479 479 I SystemServerTiming: WindowManagerServiceOnInitReady
06-13 19:04:10.744 479 522 D ExtconUEventObserver: FilenameExtconByName: /sys/class/extcon/extcon0
06-13 19:04:10.745 479 522 W WindowManager: /sys/class/extcon/hdmi/state not found while attempting to determine initial state
06-13 19:04:10.745 479 522 W WindowManager: java.io.FileNotFoundException: /sys/class/extcon/hdmi/state: open failed: ENOENT (No such file or directory)
06-13 19:04:10.745 479 522 W WindowManager: at libcore.io.IoBridge.open(IoBridge.java:575)
06-13 19:04:10.745 479 522 W WindowManager: at java.io.FileInputStream.(FileInputStream.java:160)
06-13 19:04:10.745 479 522 W WindowManager: at android.os.FileUtils.readTextFile(FileUtils.java:637)
06-13 19:04:10.745 479 522 W WindowManager: at com.android.server.ExtconStateObserver.parseStateFromFile(ExtconStateObserver.java:49)
06-13 19:04:10.745 479 522 W WindowManager: at com.android.server.policy.PhoneWindowManager$HdmiVideoExtconUEventObserver.init(PhoneWindowManager.java:5666)
06-13 19:04:10.745 479 522 W WindowManager: at com.android.server.policy.PhoneWindowManager$HdmiVideoExtconUEventObserver.access$5200(PhoneWindowManager.java:5658)
06-13 19:04:10.745 479 522 W WindowManager: at com.android.server.policy.PhoneWindowManager.initializeHdmiStateInternal(PhoneWindowManager.java:3425)
06-13 19:04:10.745 479 522 W WindowManager: at com.android.server.policy.PhoneWindowManager.initializeHdmiState(PhoneWindowManager.java:3389)
06-13 19:04:10.745 479 522 W WindowManager: at com.android.server.policy.PhoneWindowManager.init(PhoneWindowManager.java:1821)
06-13 19:04:10.745 479 522 W WindowManager: at com.android.server.policy.TvWindowManager.init(TvWindowManager.java:259)
06-13 19:04:10.745 479 522 W WindowManager: at com.android.server.wm.WindowManagerService$5.run(WindowManagerService.java:1199)
06-13 19:04:10.745 479 522 W WindowManager: at android.os.Handler$BlockingRunnable.run(Handler.java:961)
06-13 19:04:10.745 479 522 W WindowManager: at android.os.Handler.handleCallback(Handler.java:938)
06-13 19:04:10.745 479 522 W WindowManager: at android.os.Handler.dispatchMessage(Handler.java:99)
06-13 19:04:10.745 479 522 W WindowManager: at android.os.Looper.loopOnce(Looper.java:201)
06-13 19:04:10.745 479 522 W WindowManager: at android.os.Looper.loop(Looper.java:288)
06-13 19:04:10.745 479 522 W WindowManager: at android.os.HandlerThread.run(HandlerThread.java:67)
06-13 19:04:10.745 479 522 W WindowManager: at com.android.server.ServiceThread.run(ServiceThread.java:44)
06-13 19:04:10.745 479 522 W WindowManager: at com.android.server.UiThread.run(UiThread.java:45)
06-13 19:04:10.745 479 522 W WindowManager: Caused by: android.system.ErrnoException: open failed: ENOENT (No such file or directory)
06-13 19:04:10.745 479 522 W WindowManager: at libcore.io.Linux.open(Native Method)
06-13 19:04:10.745 479 522 W WindowManager: at libcore.io.ForwardingOs.open(ForwardingOs.java:567)
06-13 19:04:10.745 479 522 W WindowManager: at libcore.io.BlockGuardOs.open(BlockGuardOs.java:273)
06-13 19:04:10.745 479 522 W WindowManager: at libcore.io.IoBridge.open(IoBridge.java:561)
06-13 19:04:10.745 479 522 W WindowManager: ... 18 more
06-13 19:04:10.755 479 522 D com_softwinner_gpio: Gpio JNI_OnLoad()
06-13 19:04:10.756 479 522 D com_softwinner_gpio: init
06-13 19:04:10.756 186 186 E SELinux : avc: denied { find } for pid=479 uid=1000 name=softwinner.gpio scontext=u:r:system_server:s0 tcontext=u:object_r:default_android_service:s0 tclass=service_manager permissive=1
06-13 19:04:10.758 479 579 I SystemServerTimingAsync: InitThreadPoolExec:StartHidlServices
06-13 19:04:10.759 479 579 D SystemServerInitThreadPool: Started executing StartHidlServices
06-13 19:04:10.759 479 579 I SystemServerTimingAsync: StartHidlServices
06-13 19:04:10.761 479 579 I HidlServiceManagement: Registered android.frameworks.sensorservice@1.0::ISensorManager/default
06-13 19:04:10.762 187 187 I hwservicemanager: getTransport: Cannot find entry android.frameworks.schedulerservice@1.0::ISchedulingPolicyService/default in either framework or device VINTF manifest.
06-13 19:04:10.762 479 579 W system_server: android.frameworks.schedulerservice@1.0::ISchedulingPolicyService is deprecated. Skipping registration.
06-13 19:04:10.762 479 579 D SystemServerInitThreadPool: Finished executing StartHidlServices
06-13 19:04:10.763 479 479 I SystemServerTiming: StartInputManager
06-13 19:04:10.763 479 479 I InputManager: Starting input manager
06-13 19:04:10.766 479 598 D EventHub: No input device configuration file found for device 'sunxi-ir-uinput'.
06-13 19:04:10.766 479 479 I InputManager: Enabling motion classifier because just booted: feature enabled, long press timeout = 400
06-13 19:04:10.766 479 479 I InputClassifier: Enabling motion classifier
06-13 19:04:10.766 249 249 E ActivityRecognitionHardware: activity_recognition HAL is deprecated. class_init is effectively a no-op
06-13 19:04:10.767 479 479 I SystemServerTiming: DisplayManagerWindowManagerAndInputReady
06-13 19:04:10.769 479 524 I LogicalDisplayMapper: Requesting Transition to state: 0
06-13 19:04:10.769 479 479 I SystemServerTiming: StartBluetoothService
06-13 19:04:10.769 479 479 I SystemServiceManager: Starting com.android.server.BluetoothService
06-13 19:04:10.770 479 524 I LogicalDisplayMapper: Applying layout: [{addr: {port=0}, dispId: 0(ON)}], Previous layout: [{addr: {port=0}, dispId: 0(ON)}]
06-13 19:04:10.771 187 187 I hwservicemanager: getTransport: Cannot find entry android.hardware.input.classifier@1.0::IInputClassifier/default in either framework or device VINTF manifest.
06-13 19:04:10.773 479 479 D BluetoothManagerService: Loading stored name and address
06-13 19:04:10.773 479 479 D BluetoothManagerService: Stored bluetooth Name=DBBOX-A2,Address=B4:2F:03:15:74:2B
06-13 19:04:10.773 479 479 D BluetoothManagerService: Bluetooth persisted state: 1
06-13 19:04:10.773 479 479 D BluetoothManagerService: Startup: Bluetooth persisted state is ON.
06-13 19:04:10.774 479 479 D BluetoothManagerService: Detected SystemUiUid: 10065
06-13 19:04:10.774 479 479 I SystemServerTiming: IpConnectivityMetrics
06-13 19:04:10.775 479 479 I SystemServiceManager: Starting com.android.server.connectivity.IpConnectivityMetrics
06-13 19:04:10.776 479 479 I SystemServerTiming: NetworkWatchlistService
06-13 19:04:10.776 479 479 I SystemServiceManager: Starting com.android.server.net.watchlist.NetworkWatchlistService$Lifecycle
06-13 19:04:10.776 479 599 I InputClassifier: Could not obtain InputClassifier HAL
06-13 19:04:10.779 327 329 D XM_HIDREAD: add@ add@/devices/virtual/wakeup/wakeup23
06-13 19:04:10.781 479 598 I EventHub: usingClockIoctl=true
06-13 19:04:10.782 479 598 I EventHub: New device: id=1, fd=164, path='/dev/input/event1', name='sunxi-ir-uinput', classes=KEYBOARD | ALPHAKEY | CURSOR | DPAD, configuration='', keyLayout='/system/usr/keylayout/sunxi-ir-uinput.kl', keyCharacterMap='/system/usr/keychars/Generic.kcm', builtinKeyboard=false,
06-13 19:04:10.783 479 598 D EventHub: No input device configuration file found for device 'sunxi-ir'.
06-13 19:04:10.789 327 329 D XM_HIDREAD: add@ add@/devices/virtual/wakeup/wakeup24
06-13 19:04:10.791 479 598 I EventHub: usingClockIoctl=true
06-13 19:04:10.791 479 598 I EventHub: New device: id=2, fd=165, path='/dev/input/event0', name='sunxi-ir', classes=KEYBOARD, configuration='', keyLayout='/system/usr/keylayout/sunxi-ir.kl', keyCharacterMap='/system/usr/keychars/Generic.kcm', builtinKeyboard=false,
06-13 19:04:10.803 479 598 I InputReader: Device added: id=-1, eventHubId=-1, name='Virtual', descriptor='a718a782d34bc767f4689c232d64d527998ea7fd',sources=0x00000301
06-13 19:04:10.803 479 598 I InputReader: Device added: id=2, eventHubId=2, name='sunxi-ir', descriptor='485d69228e24f5e46da1598745890b214130dbc4',sources=0x00000101
06-13 19:04:10.804 479 598 W InputReader: Can't find the designated viewport with ID 0 to update cursor input mapper. Fall back to default display
06-13 19:04:10.805 479 598 E InputReader: Still can't find a viable viewport to update cursor input mapper. Skip setting it to PointerController.
06-13 19:04:10.805 479 598 I InputReader: Device added: id=3, eventHubId=1, name='sunxi-ir-uinput', descriptor='0a253e777d1b2169367be63d7c9054e7991953a6',sources=0x00002303
06-13 19:04:10.806 479 479 I WatchlistSettings: Reload watchlist settings done
06-13 19:04:10.808 479 600 I WatchlistLoggingHandler: No need to aggregate record yet.
06-13 19:04:10.808 479 600 I WatchlistLoggingHandler: Milliseconds spent on tryAggregateRecords(): 0
06-13 19:04:10.810 479 479 I SystemServerTiming: PinnerService
06-13 19:04:10.811 479 479 I SystemServiceManager: Starting com.android.server.PinnerService
06-13 19:04:10.813 479 479 V HistoricalRegistry: Interaction before persistence initialized
06-13 19:04:10.815 479 479 I SystemServerTiming: IorapForwardingService
06-13 19:04:10.816 479 479 I SystemServiceManager: Starting com.google.android.startop.iorap.IorapForwardingService
06-13 19:04:10.823 479 479 W IorapForwardingService: No service published for: iorapd
06-13 19:04:10.826 479 479 I SystemServerTiming: SignedConfigService
06-13 19:04:10.828 479 479 I SystemServerTiming: AppIntegrityService
06-13 19:04:10.829 479 479 I SystemServiceManager: Starting com.android.server.integrity.AppIntegrityManagerService
06-13 19:04:10.836 479 479 E IntegrityFileManager: Error creating staging and rules directory
06-13 19:04:10.840 479 479 I WindowManager: SAFE MODE not enabled
06-13 19:04:10.841 479 479 I SystemServerTiming: StartInputMethodManagerLifecycle
06-13 19:04:10.842 479 479 I SystemServiceManager: Starting com.android.server.inputmethod.InputMethodManagerService$Lifecycle
06-13 19:04:10.850 263 317 I gralloc : alloc buffer:W:1920 H:1080 S:1920 PL[1920 1080] SZ:8294400 fmt:43 if:0 af:43 usg:20000b00 fg:00000004
06-13 19:04:10.855 479 479 I SystemServerTiming: StartAccessibilityManagerService
06-13 19:04:10.855 479 479 I SystemServiceManager: Starting com.android.server.accessibility.AccessibilityManagerService$Lifecycle
06-13 19:04:10.865 479 479 I SystemServerTiming: MakeDisplayReady
06-13 19:04:10.867 479 479 W InputReader: Device sunxi-ir-uinput is associated with display ADISPLAY_ID_NONE.
06-13 19:04:10.868 479 479 W InputReader: Device sunxi-ir-uinput is associated with display ADISPLAY_ID_NONE.
06-13 19:04:10.869 479 479 I ActivityTaskManager: Config changes=20005df8 {1.0 ?mcc?mnc [zh_CN] ldltr sw720dp w1280dp h696dp 240dpi xlrg long land ?uimode ?night -touch qwerty/v/v dpad/v winConfig={ mBounds=Rect(0, 0 - 1920, 1080) mAppBounds=Rect(0, 0 - 1920, 1080) mMaxBounds=Rect(0, 0 - 1920, 1080) mWindowingMode=fullscreen mDisplayWindowingMode=fullscreen mActivityType=undefined mAlwaysOnTop=undefined mRotation=ROTATION_0} s.2 ?fontWeightAdjustment}
06-13 19:04:10.872 479 479 I WindowManager: Override config changes=60007dfc {1.0 ?mcc?mnc [zh_CN] ldltr sw720dp w1280dp h696dp 240dpi xlrg long land ?uimode ?night -touch qwerty/v/v dpad/v winConfig={ mBounds=Rect(0, 0 - 1920, 1080) mAppBounds=Rect(0, 0 - 1920, 1080) mMaxBounds=Rect(0, 0 - 1920, 1080) mWindowingMode=fullscreen mDisplayWindowingMode=fullscreen mActivityType=undefined mAlwaysOnTop=undefined mRotation=ROTATION_0} s.2 ?fontWeightAdjustment} for displayId=0
06-13 19:04:10.883 479 479 W InputReader: Device sunxi-ir-uinput is associated with display ADISPLAY_ID_NONE.
06-13 19:04:10.884 479 479 I SystemServerTiming: StartStorageManagerService
06-13 19:04:10.884 479 479 I SystemServiceManager: Starting com.android.server.StorageManagerService$Lifecycle
06-13 19:04:10.889 366 585 D installd: Found quota mount /dev/block/by-name/userdata at /data
06-13 19:04:10.889 366 585 D installd: Found quota mount /dev/block/by-name/userdata at /data/user/0
06-13 19:04:10.892 479 524 I InputManager-JNI: Viewport [0] to add: local:0, isActive: false
06-13 19:04:10.893 479 598 I InputReader: Reconfiguring input devices, changes=DISPLAY_INFO |
06-13 19:04:10.897 1 1 I init : processing action (sys.sysctl.extra_free_kbytes=*) from (/system/etc/init/hw/init.rc:1139)
06-13 19:04:10.901 479 479 I SystemServerTiming: StartStorageStatsService
06-13 19:04:10.901 479 479 I SystemServiceManager: Starting com.android.server.usage.StorageStatsService$Lifecycle
06-13 19:04:10.903 479 603 D StorageManagerService: Thinking about init, mBootCompleted=false, mDaemonConnected=true
06-13 19:04:10.903 479 603 D StorageManagerService: Thinking about reset, mBootCompleted=false, mDaemonConnected=true
06-13 19:04:10.903 479 603 D StorageManagerService: Thinking about init, mBootCompleted=false, mDaemonConnected=true
06-13 19:04:10.903 479 603 D StorageManagerService: Thinking about reset, mBootCompleted=false, mDaemonConnected=true
06-13 19:04:10.903 366 585 D installd: Found quota mount /dev/block/by-name/userdata at /data
06-13 19:04:10.904 366 585 D installd: Found quota mount /dev/block/by-name/userdata at /data/user/0
06-13 19:04:10.906 366 585 D installd: Found quota mount /dev/block/by-name/userdata at /data
06-13 19:04:10.906 366 585 D installd: Found quota mount /dev/block/by-name/userdata at /data/user/0
06-13 19:04:10.912 479 479 I SystemServerTiming: StartUiModeManager
06-13 19:04:10.912 479 479 I SystemServiceManager: Starting com.android.server.UiModeManagerService
06-13 19:04:10.914 479 479 I SystemServerTiming: UpdatePackagesIfNeeded
06-13 19:04:10.914 479 520 I SystemServerTimingAsync: InitThreadPoolExec:UiModeManager.onStart
06-13 19:04:10.914 479 520 D SystemServerInitThreadPool: Started executing UiModeManager.onStart
06-13 19:04:10.914 479 479 I Watchdog: Pausing HandlerChecker: main thread for reason: dexopt. Pause count: 1
06-13 19:04:10.914 479 479 I Watchdog: Resuming HandlerChecker: main thread for reason: dexopt. Pause count: 0
06-13 19:04:10.914 479 479 I SystemServerTiming: PerformFstrimIfNeeded
06-13 19:04:10.915 479 479 I SystemServerTiming: StartLockSettingsService
