06-13 19:04:06.327 254 254 W audio_route: Control 'AIF2 ADC volume' doesn't exist - skipping
06-13 19:04:06.327 254 254 W audio_route: Control 'MIC2 SRC' doesn't exist - skipping
06-13 19:04:06.327 254 254 W audio_route: Control 'LEFT ADC input Mixer MIC2 boost Switch' doesn't exist - skipping
06-13 19:04:06.327 254 254 W audio_route: Control 'ADCL Mux' doesn't exist - skipping
06-13 19:04:06.327 254 254 W audio_route: Control 'AIF2 ADL Mixer ADCL Switch' doesn't exist - skipping
06-13 19:04:06.327 254 254 W audio_route: Control 'AIF2OUTL Mux' doesn't exist - skipping
06-13 19:04:06.327 254 254 W audio_route: Control 'AIF2INL Mux' doesn't exist - skipping
06-13 19:04:06.327 254 254 W audio_route: Control 'AIF2INL Mux switch aif2inl aif2Switch' doesn't exist - skipping
06-13 19:04:06.327 254 254 W audio_route: Control 'DACL Mixer AIF2DACL Switch' doesn't exist - skipping
06-13 19:04:06.327 254 254 W audio_route: Control 'Left Output Mixer DACL Switch' doesn't exist - skipping
06-13 19:04:06.327 254 254 W audio_route: Control 'Right Output Mixer DACL Switch' doesn't exist - skipping
06-13 19:04:06.327 254 254 W audio_route: Control 'HP_L Mux' doesn't exist - skipping
06-13 19:04:06.327 254 254 W audio_route: Control 'HP_R Mux' doesn't exist - skipping
06-13 19:04:06.327 254 254 W audio_route: Control 'Headphone Switch' doesn't exist - skipping
06-13 19:04:06.327 254 254 W audio_route: Control 'AIF2 ADC volume' doesn't exist - skipping
06-13 19:04:06.327 254 254 W audio_route: Control 'LEFT ADC input Mixer MIC1 boost Switch' doesn't exist - skipping
06-13 19:04:06.327 254 254 W audio_route: Control 'ADCL Mux' doesn't exist - skipping
06-13 19:04:06.327 254 254 W audio_route: Control 'AIF2 ADL Mixer ADCL Switch' doesn't exist - skipping
06-13 19:04:06.327 254 254 W audio_route: Control 'AIF2OUTL Mux' doesn't exist - skipping
06-13 19:04:06.327 254 254 W audio_route: Control 'AIF2INL Mux' doesn't exist - skipping
06-13 19:04:06.328 254 254 W audio_route: Control 'AIF2INL Mux switch aif2inl aif2Switch' doesn't exist - skipping
06-13 19:04:06.328 254 254 W audio_route: Control 'DACL Mixer AIF2DACL Switch' doesn't exist - skipping
06-13 19:04:06.328 254 254 W audio_route: Control 'Left Output Mixer DACL Switch' doesn't exist - skipping
06-13 19:04:06.328 254 254 W audio_route: Control 'Right Output Mixer DACL Switch' doesn't exist - skipping
06-13 19:04:06.328 254 254 W audio_route: Control 'HP_L Mux' doesn't exist - skipping
06-13 19:04:06.328 254 254 W audio_route: Control 'HP_R Mux' doesn't exist - skipping
06-13 19:04:06.328 254 254 W audio_route: Control 'Headphone Switch' doesn't exist - skipping
06-13 19:04:06.328 254 254 W audio_route: Control 'AIF2INL Mux' doesn't exist - skipping
06-13 19:04:06.328 254 254 W audio_route: Control 'AIF2INL Mux switch aif2inl aif2Switch' doesn't exist - skipping
06-13 19:04:06.328 254 254 W audio_route: Control 'AIF2 ADR Mixer AIF2 DACL Switch' doesn't exist - skipping
06-13 19:04:06.328 254 254 W audio_route: Control 'AIF3OUT Mux' doesn't exist - skipping
06-13 19:04:06.328 254 254 W audio_route: Control 'AIF2INR Mux VIR switch aif2inr aif3Switch' doesn't exist - skipping
06-13 19:04:06.328 254 254 W audio_route: Control 'AIF2 ADL Mixer AIF2 DACR Switch' doesn't exist - skipping
06-13 19:04:06.328 254 254 W audio_route: Control 'AIF2OUTL Mux' doesn't exist - skipping
06-13 19:04:06.328 254 254 W audio_route: Control 'AIF2 ADC volume' doesn't exist - skipping
06-13 19:04:06.328 254 254 W audio_route: Control 'LEFT ADC input Mixer MIC1 boost Switch' doesn't exist - skipping
06-13 19:04:06.328 254 254 W audio_route: Control 'ADCL Mux' doesn't exist - skipping
06-13 19:04:06.328 254 254 W audio_route: Control 'AIF2 ADL Mixer ADCL Switch' doesn't exist - skipping
06-13 19:04:06.328 254 254 W audio_route: Control 'AIF2OUTL Mux' doesn't exist - skipping
06-13 19:04:06.328 254 254 W audio_route: Control 'AIF2INL Mux' doesn't exist - skipping
06-13 19:04:06.328 254 254 W audio_route: Control 'AIF2INL Mux switch aif2inl aif2Switch' doesn't exist - skipping
06-13 19:04:06.328 254 254 W audio_route: Control 'DACL Mixer AIF2DACL Switch' doesn't exist - skipping
06-13 19:04:06.328 254 254 W audio_route: Control 'EAR Mux' doesn't exist - skipping
06-13 19:04:06.328 254 254 W audio_route: Control 'Earpiece Switch' doesn't exist - skipping
06-13 19:04:06.328 254 254 W audio_route: Control 'AIF1 AD0L Mixer ADCL Switch' doesn't exist - skipping
06-13 19:04:06.329 254 254 W audio_route: Control 'AIF1 AD0L Mixer AIF2 DACL Switch' doesn't exist - skipping
06-13 19:04:06.329 254 254 W audio_route: Control 'AIF1OUT0L Mux' doesn't exist - skipping
06-13 19:04:06.329 254 254 W audio_route: Control 'AIF1 AD0L Mixer ADCL Switch' doesn't exist - skipping
06-13 19:04:06.329 254 254 W audio_route: Control 'AIF1 AD0L Mixer AIF2 DACL Switch' doesn't exist - skipping
06-13 19:04:06.329 254 254 W audio_route: Control 'AIF1OUT0L Mux' doesn't exist - skipping
06-13 19:04:06.329 254 254 W audio_route: Control 'AIF1 AD0L Mixer AIF2 DACL Switch' doesn't exist - skipping
06-13 19:04:06.329 254 254 W audio_route: Control 'AIF1 AD0L Mixer AIF2 DACR Switch' doesn't exist - skipping
06-13 19:04:06.329 254 254 W audio_route: Control 'AIF1OUT0L Mux' doesn't exist - skipping
06-13 19:04:06.329 254 254 W audio_route: Control 'Line Out Mixer MIC1 boost Switch' doesn't exist - skipping
06-13 19:04:06.329 254 254 W audio_route: Control 'MIC2 SRC' doesn't exist - skipping
06-13 19:04:06.329 254 254 W audio_route: Control 'Line Out Mixer MIC2 boost Switch' doesn't exist - skipping
06-13 19:04:06.329 254 254 W audio_route: Control 'Left Output Mixer LINEINL-LINEINR Switch' doesn't exist - skipping
06-13 19:04:06.329 254 254 W audio_route: Control 'Right Output Mixer LINEINL-LINEINR Switch' doesn't exist - skipping
06-13 19:04:06.329 254 254 W audio_route: Control 'EAR Mux' doesn't exist - skipping
06-13 19:04:06.329 254 254 W audio_route: Control 'External Speaker Switch' doesn't exist - skipping
06-13 19:04:06.329 254 254 W audio_route: Control 'Headphone Switch' doesn't exist - skipping
06-13 19:04:06.329 254 254 W audio_route: Control 'Headphone Switch' doesn't exist - skipping
06-13 19:04:06.329 254 254 W audio_route: Control 'Earpiece Switch' doesn't exist - skipping
06-13 19:04:06.329 254 254 W audio_route: Control 'LEFT ADC input Mixer LININL-R Switch' doesn't exist - skipping
06-13 19:04:06.329 254 254 W audio_route: Control 'ADCL Mux' doesn't exist - skipping
06-13 19:04:06.329 254 254 W audio_route: Control 'AIF2 ADL Mixer ADCL Switch' doesn't exist - skipping
06-13 19:04:06.329 254 254 W audio_route: Control 'AIF3OUT Mux' doesn't exist - skipping
06-13 19:04:06.329 254 254 W audio_route: Control 'AIF2INL Mux switch aif2inl aif2Switch' doesn't exist - skipping
06-13 19:04:06.329 254 254 W audio_route: Control 'AIF2INR Mux VIR switch aif2inr aif3Switch' doesn't exist - skipping
06-13 19:04:06.329 254 254 W audio_route: Control 'DACR Mixer AIF2DACR Switch' doesn't exist - skipping
06-13 19:04:06.330 254 254 W audio_route: Control 'Right Output Mixer DACR Switch' doesn't exist - skipping
06-13 19:04:06.330 254 254 W audio_route: Control 'Line Out Mixer Right Output mixer Switch' doesn't exist - skipping
06-13 19:04:06.330 254 254 W audio_route: Control 'AIF1OUT0L Mux' doesn't exist - skipping
06-13 19:04:06.330 254 254 W audio_route: Control 'AIF1 AD0L Mixer ADCL Switch' doesn't exist - skipping
06-13 19:04:06.330 254 254 W audio_route: Control 'ADCL Mux' doesn't exist - skipping
06-13 19:04:06.330 254 254 W audio_route: Control 'LEFT ADC input Mixer MIC1 boost Switch' doesn't exist - skipping
06-13 19:04:06.330 254 254 W audio_route: Control 'LEFT ADC input Mixer LININL-R Switch' doesn't exist - skipping
06-13 19:04:06.330 254 254 W audio_route: Control 'AIF1OUT0L Mux' doesn't exist - skipping
06-13 19:04:06.330 254 254 W audio_route: Control 'AIF1 AD0L Mixer ADCL Switch' doesn't exist - skipping
06-13 19:04:06.330 254 254 W audio_route: Control 'ADCL Mux' doesn't exist - skipping
06-13 19:04:06.330 254 254 W audio_route: Control 'LEFT ADC input Mixer MIC2 boost Switch' doesn't exist - skipping
06-13 19:04:06.330 254 254 W audio_route: Control 'LEFT ADC input Mixer LININL-R Switch' doesn't exist - skipping
06-13 19:04:06.330 254 254 W audio_route: Control 'AIF1OUT0L Mux' doesn't exist - skipping
06-13 19:04:06.330 254 254 W audio_route: Control 'AIF1 AD0L Mixer ADCL Switch' doesn't exist - skipping
06-13 19:04:06.331 254 254 W audio_route: Control 'AIF1 AD0L Mixer AIF2 DACR Switch' doesn't exist - skipping
06-13 19:04:06.331 254 254 W audio_route: Control 'AIF1IN0L Mux' doesn't exist - skipping
06-13 19:04:06.331 254 254 W audio_route: Control 'AIF2 ADL Mixer AIF1 DA0L Switch' doesn't exist - skipping
06-13 19:04:06.331 254 254 W audio_route: Control 'AIF2 ADL Mixer AIF1 DA0L Switch' doesn't exist - skipping
06-13 19:04:06.331 254 254 W audio_route: Control 'AIF3OUT Mux' doesn't exist - skipping
06-13 19:04:06.331 254 254 W audio_route: Control 'AIF2INR Mux switch aif2inr aif2Switch' doesn't exist - skipping
06-13 19:04:06.331 254 254 W audio_route: Control 'AIF2INR Mux VIR switch aif2inr aif3Switch' doesn't exist - skipping
06-13 19:04:06.331 254 254 W audio_route: Control 'AIF1 AD0L Mixer AIF2 DACR Switch' doesn't exist - skipping
06-13 19:04:06.331 254 254 W audio_route: Control 'AIF1OUT0L Mux' doesn't exist - skipping
06-13 19:04:06.331 254 254 W audio_route: Control 'AC DACR mixer I2S_DACDATR Switch' doesn't exist - skipping
06-13 19:04:06.331 254 254 W audio_route: Control 'AC DACL mixer I2S_DACDATL Switch' doesn't exist - skipping
06-13 19:04:06.331 254 254 W audio_route: Control 'Right Output Mixer DACR Switch' doesn't exist - skipping
06-13 19:04:06.331 254 254 W audio_route: Control 'Left Output Mixer DACL Switch' doesn't exist - skipping
06-13 19:04:06.331 254 254 W audio_route: Control 'External Speaker Switch' doesn't exist - skipping
06-13 19:04:06.331 254 254 D audio_route: Apply path: media-speaker-headphones
06-13 19:04:06.331 254 254 D audio_route: Apply path: media-headset-mic
06-13 19:04:06.332 254 302 V audio_hw_primary: adev_get_master_volume, line: 3587
06-13 19:04:06.333 254 254 V audio_hw_primary: adev_set_master_volume, line: 3579
06-13 19:04:06.334 273 273 I AudioFlinger: loadHwModule() Loaded primary audio interface, handle 10
06-13 19:04:06.334 273 273 I AudioFlinger: openOutput() this 0xf30c1000, module 10 Device type:0x2,@:, SamplingRate 48000, Format 0x000001, Channels 0x3, flags 0x2
06-13 19:04:06.334 254 302 D audio_hw_primary: adev_open_output_stream
06-13 19:04:06.335 254 302 V audio_hw_primary: adev_open_output_stream, flags: 2
06-13 19:04:06.335 254 302 V audio_hw_primary: +++++++++++++++ adev_open_output_stream: req_sample_rate: 44100, fmt: 1, channel_count: 3
06-13 19:04:06.336 273 273 I AudioFlinger: HAL output buffer size 960 frames, normal sink buffer size 960 frames
06-13 19:04:06.387 273 273 I BufferProvider: found effect "Multichannel Downmix To Stereo" from The Android Open Source Project
06-13 19:04:06.388 273 273 D AudioFlinger: Failed to add event callback
06-13 19:04:06.390 273 450 I AudioFlinger: AudioFlinger's thread 0xf2dd0000 tid=450 ready to run
06-13 19:04:06.390 273 450 W AudioFlinger: no wake lock to update, system not ready yet
06-13 19:04:06.390 273 450 D AudioFlinger: ro.audio.silent is ignored since no output device is set
06-13 19:04:06.391 254 254 D audio_hw_primary: out_standby
06-13 19:04:06.394 273 450 W AudioFlinger: no wake lock to update, system not ready yet
06-13 19:04:06.394 273 450 D AudioFlinger: ro.audio.silent is ignored since no output device is set
06-13 19:04:06.395 273 273 V APM_AudioPolicyManager: checkAndSetVolume cannot set volume group 3 volume when isn ot requested for comm
06-13 19:04:06.415 273 273 W AudioFlinger: moveEffects() bad srcOutput 0
06-13 19:04:06.415 273 273 V APM_AudioPolicyManager: selectOutputForMusicEffects selected output 13
06-13 19:04:06.416 273 273 V APM_AudioPolicyManager: setOutputDevices device {type:0x2,@:} delayMs 0
06-13 19:04:06.416 273 273 V APM_AudioPolicyManager: setOutputDevices() prevDevice {type:0x2,@:}
06-13 19:04:06.417 273 273 V APM_AudioPolicyManager: setOutputDevices changing device to {type:0x2,@:}
06-13 19:04:06.440 254 254 V audio_hw_primary: adev_create_audio_patch num_sources: 1, num_sinks: 1
06-13 19:04:06.440 254 254 V audio_hw_primary: playback device: 2
06-13 19:04:06.443 273 273 V APM_AudioPolicyManager: setOutputDevices() AF::createAudioPatch returned 0 patchHandle 12 num_sources 1 num_sinks 1
06-13 19:04:06.445 273 273 V APM_AudioPolicyManager: checkAndSetVolume cannot set volume group 3 volume when isn ot requested for comm
06-13 19:04:06.477 273 273 I AudioFlinger: openOutput() this 0xf30c1000, module 10 Device type:0x2,@:, SamplingRate 32000, Format 0x000003, Channels 0x3, flags 0x1
06-13 19:04:06.477 254 254 D audio_hw_primary: adev_open_output_stream
06-13 19:04:06.477 254 254 V audio_hw_primary: adev_open_output_stream, flags: 1
06-13 19:04:06.477 254 254 D audio_hw_primary: config format 0x3 raw_flag 1
06-13 19:04:06.478 254 254 V audio_hw_primary: +++++++++++++++ adev_open_output_stream: req_sample_rate: 32000, fmt: 3, channel_count: 3
06-13 19:04:06.480 273 273 I AudioFlinger: HAL output buffer size 2048 frames, normal sink buffer size 2048 frames
06-13 19:04:06.481 273 273 D AudioFlinger: Failed to add event callback
06-13 19:04:06.487 273 452 I AudioFlinger: AudioFlinger's thread 0xf2f8e640 tid=452 ready to run
06-13 19:04:06.487 273 452 W AudioFlinger: no wake lock to update, system not ready yet
06-13 19:04:06.487 273 452 D AudioFlinger: ro.audio.silent is ignored since no output device is set
06-13 19:04:06.487 254 254 V audio_hw_primary: out_set_parameters: closing=true
06-13 19:04:06.488 254 254 D audio_hw_primary: out_standby
06-13 19:04:06.498 249 403 I zygote : Verified 2763 classes from mainline modules in 214.335ms
06-13 19:04:06.499 254 254 V audio_hw_primary: out_set_parameters: exiting=1
06-13 19:04:06.499 273 273 E AudioFlinger: Error when setting parameters on exit: -61
06-13 19:04:06.499 273 452 W AudioFlinger: no wake lock to update, system not ready yet
06-13 19:04:06.499 273 452 D AudioFlinger: ro.audio.silent is ignored since no output device is set
06-13 19:04:06.500 254 254 D audio_hw_primary: out_standby
06-13 19:04:06.500 273 273 W APM_AudioPolicyManager: Input profile contains no device on module primary
06-13 19:04:06.500 273 273 W APM_AudioPolicyManager: Input profile contains no device on module primary
06-13 19:04:06.503 254 254 D xm_audio: -->adev_open, name=audio_hw_if, socketthread_running=false, pth_listen=0
06-13 19:04:06.504 273 273 I AudioFlinger: loadHwModule() Loaded xm_hidraw audio interface, handle 18
06-13 19:04:06.505 254 254 D xm_audio: -->adev_open_input_stream
06-13 19:04:06.505 254 254 D xm_audio: -->adev_open_input_stream, config->sample_rate=16000
06-13 19:04:06.505 254 254 D xm_audio: -->adev_open_input_stream exit
06-13 19:04:06.505 254 254 I xm_audio: in_get_sample_rate
06-13 19:04:06.505 254 254 I xm_audio: in_get_channels
06-13 19:04:06.507 254 254 I xm_audio: in_get_sample_rate
06-13 19:04:06.507 254 254 I xm_audio: in_get_channels
06-13 19:04:06.507 254 254 I xm_audio: in_get_channels
06-13 19:04:06.507 254 254 I xm_audio: in_get_buffer_size
06-13 19:04:06.507 254 254 I xm_audio: in_get_buffer_size: fsize=512.000000, size=512
06-13 19:04:06.508 254 254 I xm_audio: in_get_buffer_size
06-13 19:04:06.508 254 254 I xm_audio: in_get_buffer_size: fsize=512.000000, size=512
06-13 19:04:06.508 254 254 I xm_audio: in_get_sample_rate
06-13 19:04:06.508 254 254 I xm_audio: in_get_channels
06-13 19:04:06.510 254 455 D xm_audio: socket_thread start
06-13 19:04:06.510 254 455 D xm_audio: create socket g_is_running4
06-13 19:04:06.511 327 330 D XM_HIDREAD: Client connected.
06-13 19:04:06.511 327 330 D XM_HIDREAD: accept before.
06-13 19:04:06.511 327 458 D XM_HIDREAD: handle_client start.
06-13 19:04:06.515 273 456 I AudioFlinger: AudioFlinger's thread 0xf2d58100 tid=456 ready to run
06-13 19:04:06.515 254 254 D xm_audio: -->adev_close_input_stream
06-13 19:04:06.515 254 254 D xm_audio: -->adev_close_input_stream ready free stream.
06-13 19:04:06.516 254 254 D xm_audio: -->adev_close_input_stream free stream finish.
06-13 19:04:06.518 254 455 D xm_audio: create socket g_is_running5
06-13 19:04:06.518 254 455 E xm_audio: so socket connect suc
06-13 19:04:06.519 254 459 D xm_audio: data_thread start
06-13 19:04:06.569 273 273 I bt_a2dp_hw: system/bt/audio_a2dp_hw/src/audio_a2dp_hw.cc:1893 adev_open: adev_open: adev_open in A2dp_hw module
06-13 19:04:06.570 273 273 I AudioFlinger: loadHwModule() Loaded a2dp audio interface, handle 26
06-13 19:04:06.570 273 273 V APM_AudioPolicyManager: onNewAudioModulesAvailableInt: Input device list is empty! for profile a2dp input
06-13 19:04:06.574 254 254 I r_submix: adev_open(name=audio_hw_if)
06-13 19:04:06.575 254 254 I r_submix: adev_init_check()
06-13 19:04:06.576 273 273 I AudioFlinger: loadHwModule() Loaded r_submix audio interface, handle 34
06-13 19:04:06.576 254 254 D r_submix: adev_open_input_stream(addr=0)
06-13 19:04:06.576 254 254 D r_submix: submix_audio_device_create_pipe_l(addr=0, idx=9)
06-13 19:04:06.577 254 254 D r_submix: now using address 0 for route 9
06-13 19:04:06.582 273 461 I AudioFlinger: AudioFlinger's thread 0xf1d2ccc0 tid=461 ready to run
06-13 19:04:06.583 254 254 D r_submix: adev_close_input_stream()
06-13 19:04:06.583 254 254 D r_submix: submix_audio_device_release_pipe_l(idx=9) addr=0
06-13 19:04:06.584 254 254 D r_submix: submix_audio_device_destroy_pipe_l(): pipe destroyed
06-13 19:04:06.589 273 273 I audioserver: Waiting for activity service
06-13 19:04:06.707 381 381 W awplayer: : Set log level to 3
06-13 19:04:06.708 467 467 E cutils-trace: Error opening trace file: No such file or directory (2)
06-13 19:04:06.751 381 381 I cedarc : : register avs decoder success!
06-13 19:04:06.752 381 381 I cedarc : : register h264 decoder success!
06-13 19:04:06.752 381 381 I cedarc : : register h265 decoder success!
06-13 19:04:06.752 381 381 I cedarc : : register mjpeg decoder success!
06-13 19:04:06.752 381 381 I cedarc : : register mjpegplus decoder success!
06-13 19:04:06.753 381 381 I cedarc : : register mpeg2 decoder success!
06-13 19:04:06.753 381 381 W awplayer: : Invalid plugin,function CedarPluginVDInit not found.
06-13 19:04:06.753 381 381 I cedarc : : register mpeg4dx decoder success!
06-13 19:04:06.753 381 381 I cedarc : : register mpeg4H263 decoder success!
06-13 19:04:06.754 381 381 I cedarc : : register mpeg4Normal decoder success!
06-13 19:04:06.754 381 381 I cedarc : : register Mpeg4Vp6 decoder success!
06-13 19:04:06.754 381 381 I cedarc : : register vp6Soft decoder success!
06-13 19:04:06.754 381 381 I cedarc : : register vp8 decoder success!
06-13 19:04:06.755 381 381 E cedarc : : register Wmv12Soft decoder failure!!!
06-13 19:04:06.755 381 381 I cedarc : : register vc1 decoder success!
06-13 19:04:06.755 381 381 D cedarc : : register Vp9Hw decoder success!
06-13 19:04:06.755 381 381 I cedarc : : register avs2 decoder success!
06-13 19:04:06.759 381 381 D awplayer: : aw stream init...
06-13 19:04:06.759 381 381 D awplayer: : Register stream rtp version v1.1
06-13 19:04:06.764 470 470 E cutils-trace: Error opening trace file: No such file or directory (2)
06-13 19:04:06.772 381 381 I mediaserver: ServiceManager: 0xf2678960
06-13 19:04:06.773 381 381 W BatteryNotifier: batterystats service unavailable!
06-13 19:04:06.775 381 381 W BatteryNotifier: batterystats service unavailable!
06-13 19:04:06.792 249 249 D Zygote : VMRuntime.setVerifierEnabled(true)
06-13 19:04:06.823 249 249 I zygote : Explicit concurrent copying GC freed 6063(607KB) AllocSpace objects, 0(0B) LOS objects, 68% free, 719KB/2255KB, paused 134us total 31.135ms
06-13 19:04:06.849 249 249 I zygote : Explicit concurrent copying GC freed 229(40KB) AllocSpace objects, 0(0B) LOS objects, 68% free, 710KB/2246KB, paused 63us total 24.637ms
06-13 19:04:06.925 249 249 D Zygote : Forked child process 479
06-13 19:04:06.926 249 249 I Zygote : System server process 479 has been created
06-13 19:04:06.928 249 249 I Zygote : Accepting command socket connections
06-13 19:04:06.990 402 416 I adbd : adbd mDNS service _adb._tcp registered: 1
06-13 19:04:06.991 402 423 I adbd : adbd mDNS service _adb-tls-connect._tcp registered: 1
06-13 19:04:07.242 479 479 I Zygote : seccomp disabled by setenforce 0
06-13 19:04:07.262 479 479 W system_server: Failed to upload odrefresh metrics: metrics file '/data/misc/odrefresh/odrefresh-metrics.txt' could not be opened: No such file or directory
06-13 19:04:07.260 332 332 I rainbow_flow: type=1400 audit(0.0:288): avc: denied { ioctl } for path="/dev/spidev1.0" dev="tmpfs" ino=3340 ioctlcmd=0x6b00 scontext=u:r:init:s0 tcontext=u:object_r:device:s0 tclass=chr_file permissive=1
06-13 19:04:07.268 402 419 I adbd : jdwp connection from 479
06-13 19:04:07.272 479 500 D Zygote : begin preload_base
06-13 19:04:07.272 479 500 I Zygote : Calling ZygoteHooks.beginPreload()
06-13 19:04:07.462 479 500 D ApplicationLoaders: Created zygote-cached class loader: /system/framework/android.hidl.base-V1.0-java.jar
06-13 19:04:07.470 479 500 D ApplicationLoaders: Created zygote-cached class loader: /system/framework/android.hidl.manager-V1.0-java.jar
06-13 19:04:07.477 479 500 D ApplicationLoaders: Created zygote-cached class loader: /system/framework/android.test.base.jar
06-13 19:04:07.477 479 500 I Zygote : Preloading resources...
06-13 19:04:07.501 479 500 W Resources: Preloaded drawable resource #0x1080286 (android:drawable/dialog_background_material) that varies with configuration!!
06-13 19:04:07.532 479 500 I Zygote : ...preloaded 64 resources in 54ms.
06-13 19:04:07.539 479 500 I Zygote : ...preloaded 41 resources in 6ms.
06-13 19:04:07.540 479 500 D Zygote : Zygote:ThreadPreadloadBase took 269ms.
06-13 19:04:07.542 479 509 D Zygote : Zygote:ThreadPreadloadClass start
06-13 19:04:07.544 479 510 I Zygote : Preloading classes...
06-13 19:04:07.548 479 479 I SystemServerTiming: InitBeforeStartServices
06-13 19:04:07.555 479 479 I SystemServer: Entered the Android system server!
06-13 19:04:07.594 479 511 D libEGL : loaded /vendor/lib/egl/libGLES_mali.so
06-13 19:04:07.639 479 510 I Typeface: Preloading /system/fonts/Roboto-Regular.ttf
06-13 19:04:07.667 479 510 I Typeface: Preloading /system/fonts/RobotoStatic-Regular.ttf
06-13 19:04:07.684 269 269 I EventThread: type=1400 audit(0.0:289): avc: denied { search } for name="extcon" dev="sysfs" ino=18109 scontext=u:r:hal_tv_cec_default:s0 tcontext=u:object_r:sysfs_extcon:s0 tclass=dir permissive=1
06-13 19:04:07.747 276 276 D RenderEngine: shader cache generated - 48 shaders in 2410.919434 ms
06-13 19:04:07.759 276 276 I HidlServiceManagement: Registered android.frameworks.displayservice@1.0::IDisplayService/default
06-13 19:04:07.760 276 276 D SurfaceFlinger: Setting power mode 2 on display 0
06-13 19:04:07.760 265 265 D sunxihwc: setPowerMode: device(hdmi0) power mode: On
06-13 19:04:07.760 265 265 I sunxihwc: setRuntimeState: disp2 blank control [unblank], driver usage [1]
06-13 19:04:07.761 276 276 D SurfaceFlinger: Finished setting power mode 2 on display 0
06-13 19:04:07.772 479 510 I Typeface: Preloading /system/fonts/NotoSansCJK-Regular.ttc
06-13 19:04:07.772 479 510 I Typeface: Preloading /system/fonts/NotoSerifCJK-Regular.ttc
06-13 19:04:07.816 479 510 E ActivityRecognitionHardware: activity_recognition HAL is deprecated. class_init is effectively a no-op
06-13 19:04:07.893 479 479 E UsbAlsaJackDetectorJNI: Can't register UsbAlsaJackDetector native methods
06-13 19:04:07.924 479 479 I SystemServerInitThreadPool: Creating instance with 4 threads
06-13 19:04:07.926 479 520 I SystemServerTimingAsync: InitThreadPoolExec:loadPreinstalledSystemFontMap
06-13 19:04:07.926 397 397 I update_engine: [INFO:cleanup_previous_update_action.cc(112)] Executing task 1
06-13 19:04:07.926 479 520 D SystemServerInitThreadPool: Started executing loadPreinstalledSystemFontMap
06-13 19:04:07.926 479 479 I SystemServerTiming: StartServices
06-13 19:04:07.926 479 520 I SystemServerTimingAsync: loadPreinstalledSystemFontMap
06-13 19:04:07.926 479 479 D SystemServer: VMRuntime.setVerifierEnabled(false)
06-13 19:04:07.927 479 479 I SystemServerTiming: startBootstrapServices
06-13 19:04:07.927 479 479 I SystemServerTiming: StartWatchdog
06-13 19:04:07.928 397 397 I update_engine: [INFO:cleanup_previous_update_action.cc(124)] CleanupPreviousUpdateAction scheduled task ID 3 for WaitBootCompleted
06-13 19:04:07.947 479 479 I SystemServer: Reading configuration...
06-13 19:04:07.947 479 479 I SystemServerTiming: ReadingSystemConfig
06-13 19:04:07.948 479 528 I SystemServerTimingAsync: InitThreadPoolExec:ReadingSystemConfig
06-13 19:04:07.948 479 528 D SystemServerInitThreadPool: Started executing ReadingSystemConfig
06-13 19:04:07.948 479 479 I SystemServerTiming: PlatformCompat
06-13 19:04:07.952 479 479 D CompatConfig: Found a config file: /system/etc/compatconfig/icu4j-platform-compat-config.xml
06-13 19:04:07.952 479 528 I SystemConfig: Reading permissions from /system/etc/sysconfig/framework-sysconfig.xml
06-13 19:04:07.953 479 479 D CompatConfig: Adding: com.android.server.compat.config.Change@78f54e8
06-13 19:04:07.956 479 479 D CompatConfig: Found a config file: /system/etc/compatconfig/framework-platform-compat-config.xml
06-13 19:04:07.956 479 528 I incfs : Initial API level of the device: 31
06-13 19:04:07.956 479 528 I incfs : ro.incremental.enable: module:/vendor/lib/modules/incrementalfs.ko
06-13 19:04:07.956 479 528 I incfs : isFsAvailable: false
06-13 19:04:07.956 479 528 I incfs : isFsAvailable: false
06-13 19:04:07.956 479 528 E incfs : could not open IncFs kernel module "/vendor/lib/modules/incrementalfs.ko": No such file or directory
06-13 19:04:07.957 479 528 E incfs : IncFs_Features: failed to open features dir, assuming v1/none.: No such file or directory
06-13 19:04:07.957 479 528 I SystemConfig: Reading permissions from /system/etc/sysconfig/preinstalled-packages-com.android.providers.media.module.xml
06-13 19:04:07.960 479 528 I SystemConfig: Reading permissions from /system/etc/sysconfig/hiddenapi-package-whitelist.xml
06-13 19:04:07.960 479 479 D CompatConfig: Adding: com.android.server.compat.config.Change@f78d794
06-13 19:04:07.961 479 479 D CompatConfig: Adding: com.android.server.compat.config.Change@89b123d
06-13 19:04:07.962 479 479 D CompatConfig: Adding: com.android.server.compat.config.Change@9094383
06-13 19:04:07.962 479 528 I SystemConfig: Reading permissions from /system/etc/sysconfig/preinstalled-packages-platform.xml
06-13 19:04:07.963 479 510 D MtpDeviceJNI: register_android_mtp_MtpDevice
06-13 19:04:07.964 479 479 D CompatConfig: Adding: com.android.server.compat.config.Change@5d5d900
06-13 19:04:07.964 479 479 D CompatConfig: Adding: com.android.server.compat.config.Change@a2b9539
06-13 19:04:07.965 479 479 D CompatConfig: Adding: com.android.server.compat.config.Change@f1c177e
06-13 19:04:07.966 479 528 I SystemConfig: Reading permissions from /system/etc/sysconfig/preinstalled-packages-platform-full-base.xml
06-13 19:04:07.967 479 479 D CompatConfig: Adding: com.android.server.compat.config.Change@63f852c
06-13 19:04:07.968 479 479 D CompatConfig: Adding: com.android.server.compat.config.Change@fa74bf5
06-13 19:04:07.969 479 479 D CompatConfig: Adding: com.android.server.compat.config.Change@7de2d8a
06-13 19:04:07.970 479 528 I SystemConfig: Reading permissions from /system/etc/permissions/permissions-awbms.xml
06-13 19:04:07.973 479 479 D CompatConfig: Adding: com.android.server.compat.config.Change@ab5c818
06-13 19:04:07.975 479 479 D CompatConfig: Adding: com.android.server.compat.config.Change@1f99856
06-13 19:04:07.975 479 528 I SystemConfig: Reading permissions from /system/etc/permissions/com.android.location.provider.xml
06-13 19:04:07.976 479 479 D CompatConfig: Adding: com.android.server.compat.config.Change@c3440d7
06-13 19:04:07.977 479 528 I SystemConfig: Reading permissions from /system/etc/permissions/com.android.mediadrm.signer.xml
06-13 19:04:07.978 479 479 D CompatConfig: Adding: com.android.server.compat.config.Change@a5a04ad
06-13 19:04:07.979 479 479 D CompatConfig: Adding: com.android.server.compat.config.Change@8ee3e2
06-13 19:04:07.980 479 528 I SystemConfig: Reading permissions from /system/etc/permissions/android.test.runner.xml
06-13 19:04:07.981 479 479 D CompatConfig: Adding: com.android.server.compat.config.Change@c918230
06-13 19:04:07.982 479 528 I SystemConfig: Reading permissions from /system/etc/permissions/org.apache.http.legacy.xml
06-13 19:04:07.982 479 479 D CompatConfig: Adding: com.android.server.compat.config.Change@63b5c2e
06-13 19:04:07.984 479 479 D CompatConfig: Adding: com.android.server.compat.config.Change@6f073cf
06-13 19:04:07.985 479 479 D CompatConfig: Adding: com.android.server.compat.config.Change@9241c65
06-13 19:04:07.985 479 528 I SystemConfig: Reading permissions from /system/etc/permissions/android.hardware.location.network.xml
06-13 19:04:07.986 479 479 D CompatConfig: Adding: com.android.server.compat.config.Change@250d3a
06-13 19:04:07.987 479 479 D CompatConfig: Adding: com.android.server.compat.config.Change@eaa7deb
06-13 19:04:07.988 479 479 D CompatConfig: Adding: com.android.server.compat.config.Change@fb76748
06-13 19:04:07.989 479 479 D CompatConfig: Adding: com.android.server.compat.config.Change@c3f19e1
06-13 19:04:07.989 479 528 I SystemConfig: Reading permissions from /system/etc/permissions/com.android.documentsui.xml
06-13 19:04:07.990 479 479 D CompatConfig: Adding: com.android.server.compat.config.Change@1b10dc7
06-13 19:04:07.991 479 479 D CompatConfig: Adding: com.android.server.compat.config.Change@97faff4
06-13 19:04:07.992 479 479 D CompatConfig: Adding: com.android.server.compat.config.Change@db2731d
06-13 19:04:07.993 479 479 D CompatConfig: Adding: com.android.server.compat.config.Change@97c0992
06-13 19:04:07.994 479 479 D CompatConfig: Adding: com.android.server.compat.config.Change@da6bf63
06-13 19:04:07.995 479 479 D CompatConfig: Adding: com.android.server.compat.config.Change@7e1d760
06-13 19:04:07.996 479 479 D CompatConfig: Adding: com.android.server.compat.config.Change@f082419
06-13 19:04:07.997 479 479 D CompatConfig: Adding: com.android.server.compat.config.Change@5cd2cde
06-13 19:04:07.998 479 479 D CompatConfig: Adding: com.android.server.compat.config.Change@dbbeebf
06-13 19:04:07.999 479 479 D CompatConfig: Adding: com.android.server.compat.config.Change@27d098c
06-13 19:04:08.004 479 479 D CompatConfig: Adding: com.android.server.compat.config.Change@66de8d5
06-13 19:04:08.006 479 479 D CompatConfig: Adding: com.android.server.compat.config.Change@37b38ea
06-13 19:04:08.007 479 479 D CompatConfig: Adding: com.android.server.compat.config.Change@5cab7db
06-13 19:04:08.008 479 479 D CompatConfig: Adding: com.android.server.compat.config.Change@9b73278
06-13 19:04:08.009 479 479 D CompatConfig: Adding: com.android.server.compat.config.Change@5313d51
06-13 19:04:08.009 479 479 D CompatConfig: Adding: com.android.server.compat.config.Change@44bf9b6
06-13 19:04:08.010 479 479 D CompatConfig: Adding: com.android.server.compat.config.Change@332f6b7
06-13 19:04:08.011 479 479 D CompatConfig: Adding: com.android.server.compat.config.Change@c68fe24
06-13 19:04:08.011 479 479 D CompatConfig: Adding: com.android.server.compat.config.Change@9fb5d8d
06-13 19:04:08.012 479 479 D CompatConfig: Adding: com.android.server.compat.config.Change@e95fb42
06-13 19:04:08.013 479 479 D CompatConfig: Adding: com.android.server.compat.config.Change@f764753
06-13 19:04:08.013 479 479 D CompatConfig: Adding: com.android.server.compat.config.Change@c49d890
06-13 19:04:08.014 479 479 D CompatConfig: Adding: com.android.server.compat.config.Change@acd4589
06-13 19:04:08.015 479 479 D CompatConfig: Adding: com.android.server.compat.config.Change@58c898e
06-13 19:04:08.016 479 479 D CompatConfig: Adding: com.android.server.compat.config.Change@9405af
06-13 19:04:08.017 479 479 D CompatConfig: Adding: com.android.server.compat.config.Change@d1bedbc
06-13 19:04:08.018 479 479 D CompatConfig: Adding: com.android.server.compat.config.Change@2bbb145
06-13 19:04:08.018 479 479 D CompatConfig: Adding: com.android.server.compat.config.Change@a4bb09a
06-13 19:04:08.019 479 479 D CompatConfig: Adding: com.android.server.compat.config.Change@3254dcb
06-13 19:04:08.020 479 479 D CompatConfig: Adding: com.android.server.compat.config.Change@a9829a8
06-13 19:04:08.021 479 528 I SystemConfig: Reading permissions from /system/etc/permissions/android.test.base.xml
06-13 19:04:08.021 479 479 D CompatConfig: Adding: com.android.server.compat.config.Change@1a43c66
06-13 19:04:08.021 479 479 D CompatConfig: Adding: com.android.server.compat.config.Change@a38fba7
06-13 19:04:08.022 479 528 I SystemConfig: Reading permissions from /system/etc/permissions/android.software.live_wallpaper.xml
06-13 19:04:08.022 479 479 D CompatConfig: Adding: com.android.server.compat.config.Change@a4bc3fd
06-13 19:04:08.023 479 479 D CompatConfig: Adding: com.android.server.compat.config.Change@aa7b8f2
06-13 19:04:08.023 479 528 I SystemConfig: Reading permissions from /system/etc/permissions/android.test.mock.xml
06-13 19:04:08.024 479 479 D CompatConfig: Adding: com.android.server.compat.config.Change@50c85c0
06-13 19:04:08.024 479 479 D CompatConfig: Adding: com.android.server.compat.config.Change@1f4723e
06-13 19:04:08.025 479 528 I SystemConfig: Reading permissions from /system/etc/permissions/android.software.controls.xml
06-13 19:04:08.025 479 479 D CompatConfig: Found a config file: /system/etc/compatconfig/services-platform-compat-config.xml
06-13 19:04:08.026 479 528 I SystemConfig: Reading permissions from /system/etc/permissions/com.android.networkstack.tethering.xml
06-13 19:04:08.029 479 528 I SystemConfig: Reading permissions from /system/etc/permissions/com.android.networkstack.xml
06-13 19:04:08.030 479 479 D CompatConfig: Adding: com.android.server.compat.config.Change@dc1744a
06-13 19:04:08.031 479 528 I SystemConfig: Reading permissions from /system/etc/permissions/com.android.media.remotedisplay.xml
06-13 19:04:08.031 479 479 D CompatConfig: Adding: com.android.server.compat.config.Change@2fd4cd8
06-13 19:04:08.032 479 479 D CompatConfig: Adding: com.android.server.compat.config.Change@a53b831
06-13 19:04:08.033 479 479 D CompatConfig: Adding: com.android.server.compat.config.Change@eaa8b16
06-13 19:04:08.034 479 479 D CompatConfig: Adding: com.android.server.compat.config.Change@e021c97
06-13 19:04:08.035 479 479 D CompatConfig: Adding: com.android.server.compat.config.Change@f665e84
06-13 19:04:08.036 479 479 D CompatConfig: Adding: com.android.server.compat.config.Change@d7aa66d
06-13 19:04:08.036 479 479 D CompatConfig: Adding: com.android.server.compat.config.Change@13c42a2
06-13 19:04:08.037 479 479 D CompatConfig: Adding: com.android.server.compat.config.Change@e41eb33
06-13 19:04:08.038 479 479 D CompatConfig: Adding: com.android.server.compat.config.Change@42cdef0
06-13 19:04:08.039 479 528 I SystemConfig: Reading permissions from /system/etc/permissions/javax.obex.xml
06-13 19:04:08.039 479 479 D CompatConfig: Adding: com.android.server.compat.config.Change@c3fe6ee
06-13 19:04:08.040 479 479 D CompatConfig: Adding: com.android.server.compat.config.Change@998fa1c
06-13 19:04:08.041 479 528 I SystemConfig: Reading permissions from /system/etc/permissions/android.software.webview.xml
06-13 19:04:08.041 479 479 D CompatConfig: Adding: com.android.server.compat.config.Change@fff3625
06-13 19:04:08.042 479 528 I SystemConfig: Reading permissions from /system/etc/permissions/com.android.future.usb.accessory.xml
06-13 19:04:08.042 479 479 D CompatConfig: Adding: com.android.server.compat.config.Change@7858dab
06-13 19:04:08.043 479 479 D CompatConfig: Adding: com.android.server.compat.config.Change@2499c08
06-13 19:04:08.044 479 528 I SystemConfig: Reading permissions from /system/etc/permissions/android.hardware.hdmi.cec.xml
06-13 19:04:08.044 479 479 D CompatConfig: Adding: com.android.server.compat.config.Change@8f9e5c6
06-13 19:04:08.045 479 479 D CompatConfig: Adding: com.android.server.compat.config.Change@38d5987
06-13 19:04:08.046 479 528 I SystemConfig: Reading permissions from /system/etc/permissions/oranth-privapp-permissions.xml
06-13 19:04:08.046 479 479 D CompatConfig: Adding: com.android.server.compat.config.Change@61f04dd
06-13 19:04:08.047 479 479 D CompatConfig: Adding: com.android.server.compat.config.Change@e9e9852
06-13 19:04:08.048 479 479 D CompatConfig: Adding: com.android.server.compat.config.Change@d5c0723
06-13 19:04:08.049 479 479 D CompatConfig: Adding: com.android.server.compat.config.Change@26de420
06-13 19:04:08.049 518 518 D BootAnimation: BootAnimationPreloadTiming start time: 9982ms
06-13 19:04:08.050 479 528 I SystemConfig: Reading permissions from /system/etc/permissions/privapp-permissions-platform.xml
06-13 19:04:08.050 479 479 D CompatConfig: Adding: com.android.server.compat.config.Change@a69e79e
06-13 19:04:08.051 479 479 D CompatConfig: Adding: com.android.server.compat.config.Change@5ddf27f
06-13 19:04:08.052 479 479 D CompatConfig: Adding: com.android.server.compat.config.Change@c9d224c
06-13 19:04:08.053 479 479 D CompatConfig: Adding: com.android.server.compat.config.Change@222f295
06-13 19:04:08.054 479 479 D CompatConfig: Adding: com.android.server.compat.config.Change@308dfaa
06-13 19:04:08.054 479 479 D CompatConfig: Adding: com.android.server.compat.config.Change@669379b
06-13 19:04:08.056 479 479 D CompatConfig: Adding: com.android.server.compat.config.Change@6a01738
06-13 19:04:08.057 479 479 D CompatConfig: Adding: com.android.server.compat.config.Change@68d2311
06-13 19:04:08.058 479 479 D CompatConfig: Adding: com.android.server.compat.config.Change@aed4c76
06-13 19:04:08.059 479 479 D CompatConfig: Adding: com.android.server.compat.config.Change@d99b277
06-13 19:04:08.059 479 479 D CompatConfig: Adding: com.android.server.compat.config.Change@ddb6ee4
06-13 19:04:08.060 479 479 D CompatConfig: Adding: com.android.server.compat.config.Change@a8fdf4d
06-13 19:04:08.060 479 479 D CompatConfig: Adding: com.android.server.compat.config.Change@decff13
06-13 19:04:08.060 479 479 D CompatConfig: Adding: com.android.server.compat.config.Change@f529550
06-13 19:04:08.061 479 479 D CompatConfig: Adding: com.android.server.compat.config.Change@b882349
06-13 19:04:08.061 479 479 D CompatConfig: Adding: com.android.server.compat.config.Change@72d744e
06-13 19:04:08.062 479 479 D CompatConfig: Adding: com.android.server.compat.config.Change@a1e796f
06-13 19:04:08.062 479 479 D CompatConfig: Adding: com.android.server.compat.config.Change@2d3b67c
06-13 19:04:08.062 479 479 D CompatConfig: Adding: com.android.server.compat.config.Change@5a6ab05
06-13 19:04:08.063 479 479 D CompatConfig: Adding: com.android.server.compat.config.Change@af0875a
06-13 19:04:08.063 479 479 D CompatConfig: Adding: com.android.server.compat.config.Change@b433d8b
06-13 19:04:08.064 479 479 D CompatConfig: Adding: com.android.server.compat.config.Change@ce3be68
06-13 19:04:08.064 479 479 D CompatConfig: Adding: com.android.server.compat.config.Change@d6bf281
06-13 19:04:08.064 479 479 D CompatConfig: Adding: com.android.server.compat.config.Change@b9fbf26
06-13 19:04:08.065 479 479 D CompatConfig: Adding: com.android.server.compat.config.Change@ca62767
06-13 19:04:08.065 479 479 D CompatConfig: Adding: com.android.server.compat.config.Change@36a5914
06-13 19:04:08.066 479 479 D CompatConfig: Adding: com.android.server.compat.config.Change@4e435bd
06-13 19:04:08.067 479 479 D CompatConfig: Adding: com.android.server.compat.config.Change@ab8a7b2
06-13 19:04:08.067 479 479 D CompatConfig: Adding: com.android.server.compat.config.Change@963d303
06-13 19:04:08.069 479 479 D CompatConfig: Adding: com.android.server.compat.config.Change@8a370b9
06-13 19:04:08.069 479 528 I SystemConfig: Reading permissions from /system/etc/permissions/privapp-vendor-permissions.xml
06-13 19:04:08.071 479 479 D CompatConfig: Adding: com.android.server.compat.config.Change@2058cfe
06-13 19:04:08.072 479 479 D CompatConfig: Found a config file: /system/etc/compatconfig/calendar-provider-compat-config.xml
06-13 19:04:08.073 479 528 I SystemConfig: Reading permissions from /system/etc/permissions/platform.xml
06-13 19:04:08.075 479 479 D CompatConfig: Adding: com.android.server.compat.config.Change@815f75
06-13 19:04:08.077 479 479 D CompatConfig: Found a config file: /system/etc/compatconfig/documents-ui-compat-config.xml
06-13 19:04:08.079 479 479 D CompatConfig: Adding: com.android.server.compat.config.Change@e629f7b
06-13 19:04:08.080 479 479 D CompatConfig: No directory /system/system_ext/etc/compatconfig, skipping
06-13 19:04:08.082 479 528 I SystemConfig: Reading permissions from /vendor/etc/permissions/android.software.pppoe.xml
06-13 19:04:08.082 479 479 D CompatConfig: No directory /apex/com.android.wifi/etc/compatconfig, skipping
06-13 19:04:08.083 479 479 D CompatConfig: No directory /apex/com.android.vndk.v31/etc/compatconfig, skipping
06-13 19:04:08.084 479 528 I SystemConfig: Reading permissions from /vendor/etc/permissions/android.hardware.usb.accessory.xml
06-13 19:04:08.085 479 479 D CompatConfig: No directory /apex/com.android.tzdata/etc/compatconfig, skipping
06-13 19:04:08.085 479 479 D CompatConfig: No directory /apex/com.android.tethering/etc/compatconfig, skipping
06-13 19:04:08.085 479 479 D CompatConfig: No directory /apex/com.android.sdkext/etc/compatconfig, skipping
06-13 19:04:08.089 518 518 E BootAnimation: no audio.wav could be found!
06-13 19:04:08.089 518 518 D BootAnimation: BootAnimationPreloadStopTiming start time: 10022ms
06-13 19:04:08.085 479 479 D CompatConfig: No directory /apex/com.android.scheduling/etc/compatconfig, skipping
06-13 19:04:08.091 479 528 I SystemConfig: Reading permissions from /vendor/etc/permissions/android.hardware.hardware_keystore.xml
06-13 19:04:08.091 276 326 E HWComposer: getSupportedContentTypes: getSupportedContentTypes failed for display 0: Unsupported (8)
06-13 19:04:08.093 518 531 E cutils-trace: Error opening trace file: No such file or directory (2)
06-13 19:04:08.095 479 479 D CompatConfig: No directory /apex/com.android.runtime/etc/compatconfig, skipping
06-13 19:04:08.099 479 479 D CompatConfig: No directory /apex/com.android.resolv/etc/compatconfig, skipping
06-13 19:04:08.099 479 479 D CompatConfig: No directory /apex/com.android.permission/etc/compatconfig, skipping
06-13 19:04:08.099 479 479 D CompatConfig: No directory /apex/com.android.os.statsd/etc/compatconfig, skipping
06-13 19:04:08.099 479 479 D CompatConfig: No directory /apex/com.android.neuralnetworks/etc/compatconfig, skipping
06-13 19:04:08.103 479 528 I SystemConfig: Reading permissions from /vendor/etc/permissions/android.hardware.bluetooth.xml
06-13 19:04:08.106 479 479 D CompatConfig: Found a config file: /apex/com.android.mediaprovider/etc/compatconfig/media-provider-platform-compat-config.xml
06-13 19:04:08.108 479 528 I SystemConfig: Reading permissions from /vendor/etc/permissions/android.hardware.camera.front.xml
06-13 19:04:08.110 479 528 I SystemConfig: Reading permissions from /vendor/etc/permissions/android.software.vulkan.deqp.level.xml
06-13 19:04:08.111 479 479 D CompatConfig: Adding: com.android.server.compat.config.Change@4d2fbb0
06-13 19:04:08.112 479 479 D CompatConfig: Adding: com.android.server.compat.config.Change@a4fa29
06-13 19:04:08.112 479 479 D CompatConfig: Adding: com.android.server.compat.config.Change@f2d31ae
06-13 19:04:08.114 479 528 I SystemConfig: Reading permissions from /vendor/etc/permissions/android.hardware.reboot_escrow.xml
06-13 19:04:08.114 479 479 D CompatConfig: Adding: com.android.server.compat.config.Change@33874da
06-13 19:04:08.115 479 479 D CompatConfig: Adding: com.android.server.compat.config.Change@d405d0b
06-13 19:04:08.116 479 479 D CompatConfig: Adding: com.android.server.compat.config.Change@24327e8
06-13 19:04:08.116 479 479 D CompatConfig: Adding: com.android.server.compat.config.Change@230de01
06-13 19:04:08.119 479 528 I SystemConfig: Reading permissions from /vendor/etc/permissions/android.hardware.touchscreen.multitouch.xml
06-13 19:04:08.121 518 531 D libEGL : loaded /vendor/lib/egl/libGLES_mali.so
06-13 19:04:08.122 479 528 I SystemConfig: Reading permissions from /vendor/etc/permissions/android.software.opengles.deqp.level.xml
06-13 19:04:08.124 479 479 D CompatConfig: No directory /apex/com.android.media.swcodec/etc/compatconfig, skipping
06-13 19:04:08.125 479 479 D CompatConfig: No directory /apex/com.android.media/etc/compatconfig, skipping
06-13 19:04:08.125 479 479 D CompatConfig: No directory /apex/com.android.ipsec/etc/compatconfig, skipping
06-13 19:04:08.128 479 479 D CompatConfig: No directory /apex/com.android.i18n/etc/compatconfig, skipping
06-13 19:04:08.129 479 479 D CompatConfig: No directory /apex/com.android.extservices/etc/compatconfig, skipping
06-13 19:04:08.129 479 479 D CompatConfig: No directory /apex/com.android.conscrypt/etc/compatconfig, skipping
06-13 19:04:08.129 479 528 I SystemConfig: Reading permissions from /vendor/etc/permissions/android.hardware.ethernet.xml
06-13 19:04:08.136 479 528 I SystemConfig: Reading permissions from /vendor/etc/permissions/android.hardware.wifi.passpoint.xml
06-13 19:04:08.137 479 479 D CompatConfig: Found a config file: /apex/com.android.art/etc/compatconfig/libcore-platform-compat-config.xml
06-13 19:04:08.139 479 479 D CompatConfig: Adding: com.android.server.compat.config.Change@5a1a3df
06-13 19:04:08.140 479 511 I Zygote : Preloading shared libraries...
06-13 19:04:08.140 479 479 D CompatConfig: Adding: com.android.server.compat.config.Change@33ae82c
06-13 19:04:08.142 479 479 D CompatConfig: Adding: com.android.server.compat.config.Change@a87c88a
06-13 19:04:08.142 479 528 I SystemConfig: Reading permissions from /vendor/etc/permissions/android.hardware.wifi.xml
06-13 19:04:08.143 479 479 D CompatConfig: Adding: com.android.server.compat.config.Change@fa69efb
06-13 19:04:08.146 479 479 D CompatConfig: Adding: com.android.server.compat.config.Change@521e356
06-13 19:04:08.148 479 479 D CompatConfig: No directory /apex/com.android.appsearch/etc/compatconfig, skipping
06-13 19:04:08.148 479 479 D CompatConfig: No directory /apex/com.android.adbd/etc/compatconfig, skipping
06-13 19:04:08.149 479 528 I SystemConfig: Reading permissions from /vendor/etc/permissions/android.hardware.bluetooth_le.xml
06-13 19:04:08.151 479 528 I SystemConfig: Reading permissions from /vendor/etc/permissions/android.hardware.vulkan.level.xml
06-13 19:04:08.154 479 528 I SystemConfig: Reading permissions from /vendor/etc/permissions/android.hardware.usb.host.xml
06-13 19:04:08.155 479 479 I SystemServerTiming: StartFileIntegrityService
06-13 19:04:08.156 479 479 I SystemServiceManager: Starting com.android.server.security.FileIntegrityService
06-13 19:04:08.157 479 528 I SystemConfig: Reading permissions from /vendor/etc/permissions/android.software.midi.xml
06-13 19:04:08.159 479 528 I SystemConfig: Reading permissions from /vendor/etc/permissions/android.hardware.opengles.aep.xml
06-13 19:04:08.162 479 528 I SystemConfig: Reading permissions from /vendor/etc/permissions/android.hardware.camera.external.xml
06-13 19:04:08.170 479 528 I SystemConfig: Reading permissions from /vendor/etc/permissions/android.software.backup.xml
06-13 19:04:08.172 479 528 I SystemConfig: Reading permissions from /vendor/etc/permissions/android.hardware.keystore.app_attest_key.xml
06-13 19:04:08.173 479 528 I SystemConfig: Reading permissions from /vendor/etc/permissions/android.hardware.vulkan.compute.xml
06-13 19:04:08.174 479 479 I SystemServerTiming: StartInstaller
06-13 19:04:08.174 479 479 I SystemServiceManager: Starting com.android.server.pm.Installer
06-13 19:04:08.175 479 528 I SystemConfig: Reading permissions from /vendor/etc/permissions/tv_core_hardware.xml
06-13 19:04:08.177 479 528 I SystemConfig: Reading permissions from /vendor/etc/permissions/android.hardware.wifi.direct.xml
06-13 19:04:08.179 366 383 D installd: Found quota mount /dev/block/by-name/userdata at /data
06-13 19:04:08.179 366 383 D installd: Found quota mount /dev/block/by-name/userdata at /data/user/0
06-13 19:04:08.182 479 479 I SystemServerTiming: DeviceIdentifiersPolicyService
06-13 19:04:08.183 479 479 I SystemServiceManager: Starting com.android.server.os.DeviceIdentifiersPolicyService
06-13 19:04:08.183 479 528 I SystemConfig: Reading permissions from /vendor/etc/permissions/android.software.ipsec_tunnels.xml
06-13 19:04:08.184 479 479 I SystemServerTiming: UriGrantsManagerService
06-13 19:04:08.184 479 479 I SystemServiceManager: Starting com.android.server.uri.UriGrantsManagerService$Lifecycle
06-13 19:04:08.185 479 528 I SystemConfig: Reading permissions from /vendor/etc/permissions/android.hardware.vulkan.version.xml
06-13 19:04:08.188 479 528 I SystemConfig: Reading permissions from /vendor/etc/permissions/id.hardware.camera.xml
06-13 19:04:08.189 479 479 I SystemServerTiming: StartPowerStatsService
06-13 19:04:08.189 479 479 I SystemServiceManager: Starting com.android.server.powerstats.PowerStatsService
06-13 19:04:08.192 186 186 E servicemanager: Could not find android.hardware.power.stats.IPowerStats/default in the VINTF manifest.
06-13 19:04:08.193 479 528 I SystemConfig: Reading permissions from /vendor/etc/permissions/android.hardware.camera.flash-autofocus.xml
06-13 19:04:08.195 187 187 I hwservicemanager: getTransport: Cannot find entry android.hardware.power.stats@1.0::IPowerStats/default in either framework or device VINTF manifest.
06-13 19:04:08.195 479 528 I SystemConfig: Reading permissions from /vendor/etc/permissions/android.software.verified_boot.xml
