06-13 19:04:12.460 1 1 I /system/bin/init: type=1107 audit(0.0:322): uid=0 auid=4294967295 ses=4294967295 subj=u:r:init:s0 msg='avc: denied { set } for property=vendor.mediasw.sft.rawdata pid=254 uid=1041 gid=1005 scontext=u:r:hal_audio_default:s0 tcontext=u:object_r:vendor_audio_prop:s0 tclass=property_service permissive=1'
06-13 19:04:12.468 254 302 V audio_hw_primary: adev_set_parameters, BT_SCO=off
06-13 19:04:12.469 677 677 D CompatibilityChangeReporter: Compat change id reported: 171979766; UID 10065; state: ENABLED
06-13 19:04:12.470 479 627 I AS.AudioDeviceInventory: removePreferredDevicesForStrategySync, strategy: 14
06-13 19:04:12.471 479 528 I SystemServerTimingAsync: InitThreadPoolExec:WebViewFactoryPreparation
06-13 19:04:12.471 479 528 D SystemServerInitThreadPool: Started executing WebViewFactoryPreparation
06-13 19:04:12.471 479 528 I SystemServer: WebViewFactoryPreparation
06-13 19:04:12.471 479 528 I SystemServerTimingAsync: WebViewFactoryPreparation
06-13 19:04:12.471 479 479 I SystemServerTiming: MakeNetworkManagementServiceReady
06-13 19:04:12.472 479 479 W NetworkManagement: setDataSaverMode(): already false
06-13 19:04:12.473 479 479 I SystemServerTiming: MakeIpSecServiceReady
06-13 19:04:12.474 479 528 D CompatibilityChangeReporter: Compat change id reported: 135634846; UID 1000; state: DISABLED
06-13 19:04:12.474 479 528 D CompatibilityChangeReporter: Compat change id reported: 177438394; UID 1000; state: DISABLED
06-13 19:04:12.474 479 528 D CompatibilityChangeReporter: Compat change id reported: 135772972; UID 1000; state: DISABLED
06-13 19:04:12.474 479 528 D CompatibilityChangeReporter: Compat change id reported: 178038272; UID 1000; state: DISABLED
06-13 19:04:12.475 273 445 I AudioFlinger: systemReady
06-13 19:04:12.475 479 479 D IpSecService: IpSecService is ready
06-13 19:04:12.475 479 479 I SystemServerTiming: MakeNetworkStatsServiceReady
06-13 19:04:12.476 479 528 D SystemServerInitThreadPool: Finished executing WebViewFactoryPreparation
06-13 19:04:12.481 479 479 W BestClock: java.time.DateTimeException: Missing NTP fix
06-13 19:04:12.484 479 626 D AS.AudioService: No vibrator found
06-13 19:04:12.485 479 607 W NetworkPolicy: setRestrictBackgroundUL: already false
06-13 19:04:12.486 479 549 W BatteryExternalStatsWorker: error reading modem stats:ERROR_PHONE_NOT_AVAILABLE
06-13 19:04:12.490 249 249 D Zygote : Forked child process 706
06-13 19:04:12.491 479 543 I ActivityManager: app.processName = WebViewLoader-armeabi-v7a
06-13 19:04:12.491 479 543 I ActivityManager: Start proc 706:WebViewLoader-armeabi-v7a/1037 [android.webkit.WebViewLibraryLoader$RelroFileCreator] for null
06-13 19:04:12.500 706 706 I Zygote : seccomp disabled by setenforce 0
06-13 19:04:12.504 332 332 I rainbow_flow: type=1400 audit(0.0:323): avc: denied { ioctl } for path="/dev/spidev1.0" dev="tmpfs" ino=3340 ioctlcmd=0x6b00 scontext=u:r:init:s0 tcontext=u:object_r:device:s0 tclass=chr_file permissive=1
06-13 19:04:12.520 402 419 I adbd : jdwp connection from 706
06-13 19:04:12.527 381 473 D MediaCodecList: Allowing all OMX codecs
06-13 19:04:12.529 381 473 E cutils-trace: Error opening trace file: No such file or directory (2)
06-13 19:04:12.535 381 473 I OMXClient: IOmx service obtained
06-13 19:04:12.536 390 390 I OMXStore: makeComponentInstance(OMX.allwinner.video.decoder.avc) in android.hardwar process
06-13 19:04:12.550 479 479 I SystemServerTiming: MakeConnectivityServiceReady
06-13 19:04:12.551 390 390 I omx_vdec_aw: : OmxDecoderCreate.
06-13 19:04:12.551 479 479 D PermissionMonitor: Monitoring
06-13 19:04:12.554 390 390 W omx_vdec: <__AwOmxVdecSetParameter:1561>: Set Parameter called in valid state
06-13 19:04:12.554 479 607 W BestClock: java.time.DateTimeException: Missing NTP fix
06-13 19:04:12.554 479 662 D CompatibilityChangeReporter: Compat change id reported: 168419799; UID 1000; state: DISABLED
06-13 19:04:12.555 390 390 W omx_vdec: : pParamProfileLevel->nProfileIndex[0x3] error!
06-13 19:04:12.556 390 390 E OMXNodeInstance: getParameter(0xf639e000:allwinner.decoder.avc, ParamVideoProfileLevelQuerySupported(0x600000f)) ERROR: BadParameter(0x80001005)
06-13 19:04:12.556 390 390 W omx_vdec: <__AwOmxVdecGetExtensionIndex:1737>: GetExtensionIndex OMX.google.android.index.describeColorFormat, err [0x80001001].
06-13 19:04:12.556 390 390 W omx_vdec: <__AwOmxVdecGetExtensionIndex:1737>: GetExtensionIndex OMX.google.android.index.describeColorFormat2, err [0x80001001].
06-13 19:04:12.556 390 390 E omx_vdec: : erro: pParamData->nIndex > m_sPortFormatType.nIndex
06-13 19:04:12.556 390 390 W omx_vdec: <__AwOmxVdecGetExtensionIndex:1737>: GetExtensionIndex OMX.google.android.index.describeColorFormat, err [0x80001001].
06-13 19:04:12.556 390 390 W omx_vdec: <__AwOmxVdecGetExtensionIndex:1737>: GetExtensionIndex OMX.google.android.index.describeColorFormat2, err [0x80001001].
06-13 19:04:12.556 390 390 E omx_vdec: : erro: pParamData->nIndex > m_sPortFormatType.nIndex
06-13 19:04:12.557 390 390 W omx_vdec: <__AwOmxVdecGetExtensionIndex:1737>: GetExtensionIndex OMX.google.android.index.describeColorFormat, err [0x80001001].
06-13 19:04:12.557 390 390 W omx_vdec: <__AwOmxVdecGetExtensionIndex:1737>: GetExtensionIndex OMX.google.android.index.describeColorFormat2, err [0x80001001].
06-13 19:04:12.559 390 390 E omx_vdec: : erro: pParamData->nIndex > m_sPortFormatType.nIndex
06-13 19:04:12.562 706 706 V WebViewLibraryLoader: RelroFileCreator (64bit = false), package: com.android.webview library: libwebviewchromium.so
06-13 19:04:12.563 390 390 W omx_vdec: <__AwOmxVdecGetExtensionIndex:1737>: GetExtensionIndex OMX.google.android.index.describeColorFormat, err [0x80001001].
06-13 19:04:12.563 390 390 W omx_vdec: <__AwOmxVdecGetExtensionIndex:1737>: GetExtensionIndex OMX.google.android.index.describeColorFormat2, err [0x80001001].
06-13 19:04:12.563 390 390 E omx_vdec: : erro: pParamData->nIndex > m_sPortFormatType.nIndex
06-13 19:04:12.563 390 390 W omx_vdec: <__AwOmxVdecGetExtensionIndex:1737>: GetExtensionIndex OMX.google.android.index.describeColorFormat, err [0x80001001].
06-13 19:04:12.563 390 390 W omx_vdec: <__AwOmxVdecGetExtensionIndex:1737>: GetExtensionIndex OMX.google.android.index.describeColorFormat2, err [0x80001001].
06-13 19:04:12.563 390 390 E omx_vdec: : erro: pParamData->nIndex > m_sPortFormatType.nIndex
06-13 19:04:12.564 390 390 W omx_vdec: <__AwOmxVdecGetExtensionIndex:1737>: GetExtensionIndex OMX.google.android.index.describeColorFormat, err [0x80001001].
06-13 19:04:12.564 390 390 W omx_vdec: <__AwOmxVdecGetExtensionIndex:1737>: GetExtensionIndex OMX.google.android.index.describeColorFormat2, err [0x80001001].
06-13 19:04:12.564 390 390 E omx_vdec: : erro: pParamData->nIndex > m_sPortFormatType.nIndex
06-13 19:04:12.565 390 390 W omx_vdec: <__AwOmxVdecGetExtensionIndex:1737>: GetExtensionIndex OMX.google.android.index.describeColorFormat, err [0x80001001].
06-13 19:04:12.565 390 390 W omx_vdec: <__AwOmxVdecGetExtensionIndex:1737>: GetExtensionIndex OMX.google.android.index.describeColorFormat2, err [0x80001001].
06-13 19:04:12.565 390 390 E omx_vdec: : erro: pParamData->nIndex > m_sPortFormatType.nIndex
06-13 19:04:12.565 390 390 W omx_vdec: <__AwOmxVdecGetExtensionIndex:1737>: GetExtensionIndex OMX.google.android.index.describeColorFormat, err [0x80001001].
06-13 19:04:12.565 390 390 W omx_vdec: <__AwOmxVdecGetExtensionIndex:1737>: GetExtensionIndex OMX.google.android.index.describeColorFormat2, err [0x80001001].
06-13 19:04:12.565 390 390 E omx_vdec: : erro: pParamData->nIndex > m_sPortFormatType.nIndex
06-13 19:04:12.565 390 390 W omx_vdec: <__AwOmxVdecGetExtensionIndex:1737>: GetExtensionIndex OMX.google.android.index.describeColorFormat, err [0x80001001].
06-13 19:04:12.566 390 390 W omx_vdec: <__AwOmxVdecGetExtensionIndex:1737>: GetExtensionIndex OMX.google.android.index.describeColorFormat2, err [0x80001001].
06-13 19:04:12.566 390 390 E omx_vdec: : erro: pParamData->nIndex > m_sPortFormatType.nIndex
06-13 19:04:12.566 390 390 W omx_vdec: <__AwOmxVdecGetExtensionIndex:1737>: GetExtensionIndex OMX.google.android.index.describeColorFormat, err [0x80001001].
06-13 19:04:12.566 390 390 W omx_vdec: <__AwOmxVdecGetExtensionIndex:1737>: GetExtensionIndex OMX.google.android.index.describeColorFormat2, err [0x80001001].
06-13 19:04:12.566 390 390 E omx_vdec: : erro: pParamData->nIndex > m_sPortFormatType.nIndex
06-13 19:04:12.566 390 390 W omx_vdec: <__AwOmxVdecGetExtensionIndex:1737>: GetExtensionIndex OMX.google.android.index.describeColorFormat, err [0x80001001].
06-13 19:04:12.566 390 390 W omx_vdec: <__AwOmxVdecGetExtensionIndex:1737>: GetExtensionIndex OMX.google.android.index.describeColorFormat2, err [0x80001001].
06-13 19:04:12.566 390 390 E omx_vdec: : erro: pParamData->nIndex > m_sPortFormatType.nIndex
06-13 19:04:12.567 390 390 W omx_vdec: <__AwOmxVdecGetExtensionIndex:1737>: GetExtensionIndex OMX.google.android.index.describeColorFormat, err [0x80001001].
06-13 19:04:12.567 390 390 W omx_vdec: <__AwOmxVdecGetExtensionIndex:1737>: GetExtensionIndex OMX.google.android.index.describeColorFormat2, err [0x80001001].
06-13 19:04:12.567 390 390 E omx_vdec: : erro: pParamData->nIndex > m_sPortFormatType.nIndex
06-13 19:04:12.567 390 390 W omx_vdec: <__AwOmxVdecGetExtensionIndex:1737>: GetExtensionIndex OMX.google.android.index.describeColorFormat, err [0x80001001].
06-13 19:04:12.567 390 390 W omx_vdec: <__AwOmxVdecGetExtensionIndex:1737>: GetExtensionIndex OMX.google.android.index.describeColorFormat2, err [0x80001001].
06-13 19:04:12.567 390 390 E omx_vdec: : erro: pParamData->nIndex > m_sPortFormatType.nIndex
06-13 19:04:12.567 479 479 D PermissionMonitor: Users: 1, Apps: 9
06-13 19:04:12.567 390 390 W omx_vdec: <__AwOmxVdecGetExtensionIndex:1737>: GetExtensionIndex OMX.google.android.index.describeColorFormat, err [0x80001001].
06-13 19:04:12.567 390 390 W omx_vdec: <__AwOmxVdecGetExtensionIndex:1737>: GetExtensionIndex OMX.google.android.index.describeColorFormat2, err [0x80001001].
06-13 19:04:12.568 390 390 E omx_vdec: : erro: pParamData->nIndex > m_sPortFormatType.nIndex
06-13 19:04:12.568 390 390 W omx_vdec: <__AwOmxVdecGetExtensionIndex:1737>: GetExtensionIndex OMX.google.android.index.describeColorFormat, err [0x80001001].
06-13 19:04:12.568 390 390 W omx_vdec: <__AwOmxVdecGetExtensionIndex:1737>: GetExtensionIndex OMX.google.android.index.describeColorFormat2, err [0x80001001].
06-13 19:04:12.569 390 390 E omx_vdec: : erro: pParamData->nIndex > m_sPortFormatType.nIndex
06-13 19:04:12.569 390 390 W omx_vdec: <__AwOmxVdecGetExtensionIndex:1737>: GetExtensionIndex OMX.google.android.index.describeColorFormat, err [0x80001001].
06-13 19:04:12.569 390 390 W omx_vdec: <__AwOmxVdecGetExtensionIndex:1737>: GetExtensionIndex OMX.google.android.index.describeColorFormat2, err [0x80001001].
06-13 19:04:12.570 390 390 E omx_vdec: : erro: pParamData->nIndex > m_sPortFormatType.nIndex
06-13 19:04:12.570 390 390 W omx_vdec: <__AwOmxVdecGetExtensionIndex:1737>: GetExtensionIndex OMX.google.android.index.describeColorFormat, err [0x80001001].
06-13 19:04:12.570 390 390 W omx_vdec: <__AwOmxVdecGetExtensionIndex:1737>: GetExtensionIndex OMX.google.android.index.describeColorFormat2, err [0x80001001].
06-13 19:04:12.570 390 390 E omx_vdec: : erro: pParamData->nIndex > m_sPortFormatType.nIndex
06-13 19:04:12.571 390 390 W omx_vdec: <__AwOmxVdecGetExtensionIndex:1737>: GetExtensionIndex OMX.google.android.index.describeColorFormat, err [0x80001001].
06-13 19:04:12.571 390 390 W omx_vdec: <__AwOmxVdecGetExtensionIndex:1737>: GetExtensionIndex OMX.google.android.index.describeColorFormat2, err [0x80001001].
06-13 19:04:12.571 390 390 E omx_vdec: : erro: pParamData->nIndex > m_sPortFormatType.nIndex
06-13 19:04:12.571 390 390 W omx_vdec: <__AwOmxVdecGetExtensionIndex:1737>: GetExtensionIndex OMX.google.android.index.describeColorFormat, err [0x80001001].
06-13 19:04:12.572 390 390 W omx_vdec: <__AwOmxVdecGetExtensionIndex:1737>: GetExtensionIndex OMX.google.android.index.describeColorFormat2, err [0x80001001].
06-13 19:04:12.572 390 390 E omx_vdec: : erro: pParamData->nIndex > m_sPortFormatType.nIndex
06-13 19:04:12.572 390 390 W omx_vdec: <__AwOmxVdecGetExtensionIndex:1737>: GetExtensionIndex OMX.google.android.index.describeColorFormat, err [0x80001001].
06-13 19:04:12.572 390 390 W omx_vdec: <__AwOmxVdecGetExtensionIndex:1737>: GetExtensionIndex OMX.google.android.index.describeColorFormat2, err [0x80001001].
06-13 19:04:12.572 390 390 E omx_vdec: : erro: pParamData->nIndex > m_sPortFormatType.nIndex
06-13 19:04:12.572 390 390 W omx_vdec: <__AwOmxVdecGetExtensionIndex:1737>: GetExtensionIndex OMX.google.android.index.describeColorFormat, err [0x80001001].
06-13 19:04:12.572 390 390 W omx_vdec: <__AwOmxVdecGetExtensionIndex:1737>: GetExtensionIndex OMX.google.android.index.describeColorFormat2, err [0x80001001].
06-13 19:04:12.572 390 390 E omx_vdec: : erro: pParamData->nIndex > m_sPortFormatType.nIndex
06-13 19:04:12.572 479 616 D ConnectivityService: NetReassign [no changes]
06-13 19:04:12.573 390 390 W omx_vdec: <__AwOmxVdecGetExtensionIndex:1737>: GetExtensionIndex OMX.google.android.index.describeColorFormat, err [0x80001001].
06-13 19:04:12.573 390 390 W omx_vdec: <__AwOmxVdecGetExtensionIndex:1737>: GetExtensionIndex OMX.google.android.index.describeColorFormat2, err [0x80001001].
06-13 19:04:12.573 390 390 E omx_vdec: : erro: pParamData->nIndex > m_sPortFormatType.nIndex
06-13 19:04:12.573 390 390 W omx_vdec: <__AwOmxVdecGetExtensionIndex:1737>: GetExtensionIndex OMX.google.android.index.describeColorFormat, err [0x80001001].
06-13 19:04:12.573 390 390 W omx_vdec: <__AwOmxVdecGetExtensionIndex:1737>: GetExtensionIndex OMX.google.android.index.describeColorFormat2, err [0x80001001].
06-13 19:04:12.573 390 390 E omx_vdec: : erro: pParamData->nIndex > m_sPortFormatType.nIndex
06-13 19:04:12.573 390 390 W omx_vdec: <__AwOmxVdecGetExtensionIndex:1737>: GetExtensionIndex OMX.google.android.index.describeColorFormat, err [0x80001001].
06-13 19:04:12.573 390 390 W omx_vdec: <__AwOmxVdecGetExtensionIndex:1737>: GetExtensionIndex OMX.google.android.index.describeColorFormat2, err [0x80001001].
06-13 19:04:12.573 390 390 E omx_vdec: : erro: pParamData->nIndex > m_sPortFormatType.nIndex
06-13 19:04:12.574 390 390 W omx_vdec: <__AwOmxVdecGetExtensionIndex:1737>: GetExtensionIndex OMX.google.android.index.describeColorFormat, err [0x80001001].
06-13 19:04:12.574 390 390 W omx_vdec: <__AwOmxVdecGetExtensionIndex:1737>: GetExtensionIndex OMX.google.android.index.describeColorFormat2, err [0x80001001].
06-13 19:04:12.574 390 390 E omx_vdec: : erro: pParamData->nIndex > m_sPortFormatType.nIndex
06-13 19:04:12.574 390 390 W omx_vdec: <__AwOmxVdecGetExtensionIndex:1737>: GetExtensionIndex OMX.google.android.index.describeColorFormat, err [0x80001001].
06-13 19:04:12.578 390 390 W omx_vdec: <__AwOmxVdecGetExtensionIndex:1737>: GetExtensionIndex OMX.google.android.index.describeColorFormat2, err [0x80001001].
06-13 19:04:12.579 390 390 E omx_vdec: : erro: pParamData->nIndex > m_sPortFormatType.nIndex
06-13 19:04:12.580 390 390 W omx_vdec: <__AwOmxVdecGetExtensionIndex:1737>: GetExtensionIndex OMX.google.android.index.describeColorFormat, err [0x80001001].
06-13 19:04:12.580 479 616 D ConnectivityService: NetReassign [no changes]
06-13 19:04:12.581 390 390 W omx_vdec: <__AwOmxVdecGetExtensionIndex:1737>: GetExtensionIndex OMX.google.android.index.describeColorFormat2, err [0x80001001].
06-13 19:04:12.581 390 390 E omx_vdec: : erro: pParamData->nIndex > m_sPortFormatType.nIndex
06-13 19:04:12.581 390 390 W omx_vdec: <__AwOmxVdecGetExtensionIndex:1737>: GetExtensionIndex OMX.google.android.index.describeColorFormat, err [0x80001001].
06-13 19:04:12.581 390 390 W omx_vdec: <__AwOmxVdecGetExtensionIndex:1737>: GetExtensionIndex OMX.google.android.index.describeColorFormat2, err [0x80001001].
06-13 19:04:12.581 390 390 E omx_vdec: : erro: pParamData->nIndex > m_sPortFormatType.nIndex
06-13 19:04:12.581 390 390 W omx_vdec: <__AwOmxVdecGetExtensionIndex:1737>: GetExtensionIndex OMX.google.android.index.describeColorFormat, err [0x80001001].
06-13 19:04:12.581 390 390 W omx_vdec: <__AwOmxVdecGetExtensionIndex:1737>: GetExtensionIndex OMX.google.android.index.describeColorFormat2, err [0x80001001].
06-13 19:04:12.582 390 390 E omx_vdec: : erro: pParamData->nIndex > m_sPortFormatType.nIndex
06-13 19:04:12.582 390 390 W omx_vdec: <__AwOmxVdecGetExtensionIndex:1737>: GetExtensionIndex OMX.google.android.index.describeColorFormat, err [0x80001001].
06-13 19:04:12.582 390 390 W omx_vdec: <__AwOmxVdecGetExtensionIndex:1737>: GetExtensionIndex OMX.google.android.index.describeColorFormat2, err [0x80001001].
06-13 19:04:12.582 390 390 E omx_vdec: : erro: pParamData->nIndex > m_sPortFormatType.nIndex
06-13 19:04:12.582 390 390 W omx_vdec: <__AwOmxVdecGetExtensionIndex:1737>: GetExtensionIndex OMX.google.android.index.describeColorFormat, err [0x80001001].
06-13 19:04:12.582 390 390 W omx_vdec: <__AwOmxVdecGetExtensionIndex:1737>: GetExtensionIndex OMX.google.android.index.describeColorFormat2, err [0x80001001].
06-13 19:04:12.582 390 390 E omx_vdec: : erro: pParamData->nIndex > m_sPortFormatType.nIndex
06-13 19:04:12.583 390 390 W omx_vdec: <__AwOmxVdecGetExtensionIndex:1737>: GetExtensionIndex OMX.google.android.index.describeColorFormat, err [0x80001001].
06-13 19:04:12.583 390 390 W omx_vdec: <__AwOmxVdecGetExtensionIndex:1737>: GetExtensionIndex OMX.google.android.index.describeColorFormat2, err [0x80001001].
06-13 19:04:12.583 390 390 E omx_vdec: : erro: pParamData->nIndex > m_sPortFormatType.nIndex
06-13 19:04:12.584 390 390 W omx_vdec: <__AwOmxVdecGetExtensionIndex:1737>: GetExtensionIndex OMX.google.android.index.describeColorFormat, err [0x80001001].
06-13 19:04:12.584 390 390 W omx_vdec: <__AwOmxVdecGetExtensionIndex:1737>: GetExtensionIndex OMX.google.android.index.describeColorFormat2, err [0x80001001].
06-13 19:04:12.584 381 473 W ACodec : [OMX.allwinner.video.decoder.avc] stopping checking formats after 32: COLOR_FormatYUV420Planar(13)
06-13 19:04:12.584 390 390 W omx_vdec: <__AwOmxVdecGetExtensionIndex:1737>: GetExtensionIndex OMX.google.android.index.configureVideoTunnelMode, err [0x80001001].
06-13 19:04:12.584 390 390 E OMXNodeInstance: getExtensionIndex(0xf639e000:allwinner.decoder.avc, OMX.google.android.index.configureVideoTunnelMode) ERROR: Undefined(0x80001001)
06-13 19:04:12.584 381 473 D MediaCodecInfo: detail feature-tunneled-playback wasn't present to remove
06-13 19:04:12.584 390 390 W omx_vdec: <__AwOmxVdecGetExtensionIndex:1737>: GetExtensionIndex OMX.google.android.index.storeANWBufferInMetadata, err [0x80001001].
06-13 19:04:12.584 390 390 W omx_vdec_aw: <__anSetExtPara:3011>: Setparameter: unknown param 2131755011
06-13 19:04:12.584 390 390 W OMXNodeInstance: [0xf639e000:allwinner.decoder.avc] component does not support metadata mode; using fallback
06-13 19:04:12.585 390 731 W libc : invalid pthread_t (0) passed to pthread_join
06-13 19:04:12.585 390 731 W libc : invalid pthread_t (0) passed to pthread_join
06-13 19:04:12.585 390 731 W libc : invalid pthread_t (0) passed to pthread_join
06-13 19:04:12.589 381 473 I OMXClient: IOmx service obtained
06-13 19:04:12.589 390 390 I OMXStore: makeComponentInstance(OMX.allwinner.video.decoder.avc.secure) in android.hardwar process
06-13 19:04:12.589 479 479 I SystemServerTiming: MakeVpnManagerServiceReady
06-13 19:04:12.590 670 670 V GraphicsEnvironment: ANGLE Developer option for 'com.android.bluetooth' set to: 'default'
06-13 19:04:12.591 670 670 V GraphicsEnvironment: Neither updatable production driver nor prerelease driver is supported.
06-13 19:04:12.594 670 670 D NetworkSecurityConfig: No Network Security Config specified, using platform default
06-13 19:04:12.595 390 390 E omx_vdec: : This platform does not support secure video playback
06-13 19:04:12.595 390 390 E omx_sem : : handle is null
06-13 19:04:12.595 390 390 E omx_sem : : handle is null
06-13 19:04:12.595 390 390 E omx_sem : : handle is null
06-13 19:04:12.595 390 390 E omx_sem : : handle is null
06-13 19:04:12.595 390 390 E omx_sem : : handle is null
06-13 19:04:12.595 390 390 W omx_vdec_aw: : pdec is null
06-13 19:04:12.595 670 670 D NetworkSecurityConfig: No Network Security Config specified, using platform default
06-13 19:04:12.595 390 390 E android.hardware.media.omx@1.0-service: Failed to allocate omx component 'OMX.allwinner.video.decoder.avc.secure' err=InvalidComponentName(0x80001002)
06-13 19:04:12.596 381 473 W OmxInfoBuilder: Fail to add media type video/avc to codec OMX.allwinner.video.decoder.avc.secure
06-13 19:04:12.597 381 473 I OMXClient: IOmx service obtained
06-13 19:04:12.599 390 390 I OMXStore: makeComponentInstance(OMX.allwinner.video.decoder.hevc) in android.hardwar process
06-13 19:04:12.600 390 390 I omx_vdec_aw: : OmxDecoderCreate.
06-13 19:04:12.601 390 390 W omx_vdec: <__AwOmxVdecSetParameter:1561>: Set Parameter called in valid state
06-13 19:04:12.601 479 479 I SystemServerTiming: MakeVcnManagementServiceReady
06-13 19:04:12.601 390 390 W omx_vdec: : pParamProfileLevel->nProfileIndex[0x1] error!
06-13 19:04:12.601 390 390 E OMXNodeInstance: getParameter(0xf639e000:allwinner.decoder.hevc, ParamVideoProfileLevelQuerySupported(0x600000f)) ERROR: BadParameter(0x80001005)
06-13 19:04:12.602 390 390 W omx_vdec: <__AwOmxVdecGetExtensionIndex:1737>: GetExtensionIndex OMX.google.android.index.describeColorFormat, err [0x80001001].
06-13 19:04:12.602 390 390 W omx_vdec: <__AwOmxVdecGetExtensionIndex:1737>: GetExtensionIndex OMX.google.android.index.describeColorFormat2, err [0x80001001].
06-13 19:04:12.602 390 390 E omx_vdec: : erro: pParamData->nIndex > m_sPortFormatType.nIndex
06-13 19:04:12.602 390 390 W omx_vdec: <__AwOmxVdecGetExtensionIndex:1737>: GetExtensionIndex OMX.google.android.index.describeColorFormat, err [0x80001001].
06-13 19:04:12.602 390 390 W omx_vdec: <__AwOmxVdecGetExtensionIndex:1737>: GetExtensionIndex OMX.google.android.index.describeColorFormat2, err [0x80001001].
06-13 19:04:12.602 390 390 E omx_vdec: : erro: pParamData->nIndex > m_sPortFormatType.nIndex
06-13 19:04:12.603 390 390 W omx_vdec: <__AwOmxVdecGetExtensionIndex:1737>: GetExtensionIndex OMX.google.android.index.describeColorFormat, err [0x80001001].
06-13 19:04:12.603 390 390 W omx_vdec: <__AwOmxVdecGetExtensionIndex:1737>: GetExtensionIndex OMX.google.android.index.describeColorFormat2, err [0x80001001].
06-13 19:04:12.603 390 390 E omx_vdec: : erro: pParamData->nIndex > m_sPortFormatType.nIndex
06-13 19:04:12.603 390 390 W omx_vdec: <__AwOmxVdecGetExtensionIndex:1737>: GetExtensionIndex OMX.google.android.index.describeColorFormat, err [0x80001001].
06-13 19:04:12.603 390 390 W omx_vdec: <__AwOmxVdecGetExtensionIndex:1737>: GetExtensionIndex OMX.google.android.index.describeColorFormat2, err [0x80001001].
06-13 19:04:12.603 390 390 E omx_vdec: : erro: pParamData->nIndex > m_sPortFormatType.nIndex
06-13 19:04:12.603 390 390 W omx_vdec: <__AwOmxVdecGetExtensionIndex:1737>: GetExtensionIndex OMX.google.android.index.describeColorFormat, err [0x80001001].
06-13 19:04:12.603 390 390 W omx_vdec: <__AwOmxVdecGetExtensionIndex:1737>: GetExtensionIndex OMX.google.android.index.describeColorFormat2, err [0x80001001].
06-13 19:04:12.603 390 390 E omx_vdec: : erro: pParamData->nIndex > m_sPortFormatType.nIndex
06-13 19:04:12.604 390 390 W omx_vdec: <__AwOmxVdecGetExtensionIndex:1737>: GetExtensionIndex OMX.google.android.index.describeColorFormat, err [0x80001001].
06-13 19:04:12.604 390 390 W omx_vdec: <__AwOmxVdecGetExtensionIndex:1737>: GetExtensionIndex OMX.google.android.index.describeColorFormat2, err [0x80001001].
06-13 19:04:12.604 390 390 E omx_vdec: : erro: pParamData->nIndex > m_sPortFormatType.nIndex
06-13 19:04:12.604 390 390 W omx_vdec: <__AwOmxVdecGetExtensionIndex:1737>: GetExtensionIndex OMX.google.android.index.describeColorFormat, err [0x80001001].
06-13 19:04:12.604 390 390 W omx_vdec: <__AwOmxVdecGetExtensionIndex:1737>: GetExtensionIndex OMX.google.android.index.describeColorFormat2, err [0x80001001].
06-13 19:04:12.604 390 390 E omx_vdec: : erro: pParamData->nIndex > m_sPortFormatType.nIndex
06-13 19:04:12.604 390 390 W omx_vdec: <__AwOmxVdecGetExtensionIndex:1737>: GetExtensionIndex OMX.google.android.index.describeColorFormat, err [0x80001001].
06-13 19:04:12.605 390 390 W omx_vdec: <__AwOmxVdecGetExtensionIndex:1737>: GetExtensionIndex OMX.google.android.index.describeColorFormat2, err [0x80001001].
06-13 19:04:12.605 390 390 E omx_vdec: : erro: pParamData->nIndex > m_sPortFormatType.nIndex
06-13 19:04:12.605 479 616 D ConnectivityService: Got NetworkProvider Messenger for VcnNetworkProvider
06-13 19:04:12.605 390 390 W omx_vdec: <__AwOmxVdecGetExtensionIndex:1737>: GetExtensionIndex OMX.google.android.index.describeColorFormat, err [0x80001001].
06-13 19:04:12.605 390 390 W omx_vdec: <__AwOmxVdecGetExtensionIndex:1737>: GetExtensionIndex OMX.google.android.index.describeColorFormat2, err [0x80001001].
06-13 19:04:12.605 390 390 E omx_vdec: : erro: pParamData->nIndex > m_sPortFormatType.nIndex
06-13 19:04:12.605 390 390 W omx_vdec: <__AwOmxVdecGetExtensionIndex:1737>: GetExtensionIndex OMX.google.android.index.describeColorFormat, err [0x80001001].
06-13 19:04:12.605 390 390 W omx_vdec: <__AwOmxVdecGetExtensionIndex:1737>: GetExtensionIndex OMX.google.android.index.describeColorFormat2, err [0x80001001].
06-13 19:04:12.606 390 390 E omx_vdec: : erro: pParamData->nIndex > m_sPortFormatType.nIndex
06-13 19:04:12.606 390 390 W omx_vdec: <__AwOmxVdecGetExtensionIndex:1737>: GetExtensionIndex OMX.google.android.index.describeColorFormat, err [0x80001001].
06-13 19:04:12.606 479 616 D ConnectivityService: NetReassign [no changes]
06-13 19:04:12.606 390 390 W omx_vdec: <__AwOmxVdecGetExtensionIndex:1737>: GetExtensionIndex OMX.google.android.index.describeColorFormat2, err [0x80001001].
06-13 19:04:12.606 390 390 E omx_vdec: : erro: pParamData->nIndex > m_sPortFormatType.nIndex
06-13 19:04:12.606 390 390 W omx_vdec: <__AwOmxVdecGetExtensionIndex:1737>: GetExtensionIndex OMX.google.android.index.describeColorFormat, err [0x80001001].
06-13 19:04:12.606 479 479 I SystemServerTiming: MakeNetworkPolicyServiceReady
06-13 19:04:12.606 390 390 W omx_vdec: <__AwOmxVdecGetExtensionIndex:1737>: GetExtensionIndex OMX.google.android.index.describeColorFormat2, err [0x80001001].
06-13 19:04:12.606 390 390 E omx_vdec: : erro: pParamData->nIndex > m_sPortFormatType.nIndex
06-13 19:04:12.607 390 390 W omx_vdec: <__AwOmxVdecGetExtensionIndex:1737>: GetExtensionIndex OMX.google.android.index.describeColorFormat, err [0x80001001].
06-13 19:04:12.607 390 390 W omx_vdec: <__AwOmxVdecGetExtensionIndex:1737>: GetExtensionIndex OMX.google.android.index.describeColorFormat2, err [0x80001001].
06-13 19:04:12.607 390 390 E omx_vdec: : erro: pParamData->nIndex > m_sPortFormatType.nIndex
06-13 19:04:12.607 390 390 W omx_vdec: <__AwOmxVdecGetExtensionIndex:1737>: GetExtensionIndex OMX.google.android.index.describeColorFormat, err [0x80001001].
06-13 19:04:12.607 390 390 W omx_vdec: <__AwOmxVdecGetExtensionIndex:1737>: GetExtensionIndex OMX.google.android.index.describeColorFormat2, err [0x80001001].
06-13 19:04:12.607 390 390 E omx_vdec: : erro: pParamData->nIndex > m_sPortFormatType.nIndex
06-13 19:04:12.607 390 390 W omx_vdec: <__AwOmxVdecGetExtensionIndex:1737>: GetExtensionIndex OMX.google.android.index.describeColorFormat, err [0x80001001].
06-13 19:04:12.607 390 390 W omx_vdec: <__AwOmxVdecGetExtensionIndex:1737>: GetExtensionIndex OMX.google.android.index.describeColorFormat2, err [0x80001001].
06-13 19:04:12.607 390 390 E omx_vdec: : erro: pParamData->nIndex > m_sPortFormatType.nIndex
06-13 19:04:12.608 390 390 W omx_vdec: <__AwOmxVdecGetExtensionIndex:1737>: GetExtensionIndex OMX.google.android.index.describeColorFormat, err [0x80001001].
06-13 19:04:12.608 390 390 W omx_vdec: <__AwOmxVdecGetExtensionIndex:1737>: GetExtensionIndex OMX.google.android.index.describeColorFormat2, err [0x80001001].
06-13 19:04:12.608 390 390 E omx_vdec: : erro: pParamData->nIndex > m_sPortFormatType.nIndex
06-13 19:04:12.608 390 390 W omx_vdec: <__AwOmxVdecGetExtensionIndex:1737>: GetExtensionIndex OMX.google.android.index.describeColorFormat, err [0x80001001].
06-13 19:04:12.608 390 390 W omx_vdec: <__AwOmxVdecGetExtensionIndex:1737>: GetExtensionIndex OMX.google.android.index.describeColorFormat2, err [0x80001001].
06-13 19:04:12.608 390 390 E omx_vdec: : erro: pParamData->nIndex > m_sPortFormatType.nIndex
06-13 19:04:12.608 390 390 W omx_vdec: <__AwOmxVdecGetExtensionIndex:1737>: GetExtensionIndex OMX.google.android.index.describeColorFormat, err [0x80001001].
06-13 19:04:12.608 390 390 W omx_vdec: <__AwOmxVdecGetExtensionIndex:1737>: GetExtensionIndex OMX.google.android.index.describeColorFormat2, err [0x80001001].
06-13 19:04:12.608 390 390 E omx_vdec: : erro: pParamData->nIndex > m_sPortFormatType.nIndex
06-13 19:04:12.609 390 390 W omx_vdec: <__AwOmxVdecGetExtensionIndex:1737>: GetExtensionIndex OMX.google.android.index.describeColorFormat, err [0x80001001].
06-13 19:04:12.609 390 390 W omx_vdec: <__AwOmxVdecGetExtensionIndex:1737>: GetExtensionIndex OMX.google.android.index.describeColorFormat2, err [0x80001001].
06-13 19:04:12.609 390 390 E omx_vdec: : erro: pParamData->nIndex > m_sPortFormatType.nIndex
06-13 19:04:12.609 390 390 W omx_vdec: <__AwOmxVdecGetExtensionIndex:1737>: GetExtensionIndex OMX.google.android.index.describeColorFormat, err [0x80001001].
06-13 19:04:12.609 390 390 W omx_vdec: <__AwOmxVdecGetExtensionIndex:1737>: GetExtensionIndex OMX.google.android.index.describeColorFormat2, err [0x80001001].
06-13 19:04:12.609 390 390 E omx_vdec: : erro: pParamData->nIndex > m_sPortFormatType.nIndex
06-13 19:04:12.609 390 390 W omx_vdec: <__AwOmxVdecGetExtensionIndex:1737>: GetExtensionIndex OMX.google.android.index.describeColorFormat, err [0x80001001].
06-13 19:04:12.609 390 390 W omx_vdec: <__AwOmxVdecGetExtensionIndex:1737>: GetExtensionIndex OMX.google.android.index.describeColorFormat2, err [0x80001001].
06-13 19:04:12.609 390 390 E omx_vdec: : erro: pParamData->nIndex > m_sPortFormatType.nIndex
06-13 19:04:12.610 390 390 W omx_vdec: <__AwOmxVdecGetExtensionIndex:1737>: GetExtensionIndex OMX.google.android.index.describeColorFormat, err [0x80001001].
06-13 19:04:12.610 479 479 I SystemServerTiming: PhaseThirdPartyAppsCanStart
06-13 19:04:12.610 390 390 W omx_vdec: <__AwOmxVdecGetExtensionIndex:1737>: GetExtensionIndex OMX.google.android.index.describeColorFormat2, err [0x80001001].
06-13 19:04:12.610 479 479 I SystemServiceManager: Starting phase 600
06-13 19:04:12.610 390 390 E omx_vdec: : erro: pParamData->nIndex > m_sPortFormatType.nIndex
06-13 19:04:12.610 479 479 I SystemServerTiming: OnBootPhase_600
06-13 19:04:12.610 390 390 W omx_vdec: <__AwOmxVdecGetExtensionIndex:1737>: GetExtensionIndex OMX.google.android.index.describeColorFormat, err [0x80001001].
06-13 19:04:12.610 390 390 W omx_vdec: <__AwOmxVdecGetExtensionIndex:1737>: GetExtensionIndex OMX.google.android.index.describeColorFormat2, err [0x80001001].
06-13 19:04:12.610 390 390 E omx_vdec: : erro: pParamData->nIndex > m_sPortFormatType.nIndex
06-13 19:04:12.610 390 390 W omx_vdec: <__AwOmxVdecGetExtensionIndex:1737>: GetExtensionIndex OMX.google.android.index.describeColorFormat, err [0x80001001].
06-13 19:04:12.610 390 390 W omx_vdec: <__AwOmxVdecGetExtensionIndex:1737>: GetExtensionIndex OMX.google.android.index.describeColorFormat2, err [0x80001001].
06-13 19:04:12.610 390 390 E omx_vdec: : erro: pParamData->nIndex > m_sPortFormatType.nIndex
06-13 19:04:12.611 390 390 W omx_vdec: <__AwOmxVdecGetExtensionIndex:1737>: GetExtensionIndex OMX.google.android.index.describeColorFormat, err [0x80001001].
06-13 19:04:12.611 390 390 W omx_vdec: <__AwOmxVdecGetExtensionIndex:1737>: GetExtensionIndex OMX.google.android.index.describeColorFormat2, err [0x80001001].
06-13 19:04:12.611 390 390 E omx_vdec: : erro: pParamData->nIndex > m_sPortFormatType.nIndex
06-13 19:04:12.611 390 390 W omx_vdec: <__AwOmxVdecGetExtensionIndex:1737>: GetExtensionIndex OMX.google.android.index.describeColorFormat, err [0x80001001].
06-13 19:04:12.611 390 390 W omx_vdec: <__AwOmxVdecGetExtensionIndex:1737>: GetExtensionIndex OMX.google.android.index.describeColorFormat2, err [0x80001001].
06-13 19:04:12.611 390 390 E omx_vdec: : erro: pParamData->nIndex > m_sPortFormatType.nIndex
06-13 19:04:12.611 390 390 W omx_vdec: <__AwOmxVdecGetExtensionIndex:1737>: GetExtensionIndex OMX.google.android.index.describeColorFormat, err [0x80001001].
06-13 19:04:12.611 390 390 W omx_vdec: <__AwOmxVdecGetExtensionIndex:1737>: GetExtensionIndex OMX.google.android.index.describeColorFormat2, err [0x80001001].
06-13 19:04:12.611 390 390 E omx_vdec: : erro: pParamData->nIndex > m_sPortFormatType.nIndex
06-13 19:04:12.612 390 390 W omx_vdec: <__AwOmxVdecGetExtensionIndex:1737>: GetExtensionIndex OMX.google.android.index.describeColorFormat, err [0x80001001].
06-13 19:04:12.612 390 390 W omx_vdec: <__AwOmxVdecGetExtensionIndex:1737>: GetExtensionIndex OMX.google.android.index.describeColorFormat2, err [0x80001001].
06-13 19:04:12.612 390 390 E omx_vdec: : erro: pParamData->nIndex > m_sPortFormatType.nIndex
06-13 19:04:12.612 390 390 W omx_vdec: <__AwOmxVdecGetExtensionIndex:1737>: GetExtensionIndex OMX.google.android.index.describeColorFormat, err [0x80001001].
06-13 19:04:12.612 390 390 W omx_vdec: <__AwOmxVdecGetExtensionIndex:1737>: GetExtensionIndex OMX.google.android.index.describeColorFormat2, err [0x80001001].
06-13 19:04:12.612 390 390 E omx_vdec: : erro: pParamData->nIndex > m_sPortFormatType.nIndex
06-13 19:04:12.612 390 390 W omx_vdec: <__AwOmxVdecGetExtensionIndex:1737>: GetExtensionIndex OMX.google.android.index.describeColorFormat, err [0x80001001].
06-13 19:04:12.612 479 616 D ConnectivityService: NetReassign [no changes]
06-13 19:04:12.612 390 390 W omx_vdec: <__AwOmxVdecGetExtensionIndex:1737>: GetExtensionIndex OMX.google.android.index.describeColorFormat2, err [0x80001001].
06-13 19:04:12.612 390 390 E omx_vdec: : erro: pParamData->nIndex > m_sPortFormatType.nIndex
06-13 19:04:12.612 390 390 W omx_vdec: <__AwOmxVdecGetExtensionIndex:1737>: GetExtensionIndex OMX.google.android.index.describeColorFormat, err [0x80001001].
06-13 19:04:12.613 390 390 W omx_vdec: <__AwOmxVdecGetExtensionIndex:1737>: GetExtensionIndex OMX.google.android.index.describeColorFormat2, err [0x80001001].
06-13 19:04:12.613 390 390 E omx_vdec: : erro: pParamData->nIndex > m_sPortFormatType.nIndex
06-13 19:04:12.613 390 390 W omx_vdec: <__AwOmxVdecGetExtensionIndex:1737>: GetExtensionIndex OMX.google.android.index.describeColorFormat, err [0x80001001].
06-13 19:04:12.613 390 390 W omx_vdec: <__AwOmxVdecGetExtensionIndex:1737>: GetExtensionIndex OMX.google.android.index.describeColorFormat2, err [0x80001001].
06-13 19:04:12.613 390 390 E omx_vdec: : erro: pParamData->nIndex > m_sPortFormatType.nIndex
06-13 19:04:12.613 390 390 W omx_vdec: <__AwOmxVdecGetExtensionIndex:1737>: GetExtensionIndex OMX.google.android.index.describeColorFormat, err [0x80001001].
06-13 19:04:12.613 390 390 W omx_vdec: <__AwOmxVdecGetExtensionIndex:1737>: GetExtensionIndex OMX.google.android.index.describeColorFormat2, err [0x80001001].
06-13 19:04:12.613 381 473 W ACodec : [OMX.allwinner.video.decoder.hevc] stopping checking formats after 32: COLOR_FormatYUV420Planar(13)
06-13 19:04:12.613 390 390 W omx_vdec: <__AwOmxVdecGetExtensionIndex:1737>: GetExtensionIndex OMX.google.android.index.configureVideoTunnelMode, err [0x80001001].
06-13 19:04:12.613 390 390 E OMXNodeInstance: getExtensionIndex(0xf639e000:allwinner.decoder.hevc, OMX.google.android.index.configureVideoTunnelMode) ERROR: Undefined(0x80001001)
06-13 19:04:12.614 381 473 D MediaCodecInfo: detail feature-tunneled-playback wasn't present to remove
06-13 19:04:12.614 390 390 W omx_vdec: <__AwOmxVdecGetExtensionIndex:1737>: GetExtensionIndex OMX.google.android.index.storeANWBufferInMetadata, err [0x80001001].
06-13 19:04:12.614 390 390 W omx_vdec_aw: <__anSetExtPara:3011>: Setparameter: unknown param 2131755011
06-13 19:04:12.614 390 390 W OMXNodeInstance: [0xf639e000:allwinner.decoder.hevc] component does not support metadata mode; using fallback
06-13 19:04:12.614 390 735 W libc : invalid pthread_t (0) passed to pthread_join
06-13 19:04:12.614 390 735 W libc : invalid pthread_t (0) passed to pthread_join
06-13 19:04:12.614 390 735 W libc : invalid pthread_t (0) passed to pthread_join
06-13 19:04:12.615 479 479 I ExplicitHealthCheckController: Explicit health checks enabled.
06-13 19:04:12.615 479 479 I PackageWatchdog: Syncing state, reason: health check state enabled
06-13 19:04:12.615 479 479 I PackageWatchdog: Not pruning observers, elapsed time: 0ms
06-13 19:04:12.615 479 534 I PackageWatchdog: Saving observer state to file
06-13 19:04:12.615 479 479 I PackageWatchdog: Cancelling state sync, nothing to sync
06-13 19:04:12.617 381 473 I OMXClient: IOmx service obtained
06-13 19:04:12.617 390 390 I OMXStore: makeComponentInstance(OMX.allwinner.video.decoder.hevc.secure) in android.hardwar process
06-13 19:04:12.619 390 390 E omx_vdec: : This platform does not support secure video playback
06-13 19:04:12.619 390 390 E omx_sem : : handle is null
06-13 19:04:12.619 390 390 E omx_sem : : handle is null
06-13 19:04:12.619 390 390 E omx_sem : : handle is null
06-13 19:04:12.619 390 390 E omx_sem : : handle is null
06-13 19:04:12.619 390 390 E omx_sem : : handle is null
06-13 19:04:12.619 390 390 W omx_vdec_aw: : pdec is null
06-13 19:04:12.619 390 390 E android.hardware.media.omx@1.0-service: Failed to allocate omx component 'OMX.allwinner.video.decoder.hevc.secure' err=InvalidComponentName(0x80001002)
06-13 19:04:12.620 381 473 W OmxInfoBuilder: Fail to add media type video/hevc to codec OMX.allwinner.video.decoder.hevc.secure
06-13 19:04:12.621 381 473 I OMXClient: IOmx service obtained
06-13 19:04:12.622 390 390 I OMXStore: makeComponentInstance(OMX.allwinner.video.decoder.mpeg2) in android.hardwar process
06-13 19:04:12.623 390 390 I omx_vdec_aw: : OmxDecoderCreate.
06-13 19:04:12.627 479 479 W LocationManagerService: no network location provider found
06-13 19:04:12.627 390 390 W omx_vdec: <__AwOmxVdecSetParameter:1561>: Set Parameter called in valid state
06-13 19:04:12.630 479 479 I ServiceWatcher: [fused] chose new implementation 1000/com.android.location.fused/.FusedLocationService@0
06-13 19:04:12.631 390 390 W omx_vdec: : pParamProfileLevel->nProfileIndex[0x2] error!
06-13 19:04:12.631 390 390 E OMXNodeInstance: getParameter(0xf639e000:allwinner.decoder.mpeg2, ParamVideoProfileLevelQuerySupported(0x600000f)) ERROR: BadParameter(0x80001005)
06-13 19:04:12.631 479 662 W PackageManager: Loading a package that does not exist for the calling user. package=null, user=0
06-13 19:04:12.631 390 390 W omx_vdec: <__AwOmxVdecGetExtensionIndex:1737>: GetExtensionIndex OMX.google.android.index.describeColorFormat, err [0x80001001].
06-13 19:04:12.631 390 390 W omx_vdec: <__AwOmxVdecGetExtensionIndex:1737>: GetExtensionIndex OMX.google.android.index.describeColorFormat2, err [0x80001001].
06-13 19:04:12.631 390 390 E omx_vdec: : erro: pParamData->nIndex > m_sPortFormatType.nIndex
06-13 19:04:12.632 390 390 W omx_vdec: <__AwOmxVdecGetExtensionIndex:1737>: GetExtensionIndex OMX.google.android.index.describeColorFormat, err [0x80001001].
06-13 19:04:12.632 390 390 W omx_vdec: <__AwOmxVdecGetExtensionIndex:1737>: GetExtensionIndex OMX.google.android.index.describeColorFormat2, err [0x80001001].
06-13 19:04:12.632 390 390 E omx_vdec: : erro: pParamData->nIndex > m_sPortFormatType.nIndex
06-13 19:04:12.632 390 390 W omx_vdec: <__AwOmxVdecGetExtensionIndex:1737>: GetExtensionIndex OMX.google.android.index.describeColorFormat, err [0x80001001].
06-13 19:04:12.632 390 390 W omx_vdec: <__AwOmxVdecGetExtensionIndex:1737>: GetExtensionIndex OMX.google.android.index.describeColorFormat2, err [0x80001001].
06-13 19:04:12.632 390 390 E omx_vdec: : erro: pParamData->nIndex > m_sPortFormatType.nIndex
06-13 19:04:12.633 390 390 W omx_vdec: <__AwOmxVdecGetExtensionIndex:1737>: GetExtensionIndex OMX.google.android.index.describeColorFormat, err [0x80001001].
06-13 19:04:12.633 390 390 W omx_vdec: <__AwOmxVdecGetExtensionIndex:1737>: GetExtensionIndex OMX.google.android.index.describeColorFormat2, err [0x80001001].
06-13 19:04:12.633 390 390 E omx_vdec: : erro: pParamData->nIndex > m_sPortFormatType.nIndex
06-13 19:04:12.633 390 390 W omx_vdec: <__AwOmxVdecGetExtensionIndex:1737>: GetExtensionIndex OMX.google.android.index.describeColorFormat, err [0x80001001].
06-13 19:04:12.633 390 390 W omx_vdec: <__AwOmxVdecGetExtensionIndex:1737>: GetExtensionIndex OMX.google.android.index.describeColorFormat2, err [0x80001001].
06-13 19:04:12.633 390 390 E omx_vdec: : erro: pParamData->nIndex > m_sPortFormatType.nIndex
06-13 19:04:12.633 390 390 W omx_vdec: <__AwOmxVdecGetExtensionIndex:1737>: GetExtensionIndex OMX.google.android.index.describeColorFormat, err [0x80001001].
06-13 19:04:12.634 390 390 W omx_vdec: <__AwOmxVdecGetExtensionIndex:1737>: GetExtensionIndex OMX.google.android.index.describeColorFormat2, err [0x80001001].
06-13 19:04:12.634 390 390 E omx_vdec: : erro: pParamData->nIndex > m_sPortFormatType.nIndex
06-13 19:04:12.634 390 390 W omx_vdec: <__AwOmxVdecGetExtensionIndex:1737>: GetExtensionIndex OMX.google.android.index.describeColorFormat, err [0x80001001].
06-13 19:04:12.634 390 390 W omx_vdec: <__AwOmxVdecGetExtensionIndex:1737>: GetExtensionIndex OMX.google.android.index.describeColorFormat2, err [0x80001001].
06-13 19:04:12.634 390 390 E omx_vdec: : erro: pParamData->nIndex > m_sPortFormatType.nIndex
06-13 19:04:12.634 390 390 W omx_vdec: <__AwOmxVdecGetExtensionIndex:1737>: GetExtensionIndex OMX.google.android.index.describeColorFormat, err [0x80001001].
06-13 19:04:12.634 390 390 W omx_vdec: <__AwOmxVdecGetExtensionIndex:1737>: GetExtensionIndex OMX.google.android.index.describeColorFormat2, err [0x80001001].
06-13 19:04:12.634 479 521 D CompatibilityChangeReporter: Compat change id reported: 168419799; UID 1000; state: DISABLED
06-13 19:04:12.634 390 390 E omx_vdec: : erro: pParamData->nIndex > m_sPortFormatType.nIndex
06-13 19:04:12.635 390 390 W omx_vdec: <__AwOmxVdecGetExtensionIndex:1737>: GetExtensionIndex OMX.google.android.index.describeColorFormat, err [0x80001001].
06-13 19:04:12.635 390 390 W omx_vdec: <__AwOmxVdecGetExtensionIndex:1737>: GetExtensionIndex OMX.google.android.index.describeColorFormat2, err [0x80001001].
06-13 19:04:12.635 390 390 E omx_vdec: : erro: pParamData->nIndex > m_sPortFormatType.nIndex
06-13 19:04:12.635 390 390 W omx_vdec: <__AwOmxVdecGetExtensionIndex:1737>: GetExtensionIndex OMX.google.android.index.describeColorFormat, err [0x80001001].
06-13 19:04:12.635 390 390 W omx_vdec: <__AwOmxVdecGetExtensionIndex:1737>: GetExtensionIndex OMX.google.android.index.describeColorFormat2, err [0x80001001].
06-13 19:04:12.635 390 390 E omx_vdec: : erro: pParamData->nIndex > m_sPortFormatType.nIndex
06-13 19:04:12.635 390 390 W omx_vdec: <__AwOmxVdecGetExtensionIndex:1737>: GetExtensionIndex OMX.google.android.index.describeColorFormat, err [0x80001001].
06-13 19:04:12.636 390 390 W omx_vdec: <__AwOmxVdecGetExtensionIndex:1737>: GetExtensionIndex OMX.google.android.index.describeColorFormat2, err [0x80001001].
06-13 19:04:12.636 390 390 E omx_vdec: : erro: pParamData->nIndex > m_sPortFormatType.nIndex
06-13 19:04:12.636 390 390 W omx_vdec: <__AwOmxVdecGetExtensionIndex:1737>: GetExtensionIndex OMX.google.android.index.describeColorFormat, err [0x80001001].
06-13 19:04:12.636 390 390 W omx_vdec: <__AwOmxVdecGetExtensionIndex:1737>: GetExtensionIndex OMX.google.android.index.describeColorFormat2, err [0x80001001].
06-13 19:04:12.636 390 390 E omx_vdec: : erro: pParamData->nIndex > m_sPortFormatType.nIndex
06-13 19:04:12.636 390 390 W omx_vdec: <__AwOmxVdecGetExtensionIndex:1737>: GetExtensionIndex OMX.google.android.index.describeColorFormat, err [0x80001001].
06-13 19:04:12.636 390 390 W omx_vdec: <__AwOmxVdecGetExtensionIndex:1737>: GetExtensionIndex OMX.google.android.index.describeColorFormat2, err [0x80001001].
06-13 19:04:12.636 390 390 E omx_vdec: : erro: pParamData->nIndex > m_sPortFormatType.nIndex
06-13 19:04:12.637 390 390 W omx_vdec: <__AwOmxVdecGetExtensionIndex:1737>: GetExtensionIndex OMX.google.android.index.describeColorFormat, err [0x80001001].
06-13 19:04:12.637 390 390 W omx_vdec: <__AwOmxVdecGetExtensionIndex:1737>: GetExtensionIndex OMX.google.android.index.describeColorFormat2, err [0x80001001].
06-13 19:04:12.637 390 390 E omx_vdec: : erro: pParamData->nIndex > m_sPortFormatType.nIndex
06-13 19:04:12.637 390 390 W omx_vdec: <__AwOmxVdecGetExtensionIndex:1737>: GetExtensionIndex OMX.google.android.index.describeColorFormat, err [0x80001001].
06-13 19:04:12.637 186 186 E servicemanager: Could not find android.hardware.gnss.IGnss/default in the VINTF manifest.
06-13 19:04:12.637 390 390 W omx_vdec: <__AwOmxVdecGetExtensionIndex:1737>: GetExtensionIndex OMX.google.android.index.describeColorFormat2, err [0x80001001].
06-13 19:04:12.637 390 390 E omx_vdec: : erro: pParamData->nIndex > m_sPortFormatType.nIndex
06-13 19:04:12.637 479 479 D GnssLocationProviderJni: Trying IGnss_V2_1::getService()
06-13 19:04:12.637 390 390 W omx_vdec: <__AwOmxVdecGetExtensionIndex:1737>: GetExtensionIndex OMX.google.android.index.describeColorFormat, err [0x80001001].
06-13 19:04:12.637 390 390 W omx_vdec: <__AwOmxVdecGetExtensionIndex:1737>: GetExtensionIndex OMX.google.android.index.describeColorFormat2, err [0x80001001].
06-13 19:04:12.637 390 390 E omx_vdec: : erro: pParamData->nIndex > m_sPortFormatType.nIndex
06-13 19:04:12.638 187 187 I hwservicemanager: getTransport: Cannot find entry android.hardware.gnss@2.1::IGnss/default in either framework or device VINTF manifest.
06-13 19:04:12.638 479 479 D GnssLocationProviderJni: gnssHal 2.1 was null, trying 2.0
06-13 19:04:12.638 390 390 W omx_vdec: <__AwOmxVdecGetExtensionIndex:1737>: GetExtensionIndex OMX.google.android.index.describeColorFormat, err [0x80001001].
06-13 19:04:12.639 390 390 W omx_vdec: <__AwOmxVdecGetExtensionIndex:1737>: GetExtensionIndex OMX.google.android.index.describeColorFormat2, err [0x80001001].
06-13 19:04:12.639 390 390 E omx_vdec: : erro: pParamData->nIndex > m_sPortFormatType.nIndex
06-13 19:04:12.639 706 706 D nativeloader: classloader namespace configured for unbundled product apk. library_path=/product/app/webview/lib/arm:/product/app/webview/webview.apk!/lib/armeabi-v7a:/product/lib:/system/product/lib
06-13 19:04:12.639 187 187 I hwservicemanager: getTransport: Cannot find entry android.hardware.gnss@2.0::IGnss/default in either framework or device VINTF manifest.
06-13 19:04:12.639 390 390 W omx_vdec: <__AwOmxVdecGetExtensionIndex:1737>: GetExtensionIndex OMX.google.android.index.describeColorFormat, err [0x80001001].
06-13 19:04:12.639 479 479 D GnssLocationProviderJni: gnssHal 2.0 was null, trying 1.1
06-13 19:04:12.639 390 390 W omx_vdec: <__AwOmxVdecGetExtensionIndex:1737>: GetExtensionIndex OMX.google.android.index.describeColorFormat2, err [0x80001001].
06-13 19:04:12.639 390 390 E omx_vdec: : erro: pParamData->nIndex > m_sPortFormatType.nIndex
06-13 19:04:12.640 187 187 I hwservicemanager: getTransport: Cannot find entry android.hardware.gnss@1.1::IGnss/default in either framework or device VINTF manifest.
06-13 19:04:12.640 479 479 D GnssLocationProviderJni: gnssHal 1.1 was null, trying 1.0
06-13 19:04:12.640 390 390 W omx_vdec: <__AwOmxVdecGetExtensionIndex:1737>: GetExtensionIndex OMX.google.android.index.describeColorFormat, err [0x80001001].
06-13 19:04:12.640 187 187 I hwservicemanager: getTransport: Cannot find entry android.hardware.gnss@1.0::IGnss/default in either framework or device VINTF manifest.
06-13 19:04:12.640 390 390 W omx_vdec: <__AwOmxVdecGetExtensionIndex:1737>: GetExtensionIndex OMX.google.android.index.describeColorFormat2, err [0x80001001].
06-13 19:04:12.640 390 390 E omx_vdec: : erro: pParamData->nIndex > m_sPortFormatType.nIndex
06-13 19:04:12.641 390 390 W omx_vdec: <__AwOmxVdecGetExtensionIndex:1737>: GetExtensionIndex OMX.google.android.index.describeColorFormat, err [0x80001001].
06-13 19:04:12.641 390 390 W omx_vdec: <__AwOmxVdecGetExtensionIndex:1737>: GetExtensionIndex OMX.google.android.index.describeColorFormat2, err [0x80001001].
06-13 19:04:12.641 390 390 E omx_vdec: : erro: pParamData->nIndex > m_sPortFormatType.nIndex
06-13 19:04:12.641 390 390 W omx_vdec: <__AwOmxVdecGetExtensionIndex:1737>: GetExtensionIndex OMX.google.android.index.describeColorFormat, err [0x80001001].
06-13 19:04:12.641 390 390 W omx_vdec: <__AwOmxVdecGetExtensionIndex:1737>: GetExtensionIndex OMX.google.android.index.describeColorFormat2, err [0x80001001].
06-13 19:04:12.641 390 390 E omx_vdec: : erro: pParamData->nIndex > m_sPortFormatType.nIndex
06-13 19:04:12.641 390 390 W omx_vdec: <__AwOmxVdecGetExtensionIndex:1737>: GetExtensionIndex OMX.google.android.index.describeColorFormat, err [0x80001001].
06-13 19:04:12.641 390 390 W omx_vdec: <__AwOmxVdecGetExtensionIndex:1737>: GetExtensionIndex OMX.google.android.index.describeColorFormat2, err [0x80001001].
06-13 19:04:12.642 390 390 E omx_vdec: : erro: pParamData->nIndex > m_sPortFormatType.nIndex
06-13 19:04:12.642 390 390 W omx_vdec: <__AwOmxVdecGetExtensionIndex:1737>: GetExtensionIndex OMX.google.android.index.describeColorFormat, err [0x80001001].
06-13 19:04:12.642 390 390 W omx_vdec: <__AwOmxVdecGetExtensionIndex:1737>: GetExtensionIndex OMX.google.android.index.describeColorFormat2, err [0x80001001].
06-13 19:04:12.642 390 390 E omx_vdec: : erro: pParamData->nIndex > m_sPortFormatType.nIndex
06-13 19:04:12.642 390 390 W omx_vdec: <__AwOmxVdecGetExtensionIndex:1737>: GetExtensionIndex OMX.google.android.index.describeColorFormat, err [0x80001001].
