06-13 19:04:28.207 479 543 I ActivityManager: Start proc 2299:com.dangbei.screencast/u0a24 for broadcast {com.dangbei.screencast/com.dangbei.screencast.startup.BootReceiver}
06-13 19:04:28.220 2299 2299 I Zygote : seccomp disabled by setenforce 0
06-13 19:04:28.206 2147 2239 D UtilLog :
06-13 19:04:28.227 2147 2239 D UtilLog : key=is_write
06-13 19:04:28.230 2147 2239 D UtilLog : values=0
06-13 19:04:28.230 2147 2239 D UtilLog : DesValues=fhgfj/J6fiI=
06-13 19:04:28.230 2147 2239 D UtilLog :
06-13 19:04:28.230 2147 2239 D UtilLog : key=romvername
06-13 19:04:28.231 2147 2239 D UtilLog : values=5.0.1.0
06-13 19:04:28.231 2147 2239 D UtilLog : DesValues=/CG4LR/QX40=
06-13 19:04:28.231 2147 2239 D UtilLog :
06-13 19:04:28.231 2147 2239 D UtilLog : key=romvercode
06-13 19:04:28.239 2147 2239 D UtilLog : values=5010
06-13 19:04:28.239 2147 2239 D UtilLog : DesValues=lRKW4Ewp/Fs=
06-13 19:04:28.239 2147 2239 D UtilLog :
06-13 19:04:28.239 2147 2239 D UtilLog : key=bluetoothmac
06-13 19:04:28.240 2147 2239 D UtilLog : values=B4:2F:03:15:74:2B
06-13 19:04:28.240 2147 2239 D UtilLog : DesValues=GtiP38bn9GLds0dP+PFNSEVAJAlyHZnR
06-13 19:04:28.240 2147 2239 D UtilLog :
06-13 19:04:28.240 2147 2239 D UtilLog : key=rommodelnumber
06-13 19:04:28.241 2147 2239 D UtilLog : values=H5232
06-13 19:04:28.241 2147 2239 D UtilLog : DesValues=FkBqlkWzuas=
06-13 19:04:28.241 2147 2239 D UtilLog :
06-13 19:04:28.241 2147 2239 D UtilLog : key=userid
06-13 19:04:28.241 2147 2239 D UtilLog : values=-1
06-13 19:04:28.241 2147 2239 D UtilLog : DesValues=U8kqhGxUlIA=
06-13 19:04:28.241 2147 2239 D UtilLog :
06-13 19:04:28.241 2147 2239 D UtilLog : key=ip
06-13 19:04:28.241 2147 2239 D UtilLog : values=122.231.243.25
06-13 19:04:28.242 2147 2239 D UtilLog : DesValues=RrMvbVMWK8RMOrIibw5HCQ==
06-13 19:04:28.242 2147 2239 D UtilLog :
06-13 19:04:28.243 402 419 I adbd : jdwp connection from 2299
06-13 19:04:28.300 479 938 D CompatibilityChangeReporter: Compat change id reported: 168419799; UID 10024; state: DISABLED
06-13 19:04:28.400 2299 2299 D CompatibilityChangeReporter: Compat change id reported: 171979766; UID 10024; state: DISABLED
06-13 19:04:28.423 2299 2299 D ApplicationLoaders: Returning zygote-cached class loader: /system/framework/android.test.base.jar
06-13 19:04:28.423 2299 2299 D ApplicationLoaders: Returning zygote-cached class loader: /system/framework/android.hidl.manager-V1.0-java.jar
06-13 19:04:28.423 2299 2299 D ApplicationLoaders: Returning zygote-cached class loader: /system/framework/android.hidl.base-V1.0-java.jar
06-13 19:04:28.436 2114 2127 I droid.tv.commo: Background concurrent copying GC freed 11519(670KB) AllocSpace objects, 4(80KB) LOS objects, 49% free, 2934KB/5869KB, paused 166us total 106.486ms
06-13 19:04:28.488 367 367 W hdr10p_Configure: 34 callbacks suppressed
06-13 19:04:28.488 367 367 I : DVI mode selected: packets not configured
06-13 19:04:28.488 367 367 W set_vsif_config: 34 callbacks suppressed
06-13 19:04:28.488 367 367 I : Error: set vsif failed
06-13 19:04:28.510 2147 2324 I System.out: true
06-13 19:04:28.576 2299 2299 V GraphicsEnvironment: ANGLE Developer option for 'com.dangbei.screencast' set to: 'default'
06-13 19:04:28.576 2299 2299 V GraphicsEnvironment: Neither updatable production driver nor prerelease driver is supported.
06-13 19:04:28.579 2299 2299 D NetworkSecurityConfig: Using Network Security Config from resource network_security_config debugBuild: false
06-13 19:04:28.582 2299 2299 D NetworkSecurityConfig: Using Network Security Config from resource network_security_config debugBuild: false
06-13 19:04:28.633 2299 2299 I MultiDex: VM with version 2.1.0 has multidex support
06-13 19:04:28.634 2299 2299 I MultiDex: Installing application
06-13 19:04:28.634 2299 2299 I MultiDex: VM has multidex support, MultiDex support library is disabled.
06-13 19:04:28.666 2299 2299 E PartsInfoProvider: onCreate:
06-13 19:04:28.673 479 1375 W ActivityManager: Background start not allowed: service Intent { act=com.dangbei.screencast.STARTUP pkg=com.dangbei.screencast } to com.dangbei.screencast/.startup.StartupService from pid=2299 uid=10024 pkg=com.dangbei.screencast startFg?=false
06-13 19:04:28.674 2299 2299 W System.err: android.app.BackgroundServiceStartNotAllowedException: Not allowed to start service Intent { act=com.dangbei.screencast.STARTUP pkg=com.dangbei.screencast }: app is in background uid UidRecord{40111e4 u0a24 RCVR idle change:idle|uncached procs:0 seq(0,0,0)}
06-13 19:04:28.674 2299 2299 W System.err: at android.app.ContextImpl.startServiceCommon(ContextImpl.java:1861)
06-13 19:04:28.674 2299 2299 W System.err: at android.app.ContextImpl.startService(ContextImpl.java:1817)
06-13 19:04:28.674 2299 2299 W System.err: at android.content.ContextWrapper.startService(ContextWrapper.java:774)
06-13 19:04:28.674 2299 2299 W System.err: at b.f.f.h.g.k.a(Unknown Source:20)
06-13 19:04:28.674 2299 2299 W System.err: at com.dangbei.screencast.provider.PartsInfoProvider.onCreate(:2)
06-13 19:04:28.674 2299 2299 W System.err: at android.content.ContentProvider.attachInfo(ContentProvider.java:2404)
06-13 19:04:28.674 2299 2299 W System.err: at android.content.ContentProvider.attachInfo(ContentProvider.java:2374)
06-13 19:04:28.674 2299 2299 W System.err: at android.app.ActivityThread.installProvider(ActivityThread.java:7437)
06-13 19:04:28.674 2299 2299 W System.err: at android.app.ActivityThread.installContentProviders(ActivityThread.java:6954)
06-13 19:04:28.674 2299 2299 W System.err: at android.app.ActivityThread.handleBindApplication(ActivityThread.java:6725)
06-13 19:04:28.674 2299 2299 W System.err: at android.app.ActivityThread.access$1500(ActivityThread.java:247)
06-13 19:04:28.674 2299 2299 W System.err: at android.app.ActivityThread$H.handleMessage(ActivityThread.java:2053)
06-13 19:04:28.674 2299 2299 W System.err: at android.os.Handler.dispatchMessage(Handler.java:106)
06-13 19:04:28.674 2299 2299 W System.err: at android.os.Looper.loopOnce(Looper.java:201)
06-13 19:04:28.675 2299 2299 W System.err: at android.os.Looper.loop(Looper.java:288)
06-13 19:04:28.675 2299 2299 W System.err: at android.app.ActivityThread.main(ActivityThread.java:7854)
06-13 19:04:28.675 2299 2299 W System.err: at java.lang.reflect.Method.invoke(Native Method)
06-13 19:04:28.675 2299 2299 W System.err: at com.android.internal.os.RuntimeInit$MethodAndArgsCaller.run(RuntimeInit.java:548)
06-13 19:04:28.675 2299 2299 W System.err: at com.android.internal.os.ZygoteInit.main(ZygoteInit.java:1182)
06-13 19:04:28.684 479 1375 W ActivityManager: Background start not allowed: service Intent { act=com.dangbei.screencast.STARTUP pkg=com.dangbei.screencast } to com.dangbei.screencast/.startup.StartupService from pid=2299 uid=10024 pkg=com.dangbei.screencast startFg?=false
06-13 19:04:28.685 2299 2299 W System.err: android.app.BackgroundServiceStartNotAllowedException: Not allowed to start service Intent { act=com.dangbei.screencast.STARTUP pkg=com.dangbei.screencast }: app is in background uid UidRecord{40111e4 u0a24 RCVR idle change:idle|uncached procs:0 seq(0,0,0)}
06-13 19:04:28.685 2299 2299 W System.err: at android.app.ContextImpl.startServiceCommon(ContextImpl.java:1861)
06-13 19:04:28.685 2299 2299 W System.err: at android.app.ContextImpl.startService(ContextImpl.java:1817)
06-13 19:04:28.685 2299 2299 W System.err: at android.content.ContextWrapper.startService(ContextWrapper.java:774)
06-13 19:04:28.685 2299 2299 W System.err: at b.f.f.h.g.k.a(Unknown Source:20)
06-13 19:04:28.685 2299 2299 W System.err: at com.dangbei.screencast.common.utils.remotepreferences.ScreenCastPreferenceProvider.onCreate(Unknown Source:11)
06-13 19:04:28.685 2299 2299 W System.err: at android.content.ContentProvider.attachInfo(ContentProvider.java:2404)
06-13 19:04:28.685 2299 2299 W System.err: at android.content.ContentProvider.attachInfo(ContentProvider.java:2374)
06-13 19:04:28.685 2299 2299 W System.err: at android.app.ActivityThread.installProvider(ActivityThread.java:7437)
06-13 19:04:28.685 2299 2299 W System.err: at android.app.ActivityThread.installContentProviders(ActivityThread.java:6954)
06-13 19:04:28.685 2299 2299 W System.err: at android.app.ActivityThread.handleBindApplication(ActivityThread.java:6725)
06-13 19:04:28.685 2299 2299 W System.err: at android.app.ActivityThread.access$1500(ActivityThread.java:247)
06-13 19:04:28.685 2299 2299 W System.err: at android.app.ActivityThread$H.handleMessage(ActivityThread.java:2053)
06-13 19:04:28.685 2299 2299 W System.err: at android.os.Handler.dispatchMessage(Handler.java:106)
06-13 19:04:28.685 2299 2299 W System.err: at android.os.Looper.loopOnce(Looper.java:201)
06-13 19:04:28.685 2299 2299 W System.err: at android.os.Looper.loop(Looper.java:288)
06-13 19:04:28.686 2299 2299 W System.err: at android.app.ActivityThread.main(ActivityThread.java:7854)
06-13 19:04:28.686 2299 2299 W System.err: at java.lang.reflect.Method.invoke(Native Method)
06-13 19:04:28.686 2299 2299 W System.err: at com.android.internal.os.RuntimeInit$MethodAndArgsCaller.run(RuntimeInit.java:548)
06-13 19:04:28.686 2299 2299 W System.err: at com.android.internal.os.ZygoteInit.main(ZygoteInit.java:1182)
06-13 19:04:28.713 2147 2213 I System.out: true
06-13 19:04:28.734 2299 2299 D AndroidAutoSize: designWidthInDp = 1920, designHeightInDp = 1080, screenWidth = 1920, screenHeight = 1080
06-13 19:04:28.736 2299 2299 D AndroidAutoSize: initDensity = 1.5, initScaledDensity = 1.5
06-13 19:04:28.745 1090 1100 I d.leradlaunche: Background young concurrent copying GC freed 86933(6099KB) AllocSpace objects, 152(4748KB) LOS objects, 16% free, 23MB/27MB, paused 280us total 703.381ms
06-13 19:04:28.772 479 1368 D CompatibilityChangeReporter: Compat change id reported: 149924527; UID 10024; state: ENABLED
06-13 19:04:28.774 479 1368 D CompatibilityChangeReporter: Compat change id reported: 132649864; UID 10024; state: DISABLED
06-13 19:04:28.796 2340 2340 W audit : audit_lost=504 audit_rate_limit=5 audit_backlog_limit=64
06-13 19:04:28.796 2340 2340 E audit : rate limit exceeded
06-13 19:04:28.815 1028 2008 D LanCommander: onServerClientConnected :org.java_websocket.handshake.HandshakeImpl1Client@b860d0f
06-13 19:04:28.833 1028 2008 D LanCommander: onServerMessageReceived
06-13 19:04:28.834 1028 2008 D WechatAdapter: model value is
06-13 19:04:28.836 1028 2008 E RCInfo : vid:
06-13 19:04:28.836 1028 2008 E RCInfo : pid:
06-13 19:04:28.836 1028 2008 E RCInfo : RCBrand:NA
06-13 19:04:28.837 1028 2008 E RCInfo : vid:
06-13 19:04:28.837 1028 2008 E RCInfo : pid:
06-13 19:04:28.837 1028 2008 E RCInfo : vid:
06-13 19:04:28.837 1028 2008 E RCInfo : pid:
06-13 19:04:28.840 1028 2008 D WechatAdapter: localApp: value is
06-13 19:04:28.875 1028 2009 D LanCommander: onServerClientConnected :org.java_websocket.handshake.HandshakeImpl1Client@bb6eb88
06-13 19:04:28.908 479 523 W IorapForwardingService: No service published for: iorapd
06-13 19:04:28.987 2299 2299 I TDLog : setReportUncaughtExceptions: true
06-13 19:04:28.992 2299 2299 E Application: onCreate:Version:v2.8.3/20830/883432e
06-13 19:04:28.996 2299 2299 I Thread-4: type=1400 audit(0.0:941): avc: denied { read } for name="logs" dev="mmcblk0p25" ino=2028 scontext=u:r:platform_app:s0:c512,c768 tcontext=u:object_r:app_data_file:s0:c512,c768 tclass=dir permissive=1 app=com.dangbei.screencast
06-13 19:04:29.006 2299 2370 I crashsdk: version unique build id: 6230cced
06-13 19:04:28.996 2299 2299 I Thread-4: type=1400 audit(0.0:942): avc: denied { open } for path="/data/user/0/com.dangbei.screencast/crashsdk/logs" dev="mmcblk0p25" ino=2028 scontext=u:r:platform_app:s0:c512,c768 tcontext=u:object_r:app_data_file:s0:c512,c768 tclass=dir permissive=1 app=com.dangbei.screencast
06-13 19:04:29.020 2299 2299 I Thread-4: type=1400 audit(0.0:943): avc: denied { read } for name="version" dev="proc" ino=4026532049 scontext=u:r:platform_app:s0:c512,c768 tcontext=u:object_r:proc_version:s0 tclass=file permissive=1 app=com.dangbei.screencast
06-13 19:04:29.024 2299 2299 I Thread-4: type=1400 audit(0.0:944): avc: denied { open } for path="/proc/version" dev="proc" ino=4026532049 scontext=u:r:platform_app:s0:c512,c768 tcontext=u:object_r:proc_version:s0 tclass=file permissive=1 app=com.dangbei.screencast
06-13 19:04:29.024 2299 2299 I Thread-4: type=1400 audit(0.0:945): avc: denied { getattr } for path="/proc/version" dev="proc" ino=4026532049 scontext=u:r:platform_app:s0:c512,c768 tcontext=u:object_r:proc_version:s0 tclass=file permissive=1 app=com.dangbei.screencast
06-13 19:04:29.038 2299 2373 D crashsdk: Native log stat thread 2373 setup, waiting
06-13 19:04:29.039 2299 2344 I crashsdk: begin hack android.os.Process
06-13 19:04:29.039 2299 2344 I crashsdk: end hack android.os.Process
06-13 19:04:29.067 2299 2345 I TDLog : TalkingData SDK init...
06-13 19:04:29.067 2299 2345 I TDLog : SDK_VERSION is: Android+TD+V5.0.7 gp Type:Native Build_Num:2141
06-13 19:04:29.067 2299 2345 I TDLog : App ID is: B9D7815EC975466AB1332111FCE62DF5
06-13 19:04:29.067 2299 2345 I TDLog : App Channel is: os
06-13 19:04:29.067 2299 2345 I TDLog : App Custom is:
06-13 19:04:29.067 2299 2345 I TDLog : SDK_OVC is: TDOVC+a3bb7754719798526508b6caad480dd7+SaaS
06-13 19:04:29.069 2147 2159 W System : A resource failed to call close.
06-13 19:04:29.094 479 2367 I ActivityManager: Background started FGS: Allowed [callingPackage: com.dangbei.screencast; callingUid: 10024; uidState: RCVR; intent: Intent { act=com.dangbei.screencast.STARTUP pkg=com.dangbei.screencast }; code:SYSTEM_ALERT_WINDOW_PERMISSION; tempAllowListReason:; targetSdkVersion:28; callerTargetSdkVersion:28; startForegroundCount:0; bindFromPackage:null]
06-13 19:04:29.120 2299 2299 I crashsdk: Catcher mask: 5000, 20480
06-13 19:04:29.121 2299 2299 I crashsdk: Catcher thread 2306
06-13 19:04:29.121 2299 2299 D crashsdk: Register ANR handler ...
06-13 19:04:29.129 2299 2344 I Matrix.AnrTracer: anrTrace, final mAnrBeatTime:400, mAnrBeatRate:400
06-13 19:04:29.132 2299 2380 W efs.send_log: tryFileLock start!
06-13 19:04:29.132 2147 2240 I TDLog : [APP] New data found, Submitting...
06-13 19:04:29.136 479 750 W ActivityManager: Foreground service started from background can not have location/camera/microphone access: service com.dangbei.screencast/.startup.StartupService
06-13 19:04:29.140 2299 2388 W efs.send_log: tryFileLock sendlock sucess! processname: com.dangbei.screencast
06-13 19:04:29.141 479 542 I ActivityManager: Deferring FGS notification in legacy app com.dangbei.screencast/u0a24 : Notification(channel=channel_record shortcut=null contentView=null vibrate=null sound=null defaults=0x0 flags=0x60 color=0x00000000 category=transport vis=PUBLIC)
06-13 19:04:29.146 2299 2344 D LaunchConfigManager: check in allready
06-13 19:04:29.147 2299 2380 I efs.config: --->>> 删除旧的配置文件 false
06-13 19:04:29.152 2299 2395 I LaunchTrace: begin sendLaunchCache
06-13 19:04:29.155 2299 2393 I efs.base: lt=event`ev_ct=efs_core`ev_ac=pvuv`tm=2025-06-13 19:04:13`dn=ead2391c-0e40-41b4-8b1c-d68e1d1d13a8`ps=com.dangbei.screencast`um_os=android`stime=1749812668700`pid=2299`fr=android`pkg=com.dangbei.screencast`vcode=20830`dsp_w=1920`uid=ead2391c-0e40-41b4-8b1c-d68e1d1d13a8`rom=12`wid=ead2391c-0e40-41b4-8b1c-d68e1d1d13a8`um_app_carrier=`um_access=wifi`um_app_channel=os`um_crash_sdk_version=1.4.0`ctime=1749812669`model=dbbox-a2`lang=zh`net=wifi`brand=dangbei`dsp_h=1080`um_network_type=0`ver=v2.8.3`build_model=DBBOX-A2`w_tm=1749812669`appid=5fc60c21094d637f3130af19`um_umid_header=aibe109b3056101e3760192ec22f9fbb64`sdk=31`tzone=Asia/Shanghai`sdk_ver=1.3.6.umeng
06-13 19:04:29.161 2299 2380 I efs.config: current config version (-1) is older than another (1735614866)
06-13 19:04:29.161 2299 2380 I efs.config: load config from storage and notify observer
06-13 19:04:29.208 2299 2299 E raop : *********************AirplayBroadcastServer+++++++++
06-13 19:04:29.220 479 619 D NsdService: New client listening to asynchronous messages
06-13 19:04:29.220 479 619 D NsdService: New client, channel: com.android.internal.util.AsyncChannel@6e2803d messenger: android.os.Messenger@db16032
06-13 19:04:29.223 2299 2299 D CompatibilityChangeReporter: Compat change id reported: 191844585; UID 10024; state: DISABLED
06-13 19:04:29.249 1090 1527 E hq : ErrorCoroutineExceptionHandler:::runTry error:com.dangbei.leard.base.proider.error.EmptyApiException: 数据为空 from=requestMessageDialog from=requestMessageDialog
06-13 19:04:29.283 479 755 D SntpClient: request time failed: java.net.SocketTimeoutException: Poll timed out
06-13 19:04:29.343 479 750 I ActivityManager: Background started FGS: Allowed [callingPackage: com.dangbei.screencast; callingUid: 10024; uidState: FGS ; intent: Intent { cmp=com.dangbei.screencast/.huaweicast.service.HuaweiCastService }; code:PROC_STATE_FGS; tempAllowListReason:; targetSdkVersion:28; callerTargetSdkVersion:28; startForegroundCount:0; bindFromPackage:null]
06-13 19:04:29.347 2299 2299 E H264FrameQueue: H264FrameQueue: mFullQueueCount:200
06-13 19:04:29.363 479 648 W HdmiCecController: Failed to send 40:8F with errorCode=1
06-13 19:04:29.376 1090 1527 D wenhc : getScreenInfo uri = content://com.dangbei.screencast.parts.info/screen_cast
06-13 19:04:29.459 2147 2240 I TDLog : [APP] Data submitted successfully!
06-13 19:04:29.518 479 2365 D CompatibilityChangeReporter: Compat change id reported: 168419799; UID 1000; state: DISABLED
06-13 19:04:29.521 1207 1207 D RockyVoice: RestartReceiver onReceive
06-13 19:04:29.527 2299 2393 W efs.info.manager: network change: wifi
06-13 19:04:29.534 1207 1207 D RockyVoice: RestartReceiver onReceive
06-13 19:04:29.537 2299 2299 E HuaweiCastService: onCreate called().
06-13 19:04:29.538 479 2365 W BroadcastQueue: Background execution not allowed: receiving Intent { act=android.bluetooth.adapter.action.STATE_CHANGED flg=0x4000010 (has extras) } to com.dangbei.lerad.etna.haqu/com.dangbei.remotecontroller.RemoteControllerReceiver
06-13 19:04:29.542 479 542 W BroadcastQueue: Background execution not allowed: receiving Intent { act=android.bluetooth.adapter.action.STATE_CHANGED flg=0x4000010 (has extras) } to com.dangbei.lerad.etna.haqu/com.dangbei.remotecontroller.RemoteControllerReceiver
06-13 19:04:29.544 479 542 D CompatibilityChangeReporter: Compat change id reported: 135634846; UID 10026; state: DISABLED
06-13 19:04:29.544 479 542 D CompatibilityChangeReporter: Compat change id reported: 177438394; UID 10026; state: DISABLED
06-13 19:04:29.545 479 542 D CompatibilityChangeReporter: Compat change id reported: 135772972; UID 10026; state: DISABLED
06-13 19:04:29.545 479 542 D CompatibilityChangeReporter: Compat change id reported: 135754954; UID 10026; state: ENABLED
06-13 19:04:29.545 479 543 D CompatibilityChangeReporter: Compat change id reported: 143937733; UID 10026; state: ENABLED
06-13 19:04:29.551 2299 2299 E PlayerClient: registerCallback com.dangbei.screencast.huaweicast.service.HuaweiCastService$a@f7eee18
06-13 19:04:29.551 2299 2299 D PlayerClient: registerCallback true
06-13 19:04:29.551 2299 2299 D PlayerClient: init.
06-13 19:04:29.560 2299 2299 W KIT_FWK_a: KitFwk is not installed, pls do not use related interfaces.
06-13 19:04:29.561 2299 2299 W KIT_FWK_a: KitFwk is not installed, pls do not use related interfaces.
06-13 19:04:29.561 2299 2299 E PlayerClient: bind player service by aar.
06-13 19:04:29.568 249 249 D Zygote : Forked child process 2449
06-13 19:04:29.570 479 543 I ActivityManager: app.processName = com.android.externalstorage
06-13 19:04:29.570 479 543 I ActivityManager: Start proc 2449:com.android.externalstorage/u0a26 for broadcast {com.android.externalstorage/com.android.externalstorage.MountReceiver}
06-13 19:04:29.575 2299 2299 D PlayerClient: bind player sink service true
06-13 19:04:29.579 479 2365 W ActivityManager: Foreground service started from background can not have location/camera/microphone access: service com.dangbei.screencast/.huaweicast.service.HuaweiCastService
06-13 19:04:29.582 2299 2299 E HuaweiCastService: startForeground!
06-13 19:04:29.590 2449 2449 I Zygote : seccomp disabled by setenforce 0
06-13 19:04:29.591 2299 2299 E HuaweiCastService: onStartCommand in 0
06-13 19:04:29.595 2299 2396 I MobclickAgent: module init:azioc
06-13 19:04:29.607 2299 2299 D HiSight-SinkService: onCreate.
06-13 19:04:29.613 1090 1100 I d.leradlaunche: Background concurrent copying GC freed 79609(3406KB) AllocSpace objects, 153(6260KB) LOS objects, 49% free, 22MB/44MB, paused 299us total 612.229ms
06-13 19:04:29.639 2299 2299 D HiSight-ConnectionManager: start ConnectionManager
06-13 19:04:29.643 2299 2299 D HiSight-SinkService: onBind.
06-13 19:04:29.648 402 419 I adbd : jdwp connection from 2449
06-13 19:04:29.653 1090 1527 E hq : Etna:::getFindLookupControllerState isConnect=true
06-13 19:04:29.653 1090 1527 E Etna : getFindLookupControllerState1111111
06-13 19:04:29.657 1090 1527 E hq : Etna:::getFindLookupControllerState valueStr=0
06-13 19:04:29.660 479 2365 I WifiService: acquireMulticastLock uid=10024
06-13 19:04:29.663 1090 1527 E hq : LookupControler:::isLookupController=false
06-13 19:04:29.667 479 2367 I WifiService: acquireMulticastLock uid=10024
06-13 19:04:29.682 2299 2299 D PlayerClient: service connected.
06-13 19:04:29.683 2299 2299 D HiSight-SinkService: ITaskBinder registerCallback: true
06-13 19:04:29.683 2299 2299 D HiSight-HiSightManager: ITaskBinder registerCallback.
06-13 19:04:29.683 2299 2299 D HiSight-CallbackManager: addNewCallback. com.dangbei.screencast.huaweicast.service.HuaweiCastService$a@f7eee18
06-13 19:04:29.684 2299 2299 E HuaweiCastService: eventId: 4001
06-13 19:04:29.684 2299 2299 E HuaweiCastService: mPlayerClient is null.
06-13 19:04:29.685 2299 2299 D HiSight-HiSightManager: check capability vbr range not setting, using default value
06-13 19:04:29.686 2299 2299 E HuaweiCastService: mPlayerClient is null.
06-13 19:04:29.686 2299 2299 D HiSight-SinkService: setAuthMode
06-13 19:04:29.686 2299 2299 W HiSight-ConnectionManager: mSinkId is empty
06-13 19:04:29.690 479 2365 D CompatibilityChangeReporter: Compat change id reported: 168419799; UID 10026; state: DISABLED
06-13 19:04:29.703 2449 2449 D CompatibilityChangeReporter: Compat change id reported: 171979766; UID 10026; state: ENABLED
06-13 19:04:29.715 661 661 E WifiHAL : wifi_get_link_stats: requestResponse Error:-5
06-13 19:04:29.717 479 609 E WifiVendorHal: getWifiLinkLayerStats_1_5_Internal(l.1191) failed {.code = ERROR_INVALID_ARGS, .description = }
06-13 19:04:29.764 2449 2449 V GraphicsEnvironment: ANGLE Developer option for 'com.android.externalstorage' set to: 'default'
06-13 19:04:29.764 2449 2449 V GraphicsEnvironment: Neither updatable production driver nor prerelease driver is supported.
06-13 19:04:29.768 2449 2449 D NetworkSecurityConfig: No Network Security Config specified, using platform default
06-13 19:04:29.769 2449 2449 D NetworkSecurityConfig: No Network Security Config specified, using platform default
06-13 19:04:29.783 2449 2449 D ExternalStorage: After updating volumes, found 1 active roots
06-13 19:04:29.791 2253 2267 W System : A resource failed to call close.
06-13 19:04:29.793 2253 2267 W System : A resource failed to call close.
06-13 19:04:29.793 2449 2449 D ExternalStorage: After updating volumes, found 1 active roots
06-13 19:04:29.801 479 2365 W TelephonyPermissions: reportAccessDeniedToReadIdentifiers:com.dangbei.screencast:getSerial:-1
06-13 19:04:29.808 815 815 E DiskReceiver: Missing fsUuid, not launching activity.
06-13 19:04:29.810 2486 2486 W audit : audit_lost=530 audit_rate_limit=5 audit_backlog_limit=64
06-13 19:04:29.810 2486 2486 E audit : rate limit exceeded
06-13 19:04:29.834 2449 2449 D ExternalStorage: After updating volumes, found 1 active roots
06-13 19:04:29.855 815 815 D DiskReceiver: Scanning volume: VolumeInfo{emulated;0}:
06-13 19:04:29.855 815 815 D DiskReceiver: type=EMULATED diskId=null partGuid= mountFlags=PRIMARY|VISIBLE
06-13 19:04:29.855 815 815 D DiskReceiver: mountUserId=0 state=MOUNTED
06-13 19:04:29.855 815 815 D DiskReceiver: fsType=null fsUuid=null fsLabel=null
06-13 19:04:29.855 815 815 D DiskReceiver: path=/storage/emulated internalPath=/data/media
06-13 19:04:29.861 479 2367 I ActivityManager: com.tv.filemanager.os is exempt from freezer
06-13 19:04:29.861 479 2367 D CompatibilityChangeReporter: Compat change id reported: 135634846; UID 10040; state: DISABLED
06-13 19:04:29.862 479 2367 D CompatibilityChangeReporter: Compat change id reported: 177438394; UID 10040; state: DISABLED
06-13 19:04:29.862 479 2367 D CompatibilityChangeReporter: Compat change id reported: 135772972; UID 10040; state: DISABLED
06-13 19:04:29.862 479 2367 D CompatibilityChangeReporter: Compat change id reported: 135754954; UID 10040; state: DISABLED
06-13 19:04:29.865 479 543 D CompatibilityChangeReporter: Compat change id reported: 143937733; UID 10040; state: DISABLED
06-13 19:04:29.885 249 249 D Zygote : Forked child process 2499
06-13 19:04:29.886 1173 1173 D bbb : onStartCommand begin !!!!!!! data分区剩余 24979MB
06-13 19:04:29.888 479 543 I ActivityManager: app.processName = com.tv.filemanager.os
06-13 19:04:29.888 479 543 I ActivityManager: Start proc 2499:com.tv.filemanager.os/u0a40 for broadcast {com.tv.filemanager.os/com.dangbei.lerad.filemanager.receives.USBReceiver}
06-13 19:04:29.888 479 750 D CompatibilityChangeReporter: Compat change id reported: 171306433; UID 1000; state: ENABLED
06-13 19:04:29.894 2499 2499 I Zygote : seccomp disabled by setenforce 0
06-13 19:04:29.900 1134 1134 D aaa : LedStatusService onStartCommand begin
06-13 19:04:29.903 1134 2503 D aaa : topPkg is -------------- :com.dangbei.leard.leradlauncher
06-13 19:04:29.908 1134 2503 D aaa : WiFi is connect
06-13 19:04:29.910 479 523 W IorapForwardingService: No service published for: iorapd
06-13 19:04:29.923 402 419 I adbd : jdwp connection from 2499
06-13 19:04:29.935 479 750 D CompatibilityChangeReporter: Compat change id reported: 168419799; UID 10040; state: DISABLED
06-13 19:04:29.944 2499 2499 D CompatibilityChangeReporter: Compat change id reported: 171979766; UID 10040; state: DISABLED
06-13 19:04:29.953 2499 2499 D ApplicationLoaders: Returning zygote-cached class loader: /system/framework/android.test.base.jar
06-13 19:04:30.088 2299 2299 I NetWorkSender: type=1400 audit(0.0:971): avc: denied { search } for name="com.dangbei.screencast" dev="mmcblk0p25" ino=889 scontext=u:r:platform_app:s0:c512,c768 tcontext=u:object_r:app_data_file:s0:c512,c768 tclass=dir permissive=1 app=com.dangbei.screencast
06-13 19:04:30.088 2299 2299 I NetWorkSender: type=1400 audit(0.0:972): avc: denied { lock } for path="/data/user/0/com.dangbei.screencast/files/.imprint" dev="mmcblk0p25" ino=2683 scontext=u:r:platform_app:s0:c512,c768 tcontext=u:object_r:app_data_file:s0:c512,c768 tclass=file permissive=1 app=com.dangbei.screencast
06-13 19:04:30.088 2299 2299 I NetWorkSender: type=1400 audit(0.0:973): avc: denied { write } for name="shared_prefs" dev="mmcblk0p25" ino=2013 scontext=u:r:platform_app:s0:c512,c768 tcontext=u:object_r:app_data_file:s0:c512,c768 tclass=dir permissive=1 app=com.dangbei.screencast
06-13 19:04:30.088 2299 2299 I NetWorkSender: type=1400 audit(0.0:974): avc: denied { remove_name } for name="umeng_general_config.xml" dev="mmcblk0p25" ino=3590 scontext=u:r:platform_app:s0:c512,c768 tcontext=u:object_r:app_data_file:s0:c512,c768 tclass=dir permissive=1 app=com.dangbei.screencast
06-13 19:04:30.088 2299 2299 I NetWorkSender: type=1400 audit(0.0:975): avc: denied { add_name } for name="umeng_general_config.xml.bak" scontext=u:r:platform_app:s0:c512,c768 tcontext=u:object_r:app_data_file:s0:c512,c768 tclass=dir permissive=1 app=com.dangbei.screencast
06-13 19:04:30.099 2499 2499 V GraphicsEnvironment: ANGLE Developer option for 'com.tv.filemanager.os' set to: 'default'
06-13 19:04:30.099 2499 2499 V GraphicsEnvironment: Neither updatable production driver nor prerelease driver is supported.
06-13 19:04:30.101 2499 2499 D NetworkSecurityConfig: No Network Security Config specified, using platform default
06-13 19:04:30.102 2499 2499 D NetworkSecurityConfig: No Network Security Config specified, using platform default
06-13 19:04:30.106 2499 2499 I MultiDex: VM with version 2.1.0 has multidex support
06-13 19:04:30.106 2499 2499 I MultiDex: Installing application
06-13 19:04:30.106 2499 2499 I MultiDex: VM has multidex support, MultiDex support library is disabled.
06-13 19:04:30.141 2499 2499 I MultiDex: Installing application
06-13 19:04:30.141 2499 2499 I MultiDex: VM has multidex support, MultiDex support library is disabled.
06-13 19:04:30.145 2499 2499 W .filemanager.o: Accessing hidden field Landroid/app/ActivityThread;->mHiddenApiWarningShown:Z (max-target-o, reflection, denied)
06-13 19:04:30.145 2499 2499 W System.err: java.lang.NoSuchFieldException: No field mHiddenApiWarningShown in class Landroid/app/ActivityThread; (declaration of 'android.app.ActivityThread' appears in /system/framework/framework.jar)
06-13 19:04:30.145 2499 2499 W System.err: at java.lang.Class.getDeclaredField(Native Method)
06-13 19:04:30.145 2499 2499 W System.err: at com.dangbei.lerad.filemanager.application.App.disableAPIDialog(App.java:166)
06-13 19:04:30.146 2499 2499 W System.err: at com.dangbei.lerad.filemanager.application.App.onCreate(App.java:95)
06-13 19:04:30.146 2499 2499 W System.err: at android.app.Instrumentation.callApplicationOnCreate(Instrumentation.java:1211)
06-13 19:04:30.146 2499 2499 W System.err: at android.app.ActivityThread.handleBindApplication(ActivityThread.java:6740)
06-13 19:04:30.146 2499 2499 W System.err: at android.app.ActivityThread.access$1500(ActivityThread.java:247)
06-13 19:04:30.146 2499 2499 W System.err: at android.app.ActivityThread$H.handleMessage(ActivityThread.java:2053)
06-13 19:04:30.146 2499 2499 W System.err: at android.os.Handler.dispatchMessage(Handler.java:106)
06-13 19:04:30.146 2499 2499 W System.err: at android.os.Looper.loopOnce(Looper.java:201)
06-13 19:04:30.146 2499 2499 W System.err: at android.os.Looper.loop(Looper.java:288)
06-13 19:04:30.146 2499 2499 W System.err: at android.app.ActivityThread.main(ActivityThread.java:7854)
06-13 19:04:30.146 2499 2499 W System.err: at java.lang.reflect.Method.invoke(Native Method)
06-13 19:04:30.146 2499 2499 W System.err: at com.android.internal.os.RuntimeInit$MethodAndArgsCaller.run(RuntimeInit.java:548)
06-13 19:04:30.146 2499 2499 W System.err: at com.android.internal.os.ZygoteInit.main(ZygoteInit.java:1182)
06-13 19:04:30.178 2499 2499 E ActivityThread: Failed to find provider info for lerad.provider.etna
06-13 19:04:30.204 2499 2499 D USBReceiver: usb > onReceive: action = android.intent.action.MEDIA_MOUNTED
06-13 19:04:30.206 479 750 I ActivityManager: Killing 1061:com.android.traceur/u0a25 (adj 975): empty #17
06-13 19:04:30.234 479 750 I ActivityManager: com.oranth.usbopenft is exempt from freezer
06-13 19:04:30.235 479 750 D CompatibilityChangeReporter: Compat change id reported: 135634846; UID 1000; state: DISABLED
06-13 19:04:30.240 1035 1361 I MediaProvider: Begin Intent { act=android.intent.action.MEDIA_MOUNTED dat=file:///storage/emulated/0 flg=0x5000010 cmp=com.android.providers.media.module/com.android.providers.media.MediaService (has extras) }
06-13 19:04:30.241 1035 1361 I MediaProvider: Volume MediaVolume name: [external_primary] id: [emulated;0] user: [UserHandle{0}] path: [/storage/emulated/0] already attached
06-13 19:04:30.241 1035 1361 I MediaProvider: End Intent { act=android.intent.action.MEDIA_MOUNTED dat=file:///storage/emulated/0 flg=0x5000010 cmp=com.android.providers.media.module/com.android.providers.media.MediaService (has extras) }
06-13 19:04:30.251 479 544 I libprocessgroup: Successfully killed process cgroup uid 10025 pid 1061 in 42ms
06-13 19:04:30.255 249 249 D Zygote : Forked child process 2533
06-13 19:04:30.256 249 249 I Zygote : Process 1061 exited due to signal 9 (Killed)
06-13 19:04:30.257 479 543 I ActivityManager: app.processName = com.oranth.usbopenft
06-13 19:04:30.257 479 543 I ActivityManager: Start proc 2533:com.oranth.usbopenft/1000 for broadcast {com.oranth.usbopenft/com.oranth.usbopenft.UsbReceiver}
06-13 19:04:30.265 2533 2533 I Zygote : seccomp disabled by setenforce 0
06-13 19:04:30.285 402 419 I adbd : jdwp connection from 2533
06-13 19:04:30.304 2533 2533 D CompatibilityChangeReporter: Compat change id reported: 171979766; UID 1000; state: ENABLED
06-13 19:04:30.335 2533 2533 V GraphicsEnvironment: ANGLE Developer option for 'com.oranth.usbopenft' set to: 'default'
06-13 19:04:30.335 2533 2533 V GraphicsEnvironment: Neither updatable production driver nor prerelease driver is supported.
06-13 19:04:30.336 2533 2533 D NetworkSecurityConfig: No Network Security Config specified, using platform default
06-13 19:04:30.337 2533 2533 D NetworkSecurityConfig: No Network Security Config specified, using platform default
06-13 19:04:30.344 479 2365 W BroadcastQueue: Target SDK mismatch: receiver ActivityInfo{35b8ef2 com.dangbei.screencast.startup.BootReceiver} targets 28 but delivery restricted to [0, 23] broadcasting Intent { act=android.net.conn.CONNECTIVITY_CHANGE flg=0x4200010 (has extras) } from android (pid=479, uid=1000) to com.dangbei.screencast/.startup.BootReceiver
06-13 19:04:30.345 479 2365 I ActivityManager: Killing 1098:com.android.keychain/1000 (adj 985): empty #17
06-13 19:04:30.347 479 542 W BroadcastQueue: Target SDK mismatch: receiver ActivityInfo{4b5c943 com.dangbei.euthenia.receiver.NetworkChangeReceiver} targets 26 but delivery restricted to [0, 23] broadcasting Intent { act=android.net.conn.CONNECTIVITY_CHANGE flg=0x4200010 (has extras) } from android (pid=479, uid=1000) to com.dangbei.lerad.videoposter/com.dangbei.euthenia.receiver.NetworkChangeReceiver
06-13 19:04:30.349 479 542 W BroadcastQueue: Target SDK mismatch: receiver ActivityInfo{18b4bc0 com.dangbei.screencast.startup.BootReceiver} targets 28 but delivery restricted to [0, 23] broadcasting Intent { act=android.net.conn.CONNECTIVITY_CHANGE flg=0x4200010 (has extras) } from android (pid=479, uid=1000) to com.dangbei.screencast/.startup.BootReceiver
06-13 19:04:30.349 479 542 W BroadcastQueue: Target SDK mismatch: receiver ActivityInfo{fe3f0f9 com.dangbei.euthenia.receiver.NetworkChangeReceiver} targets 26 but delivery restricted to [0, 23] broadcasting Intent { act=android.net.conn.CONNECTIVITY_CHANGE flg=0x4200010 (has extras) } from android (pid=479, uid=1000) to com.dangbei.lerad.videoposter/com.dangbei.euthenia.receiver.NetworkChangeReceiver
06-13 19:04:30.364 479 542 D CompatibilityChangeReporter: Compat change id reported: 168419799; UID 10022; state: DISABLED
06-13 19:04:30.383 249 249 I Zygote : Process 1098 exited due to signal 9 (Killed)
06-13 19:04:30.395 1028 2010 D LanCommander: onServerClientConnected :org.java_websocket.handshake.HandshakeImpl1Client@5b88f07
06-13 19:04:30.399 479 544 I libprocessgroup: Successfully killed process cgroup uid 1000 pid 1098 in 50ms
06-13 19:04:30.415 2299 2310 I gbei.screencas: Background concurrent copying GC freed 81915(4846KB) AllocSpace objects, 54(1528KB) LOS objects, 49% free, 3778KB/7556KB, paused 210us total 148.607ms
06-13 19:04:30.911 479 523 W IorapForwardingService: No service published for: iorapd
06-13 19:04:31.328 367 367 I : DVI mode selected: packets not configured
06-13 19:04:31.328 367 367 I : Error: set vsif failed
06-13 19:04:31.366 479 648 W HdmiCecController: Failed to send 40:8F with errorCode=1
06-13 19:04:31.371 367 367 I : DVI mode selected: packets not configured
06-13 19:04:31.371 367 367 I : Error: set vsif failed
06-13 19:04:31.388 367 367 I : DVI mode selected: packets not configured
06-13 19:04:31.388 367 367 I : Error: set vsif failed
06-13 19:04:31.408 367 367 I : DVI mode selected: packets not configured
06-13 19:04:31.408 367 367 I : Error: set vsif failed
06-13 19:04:31.424 367 367 I : DVI mode selected: packets not configured
06-13 19:04:31.424 367 367 I : Error: set vsif failed
06-13 19:04:31.439 367 367 I : DVI mode selected: packets not configured
06-13 19:04:31.439 367 367 I : Error: set vsif failed
06-13 19:04:31.454 367 367 I : DVI mode selected: packets not configured
06-13 19:04:31.454 367 367 I : Error: set vsif failed
06-13 19:04:31.469 367 367 I : DVI mode selected: packets not configured
06-13 19:04:31.469 367 367 I : Error: set vsif failed
06-13 19:04:31.486 367 367 I : DVI mode selected: packets not configured
06-13 19:04:31.486 367 367 I : Error: set vsif failed
06-13 19:04:31.914 479 523 W IorapForwardingService: No service published for: iorapd
06-13 19:04:32.072 2299 2299 I CrashSDKNormalH: type=1400 audit(0.0:981): avc: denied { open } for path="/data/user/0/com.dangbei.screencast/crashsdk/tags/cr.wa" dev="mmcblk0p25" ino=2134 scontext=u:r:platform_app:s0:c512,c768 tcontext=u:object_r:app_data_file:s0:c512,c768 tclass=file permissive=1 app=com.dangbei.screencast
06-13 19:04:32.072 2299 2299 I CrashSDKNormalH: type=1400 audit(0.0:982): avc: denied { lock } for path="/data/user/0/com.dangbei.screencast/crashsdk/tags/cr.wa" dev="mmcblk0p25" ino=2134 scontext=u:r:platform_app:s0:c512,c768 tcontext=u:object_r:app_data_file:s0:c512,c768 tclass=file permissive=1 app=com.dangbei.screencast
06-13 19:04:32.734 661 661 E WifiHAL : wifi_get_link_stats: requestResponse Error:-5
06-13 19:04:32.737 479 609 E WifiVendorHal: getWifiLinkLayerStats_1_5_Internal(l.1191) failed {.code = ERROR_INVALID_ARGS, .description = }
06-13 19:04:32.903 402 2576 I adbd : host-14: read thread spawning
06-13 19:04:32.903 402 2577 I adbd : host-14: write thread spawning
06-13 19:04:32.907 402 402 I adbd : host-14: already offline
06-13 19:04:32.917 479 523 W IorapForwardingService: No service published for: iorapd
06-13 19:04:32.931 402 402 I adbd : Calling send_auth_request...
06-13 19:04:32.945 402 402 I adbd : adbd_auth: loading keys from /data/misc/adb/adb_keys
06-13 19:04:32.947 402 402 I adbd : adb client authorized
06-13 19:04:33.368 479 648 W HdmiCecController: Failed to send 40:8F with errorCode=1
06-13 19:04:33.715 1090 1832 W ActivityThread: ClassLoader.loadClass: The class loader returned by Thread.getContextClassLoader() may fail for processes that host multiple applications. You should explicitly specify a context class loader. For example: Thread.setContextClassLoader(getClass().getClassLoader());
06-13 19:04:33.726 479 2365 D AccountManagerService: bind attempt failed for Session: expectLaunch false, connected false, stats (0/0/0), lifetime 0.0, addAccount, accountType cn.ninegame.gamemanager, requiredFeatures null
06-13 19:04:33.744 1090 1832 E d.leradlaunche: Invalid ID 0x00000000.
06-13 19:04:33.919 479 523 W IorapForwardingService: No service published for: iorapd
06-13 19:04:34.080 2299 2299 I Timer-1 : type=1400 audit(0.0:983): avc: denied { search } for name="net" dev="sysfs" ino=10442 scontext=u:r:platform_app:s0:c512,c768 tcontext=u:object_r:sysfs_net:s0 tclass=dir permissive=1 app=com.dangbei.screencast
06-13 19:04:34.080 2299 2299 I Timer-1 : type=1400 audit(0.0:984): avc: denied { read } for name="address" dev="sysfs" ino=16906 scontext=u:r:platform_app:s0:c512,c768 tcontext=u:object_r:sysfs_net:s0 tclass=file permissive=1 app=com.dangbei.screencast
06-13 19:04:34.080 2299 2299 I Timer-1 : type=1400 audit(0.0:985): avc: denied { open } for path="/sys/devices/virtual/net/dummy0/address" dev="sysfs" ino=16906 scontext=u:r:platform_app:s0:c512,c768 tcontext=u:object_r:sysfs_net:s0 tclass=file permissive=1 app=com.dangbei.screencast
06-13 19:04:34.080 2299 2299 I Timer-1 : type=1400 audit(0.0:986): avc: denied { getattr } for path="/sys/devices/virtual/net/dummy0/address" dev="sysfs" ino=16906 scontext=u:r:platform_app:s0:c512,c768 tcontext=u:object_r:sysfs_net:s0 tclass=file permissive=1 app=com.dangbei.screencast
06-13 19:04:34.092 2299 2299 I Timer-1 : type=1400 audit(0.0:987): avc: denied { read } for name="address" dev="sysfs" ino=27837 scontext=u:r:platform_app:s0:c512,c768 tcontext=u:object_r:sysfs:s0 tclass=file permissive=1 app=com.dangbei.screencast
06-13 19:04:34.092 2299 2299 I Timer-1 : type=1400 audit(0.0:988): avc: denied { open } for path="/sys/devices/platform/unisoc_wifi/net/wlan1/address" dev="sysfs" ino=27837 scontext=u:r:platform_app:s0:c512,c768 tcontext=u:object_r:sysfs:s0 tclass=file permissive=1 app=com.dangbei.screencast
06-13 19:04:34.092 2299 2299 I Timer-1 : type=1400 audit(0.0:989): avc: denied { getattr } for path="/sys/devices/platform/unisoc_wifi/net/wlan1/address" dev="sysfs" ino=27837 scontext=u:r:platform_app:s0:c512,c768 tcontext=u:object_r:sysfs:s0 tclass=file permissive=1 app=com.dangbei.screencast
06-13 19:04:34.153 479 2367 W TelephonyPermissions: reportAccessDeniedToReadIdentifiers:com.dangbei.screencast:getSerial:-1
06-13 19:04:34.171 2299 2380 I efs.config: No update is required, less than 8h since the last update
06-13 19:04:34.234 2299 2378 V NFC : this device does not have NFC support
06-13 19:04:34.274 479 809 I WifiService: releaseMulticastLock uid=10024
06-13 19:04:34.277 479 809 I WifiService: releaseMulticastLock uid=10024
06-13 19:04:34.299 2299 2299 D HiSight-SinkService: setDiscoverable true
06-13 19:04:34.301 2299 2299 D NearFieldManager: init.
06-13 19:04:34.303 479 755 D SntpClient: request time failed: java.net.SocketTimeoutException: Poll timed out
06-13 19:04:34.303 2299 2299 D NearFieldManager: try check dmsdp
06-13 19:04:34.311 1090 1527 D wenhc : getScreenInfo uri = content://com.dangbei.screencast.parts.info/screen_cast
06-13 19:04:34.322 367 367 W hdr10p_Configure: 27 callbacks suppressed
06-13 19:04:34.322 367 367 I : DVI mode selected: packets not configured
06-13 19:04:34.322 367 367 W set_vsif_config: 27 callbacks suppressed
06-13 19:04:34.322 367 367 I : Error: set vsif failed
06-13 19:04:34.333 2299 2299 D NearFieldManager: package not exist
06-13 19:04:34.342 367 367 I : DVI mode selected: packets not configured
06-13 19:04:34.342 367 367 I : Error: set vsif failed
06-13 19:04:34.346 479 938 D CompatibilityChangeReporter: Compat change id reported: 135634846; UID 10024; state: DISABLED
06-13 19:04:34.348 479 543 D CompatibilityChangeReporter: Compat change id reported: 143937733; UID 10024; state: DISABLED
06-13 19:04:34.349 2299 2299 D NearFieldManager: bind nearfield service true
06-13 19:04:34.350 2299 2299 D NearFieldManager: registerCallback true
06-13 19:04:34.350 2299 2299 D HiSight-Discovery: set deviceInfo type:46
06-13 19:04:34.350 2299 2299 D HiSight-Discovery: startAdvertise 1
06-13 19:04:34.357 367 367 I : DVI mode selected: packets not configured
06-13 19:04:34.357 367 367 I : Error: set vsif failed
06-13 19:04:34.372 367 367 I : DVI mode selected: packets not configured
06-13 19:04:34.372 367 367 I : Error: set vsif failed
06-13 19:04:34.367 249 249 D Zygote : Forked child process 2588
06-13 19:04:34.369 479 543 I ActivityManager: app.processName = com.huawei.connection
06-13 19:04:34.369 479 543 I ActivityManager: Start proc 2588:com.huawei.connection/u0a24 for service {com.dangbei.screencast/com.huawei.connection.service.NearFieldManagerService}
06-13 19:04:34.377 2588 2588 I Zygote : seccomp disabled by setenforce 0
06-13 19:04:34.387 367 367 I : DVI mode selected: packets not configured
06-13 19:04:34.387 367 367 I : Error: set vsif failed
06-13 19:04:34.404 367 367 I : DVI mode selected: packets not configured
06-13 19:04:34.404 367 367 I : Error: set vsif failed
06-13 19:04:34.403 402 419 I adbd : jdwp connection from 2588
06-13 19:04:34.420 367 367 I : DVI mode selected: packets not configured
06-13 19:04:34.420 367 367 I : Error: set vsif failed
06-13 19:04:34.428 2588 2588 D CompatibilityChangeReporter: Compat change id reported: 171979766; UID 10024; state: DISABLED
06-13 19:04:34.428 2299 2299 I Timer-1 : type=1400 audit(0.0:990): avc: denied { search } for name="com.dangbei.screencast" dev="mmcblk0p25" ino=889 scontext=u:r:platform_app:s0:c512,c768 tcontext=u:object_r:app_data_file:s0:c512,c768 tclass=dir permissive=1 app=com.dangbei.screencast
06-13 19:04:34.437 367 367 I : DVI mode selected: packets not configured
06-13 19:04:34.437 367 367 I : Error: set vsif failed
06-13 19:04:34.440 2588 2588 D ApplicationLoaders: Returning zygote-cached class loader: /system/framework/android.test.base.jar
06-13 19:04:34.440 2588 2588 D ApplicationLoaders: Returning zygote-cached class loader: /system/framework/android.hidl.manager-V1.0-java.jar
06-13 19:04:34.440 2588 2588 D ApplicationLoaders: Returning zygote-cached class loader: /system/framework/android.hidl.base-V1.0-java.jar
06-13 19:04:34.445 2604 2604 W audit : audit_lost=549 audit_rate_limit=5 audit_backlog_limit=64
06-13 19:04:34.445 2604 2604 E audit : rate limit exceeded
06-13 19:04:34.453 367 367 I : DVI mode selected: packets not configured
06-13 19:04:34.453 367 367 I : Error: set vsif failed
06-13 19:04:34.470 367 367 I : DVI mode selected: packets not configured
06-13 19:04:34.470 367 367 I : Error: set vsif failed
06-13 19:04:34.469 2588 2588 V GraphicsEnvironment: ANGLE Developer option for 'com.dangbei.screencast' set to: 'default'
06-13 19:04:34.470 2588 2588 V GraphicsEnvironment: Neither updatable production driver nor prerelease driver is supported.
06-13 19:04:34.471 2588 2588 D NetworkSecurityConfig: Using Network Security Config from resource network_security_config debugBuild: false
06-13 19:04:34.473 2588 2588 D NetworkSecurityConfig: Using Network Security Config from resource network_security_config debugBuild: false
06-13 19:04:34.476 2588 2588 I MultiDex: VM with version 2.1.0 has multidex support
06-13 19:04:34.476 2588 2588 I MultiDex: Installing application
06-13 19:04:34.476 2588 2588 I MultiDex: VM has multidex support, MultiDex support library is disabled.
06-13 19:04:34.583 2588 2628 I crashsdk: version unique build id: 6230cced
06-13 19:04:34.590 2588 2629 D crashsdk: Native log stat thread 2629 setup, waiting
06-13 19:04:34.593 2588 2613 I crashsdk: begin hack android.os.Process
06-13 19:04:34.593 2588 2613 I crashsdk: end hack android.os.Process
06-13 19:04:34.624 2588 2588 I TDLog : setReportUncaughtExceptions: true
06-13 19:04:34.626 2588 2588 E Application: onCreate:Version:v2.8.3/20830/883432e
06-13 19:04:34.637 2588 2633 W efs.send_log: tryFileLock start!
06-13 19:04:34.639 2588 2613 I Matrix.AnrTracer: anrTrace, final mAnrBeatTime:400, mAnrBeatRate:400
06-13 19:04:34.648 2588 2613 E LaunchManager: Non main process !
06-13 19:04:34.649 2588 2613 W System.err: java.lang.NullPointerException: Attempt to invoke virtual method 'boolean com.efs.sdk.launch.LaunchConfigManager.enableTracer()' on a null object reference
06-13 19:04:34.649 2588 2613 W System.err: at com.umeng.umcrash.UMCrash.init(Unknown Source:403)
06-13 19:04:34.649 2588 2613 W System.err: at java.lang.reflect.Method.invoke(Native Method)
06-13 19:04:34.649 2588 2613 W System.err: at com.umeng.commonsdk.UMConfigure.init(Unknown Source:811)
06-13 19:04:34.649 2588 2613 W System.err: at b.f.f.b.a(:4)
06-13 19:04:34.649 2588 2613 W System.err: at h.o.a.run(Unknown Source:2)
06-13 19:04:34.654 479 2366 W ServiceManager: Permission failure: android.permission.HIGH_SAMPLING_RATE_SENSORS from uid=10024 pid=2588
06-13 19:04:34.658 2588 2614 I TDLog : TalkingData SDK init...
06-13 19:04:34.658 2588 2614 I TDLog : SDK_VERSION is: Android+TD+V5.0.7 gp Type:Native Build_Num:2141
06-13 19:04:34.658 2588 2614 I TDLog : App ID is: B9D7815EC975466AB1332111FCE62DF5
06-13 19:04:34.658 2588 2614 I TDLog : App Channel is: os
06-13 19:04:34.658 2588 2614 I TDLog : App Custom is:
06-13 19:04:34.658 2588 2614 I TDLog : SDK_OVC is: TDOVC+a3bb7754719798526508b6caad480dd7+SaaS
06-13 19:04:34.691 2588 2588 D NearFieldManagerService: NearFieldManagerService.
06-13 19:04:34.691 2588 2588 D NearFieldManagerService: onCreate, enter.
06-13 19:04:34.692 2588 2588 I NearFieldManagerService: onBind, enter.
06-13 19:04:34.692 2588 2588 D NearFieldManagerService: initService
06-13 19:04:34.692 2588 2588 D NearFieldManagerService: NearField starting...
06-13 19:04:34.693 2588 2588 D NearFieldUtils: checkSystemProperty in
06-13 19:04:34.693 2588 2588 D NearFieldUtils: checkSystemProperty: systemProperties:
06-13 19:04:34.693 2588 2588 E NearFieldUtils: validProperty: priority is null
06-13 19:04:34.732 2588 2588 I crashsdk: Catcher mask: 5000, 20480
06-13 19:04:34.733 2588 2588 I crashsdk: Catcher thread 2593
06-13 19:04:34.733 2588 2588 D crashsdk: Register ANR handler ...
06-13 19:04:34.751 2299 2299 D NearFieldManager: service connected.
06-13 19:04:34.781 2588 2588 D NearFieldManagerImpl: onReceive action get:android.net.conn.CONNECTIVITY_CHANGE
06-13 19:04:34.782 2299 2299 D HiSight-Discovery: eventId: 4001
06-13 19:04:34.784 2588 2588 D NearFieldUtils: getPreferredIpAddress exec
06-13 19:04:34.785 2588 2588 D NearFieldUtils: getPreferredIpAddress by custom priority
06-13 19:04:34.785 2588 2588 D NearFieldUtils: getIpByInterfaceSetting customIdnNetworkPriority:[]
06-13 19:04:34.785 2588 2588 D NearFieldUtils: getPreferredIpAddress by default priority
06-13 19:04:34.796 2588 2656 W efs.info.manager: network change: wifi
06-13 19:04:34.796 2299 2587 D HiSight-Discovery: msg 4001
06-13 19:04:34.797 2299 2587 D HiSight-Discovery: bind success, status Ready
06-13 19:04:34.799 2299 2587 D HiSight-Discovery: startAdvertise 2
06-13 19:04:34.799 2299 2587 D HiSight-Discovery: stopAdvertise.
06-13 19:04:34.800 2299 2587 D HiSight-Discovery: nearFieldStartListen deviceType 46
06-13 19:04:34.809 2588 2603 I NearFieldManagerImpl: setDeviceInfo, sDeviceId changes
06-13 19:04:34.810 2588 2603 I NearFieldManagerImpl: setDeviceInfo, sDeviceName changes
06-13 19:04:34.819 2588 2603 D NearFieldManagerImpl: setServiceData, sServiceData=[], serviceData=[32]
06-13 19:04:34.819 2299 2587 E NearFieldManager: setIdnNetworkPriority: networkPortPriority is empty
06-13 19:04:34.819 2299 2587 D NearFieldManager: StartListen moduleId: CastPlusDiscoveryModule
