06-13 19:04:37.470 479 619 D NsdService: cn=0,1,2,3da=trueet=0,3,5ft=0x527FFFF7,0x1Emd=0,1,2Cpk=b07727d6f6cd6e08b58ede525ec3cdeaa252ad9f683feb212ef8a205246554e7pw=falsesf=0x4sr=44100ss=16sv=falsetp=UDPvn=65537 vs=220.68vv=2 rhd=5.6.0.0
06-13 19:04:37.470 479 619 D NsdService: mdnssd [register, 5, b42f0315e9b5@当贝投屏R5, _raop._tcp, 33301, CXR4dHZlcnM9MQ1hbT1BcHBsZVRWMiwxBGNoPTIKY249MCwxLDIsMwdkYT10cnVlCGV0PTAsMyw1EmZ0PTB4NTI3RkZGRjcsMHgxRQhtZD0wLDEsMkNwaz1iMDc3MjdkNmY2Y2Q2ZTA4YjU4ZWRlNTI1ZWMzY2RlYWEyNTJhZDlmNjgzZmViMjEyZWY4YTIwNTI0NjU1NGU3CHB3PWZhbHNlBnNmPTB4NAhzcj00NDEwMAVzcz0xNghzdj1mYWxzZQZ0cD1VRFAIdm49NjU1MzcJdnM9MjIwLjY4BHZ2PTILcmhkPTUuNi4wLjA=]
06-13 19:04:37.472 479 619 D NsdService: Register 3 5
06-13 19:04:37.559 2299 2310 I gbei.screencas: Background concurrent copying GC freed 30078(2948KB) AllocSpace objects, 9(244KB) LOS objects, 49% free, 4939KB/9878KB, paused 179us total 136.318ms
06-13 19:04:37.600 2147 2236 D UtilLog : 日志批量上报 进行正常循环 !!!!!!本次有0次请求,共0条数据
06-13 19:04:37.861 479 619 D NsdService: Register service
06-13 19:04:37.861 479 619 D NsdService: registerService: 6 name: 当贝投屏R5, type: _db_cast_screen._tcp, host: null, port: 35581, txtRecord: au=1cV=20830mV=100h265=0maxR=4096-3152model=DBBOX-A2deviceid=20:02:FE:19:C1:F9
06-13 19:04:37.861 479 619 D NsdService: mdnssd [register, 6, 当贝投屏R5, _db_cast_screen._tcp, 35581, BGF1PTEIY1Y9MjA4MzAGbVY9MTAwBmgyNjU9MA5tYXhSPTQwOTYtMzE1Mg5tb2RlbD1EQkJPWC1BMhpkZXZpY2VpZD0yMDowMjpGRToxOTpDMTpGOQ==]
06-13 19:04:37.864 479 619 D NsdService: Register 4 6
06-13 19:04:37.921 1134 1134 D aaa : LedStatusService onStartCommand begin
06-13 19:04:37.923 1134 2765 D aaa : topPkg is -------------- :com.oranth.powerwindow
06-13 19:04:37.927 479 523 W IorapForwardingService: No service published for: iorapd
06-13 19:04:37.928 1173 1173 D bbb : onStartCommand begin !!!!!!! data分区剩余 24979MB
06-13 19:04:38.193 479 619 D NsdService: Native daemon message SERVICE_REGISTERED: 606 5 "b42f0315e9b5@当贝投屏R5"
06-13 19:04:38.194 479 619 D NsdService: Native daemon message SERVICE_REGISTERED: 606 4 "当贝投屏R5"
06-13 19:04:38.306 1028 2010 D LanCommander: onServerMessageReceived
06-13 19:04:38.307 1028 2010 D WechatAdapter: lerad_back value is
06-13 19:04:38.308 479 750 D TvWindowManager: key event key = KEYCODE_BACK down = true
06-13 19:04:38.315 2299 2418 E accept : myIp:10.192.35.42
06-13 19:04:38.317 273 273 W AudioFlinger: createTrack_l(): mismatch between requested flags (00000004) and output flags (00000002)
06-13 19:04:38.318 2299 2418 E accept : connect error
06-13 19:04:38.320 273 273 D AF::TrackHandle: OpPlayAudio: track:55 usage:1 not muted
06-13 19:04:38.323 479 750 D AudioTrack: createTrack_l(0): AUDIO_OUTPUT_FLAG_FAST denied by server; frameCount 0 -> 6912
06-13 19:04:38.324 2299 2418 I UpnpServiceImpl: >>> Starting UPnP service...
06-13 19:04:38.324 2299 2418 I UpnpServiceImpl: Using configuration: org.fourthline.cling.android.AndroidUpnpServiceConfiguration
06-13 19:04:38.329 2299 2418 I Router : Creating Router: org.fourthline.cling.android.AndroidRouter
06-13 19:04:38.332 479 597 D GpioService: mFlickerEnable = true
06-13 19:04:38.334 2299 2418 W Router : enable lock:org.fourthline.cling.android.AndroidRouter@f069b7b_java.util.concurrent.locks.ReentrantReadWriteLock$WriteLock@551dd98[Unlocked]
06-13 19:04:38.340 254 2769 D audio_hw_primary: start_output_stream out->format : 0x00000000
06-13 19:04:38.341 254 2769 V audio_hw_primary: start_output_stream, line: 1503
06-13 19:04:38.341 254 2769 V audio_hw_primary: use AUDIO_HDMI to playback audio
06-13 19:04:38.341 254 2769 D audio_hw_primary: open card=3, port=0
06-13 19:04:38.341 254 2769 D audio_hw_primary: config:2 44100 960 2 0 5760 1 0
06-13 19:04:38.341 254 2769 D audio_hw_primary: set_raw_flag(card=3, raw_flag=1)
06-13 19:04:38.341 254 2769 D audio_hw_primary: set_raw_flag control_name = audio data format control_value PCM)
06-13 19:04:38.336 254 254 I writer : type=1400 audit(0.0:1040): avc: denied { read } for name="u:object_r:default_prop:s0" dev="tmpfs" ino=6322 scontext=u:r:hal_audio_default:s0 tcontext=u:object_r:default_prop:s0 tclass=file permissive=1
06-13 19:04:38.336 254 254 I writer : type=1400 audit(0.0:1041): avc: denied { open } for path="/dev/__properties__/u:object_r:default_prop:s0" dev="tmpfs" ino=6322 scontext=u:r:hal_audio_default:s0 tcontext=u:object_r:default_prop:s0 tclass=file permissive=1
06-13 19:04:38.336 254 254 I writer : type=1400 audit(0.0:1042): avc: denied { getattr } for path="/dev/__properties__/u:object_r:default_prop:s0" dev="tmpfs" ino=6322 scontext=u:r:hal_audio_default:s0 tcontext=u:object_r:default_prop:s0 tclass=file permissive=1
06-13 19:04:38.336 254 254 I writer : type=1400 audit(0.0:1043): avc: denied { map } for path="/dev/__properties__/u:object_r:default_prop:s0" dev="tmpfs" ino=6322 scontext=u:r:hal_audio_default:s0 tcontext=u:object_r:default_prop:s0 tclass=file permissive=1
06-13 19:04:38.342 254 2769 V audio_hw_primary: do not use out resampler
06-13 19:04:38.348 2769 2769 I : HDMI Audio Enable Successfully
06-13 19:04:38.352 2299 2418 W tworkAddressFactoryImpl: Network interface may not be multicast capable: dummy0
06-13 19:04:38.357 2299 2418 I MulticastReceiver: Creating wildcard socket (for receiving multicast datagrams) on port: 1900
06-13 19:04:38.358 2299 2418 I MulticastReceiver: Joining multicast group: /239.255.255.250:1900 on network interface: wlan0
06-13 19:04:38.364 273 450 D AudioFlinger: mixer(0xf2dd0000) throttle end: throttle time(10)
06-13 19:04:38.380 2299 2418 E accept : Adding connector try: 10.192.35.42/10.192.35.42:40273
06-13 19:04:38.384 2299 2418 E accept : Adding connector result: 10.192.35.42/10.192.35.42:40273
06-13 19:04:38.380 1983 1983 I rainbow_flow: type=1400 audit(0.0:1044): avc: denied { ioctl } for path="/dev/spidev1.0" dev="tmpfs" ino=3340 ioctlcmd=0x6b00 scontext=u:r:init:s0 tcontext=u:object_r:device:s0 tclass=chr_file permissive=1
06-13 19:04:38.443 479 619 D NsdService: Native daemon message SERVICE_REGISTERED: 606 6 "当贝投屏R5"
06-13 19:04:38.457 479 597 D GpioService: mFlickerEnable = true
06-13 19:04:38.459 2071 2071 I SogouIME: onKeyDown: keyoCode=4
06-13 19:04:38.459 2071 2071 I DefaultIMS: onKeyDown: keyoCode=4
06-13 19:04:38.468 479 750 D TvWindowManager: key event key = KEYCODE_BACK down = false
06-13 19:04:38.469 479 2367 W InputManager-JNI: Input channel object '44eeabd Sys2003:com.oranth.powerwindow/com.oranth.powerwindow.MainActivity (client)' was disposed without first being removed with the input manager!
06-13 19:04:38.470 479 522 D AutofillManagerService: onBackKeyPressed()
06-13 19:04:38.471 479 522 D AutofillManagerServiceImpl: Reset component for user 0:
06-13 19:04:38.471 479 597 W InputDispatcher: Window 44eeabd Sys2003:com.oranth.powerwindow/com.oranth.powerwindow.MainActivity already unregistered input channel
06-13 19:04:38.473 479 522 D AutofillUI: destroySaveUiUiThread(): already destroyed
06-13 19:04:38.492 294 294 W audit : audit_lost=588 audit_rate_limit=5 audit_backlog_limit=64
06-13 19:04:38.492 294 294 E audit : rate limit exceeded
06-13 19:04:38.506 2071 2071 I DefaultIMS: onStartInput attribute=android.view.inputmethod.EditorInfo@b92ca43 restarting=false inputType: 0
06-13 19:04:38.511 2299 2418 I JettyServletContainer: Registering UPnP servlet under context path: /upnp
06-13 19:04:38.518 2299 2418 I DatagramIO: Creating bound socket (for datagram input/output) on: 10.192.35.42/10.192.35.42
06-13 19:04:38.521 2299 2777 E JettyServletContainer: gogogo
06-13 19:04:38.521 2299 2777 I JettyServletContainer: Starting Jetty server...
06-13 19:04:38.523 2299 2777 W System.err: 2025-06-13 19:04:38.522:INFO:lcaf.p:jetty-8.y.z-SNAPSHOT
06-13 19:04:38.524 2299 2418 I Router : WiFi multicast lock acquired
06-13 19:04:38.526 479 750 I WifiService: acquireMulticastLock uid=10024
06-13 19:04:38.527 2299 2418 I Router : WiFi lock acquired
06-13 19:04:38.529 479 750 I WifiService: acquireWifiLock uid=10024 lockMode=3
06-13 19:04:38.533 2299 2418 W Router : enable unlock:org.fourthline.cling.android.AndroidRouter@f069b7b
06-13 19:04:38.534 2299 2418 I UpnpServiceImpl: <<< UPnP service started successfully
06-13 19:04:38.575 2299 2777 W System.err: 2025-06-13 19:04:38.575:INFO:lcaf.a:Started @10.192.35.42:40273
06-13 19:04:38.621 2299 2418 E g : channel :os
06-13 19:04:38.684 2299 2310 I gbei.screencas: Background concurrent copying GC freed 64219(3501KB) AllocSpace objects, 21(1300KB) LOS objects, 49% free, 5976KB/11MB, paused 289us total 116.802ms
06-13 19:04:38.768 661 661 E WifiHAL : wifi_get_link_stats: requestResponse Error:-5
06-13 19:04:38.770 479 609 E WifiVendorHal: getWifiLinkLayerStats_1_5_Internal(l.1191) failed {.code = ERROR_INVALID_ARGS, .description = }
06-13 19:04:38.930 479 523 W IorapForwardingService: No service published for: iorapd
06-13 19:04:39.186 2299 2398 I efs.base: lt=event`ev_ct=efs_core`ev_ac=log_lag`tm=2025-06-13 19:04:18`dn=ead2391c-0e40-41b4-8b1c-d68e1d1d13a8`ps=com.dangbei.screencast`um_os=android`stime=1749812668700`pid=2299`fr=android`pkg=com.dangbei.screencast`vcode=20830`dsp_w=1920`uid=ead2391c-0e40-41b4-8b1c-d68e1d1d13a8`rom=12`wid=ead2391c-0e40-41b4-8b1c-d68e1d1d13a8`um_app_carrier=`um_access=wifi`um_app_channel=os`um_crash_sdk_version=1.4.0`ctime=1749812679`model=dbbox-a2`lang=zh`net=wifi`brand=dangbei`dsp_h=1080`um_network_type=0`ver=v2.8.3`cnt=0`build_model=DBBOX-A2`w_tm=1749812679`appid=5fc60c21094d637f3130af19`um_umid_header=aibe109b3056101e3760192ec22f9fbb64`sdk=31`tzone=Asia/Shanghai`sdk_ver=1.3.6.umeng
06-13 19:04:39.312 479 755 D SntpClient: request time failed: java.net.SocketTimeoutException: Poll timed out
06-13 19:04:39.357 479 479 W NotificationHistory: Attempted to add notif for locked/gone/disabled user 0
06-13 19:04:39.361 677 677 V TvNotificationHandler: Notification not added because it isn't relevant for tv
06-13 19:04:39.473 1028 2010 D LanCommander: onServerMessageReceived
06-13 19:04:39.474 1028 2010 D WechatAdapter: lerad_down value is
06-13 19:04:39.475 479 938 D TvWindowManager: key event key = KEYCODE_DPAD_DOWN down = true
06-13 19:04:39.484 479 597 D GpioService: mFlickerEnable = true
06-13 19:04:39.626 479 597 D GpioService: mFlickerEnable = true
06-13 19:04:39.627 2071 2071 I SogouIME: onKeyDown: keyoCode=20
06-13 19:04:39.627 2071 2071 I DefaultIMS: onKeyDown: keyoCode=20
06-13 19:04:39.629 1090 1090 E SecondScreen: FirstScreenLayoutView dispatchKeyEvent 20
06-13 19:04:39.632 479 938 D TvWindowManager: key event key = KEYCODE_DPAD_DOWN down = false
06-13 19:04:39.635 2071 2071 I SogouIME: onKeyUp: keyoCode=20
06-13 19:04:39.635 2071 2071 I DefaultIMS: onKeyUp: keyoCode=20
06-13 19:04:39.636 1090 1090 E SecondScreen: FirstScreenLayoutView dispatchKeyEvent 20
06-13 19:04:39.700 2588 2588 I Timer-1 : type=1400 audit(0.0:1047): avc: denied { read } for name="address" dev="sysfs" ino=27837 scontext=u:r:platform_app:s0:c512,c768 tcontext=u:object_r:sysfs:s0 tclass=file permissive=1 app=com.dangbei.screencast
06-13 19:04:39.700 2588 2588 I Timer-1 : type=1400 audit(0.0:1048): avc: denied { open } for path="/sys/devices/platform/unisoc_wifi/net/wlan1/address" dev="sysfs" ino=27837 scontext=u:r:platform_app:s0:c512,c768 tcontext=u:object_r:sysfs:s0 tclass=file permissive=1 app=com.dangbei.screencast
06-13 19:04:39.700 2588 2588 I Timer-1 : type=1400 audit(0.0:1049): avc: denied { getattr } for path="/sys/devices/platform/unisoc_wifi/net/wlan1/address" dev="sysfs" ino=27837 scontext=u:r:platform_app:s0:c512,c768 tcontext=u:object_r:sysfs:s0 tclass=file permissive=1 app=com.dangbei.screencast
06-13 19:04:39.781 479 938 W TelephonyPermissions: reportAccessDeniedToReadIdentifiers:com.dangbei.screencast:getSerial:-1
06-13 19:04:39.872 2588 2653 V NFC : this device does not have NFC support
06-13 19:04:39.933 479 523 W IorapForwardingService: No service published for: iorapd
06-13 19:04:40.001 1090 1090 E SecondScreen: isShowSecondScreen()=1 getCurrentPageState()=com.monster.gamma.core.LoadService@c3e9611
06-13 19:04:40.009 2071 2071 I DefaultIMS: onStartInput attribute=android.view.inputmethod.EditorInfo@50dc79f restarting=false inputType: 0
06-13 19:04:40.128 479 1045 E TaskPersister: File error accessing recents directory (directory doesn't exist?).
06-13 19:04:40.587 1028 2010 D LanCommander: onServerMessageReceived
06-13 19:04:40.588 1028 2010 D WechatAdapter: lerad_up value is
06-13 19:04:40.588 479 938 D TvWindowManager: key event key = KEYCODE_DPAD_UP down = true
06-13 19:04:40.597 479 597 D GpioService: mFlickerEnable = true
06-13 19:04:40.599 2071 2071 I SogouIME: onKeyDown: keyoCode=19
06-13 19:04:40.599 2071 2071 I DefaultIMS: onKeyDown: keyoCode=19
06-13 19:04:40.603 479 938 D TvWindowManager: key event key = KEYCODE_DPAD_UP down = false
06-13 19:04:40.604 2071 2071 I DefaultIMS: onStartInput attribute=android.view.inputmethod.EditorInfo@a0b0b97 restarting=false inputType: 0
06-13 19:04:40.605 2071 2071 I SogouIME: onKeyUp: keyoCode=19
06-13 19:04:40.605 2071 2071 I DefaultIMS: onKeyUp: keyoCode=19
06-13 19:04:40.917 479 523 D CompatibilityChangeReporter: Compat change id reported: 168419799; UID 10075; state: DISABLED
06-13 19:04:40.935 479 523 W IorapForwardingService: No service published for: iorapd
06-13 19:04:41.275 1028 2010 D LanCommander: onServerMessageReceived
06-13 19:04:41.276 1028 2010 D WechatAdapter: lerad_find_controller value is
06-13 19:04:41.276 1028 2010 D WechatAdapter: doSettingsWork: side_function_tag_pre_find_remote_controller
06-13 19:04:41.279 1028 2010 E sendMessageToEtnaNew: to:com.dangbei.etna.setting params:{"action":"do","functionTag":"side_function_tag_pre_find_remote_controller","value":0,"valueString":null}
06-13 19:04:41.279 1028 2010 E ccc : cccccc SideHelper onMessage side_function_tag_pre_find_remote_controller do
06-13 19:04:41.572 479 882 D BufferPoolAccessor2.0: bufferpool2 0xee1ecb58 : 0(0 size) total buffers - 0(0 size) used buffers - 2/7 (recycle/alloc) - 5/60 (fetch/transfer)
06-13 19:04:41.572 479 882 D BufferPoolAccessor2.0: evictor expired: 1, evicted: 1
06-13 19:04:41.575 395 758 D BufferPoolAccessor2.0: evictor expired: 5, evicted: 0
06-13 19:04:41.605 1028 2010 D LanCommander: onServerMessageReceived
06-13 19:04:41.605 1028 2010 D WechatAdapter: lerad_find_controller value is
06-13 19:04:41.605 1028 2010 D WechatAdapter: doSettingsWork: side_function_tag_pre_find_remote_controller
06-13 19:04:41.605 1028 2010 E sendMessageToEtnaNew: to:com.dangbei.etna.setting params:{"action":"do","functionTag":"side_function_tag_pre_find_remote_controller","value":0,"valueString":null}
06-13 19:04:41.606 1028 2010 E ccc : cccccc SideHelper onMessage side_function_tag_pre_find_remote_controller do
06-13 19:04:41.751 2299 2827 W ServiceDescriptorBinder: UPnP specification violation: Not producing element to be compatible with WMP12: (ActionArgument, OUT) Actions
06-13 19:04:41.771 815 911 D BufferPoolAccessor2.0: evictor expired: 2, evicted: 0
06-13 19:04:41.788 661 661 E WifiHAL : wifi_get_link_stats: requestResponse Error:-5
06-13 19:04:41.790 479 609 E WifiVendorHal: getWifiLinkLayerStats_1_5_Internal(l.1191) failed {.code = ERROR_INVALID_ARGS, .description = }
06-13 19:04:41.918 2299 2827 W ServiceDescriptorBinder: UPnP specification violation: Not producing element to be compatible with WMP12: (ActionArgument, OUT) CurrentVolume
06-13 19:04:41.919 2299 2827 W ServiceDescriptorBinder: UPnP specification violation: Not producing element to be compatible with WMP12: (ActionArgument, OUT) CurrentMute
06-13 19:04:41.919 2299 2827 W ServiceDescriptorBinder: UPnP specification violation: Not producing element to be compatible with WMP12: (ActionArgument, OUT) CurrentPresetNameList
06-13 19:04:41.919 2299 2827 W ServiceDescriptorBinder: UPnP specification violation: Not producing element to be compatible with WMP12: (ActionArgument, OUT) CurrentLoudness
06-13 19:04:41.919 2299 2827 W ServiceDescriptorBinder: UPnP specification violation: Not producing element to be compatible with WMP12: (ActionArgument, OUT) CurrentVolume
06-13 19:04:41.937 479 523 W IorapForwardingService: No service published for: iorapd
06-13 19:04:42.188 1028 2010 D LanCommander: onServerMessageReceived
06-13 19:04:42.188 1028 2010 D WechatAdapter: lerad_find_controller value is
06-13 19:04:42.189 1028 2010 D WechatAdapter: doSettingsWork: side_function_tag_pre_find_remote_controller
06-13 19:04:42.189 1028 2010 E sendMessageToEtnaNew: to:com.dangbei.etna.setting params:{"action":"do","functionTag":"side_function_tag_pre_find_remote_controller","value":0,"valueString":null}
06-13 19:04:42.190 1028 2010 E ccc : cccccc SideHelper onMessage side_function_tag_pre_find_remote_controller do
06-13 19:04:42.367 2702 2833 D ProfileInstaller: Skipping profile installation for com.oranth.powerwindow
06-13 19:04:42.572 1028 2010 D LanCommander: onServerMessageReceived
06-13 19:04:42.572 479 882 D BufferPoolAccessor2.0: bufferpool2 0xee74d798 : 0(0 size) total buffers - 0(0 size) used buffers - 2/7 (recycle/alloc) - 5/50 (fetch/transfer)
06-13 19:04:42.572 479 882 D BufferPoolAccessor2.0: bufferpool2 0xee1ec798 : 0(0 size) total buffers - 0(0 size) used buffers - 2/7 (recycle/alloc) - 5/42 (fetch/transfer)
06-13 19:04:42.572 479 882 D BufferPoolAccessor2.0: evictor expired: 8, evicted: 2
06-13 19:04:42.572 1028 2010 D WechatAdapter: lerad_find_controller value is
06-13 19:04:42.572 1028 2010 D WechatAdapter: doSettingsWork: side_function_tag_pre_find_remote_controller
06-13 19:04:42.572 1028 2010 E sendMessageToEtnaNew: to:com.dangbei.etna.setting params:{"action":"do","functionTag":"side_function_tag_pre_find_remote_controller","value":0,"valueString":null}
06-13 19:04:42.573 1028 2010 E ccc : cccccc SideHelper onMessage side_function_tag_pre_find_remote_controller do
06-13 19:04:42.575 395 758 D BufferPoolAccessor2.0: bufferpool2 0xec6b4198 : 0(0 size) total buffers - 0(0 size) used buffers - 17/19 (recycle/alloc) - 2/18 (fetch/transfer)
06-13 19:04:42.575 395 758 D BufferPoolAccessor2.0: bufferpool2 0xec6b3f18 : 0(0 size) total buffers - 0(0 size) used buffers - 24/28 (recycle/alloc) - 4/27 (fetch/transfer)
06-13 19:04:42.575 395 758 D BufferPoolAccessor2.0: bufferpool2 0xec6b42d8 : 0(0 size) total buffers - 0(0 size) used buffers - 20/23 (recycle/alloc) - 3/22 (fetch/transfer)
06-13 19:04:42.575 395 758 D BufferPoolAccessor2.0: evictor expired: 4, evicted: 3
06-13 19:04:42.892 1028 2010 D LanCommander: onServerMessageReceived
06-13 19:04:42.892 1028 2010 D WechatAdapter: lerad_find_controller value is
06-13 19:04:42.892 1028 2010 D WechatAdapter: doSettingsWork: side_function_tag_pre_find_remote_controller
06-13 19:04:42.893 1028 2010 E sendMessageToEtnaNew: to:com.dangbei.etna.setting params:{"action":"do","functionTag":"side_function_tag_pre_find_remote_controller","value":0,"valueString":null}
06-13 19:04:42.893 1028 2010 E ccc : cccccc SideHelper onMessage side_function_tag_pre_find_remote_controller do
06-13 19:04:42.939 479 523 W IorapForwardingService: No service published for: iorapd
06-13 19:04:43.741 254 302 D audio_hw_primary: out_standby
06-13 19:04:43.942 479 523 W IorapForwardingService: No service published for: iorapd
06-13 19:04:44.110 2299 2370 I crashsdk: crashsdk uploading logs
06-13 19:04:44.120 1028 2010 D LanCommander: onServerMessageReceived
06-13 19:04:44.121 1028 2010 D WechatAdapter: lerad_find_controller value is
06-13 19:04:44.121 1028 2010 D WechatAdapter: doSettingsWork: side_function_tag_pre_find_remote_controller
06-13 19:04:44.122 1028 2010 E sendMessageToEtnaNew: to:com.dangbei.etna.setting params:{"action":"do","functionTag":"side_function_tag_pre_find_remote_controller","value":0,"valueString":null}
06-13 19:04:44.122 1028 2010 E ccc : cccccc SideHelper onMessage side_function_tag_pre_find_remote_controller do
06-13 19:04:44.322 479 755 D SntpClient: request time failed: java.net.SocketTimeoutException: Poll timed out
06-13 19:04:44.322 479 755 D SntpClient: request time failed
06-13 19:04:44.396 479 755 D SntpClient: round trip: 57ms, clock offset: -282ms
06-13 19:04:44.569 1028 2010 D LanCommander: onServerMessageReceived
06-13 19:04:44.569 1028 2010 D WechatAdapter: lerad_find_controller value is
06-13 19:04:44.569 1028 2010 D WechatAdapter: doSettingsWork: side_function_tag_pre_find_remote_controller
06-13 19:04:44.570 1028 2010 E sendMessageToEtnaNew: to:com.dangbei.etna.setting params:{"action":"do","functionTag":"side_function_tag_pre_find_remote_controller","value":0,"valueString":null}
06-13 19:04:44.570 1028 2010 E ccc : cccccc SideHelper onMessage side_function_tag_pre_find_remote_controller do
06-13 19:04:44.806 661 661 E WifiHAL : wifi_get_link_stats: requestResponse Error:-5
06-13 19:04:44.808 479 609 E WifiVendorHal: getWifiLinkLayerStats_1_5_Internal(l.1191) failed {.code = ERROR_INVALID_ARGS, .description = }
06-13 19:04:44.849 1900 1944 E ServerInterface: Server timed out
06-13 19:04:44.849 1900 1944 E ServerInterface: java.net.SocketTimeoutException: failed to connect to remoteprovisioning.googleapis.com/142.251.33.74 (port 443) from /10.192.35.42 (port 58130) after 5000ms
06-13 19:04:44.849 1900 1944 E ServerInterface: at libcore.io.IoBridge.connectErrno(IoBridge.java:236)
06-13 19:04:44.849 1900 1944 E ServerInterface: at libcore.io.IoBridge.connect(IoBridge.java:180)
06-13 19:04:44.849 1900 1944 E ServerInterface: at java.net.PlainSocketImpl.socketConnect(PlainSocketImpl.java:142)
06-13 19:04:44.849 1900 1944 E ServerInterface: at java.net.AbstractPlainSocketImpl.doConnect(AbstractPlainSocketImpl.java:390)
06-13 19:04:44.849 1900 1944 E ServerInterface: at java.net.AbstractPlainSocketImpl.connectToAddress(AbstractPlainSocketImpl.java:230)
06-13 19:04:44.849 1900 1944 E ServerInterface: at java.net.AbstractPlainSocketImpl.connect(AbstractPlainSocketImpl.java:212)
06-13 19:04:44.849 1900 1944 E ServerInterface: at java.net.SocksSocketImpl.connect(SocksSocketImpl.java:436)
06-13 19:04:44.849 1900 1944 E ServerInterface: at java.net.Socket.connect(Socket.java:621)
06-13 19:04:44.849 1900 1944 E ServerInterface: at com.android.okhttp.internal.Platform.connectSocket(Platform.java:182)
06-13 19:04:44.849 1900 1944 E ServerInterface: at com.android.okhttp.internal.io.RealConnection.connectSocket(RealConnection.java:145)
06-13 19:04:44.849 1900 1944 E ServerInterface: at com.android.okhttp.internal.io.RealConnection.connect(RealConnection.java:116)
06-13 19:04:44.849 1900 1944 E ServerInterface: at com.android.okhttp.internal.http.StreamAllocation.findConnection(StreamAllocation.java:186)
06-13 19:04:44.849 1900 1944 E ServerInterface: at com.android.okhttp.internal.http.StreamAllocation.findHealthyConnection(StreamAllocation.java:128)
06-13 19:04:44.849 1900 1944 E ServerInterface: at com.android.okhttp.internal.http.StreamAllocation.newStream(StreamAllocation.java:97)
06-13 19:04:44.849 1900 1944 E ServerInterface: at com.android.okhttp.internal.http.HttpEngine.connect(HttpEngine.java:289)
06-13 19:04:44.849 1900 1944 E ServerInterface: at com.android.okhttp.internal.http.HttpEngine.sendRequest(HttpEngine.java:232)
06-13 19:04:44.849 1900 1944 E ServerInterface: at com.android.okhttp.internal.huc.HttpURLConnectionImpl.execute(HttpURLConnectionImpl.java:465)
06-13 19:04:44.849 1900 1944 E ServerInterface: at com.android.okhttp.internal.huc.HttpURLConnectionImpl.connect(HttpURLConnectionImpl.java:131)
06-13 19:04:44.849 1900 1944 E ServerInterface: at com.android.okhttp.internal.huc.HttpURLConnectionImpl.getOutputStream(HttpURLConnectionImpl.java:262)
06-13 19:04:44.849 1900 1944 E ServerInterface: at com.android.okhttp.internal.huc.DelegatingHttpsURLConnection.getOutputStream(DelegatingHttpsURLConnection.java:219)
06-13 19:04:44.849 1900 1944 E ServerInterface: at com.android.okhttp.internal.huc.HttpsURLConnectionImpl.getOutputStream(HttpsURLConnectionImpl.java:30)
06-13 19:04:44.849 1900 1944 E ServerInterface: at com.android.remoteprovisioner.ServerInterface.fetchGeek(ServerInterface.java:120)
06-13 19:04:44.849 1900 1944 E ServerInterface: at com.android.remoteprovisioner.PeriodicProvisioner$ProvisionerThread.run(PeriodicProvisioner.java:135)
06-13 19:04:44.849 1900 1944 E RemoteProvisioningService: Failed to get a response from the server.
06-13 19:04:44.943 479 523 W IorapForwardingService: No service published for: iorapd
06-13 19:04:44.949 479 997 W ZramWriteback: Writeback device is not set
06-13 19:04:44.949 479 997 D ZramWriteback: wait to flush
06-13 19:04:45.496 210 225 I keystore2: keystore2::watchdog: Watchdog thread idle -> terminating. Have a great day.
06-13 19:04:45.896 2841 2841 I Thread-2: type=1400 audit(0.0:1050): avc: denied { execute } for name="am" dev="dm-1" ino=1160 scontext=u:r:system_app:s0 tcontext=u:object_r:vendor_file:s0 tclass=file permissive=1
06-13 19:04:45.896 2841 2841 I Thread-2: type=1400 audit(0.0:1051): avc: denied { read open } for path="/vendor/xbin/am" dev="dm-1" ino=1160 scontext=u:r:system_app:s0 tcontext=u:object_r:vendor_file:s0 tclass=file permissive=1
06-13 19:04:45.896 2841 2841 I Thread-2: type=1400 audit(0.0:1052): avc: denied { execute_no_trans } for path="/vendor/xbin/am" dev="dm-1" ino=1160 scontext=u:r:system_app:s0 tcontext=u:object_r:vendor_file:s0 tclass=file permissive=1
06-13 19:04:45.946 479 523 W IorapForwardingService: No service published for: iorapd
06-13 19:04:45.962 479 2367 I ActivityManager: Killing 1535:com.android.dynsystem/1000 (adj 985): empty #17
06-13 19:04:45.965 1134 1134 D aaa : LedStatusService onStartCommand begin
06-13 19:04:45.966 479 544 I libprocessgroup: Successfully killed process cgroup uid 1000 pid 1535 in 0ms
06-13 19:04:45.968 1134 2849 D aaa : topPkg is -------------- :com.dangbei.leard.leradlauncher
06-13 19:04:45.974 1134 2849 D aaa : WiFi is connect
06-13 19:04:45.974 1173 1173 D bbb : onStartCommand begin !!!!!!! data分区剩余 24979MB
06-13 19:04:45.997 249 249 I Zygote : Process 1535 exited due to signal 9 (Killed)
06-13 19:04:46.948 479 523 W IorapForwardingService: No service published for: iorapd
06-13 19:04:47.356 2299 2299 I cling--ap-2: type=1400 audit(0.0:1053): avc: denied { search } for name="net" dev="sysfs" ino=10442 scontext=u:r:platform_app:s0:c512,c768 tcontext=u:object_r:sysfs_net:s0 tclass=dir permissive=1 app=com.dangbei.screencast
06-13 19:04:47.601 2147 2236 D UtilLog : 日志批量上报 进行正常循环 !!!!!!本次有0次请求,共0条数据
06-13 19:04:47.826 661 661 E WifiHAL : wifi_get_link_stats: requestResponse Error:-5
06-13 19:04:47.828 479 609 E WifiVendorHal: getWifiLinkLayerStats_1_5_Internal(l.1191) failed {.code = ERROR_INVALID_ARGS, .description = }
06-13 19:04:47.951 479 523 W IorapForwardingService: No service published for: iorapd
06-13 19:04:48.954 479 523 W IorapForwardingService: No service published for: iorapd
06-13 19:04:49.200 2299 2299 I efs-base: type=1400 audit(0.0:1054): avc: denied { search } for name="com.dangbei.screencast" dev="mmcblk0p25" ino=889 scontext=u:r:platform_app:s0:c512,c768 tcontext=u:object_r:app_data_file:s0:c512,c768 tclass=dir permissive=1 app=com.dangbei.screencast
06-13 19:04:49.200 2299 2299 I efs-base: type=1400 audit(0.0:1055): avc: denied { getattr } for path="/data/user/0/com.dangbei.screencast/app_UApm/5fc60c21094d637f3130af19/ready" dev="mmcblk0p25" ino=2059 scontext=u:r:platform_app:s0:c512,c768 tcontext=u:object_r:app_data_file:s0:c512,c768 tclass=dir permissive=1 app=com.dangbei.screencast
06-13 19:04:49.200 2299 2299 I efs-base: type=1400 audit(0.0:1056): avc: denied { read } for name="ready" dev="mmcblk0p25" ino=2059 scontext=u:r:platform_app:s0:c512,c768 tcontext=u:object_r:app_data_file:s0:c512,c768 tclass=dir permissive=1 app=com.dangbei.screencast
06-13 19:04:49.200 2299 2299 I efs-base: type=1400 audit(0.0:1057): avc: denied { open } for path="/data/user/0/com.dangbei.screencast/app_UApm/5fc60c21094d637f3130af19/ready" dev="mmcblk0p25" ino=2059 scontext=u:r:platform_app:s0:c512,c768 tcontext=u:object_r:app_data_file:s0:c512,c768 tclass=dir permissive=1 app=com.dangbei.screencast
06-13 19:04:49.956 479 523 W IorapForwardingService: No service published for: iorapd
06-13 19:04:50.847 661 661 E WifiHAL : wifi_get_link_stats: requestResponse Error:-5
06-13 19:04:50.849 479 609 E WifiVendorHal: getWifiLinkLayerStats_1_5_Internal(l.1191) failed {.code = ERROR_INVALID_ARGS, .description = }
06-13 19:04:50.959 479 523 W IorapForwardingService: No service published for: iorapd
06-13 19:04:51.962 479 523 W IorapForwardingService: No service published for: iorapd
06-13 19:04:52.902 479 609 E WifiHealthMonitor: Hit PackageManager exception
06-13 19:04:52.902 479 609 E WifiHealthMonitor: android.content.pm.PackageManager$NameNotFoundException: No module info for package: com.android.wifi
06-13 19:04:52.902 479 609 E WifiHealthMonitor: at android.app.ApplicationPackageManager.getModuleInfo(ApplicationPackageManager.java:1079)
06-13 19:04:52.902 479 609 E WifiHealthMonitor: at com.android.server.wifi.WifiHealthMonitor.getWifiStackVersion(WifiHealthMonitor.java:366)
06-13 19:04:52.902 479 609 E WifiHealthMonitor: at com.android.server.wifi.WifiHealthMonitor.extractCurrentSoftwareBuildInfo(WifiHealthMonitor.java:587)
06-13 19:04:52.902 479 609 E WifiHealthMonitor: at com.android.server.wifi.WifiHealthMonitor.postBootSwBuildCheck(WifiHealthMonitor.java:522)
06-13 19:04:52.902 479 609 E WifiHealthMonitor: at com.android.server.wifi.WifiHealthMonitor.postBootDetectionHandler(WifiHealthMonitor.java:513)
06-13 19:04:52.902 479 609 E WifiHealthMonitor: at com.android.server.wifi.WifiHealthMonitor.access$500(WifiHealthMonitor.java:71)
06-13 19:04:52.902 479 609 E WifiHealthMonitor: at com.android.server.wifi.WifiHealthMonitor$2.onAlarm(WifiHealthMonitor.java:190)
06-13 19:04:52.902 479 609 E WifiHealthMonitor: at android.app.AlarmManager$ListenerWrapper.run(AlarmManager.java:323)
06-13 19:04:52.902 479 609 E WifiHealthMonitor: at android.os.Handler.handleCallback(Handler.java:938)
06-13 19:04:52.902 479 609 E WifiHealthMonitor: at android.os.Handler.dispatchMessage(Handler.java:99)
06-13 19:04:52.902 479 609 E WifiHealthMonitor: at android.os.Looper.loopOnce(Looper.java:201)
06-13 19:04:52.902 479 609 E WifiHealthMonitor: at android.os.Looper.loop(Looper.java:288)
06-13 19:04:52.902 479 609 E WifiHealthMonitor: at android.os.HandlerThread.run(HandlerThread.java:67)
06-13 19:04:52.904 661 661 E WifiHAL : wifi_get_driver_version: Error -5 happened.
06-13 19:04:52.904 661 661 E android.hardware.wifi@1.0-service-lazy: Failed to get driver version: INVALID_ARGS
06-13 19:04:52.906 479 609 E WifiVendorHal: requestChipDebugInfo(l.2167) failed {.code = ERROR_INVALID_ARGS, .description = failed to get driver version}
06-13 19:04:52.907 479 609 I WifiVendorHal: Driver: null Firmware: null
06-13 19:04:52.908 661 661 E WifiHAL : wifi_get_driver_version: Error -5 happened.
06-13 19:04:52.908 661 661 E android.hardware.wifi@1.0-service-lazy: Failed to get driver version: INVALID_ARGS
06-13 19:04:52.911 479 609 E WifiVendorHal: requestChipDebugInfo(l.2167) failed {.code = ERROR_INVALID_ARGS, .description = failed to get driver version}
06-13 19:04:52.911 479 609 I WifiVendorHal: Driver: null Firmware: null
06-13 19:04:52.912 479 593 D CompatibilityChangeReporter: Compat change id reported: 168419799; UID 10020; state: DISABLED
06-13 19:04:52.915 1847 2852 D EpgDataCleanupService: Received intent: Intent { act=com.android.providers.tv.intent.CLEAN_UP_EPG_DATA cmp=com.android.providers.tv/.EpgDataCleanupService }
06-13 19:04:52.936 248 248 I Binder:248_1: type=1400 audit(0.0:1058): avc: denied { add_name } for name="globalAlert" scontext=u:r:netd:s0 tcontext=u:object_r:proc_net:s0 tclass=dir permissive=1
06-13 19:04:52.936 248 248 I Binder:248_1: type=1400 audit(0.0:1059): avc: denied { create } for name="globalAlert" scontext=u:r:netd:s0 tcontext=u:object_r:proc_net:s0 tclass=file permissive=1
06-13 19:04:52.963 479 523 W IorapForwardingService: No service published for: iorapd
06-13 19:04:53.351 479 2367 D WifiNl80211Manager: Scan result ready event
06-13 19:04:53.352 479 2367 D WifiNative: Scan result ready event
06-13 19:04:53.367 479 613 W IE_Capabilities: Unknown RSN cipher suite: 6ac0f00
06-13 19:04:53.373 479 613 W IE_Capabilities: Unknown RSN cipher suite: 6ac0f00
06-13 19:04:53.377 479 613 W IE_Capabilities: Unknown RSN cipher suite: 6ac0f00
06-13 19:04:53.383 479 613 W IE_Capabilities: Unknown RSN cipher suite: 6ac0f00
06-13 19:04:53.389 479 613 W IE_Capabilities: Unknown RSN cipher suite: 6ac0f00
06-13 19:04:53.398 479 613 W IE_Capabilities: Unknown RSN cipher suite: 6ac0f00
06-13 19:04:53.396 2299 2299 I cling--ap-2: type=1400 audit(0.0:1060): avc: denied { read } for name="address" dev="sysfs" ino=16906 scontext=u:r:platform_app:s0:c512,c768 tcontext=u:object_r:sysfs_net:s0 tclass=file permissive=1 app=com.dangbei.screencast
06-13 19:04:53.396 2299 2299 I cling--ap-2: type=1400 audit(0.0:1061): avc: denied { open } for path="/sys/devices/virtual/net/dummy0/address" dev="sysfs" ino=16906 scontext=u:r:platform_app:s0:c512,c768 tcontext=u:object_r:sysfs_net:s0 tclass=file permissive=1 app=com.dangbei.screencast
06-13 19:04:53.396 2299 2299 I cling--ap-2: type=1400 audit(0.0:1062): avc: denied { getattr } for path="/sys/devices/virtual/net/dummy0/address" dev="sysfs" ino=16906 scontext=u:r:platform_app:s0:c512,c768 tcontext=u:object_r:sysfs_net:s0 tclass=file permissive=1 app=com.dangbei.screencast
06-13 19:04:53.402 479 613 W IE_Capabilities: Unknown RSN cipher suite: 6ac0f00
06-13 19:04:53.404 479 613 W IE_Capabilities: Unknown RSN cipher suite: 6ac0f00
06-13 19:04:53.410 479 613 W IE_Capabilities: Unknown RSN cipher suite: 6ac0f00
06-13 19:04:53.413 479 613 W IE_Capabilities: Unknown RSN cipher suite: 6ac0f00
06-13 19:04:53.414 479 613 W IE_Capabilities: Unknown RSN cipher suite: 6ac0f00
06-13 19:04:53.422 479 613 W IE_Capabilities: Unknown RSN cipher suite: 6ac0f00
06-13 19:04:53.423 479 613 W IE_Capabilities: Unknown RSN cipher suite: 6ac0f00
06-13 19:04:53.425 479 613 W IE_Capabilities: Unknown RSN cipher suite: 6ac0f00
06-13 19:04:53.426 479 613 W IE_Capabilities: Unknown RSN cipher suite: 6ac0f00
06-13 19:04:53.451 661 661 E WifiHAL : wifi_get_link_stats: requestResponse Error:-5
06-13 19:04:53.454 479 609 E WifiVendorHal: getWifiLinkLayerStats_1_5_Internal(l.1191) failed {.code = ERROR_INVALID_ARGS, .description = }
06-13 19:04:53.866 661 661 E WifiHAL : wifi_get_link_stats: requestResponse Error:-5
06-13 19:04:53.868 479 609 E WifiVendorHal: getWifiLinkLayerStats_1_5_Internal(l.1191) failed {.code = ERROR_INVALID_ARGS, .description = }
06-13 19:04:53.966 479 523 W IorapForwardingService: No service published for: iorapd
06-13 19:04:53.973 1134 1134 D aaa : LedStatusService onStartCommand begin
06-13 19:04:53.974 1134 2861 D aaa : topPkg is -------------- :com.dangbei.leard.leradlauncher
06-13 19:04:53.976 1173 1173 D bbb : onStartCommand begin !!!!!!! data分区剩余 24979MB
06-13 19:04:53.977 1134 2861 D aaa : WiFi is connect
06-13 19:04:54.968 479 523 W IorapForwardingService: No service published for: iorapd
06-13 19:04:55.971 479 523 W IorapForwardingService: No service published for: iorapd
06-13 19:04:56.502 1028 2010 D LanCommander: onServerMessageReceived
06-13 19:04:56.502 1028 2010 D WechatAdapter: lerad_heart_rate value is
06-13 19:04:56.882 661 661 E WifiHAL : wifi_get_link_stats: requestResponse Error:-5
06-13 19:04:56.885 479 609 E WifiVendorHal: getWifiLinkLayerStats_1_5_Internal(l.1191) failed {.code = ERROR_INVALID_ARGS, .description = }
06-13 19:04:56.973 479 523 W IorapForwardingService: No service published for: iorapd
06-13 19:04:57.595 2147 2236 D UtilLog : 日志批量上报 进行正常循环 !!!!!!本次有0次请求,共0条数据
06-13 19:04:57.976 479 523 W IorapForwardingService: No service published for: iorapd
06-13 19:04:58.978 479 523 W IorapForwardingService: No service published for: iorapd
06-13 19:04:59.902 661 661 E WifiHAL : wifi_get_link_stats: requestResponse Error:-5
06-13 19:04:59.905 479 609 E WifiVendorHal: getWifiLinkLayerStats_1_5_Internal(l.1191) failed {.code = ERROR_INVALID_ARGS, .description = }
06-13 19:04:59.981 479 523 W IorapForwardingService: No service published for: iorapd
06-13 19:05:00.983 479 523 W IorapForwardingService: No service published for: iorapd
06-13 19:05:01.984 479 523 W IorapForwardingService: No service published for: iorapd
06-13 19:05:02.018 1134 1134 D aaa : LedStatusService onStartCommand begin
06-13 19:05:02.024 1173 1173 D bbb : onStartCommand begin !!!!!!! data分区剩余 24979MB
06-13 19:05:02.027 1134 2874 D aaa : topPkg is -------------- :com.dangbei.leard.leradlauncher
06-13 19:05:02.031 1134 2874 D aaa : WiFi is connect
06-13 19:05:02.216 479 496 I system_server: Background young concurrent copying GC freed 351484(14MB) AllocSpace objects, 104(2640KB) LOS objects, 61% free, 10MB/28MB, paused 1.777ms total 204.743ms
06-13 19:05:02.923 661 661 E WifiHAL : wifi_get_link_stats: requestResponse Error:-5
06-13 19:05:02.925 479 609 E WifiVendorHal: getWifiLinkLayerStats_1_5_Internal(l.1191) failed {.code = ERROR_INVALID_ARGS, .description = }
06-13 19:05:02.987 479 523 W IorapForwardingService: No service published for: iorapd
06-13 19:05:03.990 479 523 W IorapForwardingService: No service published for: iorapd
06-13 19:05:04.992 479 523 W IorapForwardingService: No service published for: iorapd
06-13 19:05:05.208 2299 2299 I ModuleDataForwa: type=1400 audit(0.0:1063): avc: denied { write } for name="files" dev="mmcblk0p25" ino=1999 scontext=u:r:platform_app:s0:c512,c768 tcontext=u:object_r:app_data_file:s0:c512,c768 tclass=dir permissive=1 app=com.dangbei.screencast
06-13 19:05:05.208 2299 2299 I ModuleDataForwa: type=1400 audit(0.0:1064): avc: denied { add_name } for name="TD__Env_Synchronous_Lock__" scontext=u:r:platform_app:s0:c512,c768 tcontext=u:object_r:app_data_file:s0:c512,c768 tclass=dir permissive=1 app=com.dangbei.screencast
06-13 19:05:05.208 2299 2299 I ModuleDataForwa: type=1400 audit(0.0:1065): avc: denied { create } for name="TD__Env_Synchronous_Lock__" scontext=u:r:platform_app:s0:c512,c768 tcontext=u:object_r:app_data_file:s0:c512,c768 tclass=file permissive=1 app=com.dangbei.screencast
06-13 19:05:05.216 2299 2299 I ModuleDataForwa: type=1400 audit(0.0:1066): avc: denied { open } for path="/data/user/0/com.dangbei.screencast/files/TD__Env_Synchronous_Lock__" dev="mmcblk0p25" ino=2978 scontext=u:r:platform_app:s0:c512,c768 tcontext=u:object_r:app_data_file:s0:c512,c768 tclass=file permissive=1 app=com.dangbei.screencast
06-13 19:05:05.216 2299 2299 I ModuleDataForwa: type=1400 audit(0.0:1067): avc: denied { lock } for path="/data/user/0/com.dangbei.screencast/files/TD__Env_Synchronous_Lock__" dev="mmcblk0p25" ino=2978 scontext=u:r:platform_app:s0:c512,c768 tcontext=u:object_r:app_data_file:s0:c512,c768 tclass=file permissive=1 app=com.dangbei.screencast
06-13 19:05:05.529 2299 2310 I gbei.screencas: Background concurrent copying GC freed 54336(5245KB) AllocSpace objects, 7(220KB) LOS objects, 49% free, 6632KB/12MB, paused 130us total 140.663ms
06-13 19:05:05.596 2299 2299 I ModuleDataForwa: type=1400 audit(0.0:1068): avc: denied { remove_name } for name="TD_IP_CACHE.xml" dev="mmcblk0p25" ino=3604 scontext=u:r:platform_app:s0:c512,c768 tcontext=u:object_r:app_data_file:s0:c512,c768 tclass=dir permissive=1 app=com.dangbei.screencast
06-13 19:05:05.596 2299 2299 I ModuleDataForwa: type=1400 audit(0.0:1069): avc: denied { rename } for name="TD_IP_CACHE.xml" dev="mmcblk0p25" ino=3604 scontext=u:r:platform_app:s0:c512,c768 tcontext=u:object_r:app_data_file:s0:c512,c768 tclass=file permissive=1 app=com.dangbei.screencast
06-13 19:05:05.600 2299 2299 I ModuleDataForwa: type=1400 audit(0.0:1070): avc: denied { setattr } for name="TD_IP_CACHE.xml" dev="mmcblk0p25" ino=3617 scontext=u:r:platform_app:s0:c512,c768 tcontext=u:object_r:app_data_file:s0:c512,c768 tclass=file permissive=1 app=com.dangbei.screencast
06-13 19:05:05.600 2299 2299 I ModuleDataForwa: type=1400 audit(0.0:1071): avc: denied { unlink } for name="TD_IP_CACHE.xml.bak" dev="mmcblk0p25" ino=3604 scontext=u:r:platform_app:s0:c512,c768 tcontext=u:object_r:app_data_file:s0:c512,c768 tclass=file permissive=1 app=com.dangbei.screencast
06-13 19:05:05.944 661 661 E WifiHAL : wifi_get_link_stats: requestResponse Error:-5
06-13 19:05:05.947 479 609 E WifiVendorHal: getWifiLinkLayerStats_1_5_Internal(l.1191) failed {.code = ERROR_INVALID_ARGS, .description = }
06-13 19:05:05.994 479 523 W IorapForwardingService: No service published for: iorapd
06-13 19:05:06.996 479 523 W IorapForwardingService: No service published for: iorapd
06-13 19:05:07.599 2147 2236 D UtilLog : 日志批量上报 进行正常循环 !!!!!!本次有0次请求,共0条数据
06-13 19:05:07.999 479 523 W IorapForwardingService: No service published for: iorapd
06-13 19:05:08.964 661 661 E WifiHAL : wifi_get_link_stats: requestResponse Error:-5
06-13 19:05:08.967 479 609 E WifiVendorHal: getWifiLinkLayerStats_1_5_Internal(l.1191) failed {.code = ERROR_INVALID_ARGS, .description = }
06-13 19:05:09.001 479 523 W IorapForwardingService: No service published for: iorapd
06-13 19:05:10.003 479 523 W IorapForwardingService: No service published for: iorapd
06-13 19:05:10.047 1134 1134 D aaa : LedStatusService onStartCommand begin
06-13 19:05:10.049 1134 2893 D aaa : topPkg is -------------- :com.dangbei.leard.leradlauncher
06-13 19:05:10.050 1173 1173 D bbb : onStartCommand begin !!!!!!! data分区剩余 24979MB
06-13 19:05:10.052 1134 2893 D aaa : WiFi is connect
06-13 19:05:11.005 479 523 W IorapForwardingService: No service published for: iorapd
06-13 19:05:11.186 191 191 I logd : logdr: UID=2000 GID=2000 PID=2895 n tail=0 logMask=99 pid=0 start=0ns deadline=0ns