06-13 19:04:11.730 479 479 I SystemServerTiming: StartVoiceRecognitionManager
06-13 19:04:11.731 479 479 I SystemServiceManager: Starting com.android.server.voiceinteraction.VoiceInteractionManagerService
06-13 19:04:11.736 318 318 D XiriService: check file name: /data/data/com.softwinner.miracastReceiver/lib
06-13 19:04:11.737 318 318 D XiriService: check file name: /data/data/com.softwinner.miracastReceiver/lib
06-13 19:04:11.737 318 318 D XiriService: check file name: /data/data/com.softwinner.miracastReceiver/lib
06-13 19:04:11.737 318 318 D XiriService: check file name: /data/data/com.softwinner.miracastReceiver/lib
06-13 19:04:11.744 318 318 D XiriService: check file name: /data/data/com.android.bluetooth/lib
06-13 19:04:11.744 318 318 D XiriService: check file name: /data/data/com.android.bluetooth/lib
06-13 19:04:11.740 318 318 I xiriservice_All: type=1400 audit(0.0:319): avc: denied { read } for name="lib" dev="mmcblk0p25" ino=3327 scontext=u:r:init:s0 tcontext=u:object_r:bluetooth_data_file:s0 tclass=lnk_file permissive=1
06-13 19:04:11.745 318 318 D XiriService: check file name: /data/data/com.android.bluetooth/lib
06-13 19:04:11.745 318 318 D XiriService: check file name: /data/data/com.android.bluetooth/lib
06-13 19:04:11.752 318 318 D XiriService: check file name: /data/data/com.android.bluetooth/lib
06-13 19:04:11.753 318 318 D XiriService: check file name: /data/data/com.android.bluetooth/lib
06-13 19:04:11.765 479 479 I SystemServerTiming: StartAppHibernationService
06-13 19:04:11.765 479 479 I SystemServiceManager: Starting com.android.server.apphibernation.AppHibernationService
06-13 19:04:11.768 479 479 I SystemServerTiming: StartGestureLauncher
06-13 19:04:11.768 479 479 I SystemServiceManager: Starting com.android.server.GestureLauncherService
06-13 19:04:11.769 479 479 I SystemServerTiming: StartSensorNotification
06-13 19:04:11.769 479 479 I SystemServiceManager: Starting com.android.server.SensorNotificationService
06-13 19:04:11.769 479 479 I SystemServerTiming: StartDiskStatsService
06-13 19:04:11.774 479 479 I SystemServerTiming: RuntimeService
06-13 19:04:11.775 479 479 I SystemServerTiming: StartNetworkTimeUpdateService
06-13 19:04:11.777 479 479 I SystemServerTiming: CertBlacklister
06-13 19:04:11.779 479 479 I SystemServerTiming: StartEmergencyAffordanceService
06-13 19:04:11.779 479 479 I SystemServiceManager: Starting com.android.server.emergency.EmergencyAffordanceService
06-13 19:04:11.781 479 520 I SystemServerTimingAsync: InitThreadPoolExec:startBlobStoreManagerService
06-13 19:04:11.781 479 520 D SystemServerInitThreadPool: Started executing startBlobStoreManagerService
06-13 19:04:11.781 479 520 I SystemServerTimingAsync: startBlobStoreManagerService
06-13 19:04:11.782 479 520 I SystemServiceManager: Starting com.android.server.blob.BlobStoreManagerService
06-13 19:04:11.782 479 479 I SystemServerTiming: StartDreamManager
06-13 19:04:11.782 479 479 I SystemServiceManager: Starting com.android.server.dreams.DreamManagerService
06-13 19:04:11.784 479 572 I PackageManager: Deferred reconcileAppsData finished 98 packages
06-13 19:04:11.784 479 572 D SystemServerInitThreadPool: Finished executing prepareAppData
06-13 19:04:11.785 479 479 I SystemServerTiming: AddGraphicsStatsService
06-13 19:04:11.796 479 479 I SystemServerTiming: StartRestrictionManager
06-13 19:04:11.796 479 479 I SystemServiceManager: Starting com.android.server.restrictions.RestrictionsManagerService
06-13 19:04:11.797 479 520 D SystemServerInitThreadPool: Finished executing startBlobStoreManagerService
06-13 19:04:11.798 479 479 I SystemServerTiming: StartMediaSessionService
06-13 19:04:11.798 479 479 I SystemServiceManager: Starting com.android.server.media.MediaSessionService
06-13 19:04:11.803 479 479 I SystemServerTiming: StartHdmiControlService
06-13 19:04:11.803 479 479 I SystemServiceManager: Starting com.android.server.hdmi.HdmiControlService
06-13 19:04:11.814 187 187 I hwservicemanager: getTransport: Cannot find entry android.hardware.tv.cec@1.1::IHdmiCec/default in either framework or device VINTF manifest.
06-13 19:04:11.815 479 479 E HDMI : [1]:Couldn't connect to cec@1.1java.util.NoSuchElementException
06-13 19:04:11.815 479 479 W HDMI : [1]:Couldn't get tv.cec service.
06-13 19:04:11.815 479 479 W HDMI : [1]:Unable to use cec@1.1
06-13 19:04:11.817 479 479 I android_os_HwBinder: HwBinder: Starting thread pool for getting: android.hardware.tv.cec@1.0::IHdmiCec/default
06-13 19:04:11.821 479 479 I HdmiControlService: Device does not support MHL-control.
06-13 19:04:11.822 269 269 D hdmi-cec: setOption, flag=0x0005, value=0x007a686f
06-13 19:04:11.825 479 523 W IorapForwardingService: No service published for: iorapd
06-13 19:04:11.826 269 269 D hdmi-cec: reset logical address to broadcast
06-13 19:04:11.826 269 269 D hdmi-cec: reset logical address to broadcast
06-13 19:04:11.855 479 496 I system_server: Background young concurrent copying GC freed 88181(5017KB) AllocSpace objects, 18(516KB) LOS objects, 37% free, 8246KB/12MB, paused 1.061ms total 240.785ms
06-13 19:04:11.871 479 497 W JHwRemoteBinder: BinderProxy is being destroyed but the application did not call unlinkToDeath to unlink all of its death recipients beforehand. Releasing leaked death recipient: com.android.server.usb.UsbDeviceManager$UsbHandlerHal$UsbGadgetDeathRecipient
06-13 19:04:11.935 397 397 I update_engine: [INFO:cleanup_previous_update_action.cc(112)] Executing task 4
06-13 19:04:11.936 397 397 I update_engine: [INFO:cleanup_previous_update_action.cc(124)] CleanupPreviousUpdateAction scheduled task ID 5 for WaitBootCompleted
06-13 19:04:11.941 479 479 W SystemServiceManager: Service com.android.server.hdmi.HdmiControlService took 131 ms in onStart
06-13 19:04:11.941 479 479 I SystemServerTiming: StartTvInputManager
06-13 19:04:11.941 479 479 I SystemServiceManager: Starting com.android.server.tv.TvInputManagerService
06-13 19:04:11.944 187 187 I hwservicemanager: getTransport: Cannot find entry android.hardware.tv.input@1.0::ITvInput/default in either framework or device VINTF manifest.
06-13 19:04:11.944 479 479 E TvInputHal: Couldn't get tv.input service.
06-13 19:04:11.949 479 479 I SystemServerTiming: StartMediaResourceMonitor
06-13 19:04:11.949 479 479 I SystemServiceManager: Starting com.android.server.media.MediaResourceMonitorService
06-13 19:04:11.949 479 479 I SystemServerTiming: StartTvRemoteService
06-13 19:04:11.949 479 479 I SystemServiceManager: Starting com.android.server.tv.TvRemoteService
06-13 19:04:11.950 479 479 I SystemServerTiming: StartMediaRouterService
06-13 19:04:11.950 479 479 V HistoricalRegistry: Interaction before persistence initialized
06-13 19:04:11.952 479 479 I SystemServerTiming: StartBiometricService
06-13 19:04:11.952 479 479 I SystemServiceManager: Starting com.android.server.biometrics.BiometricService
06-13 19:04:11.956 479 479 I SystemServerTiming: StartAuthService
06-13 19:04:11.956 479 479 I SystemServiceManager: Starting com.android.server.biometrics.AuthService
06-13 19:04:11.958 479 479 I SystemServerTiming: StartBackgroundDexOptService
06-13 19:04:11.958 479 479 W BackgroundDexOptService: SysProp pm.dexopt.downgrade_after_inactive_days not set
06-13 19:04:11.959 479 479 I SystemServerTiming: StartDynamicCodeLoggingService
06-13 19:04:11.960 479 479 I SystemServerTiming: StartPruneInstantAppsJobService
06-13 19:04:11.960 479 479 I SystemServerTiming: StartShortcutServiceLifecycle
06-13 19:04:11.960 479 479 I SystemServiceManager: Starting com.android.server.pm.ShortcutService$Lifecycle
06-13 19:04:11.962 479 479 V HistoricalRegistry: Interaction before persistence initialized
06-13 19:04:11.963 479 479 I SystemServerTiming: StartLauncherAppsService
06-13 19:04:11.963 479 479 I SystemServiceManager: Starting com.android.server.pm.LauncherAppsService
06-13 19:04:11.965 479 479 I SystemServerTiming: StartCrossProfileAppsService
06-13 19:04:11.965 479 479 I SystemServiceManager: Starting com.android.server.pm.CrossProfileAppsService
06-13 19:04:11.966 479 479 I SystemServerTiming: StartPeopleService
06-13 19:04:11.966 479 479 I SystemServiceManager: Starting com.android.server.people.PeopleService
06-13 19:04:11.967 479 479 I SystemServerTiming: StartMediaMetricsManager
06-13 19:04:11.967 479 479 I SystemServiceManager: Starting com.android.server.media.metrics.MediaMetricsManagerService
06-13 19:04:11.969 479 479 I SystemServerTiming: StartMediaProjectionManager
06-13 19:04:11.969 479 479 I SystemServiceManager: Starting com.android.server.media.projection.MediaProjectionManagerService
06-13 19:04:11.971 479 479 V MediaRouter: Selecting route: RouteInfo{ name=手机, description=null, status=null, category=RouteCategory{ name=系统 types=ROUTE_TYPE_LIVE_AUDIO ROUTE_TYPE_LIVE_VIDEO groupable=false }, supportedTypes=ROUTE_TYPE_LIVE_AUDIO ROUTE_TYPE_LIVE_VIDEO , presentationDisplay=null }
06-13 19:04:11.971 479 479 I MediaRouter: Skip setBluetoothA2dpOn(): types=8388615, isPlaybackActive()=false, BT route=null
06-13 19:04:11.972 479 479 I SystemServerTiming: StartSliceManagerService
06-13 19:04:11.972 479 479 I SystemServiceManager: Starting com.android.server.slice.SliceManagerService$Lifecycle
06-13 19:04:11.976 479 479 I SystemServerTiming: StartStatsCompanion
06-13 19:04:11.985 479 479 I SystemServiceManager: Starting com.android.server.stats.StatsCompanion$Lifecycle
06-13 19:04:11.988 479 479 I SystemServerTiming: StartRebootReadinessManagerService
06-13 19:04:11.997 479 479 I SystemServiceManager: Starting com.android.server.scheduling.RebootReadinessManagerService$Lifecycle
06-13 19:04:12.002 479 479 I TetheringManager: registerTetheringEventCallback:android
06-13 19:04:12.002 479 479 I TetheringManager: registerTetheringEventCallback caller:android
06-13 19:04:12.004 479 479 I SystemServerTiming: StartStatsPullAtomService
06-13 19:04:12.004 479 479 I SystemServiceManager: Starting com.android.server.stats.pull.StatsPullAtomService
06-13 19:04:12.004 479 479 I SystemServerTiming: StartIncidentCompanionService
06-13 19:04:12.004 479 479 I SystemServiceManager: Starting com.android.server.incident.IncidentCompanionService
06-13 19:04:12.005 479 479 I SystemServerTiming: StartMmsService
06-13 19:04:12.005 479 479 I SystemServiceManager: Starting com.android.server.MmsServiceBroker
06-13 19:04:12.007 479 479 I SystemServerTiming: StartAutoFillService
06-13 19:04:12.007 479 479 I SystemServiceManager: Starting com.android.server.autofill.AutofillManagerService
06-13 19:04:12.008 479 479 D AutofillManagerService: setLogLevelFromSettings(): level=2, debug=true, verbose=false
06-13 19:04:12.008 479 479 D AutofillManagerService: setMaxPartitionsFromSettings(): 10
06-13 19:04:12.008 479 479 D AutofillManagerService: setMaxVisibleDatasetsFromSettings(): 0
06-13 19:04:12.009 479 479 D AutofillManagerServiceImpl: Reset component for user 0:
06-13 19:04:12.009 479 522 D AutofillUI: destroySaveUiUiThread(): already destroyed
06-13 19:04:12.011 479 479 D SystemServer: TranslationService not defined by OEM
06-13 19:04:12.011 479 479 I SystemServerTiming: StartClipboardService
06-13 19:04:12.011 479 479 I SystemServiceManager: Starting com.android.server.clipboard.ClipboardService
06-13 19:04:12.014 479 479 I SystemServerTiming: AppServiceManager
06-13 19:04:12.015 479 479 I SystemServiceManager: Starting com.android.server.appbinding.AppBindingService$Lifecycle
06-13 19:04:12.016 479 479 I SystemServerTiming: startTracingServiceProxy
06-13 19:04:12.016 479 479 I SystemServiceManager: Starting com.android.server.tracing.TracingServiceProxy
06-13 19:04:12.019 479 479 I SystemServerTiming: startOranthService
06-13 19:04:12.019 479 479 I SystemServiceManager: Starting com.android.server.oranth.OranthManagerService$Lifecycle
06-13 19:04:12.019 479 479 I OranthManagerService: -------------- OranthManagerService --------------
06-13 19:04:12.019 186 186 E SELinux : avc: denied { add } for pid=479 uid=1000 name=oranth_manager scontext=u:r:system_server:s0 tcontext=u:object_r:default_android_service:s0 tclass=service_manager permissive=1
06-13 19:04:12.020 479 479 I SystemServerTiming: MakeLockSettingsServiceReady
06-13 19:04:12.026 187 187 I hwservicemanager: getTransport: Cannot find entry android.hardware.weaver@1.0::IWeaver/default in either framework or device VINTF manifest.
06-13 19:04:12.026 479 479 I SyntheticPasswordManager: Device does not support weaver
06-13 19:04:12.026 187 187 I hwservicemanager: getTransport: Cannot find entry android.hardware.authsecret@1.0::IAuthSecret/default in either framework or device VINTF manifest.
06-13 19:04:12.026 479 479 I LockSettingsService: Device doesn't implement AuthSecret HAL
06-13 19:04:12.028 479 479 I SystemServerTiming: StartBootPhaseLockSettingsReady
06-13 19:04:12.028 479 479 I SystemServiceManager: Starting phase 480
06-13 19:04:12.028 479 479 I SystemServerTiming: OnBootPhase_480
06-13 19:04:12.029 479 479 D SoundTriggerService: onBootPhase: 480 : false
06-13 19:04:12.031 479 479 I SystemServerTiming: StartBootPhaseSystemServicesReady
06-13 19:04:12.031 479 479 I SystemServiceManager: Starting phase 500
06-13 19:04:12.031 479 479 I SystemServerTiming: OnBootPhase_500
06-13 19:04:12.032 479 479 E StatsPullAtomCallbackImpl: Failed to start PowerStatsService statsd pullers
06-13 19:04:12.035 479 479 D ConnectivityService: requestNetwork for uid/pid:1000/479 activeRequest: null callbackRequest: 9 [NetworkRequest [ REQUEST id=10, [ Capabilities: INTERNET&NOT_RESTRICTED&TRUSTED&NOT_VCN_MANAGED Uid: 1000 RequestorUid: 1000 RequestorPkg: android] ]] callback flags: 0 priority: 2147483647
06-13 19:04:12.035 479 479 E BatteryStatsService: Could not register PowerStatsInternal
06-13 19:04:12.036 479 616 D ConnectivityService: NetReassign [no changes]
06-13 19:04:12.038 479 479 V HintManagerService: Initializing HintManager service...
06-13 19:04:12.038 479 479 V HistoricalRegistry: Interaction before persistence initialized
06-13 19:04:12.041 479 479 D AppStandbyController: Setting app idle enabled state
06-13 19:04:12.043 479 479 V HistoricalRegistry: Interaction before persistence initialized
06-13 19:04:12.048 479 479 V VibratorManagerService: Initializing VibratorManager service...
06-13 19:04:12.048 479 479 V HistoricalRegistry: Interaction before persistence initialized
06-13 19:04:12.049 479 479 V VibratorManagerService: VibratorManager service initialized
06-13 19:04:12.055 479 616 D ConnectivityService: NetReassign [no changes]
06-13 19:04:12.058 479 479 I ActivityTaskManager: Config changes=200 {1.0 ?mcc?mnc [zh_CN] ldltr sw720dp w1280dp h696dp 240dpi xlrg long land television -touch qwerty/v/v dpad/v winConfig={ mBounds=Rect(0, 0 - 1920, 1080) mAppBounds=Rect(0, 0 - 1920, 1080) mMaxBounds=Rect(0, 0 - 1920, 1080) mWindowingMode=fullscreen mDisplayWindowingMode=fullscreen mActivityType=undefined mAlwaysOnTop=undefined mRotation=ROTATION_0} s.4 ?fontWeightAdjustment}
06-13 19:04:12.060 247 251 I ServiceManager: Waiting for service 'statscompanion' on '/dev/binder' successful after waiting 1511ms
06-13 19:04:12.061 479 479 I WindowManager: Override config changes=200 {1.0 ?mcc?mnc [zh_CN] ldltr sw720dp w1280dp h696dp 240dpi xlrg long land television -touch qwerty/v/v dpad/v winConfig={ mBounds=Rect(0, 0 - 1920, 1080) mAppBounds=Rect(0, 0 - 1920, 1080) mMaxBounds=Rect(0, 0 - 1920, 1080) mWindowingMode=fullscreen mDisplayWindowingMode=fullscreen mActivityType=undefined mAlwaysOnTop=undefined mRotation=ROTATION_0} s.4 ?fontWeightAdjustment} for displayId=0
06-13 19:04:12.063 479 479 D TestHarnessModeService: Setting up test harness mode
06-13 19:04:12.063 479 479 D TestHarnessModeService: Getting PersistentDataBlockManagerInternal from LocalServices
06-13 19:04:12.078 479 479 V HistoricalRegistry: Interaction before persistence initialized
06-13 19:04:12.080 479 479 W NetworkPolicy: setRestrictBackgroundUL: already false
06-13 19:04:12.081 479 479 I WifiScanningService: Starting wifiscanner
06-13 19:04:12.085 479 479 I EthernetServiceImpl: Starting Ethernet service
06-13 19:04:12.087 479 479 D EthernetTracker: Interface match regexp set to 'eth\d'
06-13 19:04:12.089 479 479 D Ethernet: Registering NetworkFactory
06-13 19:04:12.090 479 616 D ConnectivityService: Got NetworkProvider Messenger for Ethernet
06-13 19:04:12.090 479 479 E IpConfigStore: Error opening configuration file: java.io.FileNotFoundException: /data/misc/ethernet/ipconfig.txt: open failed: ENOENT (No such file or directory)
06-13 19:04:12.091 479 479 I PppoeServiceImpl: Starting PPPOE service
06-13 19:04:12.092 479 609 W WifiXmlUtil: Ignoring unknown value name found: CarrierMerged
06-13 19:04:12.092 479 654 I EthernetTracker: maybeTrackInterface: eth0
06-13 19:04:12.094 479 609 W WifiXmlUtil: Ignoring unknown value name found: CaptivePortalNeverDetected
06-13 19:04:12.097 327 329 D XM_HIDREAD: add@ add@/devices/platform/soc@3000000/5030000.eth/mdio_bus/5030000.eth-0
06-13 19:04:12.092 327 327 I xm_hidread: type=1400 audit(0.0:320): avc: denied { read } for scontext=u:r:init:s0 tcontext=u:r:init:s0 tclass=netlink_kobject_uevent_socket permissive=1
06-13 19:04:12.098 327 329 D XM_HIDREAD: add@ add@/devices/platform/soc@3000000/5030000.eth/mdio_bus/5030000.eth-0/5030000.eth-0:00
06-13 19:04:12.103 327 329 D XM_HIDREAD: add@ add@/devices/platform/soc@3000000/5030000.eth/mdio_bus/5030000.eth-0/5030000.eth-0:10
06-13 19:04:12.120 479 479 D PPPOE : Registering NetworkFactory
06-13 19:04:12.120 479 616 D ConnectivityService: Got NetworkProvider Messenger for PPPOE
06-13 19:04:12.120 479 609 D WifiConfigStore: Reading from all stores completed in 38 ms.
06-13 19:04:12.121 479 479 W PppoeServiceImpl: pppoe interface file not exist!
06-13 19:04:12.121 479 655 D PPPOE : got request NetworkRequest [ REQUEST id=1, [ Capabilities: INTERNET&NOT_RESTRICTED&TRUSTED&NOT_VPN&NOT_VCN_MANAGED RequestorUid: 1000 RequestorPkg: android] ]
06-13 19:04:12.121 479 655 D PppoeNetworkFactory: onRequestNetwork
06-13 19:04:12.121 479 655 D PPPOE : got request NetworkRequest [ REQUEST id=10, [ Capabilities: INTERNET&NOT_RESTRICTED&TRUSTED&NOT_VCN_MANAGED Uid: 1000 RequestorUid: 1000 RequestorPkg: android] ]
06-13 19:04:12.121 479 655 D PPPOE : got request NetworkRequest [ REQUEST id=5, [ Transports: PPPOE Capabilities: INTERNET&NOT_RESTRICTED&TRUSTED&NOT_VPN&NOT_VCN_MANAGED RequestorUid: 1000 RequestorPkg: android] ]
06-13 19:04:12.123 479 609 E WifiConfigManager: Cannot find network with networkId -1 or configKey "DB-AN"WPA_PSK or upgradable security type check
06-13 19:04:12.126 479 479 V HistoricalRegistry: Interaction before persistence initialized
06-13 19:04:12.130 479 609 I WifiInjector: enableVerboseLogging(0): false
06-13 19:04:12.130 479 609 E SupplicantStaIfaceHal: Can't call setDebugParams, ISupplicant is null
06-13 19:04:12.130 479 609 E HostapdHal: Can't call setDebugParams, IHostapd is null
06-13 19:04:12.131 479 609 I WifiService: WifiService starting up with Wi-Fi disabled
06-13 19:04:12.137 479 479 V HistoricalRegistry: Interaction before persistence initialized
06-13 19:04:12.138 479 479 D SoundTriggerService: onBootPhase: 500 : false
06-13 19:04:12.138 479 609 D WifiController: isAirplaneModeOn = false, isWifiEnabled = false, isScanningAvailable = false, isLocationModeActive = true
06-13 19:04:12.139 479 609 E WifiActiveModeWarden: Something is wrong, no client mode toggles enabled
06-13 19:04:12.141 479 609 I android_os_HwBinder: HwBinder: Starting thread pool for getting: android.hidl.manager@1.2::IServiceManager/default
06-13 19:04:12.143 187 187 I hwservicemanager: Since android.hardware.wifi@1.0::IWifi/default is not registered, trying to start it as a lazy HAL.
06-13 19:04:12.144 187 187 I hwservicemanager: Since android.hardware.wifi@1.0::IWifi/default is not registered, trying to start it as a lazy HAL.
06-13 19:04:12.145 479 479 I SystemServerTiming: MakeWindowManagerServiceReady
06-13 19:04:12.151 1 1 I init : starting service 'vendor.wifi_hal_legacy'...
06-13 19:04:12.150 479 609 I HidlServiceManagement: getService: Trying again for android.hardware.wifi@1.0::IWifi/default...
06-13 19:04:12.152 479 534 E KernelCpuThreadReader: Failed to initialize KernelCpuThreadReader
06-13 19:04:12.152 479 534 E KernelCpuThreadReader: java.nio.file.NoSuchFileException: /proc/self/time_in_state
06-13 19:04:12.152 479 534 E KernelCpuThreadReader: at sun.nio.fs.UnixFileSystemProvider.newByteChannel(UnixFileSystemProvider.java:214)
06-13 19:04:12.152 479 534 E KernelCpuThreadReader: at java.nio.file.Files.newByteChannel(Files.java:361)
06-13 19:04:12.152 479 534 E KernelCpuThreadReader: at java.nio.file.Files.newByteChannel(Files.java:407)
06-13 19:04:12.152 479 534 E KernelCpuThreadReader: at java.nio.file.Files.readAllBytes(Files.java:3152)
06-13 19:04:12.152 479 534 E KernelCpuThreadReader: at com.android.internal.os.ProcTimeInStateReader.initializeTimeInStateFormat(ProcTimeInStateReader.java:159)
06-13 19:04:12.152 479 534 E KernelCpuThreadReader: at com.android.internal.os.ProcTimeInStateReader.(ProcTimeInStateReader.java:106)
06-13 19:04:12.152 479 534 E KernelCpuThreadReader: at com.android.internal.os.KernelCpuThreadReader.(KernelCpuThreadReader.java:138)
06-13 19:04:12.152 479 534 E KernelCpuThreadReader: at com.android.internal.os.KernelCpuThreadReader.create(KernelCpuThreadReader.java:151)
06-13 19:04:12.152 479 534 E KernelCpuThreadReader: at com.android.internal.os.KernelCpuThreadReaderSettingsObserver.(KernelCpuThreadReaderSettingsObserver.java:95)
06-13 19:04:12.152 479 534 E KernelCpuThreadReader: at com.android.internal.os.KernelCpuThreadReaderSettingsObserver.getSettingsModifiedReader(KernelCpuThreadReaderSettingsObserver.java:80)
06-13 19:04:12.152 479 534 E KernelCpuThreadReader: at com.android.server.stats.pull.StatsPullAtomService.initializePullersState(StatsPullAtomService.java:798)
06-13 19:04:12.152 479 534 E KernelCpuThreadReader: at com.android.server.stats.pull.StatsPullAtomService.lambda$onBootPhase$0$StatsPullAtomService(StatsPullAtomService.java:757)
06-13 19:04:12.152 479 534 E KernelCpuThreadReader: at com.android.server.stats.pull.StatsPullAtomService$$ExternalSyntheticLambda14.run(Unknown Source:2)
06-13 19:04:12.152 479 534 E KernelCpuThreadReader: at android.os.Handler.handleCallback(Handler.java:938)
06-13 19:04:12.152 479 534 E KernelCpuThreadReader: at android.os.Handler.dispatchMessage(Handler.java:99)
06-13 19:04:12.152 479 534 E KernelCpuThreadReader: at android.os.Looper.loopOnce(Looper.java:201)
06-13 19:04:12.152 479 534 E KernelCpuThreadReader: at android.os.Looper.loop(Looper.java:288)
06-13 19:04:12.152 479 534 E KernelCpuThreadReader: at android.os.HandlerThread.run(HandlerThread.java:67)
06-13 19:04:12.153 187 187 I hwservicemanager: getTransport: Cannot find entry android.hardware.configstore@1.1::ISurfaceFlingerConfigs/default in either framework or device VINTF manifest.
06-13 19:04:12.154 479 534 I android_os_HwBinder: HwBinder: Starting thread pool for getting: android.hardware.health@2.0::IHealth/default
06-13 19:04:12.158 1 1 I init : Control message: Processed ctl.interface_start for 'android.hardware.wifi@1.0::IWifi/default' from pid: 187 (/system/bin/hwservicemanager)
06-13 19:04:12.159 1 1 I init : Control message: Processed ctl.interface_start for 'android.hardware.wifi@1.0::IWifi/default' from pid: 187 (/system/bin/hwservicemanager)
06-13 19:04:12.154 187 187 I hwservicemanager: getTransport: Cannot find entry android.hardware.configstore@1.1::ISurfaceFlingerConfigs/default in either framework or device VINTF manifest.
06-13 19:04:12.158 479 534 I android_os_HwBinder: HwBinder: Starting thread pool for getting: android.hidl.manager@1.0::IServiceManager/default
06-13 19:04:12.158 187 187 I hwservicemanager: getTransport: Cannot find entry android.hardware.configstore@1.1::ISurfaceFlingerConfigs/default in either framework or device VINTF manifest.
06-13 19:04:12.159 479 534 I HealthServiceWrapper: health: HealthServiceWrapper listening to instance default
06-13 19:04:12.160 479 479 I SystemServerTiming: MakePowerManagerServiceReady
06-13 19:04:12.162 479 479 I AttentionDetector: readValuesFromDeviceConfig():
06-13 19:04:12.162 479 479 I AttentionDetector: mMaximumExtensionMillis=900000
06-13 19:04:12.162 479 479 I AttentionDetector: mPreDimCheckDurationMillis=2000
06-13 19:04:12.162 479 479 I AttentionDetector: mRequestedPostDimTimeoutMillis=0
06-13 19:04:12.162 479 534 D StatsPullAtomService: Registering pullers with statsd
06-13 19:04:12.167 479 616 D ConnectivityService: NetReassign [no changes]
06-13 19:04:12.167 479 664 I android_os_HwBinder: HwBinder: Starting thread pool for getting: android.hardware.health@2.0::IHealth/default
06-13 19:04:12.167 479 534 I StatsPullAtomService: register thermal listener successfully
06-13 19:04:12.169 479 479 E DisplayPowerController[0]: failed to set up display white-balance: java.lang.IllegalStateException: cannot find light sensor
06-13 19:04:12.172 268 268 I AW_PowerHAL: isBoostSupported: 0
06-13 19:04:12.177 479 558 W KeyguardServiceDelegate: onScreenTurningOn(): no keyguard service!
06-13 19:04:12.179 479 479 I FaceDownDetector: readValuesFromDeviceConfig():
06-13 19:04:12.179 479 479 I FaceDownDetector: mAccelerationThreshold=0.2
06-13 19:04:12.179 479 479 I FaceDownDetector: mZAccelerationThreshold=-9.5
06-13 19:04:12.179 479 479 I FaceDownDetector: mTimeThreshold=PT1S
06-13 19:04:12.179 479 479 I FaceDownDetector: mIsEnabled=false
06-13 19:04:12.181 479 558 V DisplayPowerController[0]: Brightness [0.39763778] reason changing to: 'override', previous reason: '0'.
06-13 19:04:12.184 479 549 W KernelCpuProcStringReader: File not found. It's normal if not implemented: /proc/uid_time_in_state
06-13 19:04:12.184 479 549 W KernelCpuProcStringReader: File not found. It's normal if not implemented: /proc/uid_concurrent_active_time
06-13 19:04:12.184 479 549 W KernelCpuProcStringReader: File not found. It's normal if not implemented: /proc/uid_concurrent_policy_time
06-13 19:04:12.185 479 549 E KernelCpuSpeedReader: Failed to read cpu-freq: /sys/devices/system/cpu/cpu0/cpufreq/stats/time_in_state: open failed: ENOENT (No such file or directory)
06-13 19:04:12.185 479 549 E system_server: Cannot read thread CPU times for PID 479
06-13 19:04:12.186 268 268 I AW_PowerHAL: Power setMode: DISPLAY_INACTIVE to: 0
06-13 19:04:12.186 268 268 I AW_PowerHAL: not completed yet, ignore mode request other
06-13 19:04:12.186 479 479 I SystemServerTiming: StartPermissionPolicyService
06-13 19:04:12.186 479 479 I SystemServiceManager: Starting com.android.server.policy.PermissionPolicyService
06-13 19:04:12.186 479 524 I DisplayDeviceRepository: Display device changed state: "内置屏幕", ON
06-13 19:04:12.188 479 524 I InputManager-JNI: Viewport [0] to add: local:0, isActive: true
06-13 19:04:12.189 479 598 I InputReader: Reconfiguring input devices, changes=DISPLAY_INFO |
06-13 19:04:12.190 479 479 I SystemServerTiming: MakePackageManagerServiceReady
06-13 19:04:12.197 479 479 V UserDataPreparer: Found /data/user_de/0 with serial number 0
06-13 19:04:12.197 479 479 V UserDataPreparer: Found /data/user/0 with serial number 0
06-13 19:04:12.197 479 479 V UserDataPreparer: Found /data/system_de/0 with serial number 0
06-13 19:04:12.197 479 479 W UserDataPreparer: Invalid user directory /data/system_de/usagestats
06-13 19:04:12.198 479 479 V UserDataPreparer: Found /data/system_ce/0 with serial number 0
06-13 19:04:12.198 479 479 V UserDataPreparer: Found /data/misc_ce/0 with serial number 0
06-13 19:04:12.203 479 479 I PackageManager: Permission ownership changed. Updating all permissions.
06-13 19:04:12.207 276 276 D SurfaceFlinger: Setting power mode 2 on display 0
06-13 19:04:12.208 267 267 I android.hardware.lights-service: Lights setting state for id=0 to color ff6a6a6a
06-13 19:04:12.236 661 661 I android.hardware.wifi@1.0-service-lazy: Wifi Hal is booting up...
06-13 19:04:12.236 661 661 I HidlLazyUtils: Registering HAL: android.hardware.wifi@1.5::IWifi with name: default
06-13 19:04:12.237 661 661 E cutils-trace: Error opening trace file: No such file or directory (2)
06-13 19:04:12.239 479 636 D HalDevMgr: IWifi registration notification: fqName=android.hardware.wifi@1.0::IWifi, name=default, preexisting=false
06-13 19:04:12.239 661 661 I HidlServiceManagement: Registered android.hardware.wifi@1.5::IWifi/default
06-13 19:04:12.239 661 661 I HidlServiceManagement: Removing namespace from process name android.hardware.wifi@1.0-service-lazy to wifi@1.0-service-lazy.
06-13 19:04:12.240 187 187 I hw-BpHwBinder: onLastStrongRef automatically unlinking death recipients
06-13 19:04:12.240 479 609 I android_os_HwBinder: HwBinder: Starting thread pool for getting: android.hardware.wifi@1.0::IWifi/default
06-13 19:04:12.242 479 609 D WifiNl80211Manager: tearing down interfaces in wificond
06-13 19:04:12.249 479 609 D WifiAdaptConnObserver: Adaptive connectivity status initialized to: true
06-13 19:04:12.249 479 609 D WifiController: DisabledState.enter()
06-13 19:04:12.252 479 564 E DefaultPermGrantPolicy: Package not found: org.xbmc.kodi
06-13 19:04:12.252 479 564 W DefaultPermGrantPolicy: No such package:org.xbmc.kodi
06-13 19:04:12.252 479 564 E DefaultPermGrantPolicy: Package not found: cm.aptoidetv.pt
06-13 19:04:12.252 479 564 W DefaultPermGrantPolicy: No such package:cm.aptoidetv.pt
06-13 19:04:12.252 479 564 E DefaultPermGrantPolicy: Package not found: com.softwinner.TvdFileManager
06-13 19:04:12.252 479 564 W DefaultPermGrantPolicy: No such package:com.softwinner.TvdFileManager
06-13 19:04:12.252 479 564 E DefaultPermGrantPolicy: Package not found: com.softwinner.TvdVideo
06-13 19:04:12.252 479 564 W DefaultPermGrantPolicy: No such package:com.softwinner.TvdVideo
06-13 19:04:12.252 479 564 E DefaultPermGrantPolicy: Package not found: com.android.chrome
06-13 19:04:12.252 479 564 W DefaultPermGrantPolicy: No such package:com.android.chrome
06-13 19:04:12.252 479 564 E DefaultPermGrantPolicy: Package not found: com.android.vending
06-13 19:04:12.253 479 564 W DefaultPermGrantPolicy: No such package:com.android.vending
06-13 19:04:12.253 479 564 E DefaultPermGrantPolicy: Package not found: com.google.android.tts
06-13 19:04:12.253 479 564 W DefaultPermGrantPolicy: No such package:com.google.android.tts
06-13 19:04:12.253 479 564 E DefaultPermGrantPolicy: Package not found: com.google.android.youtube.tv
06-13 19:04:12.253 479 564 W DefaultPermGrantPolicy: No such package:com.google.android.youtube.tv
06-13 19:04:12.253 479 564 E DefaultPermGrantPolicy: Package not found: com.google.android.katniss
06-13 19:04:12.253 479 564 W DefaultPermGrantPolicy: No such package:com.google.android.katniss
06-13 19:04:12.253 479 564 E DefaultPermGrantPolicy: Package not found: com.google.android.gms
06-13 19:04:12.253 479 564 W DefaultPermGrantPolicy: No such package:com.google.android.gms
06-13 19:04:12.258 479 479 I SystemServerTiming: MakeDisplayManagerServiceReady
06-13 19:04:12.259 479 524 E DisplayModeDirector: Asked about unknown display, returning empty display mode specs!(id=0)
06-13 19:04:12.259 479 524 E DisplayModeDirector: Asked about unknown display, returning empty display mode specs!(id=0)
06-13 19:04:12.262 479 479 I SystemServerTiming: StartDeviceSpecificServices
06-13 19:04:12.262 479 479 I SystemServerTiming: GameManagerService
06-13 19:04:12.262 479 479 I SystemServiceManager: Starting com.android.server.app.GameManagerService$Lifecycle
06-13 19:04:12.260 332 332 I rainbow_flow: type=1400 audit(0.0:321): avc: denied { ioctl } for path="/dev/spidev1.0" dev="tmpfs" ino=3340 ioctlcmd=0x6b00 scontext=u:r:init:s0 tcontext=u:object_r:device:s0 tclass=chr_file permissive=1
06-13 19:04:12.267 479 479 I SystemServerTiming: StartBootPhaseDeviceSpecificServicesReady
06-13 19:04:12.267 479 479 I SystemServiceManager: Starting phase 520
06-13 19:04:12.267 479 479 I SystemServerTiming: OnBootPhase_520
06-13 19:04:12.268 479 479 D SoundTriggerService: onBootPhase: 520 : false
06-13 19:04:12.268 479 479 I SystemServerTiming: AppSearchManagerService
06-13 19:04:12.274 479 479 I SystemServiceManager: Starting com.android.server.appsearch.AppSearchManagerService
06-13 19:04:12.277 479 479 I SystemServerTiming: StartMediaCommunicationService
06-13 19:04:12.278 479 479 I SystemServiceManager: Starting com.android.server.media.MediaCommunicationService
06-13 19:04:12.280 479 479 I SystemServerTiming: PhaseActivityManagerReady
06-13 19:04:12.280 479 479 I SystemServerTiming: controllersReady
06-13 19:04:12.285 479 579 I SystemServerTimingAsync: InitThreadPoolExec:Update app-ops uidState in case package com.android.providers.media.module changed
06-13 19:04:12.285 479 579 D SystemServerInitThreadPool: Started executing Update app-ops uidState in case package com.android.providers.media.module changed
06-13 19:04:12.285 479 520 I SystemServerTimingAsync: InitThreadPoolExec:Update app-ops uidState in case package com.sohu.inputmethod.sogou.tv changed
06-13 19:04:12.285 479 528 I SystemServerTimingAsync: InitThreadPoolExec:Update app-ops uidState in case package com.android.systemui changed
06-13 19:04:12.285 479 520 D SystemServerInitThreadPool: Started executing Update app-ops uidState in case package com.sohu.inputmethod.sogou.tv changed
06-13 19:04:12.285 479 528 D SystemServerInitThreadPool: Started executing Update app-ops uidState in case package com.android.systemui changed
06-13 19:04:12.285 479 572 I SystemServerTimingAsync: InitThreadPoolExec:Update app-ops uidState in case package com.android.tv changed
06-13 19:04:12.285 479 572 D SystemServerInitThreadPool: Started executing Update app-ops uidState in case package com.android.tv changed
06-13 19:04:12.285 479 579 D SystemServerInitThreadPool: Finished executing Update app-ops uidState in case package com.android.providers.media.module changed
06-13 19:04:12.285 479 528 D SystemServerInitThreadPool: Finished executing Update app-ops uidState in case package com.android.systemui changed
06-13 19:04:12.286 479 579 I SystemServerTimingAsync: InitThreadPoolExec:Update app-ops uidState in case package com.android.music changed
06-13 19:04:12.286 479 528 I SystemServerTimingAsync: InitThreadPoolExec:Update app-ops uidState in case package com.dangbei.hqguide changed
06-13 19:04:12.286 479 579 D SystemServerInitThreadPool: Started executing Update app-ops uidState in case package com.android.music changed
06-13 19:04:12.286 479 520 D SystemServerInitThreadPool: Finished executing Update app-ops uidState in case package com.sohu.inputmethod.sogou.tv changed
06-13 19:04:12.286 479 520 I SystemServerTimingAsync: InitThreadPoolExec:Update app-ops uidState in case package com.dangbei.screencast changed
06-13 19:04:12.286 479 572 D SystemServerInitThreadPool: Finished executing Update app-ops uidState in case package com.android.tv changed
06-13 19:04:12.286 479 520 D SystemServerInitThreadPool: Started executing Update app-ops uidState in case package com.dangbei.screencast changed
06-13 19:04:12.286 479 572 I SystemServerTimingAsync: InitThreadPoolExec:Update app-ops uidState in case package com.android.providers.calendar changed
06-13 19:04:12.286 479 520 D SystemServerInitThreadPool: Finished executing Update app-ops uidState in case package com.dangbei.screencast changed
06-13 19:04:12.286 479 579 D SystemServerInitThreadPool: Finished executing Update app-ops uidState in case package com.android.music changed
06-13 19:04:12.286 479 520 I SystemServerTimingAsync: InitThreadPoolExec:Update app-ops uidState in case package com.android.providers.tv changed
06-13 19:04:12.286 479 520 D SystemServerInitThreadPool: Started executing Update app-ops uidState in case package com.android.providers.tv changed
06-13 19:04:12.286 479 528 D SystemServerInitThreadPool: Started executing Update app-ops uidState in case package com.dangbei.hqguide changed
06-13 19:04:12.286 479 520 D SystemServerInitThreadPool: Finished executing Update app-ops uidState in case package com.android.providers.tv changed
06-13 19:04:12.286 479 579 I SystemServerTimingAsync: InitThreadPoolExec:Update app-ops uidState in case package com.android.providers.contacts changed
06-13 19:04:12.286 479 520 I SystemServerTimingAsync: InitThreadPoolExec:Update app-ops uidState in case package com.android.providers.media changed
06-13 19:04:12.286 479 579 D SystemServerInitThreadPool: Started executing Update app-ops uidState in case package com.android.providers.contacts changed
06-13 19:04:12.286 479 520 D SystemServerInitThreadPool: Started executing Update app-ops uidState in case package com.android.providers.media changed
06-13 19:04:12.286 479 579 D SystemServerInitThreadPool: Finished executing Update app-ops uidState in case package com.android.providers.contacts changed
06-13 19:04:12.286 479 579 I SystemServerTimingAsync: InitThreadPoolExec:Update app-ops uidState in case package com.android.bluetooth changed
06-13 19:04:12.286 479 520 D SystemServerInitThreadPool: Finished executing Update app-ops uidState in case package com.android.providers.media changed
06-13 19:04:12.286 479 528 D SystemServerInitThreadPool: Finished executing Update app-ops uidState in case package com.dangbei.hqguide changed
06-13 19:04:12.286 479 520 I SystemServerTimingAsync: InitThreadPoolExec:Update app-ops uidState in case package com.dangbei.zhushou.os changed
06-13 19:04:12.286 479 528 I SystemServerTimingAsync: InitThreadPoolExec:Update app-ops uidState in case package com.oranth.ledstatus changed
06-13 19:04:12.286 479 520 D SystemServerInitThreadPool: Started executing Update app-ops uidState in case package com.dangbei.zhushou.os changed
06-13 19:04:12.286 479 572 D SystemServerInitThreadPool: Started executing Update app-ops uidState in case package com.android.providers.calendar changed
06-13 19:04:12.286 479 520 D SystemServerInitThreadPool: Finished executing Update app-ops uidState in case package com.dangbei.zhushou.os changed
06-13 19:04:12.286 479 579 D SystemServerInitThreadPool: Started executing Update app-ops uidState in case package com.android.bluetooth changed
06-13 19:04:12.286 479 520 I SystemServerTimingAsync: InitThreadPoolExec:Update app-ops uidState in case package android changed
06-13 19:04:12.286 479 520 D SystemServerInitThreadPool: Started executing Update app-ops uidState in case package android changed
06-13 19:04:12.286 479 572 D SystemServerInitThreadPool: Finished executing Update app-ops uidState in case package com.android.providers.calendar changed
06-13 19:04:12.286 479 572 I SystemServerTimingAsync: InitThreadPoolExec:Update app-ops uidState in case package com.android.localtransport changed
06-13 19:04:12.286 479 572 D SystemServerInitThreadPool: Started executing Update app-ops uidState in case package com.android.localtransport changed
06-13 19:04:12.286 479 572 D SystemServerInitThreadPool: Finished executing Update app-ops uidState in case package com.android.localtransport changed
06-13 19:04:12.286 479 572 I SystemServerTimingAsync: InitThreadPoolExec:Update app-ops uidState in case package com.dangbei.lerad.etna.haqu changed
06-13 19:04:12.286 479 572 D SystemServerInitThreadPool: Started executing Update app-ops uidState in case package com.dangbei.lerad.etna.haqu changed
06-13 19:04:12.286 479 572 D SystemServerInitThreadPool: Finished executing Update app-ops uidState in case package com.dangbei.lerad.etna.haqu changed
06-13 19:04:12.286 479 572 I SystemServerTimingAsync: InitThreadPoolExec:Update app-ops uidState in case package com.oranth.powerwindow changed
06-13 19:04:12.286 479 572 D SystemServerInitThreadPool: Started executing Update app-ops uidState in case package com.oranth.powerwindow changed
06-13 19:04:12.286 479 572 D SystemServerInitThreadPool: Finished executing Update app-ops uidState in case package com.oranth.powerwindow changed
06-13 19:04:12.287 479 572 I SystemServerTimingAsync: InitThreadPoolExec:Update app-ops uidState in case package com.android.location.fused changed
06-13 19:04:12.287 479 572 D SystemServerInitThreadPool: Started executing Update app-ops uidState in case package com.android.location.fused changed
06-13 19:04:12.287 479 520 D SystemServerInitThreadPool: Finished executing Update app-ops uidState in case package android changed
06-13 19:04:12.287 479 572 D SystemServerInitThreadPool: Finished executing Update app-ops uidState in case package com.android.location.fused changed
06-13 19:04:12.287 479 520 I SystemServerTimingAsync: InitThreadPoolExec:Update app-ops uidState in case package com.dangbei.haqusetting changed
06-13 19:04:12.287 479 528 D SystemServerInitThreadPool: Started executing Update app-ops uidState in case package com.oranth.ledstatus changed
06-13 19:04:12.287 479 520 D SystemServerInitThreadPool: Started executing Update app-ops uidState in case package com.dangbei.haqusetting changed
06-13 19:04:12.287 479 528 D SystemServerInitThreadPool: Finished executing Update app-ops uidState in case package com.oranth.ledstatus changed
06-13 19:04:12.287 479 520 D SystemServerInitThreadPool: Finished executing Update app-ops uidState in case package com.dangbei.haqusetting changed
06-13 19:04:12.287 479 579 D SystemServerInitThreadPool: Finished executing Update app-ops uidState in case package com.android.bluetooth changed
06-13 19:04:12.287 479 479 I SystemServerTiming: killProcesses
06-13 19:04:12.287 479 479 I ActivityManager: System now ready
06-13 19:04:12.288 479 479 I SystemServerTiming: updateTopComponentForFactoryTest
06-13 19:04:12.288 479 479 I SystemServerTiming: registerActivityLaunchObserver
06-13 19:04:12.288 479 479 I SystemServerTiming: watchDeviceProvisioning
06-13 19:04:12.297 479 479 I SystemServerTiming: retrieveSettings
06-13 19:04:12.299 479 479 I ActivityTaskManager: Config changes=10000000 {1.0 ?mcc?mnc [zh_CN] ldltr sw720dp w1280dp h696dp 240dpi xlrg long land television -touch qwerty/v/v dpad/v winConfig={ mBounds=Rect(0, 0 - 1920, 1080) mAppBounds=Rect(0, 0 - 1920, 1080) mMaxBounds=Rect(0, 0 - 1920, 1080) mWindowingMode=fullscreen mDisplayWindowingMode=fullscreen mActivityType=undefined mAlwaysOnTop=undefined mRotation=ROTATION_0} s.6 fontWeightAdjustment=0}
06-13 19:04:12.300 479 479 I WindowManager: Override config changes=10000000 {1.0 ?mcc?mnc [zh_CN] ldltr sw720dp w1280dp h696dp 240dpi xlrg long land television -touch qwerty/v/v dpad/v winConfig={ mBounds=Rect(0, 0 - 1920, 1080) mAppBounds=Rect(0, 0 - 1920, 1080) mMaxBounds=Rect(0, 0 - 1920, 1080) mWindowingMode=fullscreen mDisplayWindowingMode=fullscreen mActivityType=undefined mAlwaysOnTop=undefined mRotation=ROTATION_0} s.6 fontWeightAdjustment=0} for displayId=0
06-13 19:04:12.303 479 479 I SystemServerTiming: Ugm.onSystemReady
06-13 19:04:12.304 479 479 I SystemServerTiming: updateForceBackgroundCheck
06-13 19:04:12.304 479 479 I SystemServer: Making services ready
06-13 19:04:12.304 479 479 I SystemServerTiming: StartActivityManagerReadyPhase
06-13 19:04:12.304 479 479 I SystemServiceManager: Starting phase 550
06-13 19:04:12.304 479 479 I SystemServerTiming: OnBootPhase_550
06-13 19:04:12.306 187 187 I hwservicemanager: getTransport: Cannot find entry android.hardware.thermal@2.0::IThermal/default in either framework or device VINTF manifest.
06-13 19:04:12.306 479 479 E ThermalHalWrapper: Thermal HAL 2.0 service not connected.
06-13 19:04:12.307 187 187 I hwservicemanager: getTransport: Cannot find entry android.hardware.thermal@1.1::IThermal/default in either framework or device VINTF manifest.
06-13 19:04:12.307 479 479 E ThermalHalWrapper: Thermal HAL 1.1 service not connected.
06-13 19:04:12.307 187 187 I hwservicemanager: getTransport: Cannot find entry android.hardware.thermal@1.0::IThermal/default in either framework or device VINTF manifest.
06-13 19:04:12.308 479 479 E ThermalHalWrapper: Thermal HAL 1.0 service not connected.
06-13 19:04:12.308 479 479 W ThermalManagerService: No Thermal HAL service on this device
06-13 19:04:12.312 479 479 W ActivityManager: Unable to start service Intent { act=com.android.ITelecomService cmp=com.android.server.telecom/.components.TelecomService } U=0: not found
06-13 19:04:12.315 479 479 I SyncManager: No initial accounts
06-13 19:04:12.324 479 479 D BluetoothManagerService: Bluetooth boot completed
06-13 19:04:12.325 479 479 D BluetoothManagerService: Auto-enabling Bluetooth.
06-13 19:04:12.325 479 523 D BluetoothManagerService: MESSAGE_ENABLE(0): mBluetooth = null
06-13 19:04:12.325 479 523 D BluetoothManagerService: binding Bluetooth service
06-13 19:04:12.326 479 479 D BluetoothA2dp: Binding service...
06-13 19:04:12.331 479 523 D CompatibilityChangeReporter: Compat change id reported: 135634846; UID 1002; state: DISABLED
06-13 19:04:12.332 479 479 I BluetoothAirplaneModeListener: start
06-13 19:04:12.352 479 479 W InputMethodUtils: Found no fallback locale. imis=[InputMethodInfo{com.sohu.inputmethod.sogou.tv/.SogouIME, settings: com.sohu.inputmethod.sogou.SogouIMESettingsLauncher}]
06-13 19:04:12.353 479 479 W InputMethodUtils: No software keyboard is found. imis=[InputMethodInfo{com.sohu.inputmethod.sogou.tv/.SogouIME, settings: com.sohu.inputmethod.sogou.SogouIMESettingsLauncher}] systemLocale=zh_CN fallbackLocale=null
06-13 19:04:12.353 249 249 D Zygote : Forked child process 670
06-13 19:04:12.355 479 543 I ActivityManager: app.processName = com.android.bluetooth
06-13 19:04:12.355 479 479 I RebootEscrowManager: No reboot escrow data found for users, skipping loading escrow data
06-13 19:04:12.355 479 543 I ActivityManager: Start proc 670:com.android.bluetooth/1002 for service {com.android.bluetooth/com.android.bluetooth.btservice.AdapterService}
06-13 19:04:12.359 479 479 I WallpaperManagerService: No static wallpaper imagery; defaults will be shown
06-13 19:04:12.359 479 479 V WallpaperManagerService: bindWallpaperComponentLocked: componentName=ComponentInfo{com.android.systemui/com.android.systemui.ImageWallpaper}
06-13 19:04:12.361 670 670 I Zygote : seccomp disabled by setenforce 0
06-13 19:04:12.363 479 479 D CompatibilityChangeReporter: Compat change id reported: 135634846; UID 10065; state: DISABLED
06-13 19:04:12.363 479 479 D CompatibilityChangeReporter: Compat change id reported: 177438394; UID 10065; state: DISABLED
06-13 19:04:12.364 479 479 D CompatibilityChangeReporter: Compat change id reported: 135772972; UID 10065; state: DISABLED
06-13 19:04:12.364 479 479 D CompatibilityChangeReporter: Compat change id reported: 135754954; UID 10065; state: ENABLED
06-13 19:04:12.364 479 543 D CompatibilityChangeReporter: Compat change id reported: 143937733; UID 10065; state: ENABLED
06-13 19:04:12.376 249 249 D Zygote : Forked child process 677
06-13 19:04:12.379 479 543 I ActivityManager: app.processName = com.android.systemui
06-13 19:04:12.379 479 543 I ActivityManager: Start proc 677:com.android.systemui/u0a65 for service {com.android.systemui/com.android.systemui.ImageWallpaper}
06-13 19:04:12.380 402 419 I adbd : jdwp connection from 670
06-13 19:04:12.383 479 479 E BitmapFactory: Unable to decode stream: java.io.FileNotFoundException: /data/system/users/0/wallpaper_orig: open failed: ENOENT (No such file or directory)
06-13 19:04:12.383 479 479 W WallpaperManagerService: Invalid wallpaper data
06-13 19:04:12.383 479 479 E WallpaperManagerService: Unable to apply new wallpaper
06-13 19:04:12.384 479 479 D AdbService: systemReady
06-13 19:04:12.385 479 479 D SoundTriggerService: onBootPhase: 550 : false
06-13 19:04:12.385 479 572 I SystemServerTimingAsync: InitThreadPoolExec:UsbService$Lifecycle#onBootPhase
06-13 19:04:12.386 479 572 D SystemServerInitThreadPool: Started executing UsbService$Lifecycle#onBootPhase
06-13 19:04:12.387 270 270 E android.hardware.usb@1.0-service: Failed to open /sys/class/typec
06-13 19:04:12.388 479 636 E UsbPortManager: port status enquiry failed
06-13 19:04:12.388 254 254 V audio_hw_primary: adev_set_parameters, A2dpSuspended=false
06-13 19:04:12.389 479 572 D SystemServerInitThreadPool: Finished executing UsbService$Lifecycle#onBootPhase
06-13 19:04:12.390 479 479 I AppBindingService: Updating constants with: null
06-13 19:04:12.390 479 626 D BluetoothManagerService: Trying to bind to profile: 1, while Bluetooth was disabled
06-13 19:04:12.391 479 626 D BluetoothA2dp: Binding service...
06-13 19:04:12.392 677 677 I Zygote : seccomp disabled by setenforce 0
06-13 19:04:12.407 479 479 I PackageManager: Permission ownership changed. Updating all permissions.
06-13 19:04:12.407 479 501 D CompatibilityChangeReporter: Compat change id reported: 168419799; UID 1002; state: DISABLED
06-13 19:04:12.415 402 419 I adbd : jdwp connection from 677
06-13 19:04:12.451 479 479 W SystemServiceManager: Service com.android.server.policy.PermissionPolicyService took 60 ms in onBootPhase
06-13 19:04:12.451 479 479 I SystemServerTiming: StartObservingNativeCrashes
06-13 19:04:12.452 479 479 I SystemServerTiming: RegisterAppOpsPolicy
06-13 19:04:12.452 479 501 W ActivityManager: Slow operation: 57ms so far, now at attachApplicationLocked: after mServices.attachApplicationLocked
06-13 19:04:12.455 670 670 D CompatibilityChangeReporter: Compat change id reported: 171979766; UID 1002; state: ENABLED
06-13 19:04:12.456 479 580 D CompatibilityChangeReporter: Compat change id reported: 168419799; UID 10065; state: DISABLED
06-13 19:04:12.460 254 254 D audio_hw_primary: Mic get_audio_devices_active:
06-13 19:04:12.460 254 254 D audio_hw_primary: get_audio_devices_active: AUDIO_HDMI
06-13 19:04:12.460 254 302 D xm_audio: adev_get_parameters
06-13 19:04:12.460 273 445 I hash_map_utils: system/bt/osi/src/hash_map_utils.cc:81 hash_map_utils_dump_string_keys_string_values: key: 'audio_devices_out_active' value: ''
06-13 19:04:12.462 254 302 V audio_hw_primary: adev_set_parameters, mediasw.sft.rawdata=HDMI_RAW
