06-13 19:04:17.627 670 1074 I bt_bte_conf: system/bt/main/bte_conf.cc:87 bte_load_did_conf: product = 1200
06-13 19:04:17.627 670 1074 I bt_bte_conf: system/bt/main/bte_conf.cc:88 bte_load_did_conf: version = 1436
06-13 19:04:17.627 670 1074 I bt_bte_conf: system/bt/main/bte_conf.cc:89 bte_load_did_conf: clientExecutableURL =
06-13 19:04:17.627 670 1074 I bt_bte_conf: system/bt/main/bte_conf.cc:90 bte_load_did_conf: serviceDescription =
06-13 19:04:17.627 670 1074 I bt_bte_conf: system/bt/main/bte_conf.cc:91 bte_load_did_conf: documentationURL =
06-13 19:04:17.627 670 1074 I bt_bta_dm: system/bt/bta/dm/bta_dm_act.cc:3191 bta_dm_eir_update_uuid: EIR Adding UUID=0x1200 into extended inquiry response
06-13 19:04:17.627 670 1074 I bt_bta_dm: system/bt/bta/dm/bta_dm_act.cc:2890 bta_dm_set_eir: Generating extended inquiry response packet EIR
06-13 19:04:17.627 670 1074 I bt_bte_conf: system/bt/main/bte_conf.cc:47 bte_load_did_conf: bte_load_did_conf no section named DID2.
06-13 19:04:17.627 670 1074 I bt_btif_core: system/bt/btif/src/btif_core.cc:312 btif_enable_bluetooth_evt: Bluetooth enable event completed
06-13 19:04:17.627 670 1074 I bt_bta_dm: system/bt/bta/dm/bta_dm_act.cc:2890 bta_dm_set_eir: Generating extended inquiry response packet EIR
06-13 19:04:17.628 670 838 I bt_stack_manager: system/bt/btif/src/stack_manager.cc:311 event_start_up_stack: event_start_up_stack finished
06-13 19:04:17.628 677 677 V SystemUIService: BOOT_COMPLETED received
06-13 19:04:17.633 661 661 I WifiHAL : mpdu_size_threshold : 128, aggressive_statistics_gathering : 0
06-13 19:04:17.635 661 661 E WifiHAL : wifi_set_link_stats: requestResponse Error:-5
06-13 19:04:17.635 479 750 I WifiService: updateInterfaceIpState uid=1073
06-13 19:04:17.637 1173 1173 D bbb : onStartCommand begin !!!!!!! data分区剩余 24979MB
06-13 19:04:17.638 1207 1207 D CompatibilityChangeReporter: Compat change id reported: 171979766; UID 1000; state: DISABLED
06-13 19:04:17.638 677 677 D SystemUIBootTiming: SystemUIService: bootcomplete com.android.systemui.util.NotificationChannels took 0 ms
06-13 19:04:17.638 677 677 D SystemUIService: loading: com.android.systemui.volume.VolumeUI
06-13 19:04:17.643 479 479 D BluetoothManagerService: Bluetooth Adapter address changed to B4:2F:03:15:74:2B
06-13 19:04:17.644 479 479 D BluetoothManagerService: Stored Bluetoothaddress: B4:2F:03:15:74:2B
06-13 19:04:17.650 479 479 D BluetoothManagerService: Bluetooth Adapter name changed to DBBOX-A2 by android
06-13 19:04:17.651 479 479 D BluetoothManagerService: Stored Bluetooth name: DBBOX-A2
06-13 19:04:17.652 479 809 I WifiService: updateInterfaceIpState uid=1073
06-13 19:04:17.653 479 750 D CompatibilityChangeReporter: Compat change id reported: 171306433; UID 1000; state: ENABLED
06-13 19:04:17.653 670 844 D AdapterProperties: Name is: DBBOX-A2
06-13 19:04:17.660 677 677 I vol.Events: writeEvent collection_started
06-13 19:04:17.662 670 844 D AdapterProperties: Scan Mode:20
06-13 19:04:17.664 479 606 W BestClock: java.time.DateTimeException: Missing NTP fix
06-13 19:04:17.665 670 844 D AdapterProperties: Discoverable Timeout:120
06-13 19:04:17.666 1207 1207 D ApplicationLoaders: Returning zygote-cached class loader: /system/framework/android.test.base.jar
06-13 19:04:17.667 1207 1207 D ApplicationLoaders: Returning zygote-cached class loader: /system/framework/android.hidl.manager-V1.0-java.jar
06-13 19:04:17.667 1207 1207 D ApplicationLoaders: Returning zygote-cached class loader: /system/framework/android.hidl.base-V1.0-java.jar
06-13 19:04:17.668 670 844 D AdapterProperties: Adding bonded device:E4:BB:D3:57:C0:60
06-13 19:04:17.669 479 609 E WifiVendorHal: enableLinkLayerStats(l.1461) failed {.code = ERROR_INVALID_ARGS, .description = }
06-13 19:04:17.669 479 609 E WifiVendorHal: unable to enable link layer stats collection
06-13 19:04:17.670 479 609 D WifiNl80211Manager: Setting up interface for client mode: wlan0
06-13 19:04:17.672 389 389 I wificond: createClientInterface: wiphy_index 0 iface_name wlan0
06-13 19:04:17.676 389 389 I wificond: create scanner for interface with index: 14
06-13 19:04:17.676 389 389 I wificond: subscribe scan result for interface with index: 14
06-13 19:04:17.689 389 389 I wificond: add channel type 0 support at wiphy index: 0
06-13 19:04:17.689 389 389 I wificond: add channel type 1 support at wiphy index: 0
06-13 19:04:17.707 479 609 I WifiNative: Interface state changed on Iface:{Name=wlan0,Id=0,Type=STA_SCAN}, isUp=true
06-13 19:04:17.707 479 609 I WifiNative: Successfully setup Iface:{Name=wlan0,Id=0,Type=STA_SCAN}
06-13 19:04:17.709 479 609 E SupplicantStaIfaceHal: checkHalVersionByInterfaceName: called but mServiceManager is null
06-13 19:04:17.709 479 609 E SupplicantStaIfaceHal: checkHalVersionByInterfaceName: called but mServiceManager is null
06-13 19:04:17.709 479 609 E SupplicantStaIfaceHal: Method getKeyMgmtCapabilities is not supported in existing HAL
06-13 19:04:17.710 670 816 I AdapterState: BLE_ON : entered
06-13 19:04:17.711 670 816 D AdapterProperties: Setting state to BLE_ON
06-13 19:04:17.711 479 609 E SupplicantStaIfaceHal: checkHalVersionByInterfaceName: called but mServiceManager is null
06-13 19:04:17.712 670 816 D BluetoothAdapterService: updateAdapterState() - Broadcasting state BLE_ON to 1 receivers.
06-13 19:04:17.713 479 523 D BluetoothManagerService: MESSAGE_BLUETOOTH_STATE_CHANGE: BLE_TURNING_ON > BLE_ON
06-13 19:04:17.713 479 523 D BluetoothManagerService: Bluetooth is in LE only mode
06-13 19:04:17.713 479 523 D BluetoothManagerService: Binding Bluetooth GATT service
06-13 19:04:17.716 479 523 D BluetoothManagerService: Sending BLE State Change: BLE_TURNING_ON > BLE_ON
06-13 19:04:17.717 479 479 D BluetoothManagerService: BluetoothServiceConnection: com.android.bluetooth.gatt.GattService
06-13 19:04:17.718 479 523 D BluetoothManagerService: MESSAGE_BLUETOOTH_SERVICE_CONNECTED: 2
06-13 19:04:17.718 479 523 D BluetoothManagerService: continueFromBleOnState()
06-13 19:04:17.720 670 816 I AdapterState: TURNING_ON : entered
06-13 19:04:17.720 479 523 D BluetoothManagerService: Persisting Bluetooth Setting: 1
06-13 19:04:17.720 670 816 D AdapterProperties: Setting state to TURNING_ON
06-13 19:04:17.722 670 816 D BluetoothAdapterService: updateAdapterState() - Broadcasting state TURNING_ON to 1 receivers.
06-13 19:04:17.722 479 523 D BluetoothManagerService: MESSAGE_BLUETOOTH_STATE_CHANGE: BLE_ON > TURNING_ON
06-13 19:04:17.722 479 523 D BluetoothManagerService: Sending BLE State Change: BLE_ON > TURNING_ON
06-13 19:04:17.722 670 816 D BluetoothAdapterService: startCoreServices()
06-13 19:04:17.723 479 523 D BluetoothManagerService: Sending State Change: OFF > TURNING_ON
06-13 19:04:17.732 661 661 I ieee80211 phy0: sprdwl_vendor_get_support_feature
06-13 19:04:17.727 661 661 E WifiHAL : wifi_get_logger_supported_feature_set: Error -5 happened.
06-13 19:04:17.729 479 662 D CompatibilityChangeReporter: Compat change id reported: 168419799; UID 1002; state: DISABLED
06-13 19:04:17.739 661 661 I ieee80211 phy0: sprdwl_vendor_get_support_feature
06-13 19:04:17.734 670 670 I HeadsetService: create()
06-13 19:04:17.739 661 661 E WifiHAL : wifi_get_logger_supported_feature_set: Error -5 happened.
06-13 19:04:17.744 661 661 E WifiHAL : wifi_get_logger_supported_feature_set: Error -5 happened.
06-13 19:04:17.750 661 661 I ieee80211 phy0: sprdwl_vendor_get_support_feature
06-13 19:04:17.747 670 670 I HeadsetService: start()
06-13 19:04:17.751 479 609 E SupplicantStaIfaceHal: checkHalVersionByInterfaceName: called but mServiceManager is null
06-13 19:04:17.751 479 609 E SupplicantStaIfaceHal: checkHalVersionByInterfaceName: called but mServiceManager is null
06-13 19:04:17.751 479 609 I SupplicantStaIfaceHal: Method getWpaDriverFeatureSet is not supported in existing HAL
06-13 19:04:17.751 479 609 D WifiClientModeManager[wlan0]: entering StartedState
06-13 19:04:17.760 479 606 W BestClock: java.time.DateTimeException: Missing NTP fix
06-13 19:04:17.766 479 606 W BestClock: java.time.DateTimeException: Missing NTP fix
06-13 19:04:17.768 479 609 D WifiNetworkFactory: got request NetworkRequest [ REQUEST id=3, [ Transports: WIFI Capabilities: INTERNET&NOT_RESTRICTED&TRUSTED&NOT_VPN&NOT_VCN_MANAGED RequestorUid: 1000 RequestorPkg: android] ]
06-13 19:04:17.769 479 609 D WifiNetworkFactory: got request NetworkRequest [ REQUEST id=1, [ Capabilities: INTERNET&NOT_RESTRICTED&TRUSTED&NOT_VPN&NOT_VCN_MANAGED RequestorUid: 1000 RequestorPkg: android] ]
06-13 19:04:17.769 479 609 D WifiNetworkFactory: got request NetworkRequest [ REQUEST id=10, [ Capabilities: INTERNET&NOT_RESTRICTED&TRUSTED&NOT_VCN_MANAGED Uid: 1000 RequestorUid: 1000 RequestorPkg: android] ]
06-13 19:04:17.769 479 609 D WifiNetworkFactory: got request NetworkRequest [ REQUEST id=17, [ Capabilities: INTERNET&NOT_RESTRICTED&TRUSTED&NOT_VCN_MANAGED Uid: 1000 RequestorUid: 1000 RequestorPkg: android] ]
06-13 19:04:17.769 479 609 D WifiNetworkFactory: got request NetworkRequest [ REQUEST id=19, [ Capabilities: INTERNET&NOT_RESTRICTED&TRUSTED&NOT_VCN_MANAGED Uid: 1073 RequestorUid: 1073 RequestorPkg: com.android.networkstack] ]
06-13 19:04:17.770 479 609 D UntrustedWifiNetworkFactory: got request NetworkRequest [ REQUEST id=3, [ Transports: WIFI Capabilities: INTERNET&NOT_RESTRICTED&TRUSTED&NOT_VPN&NOT_VCN_MANAGED RequestorUid: 1000 RequestorPkg: android] ]
06-13 19:04:17.770 479 609 D UntrustedWifiNetworkFactory: got request NetworkRequest [ REQUEST id=1, [ Capabilities: INTERNET&NOT_RESTRICTED&TRUSTED&NOT_VPN&NOT_VCN_MANAGED RequestorUid: 1000 RequestorPkg: android] ]
06-13 19:04:17.770 1090 1090 E hq : USBReceiver:::USBReceiver onReceive: list=1
06-13 19:04:17.770 479 609 D UntrustedWifiNetworkFactory: got request NetworkRequest [ REQUEST id=10, [ Capabilities: INTERNET&NOT_RESTRICTED&TRUSTED&NOT_VCN_MANAGED Uid: 1000 RequestorUid: 1000 RequestorPkg: android] ]
06-13 19:04:17.770 479 609 D UntrustedWifiNetworkFactory: got request NetworkRequest [ REQUEST id=17, [ Capabilities: INTERNET&NOT_RESTRICTED&TRUSTED&NOT_VCN_MANAGED Uid: 1000 RequestorUid: 1000 RequestorPkg: android] ]
06-13 19:04:17.770 479 609 D UntrustedWifiNetworkFactory: got request NetworkRequest [ REQUEST id=19, [ Capabilities: INTERNET&NOT_RESTRICTED&TRUSTED&NOT_VCN_MANAGED Uid: 1073 RequestorUid: 1073 RequestorPkg: com.android.networkstack] ]
06-13 19:04:17.770 479 609 D OemPaidWifiNetworkFactory: got request NetworkRequest [ REQUEST id=3, [ Transports: WIFI Capabilities: INTERNET&NOT_RESTRICTED&TRUSTED&NOT_VPN&NOT_VCN_MANAGED RequestorUid: 1000 RequestorPkg: android] ]
06-13 19:04:17.770 479 609 D OemPaidWifiNetworkFactory: got request NetworkRequest [ REQUEST id=1, [ Capabilities: INTERNET&NOT_RESTRICTED&TRUSTED&NOT_VPN&NOT_VCN_MANAGED RequestorUid: 1000 RequestorPkg: android] ]
06-13 19:04:17.770 479 609 D OemPaidWifiNetworkFactory: got request NetworkRequest [ REQUEST id=10, [ Capabilities: INTERNET&NOT_RESTRICTED&TRUSTED&NOT_VCN_MANAGED Uid: 1000 RequestorUid: 1000 RequestorPkg: android] ]
06-13 19:04:17.770 479 609 D OemPaidWifiNetworkFactory: got request NetworkRequest [ REQUEST id=17, [ Capabilities: INTERNET&NOT_RESTRICTED&TRUSTED&NOT_VCN_MANAGED Uid: 1000 RequestorUid: 1000 RequestorPkg: android] ]
06-13 19:04:17.771 479 609 D OemPaidWifiNetworkFactory: got request NetworkRequest [ REQUEST id=19, [ Capabilities: INTERNET&NOT_RESTRICTED&TRUSTED&NOT_VCN_MANAGED Uid: 1073 RequestorUid: 1073 RequestorPkg: com.android.networkstack] ]
06-13 19:04:17.771 670 670 I BluetoothHeadsetServiceJni: classInitNative: succeeds
06-13 19:04:17.772 670 670 I bt_btif : system/bt/btif/src/bluetooth.cc:417 get_profile_interface: get_profile_interface: id = handsfree
06-13 19:04:17.772 670 670 I bt_stack: [INFO:btif_hf.cc(1491)] GetInterface
06-13 19:04:17.773 670 844 I bt_stack: [INFO:btif_hf.cc(289)] btif_hf_upstreams_evt: AG enable/disable event 0
06-13 19:04:17.774 670 1074 I bt_bta_dm: system/bt/bta/dm/bta_dm_act.cc:3191 bta_dm_eir_update_uuid: EIR Adding UUID=0x1112 into extended inquiry response
06-13 19:04:17.774 670 1074 I bt_bta_dm: system/bt/bta/dm/bta_dm_act.cc:2890 bta_dm_set_eir: Generating extended inquiry response packet EIR
06-13 19:04:17.774 670 1074 I bt_bta_dm: system/bt/bta/dm/bta_dm_act.cc:3191 bta_dm_eir_update_uuid: EIR Adding UUID=0x111F into extended inquiry response
06-13 19:04:17.774 670 1074 I bt_bta_dm: system/bt/bta/dm/bta_dm_act.cc:2890 bta_dm_set_eir: Generating extended inquiry response packet EIR
06-13 19:04:17.774 670 1074 I bt_stack: [INFO:port_api.cc(234)] RFCOMM_CreateConnection: bd_addr=ff:ff:ff:ff:ff:ff, scn=2, is_server=1, mtu=256, uuid=0x1112, dlci=4, signal_state=0x0b, p_port=0xc39c9524
06-13 19:04:17.774 670 1074 I bt_stack: [INFO:port_api.cc(234)] RFCOMM_CreateConnection: bd_addr=ff:ff:ff:ff:ff:ff, scn=3, is_server=1, mtu=256, uuid=0x111f, dlci=6, signal_state=0x0b, p_port=0xc39c95ac
06-13 19:04:17.775 670 1074 I bt_stack: [INFO:port_api.cc(234)] RFCOMM_CreateConnection: bd_addr=ff:ff:ff:ff:ff:ff, scn=2, is_server=1, mtu=256, uuid=0x1112, dlci=4, signal_state=0x0b, p_port=0xc39c9634
06-13 19:04:17.775 670 1074 I bt_stack: [INFO:port_api.cc(234)] RFCOMM_CreateConnection: bd_addr=ff:ff:ff:ff:ff:ff, scn=3, is_server=1, mtu=256, uuid=0x111f, dlci=6, signal_state=0x0b, p_port=0xc39c96bc
06-13 19:04:17.776 670 670 I bt_btif_storage: system/bt/btif/src/btif_storage.cc:661 btif_storage_get_adapter_property: btif_storage_get_adapter_property service_mask:0x20000040
06-13 19:04:17.786 1090 1169 D hq : NetWorkStateReceiver:::检查网络,并且持续更新 isConnect=false
06-13 19:04:17.789 479 609 D WakeupConfigStoreData: WifiWake user data has been read
06-13 19:04:17.791 1090 1090 E DispatcherManager: publishMode=DBBOX-A2 piDispatcher=com.dangbei.launcher.dispatcher.function.BOXAXDispatcher@6d6fca8
06-13 19:04:17.791 479 609 D WifiConfigStore: Reading from user stores completed in 19 ms.
06-13 19:04:17.795 1090 1090 I hq : 当前的服务模式是,serviceMode=0
06-13 19:04:17.799 670 1074 I bt_stack: [INFO:port_api.cc(234)] RFCOMM_CreateConnection: bd_addr=ff:ff:ff:ff:ff:ff, scn=2, is_server=1, mtu=256, uuid=0x1112, dlci=4, signal_state=0x0b, p_port=0xc39c9744
06-13 19:04:17.799 670 1074 I bt_stack: [INFO:port_api.cc(234)] RFCOMM_CreateConnection: bd_addr=ff:ff:ff:ff:ff:ff, scn=3, is_server=1, mtu=256, uuid=0x111f, dlci=6, signal_state=0x0b, p_port=0xc39c97cc
06-13 19:04:17.799 670 1074 I bt_stack: [INFO:port_api.cc(234)] RFCOMM_CreateConnection: bd_addr=ff:ff:ff:ff:ff:ff, scn=2, is_server=1, mtu=256, uuid=0x1112, dlci=4, signal_state=0x0b, p_port=0xc39c9854
06-13 19:04:17.799 670 1074 I bt_stack: [INFO:port_api.cc(234)] RFCOMM_CreateConnection: bd_addr=ff:ff:ff:ff:ff:ff, scn=3, is_server=1, mtu=256, uuid=0x111f, dlci=6, signal_state=0x0b, p_port=0xc39c98dc
06-13 19:04:17.799 670 1074 I bt_stack: [INFO:port_api.cc(234)] RFCOMM_CreateConnection: bd_addr=ff:ff:ff:ff:ff:ff, scn=2, is_server=1, mtu=256, uuid=0x1112, dlci=4, signal_state=0x0b, p_port=0xc39c9964
06-13 19:04:17.799 670 1074 I bt_stack: [INFO:port_api.cc(234)] RFCOMM_CreateConnection: bd_addr=ff:ff:ff:ff:ff:ff, scn=3, is_server=1, mtu=256, uuid=0x111f, dlci=6, signal_state=0x0b, p_port=0xc39c99ec
06-13 19:04:17.799 670 1074 I bt_stack: [INFO:port_api.cc(234)] RFCOMM_CreateConnection: bd_addr=ff:ff:ff:ff:ff:ff, scn=2, is_server=1, mtu=256, uuid=0x1112, dlci=4, signal_state=0x0b, p_port=0xc39c9a74
06-13 19:04:17.799 670 1074 I bt_stack: [INFO:port_api.cc(234)] RFCOMM_CreateConnection: bd_addr=ff:ff:ff:ff:ff:ff, scn=3, is_server=1, mtu=256, uuid=0x111f, dlci=6, signal_state=0x0b, p_port=0xc39c9afc
06-13 19:04:17.811 479 606 W BestClock: java.time.DateTimeException: Missing NTP fix
06-13 19:04:17.815 670 670 I A2dpService: create()
06-13 19:04:17.815 479 607 W BestClock: java.time.DateTimeException: Missing NTP fix
06-13 19:04:17.816 479 607 W BestClock: java.time.DateTimeException: Missing NTP fix
06-13 19:04:17.818 479 479 D BluetoothA2dp: Proxy object connected
06-13 19:04:17.820 479 479 D BluetoothA2dp: Proxy object connected
06-13 19:04:17.821 479 479 D BluetoothA2dp: Proxy object connected
06-13 19:04:17.824 479 607 W BestClock: java.time.DateTimeException: Missing NTP fix
06-13 19:04:17.825 479 607 W BestClock: java.time.DateTimeException: Missing NTP fix
06-13 19:04:17.827 670 670 I A2dpService: start()
06-13 19:04:17.827 670 670 I BluetoothA2dpServiceJni: classInitNative: succeeds
06-13 19:04:17.827 670 670 I A2dpService: Max connected audio devices set to 5
06-13 19:04:17.829 670 670 I bt_btif : system/bt/btif/src/bluetooth.cc:417 get_profile_interface: get_profile_interface: id = a2dp
06-13 19:04:17.829 670 670 I btif_av : system/bt/btif/src/btif_av.cc:965 Init: bt_status_t BtifAvSource::Init(btav_source_callbacks_t *, int, const std::vector &, const std::vector &): max_connected_audio_devices=5
06-13 19:04:17.829 670 670 I a2dp_codec: system/bt/stack/a2dp/a2dp_codec_config.cc:569 init: init
06-13 19:04:17.829 670 670 I a2dp_codec: system/bt/stack/a2dp/a2dp_codec_config.cc:113 createCodec: createCodec: codec SBC
06-13 19:04:17.830 670 670 I a2dp_codec: system/bt/stack/a2dp/a2dp_codec_config.cc:633 init: init: updated SBC codec priority to 1001
06-13 19:04:17.830 670 670 I a2dp_codec: system/bt/stack/a2dp/a2dp_codec_config.cc:113 createCodec: createCodec: codec AAC
06-13 19:04:17.830 670 670 I a2dp_codec: system/bt/stack/a2dp/a2dp_codec_config.cc:633 init: init: updated AAC codec priority to 2001
06-13 19:04:17.830 670 670 I a2dp_codec: system/bt/stack/a2dp/a2dp_codec_config.cc:113 createCodec: createCodec: codec aptX
06-13 19:04:17.831 479 609 D WifiConfigStore: Writing to stores completed in 25 ms.
06-13 19:04:17.832 479 609 D WifiNetworkFactory: got request NetworkRequest [ REQUEST id=23, [ Capabilities: INTERNET&NOT_RESTRICTED&TRUSTED&NOT_VCN_MANAGED Uid: 1000 RequestorUid: 1000 RequestorPkg: android] ]
06-13 19:04:17.832 479 609 D UntrustedWifiNetworkFactory: got request NetworkRequest [ REQUEST id=23, [ Capabilities: INTERNET&NOT_RESTRICTED&TRUSTED&NOT_VCN_MANAGED Uid: 1000 RequestorUid: 1000 RequestorPkg: android] ]
06-13 19:04:17.832 670 670 E a2dp_vendor_aptx_encoder: system/bt/stack/a2dp/a2dp_vendor_aptx_encoder.cc:123 A2DP_VendorLoadEncoderAptx: A2DP_VendorLoadEncoderAptx: cannot open aptX encoder library libaptX_encoder.so: dlopen failed: library "libaptX_encoder.so" not found
06-13 19:04:17.832 479 609 D OemPaidWifiNetworkFactory: got request NetworkRequest [ REQUEST id=23, [ Capabilities: INTERNET&NOT_RESTRICTED&TRUSTED&NOT_VCN_MANAGED Uid: 1000 RequestorUid: 1000 RequestorPkg: android] ]
06-13 19:04:17.832 670 670 E a2dp_vendor_aptx: system/bt/stack/a2dp/a2dp_vendor_aptx.cc:465 init: init: cannot load the encoder
06-13 19:04:17.832 670 670 I a2dp_codec: system/bt/stack/a2dp/a2dp_codec_config.cc:113 createCodec: createCodec: codec aptX-HD
06-13 19:04:17.834 479 609 D WifiService: updateInterfaceIpState: ifaceName=wlan0 mode=-1 previous LOHS mode= -1
06-13 19:04:17.834 479 609 D WifiService: updateInterfaceIpState: ifaceName=wlan1 mode=-1 previous LOHS mode= -1
06-13 19:04:17.835 670 670 E a2dp_vendor_aptx_hd_encoder: system/bt/stack/a2dp/a2dp_vendor_aptx_hd_encoder.cc:123 A2DP_VendorLoadEncoderAptxHd: A2DP_VendorLoadEncoderAptxHd: cannot open aptX-HD encoder library libaptXHD_encoder.so: dlopen failed: library "libaptXHD_encoder.so" not found
06-13 19:04:17.835 670 670 E a2dp_vendor_aptx_hd: system/bt/stack/a2dp/a2dp_vendor_aptx_hd.cc:483 init: init: cannot load the encoder
06-13 19:04:17.835 670 670 I a2dp_codec: system/bt/stack/a2dp/a2dp_codec_config.cc:113 createCodec: createCodec: codec LDAC
06-13 19:04:17.838 479 479 D WifiP2pService: Wifi enabled=false
06-13 19:04:17.841 1207 1207 V GraphicsEnvironment: ANGLE Developer option for 'com.dangbei.lerad.rocky' set to: 'default'
06-13 19:04:17.841 1207 1207 V GraphicsEnvironment: Neither updatable production driver nor prerelease driver is supported.
06-13 19:04:17.841 479 609 I android_os_HwBinder: HwBinder: Starting thread pool for getting: android.hidl.manager@1.0::IServiceManager/default
06-13 19:04:17.844 1207 1207 D NetworkSecurityConfig: No Network Security Config specified, using platform default
06-13 19:04:17.844 1207 1207 D NetworkSecurityConfig: No Network Security Config specified, using platform default
06-13 19:04:17.844 479 609 I SupplicantStaIfaceHal: Starting supplicant using HIDL
06-13 19:04:17.846 187 187 I hwservicemanager: Since android.hardware.wifi.supplicant@1.0::ISupplicant/default is not registered, trying to start it as a lazy HAL.
06-13 19:04:17.847 479 609 D SupplicantStaIfaceHal: Successfully triggered start of supplicant using HIDL
06-13 19:04:17.853 670 670 I a2dp_codec: system/bt/stack/a2dp/a2dp_codec_config.cc:633 init: init: updated LDAC codec priority to 5001
06-13 19:04:17.853 670 670 I a2dp_codec: system/bt/stack/a2dp/a2dp_codec_config.cc:113 createCodec: createCodec: codec SBC SINK
06-13 19:04:17.853 670 670 I a2dp_codec: system/bt/stack/a2dp/a2dp_codec_config.cc:113 createCodec: createCodec: codec AAC SINK
06-13 19:04:17.853 670 670 I a2dp_codec: system/bt/stack/a2dp/a2dp_codec_config.cc:113 createCodec: createCodec: codec LDAC SINK
06-13 19:04:17.856 670 670 E a2dp_vendor_ldac_decoder: system/bt/stack/a2dp/a2dp_vendor_ldac_decoder.cc:134 A2DP_VendorLoadDecoderLdac: A2DP_VendorLoadDecoderLdac: cannot open LDAC decoder library libldacBT_bco.so: dlopen failed: library "libldacBT_bco.so" not found
06-13 19:04:17.856 670 670 E a2dp_vendor_ldac: system/bt/stack/a2dp/a2dp_vendor_ldac.cc:1418 init: init: cannot load the decoder
06-13 19:04:17.856 670 670 I a2dp_codec: system/bt/stack/a2dp/a2dp_codec_config.cc:658 init: init: initialized Source codec LDAC
06-13 19:04:17.856 670 670 I a2dp_codec: system/bt/stack/a2dp/a2dp_codec_config.cc:658 init: init: initialized Source codec AAC
06-13 19:04:17.856 670 670 I a2dp_codec: system/bt/stack/a2dp/a2dp_codec_config.cc:658 init: init: initialized Source codec SBC
06-13 19:04:17.856 670 670 I a2dp_codec: system/bt/stack/a2dp/a2dp_codec_config.cc:665 init: init: initialized Sink codec AAC SINK
06-13 19:04:17.857 670 670 I a2dp_codec: system/bt/stack/a2dp/a2dp_codec_config.cc:665 init: init: initialized Sink codec SBC SINK
06-13 19:04:17.857 670 670 I a2dp_codec: system/bt/stack/a2dp/a2dp_codec_config.cc:569 init: init
06-13 19:04:17.857 670 670 I a2dp_codec: system/bt/stack/a2dp/a2dp_codec_config.cc:113 createCodec: createCodec: codec SBC
06-13 19:04:17.857 670 670 I a2dp_codec: system/bt/stack/a2dp/a2dp_codec_config.cc:633 init: init: updated SBC codec priority to 1001
06-13 19:04:17.857 670 670 I a2dp_codec: system/bt/stack/a2dp/a2dp_codec_config.cc:113 createCodec: createCodec: codec AAC
06-13 19:04:17.857 670 670 I a2dp_codec: system/bt/stack/a2dp/a2dp_codec_config.cc:633 init: init: updated AAC codec priority to 2001
06-13 19:04:17.857 670 670 I a2dp_codec: system/bt/stack/a2dp/a2dp_codec_config.cc:113 createCodec: createCodec: codec aptX
06-13 19:04:17.858 479 523 W IorapForwardingService: No service published for: iorapd
06-13 19:04:17.859 1207 1207 I MultiDex: VM with version 2.1.0 has multidex support
06-13 19:04:17.859 670 670 E a2dp_vendor_aptx_encoder: system/bt/stack/a2dp/a2dp_vendor_aptx_encoder.cc:123 A2DP_VendorLoadEncoderAptx: A2DP_VendorLoadEncoderAptx: cannot open aptX encoder library libaptX_encoder.so: dlopen failed: library "libaptX_encoder.so" not found
06-13 19:04:17.859 670 670 E a2dp_vendor_aptx: system/bt/stack/a2dp/a2dp_vendor_aptx.cc:465 init: init: cannot load the encoder
06-13 19:04:17.859 670 670 I a2dp_codec: system/bt/stack/a2dp/a2dp_codec_config.cc:113 createCodec: createCodec: codec aptX-HD
06-13 19:04:17.859 1207 1207 I MultiDex: Installing application
06-13 19:04:17.859 1207 1207 I MultiDex: VM has multidex support, MultiDex support library is disabled.
06-13 19:04:17.860 670 670 E a2dp_vendor_aptx_hd_encoder: system/bt/stack/a2dp/a2dp_vendor_aptx_hd_encoder.cc:123 A2DP_VendorLoadEncoderAptxHd: A2DP_VendorLoadEncoderAptxHd: cannot open aptX-HD encoder library libaptXHD_encoder.so: dlopen failed: library "libaptXHD_encoder.so" not found
06-13 19:04:17.860 670 670 E a2dp_vendor_aptx_hd: system/bt/stack/a2dp/a2dp_vendor_aptx_hd.cc:483 init: init: cannot load the encoder
06-13 19:04:17.861 670 670 I a2dp_codec: system/bt/stack/a2dp/a2dp_codec_config.cc:113 createCodec: createCodec: codec LDAC
06-13 19:04:17.861 670 670 I a2dp_codec: system/bt/stack/a2dp/a2dp_codec_config.cc:633 init: init: updated LDAC codec priority to 5001
06-13 19:04:17.861 670 670 I a2dp_codec: system/bt/stack/a2dp/a2dp_codec_config.cc:113 createCodec: createCodec: codec SBC SINK
06-13 19:04:17.861 670 670 I a2dp_codec: system/bt/stack/a2dp/a2dp_codec_config.cc:113 createCodec: createCodec: codec AAC SINK
06-13 19:04:17.861 670 670 I a2dp_codec: system/bt/stack/a2dp/a2dp_codec_config.cc:113 createCodec: createCodec: codec LDAC SINK
06-13 19:04:17.862 670 670 E a2dp_vendor_ldac_decoder: system/bt/stack/a2dp/a2dp_vendor_ldac_decoder.cc:134 A2DP_VendorLoadDecoderLdac: A2DP_VendorLoadDecoderLdac: cannot open LDAC decoder library libldacBT_bco.so: dlopen failed: library "libldacBT_bco.so" not found
06-13 19:04:17.862 670 670 E a2dp_vendor_ldac: system/bt/stack/a2dp/a2dp_vendor_ldac.cc:1418 init: init: cannot load the decoder
06-13 19:04:17.862 670 670 I a2dp_codec: system/bt/stack/a2dp/a2dp_codec_config.cc:658 init: init: initialized Source codec LDAC
06-13 19:04:17.862 670 670 I a2dp_codec: system/bt/stack/a2dp/a2dp_codec_config.cc:658 init: init: initialized Source codec AAC
06-13 19:04:17.862 670 670 I a2dp_codec: system/bt/stack/a2dp/a2dp_codec_config.cc:658 init: init: initialized Source codec SBC
06-13 19:04:17.862 670 670 I a2dp_codec: system/bt/stack/a2dp/a2dp_codec_config.cc:665 init: init: initialized Sink codec AAC SINK
06-13 19:04:17.862 670 670 I a2dp_codec: system/bt/stack/a2dp/a2dp_codec_config.cc:665 init: init: initialized Sink codec SBC SINK
06-13 19:04:17.862 670 670 I a2dp_codec: system/bt/stack/a2dp/a2dp_codec_config.cc:569 init: init
06-13 19:04:17.862 670 670 I a2dp_codec: system/bt/stack/a2dp/a2dp_codec_config.cc:113 createCodec: createCodec: codec SBC
06-13 19:04:17.862 670 670 I a2dp_codec: system/bt/stack/a2dp/a2dp_codec_config.cc:633 init: init: updated SBC codec priority to 1001
06-13 19:04:17.862 670 670 I a2dp_codec: system/bt/stack/a2dp/a2dp_codec_config.cc:113 createCodec: createCodec: codec AAC
06-13 19:04:17.862 670 670 I a2dp_codec: system/bt/stack/a2dp/a2dp_codec_config.cc:633 init: init: updated AAC codec priority to 2001
06-13 19:04:17.862 670 670 I a2dp_codec: system/bt/stack/a2dp/a2dp_codec_config.cc:113 createCodec: createCodec: codec aptX
06-13 19:04:17.864 670 670 E a2dp_vendor_aptx_encoder: system/bt/stack/a2dp/a2dp_vendor_aptx_encoder.cc:123 A2DP_VendorLoadEncoderAptx: A2DP_VendorLoadEncoderAptx: cannot open aptX encoder library libaptX_encoder.so: dlopen failed: library "libaptX_encoder.so" not found
06-13 19:04:17.864 670 670 E a2dp_vendor_aptx: system/bt/stack/a2dp/a2dp_vendor_aptx.cc:465 init: init: cannot load the encoder
06-13 19:04:17.864 670 670 I a2dp_codec: system/bt/stack/a2dp/a2dp_codec_config.cc:113 createCodec: createCodec: codec aptX-HD
06-13 19:04:17.866 670 670 E a2dp_vendor_aptx_hd_encoder: system/bt/stack/a2dp/a2dp_vendor_aptx_hd_encoder.cc:123 A2DP_VendorLoadEncoderAptxHd: A2DP_VendorLoadEncoderAptxHd: cannot open aptX-HD encoder library libaptXHD_encoder.so: dlopen failed: library "libaptXHD_encoder.so" not found
06-13 19:04:17.866 670 670 E a2dp_vendor_aptx_hd: system/bt/stack/a2dp/a2dp_vendor_aptx_hd.cc:483 init: init: cannot load the encoder
06-13 19:04:17.866 670 670 I a2dp_codec: system/bt/stack/a2dp/a2dp_codec_config.cc:113 createCodec: createCodec: codec LDAC
06-13 19:04:17.866 670 670 I a2dp_codec: system/bt/stack/a2dp/a2dp_codec_config.cc:633 init: init: updated LDAC codec priority to 5001
06-13 19:04:17.866 670 670 I a2dp_codec: system/bt/stack/a2dp/a2dp_codec_config.cc:113 createCodec: createCodec: codec SBC SINK
06-13 19:04:17.866 670 670 I a2dp_codec: system/bt/stack/a2dp/a2dp_codec_config.cc:113 createCodec: createCodec: codec AAC SINK
06-13 19:04:17.866 670 670 I a2dp_codec: system/bt/stack/a2dp/a2dp_codec_config.cc:113 createCodec: createCodec: codec LDAC SINK
06-13 19:04:17.869 670 670 E a2dp_vendor_ldac_decoder: system/bt/stack/a2dp/a2dp_vendor_ldac_decoder.cc:134 A2DP_VendorLoadDecoderLdac: A2DP_VendorLoadDecoderLdac: cannot open LDAC decoder library libldacBT_bco.so: dlopen failed: library "libldacBT_bco.so" not found
06-13 19:04:17.869 670 670 E a2dp_vendor_ldac: system/bt/stack/a2dp/a2dp_vendor_ldac.cc:1418 init: init: cannot load the decoder
06-13 19:04:17.869 670 670 I a2dp_codec: system/bt/stack/a2dp/a2dp_codec_config.cc:658 init: init: initialized Source codec LDAC
06-13 19:04:17.869 670 670 I a2dp_codec: system/bt/stack/a2dp/a2dp_codec_config.cc:658 init: init: initialized Source codec AAC
06-13 19:04:17.869 670 670 I a2dp_codec: system/bt/stack/a2dp/a2dp_codec_config.cc:658 init: init: initialized Source codec SBC
06-13 19:04:17.869 670 670 I a2dp_codec: system/bt/stack/a2dp/a2dp_codec_config.cc:665 init: init: initialized Sink codec AAC SINK
06-13 19:04:17.869 670 670 I a2dp_codec: system/bt/stack/a2dp/a2dp_codec_config.cc:665 init: init: initialized Sink codec SBC SINK
06-13 19:04:17.869 670 670 I a2dp_codec: system/bt/stack/a2dp/a2dp_codec_config.cc:569 init: init
06-13 19:04:17.869 670 670 I a2dp_codec: system/bt/stack/a2dp/a2dp_codec_config.cc:113 createCodec: createCodec: codec SBC
06-13 19:04:17.870 670 670 I a2dp_codec: system/bt/stack/a2dp/a2dp_codec_config.cc:633 init: init: updated SBC codec priority to 1001
06-13 19:04:17.870 670 670 I a2dp_codec: system/bt/stack/a2dp/a2dp_codec_config.cc:113 createCodec: createCodec: codec AAC
06-13 19:04:17.870 670 670 I a2dp_codec: system/bt/stack/a2dp/a2dp_codec_config.cc:633 init: init: updated AAC codec priority to 2001
06-13 19:04:17.870 670 670 I a2dp_codec: system/bt/stack/a2dp/a2dp_codec_config.cc:113 createCodec: createCodec: codec aptX
06-13 19:04:17.873 670 670 E a2dp_vendor_aptx_encoder: system/bt/stack/a2dp/a2dp_vendor_aptx_encoder.cc:123 A2DP_VendorLoadEncoderAptx: A2DP_VendorLoadEncoderAptx: cannot open aptX encoder library libaptX_encoder.so: dlopen failed: library "libaptX_encoder.so" not found
06-13 19:04:17.873 670 670 E a2dp_vendor_aptx: system/bt/stack/a2dp/a2dp_vendor_aptx.cc:465 init: init: cannot load the encoder
06-13 19:04:17.873 670 670 I a2dp_codec: system/bt/stack/a2dp/a2dp_codec_config.cc:113 createCodec: createCodec: codec aptX-HD
06-13 19:04:17.879 670 670 E a2dp_vendor_aptx_hd_encoder: system/bt/stack/a2dp/a2dp_vendor_aptx_hd_encoder.cc:123 A2DP_VendorLoadEncoderAptxHd: A2DP_VendorLoadEncoderAptxHd: cannot open aptX-HD encoder library libaptXHD_encoder.so: dlopen failed: library "libaptXHD_encoder.so" not found
06-13 19:04:17.879 670 670 E a2dp_vendor_aptx_hd: system/bt/stack/a2dp/a2dp_vendor_aptx_hd.cc:483 init: init: cannot load the encoder
06-13 19:04:17.879 670 670 I a2dp_codec: system/bt/stack/a2dp/a2dp_codec_config.cc:113 createCodec: createCodec: codec LDAC
06-13 19:04:17.879 670 670 I a2dp_codec: system/bt/stack/a2dp/a2dp_codec_config.cc:633 init: init: updated LDAC codec priority to 5001
06-13 19:04:17.879 670 670 I a2dp_codec: system/bt/stack/a2dp/a2dp_codec_config.cc:113 createCodec: createCodec: codec SBC SINK
06-13 19:04:17.879 670 670 I a2dp_codec: system/bt/stack/a2dp/a2dp_codec_config.cc:113 createCodec: createCodec: codec AAC SINK
06-13 19:04:17.879 670 670 I a2dp_codec: system/bt/stack/a2dp/a2dp_codec_config.cc:113 createCodec: createCodec: codec LDAC SINK
06-13 19:04:17.881 670 670 E a2dp_vendor_ldac_decoder: system/bt/stack/a2dp/a2dp_vendor_ldac_decoder.cc:134 A2DP_VendorLoadDecoderLdac: A2DP_VendorLoadDecoderLdac: cannot open LDAC decoder library libldacBT_bco.so: dlopen failed: library "libldacBT_bco.so" not found
06-13 19:04:17.881 670 670 E a2dp_vendor_ldac: system/bt/stack/a2dp/a2dp_vendor_ldac.cc:1418 init: init: cannot load the decoder
06-13 19:04:17.881 670 670 I a2dp_codec: system/bt/stack/a2dp/a2dp_codec_config.cc:658 init: init: initialized Source codec LDAC
06-13 19:04:17.881 670 670 I a2dp_codec: system/bt/stack/a2dp/a2dp_codec_config.cc:658 init: init: initialized Source codec AAC
06-13 19:04:17.881 670 670 I a2dp_codec: system/bt/stack/a2dp/a2dp_codec_config.cc:658 init: init: initialized Source codec SBC
06-13 19:04:17.881 670 670 I a2dp_codec: system/bt/stack/a2dp/a2dp_codec_config.cc:665 init: init: initialized Sink codec AAC SINK
06-13 19:04:17.881 670 670 I a2dp_codec: system/bt/stack/a2dp/a2dp_codec_config.cc:665 init: init: initialized Sink codec SBC SINK
06-13 19:04:17.881 670 670 I a2dp_codec: system/bt/stack/a2dp/a2dp_codec_config.cc:569 init: init
06-13 19:04:17.881 670 670 I a2dp_codec: system/bt/stack/a2dp/a2dp_codec_config.cc:113 createCodec: createCodec: codec SBC
06-13 19:04:17.881 670 670 I a2dp_codec: system/bt/stack/a2dp/a2dp_codec_config.cc:633 init: init: updated SBC codec priority to 1001
06-13 19:04:17.881 670 670 I a2dp_codec: system/bt/stack/a2dp/a2dp_codec_config.cc:113 createCodec: createCodec: codec AAC
06-13 19:04:17.881 670 670 I a2dp_codec: system/bt/stack/a2dp/a2dp_codec_config.cc:633 init: init: updated AAC codec priority to 2001
06-13 19:04:17.881 670 670 I a2dp_codec: system/bt/stack/a2dp/a2dp_codec_config.cc:113 createCodec: createCodec: codec aptX
06-13 19:04:17.883 670 670 E a2dp_vendor_aptx_encoder: system/bt/stack/a2dp/a2dp_vendor_aptx_encoder.cc:123 A2DP_VendorLoadEncoderAptx: A2DP_VendorLoadEncoderAptx: cannot open aptX encoder library libaptX_encoder.so: dlopen failed: library "libaptX_encoder.so" not found
06-13 19:04:17.883 670 670 E a2dp_vendor_aptx: system/bt/stack/a2dp/a2dp_vendor_aptx.cc:465 init: init: cannot load the encoder
06-13 19:04:17.883 670 670 I a2dp_codec: system/bt/stack/a2dp/a2dp_codec_config.cc:113 createCodec: createCodec: codec aptX-HD
06-13 19:04:17.885 670 670 E a2dp_vendor_aptx_hd_encoder: system/bt/stack/a2dp/a2dp_vendor_aptx_hd_encoder.cc:123 A2DP_VendorLoadEncoderAptxHd: A2DP_VendorLoadEncoderAptxHd: cannot open aptX-HD encoder library libaptXHD_encoder.so: dlopen failed: library "libaptXHD_encoder.so" not found
06-13 19:04:17.885 670 670 E a2dp_vendor_aptx_hd: system/bt/stack/a2dp/a2dp_vendor_aptx_hd.cc:483 init: init: cannot load the encoder
06-13 19:04:17.885 670 670 I a2dp_codec: system/bt/stack/a2dp/a2dp_codec_config.cc:113 createCodec: createCodec: codec LDAC
06-13 19:04:17.885 670 670 I a2dp_codec: system/bt/stack/a2dp/a2dp_codec_config.cc:633 init: init: updated LDAC codec priority to 5001
06-13 19:04:17.885 670 670 I a2dp_codec: system/bt/stack/a2dp/a2dp_codec_config.cc:113 createCodec: createCodec: codec SBC SINK
06-13 19:04:17.885 670 670 I a2dp_codec: system/bt/stack/a2dp/a2dp_codec_config.cc:113 createCodec: createCodec: codec AAC SINK
06-13 19:04:17.885 670 670 I a2dp_codec: system/bt/stack/a2dp/a2dp_codec_config.cc:113 createCodec: createCodec: codec LDAC SINK
06-13 19:04:17.886 670 670 E a2dp_vendor_ldac_decoder: system/bt/stack/a2dp/a2dp_vendor_ldac_decoder.cc:134 A2DP_VendorLoadDecoderLdac: A2DP_VendorLoadDecoderLdac: cannot open LDAC decoder library libldacBT_bco.so: dlopen failed: library "libldacBT_bco.so" not found
06-13 19:04:17.887 670 670 E a2dp_vendor_ldac: system/bt/stack/a2dp/a2dp_vendor_ldac.cc:1418 init: init: cannot load the decoder
06-13 19:04:17.887 670 670 I a2dp_codec: system/bt/stack/a2dp/a2dp_codec_config.cc:658 init: init: initialized Source codec LDAC
06-13 19:04:17.887 670 670 I a2dp_codec: system/bt/stack/a2dp/a2dp_codec_config.cc:658 init: init: initialized Source codec AAC
06-13 19:04:17.887 670 670 I a2dp_codec: system/bt/stack/a2dp/a2dp_codec_config.cc:658 init: init: initialized Source codec SBC
06-13 19:04:17.887 670 670 I a2dp_codec: system/bt/stack/a2dp/a2dp_codec_config.cc:665 init: init: initialized Sink codec AAC SINK
06-13 19:04:17.887 670 670 I a2dp_codec: system/bt/stack/a2dp/a2dp_codec_config.cc:665 init: init: initialized Sink codec SBC SINK
06-13 19:04:17.887 670 670 I a2dp_codec: system/bt/stack/a2dp/a2dp_codec_config.cc:569 init: init
06-13 19:04:17.887 670 670 I a2dp_codec: system/bt/stack/a2dp/a2dp_codec_config.cc:113 createCodec: createCodec: codec SBC
06-13 19:04:17.887 670 670 I a2dp_codec: system/bt/stack/a2dp/a2dp_codec_config.cc:633 init: init: updated SBC codec priority to 1001
06-13 19:04:17.887 670 670 I a2dp_codec: system/bt/stack/a2dp/a2dp_codec_config.cc:113 createCodec: createCodec: codec AAC
06-13 19:04:17.887 670 670 I a2dp_codec: system/bt/stack/a2dp/a2dp_codec_config.cc:633 init: init: updated AAC codec priority to 2001
06-13 19:04:17.887 670 670 I a2dp_codec: system/bt/stack/a2dp/a2dp_codec_config.cc:113 createCodec: createCodec: codec aptX
06-13 19:04:17.887 1207 1207 D RockyApplication: init: false
06-13 19:04:17.888 670 670 E a2dp_vendor_aptx_encoder: system/bt/stack/a2dp/a2dp_vendor_aptx_encoder.cc:123 A2DP_VendorLoadEncoderAptx: A2DP_VendorLoadEncoderAptx: cannot open aptX encoder library libaptX_encoder.so: dlopen failed: library "libaptX_encoder.so" not found
06-13 19:04:17.888 670 670 E a2dp_vendor_aptx: system/bt/stack/a2dp/a2dp_vendor_aptx.cc:465 init: init: cannot load the encoder
06-13 19:04:17.888 670 670 I a2dp_codec: system/bt/stack/a2dp/a2dp_codec_config.cc:113 createCodec: createCodec: codec aptX-HD
06-13 19:04:17.889 670 670 E a2dp_vendor_aptx_hd_encoder: system/bt/stack/a2dp/a2dp_vendor_aptx_hd_encoder.cc:123 A2DP_VendorLoadEncoderAptxHd: A2DP_VendorLoadEncoderAptxHd: cannot open aptX-HD encoder library libaptXHD_encoder.so: dlopen failed: library "libaptXHD_encoder.so" not found
06-13 19:04:17.889 670 670 E a2dp_vendor_aptx_hd: system/bt/stack/a2dp/a2dp_vendor_aptx_hd.cc:483 init: init: cannot load the encoder
06-13 19:04:17.889 670 670 I a2dp_codec: system/bt/stack/a2dp/a2dp_codec_config.cc:113 createCodec: createCodec: codec LDAC
06-13 19:04:17.889 670 670 I a2dp_codec: system/bt/stack/a2dp/a2dp_codec_config.cc:633 init: init: updated LDAC codec priority to 5001
06-13 19:04:17.889 670 670 I a2dp_codec: system/bt/stack/a2dp/a2dp_codec_config.cc:113 createCodec: createCodec: codec SBC SINK
06-13 19:04:17.889 670 670 I a2dp_codec: system/bt/stack/a2dp/a2dp_codec_config.cc:113 createCodec: createCodec: codec AAC SINK
06-13 19:04:17.889 670 670 I a2dp_codec: system/bt/stack/a2dp/a2dp_codec_config.cc:113 createCodec: createCodec: codec LDAC SINK
06-13 19:04:17.890 670 670 E a2dp_vendor_ldac_decoder: system/bt/stack/a2dp/a2dp_vendor_ldac_decoder.cc:134 A2DP_VendorLoadDecoderLdac: A2DP_VendorLoadDecoderLdac: cannot open LDAC decoder library libldacBT_bco.so: dlopen failed: library "libldacBT_bco.so" not found
06-13 19:04:17.890 670 670 E a2dp_vendor_ldac: system/bt/stack/a2dp/a2dp_vendor_ldac.cc:1418 init: init: cannot load the decoder
06-13 19:04:17.890 670 670 I a2dp_codec: system/bt/stack/a2dp/a2dp_codec_config.cc:658 init: init: initialized Source codec LDAC
06-13 19:04:17.890 670 670 I a2dp_codec: system/bt/stack/a2dp/a2dp_codec_config.cc:658 init: init: initialized Source codec AAC
06-13 19:04:17.890 670 670 I a2dp_codec: system/bt/stack/a2dp/a2dp_codec_config.cc:658 init: init: initialized Source codec SBC
06-13 19:04:17.890 670 670 I a2dp_codec: system/bt/stack/a2dp/a2dp_codec_config.cc:665 init: init: initialized Sink codec AAC SINK
06-13 19:04:17.890 670 670 I a2dp_codec: system/bt/stack/a2dp/a2dp_codec_config.cc:665 init: init: initialized Sink codec SBC SINK
06-13 19:04:17.890 670 670 I bt_btif_a2dp_source: system/bt/btif/src/btif_a2dp_source.cc:325 btif_a2dp_source_init: btif_a2dp_source_init
06-13 19:04:17.898 670 1239 I bt_stack: [INFO:message_loop_thread.cc(224)] Run: message loop starting for thread bt_a2dp_source_worker_thread
06-13 19:04:17.902 670 1074 I bt_bta_av: system/bt/bta/av/bta_av_main.cc:418 bta_av_api_register: bta_av_api_register: AVRCP version used for sdp: "avrcp15"
06-13 19:04:17.902 670 1074 I bt_l2cap: system/bt/stack/l2cap/l2c_api.cc:134 L2CA_Register: L2CAP Registered service classic PSM: 0x0019
06-13 19:04:17.902 670 1074 I bt_l2cap: system/bt/stack/l2cap/l2c_api.cc:134 L2CA_Register: L2CAP Registered service classic PSM: 0x0017
06-13 19:04:17.902 670 1074 I bt_l2cap: system/bt/stack/l2cap/l2c_api.cc:134 L2CA_Register: L2CAP Registered service classic PSM: 0x001b
06-13 19:04:17.902 670 1239 I bt_btif_a2dp_source: system/bt/btif/src/btif_a2dp_source.cc:335 btif_a2dp_source_init_delayed: btif_a2dp_source_init_delayed
06-13 19:04:17.902 670 1074 I bt_bta_dm: system/bt/bta/dm/bta_dm_act.cc:3191 bta_dm_eir_update_uuid: EIR Adding UUID=0x110A into extended inquiry response
06-13 19:04:17.902 670 1074 I bt_bta_dm: system/bt/bta/dm/bta_dm_act.cc:2890 bta_dm_set_eir: Generating extended inquiry response packet EIR
06-13 19:04:17.902 670 1074 I bt_bta_av: system/bt/bta/av/bta_av_act.cc:304 bta_av_rc_create: Skipping RC creation for the old AVRCP profile
06-13 19:04:17.902 670 1074 I bt_bta_dm: system/bt/bta/dm/bta_dm_act.cc:3191 bta_dm_eir_update_uuid: EIR Adding UUID=0x110E into extended inquiry response
06-13 19:04:17.902 670 1074 I bt_bta_dm: system/bt/bta/dm/bta_dm_act.cc:2890 bta_dm_set_eir: Generating extended inquiry response packet EIR
06-13 19:04:17.902 670 1074 I bt_bta_av: system/bt/bta/av/bta_av_main.cc:418 bta_av_api_register: bta_av_api_register: AVRCP version used for sdp: "avrcp15"
06-13 19:04:17.903 670 1074 I bt_bta_av: system/bt/bta/av/bta_av_main.cc:418 bta_av_api_register: bta_av_api_register: AVRCP version used for sdp: "avrcp15"
06-13 19:04:17.903 670 1074 I bt_bta_av: system/bt/bta/av/bta_av_main.cc:418 bta_av_api_register: bta_av_api_register: AVRCP version used for sdp: "avrcp15"
06-13 19:04:17.903 670 1074 I bt_bta_av: system/bt/bta/av/bta_av_main.cc:418 bta_av_api_register: bta_av_api_register: AVRCP version used for sdp: "avrcp15"
06-13 19:04:17.904 670 1074 I bt_bta_av: system/bt/bta/av/bta_av_main.cc:418 bta_av_api_register: bta_av_api_register: AVRCP version used for sdp: "avrcp15"
06-13 19:04:17.904 670 670 I bt_btif_storage: system/bt/btif/src/btif_storage.cc:661 btif_storage_get_adapter_property: btif_storage_get_adapter_property service_mask:0x20000048
06-13 19:04:17.904 670 670 D A2dpService: A2DP offload flag set to false
06-13 19:04:17.908 670 670 D A2dpService: setA2dpService(): set to: com.android.bluetooth.a2dp.A2dpService@2062184
06-13 19:04:17.910 670 851 D BluetoothActiveDeviceManager: handleMessage(MESSAGE_ADAPTER_ACTION_STATE_CHANGED): newState=11
06-13 19:04:17.910 1090 1090 E hq : 检查user:::switchDao id=-1
06-13 19:04:17.911 670 670 I BluetoothHidHostServiceJni: classInitNative: succeeds
06-13 19:04:17.922 670 670 I bt_btif : system/bt/btif/src/bluetooth.cc:417 get_profile_interface: get_profile_interface: id = hidhost
06-13 19:04:17.923 670 1074 I bt_l2cap: system/bt/stack/l2cap/l2c_api.cc:134 L2CA_Register: L2CAP Registered service classic PSM: 0x0011
06-13 19:04:17.923 670 1074 I bt_l2cap: system/bt/stack/l2cap/l2c_api.cc:134 L2CA_Register: L2CAP Registered service classic PSM: 0x0013
06-13 19:04:17.923 670 1074 I bluetooth: system/bt/stack/gatt/gatt_api.cc:1019 GATT_Register: Allocated name:GattClient uuid:3689c435-da5c-f681-10ae-a4a395dd61e6 gatt_if:4 eatt_support:0
06-13 19:04:17.923 670 670 I bt_btif_storage: system/bt/btif/src/btif_storage.cc:661 btif_storage_get_adapter_property: btif_storage_get_adapter_property service_mask:0x20100048
06-13 19:04:17.924 670 844 W bt_stack: [WARNING:btif_hh.cc(403)] Added device e4:bb:d3:57:c0:60
06-13 19:04:17.924 670 844 W bt_btif : system/bt/main/bte_logmsg.cc:194 LogMsg: BTA_HH_ADD_DEV_EVT: status = 0, handle = 16
06-13 19:04:17.928 670 670 I BluetoothPanServiceJni: classInitNative(L110): succeeds
06-13 19:04:17.933 194 194 I vold : Bind mounting //data/media/0/Android/data on /mnt/user/0/emulated/0/Android/data
06-13 19:04:17.934 194 194 I vold : Bind mounted //data/media/0/Android/data on /mnt/user/0/emulated/0/Android/data
06-13 19:04:17.935 194 194 I vold : Bind mounting //data/media/0/Android/obb on /mnt/user/0/emulated/0/Android/obb
06-13 19:04:17.937 194 194 I vold : Bind mounted //data/media/0/Android/obb on /mnt/user/0/emulated/0/Android/obb
06-13 19:04:17.937 194 194 I vold : Configuring read_ahead of /mnt/user/0/emulated fuse filesystem to 256kb
06-13 19:04:17.938 194 194 I vold : Writing 256 to /sys/class/bdi/0:47/read_ahead_kb
06-13 19:04:17.938 194 194 I vold : Configuring max_ratio of /mnt/user/0/emulated fuse filesystem to 40
06-13 19:04:17.938 194 194 I vold : Writing 40 to /sys/class/bdi/0:47/max_ratio
06-13 19:04:17.941 479 603 I StorageManagerService: Mounted volume VolumeInfo{emulated;0}:
06-13 19:04:17.941 479 603 I StorageManagerService: type=EMULATED diskId=null partGuid= mountFlags=PRIMARY|VISIBLE
06-13 19:04:17.941 479 603 I StorageManagerService: mountUserId=0 state=CHECKING
06-13 19:04:17.941 479 603 I StorageManagerService: fsType=null fsUuid=null fsLabel=null
06-13 19:04:17.941 479 603 I StorageManagerService: path=/storage/emulated internalPath=/data/media
06-13 19:04:17.943 479 603 I StorageSessionController: Notifying volume state changed for session with id: emulated;0
06-13 19:04:17.947 670 670 D BluetoothPanServiceJni: initializeNative(L115): pan
06-13 19:04:17.947 670 670 I bt_btif : system/bt/btif/src/bluetooth.cc:417 get_profile_interface: get_profile_interface: id = pan
06-13 19:04:17.947 670 1074 I bt_l2cap: system/bt/stack/l2cap/l2c_api.cc:134 L2CA_Register: L2CAP Registered service classic PSM: 0x000f
06-13 19:04:17.948 670 1074 I bt_bta_dm: system/bt/bta/dm/bta_dm_act.cc:3191 bta_dm_eir_update_uuid: EIR Adding UUID=0x1116 into extended inquiry response
06-13 19:04:17.948 670 1074 I bt_bta_dm: system/bt/bta/dm/bta_dm_act.cc:2890 bta_dm_set_eir: Generating extended inquiry response packet EIR
06-13 19:04:17.948 670 1074 I bt_bta_dm: system/bt/bta/dm/bta_dm_act.cc:3191 bta_dm_eir_update_uuid: EIR Adding UUID=0x1115 into extended inquiry response
06-13 19:04:17.948 670 1074 I bt_bta_dm: system/bt/bta/dm/bta_dm_act.cc:2890 bta_dm_set_eir: Generating extended inquiry response packet EIR
06-13 19:04:17.948 670 1074 I bt_bta_dm: system/bt/bta/dm/bta_dm_act.cc:3191 bta_dm_eir_update_uuid: EIR Adding UUID=0x1116 into extended inquiry response
06-13 19:04:17.948 670 1074 I bt_bta_dm: system/bt/bta/dm/bta_dm_act.cc:2890 bta_dm_set_eir: Generating extended inquiry response packet EIR
06-13 19:04:17.948 670 1074 I bt_bta_dm: system/bt/bta/dm/bta_dm_act.cc:3191 bta_dm_eir_update_uuid: EIR Adding UUID=0x1115 into extended inquiry response
06-13 19:04:17.948 670 1074 I bt_bta_dm: system/bt/bta/dm/bta_dm_act.cc:2890 bta_dm_set_eir: Generating extended inquiry response packet EIR
06-13 19:04:17.948 670 844 D BluetoothPanServiceJni: control_state_callback(L62): state:0, local_role:3, ifname:bt-pan
06-13 19:04:17.985 670 670 I AvrcpTargetService: User unlocked, initializing the service
06-13 19:04:17.985 670 670 I AvrcpTargetService: Starting the AVRCP Target Service
06-13 19:04:17.990 1035 1136 V MediaStore: Examining volume emulated;0 with name external_primary and state mounted
06-13 19:04:17.997 670 670 V MediaPlayerList: Creating MediaPlayerList
06-13 19:04:18.013 1090 1090 E hq : 检查user:::更新前的信息: null
06-13 19:04:18.013 1090 1090 E hq : 更新后的信息: Users{userId=-1, nickName='游客', avatarUrl='null', wxToken='null', vip='null', mobile='null', sex=null, description='null', city='null', province='null', country='null', launcherMode=null, token='null', token='null'}
06-13 19:04:18.023 1207 1207 D RockyManager: initFarWakeStatus isMainFarSwitch: false
06-13 19:04:18.029 479 750 D MediaSessionService: The MediaKeyEventSessionChangedListener (android.os.BinderProxy@3cc59b1) is added by com.android.bluetooth
06-13 19:04:18.030 670 670 I AvrcpTargetJni: classInitNative: AvrcpTargetJni initialized!
06-13 19:04:18.032 670 670 D AvrcpNativeInterface: Init AvrcpNativeInterface
06-13 19:04:18.032 1207 1207 I RockyManager: isFarWake: false
06-13 19:04:18.032 670 670 D AvrcpTargetJni: initNative
06-13 19:04:18.033 670 1074 I bt_stack: [INFO:avrcp_service.cc(287)] AVRCP Target Service started
06-13 19:04:18.033 670 1074 I bt_bta_dm: system/bt/bta/dm/bta_dm_act.cc:3191 bta_dm_eir_update_uuid: EIR Adding UUID=0x110C into extended inquiry response
06-13 19:04:18.033 670 1074 I bt_bta_dm: system/bt/bta/dm/bta_dm_act.cc:2890 bta_dm_set_eir: Generating extended inquiry response packet EIR
06-13 19:04:18.033 670 1074 I bt_stack: [INFO:connection_handler.cc(197)] Connect to device ff:ff:ff:ff:ff:ff
06-13 19:04:18.033 670 1074 I bt_stack: [INFO:connection_handler.cc(219)] virtual bool bluetooth::avrcp::ConnectionHandler::AvrcpConnect(bool, const RawAddress &): handle=0000 status= 000000
06-13 19:04:18.041 1090 1090 D AdHelper: ad server environment is official? false
06-13 19:04:18.041 1090 1090 D AdHelper: ad server environment is official? false
06-13 19:04:18.041 1090 1090 D AdHelper: ad server environment is official? false
06-13 19:04:18.042 1090 1090 D AdHelper: ad server environment is official? false
06-13 19:04:18.054 1207 1207 W ContextImpl: Calling a method in the system process without a qualified user: android.app.ContextImpl.startService:1816 android.content.ContextWrapper.startService:774 com.cvte.tv.api.TvApiSDKManager.:177 com.cvte.tv.api.TvApiSDKManager.init:217 com.dangbei.rocky.component.system.SystemControlUtils.initSystemAidl:82
06-13 19:04:18.055 670 670 V MediaPlayerList: Initializing MediaPlayerList
06-13 19:04:18.057 1090 1090 D AdHelper: AdHelper init: end
06-13 19:04:18.057 670 670 I AvrcpBrowsedPlayerWrapper: Wrapping Media Browser com.android.music
06-13 19:04:18.059 479 603 I StorageSessionController: Notifying volume state changed for session with id: emulated;0
06-13 19:04:18.059 670 670 E AvrcpTargetService: Please use AVRCP version 1.6 to enable cover art
06-13 19:04:18.060 479 502 W ActivityManager: Unable to start service Intent { act=com.cvte.tv.api.TV_API_SERVICE pkg=com.cvte.tv.api.impl } U=0: not found
