06-13 19:04:16.249 327 329 D XM_HIDREAD: add@ add@/module/sunxi_usbc
06-13 19:04:16.241 661 661 I WCN : get_board_ant_num [three_ant]
06-13 19:04:16.241 661 661 E : wifi ini path = /vendor/etc/wifi_56630001_3ant.ini
06-13 19:04:16.251 169 169 D : get det_vbus is fail, -84
06-13 19:04:16.251 169 169 D : get id is fail, -84
06-13 19:04:16.257 661 661 E sprdwl : __sprdwl_cmd_getbuf cant't get vif, ctx_id: 0
06-13 19:04:16.258 479 810 W ActivityManager: Slow operation: 75ms so far, now at attachApplicationLocked: after mServices.attachApplicationLocked
06-13 19:04:16.266 661 661 E sprdwl : __sprdwl_cmd_getbuf cant't get vif, ctx_id: 0
06-13 19:04:16.274 479 648 W HdmiCecController: Failed to send 40:47 with errorCode=1
06-13 19:04:16.274 402 419 I adbd : jdwp connection from 1061
06-13 19:04:16.277 1035 1035 D CompatibilityChangeReporter: Compat change id reported: 171979766; UID 10074; state: DISABLED
06-13 19:04:16.279 661 661 E sprdwl : sprdwl_get_fw_info, drv_version=1, fw_version=2, compat_ver=0
06-13 19:04:16.292 357 357 E : recv_kernel_event address b4:2f:03:15:74:2b
06-13 19:04:16.292 661 661 E sprdwl : chip_model:0x2355, chip_ver:0x0
06-13 19:04:16.298 479 479 V NotificationAssistants: enabling notification assistant for 0: ComponentInfo{android.ext.services/android.ext.services.notification.Assistant}
06-13 19:04:16.300 479 524 I ActivityManager: com.dangbei.leard.leradlauncher is exempt from freezer
06-13 19:04:16.305 661 661 E sprdwl : fw_ver:0, fw_std:0x53, fw_capa:0x120f4f
06-13 19:04:16.306 479 479 V NotificationAssistants: binding: Intent { act=android.service.notification.NotificationAssistantService cmp=android.ext.services/.notification.Assistant (has extras) }
06-13 19:04:16.316 661 661 E sprdwl : mac_addr:b4:2f:03:15:e9:b5
06-13 19:04:16.324 661 661 E sprdwl : credit_capa:TX_WITH_CREDIT, extend_feature:0x1
06-13 19:04:16.332 661 661 E sprdwl : ott support:1
06-13 19:04:16.327 479 534 W Searchables: No global search activity found
06-13 19:04:16.331 249 249 D Zygote : Forked child process 1090
06-13 19:04:16.336 327 329 D XM_HIDREAD: add@ add@/devices/platform/unisoc_wifi/ieee80211/phy0
06-13 19:04:16.340 1028 1028 D CompatibilityChangeReporter: Compat change id reported: 171979766; UID 1000; state: DISABLED
06-13 19:04:16.346 479 543 I ActivityManager: app.processName = com.dangbei.leard.leradlauncher
06-13 19:04:16.346 479 543 I ActivityManager: Start proc 1090:com.dangbei.leard.leradlauncher/1000 for top-activity {com.dangbei.leard.leradlauncher/com.dangbei.launcher.home.LauncherActivity}
06-13 19:04:16.349 1090 1090 I Zygote : seccomp disabled by setenforce 0
06-13 19:04:16.353 479 479 W Looper : Slow dispatch took 164ms main h=android.app.ActivityThread$H c=android.app.LoadedApk$ReceiverDispatcher$Args$$ExternalSyntheticLambda0@b121972 m=0
06-13 19:04:16.355 677 677 D TvPipController: onTaskStackChanged()
06-13 19:04:16.366 479 534 I ActivityManager: com.android.keychain is exempt from freezer
06-13 19:04:16.368 479 534 D CompatibilityChangeReporter: Compat change id reported: 135634846; UID 1000; state: DISABLED
06-13 19:04:16.365 327 329 D XM_HIDREAD: add@ add@/devices/platform/unisoc_wifi/ieee80211/phy0/rfkill2
06-13 19:04:16.371 1028 1028 D ApplicationLoaders: Returning zygote-cached class loader: /system/framework/android.test.base.jar
06-13 19:04:16.360 661 661 E sprdwl : __sprdwl_cmd_getbuf cant't get vif, ctx_id: 0
06-13 19:04:16.374 1028 1028 D ApplicationLoaders: Returning zygote-cached class loader: /system/framework/android.hidl.manager-V1.0-java.jar
06-13 19:04:16.375 1028 1028 D ApplicationLoaders: Returning zygote-cached class loader: /system/framework/android.hidl.base-V1.0-java.jar
06-13 19:04:16.375 479 640 I BackupManagerService: isBackupEnabled() => false due to absent settings file
06-13 19:04:16.375 479 640 D BackupManagerService: user:0 readBackupEnableState enabled:false
06-13 19:04:16.375 479 640 I BackupManagerService: [UserID:0] Backup enabled => false
06-13 19:04:16.381 479 809 D CompatibilityChangeReporter: Compat change id reported: 168419799; UID 10025; state: DISABLED
06-13 19:04:16.396 249 249 D Zygote : Forked child process 1098
06-13 19:04:16.399 479 543 I ActivityManager: app.processName = com.android.keychain
06-13 19:04:16.399 479 543 I ActivityManager: Start proc 1098:com.android.keychain/1000 for service {com.android.keychain/com.android.keychain.KeyChainService}
06-13 19:04:16.403 402 419 I adbd : jdwp connection from 1090
06-13 19:04:16.404 479 648 W HdmiCecController: Failed to send 45:7D with errorCode=1
06-13 19:04:16.410 1061 1061 D CompatibilityChangeReporter: Compat change id reported: 171979766; UID 10025; state: ENABLED
06-13 19:04:16.410 1098 1098 I Zygote : seccomp disabled by setenforce 0
06-13 19:04:16.435 402 419 I adbd : jdwp connection from 1098
06-13 19:04:16.444 479 809 D AW_CODE : rotation =0
06-13 19:04:16.456 479 809 D CompatibilityChangeReporter: Compat change id reported: 174042980; UID 1000; state: DISABLED
06-13 19:04:16.472 1090 1090 D CompatibilityChangeReporter: Compat change id reported: 171979766; UID 1000; state: DISABLED
06-13 19:04:16.476 479 809 D CompatibilityChangeReporter: Compat change id reported: 168419799; UID 1000; state: DISABLED
06-13 19:04:16.476 1084 1084 D VoHCI : VoHCI service version: v1.0.0
06-13 19:04:16.477 1084 1084 E VoHCI : Cannot get card id for name: VoHCILoopback
06-13 19:04:16.495 1090 1090 D ApplicationLoaders: Returning zygote-cached class loader: /system/framework/android.test.base.jar
06-13 19:04:16.495 1090 1090 D ApplicationLoaders: Returning zygote-cached class loader: /system/framework/android.hidl.manager-V1.0-java.jar
06-13 19:04:16.495 1090 1090 D ApplicationLoaders: Returning zygote-cached class loader: /system/framework/android.hidl.base-V1.0-java.jar
06-13 19:04:16.496 1098 1098 D CompatibilityChangeReporter: Compat change id reported: 171979766; UID 1000; state: ENABLED
06-13 19:04:16.497 479 479 I AccountManagerService: User 0 is unlocked - opening CE database
06-13 19:04:16.583 1035 1035 V GraphicsEnvironment: ANGLE Developer option for 'com.android.providers.media.module' set to: 'default'
06-13 19:04:16.583 1035 1035 V GraphicsEnvironment: Neither updatable production driver nor prerelease driver is supported.
06-13 19:04:16.585 1035 1035 D NetworkSecurityConfig: No Network Security Config specified, using platform default
06-13 19:04:16.586 1035 1035 D NetworkSecurityConfig: No Network Security Config specified, using platform default
06-13 19:04:16.653 1090 1090 V GraphicsEnvironment: ANGLE Developer option for 'com.dangbei.leard.leradlauncher' set to: 'default'
06-13 19:04:16.653 1090 1090 V GraphicsEnvironment: Neither updatable production driver nor prerelease driver is supported.
06-13 19:04:16.657 1090 1090 D NetworkSecurityConfig: Using Network Security Config from resource network_permission_config debugBuild: false
06-13 19:04:16.660 1090 1090 D NetworkSecurityConfig: Using Network Security Config from resource network_permission_config debugBuild: false
06-13 19:04:16.669 1028 1028 V GraphicsEnvironment: ANGLE Developer option for 'com.dangbei.lerad.etna.haqu' set to: 'default'
06-13 19:04:16.669 1061 1061 V GraphicsEnvironment: ANGLE Developer option for 'com.android.traceur' set to: 'default'
06-13 19:04:16.669 1061 1061 V GraphicsEnvironment: Neither updatable production driver nor prerelease driver is supported.
06-13 19:04:16.669 1028 1028 V GraphicsEnvironment: Neither updatable production driver nor prerelease driver is supported.
06-13 19:04:16.672 1061 1061 D NetworkSecurityConfig: No Network Security Config specified, using platform default
06-13 19:04:16.673 1028 1028 D NetworkSecurityConfig: Using Network Security Config from resource network_security_config debugBuild: false
06-13 19:04:16.673 1061 1061 D NetworkSecurityConfig: No Network Security Config specified, using platform default
06-13 19:04:16.681 1028 1028 D NetworkSecurityConfig: Using Network Security Config from resource network_security_config debugBuild: false
06-13 19:04:16.699 1035 1035 V MediaProvider: Attached media from com.android.providers.media.module
06-13 19:04:16.705 1098 1098 V GraphicsEnvironment: ANGLE Developer option for 'com.android.keychain' set to: 'default'
06-13 19:04:16.705 1098 1098 V GraphicsEnvironment: Neither updatable production driver nor prerelease driver is supported.
06-13 19:04:16.707 1098 1098 D NetworkSecurityConfig: No Network Security Config specified, using platform default
06-13 19:04:16.708 1098 1098 D NetworkSecurityConfig: No Network Security Config specified, using platform default
06-13 19:04:16.713 479 479 W Looper : Slow dispatch took 297ms main h=android.app.ActivityThread$H c=android.app.LoadedApk$ReceiverDispatcher$Args$$ExternalSyntheticLambda0@700b8a0 m=0
06-13 19:04:16.724 479 669 I SyncManager: Loaded persisted syncs: 0 periodic syncs, 0 oneshot syncs, 16 total system server jobs, JobStats: FirstLoad: 5/2/0 LastSave: -1/-1/-1
06-13 19:04:16.724 1061 1061 I Traceur : Received BOOT_COMPLETE
06-13 19:04:16.726 1090 1090 I MultiDex: VM with version 2.1.0 has multidex support
06-13 19:04:16.727 1090 1090 I MultiDex: Installing application
06-13 19:04:16.727 1090 1090 I MultiDex: VM has multidex support, MultiDex support library is disabled.
06-13 19:04:16.745 479 479 V NotificationAssistants: 0 notification assistant service connected: ComponentInfo{android.ext.services/android.ext.services.notification.Assistant}
06-13 19:04:16.746 479 479 W Looper : Drained
06-13 19:04:16.767 1028 1028 I MultiDex: VM with version 2.1.0 has multidex support
06-13 19:04:16.767 1028 1028 I MultiDex: Installing application
06-13 19:04:16.768 1028 1028 I MultiDex: VM has multidex support, MultiDex support library is disabled.
06-13 19:04:16.772 479 809 I ActivityManager: com.oranth.ledstatus is exempt from freezer
06-13 19:04:16.773 479 809 D CompatibilityChangeReporter: Compat change id reported: 135634846; UID 1000; state: DISABLED
06-13 19:04:16.793 1035 1035 I TranscodeHelper: Empty transcode compat stale
06-13 19:04:16.794 1035 1035 I TranscodeHelper: Parsed 0 packages from resource
06-13 19:04:16.794 1035 1035 I TranscodeHelper: Empty device config transcode compat manifest
06-13 19:04:16.795 249 249 D Zygote : Forked child process 1134
06-13 19:04:16.797 479 543 I ActivityManager: app.processName = com.oranth.ledstatus
06-13 19:04:16.797 479 543 I ActivityManager: Start proc 1134:com.oranth.ledstatus/1000 for broadcast {com.oranth.ledstatus/com.oranth.ledstatus.BootCompletedReceiver}
06-13 19:04:16.806 1134 1134 I Zygote : seccomp disabled by setenforce 0
06-13 19:04:16.814 1134 1134 I ranth.ledstatu: Late-enabling -Xcheck:jni
06-13 19:04:16.821 1035 1035 V MediaStore: Examining volume emulated;0 with name external_primary and state checking
06-13 19:04:16.827 1035 1035 D CompatibilityChangeReporter: Compat change id reported: 148180766; UID 10074; state: ENABLED
06-13 19:04:16.833 1035 1035 D PulledMetrics: Registering callback with StatsManager
06-13 19:04:16.854 479 523 W IorapForwardingService: No service published for: iorapd
06-13 19:04:16.856 479 1026 I StorageUserConnection: Service: [ComponentInfo{com.android.providers.media.module/com.android.providers.media.fuse.ExternalStorageServiceImpl}] connected. User [0]
06-13 19:04:16.858 1035 1136 I ExternalStorageServiceImpl: Starting session for id: emulated;0
06-13 19:04:16.859 1035 1136 V FuseDaemonThread: Waiting 1000ms for FUSE start. Count 4
06-13 19:04:16.861 1035 1137 I FuseDaemonThread: Starting thread for emulated;0 ...
06-13 19:04:16.863 1035 1137 I FuseDaemon: Starting fuse...
06-13 19:04:16.867 670 670 D GattService: Unlocked userId 0
06-13 19:04:16.873 1035 1135 V MediaProvider: onConfigure() for external.db
06-13 19:04:16.891 1035 1135 V MediaProvider: onOpen() for external.db
06-13 19:04:16.893 1035 1135 V MediaProvider: onOpen() finished for external.db
06-13 19:04:16.895 402 419 I adbd : jdwp connection from 1134
06-13 19:04:16.896 479 750 D CompatibilityChangeReporter: Compat change id reported: 149924527; UID 1000; state: ENABLED
06-13 19:04:16.898 479 750 D CompatibilityChangeReporter: Compat change id reported: 132649864; UID 1000; state: DISABLED
06-13 19:04:16.904 269 269 I EventThread: type=1400 audit(0.0:388): avc: denied { search } for name="extcon" dev="sysfs" ino=18109 scontext=u:r:hal_tv_cec_default:s0 tcontext=u:object_r:sysfs_extcon:s0 tclass=dir permissive=1
06-13 19:04:16.941 479 750 D CompatibilityChangeReporter: Compat change id reported: 168419799; UID 1000; state: DISABLED
06-13 19:04:16.955 1028 1028 E ccc : cccccc etna EtnaApplication init com.dangbei.lerad.etna.haqu.EtnaApplication@5a1a3df
06-13 19:04:16.961 1028 1028 I MMKV : Disable checkProcessMode()
06-13 19:04:16.976 1028 1028 I MMKV : current API level = 31
06-13 19:04:16.977 1028 1028 I MMKV : version v1.2.8 page size:4096
06-13 19:04:16.978 1028 1028 I MMKV : root dir: /data/user/0/com.dangbei.lerad.etna.haqu/files/mmkv
06-13 19:04:16.991 1134 1134 D CompatibilityChangeReporter: Compat change id reported: 171979766; UID 1000; state: DISABLED
06-13 19:04:17.021 1134 1134 D ApplicationLoaders: Returning zygote-cached class loader: /system/framework/android.test.base.jar
06-13 19:04:17.021 1134 1134 D ApplicationLoaders: Returning zygote-cached class loader: /system/framework/android.hidl.manager-V1.0-java.jar
06-13 19:04:17.022 1134 1134 D ApplicationLoaders: Returning zygote-cached class loader: /system/framework/android.hidl.base-V1.0-java.jar
06-13 19:04:17.061 1134 1134 W ranth.ledstatu: ClassLoaderContext shared library size mismatch. Expected=0, found=4 (PCL[] | PCL[]{PCL[/system/framework/android.test.base.jar*3790657674]#PCL[/system/framework/android.hidl.manager-V1.0-java.jar*1809561547]#PCL[/system/framework/android.hidl.base-V1.0-java.jar*2233032481]#PCL[/system/framework/org.apache.http.legacy.jar*2058259660]})
06-13 19:04:17.074 1028 1028 E ccc : cccccc ota-path is cache/recovery/
06-13 19:04:17.084 1028 1028 W ContextImpl: Calling a method in the system process without a qualified user: android.app.ContextImpl.startService:1816 android.content.ContextWrapper.startService:774 com.dangbei.lerad.etna.core.EtnaManager.startService:64 com.dangbei.lerad.etna.core.EtnaManager.init:39 com.dangbei.lerad.etna.haqu.EtnaApplication.init:87
06-13 19:04:17.099 1028 1028 W ContextImpl: Calling a method in the system process without a qualified user: android.app.ContextImpl.startService:1816 android.content.ContextWrapper.startService:774 com.dangbei.andes.CoreService$Companion.start:29 com.dangbei.lerad.etna.haqu.EtnaApplication.init:88 com.dangbei.lerad.etna.haqu.EtnaApplication.onCreate:59
06-13 19:04:17.109 1134 1134 V GraphicsEnvironment: ANGLE Developer option for 'com.oranth.ledstatus' set to: 'default'
06-13 19:04:17.109 1028 1028 D DisplayOutputManager: ro.build.characteristics=homlet
06-13 19:04:17.109 1134 1134 V GraphicsEnvironment: Neither updatable production driver nor prerelease driver is supported.
06-13 19:04:17.111 186 186 I servicemanager: Found vendor.display.output.IDisplayOutputManager/default in device VINTF manifest.
06-13 19:04:17.114 1028 1028 D HomletDisplayOutputManager: get IDisplayOutputManager service success
06-13 19:04:17.116 1028 1028 D AudioManagerEx: AudioManagerEx
06-13 19:04:17.118 1134 1134 D NetworkSecurityConfig: No Network Security Config specified, using platform default
06-13 19:04:17.119 254 302 D audio_hw_primary: Mic get_audio_devices_active:
06-13 19:04:17.119 254 302 D audio_hw_primary: get_audio_devices_active: AUDIO_HDMI
06-13 19:04:17.120 254 254 D xm_audio: adev_get_parameters
06-13 19:04:17.120 273 445 I hash_map_utils: system/bt/osi/src/hash_map_utils.cc:81 hash_map_utils_dump_string_keys_string_values: key: 'audio_devices_out_active' value: ''
06-13 19:04:17.121 1090 1090 I FrameWorkHelper: userHttps:
06-13 19:04:17.122 1028 1028 D AudioManagerEx: type audio_devices_out_active list AUDIO_HDMI=
06-13 19:04:17.126 1134 1134 D NetworkSecurityConfig: No Network Security Config specified, using platform default
06-13 19:04:17.131 254 254 D audio_hw_primary: getAudioDevices()
06-13 19:04:17.131 254 254 D audio_hw_primary: out dev:AUDIO_CODEC
06-13 19:04:17.131 254 254 D audio_hw_primary: in dev:AUDIO_SPDIF
06-13 19:04:17.131 254 254 D audio_hw_primary: out dev:AUDIO_SPDIF
06-13 19:04:17.131 254 254 D audio_hw_primary: in dev:AUDIO_HDMI
06-13 19:04:17.131 254 254 D audio_hw_primary: out dev:AUDIO_HDMI
06-13 19:04:17.131 254 254 D audio_hw_primary: in dev:AUDIO_I2S2
06-13 19:04:17.131 254 254 D audio_hw_primary: out playback: AUDIO_CODEC,AUDIO_SPDIF,AUDIO_HDMI
06-13 19:04:17.132 254 254 D xm_audio: adev_get_parameters
06-13 19:04:17.132 273 445 I hash_map_utils: system/bt/osi/src/hash_map_utils.cc:81 hash_map_utils_dump_string_keys_string_values: key: 'audio_devices_out' value: ''
06-13 19:04:17.133 1028 1028 D AudioManagerEx: type audio_devices_out list AUDIO_CODEC,AUDIO_SPDIF,AUDIO_HDMI=
06-13 19:04:17.136 1134 1134 I aaa : BootCompleteService is start !!!
06-13 19:04:17.138 1134 1134 W ContextImpl: Calling a method in the system process without a qualified user: android.app.ContextImpl.startService:1816 android.content.ContextWrapper.startService:774 android.content.ContextWrapper.startService:774 com.oranth.ledstatus.BootCompletedReceiver.onReceive:15 android.app.ActivityThread.handleReceiver:4308
06-13 19:04:17.150 479 809 I ActivityManager: com.oranth.storage is exempt from freezer
06-13 19:04:17.151 479 616 D ConnectivityService: NetReassign [no changes]
06-13 19:04:17.151 1028 1167 W ContextImpl: Calling a method in the system process without a qualified user: android.app.ContextImpl.bindService:1895 android.content.ContextWrapper.bindService:810 com.dangbei.lerad.etna.lib.client.EtnaClient.bindServer:138 com.dangbei.lerad.etna.lib.client.EtnaClient.access$600:29 com.dangbei.lerad.etna.lib.client.EtnaClient$3.call:205
06-13 19:04:17.151 479 809 D CompatibilityChangeReporter: Compat change id reported: 135634846; UID 1000; state: DISABLED
06-13 19:04:17.154 1134 1134 D aaa : onCreate()
06-13 19:04:17.156 186 186 E SELinux : avc: denied { find } for pid=1134 uid=1000 name=MyLedService scontext=u:r:system_app:s0 tcontext=u:object_r:default_android_service:s0 tclass=service_manager permissive=1
06-13 19:04:17.158 186 186 E SELinux : avc: denied { add } for pid=1134 uid=1000 name=MyLedService scontext=u:r:system_app:s0 tcontext=u:object_r:default_android_service:s0 tclass=service_manager permissive=1
06-13 19:04:17.161 479 616 D ConnectivityService: NetReassign [no changes]
06-13 19:04:17.176 249 249 D Zygote : Forked child process 1173
06-13 19:04:17.177 479 543 I ActivityManager: app.processName = com.oranth.storage
06-13 19:04:17.177 479 543 I ActivityManager: Start proc 1173:com.oranth.storage/1000 for broadcast {com.oranth.storage/com.oranth.storage.BootCompletedReceiver}
06-13 19:04:17.189 1173 1173 I Zygote : seccomp disabled by setenforce 0
06-13 19:04:17.190 1134 1134 D aaa : LedStatusService onStartCommand begin
06-13 19:04:17.192 1134 1174 D aaa : topPkg is -------------- :com.android.tv.settings
06-13 19:04:17.196 1173 1173 I .oranth.storag: Late-enabling -Xcheck:jni
06-13 19:04:17.220 1028 1178 W ContextImpl: Calling a method in the system process without a qualified user: android.app.ContextImpl.bindService:1895 android.content.ContextWrapper.bindService:810 com.dangbei.lerad.etna.lib.client.EtnaClient.bindServer:138 com.dangbei.lerad.etna.lib.client.EtnaClient.access$600:29 com.dangbei.lerad.etna.lib.client.EtnaClient$3.call:205
06-13 19:04:17.265 402 419 I adbd : jdwp connection from 1173
06-13 19:04:17.292 479 750 D CompatibilityChangeReporter: Compat change id reported: 168419799; UID 1000; state: DISABLED
06-13 19:04:17.319 397 397 E update_engine: [ERROR:update_attempter_android.cc(-1)] unknown(...): Domain=update_engine, Code=generic_error, Message=No ongoing update to cancel.
06-13 19:04:17.323 397 397 E update_engine: [ERROR:update_attempter_android.cc(90)] Replying with failure: pc:0xd00aa79: No ongoing update to cancel.
06-13 19:04:17.327 1028 1028 E ccc : cccccc 故意做的cancel 捕获 No ongoing update to cancel.
06-13 19:04:17.328 1028 1028 W System.err: android.os.ServiceSpecificException: No ongoing update to cancel. (code 1)
06-13 19:04:17.329 1028 1028 W System.err: at android.os.Parcel.createExceptionOrNull(Parcel.java:2439)
06-13 19:04:17.329 1028 1028 W System.err: at android.os.Parcel.createException(Parcel.java:2409)
06-13 19:04:17.329 1028 1028 W System.err: at android.os.Parcel.readException(Parcel.java:2392)
06-13 19:04:17.329 1028 1028 W System.err: at android.os.Parcel.readException(Parcel.java:2334)
06-13 19:04:17.329 1028 1028 W System.err: at android.os.IUpdateEngine$Stub$Proxy.cancel(IUpdateEngine.java:480)
06-13 19:04:17.329 1028 1028 W System.err: at android.os.UpdateEngine.cancel(UpdateEngine.java:381)
06-13 19:04:17.329 1028 1028 W System.err: at com.oranth.otalibrary.OTAManager.cancel(OTAManager.java:54)
06-13 19:04:17.329 1028 1028 W System.err: at com.dangbei.etna.update.ota.OtaUpdateHelper.cancelInstalling(OtaUpdateHelper.kt:134)
06-13 19:04:17.329 1028 1028 W System.err: at com.dangbei.etna.update.ota.OtaUpdateHelper.init(OtaUpdateHelper.kt:72)
06-13 19:04:17.329 1028 1028 W System.err: at com.dangbei.etna.update.UpdateHelper.init(UpdateHelper.kt:60)
06-13 19:04:17.329 1028 1028 W System.err: at com.dangbei.lerad.etna.haqu.EtnaApplication.init(EtnaApplication.kt:97)
06-13 19:04:17.329 1028 1028 W System.err: at com.dangbei.lerad.etna.haqu.EtnaApplication.onCreate(EtnaApplication.kt:59)
06-13 19:04:17.329 1028 1028 W System.err: at android.app.Instrumentation.callApplicationOnCreate(Instrumentation.java:1211)
06-13 19:04:17.329 1028 1028 W System.err: at android.app.ActivityThread.handleBindApplication(ActivityThread.java:6740)
06-13 19:04:17.329 1028 1028 W System.err: at android.app.ActivityThread.access$1500(ActivityThread.java:247)
06-13 19:04:17.329 1028 1028 W System.err: at android.app.ActivityThread$H.handleMessage(ActivityThread.java:2053)
06-13 19:04:17.329 1028 1028 W System.err: at android.os.Handler.dispatchMessage(Handler.java:106)
06-13 19:04:17.329 1028 1028 W System.err: at android.os.Looper.loopOnce(Looper.java:201)
06-13 19:04:17.329 1028 1028 W System.err: at android.os.Looper.loop(Looper.java:288)
06-13 19:04:17.329 1028 1028 W System.err: at android.app.ActivityThread.main(ActivityThread.java:7854)
06-13 19:04:17.329 1028 1028 W System.err: at java.lang.reflect.Method.invoke(Native Method)
06-13 19:04:17.329 1028 1028 W System.err: at com.android.internal.os.RuntimeInit$MethodAndArgsCaller.run(RuntimeInit.java:548)
06-13 19:04:17.329 1028 1028 W System.err: at com.android.internal.os.ZygoteInit.main(ZygoteInit.java:1182)
06-13 19:04:17.330 397 397 I update_engine: [INFO:update_attempter_android.cc(365)] Attempting to reset state from UPDATE_STATUS_IDLE to UpdateStatus::IDLE
06-13 19:04:17.333 397 397 I update_engine: [INFO:update_attempter_android.cc(369)] Cleaning up reserved space for compressed APEX (if any)
06-13 19:04:17.334 397 397 I update_engine: [INFO:dynamic_partition_control_android.cc(1284)] ResetUpdate resetting update state and deleting snapshots.
06-13 19:04:17.341 397 397 I update_engine: [INFO:delta_performer.cc(1389)] Resetting recorded hash for prepared partitions.
06-13 19:04:17.343 397 397 E update_engine: Read state file failed: No such file or directory
06-13 19:04:17.346 1028 1028 E ccc : cccccc 只是做下reset 哈
06-13 19:04:17.347 479 648 W HdmiCecController: Failed to send 40:8F with errorCode=1
06-13 19:04:17.348 1028 1028 I MMKV : loading [mmkv.default] with 1197 actual size, file size 4096, InterProcess 0, meta info version:3
06-13 19:04:17.348 1028 1028 I MMKV : loading [mmkv.default] with crc 3677218636 sequence 1 version 3
06-13 19:04:17.348 1028 1028 I MMKV : loaded [mmkv.default] with 12 key-values
06-13 19:04:17.351 1173 1173 D CompatibilityChangeReporter: Compat change id reported: 171979766; UID 1000; state: ENABLED
06-13 19:04:17.358 1028 1028 E ccc : cccccc updateHelper 通知更新
06-13 19:04:17.360 1028 1028 E ccc : cccccc updateHelper 通知更新
06-13 19:04:17.362 1028 1028 E ccc : cccccc updateHelper 通知更新
06-13 19:04:17.388 1028 1028 E ccc : cccccc etna-service onCreate
06-13 19:04:17.389 1028 1028 W ContextImpl: Calling a method in the system process without a qualified user: android.app.ContextImpl.sendBroadcast:1173 android.content.ContextWrapper.sendBroadcast:479 com.dangbei.lerad.etna.core.EtnaManager.sendRebootBroadcast:82 com.dangbei.lerad.etna.core.EtnaService.onStartCommand:89 android.app.ActivityThread.handleServiceArgs:4639
06-13 19:04:17.391 479 750 E ActivityManager: Sending non-protected broadcast lerad.service.etna.haqu from system 1028:com.dangbei.lerad.etna.haqu/1000 pkg com.dangbei.lerad.etna.haqu
06-13 19:04:17.391 479 750 E ActivityManager: java.lang.Throwable
06-13 19:04:17.391 479 750 E ActivityManager: at com.android.server.am.ActivityManagerService.checkBroadcastFromSystem(ActivityManagerService.java:12816)
06-13 19:04:17.391 479 750 E ActivityManager: at com.android.server.am.ActivityManagerService.broadcastIntentLocked(ActivityManagerService.java:13416)
06-13 19:04:17.391 479 750 E ActivityManager: at com.android.server.am.ActivityManagerService.broadcastIntentLocked(ActivityManagerService.java:12833)
06-13 19:04:17.391 479 750 E ActivityManager: at com.android.server.am.ActivityManagerService.broadcastIntentWithFeature(ActivityManagerService.java:13670)
06-13 19:04:17.391 479 750 E ActivityManager: at android.app.IActivityManager$Stub.onTransact(IActivityManager.java:2326)
06-13 19:04:17.391 479 750 E ActivityManager: at com.android.server.am.ActivityManagerService.onTransact(ActivityManagerService.java:2509)
06-13 19:04:17.391 479 750 E ActivityManager: at android.os.Binder.execTransactInternal(Binder.java:1179)
06-13 19:04:17.391 479 750 E ActivityManager: at android.os.Binder.execTransact(Binder.java:1143)
06-13 19:04:17.392 479 750 E ActivityManager: Sending non-protected broadcast lerad.service.etna.haqu from system 1028:com.dangbei.lerad.etna.haqu/1000 pkg com.dangbei.lerad.etna.haqu
06-13 19:04:17.392 479 750 E ActivityManager: java.lang.Throwable
06-13 19:04:17.392 479 750 E ActivityManager: at com.android.server.am.ActivityManagerService.checkBroadcastFromSystem(ActivityManagerService.java:12816)
06-13 19:04:17.392 479 750 E ActivityManager: at com.android.server.am.ActivityManagerService.broadcastIntentLocked(ActivityManagerService.java:13513)
06-13 19:04:17.392 479 750 E ActivityManager: at com.android.server.am.ActivityManagerService.broadcastIntentLocked(ActivityManagerService.java:12833)
06-13 19:04:17.392 479 750 E ActivityManager: at com.android.server.am.ActivityManagerService.broadcastIntentWithFeature(ActivityManagerService.java:13670)
06-13 19:04:17.392 479 750 E ActivityManager: at android.app.IActivityManager$Stub.onTransact(IActivityManager.java:2326)
06-13 19:04:17.392 479 750 E ActivityManager: at com.android.server.am.ActivityManagerService.onTransact(ActivityManagerService.java:2509)
06-13 19:04:17.392 479 750 E ActivityManager: at android.os.Binder.execTransactInternal(Binder.java:1179)
06-13 19:04:17.392 479 750 E ActivityManager: at android.os.Binder.execTransact(Binder.java:1143)
06-13 19:04:17.394 479 542 I DropBoxManagerService: add tag=system_server_wtf isTagEnabled=true flags=0x2
06-13 19:04:17.397 479 542 I DropBoxManagerService: add tag=system_server_wtf isTagEnabled=true flags=0x2
06-13 19:04:17.399 1028 1028 E ccc : cccccc etna-service onStartCommand
06-13 19:04:17.407 1028 1028 E CoreService: onStartCommand
06-13 19:04:17.404 269 269 I EventThread: type=1400 audit(0.0:389): avc: denied { search } for name="extcon" dev="sysfs" ino=18109 scontext=u:r:hal_tv_cec_default:s0 tcontext=u:object_r:sysfs_extcon:s0 tclass=dir permissive=1
06-13 19:04:17.409 1028 1201 W ContextImpl: Calling a method in the system process without a qualified user: android.app.ContextImpl.bindService:1895 android.content.ContextWrapper.bindService:810 com.dangbei.lerad.etna.lib.client.EtnaClient.bindServer:138 com.dangbei.lerad.etna.lib.client.EtnaClient.access$600:29 com.dangbei.lerad.etna.lib.client.EtnaClient$3.call:205
06-13 19:04:17.408 332 332 I rainbow_flow: type=1400 audit(0.0:390): avc: denied { ioctl } for path="/dev/spidev1.0" dev="tmpfs" ino=3340 ioctlcmd=0x6b00 scontext=u:r:init:s0 tcontext=u:object_r:device:s0 tclass=chr_file permissive=1
06-13 19:04:17.417 1028 1167 W ContextImpl: Calling a method in the system process without a qualified user: android.app.ContextImpl.bindService:1895 android.content.ContextWrapper.bindService:810 com.dangbei.lerad.etna.lib.client.EtnaClient.bindServer:138 com.dangbei.lerad.etna.lib.client.EtnaClient.access$600:29 com.dangbei.lerad.etna.lib.client.EtnaClient$3.call:205
06-13 19:04:17.420 1028 1028 E ccc : cccccc etnaService addListener com.dangbei.lerad.etna.lib.client.EtnaServerListener@895d616 com.dangbei.etna.setting
06-13 19:04:17.420 1028 1028 E ccc : cccccc SettingHelper onServerConnected
06-13 19:04:17.421 1028 1178 W ContextImpl: Calling a method in the system process without a qualified user: android.app.ContextImpl.bindService:1895 android.content.ContextWrapper.bindService:810 com.dangbei.lerad.etna.lib.client.EtnaClient.bindServer:138 com.dangbei.lerad.etna.lib.client.EtnaClient.access$600:29 com.dangbei.lerad.etna.lib.client.EtnaClient$3.call:205
06-13 19:04:17.426 1028 1028 E ccc : cccccc etnaService addListener com.dangbei.lerad.etna.lib.client.EtnaServerListener@aeaad6d com.dangbei.etna.update
06-13 19:04:17.427 1028 1028 E ccc : cccccc UpdateHelper onServerConnected
06-13 19:04:17.428 1028 1028 E ccc : cccccc etnaService addListener com.dangbei.lerad.etna.lib.client.EtnaServerListener@895d616 com.dangbei.etna.setting
06-13 19:04:17.429 1028 1028 E ccc : cccccc SettingHelper onServerConnected
06-13 19:04:17.430 1028 1028 E ccc : cccccc etnaService addListener com.dangbei.lerad.etna.lib.client.EtnaServerListener@6113da2 com.dangbei.lerad.etna.haqu.andes
06-13 19:04:17.436 1028 1177 E ccc : cccccc sendCycleCheckBootGuideStatusMessage
06-13 19:04:17.438 1028 1179 E ccc : cccccc sendCycleCheckBootGuideStatusMessage
06-13 19:04:17.439 1028 1179 W ContextImpl: Calling a method in the system process without a qualified user: android.app.ContextImpl.startService:1816 android.content.ContextWrapper.startService:774 com.dangbei.etna.setting.core.SettingHelper.startRocky:260 com.dangbei.etna.setting.core.SettingHelper.sendCycleCheckBootGuideStatusMessage:206 com.dangbei.etna.setting.core.SettingHelper.startLoop:195
06-13 19:04:17.439 1028 1177 W ContextImpl: Calling a method in the system process without a qualified user: android.app.ContextImpl.startService:1816 android.content.ContextWrapper.startService:774 com.dangbei.etna.setting.core.SettingHelper.startRocky:260 com.dangbei.etna.setting.core.SettingHelper.sendCycleCheckBootGuideStatusMessage:206 com.dangbei.etna.setting.core.SettingHelper.startLoop:195
06-13 19:04:17.443 479 809 I ActivityManager: com.dangbei.lerad.rocky is exempt from freezer
06-13 19:04:17.444 479 809 D CompatibilityChangeReporter: Compat change id reported: 135634846; UID 1000; state: DISABLED
06-13 19:04:17.444 1028 1179 E ccc : cccccc sendCycleCheckBroadcast
06-13 19:04:17.445 1028 1177 E ccc : cccccc sendCycleCheckBroadcast
06-13 19:04:17.446 479 619 D NsdService: New client listening to asynchronous messages
06-13 19:04:17.447 479 619 D NsdService: New client, channel: com.android.internal.util.AsyncChannel@42638f9 messenger: android.os.Messenger@338503e
06-13 19:04:17.447 1028 1177 W ContextImpl: Calling a method in the system process without a qualified user: android.app.ContextImpl.sendBroadcast:1173 android.content.ContextWrapper.sendBroadcast:479 com.dangbei.etna.setting.core.SettingHelper.sendCycleToProjector:250 com.dangbei.etna.setting.core.SettingHelper.sendCycleCheckBroadcast:219 com.dangbei.etna.setting.core.SettingHelper.sendCycleCheckBootGuideStatusMessage:207
06-13 19:04:17.448 1028 1179 W ContextImpl: Calling a method in the system process without a qualified user: android.app.ContextImpl.sendBroadcast:1173 android.content.ContextWrapper.sendBroadcast:479 com.dangbei.etna.setting.core.SettingHelper.sendCycleToProjector:250 com.dangbei.etna.setting.core.SettingHelper.sendCycleCheckBroadcast:219 com.dangbei.etna.setting.core.SettingHelper.sendCycleCheckBootGuideStatusMessage:207
06-13 19:04:17.454 1028 1177 W ContextImpl: Calling a method in the system process without a qualified user: android.app.ContextImpl.sendBroadcast:1173 android.content.ContextWrapper.sendBroadcast:479 com.dangbei.etna.setting.core.SettingHelper.sendCycleToVoice:235 com.dangbei.etna.setting.core.SettingHelper.sendCycleCheckBroadcast:220 com.dangbei.etna.setting.core.SettingHelper.sendCycleCheckBootGuideStatusMessage:207
06-13 19:04:17.457 1028 1179 W ContextImpl: Calling a method in the system process without a qualified user: android.app.ContextImpl.sendBroadcast:1173 android.content.ContextWrapper.sendBroadcast:479 com.dangbei.etna.setting.core.SettingHelper.sendCycleToVoice:235 com.dangbei.etna.setting.core.SettingHelper.sendCycleCheckBroadcast:220 com.dangbei.etna.setting.core.SettingHelper.sendCycleCheckBootGuideStatusMessage:207
06-13 19:04:17.463 661 661 W unisoc_wifi wlan0: mixed HW and IP checksum settings.
06-13 19:04:17.464 661 661 W unisoc_wifi wlan1: mixed HW and IP checksum settings.
06-13 19:04:17.464 661 661 E unisoc_wifi wlan1: netif_napi_add() called with weight 128
06-13 19:04:17.464 337 337 I xiriservice_All: type=1400 audit(0.0:391): avc: denied { read } for scontext=u:r:init:s0 tcontext=u:r:init:s0 tclass=netlink_kobject_uevent_socket permissive=1
06-13 19:04:17.461 479 750 E ActivityManager: Sending non-protected broadcast com.dangbei.etna.setting.action_cycle_check_broadcast from system 1028:com.dangbei.lerad.etna.haqu/1000 pkg com.dangbei.lerad.etna.haqu
06-13 19:04:17.461 479 750 E ActivityManager: java.lang.Throwable
06-13 19:04:17.461 479 750 E ActivityManager: at com.android.server.am.ActivityManagerService.checkBroadcastFromSystem(ActivityManagerService.java:12816)
06-13 19:04:17.461 479 750 E ActivityManager: at com.android.server.am.ActivityManagerService.broadcastIntentLocked(ActivityManagerService.java:13513)
06-13 19:04:17.461 479 750 E ActivityManager: at com.android.server.am.ActivityManagerService.broadcastIntentLocked(ActivityManagerService.java:12833)
06-13 19:04:17.461 479 750 E ActivityManager: at com.android.server.am.ActivityManagerService.broadcastIntentWithFeature(ActivityManagerService.java:13670)
06-13 19:04:17.461 479 750 E ActivityManager: at android.app.IActivityManager$Stub.onTransact(IActivityManager.java:2326)
06-13 19:04:17.461 479 750 E ActivityManager: at com.android.server.am.ActivityManagerService.onTransact(ActivityManagerService.java:2509)
06-13 19:04:17.461 479 750 E ActivityManager: at android.os.Binder.execTransactInternal(Binder.java:1179)
06-13 19:04:17.461 479 750 E ActivityManager: at android.os.Binder.execTransact(Binder.java:1143)
06-13 19:04:17.464 479 542 I DropBoxManagerService: add tag=system_server_wtf isTagEnabled=true flags=0x2
06-13 19:04:17.467 479 580 E ActivityManager: Sending non-protected broadcast com.dangbei.etna.setting.action_cycle_check_broadcast from system 1028:com.dangbei.lerad.etna.haqu/1000 pkg com.dangbei.lerad.etna.haqu
06-13 19:04:17.467 479 580 E ActivityManager: java.lang.Throwable
06-13 19:04:17.467 479 580 E ActivityManager: at com.android.server.am.ActivityManagerService.checkBroadcastFromSystem(ActivityManagerService.java:12816)
06-13 19:04:17.467 479 580 E ActivityManager: at com.android.server.am.ActivityManagerService.broadcastIntentLocked(ActivityManagerService.java:13513)
06-13 19:04:17.467 479 580 E ActivityManager: at com.android.server.am.ActivityManagerService.broadcastIntentLocked(ActivityManagerService.java:12833)
06-13 19:04:17.467 479 580 E ActivityManager: at com.android.server.am.ActivityManagerService.broadcastIntentWithFeature(ActivityManagerService.java:13670)
06-13 19:04:17.467 479 580 E ActivityManager: at android.app.IActivityManager$Stub.onTransact(IActivityManager.java:2326)
06-13 19:04:17.467 479 580 E ActivityManager: at com.android.server.am.ActivityManagerService.onTransact(ActivityManagerService.java:2509)
06-13 19:04:17.467 479 580 E ActivityManager: at android.os.Binder.execTransactInternal(Binder.java:1179)
06-13 19:04:17.467 479 580 E ActivityManager: at android.os.Binder.execTransact(Binder.java:1143)
06-13 19:04:17.469 327 329 D XM_HIDREAD: add@ add@/devices/platform/unisoc_wifi/net/wlan0
06-13 19:04:17.469 479 542 I DropBoxManagerService: add tag=system_server_wtf isTagEnabled=true flags=0x2
06-13 19:04:17.469 327 329 D XM_HIDREAD: add@ add@/devices/platform/unisoc_wifi/net/wlan0/queues/rx-0
06-13 19:04:17.469 327 329 D XM_HIDREAD: add@ add@/devices/platform/unisoc_wifi/net/wlan0/queues/tx-0
06-13 19:04:17.469 327 329 D XM_HIDREAD: add@ add@/devices/platform/unisoc_wifi/net/wlan1
06-13 19:04:17.469 327 329 D XM_HIDREAD: add@ add@/devices/platform/unisoc_wifi/net/wlan1/queues/rx-0
06-13 19:04:17.470 327 329 D XM_HIDREAD: add@ add@/devices/platform/unisoc_wifi/net/wlan1/queues/tx-0
06-13 19:04:17.478 249 249 D Zygote : Forked child process 1207
06-13 19:04:17.480 479 521 W PppoeNetworkFactory: interfaceAdded
06-13 19:04:17.483 479 521 W PppoeNetworkFactory: interfaceAdded
06-13 19:04:17.483 479 521 I EthernetTracker: interfaceLinkStateChanged, iface: wlan0, up: false
06-13 19:04:17.483 479 521 W PppoeNetworkFactory: interfaceLinkStateChanged
06-13 19:04:17.483 479 521 D PppoeNetworkFactory: updateInterface: mIface: mPhyIface:eth0 iface:wlan0 link:down
06-13 19:04:17.483 479 521 D PppoeNetworkFactory: not tracker interface
06-13 19:04:17.489 479 521 I EthernetTracker: interfaceLinkStateChanged, iface: wlan1, up: false
06-13 19:04:17.489 479 521 W PppoeNetworkFactory: interfaceLinkStateChanged
06-13 19:04:17.489 479 521 D PppoeNetworkFactory: updateInterface: mIface: mPhyIface:eth0 iface:wlan1 link:down
06-13 19:04:17.489 479 521 D PppoeNetworkFactory: not tracker interface
06-13 19:04:17.492 1173 1173 V GraphicsEnvironment: ANGLE Developer option for 'com.oranth.storage' set to: 'default'
06-13 19:04:17.492 1028 1028 D CompatibilityChangeReporter: Compat change id reported: 191844585; UID 1000; state: DISABLED
06-13 19:04:17.493 1173 1173 V GraphicsEnvironment: Neither updatable production driver nor prerelease driver is supported.
06-13 19:04:17.493 1207 1207 I Zygote : seccomp disabled by setenforce 0
06-13 19:04:17.499 327 329 D XM_HIDREAD: add@ add@/module/sprdwl_ng
06-13 19:04:17.501 661 661 D wifi_hal-auto-detect: libwifi hal name: libwifi-hal-sprd.so
06-13 19:04:17.515 402 419 I adbd : jdwp connection from 1207
06-13 19:04:17.519 756 875 I Tethering: adding IpServer for: wlan0
06-13 19:04:17.523 479 543 W ActivityManager: Slow operation: 80ms so far, now at startProcess: returned from zygote!
06-13 19:04:17.523 661 661 W audit : audit_lost=21 audit_rate_limit=5 audit_backlog_limit=64
06-13 19:04:17.523 661 661 E audit : rate limit exceeded
06-13 19:04:17.524 479 543 W ActivityManager: Slow operation: 81ms so far, now at startProcess: done updating battery stats
06-13 19:04:17.524 479 543 W ActivityManager: Slow operation: 81ms so far, now at startProcess: building log message
06-13 19:04:17.524 479 543 I ActivityManager: app.processName = com.dangbei.lerad.rocky
06-13 19:04:17.524 479 543 I ActivityManager: Start proc 1207:com.dangbei.lerad.rocky/1000 for service {com.dangbei.lerad.rocky/com.dangbei.rocky.RockyService}
06-13 19:04:17.524 479 543 W ActivityManager: Slow operation: 82ms so far, now at startProcess: starting to update pids map
06-13 19:04:17.526 479 543 W ActivityManager: Slow operation: 83ms so far, now at startProcess: done updating pids map
06-13 19:04:17.527 661 661 I android.hardware.wifi@1.0-service-lazy: Wifi HAL started
06-13 19:04:17.527 479 619 D NsdService: mdnssd [start-service]
06-13 19:04:17.528 479 609 I WifiVendorHal: Vendor Hal started successfully
06-13 19:04:17.512 661 661 I wifi@1.0-servic: type=1400 audit(0.0:392): avc: denied { read } for name="u:object_r:persist_vendor_debug_wifi_prop:s0" dev="tmpfs" ino=6413 scontext=u:r:hal_wifi_default:s0 tcontext=u:object_r:persist_vendor_debug_wifi_prop:s0 tclass=file permissive=1
06-13 19:04:17.539 1090 1105 I hq : getCurrentUser: visitorBean=Users{userId=-1, nickName='游客', avatarUrl='null', wxToken='null', vip='null', mobile='null', sex=null, description='null', city='null', province='null', country='null', launcherMode=null, token='null', token='null'}
06-13 19:04:17.540 479 619 E NsdService: Failed to execute mdnssd [start-service]
06-13 19:04:17.540 479 619 E NsdService: com.android.server.NativeDaemonConnector$NativeDaemonFailureException: command '1 mdnssd start-service' failed with '402 1 Service already running'
06-13 19:04:17.540 479 619 E NsdService: at com.android.server.NativeDaemonConnector.executeForList(NativeDaemonConnector.java:516)
06-13 19:04:17.540 479 619 E NsdService: at com.android.server.NativeDaemonConnector.execute(NativeDaemonConnector.java:412)
06-13 19:04:17.540 479 619 E NsdService: at com.android.server.NativeDaemonConnector.execute(NativeDaemonConnector.java:407)
06-13 19:04:17.540 479 619 E NsdService: at com.android.server.NsdService$DaemonConnection.execute(NsdService.java:743)
06-13 19:04:17.540 479 619 E NsdService: at com.android.server.NsdService$DaemonConnection.maybeStart(NsdService.java:758)
06-13 19:04:17.540 479 619 E NsdService: at com.android.server.NsdService$NsdStateMachine.maybeStartDaemon(NsdService.java:100)
06-13 19:04:17.540 479 619 E NsdService: at com.android.server.NsdService$NsdStateMachine.access$1600(NsdService.java:88)
06-13 19:04:17.540 479 619 E NsdService: at com.android.server.NsdService$NsdStateMachine$DefaultState.processMessage(NsdService.java:223)
06-13 19:04:17.540 479 619 E NsdService: at com.android.internal.util.StateMachine$SmHandler.processMsg(StateMachine.java:993)
06-13 19:04:17.540 479 619 E NsdService: at com.android.internal.util.StateMachine$SmHandler.handleMessage(StateMachine.java:810)
06-13 19:04:17.540 479 619 E NsdService: at android.os.Handler.dispatchMessage(Handler.java:106)
06-13 19:04:17.540 479 619 E NsdService: at android.os.Looper.loopOnce(Looper.java:201)
06-13 19:04:17.540 479 619 E NsdService: at android.os.Looper.loop(Looper.java:288)
06-13 19:04:17.540 479 619 E NsdService: at android.os.HandlerThread.run(HandlerThread.java:67)
06-13 19:04:17.542 1173 1173 D NetworkSecurityConfig: No Network Security Config specified, using platform default
06-13 19:04:17.545 1173 1173 D NetworkSecurityConfig: No Network Security Config specified, using platform default
06-13 19:04:17.547 1028 1028 D WanCommander: handleConnection:
06-13 19:04:17.549 1028 1028 E EtnaListener: onServerConnected
06-13 19:04:17.549 1028 1028 E ccc : cccccc etnaService addListener com.dangbei.lerad.etna.lib.client.EtnaServerListener@aeaad6d com.dangbei.etna.update
06-13 19:04:17.549 1028 1028 E ccc : cccccc UpdateHelper onServerConnected
06-13 19:04:17.551 661 661 W android.hardware.wifi@1.0-service-lazy: No active wlan interfaces in use! Using default
06-13 19:04:17.551 1173 1173 I aaa : low stroage service is start !!!
06-13 19:04:17.551 661 661 E android.hardware.wifi@1.0-service-lazy: Unknown iface name: wlan0
06-13 19:04:17.551 661 661 E android.hardware.wifi@1.0-service-lazy: Unknown iface name: wlan0
06-13 19:04:17.553 1173 1173 W ContextImpl: Calling a method in the system process without a qualified user: android.app.ContextImpl.startService:1816 android.content.ContextWrapper.startService:774 android.content.ContextWrapper.startService:774 com.oranth.storage.BootCompletedReceiver.onReceive:15 android.app.ActivityThread.handleReceiver:4308
06-13 19:04:17.577 661 661 I ieee80211 phy0: sprdwl_vendor_get_support_feature
06-13 19:04:17.568 661 661 I WifiHAL : Initializing wifi
06-13 19:04:17.568 479 521 I EthernetTracker: interfaceLinkStateChanged, iface: wlan0, up: true
06-13 19:04:17.568 479 521 W PppoeNetworkFactory: interfaceLinkStateChanged
06-13 19:04:17.568 479 521 D PppoeNetworkFactory: updateInterface: mIface: mPhyIface:eth0 iface:wlan0 link:up
06-13 19:04:17.568 479 521 D PppoeNetworkFactory: not tracker interface
06-13 19:04:17.571 661 661 E WifiHAL : wifi_get_logger_supported_feature_set: Error -5 happened.
06-13 19:04:17.572 661 661 E WifiHAL : Failed to get supported logger feature set: -5
06-13 19:04:17.572 661 661 E WifiHAL : wifi_get_firmware_version: Error -5 happened.
06-13 19:04:17.572 661 661 E WifiHAL : Failed to get supported logger feature set: -5
06-13 19:04:17.572 661 661 E WifiHAL : get_firmware_bus_max_size_supported: requestResponse Error:-3
06-13 19:04:17.572 661 661 E WifiHAL : Failed to get supported bus size, error : -3
06-13 19:04:17.572 661 661 E WifiHAL : wifi_logger_ring_buffers_init: Ring buffer logging feature not supported 0
06-13 19:04:17.572 661 661 E WifiHAL : Wifi Logger Ring Initialization Failed
06-13 19:04:17.572 661 661 E WifiHAL : wifiGetCapabilities: Failed to send request, Error:-5
06-13 19:04:17.572 661 661 E WifiHAL : Failed to get wifi Capabilities, error: -5
06-13 19:04:17.573 661 661 I android.hardware.wifi@1.0-service-lazy: Adding interface handle for wlan1
06-13 19:04:17.573 661 661 I android.hardware.wifi@1.0-service-lazy: Adding interface handle for wlan0
06-13 19:04:17.573 661 661 W android.hardware.wifi@1.0-service-lazy: No active wlan interfaces in use! Using default
06-13 19:04:17.573 661 661 W android.hardware.wifi@1.0-service-lazy: No active wlan interfaces in use! Using default
06-13 19:04:17.573 661 661 E WifiHAL : wifi_get_driver_version: Error -5 happened.
06-13 19:04:17.573 661 661 E android.hardware.wifi@1.0-service-lazy: Failed to get driver version: INVALID_ARGS
06-13 19:04:17.573 661 661 I android.hardware.wifi@1.0-service-lazy: Configured chip in mode 3
06-13 19:04:17.574 661 661 W android.hardware.wifi@1.0-service-lazy: No active wlan interfaces in use! Using default
06-13 19:04:17.576 479 609 D HalDevMgr: updateRttController: no one is interested in RTT controllers
06-13 19:04:17.577 661 661 D WifiHAL : wifi_virtual_interface_create: ifname=wlan0 create
06-13 19:04:17.577 661 661 I android.hardware.wifi@1.0-service-lazy: Adding interface handle for wlan1
06-13 19:04:17.577 661 661 I android.hardware.wifi@1.0-service-lazy: Adding interface handle for wlan0
06-13 19:04:17.578 661 661 E android.hardware.wifi@1.0-service-lazy: Failed to set DFS flag; DFS channels may be unavailable.
06-13 19:04:17.590 479 502 D CompatibilityChangeReporter: Compat change id reported: 168419799; UID 1000; state: DISABLED
06-13 19:04:17.590 670 838 I bt_core_module: system/bt/btcore/src/module.cc:90 module_start_up: module_start_up Started module "controller_module"
06-13 19:04:17.590 670 838 I bt_btm_pm: system/bt/stack/acl/btm_pm.cc:392 btm_pm_reset: reset pm
06-13 19:04:17.591 670 838 I btm_acl : system/bt/stack/acl/btm_acl.cc:654 check_link_policy: hold not supported (settings: 0x000d)
06-13 19:04:17.591 670 838 I btm_acl : system/bt/stack/acl/btm_acl.cc:664 check_link_policy: park not supported (settings: 0x0005)
06-13 19:04:17.592 670 838 I bt_btm_sec: system/bt/stack/btm/btm_sec.cc:226 BTM_SecRegister: BTM_SecRegister p_cb_info->p_le_callback == 0x0xc34bf6c1
06-13 19:04:17.592 670 838 I bt_btm_sec: system/bt/stack/btm/btm_sec.cc:241 BTM_SecRegister: BTM_SecRegister btm_cb.api.p_le_callback = 0x0xc34bf6c1
06-13 19:04:17.593 670 1074 I bluetooth: system/bt/stack/gatt/gatt_api.cc:1019 GATT_Register: Allocated name:GattClient uuid:8a5874f7-9cb2-e9d7-4b6c-53629679c1bf gatt_if:3 eatt_support:0
06-13 19:04:17.606 756 875 I Tethering: adding IpServer for: wlan1
06-13 19:04:17.617 1173 1173 D bbb : onCreate()
06-13 19:04:17.620 670 1074 I bt_stack: [INFO:ble_advertiser_hci_interface.cc(767)] Extended advertising will be in use
06-13 19:04:17.623 670 844 D AdapterProperties: BT_PROPERTY_LOCAL_LE_FEATURES: update from BT controller mNumOfAdvertisementInstancesSupported = 0 mRpaOffloadSupported = false mNumOfOffloadedIrkSupported = 0 mNumOfOffloadedScanFilterSupported = 0 mOffloadedScanResultStorageBytes= 0 mIsActivityAndEnergyReporting = false mVersSupported = 0 mTotNumOfTrackableAdv = 0 mIsExtendedScanSupported = false mIsDebugLogSupported = false mIsLe2MPhySupported = true mIsLeCodedPhySupported = true mIsLeExtendedAdvertisingSupported = true mIsLePeriodicAdvertisingSupported = true mLeMaximumAdvertisingDataLength = 1650 mDynamicAudioBufferSizeSupportedCodecsGroup1 = 0 mDynamicAudioBufferSizeSupportedCodecsGroup2 = 0
06-13 19:04:17.623 1173 1173 D CompatibilityChangeReporter: Compat change id reported: 160794467; UID 1000; state: ENABLED
06-13 19:04:17.624 670 1074 E bt_btif_storage: system/bt/btif/src/btif_storage.cc:632 btif_storage_get_adapter_property: btif_storage_get_adapter_property: Controller ready!
06-13 19:04:17.624 670 1074 I bt_btif_storage: system/bt/btif/src/btif_storage.cc:661 btif_storage_get_adapter_property: btif_storage_get_adapter_property service_mask:0x20000000
06-13 19:04:17.624 670 1074 I bt_stack: [INFO:btif_bqr.cc(229)] EnableBtQualityReport: is_enable: true
06-13 19:04:17.625 670 1074 W bt_stack: [WARNING:btif_bqr.cc(237)] EnableBtQualityReport: Bluetooth Quality Report is disabled. bqr_prop_evtmask: , bqr_prop_interval_ms:
06-13 19:04:17.625 670 1226 I bt_osi_thread: system/bt/osi/src/thread.cc:209 run_thread: run_thread: thread id 1226, thread name btif_sock started
06-13 19:04:17.627 670 1074 I bt_bte_conf: system/bt/main/bte_conf.cc:84 bte_load_did_conf: Device ID record 1 : primary
06-13 19:04:17.627 670 1074 I bt_bte_conf: system/bt/main/bte_conf.cc:85 bte_load_did_conf: vendorId = 00e0
06-13 19:04:17.627 670 1074 I bt_bte_conf: system/bt/main/bte_conf.cc:86 bte_load_did_conf: vendorIdSource = 0001
