06-13 19:04:14.586 296 296 D : do_filp_open+0x78/0x124
06-13 19:04:14.586 296 296 D : do_sys_open+0x13c/0x290
06-13 19:04:14.586 296 296 D : __arm64_compat_sys_openat+0x24/0x30
06-13 19:04:14.586 296 296 D : el0_svc_common+0xb8/0x1cc
06-13 19:04:14.586 296 296 D : el0_svc_compat_handler+0x1c/0x28
06-13 19:04:14.586 296 296 D : el0_svc_compat+0x8/0x24
06-13 19:04:14.586 296 296 I WCN : marlin power state:0, subsys: [MARLIN_BLUETOOTH] power 1
06-13 19:04:14.586 296 296 I WCN : the first power on start
06-13 19:04:14.570 255 296 I bt_chip_vendor: marlin3_init
06-13 19:04:14.570 255 296 I bt_vnd_conf: Attempt to load conf from /vendor/etc/bt_configure_pskey.ini
06-13 19:04:14.572 255 973 D bt_vnd_hci: hci_server_thread
06-13 19:04:14.572 255 296 D bt_vnd_conf: device_class -> 0x001F00
06-13 19:04:14.572 255 973 D bt_vnd_hci: name: bt_vendor_sprd_hci
06-13 19:04:14.572 255 296 D bt_vnd_conf: feature_set -> 0xBF, 0xFE, 0x8D, 0xFE, 0xDB, 0x3D, 0x7B, 0x87, 0xFF, 0xA7, 0xFF, 0x7F, 0x00, 0xE0, 0xF7, 0x3E
06-13 19:04:14.572 255 973 D bt_vnd_hci: listen socket: bt_vendor_sprd_hci, fd: 6
06-13 19:04:14.572 255 296 D bt_vnd_conf: device_addr -> 0x6D, 0x6D, 0x8E, 0x8E, 0x8F, 0x8F
06-13 19:04:14.572 255 973 D bt_vnd_hci: hci_server_thread wati for btools
06-13 19:04:14.572 255 296 D bt_vnd_conf: comp_id -> 0x01EC
06-13 19:04:14.572 255 296 D bt_vnd_conf: g_sys_uart0_communication_supported -> 1
06-13 19:04:14.572 255 296 D bt_vnd_conf: cp2_log_mode -> 1
06-13 19:04:14.572 255 296 D bt_vnd_conf: LogLevel -> 0xFF
06-13 19:04:14.572 255 296 D bt_vnd_conf: g_central_or_perpheral -> 0
06-13 19:04:14.572 255 296 D bt_vnd_conf: Log_BitMask -> 0xFFFF
06-13 19:04:14.572 255 296 D bt_vnd_conf: super_ssp_enable -> 0
06-13 19:04:14.572 255 296 D bt_vnd_conf: common_rfu_b3 -> 2
06-13 19:04:14.572 255 296 D bt_vnd_conf: common_rfu_w -> 0x00000000, 0x00000000
06-13 19:04:14.572 255 296 D bt_vnd_conf: le_rfu_w -> 0x00000000, 0x000000000
06-13 19:04:14.572 255 296 D bt_vnd_conf: lmp_rfu_w -> 0x00000000, 0x000000000
06-13 19:04:14.572 255 296 D bt_vnd_conf: lc_rfu_w -> 0x00000000, 0x000000000
06-13 19:04:14.572 255 296 D bt_vnd_conf: g_wbs_nv_117 -> 0x004D
06-13 19:04:14.572 255 296 D bt_vnd_conf: g_wbs_nv_118 -> 0x0066
06-13 19:04:14.572 255 296 D bt_vnd_conf: g_nbv_nv_117 -> 0x009B
06-13 19:04:14.572 255 296 D bt_vnd_conf: g_nbv_nv_118 -> 0x0066
06-13 19:04:14.572 255 296 D bt_vnd_conf: g_sys_sco_transmit_mode -> 0
06-13 19:04:14.572 255 296 D bt_vnd_conf: audio_rfu_b1 -> 0
06-13 19:04:14.572 255 296 D bt_vnd_conf: audio_rfu_b2 -> 0
06-13 19:04:14.572 255 296 D bt_vnd_conf: audio_rfu_b3 -> 0
06-13 19:04:14.572 255 296 D bt_vnd_conf: audio_rfu_w -> 0x00000000, 0x00000000
06-13 19:04:14.572 255 296 D bt_vnd_conf: g_sys_sleep_in_standby_supported -> 1
06-13 19:04:14.572 255 296 D bt_vnd_conf: g_sys_sleep_master_supported -> 1
06-13 19:04:14.572 255 296 D bt_vnd_conf: g_sys_sleep_slave_supported -> 1
06-13 19:04:14.572 255 296 D bt_vnd_conf: power_rfu_b1 -> 0
06-13 19:04:14.572 255 296 D bt_vnd_conf: power_rfu_w -> 0x00000000, 0x00000000
06-13 19:04:14.572 255 296 D bt_vnd_conf: win_ext -> 40
06-13 19:04:14.572 255 296 D bt_vnd_conf: edr_tx_edr_delay -> 6
06-13 19:04:14.572 255 296 D bt_vnd_conf: edr_rx_edr_delay -> 8
06-13 19:04:14.572 255 296 D bt_vnd_conf: tx_delay -> 12
06-13 19:04:14.572 255 296 D bt_vnd_conf: rx_delay -> 34
06-13 19:04:14.572 255 296 D bt_vnd_conf: bb_rfu_w -> 0x00000000, 0x00000000
06-13 19:04:14.573 255 296 D bt_vnd_conf: agc_mode -> 0
06-13 19:04:14.573 255 296 D bt_vnd_conf: diff_or_eq -> 0xFF
06-13 19:04:14.573 255 296 D bt_vnd_conf: ramp_mode -> 0
06-13 19:04:14.573 255 296 D bt_vnd_conf: modem_rfu_b1 -> 0
06-13 19:04:14.573 255 296 D bt_vnd_conf: modem_rfu_w -> 0x00000000, 0x00000000
06-13 19:04:14.573 255 296 D bt_vnd_conf: BQB_BitMask_1 -> 0x00000000
06-13 19:04:14.573 255 296 D bt_vnd_conf: BQB_BitMask_2 -> 0x00000000
06-13 19:04:14.573 255 296 D bt_vnd_conf: bt_coex_threshold -> 0x04E2, 0x1F40, 0x0020, 0x00C8, 0x000A, 0x0000, 0x0000, 0x0000
06-13 19:04:14.573 255 296 D bt_vnd_conf: other_rfu_w -> 0x00000000, 0x00000000
06-13 19:04:14.573 255 296 I bt_vnd_conf: Attempt to load conf from /vendor/etc/bt_configure_rf.ini
06-13 19:04:14.573 255 296 D bt_vnd_conf: g_GainValue_A -> 0xE000, 0xE000, 0xE000, 0xE000, 0xE000, 0xE000
06-13 19:04:14.573 255 296 D bt_vnd_conf: g_ClassicPowerValue_A -> 0x4115, 0x3A15, 0x3415, 0x2E15, 0x2715, 0x2115, 0x1A15, 0x1315, 0x0D15, 0x0715
06-13 19:04:14.573 255 296 D bt_vnd_conf: g_LEPowerValue_A -> 0x3B15, 0x3715, 0x3315, 0x2F15, 0x2B15, 0x2715, 0x2315, 0x1F15, 0x1B15, 0x1715, 0x1315, 0x0F15, 0x0B15, 0x0815, 0x0415, 0x0015
06-13 19:04:14.573 255 296 D bt_vnd_conf: g_BRChannelpwrvalue_A -> 0x0915, 0x0915, 0x0815, 0x0815, 0x0815, 0x0815, 0x0715, 0x0715
06-13 19:04:14.573 255 296 D bt_vnd_conf: g_EDRChannelpwrvalue_A -> 0x0D15, 0x0D15, 0x0C15, 0x0C15, 0x0B15, 0x0B15, 0x0B15, 0x0B15
06-13 19:04:14.573 255 296 D bt_vnd_conf: g_LEChannelpwrvalue_A -> 0x1015,0x1015,0x0F15,0x0F15,0x0F15,0x0F15,0x0F15,0x0F15
06-13 19:04:14.573 255 296 D bt_vnd_conf: g_GainValue_B -> 0xE000, 0xE000, 0xE000, 0xE000, 0xE000, 0xE000
06-13 19:04:14.574 255 296 D bt_vnd_conf: g_ClassicPowerValue_B -> 0x4D15, 0x4615, 0x3D15, 0x3615, 0x2D15, 0x2615, 0x1F15, 0x1815, 0x0F15, 0x0815
06-13 19:04:14.574 255 296 D bt_vnd_conf: g_LEPowerValue_B -> 0x4B15, 0x4B15, 0x4B15, 0x4B15, 0x4B15, 0x4615, 0x4015, 0x3B15, 0x3615, 0x3015, 0x2B15, 0x2615, 0x2015, 0x1A15, 0x1415, 0x0E15
06-13 19:04:14.574 255 296 D bt_vnd_conf: g_BRChannelpwrvalue_B -> 0x0915, 0x0915, 0x0815, 0x0815, 0x0815, 0x0815, 0x0715, 0x0715
06-13 19:04:14.574 255 296 D bt_vnd_conf: g_EDRChannelpwrvalue_B -> 0x0D15, 0x0D15, 0x0C15, 0x0C15, 0x0B15, 0x0B15, 0x0B15, 0x0B15
06-13 19:04:14.574 255 296 D bt_vnd_conf: g_LEChannelpwrvalue_B -> 0x1015,0x1015,0x0F15,0x0F15,0x0F15,0x0F15,0x0F15,0x0F15
06-13 19:04:14.574 255 296 D bt_vnd_conf: LE_fix_powerword -> 0x00
06-13 19:04:14.574 255 296 D bt_vnd_conf: Classic_pc_by_channel -> 0xFF
06-13 19:04:14.574 255 296 D bt_vnd_conf: LE_pc_by_channel -> 0xFF
06-13 19:04:14.574 255 296 D bt_vnd_conf: RF_switch_mode -> 0x01
06-13 19:04:14.574 255 296 D bt_vnd_conf: Data_Capture_Mode -> 0x00
06-13 19:04:14.574 255 296 D bt_vnd_conf: Analog_IQ_Debug_Mode -> 0x00
06-13 19:04:14.574 255 296 D bt_vnd_conf: RF_common_rfu_b3 -> 0x55
06-13 19:04:14.574 255 296 D bt_vnd_conf: RF_common_rfu_w -> 0x555F4344, 0x5555C855, 0x55555555, 0x55555555, 0x55555555
06-13 19:04:14.574 255 296 I bt_vnd_conf: set_mac_address
06-13 19:04:14.574 395 967 D SimpleC2Component: Using output block pool with poolID 24 => got 24 - 0
06-13 19:04:14.574 255 296 D bt_vendor: marlin3 start up
06-13 19:04:14.574 255 296 D android.hardware.bluetooth@1.0-impl: Open vendor library loaded
06-13 19:04:14.574 255 296 E bt_upio : init_rfkill: No rfkill control node found
06-13 19:04:14.574 255 296 I bt_userial_vendor: userial vendor open: opening /dev/ttyBT0, baud 14
06-13 19:04:14.574 255 296 D bt_vendor: check_access, /dev/ttyBT0 R/W access OK after wait 0ms
06-13 19:04:14.602 677 677 D TvPipController: onImeVisibilityChanged(), visible=false, height=0
06-13 19:04:14.603 677 677 D TvPipController: onActionsChanged()
06-13 19:04:14.603 677 677 D TvPipMenuController: setAppActions()
06-13 19:04:14.603 677 677 D TvPipController: onImeVisibilityChanged(), visible=false, height=0
06-13 19:04:14.603 677 677 D TvPipController: onActionsChanged()
06-13 19:04:14.603 677 677 D TvPipMenuController: setAppActions()
06-13 19:04:14.603 677 972 V MediaRouter: Selecting route: RouteInfo{ name=手机, description=null, status=null, category=RouteCategory{ name=系统 types=ROUTE_TYPE_LIVE_AUDIO ROUTE_TYPE_LIVE_VIDEO groupable=false }, supportedTypes=ROUTE_TYPE_LIVE_AUDIO ROUTE_TYPE_LIVE_VIDEO , presentationDisplay=null }
06-13 19:04:14.603 677 677 W KeyguardUpdateMonitor: invalid subId in handleServiceStateChange()
06-13 19:04:14.603 677 972 I MediaRouter: Skip setBluetoothA2dpOn(): types=8388615, isPlaybackActive()=false, BT route=null
06-13 19:04:14.608 479 952 D CCodecBufferChannel: [c2.android.vorbis.decoder#589] MediaCodec discarded an unknown buffer
06-13 19:04:14.608 479 952 D CCodecBufferChannel: [c2.android.vorbis.decoder#589] MediaCodec discarded an unknown buffer
06-13 19:04:14.611 479 479 D BluetoothA2dp: Binding service...
06-13 19:04:14.611 479 952 I hw-BpHwBinder: onLastStrongRef automatically unlinking death recipients
06-13 19:04:14.670 670 680 I droid.bluetoot: Background concurrent copying GC freed 10567(818KB) AllocSpace objects, 6(120KB) LOS objects, 49% free, 2946KB/5892KB, paused 176us total 300.358ms
06-13 19:04:14.680 677 677 E libEGL : validate_display:538 error 3001 (EGL_NOT_INITIALIZED)
06-13 19:04:14.702 296 296 I sunxi-rfkill soc@3000000: rfkill: wlan power on success
06-13 19:04:14.702 296 296 I WCN : marlin chip en pull up
06-13 19:04:14.712 479 965 D CCodecBufferChannel: [c2.android.vorbis.decoder#18] MediaCodec discarded an unknown buffer
06-13 19:04:14.712 479 965 D CCodecBufferChannel: [c2.android.vorbis.decoder#18] MediaCodec discarded an unknown buffer
06-13 19:04:14.712 479 965 D CCodecBufferChannel: [c2.android.vorbis.decoder#18] MediaCodec discarded an unknown buffer
06-13 19:04:14.716 479 977 I hw-BpHwBinder: onLastStrongRef automatically unlinking death recipients
06-13 19:04:14.716 395 395 I hw-BpHwBinder: onLastStrongRef automatically unlinking death recipients
06-13 19:04:14.717 395 395 V C2Store : in ~ComponentModule
06-13 19:04:14.717 395 395 V C2Store : unloading dll
06-13 19:04:14.732 327 329 D XM_HIDREAD: add@ add@/bus/sdio/drivers/sdiohal
06-13 19:04:14.763 327 329 D XM_HIDREAD: remove@ remove@/devices/platform/soc@3000000/4021000.sdmmc/mmc_host/mmc2/mmc2:8800/mmc2:8800:1
06-13 19:04:14.763 327 329 D XM_HIDREAD: remove@ remove@/devices/platform/soc@3000000/4021000.sdmmc/mmc_host/mmc2/mmc2:8800
06-13 19:04:14.728 337 337 I xiriservice_All: type=1400 audit(0.0:345): avc: denied { read } for scontext=u:r:init:s0 tcontext=u:r:init:s0 tclass=netlink_kobject_uevent_socket permissive=1
06-13 19:04:14.728 296 296 I sdiohal : sdiohal_scan_card
06-13 19:04:14.728 296 296 I sunxi-rfkill soc@3000000: rfkill: bus_index: 1
06-13 19:04:14.729 0 0 E : [ C0] sunxi-mmc 4021000.sdmmc: smc 2 p1 err, cmd 52, RTO !!
06-13 19:04:14.736 296 296 W sdiohal : probe of mmc2:8800:1 failed with error -110
06-13 19:04:14.737 0 0 E : [ C0] sunxi-mmc 4021000.sdmmc: smc 2 p1 err, cmd 7, RTO !!
06-13 19:04:14.744 0 0 E : [ C0] sunxi-mmc 4021000.sdmmc: smc 2 p1 err, cmd 7, RTO !!
06-13 19:04:14.752 0 0 E : [ C0] sunxi-mmc 4021000.sdmmc: smc 2 p1 err, cmd 7, RTO !!
06-13 19:04:14.760 0 0 E : [ C0] sunxi-mmc 4021000.sdmmc: smc 2 p1 err, cmd 7, RTO !!
06-13 19:04:14.768 17 17 I mmc2 : card 8800 removed
06-13 19:04:14.768 17 17 I sunxi-mmc 4021000.sdmmc: sdc set ios:clk 0Hz bm PP pm OFF vdd 0 width 1 timing LEGACY(SDR12) dt B
06-13 19:04:14.771 17 17 I sunxi-mmc 4021000.sdmmc: sdc set ios:clk 0Hz bm PP pm UP vdd 23 width 1 timing LEGACY(SDR12) dt B
06-13 19:04:14.776 677 695 I ndroid.systemu: Background concurrent copying GC freed 29334(1384KB) AllocSpace objects, 2(40KB) LOS objects, 49% free, 3211KB/6423KB, paused 334us total 376.010ms
06-13 19:04:14.782 17 17 I sunxi-mmc 4021000.sdmmc: sdc set ios:clk 400000Hz bm PP pm ON vdd 23 width 1 timing LEGACY(SDR12) dt B
06-13 19:04:14.787 479 525 D CompatibilityChangeReporter: Compat change id reported: 158002302; UID 10065; state: ENABLED
06-13 19:04:14.788 677 677 V WallpaperService: Setting wallpaper dimming: 0
06-13 19:04:14.793 0 0 E : [ C0] sunxi-mmc 4021000.sdmmc: smc 2 p1 err, cmd 52, RTO !!
06-13 19:04:14.795 187 187 I hwservicemanager: getTransport: Cannot find entry android.hardware.configstore@1.0::ISurfaceFlingerConfigs/default in either framework or device VINTF manifest.
06-13 19:04:14.797 677 939 D EglHelper: createEglContext start
06-13 19:04:14.802 0 0 E : [ C0] sunxi-mmc 4021000.sdmmc: smc 2 p1 err, cmd 52, RTO !!
06-13 19:04:14.804 677 939 D EglHelper: createEglContext done
06-13 19:04:14.804 677 939 D EglHelper: createEglSurface start
06-13 19:04:14.810 17 17 I sunxi-mmc 4021000.sdmmc: sdc set ios:clk 400000Hz bm PP pm ON vdd 23 width 1 timing LEGACY(SDR12) dt B
06-13 19:04:14.806 479 524 I ActivityManagerTiming: FinishBooting
06-13 19:04:14.809 249 249 W Zygote : forkRepeatedly terminated due to non-simple command
06-13 19:04:14.809 249 249 D Zygote : mbuffer starts with 1 , nice name is , mEnd = 19, mNext = 19, mLinesLeft = 0, mFd = 4
06-13 19:04:14.813 17 17 I sunxi-mmc 4021000.sdmmc: sdc set ios:clk 400000Hz bm PP pm ON vdd 23 width 1 timing LEGACY(SDR12) dt B
06-13 19:04:14.812 479 524 I ActivityManager: About to commit checkpoint
06-13 19:04:14.812 677 939 D EglHelper: createEglSurface done
06-13 19:04:14.813 479 524 I SystemServiceManager: Starting phase 1000
06-13 19:04:14.813 479 524 I ActivityManagerTiming: OnBootPhase_1000
06-13 19:04:14.813 479 524 E PowerStatsService: Failed to start PowerStatsService loggers
06-13 19:04:14.816 479 648 W HdmiCecController: Failed to send 40:47 with errorCode=1
06-13 19:04:14.818 479 583 D AppStandbyController: Loading headless system app cache. appIdleEnabled=false
06-13 19:04:14.818 479 587 D RollbackManager: mRollbackLifetimeDurationInMillis=1209600000
06-13 19:04:14.819 479 558 V DisplayPowerController[0]: Brightness [0.39763778] reason changing to: 'manual', previous reason: 'override'.
06-13 19:04:14.831 17 17 I sunxi-mmc 4021000.sdmmc: sdc set ios:clk 400000Hz bm PP pm ON vdd 23 width 4 timing LEGACY(SDR12) dt B
06-13 19:04:14.832 17 17 I sunxi-mmc 4021000.sdmmc: sdc set ios:clk 400000Hz bm PP pm ON vdd 23 width 4 timing UHS-SDR104 dt B
06-13 19:04:14.832 17 17 I sunxi-mmc 4021000.sdmmc: sdc set ios:clk 150000000Hz bm PP pm ON vdd 23 width 4 timing UHS-SDR104 dt B
06-13 19:04:14.833 17 17 I mmc2 : new ultra high speed SDR104 SDIO card at address 8800
06-13 19:04:14.836 17 17 I sdiohal : sdiohal_probe: func->class=0, vendor=0x0000, device=0x0000, func_num=0x0001, clock=150000000, SDIOHAL_RX_RECVBUF_LEN:200,SDIOHAL_32_BIT_RX_RECVBUF_LEN:32.
06-13 19:04:14.836 17 17 I WCN : marlin_get_wcn_chipid: chipid: 0x56630001
06-13 19:04:14.836 296 296 I sdiohal : scan end!
06-13 19:04:14.836 17 17 I WCN : marlin_scan_finish!
06-13 19:04:14.836 296 296 I WCN : then marlin start to download
06-13 19:04:14.836 17 17 I sdiohal : sdiohal_probe: sdio_dev_host, max_req_size=0x2000000, max_blk_count=0x2000, max_blk_size=0x1000
06-13 19:04:14.836 17 17 I sdiohal : probe ok
06-13 19:04:14.836 17 17 I WCN : marlin_request_firmware from /vendor/etc/firmware/wcnmodem.bin start!
06-13 19:04:14.829 327 329 D XM_HIDREAD: add@ add@/devices/platform/soc@3000000/4021000.sdmmc/mmc_host/mmc2/mmc2:8800
06-13 19:04:14.829 327 329 D XM_HIDREAD: add@ add@/devices/platform/soc@3000000/4021000.sdmmc/mmc_host/mmc2/mmc2:8800/mmc2:8800:1
06-13 19:04:14.834 479 524 D IorapForwardingService: BgJob Scheduled (jobId=283673059, interval: 86400000ms)
06-13 19:04:14.834 479 524 D TestHarnessModeService: Completing Test Harness Mode setup.
06-13 19:04:14.835 479 603 D StorageManagerService: Thinking about init, mBootCompleted=true, mDaemonConnected=true
06-13 19:04:14.835 479 603 D StorageManagerService: Setting up emulation state, initlocked=false
06-13 19:04:14.836 194 194 D vold : fscrypt_unlock_user_key 0 serial=0
06-13 19:04:14.836 479 603 D StorageManagerService: Thinking about reset, mBootCompleted=true, mDaemonConnected=true
06-13 19:04:14.837 479 603 I StorageSessionController: Started resetting external storage service...
06-13 19:04:14.837 479 603 I StorageSessionController: Finished resetting external storage service
06-13 19:04:14.843 17 17 I WCN : marlin_firmware_parse_image imagepack is WCNE type,need parse it
06-13 19:04:14.843 17 17 I WCN : marlin marlin_firmware_write imagepack is WCNE type,need parse it
06-13 19:04:14.844 0 0 E : [ C0] sunxi-mmc 4021000.sdmmc: smc 2 p1 err, cmd 53, WR DCE !!
06-13 19:04:14.838 479 603 I StorageManagerService: Resetting vold...
06-13 19:04:14.840 479 603 I StorageManagerService: Reset vold
06-13 19:04:14.840 194 194 I vold : onUserAdded: 0
06-13 19:04:14.852 132 132 I sunxi-mmc 4021000.sdmmc: *****retry:start*****
06-13 19:04:14.852 132 132 I sunxi-mmc 4021000.sdmmc: REG_DRV_DL: 0x00010000
06-13 19:04:14.852 132 132 I sunxi-mmc 4021000.sdmmc: REG_SD_NTSR: 0x81710000
06-13 19:04:14.852 132 132 I sunxi-mmc 4021000.sdmmc: *****retry:re-send cmd*****
06-13 19:04:14.852 0 0 E : [ C0] sunxi-mmc 4021000.sdmmc: smc 2 p1 err, cmd 53, WR DCE !!
06-13 19:04:14.847 479 523 W IorapForwardingService: No service published for: iorapd
06-13 19:04:14.860 132 132 I sunxi-mmc 4021000.sdmmc: *****retry:start*****
06-13 19:04:14.860 132 132 I sunxi-mmc 4021000.sdmmc: REG_DRV_DL: 0x00010000
06-13 19:04:14.860 132 132 I sunxi-mmc 4021000.sdmmc: REG_SD_NTSR: 0x81710000
06-13 19:04:14.860 132 132 I sunxi-mmc 4021000.sdmmc: *****retry:re-send cmd*****
06-13 19:04:14.860 0 0 E : [ C0] sunxi-mmc 4021000.sdmmc: smc 2 p1 err, cmd 53, WR DCE !!
06-13 19:04:14.868 132 132 I sunxi-mmc 4021000.sdmmc: *****retry:start*****
06-13 19:04:14.869 132 132 I sunxi-mmc 4021000.sdmmc: REG_DRV_DL: 0x00010000
06-13 19:04:14.869 132 132 I sunxi-mmc 4021000.sdmmc: REG_SD_NTSR: 0x81710000
06-13 19:04:14.869 132 132 I sunxi-mmc 4021000.sdmmc: *****retry:re-send cmd*****
06-13 19:04:14.869 0 0 E : [ C0] sunxi-mmc 4021000.sdmmc: smc 2 p1 err, cmd 53, WR DCE !!
06-13 19:04:14.877 132 132 I sunxi-mmc 4021000.sdmmc: *****retry:start*****
06-13 19:04:14.877 132 132 I sunxi-mmc 4021000.sdmmc: REG_DRV_DL: 0x00030000
06-13 19:04:14.877 132 132 I sunxi-mmc 4021000.sdmmc: REG_SD_NTSR: 0x81710110
06-13 19:04:14.877 132 132 I sunxi-mmc 4021000.sdmmc: *****retry:re-send cmd*****
06-13 19:04:14.877 0 0 D : [ C0] 4,end
06-13 19:04:14.872 269 269 I EventThread: type=1400 audit(0.0:346): avc: denied { search } for name="extcon" dev="sysfs" ino=18109 scontext=u:r:hal_tv_cec_default:s0 tcontext=u:object_r:sysfs_extcon:s0 tclass=dir permissive=1
06-13 19:04:14.884 479 521 D AdbService: boot completed
06-13 19:04:14.884 479 609 D WifiService: Handle boot completed
06-13 19:04:14.886 479 524 D SoundTriggerService: onBootPhase: 1000 : false
06-13 19:04:14.888 479 991 I HibernationStateDiskStore: No hibernation file on disk for file /data/system/hibernation/states
06-13 19:04:14.895 479 524 D CompatibilityChangeReporter: Compat change id reported: 168936375; UID 1000; state: DISABLED
06-13 19:04:14.896 479 524 D CompatibilityChangeReporter: Compat change id reported: 168936375; UID 1000; state: ENABLED
06-13 19:04:14.901 756 875 I Tethering: USB bcast connected:false configured:false rndis:false ncm:false
06-13 19:04:14.909 756 767 I rkstack.proces: Background concurrent copying GC freed 12100(609KB) AllocSpace objects, 0(0B) LOS objects, 49% free, 2935KB/5870KB, paused 168us total 101.596ms
06-13 19:04:14.909 479 524 D CompatibilityChangeReporter: Compat change id reported: 73144566; UID 1000; state: DISABLED
06-13 19:04:14.909 479 524 D CompatibilityChangeReporter: Compat change id reported: 73144566; UID 1000; state: ENABLED
06-13 19:04:14.912 479 521 E AdbDebuggingManager: Expected keyStore, but got tag=adbKey
06-13 19:04:14.914 479 609 I WifiScoreCard: Installing MemoryStore
06-13 19:04:14.915 479 609 I WifiHealthMonitor: Installing MemoryStore
06-13 19:04:14.920 479 524 D GameManagerService: onBootCompleted
06-13 19:04:14.923 479 524 D AppSearchStatsCollector: atoms registered
06-13 19:04:14.923 479 521 E AdbDebuggingManager: Expected keyStore, but got tag=adbKey
06-13 19:04:14.923 479 524 D ActivityManagerTiming: TotalBootTime took to complete: 7382ms
06-13 19:04:14.923 479 524 D SystemServerInitThreadPool: Shutdown requested
06-13 19:04:14.923 479 524 I SystemServerTiming: WaitInitThreadPoolShutdown
06-13 19:04:14.925 479 524 D SystemServerInitThreadPool: Shutdown successful
06-13 19:04:14.929 479 524 D ActivityManager: refreshZramWriteback
06-13 19:04:14.930 479 524 D ActivityManager: real start flush
06-13 19:04:14.932 1 1 I init : processing action (sys.boot_completed=1) from (/system/etc/init/hw/init.rc:1130)
06-13 19:04:14.934 1 1 I init : starting service 'exec 16 (/bin/rm -rf /data/per_boot)'...
06-13 19:04:14.935 479 524 I ActivityManager: User 0 state changed from BOOTING to RUNNING_LOCKED
06-13 19:04:14.935 479 524 W ActivityManager: UserLifecycleEvent 4 received without an active userJourneySession.
06-13 19:04:14.937 479 648 W HdmiCecController: Failed to send 45:7D with errorCode=1
06-13 19:04:14.943 17 17 I WCN : combin_img 4 marlin_firmware_write finish and successful
06-13 19:04:14.943 17 17 I WCN : marlin_start_run read reset reg val:0x180008
06-13 19:04:14.943 17 17 I WCN : after do marlin_start_run reset reg val:0x80008
06-13 19:04:14.940 269 269 D hdmi-cec: setOption, flag=0x0005, value=0x007a686f
06-13 19:04:14.943 17 17 I WCN : s_marlin_bootup_time=16877267810
06-13 19:04:14.946 1 1 I init : SVC_EXEC service 'exec 16 (/bin/rm -rf /data/per_boot)' pid 994 (uid 1000 gid 1000+0 context default) started; waiting...
06-13 19:04:14.942 269 269 D hdmi-cec: reset logical address to broadcast
06-13 19:04:14.944 269 269 D hdmi-cec: reset logical address to broadcast
06-13 19:04:14.944 479 524 D StorageManagerService: unlockUserKey: 0 isFileEncryptedNativeOrEmulated: false hasToken: false hasSecret: false
06-13 19:04:14.949 17 17 I WCN : clock mode: TCXO, outside clock
06-13 19:04:14.949 17 17 I WCN : marlin_write_cali_data sync init_state:0x0
06-13 19:04:14.947 479 997 W ZramWriteback: Writeback device is not set
06-13 19:04:14.947 479 997 D ZramWriteback: wait to flush
06-13 19:04:14.949 402 414 I adbd : adbd_auth: received a new framework connection
06-13 19:04:14.949 402 414 I adbd : adbd_auth: received new framework fd 31 (current = -1)
06-13 19:04:14.949 479 524 W ActivityManager: UserLifecycleEvent 5 received without an active userJourneySession.
06-13 19:04:14.949 479 524 D ActivityManager: Started unlocking user 0
06-13 19:04:14.949 479 524 D ActivityManager: Unlocking user 0 progress 0
06-13 19:04:14.950 479 524 D ActivityManager: Unlocking user 0 progress 5
06-13 19:04:14.950 194 194 D vold : fscrypt_prepare_user_storage for volume null, user 0, serial 0, flags 2
06-13 19:04:14.950 194 194 D vold : Preparing: /data/system_ce/0
06-13 19:04:14.951 194 194 D vold : Preparing: /data/misc_ce/0
06-13 19:04:14.951 194 194 D vold : Preparing: /data/vendor_ce/0
06-13 19:04:14.951 194 194 D vold : Preparing: /data/media/0
06-13 19:04:14.952 194 194 D vold : Preparing: /data/data
06-13 19:04:14.952 194 194 D vold : Starting restorecon of /data/system_ce/0
06-13 19:04:14.957 194 194 D vold : Finished restorecon of /data/system_ce/0
06-13 19:04:14.957 194 194 D vold : Starting restorecon of /data/vendor_ce/0
06-13 19:04:14.961 194 194 D vold : Finished restorecon of /data/vendor_ce/0
06-13 19:04:14.961 194 194 D vold : Starting restorecon of /data/misc_ce/0
06-13 19:04:14.965 194 194 D vold : Finished restorecon of /data/misc_ce/0
06-13 19:04:14.965 194 194 D vold : /system/bin/vold_prepare_subdirs
06-13 19:04:14.965 194 194 D vold : prepare
06-13 19:04:14.965 194 194 D vold :
06-13 19:04:14.965 194 194 D vold : 0
06-13 19:04:14.965 194 194 D vold : 2
06-13 19:04:14.976 17 17 I WCN : marlin_write_cali_data sync init_state:0x0
06-13 19:04:15.004 17 17 I WCN : marlin_write_cali_data sync init_state:0x0
06-13 19:04:15.032 17 17 I WCN : marlin_write_cali_data sync init_state:0xf0f0f0f1
06-13 19:04:15.032 17 17 I WCN : sdio_config bt_wake_host trigger:[high]
06-13 19:04:15.032 17 17 I WCN : sdio_config irq:[inband]
06-13 19:04:15.032 17 17 I WCN : sdio_config wake_host_level_duration_time:[20ms]
06-13 19:04:15.032 17 17 I WCN : sdio_config wake_host_data_separation:[bt/wifi reuse]
06-13 19:04:15.032 17 17 I WCN : marlin_send_sdio_config_to_cp sdio_config:0x80f01 (enable config)
06-13 19:04:15.032 17 17 I WCN : marlin_write_cali_data finish
06-13 19:04:15.033 17 17 I WCN : check_cp_ready sync val:0xf0f0f0f2, prj_type val:0xe0e0e0e0
06-13 19:04:15.034 780 787 I webview_zygote: Background concurrent copying GC freed 4704(242KB) AllocSpace objects, 0(0B) LOS objects, 49% free, 2795KB/5591KB, paused 164us total 113.975ms
06-13 19:04:15.041 1001 1001 D vold_prepare_subdirs: Setting up mode 771 uid 1000 gid 1000 context u:object_r:system_data_file:s0:c512,c768 on path: /data/data
06-13 19:04:15.047 1001 1001 D vold_prepare_subdirs: Setting up mode 700 uid 0 gid 0 context u:object_r:vold_data_file:s0 on path: /data/misc_ce/0/vold
06-13 19:04:15.051 1001 1001 D vold_prepare_subdirs: Setting up mode 700 uid 0 gid 0 context u:object_r:storaged_data_file:s0 on path: /data/misc_ce/0/storaged
06-13 19:04:15.053 1001 1001 D vold_prepare_subdirs: Setting up mode 700 uid 0 gid 0 context u:object_r:rollback_data_file:s0 on path: /data/misc_ce/0/rollback
06-13 19:04:15.055 1001 1001 D vold_prepare_subdirs: Setting up mode 700 uid 0 gid 0 context u:object_r:apex_rollback_data_file:s0 on path: /data/misc_ce/0/apexrollback
06-13 19:04:15.057 1001 1001 D vold_prepare_subdirs: Setting up mode 711 uid 0 gid 0 context u:object_r:apex_module_data_file:s0 on path: /data/misc_ce/0/apexdata
06-13 19:04:15.058 1001 1001 D vold_prepare_subdirs: Setting up mode 771 uid 0 gid 1000 context u:object_r:apex_wifi_data_file:s0 on path: /data/misc_ce/0/apexdata/com.android.wifi
06-13 19:04:15.060 1001 1001 D vold_prepare_subdirs: Setting up mode 771 uid 0 gid 1000 context u:object_r:apex_module_data_file:s0 on path: /data/misc_ce/0/apexdata/com.android.vndk.v31
06-13 19:04:15.061 1001 1001 D vold_prepare_subdirs: Setting up mode 771 uid 0 gid 1000 context u:object_r:apex_module_data_file:s0 on path: /data/misc_ce/0/apexdata/com.android.tzdata
06-13 19:04:15.062 1001 1001 D vold_prepare_subdirs: Setting up mode 771 uid 0 gid 1000 context u:object_r:apex_module_data_file:s0 on path: /data/misc_ce/0/apexdata/com.android.tethering
06-13 19:04:15.065 17 17 I WCN : check_cp_ready sync val:0xf0f0f0f2, prj_type val:0xe0e0e0e0
06-13 19:04:15.063 1001 1001 D vold_prepare_subdirs: Setting up mode 771 uid 0 gid 1000 context u:object_r:apex_module_data_file:s0 on path: /data/misc_ce/0/apexdata/com.android.sdkext
06-13 19:04:15.065 1001 1001 D vold_prepare_subdirs: Setting up mode 771 uid 0 gid 1000 context u:object_r:apex_module_data_file:s0 on path: /data/misc_ce/0/apexdata/com.android.scheduling
06-13 19:04:15.067 1001 1001 D vold_prepare_subdirs: Setting up mode 771 uid 0 gid 1000 context u:object_r:apex_module_data_file:s0 on path: /data/misc_ce/0/apexdata/com.android.runtime
06-13 19:04:15.068 1001 1001 D vold_prepare_subdirs: Setting up mode 771 uid 0 gid 1000 context u:object_r:apex_module_data_file:s0 on path: /data/misc_ce/0/apexdata/com.android.resolv
06-13 19:04:15.069 1001 1001 D vold_prepare_subdirs: Setting up mode 771 uid 0 gid 1000 context u:object_r:apex_permission_data_file:s0 on path: /data/misc_ce/0/apexdata/com.android.permission
06-13 19:04:15.069 1001 1001 D vold_prepare_subdirs: Setting up mode 771 uid 0 gid 1000 context u:object_r:apex_module_data_file:s0 on path: /data/misc_ce/0/apexdata/com.android.os.statsd
06-13 19:04:15.071 1001 1001 D vold_prepare_subdirs: Setting up mode 771 uid 0 gid 1000 context u:object_r:apex_module_data_file:s0 on path: /data/misc_ce/0/apexdata/com.android.neuralnetworks
06-13 19:04:15.071 1001 1001 D vold_prepare_subdirs: Setting up mode 771 uid 0 gid 1000 context u:object_r:apex_module_data_file:s0 on path: /data/misc_ce/0/apexdata/com.android.mediaprovider
06-13 19:04:15.072 1001 1001 D vold_prepare_subdirs: Setting up mode 771 uid 0 gid 1000 context u:object_r:apex_module_data_file:s0 on path: /data/misc_ce/0/apexdata/com.android.media.swcodec
06-13 19:04:15.073 1001 1001 D vold_prepare_subdirs: Setting up mode 771 uid 0 gid 1000 context u:object_r:apex_module_data_file:s0 on path: /data/misc_ce/0/apexdata/com.android.media
06-13 19:04:15.074 1001 1001 D vold_prepare_subdirs: Setting up mode 771 uid 0 gid 1000 context u:object_r:apex_module_data_file:s0 on path: /data/misc_ce/0/apexdata/com.android.ipsec
06-13 19:04:15.074 1001 1001 D vold_prepare_subdirs: Setting up mode 771 uid 0 gid 1000 context u:object_r:apex_module_data_file:s0 on path: /data/misc_ce/0/apexdata/com.android.i18n
06-13 19:04:15.075 1001 1001 D vold_prepare_subdirs: Setting up mode 771 uid 0 gid 1000 context u:object_r:apex_module_data_file:s0 on path: /data/misc_ce/0/apexdata/com.android.extservices
06-13 19:04:15.076 1001 1001 D vold_prepare_subdirs: Setting up mode 771 uid 0 gid 1000 context u:object_r:apex_module_data_file:s0 on path: /data/misc_ce/0/apexdata/com.android.conscrypt
06-13 19:04:15.077 1001 1001 D vold_prepare_subdirs: Setting up mode 771 uid 0 gid 1000 context u:object_r:apex_module_data_file:s0 on path: /data/misc_ce/0/apexdata/com.android.art
06-13 19:04:15.078 1001 1001 D vold_prepare_subdirs: Setting up mode 771 uid 0 gid 1000 context u:object_r:apex_appsearch_data_file:s0 on path: /data/misc_ce/0/apexdata/com.android.appsearch
06-13 19:04:15.078 1001 1001 D vold_prepare_subdirs: Setting up mode 771 uid 0 gid 1000 context u:object_r:apex_module_data_file:s0 on path: /data/misc_ce/0/apexdata/com.android.adbd
06-13 19:04:15.079 1001 1001 D vold_prepare_subdirs: Setting up mode 700 uid 1000 gid 1000 context u:object_r:backup_data_file:s0 on path: /data/system_ce/0/backup
06-13 19:04:15.080 1001 1001 D vold_prepare_subdirs: Setting up mode 700 uid 1000 gid 1000 context u:object_r:backup_data_file:s0 on path: /data/system_ce/0/backup_stage
06-13 19:04:15.081 1001 1001 D vold_prepare_subdirs: Setting up mode 700 uid 1000 gid 1000 context u:object_r:face_vendor_data_file:s0 on path: /data/vendor_ce/0/facedata
06-13 19:04:15.084 479 524 V UserDataPreparer: Found /data/user/0 with serial number 0
06-13 19:04:15.084 479 524 V UserDataPreparer: Found /data/system_ce/0 with serial number 0
06-13 19:04:15.085 479 524 D UserDataPreparer: Setting property: sys.user.0.ce_available=true
06-13 19:04:15.086 479 524 V PackageManager: reconcileAppsData for null u0 0x2 migrateAppData=false
06-13 19:04:15.092 17 17 I WCN : check_cp_ready sync val:0xf0f0f0f2, prj_type val:0xe0e0e0e0
06-13 19:04:15.116 269 269 D hdmi-cec: cec physical address: 1.0.0.0
06-13 19:04:15.117 269 269 D hdmi-cec: cec physical address: 1.0.0.0
06-13 19:04:15.117 269 269 D hdmi-cec: cec physical address: 1.0.0.0
06-13 19:04:15.117 269 269 D hdmi-cec: addLogicalAddress (4)
06-13 19:04:15.120 17 17 I WCN : check_cp_ready sync val:0xf0f0f0f2, prj_type val:0xe0e0e0e0
06-13 19:04:15.120 269 269 D hdmi-cec: cec physical address: 1.0.0.0
06-13 19:04:15.148 17 17 I WCN : check_cp_ready sync val:0xf0f0f0ff, prj_type val:0xe0e0e0e0
06-13 19:04:15.148 17 17 I sdiohal : sdiohal_runtime_get entry
06-13 19:04:15.149 17 17 D : [xw] before reg = 0x1
06-13 19:04:15.149 17 17 D : [xw] after reg = 0x3
06-13 19:04:15.152 17 17 I WCN : get_cp2_version entry!
06-13 19:04:15.175 269 269 D hdmi-cec: cec physical address: 1.0.0.0
06-13 19:04:15.235 269 269 D hdmi-cec: cec physical address: 1.0.0.0
06-13 19:04:15.235 269 269 D hdmi-cec: cec physical address: 1.0.0.0
06-13 19:04:15.236 479 648 W HdmiCecController: Failed to send 40:0D with errorCode=1
06-13 19:04:15.236 269 269 D hdmi-cec: cec physical address: 1.0.0.0
06-13 19:04:15.325 677 677 D Tonal : Tonal Palette - index: 4. Main color: ff1e447a
06-13 19:04:15.325 677 677 D Tonal : Colors: ff060d1a, ff0b162e, ff102343, ff17305c, ff1e447a, ff254a99, ff2d58b7, ff6180c3, ff6f8adc, ff889ce2, ffa5b0e9, ffced4f3, ffeaedfa
06-13 19:04:15.325 677 677 D Tonal : Gradients:
06-13 19:04:15.325 677 677 D Tonal : Normal GradientColors(ff1e447a, ff1e447a)
06-13 19:04:15.325 677 677 D Tonal : Dark GradientColors(ff17305c, ff17305c)
06-13 19:04:15.325 677 677 D Tonal : Extra dark: GradientColors(ff102343, ff102343)
06-13 19:04:15.326 677 677 D Tonal : Tonal Palette - index: 4. Main color: ff1e447a
06-13 19:04:15.326 677 677 D Tonal : Colors: ff060d1a, ff0b162e, ff102343, ff17305c, ff1e447a, ff254a99, ff2d58b7, ff6180c3, ff6f8adc, ff889ce2, ffa5b0e9, ffced4f3, ffeaedfa
06-13 19:04:15.326 677 677 D Tonal : Gradients:
06-13 19:04:15.326 677 677 D Tonal : Normal GradientColors(ff1e447a, ff1e447a)
06-13 19:04:15.326 677 677 D Tonal : Dark GradientColors(ff17305c, ff17305c)
06-13 19:04:15.326 677 677 D Tonal : Extra dark: GradientColors(ff102343, ff102343)
06-13 19:04:15.339 169 169 I init (169): drop_caches: 3
06-13 19:04:15.339 1 1 I init : Command 'write /proc/sys/vm/drop_caches 3' action=sys.boot_completed=1 (/vendor/etc/init/hw/init.sun50iw9p1.rc:112) took 357ms and succeeded
06-13 19:04:15.332 169 169 I init : type=1400 audit(0.0:347): avc: denied { write } for name="dirty_expire_centisecs" dev="proc" ino=13127 scontext=u:r:vendor_init:s0 tcontext=u:object_r:proc_dirty:s0 tclass=file permissive=1
06-13 19:04:15.344 1 1 I init : processing action (ro.vendor.ramconfig=2 && sys.boot_completed=1) from (/vendor/etc/init/hw/init.ram.rc:29)
06-13 19:04:15.352 327 329 D XM_HIDREAD: add@ add@/kernel/slab/:0000008
06-13 19:04:15.359 1 1 I zram0 : detected capacity change from 0 to 1541578752
06-13 19:04:15.385 479 479 W Looper : Slow dispatch took 269ms main h=android.os.Handler c=com.android.server.hdmi.WorkSourceUidPreservingRunnable@ae84a83 m=0
06-13 19:04:15.385 479 479 W Looper : Slow delivery took 267ms main h=android.os.Handler c=com.android.server.hdmi.HdmiControlService$$ExternalSyntheticLambda0@6db7439 m=0
06-13 19:04:15.393 254 254 V audio_hw_primary: adev_set_parameters, A2dpSuspended=false
06-13 19:04:15.394 815 828 I oid.tv.setting: Background concurrent copying GC freed 10533(750KB) AllocSpace objects, 0(0B) LOS objects, 49% free, 2895KB/5791KB, paused 321us total 131.862ms
06-13 19:04:15.396 254 302 V audio_hw_primary: adev_set_parameters, BT_SCO=off
06-13 19:04:15.397 479 627 I AS.AudioDeviceInventory: removePreferredDevicesForStrategySync, strategy: 14
06-13 19:04:15.421 1 1 I mkswap : Swapspace size: 1505444k, UUID=3d570404-0922-415f-a0da-d9e73f4d799b
06-13 19:04:15.448 1 1 I : Adding 1505444k swap on /dev/block/zram0. Priority:-2 extents:1 across:1505444k SS
06-13 19:04:15.449 1 1 I init : Command 'swapon_all /vendor/etc/fstab.nswap' action=ro.vendor.ramconfig=2 && sys.boot_completed=1 (/vendor/etc/init/hw/init.ram.rc:30) took 104ms and succeeded
06-13 19:04:15.449 1 1 I init : processing action (persist.vendor.adb.enabled=* && sys.boot_completed=1) from (/vendor/etc/init/hw/init.oranth.rc:56)
06-13 19:04:15.451 1 1 I init : processing action (sys.boot_completed=1) from (/system/etc/init/appsdisable.rc:1)
06-13 19:04:15.453 1 1 I init : starting service 'appsdisable'...
06-13 19:04:15.460 1 1 I init : processing action (sys.boot_completed=1 && sys.bootstat.first_boot_completed=0) from (/system/etc/init/bootstat.rc:77)
06-13 19:04:15.461 1 1 I init : starting service 'exec 17 (/system/bin/bootstat --record_boot_complete --record_boot_reason --record_time_since_factory_reset -l)'...
06-13 19:04:15.456 1004 1004 I init : type=1400 audit(0.0:348): avc: denied { entrypoint } for path="/system/bin/appsdisable" dev="dm-0" ino=892 scontext=u:r:shell:s0 tcontext=u:object_r:system_file:s0 tclass=file permissive=1
06-13 19:04:15.471 1 1 I init : processing action (sys.boot_completed=1) from (/system/etc/init/fix_traceing.rc:1)
06-13 19:04:15.471 1 1 I init : starting service 'fix_traceing'...
06-13 19:04:15.500 479 648 W HdmiCecController: Failed to send 40:8E:00 with errorCode=1
06-13 19:04:15.508 479 479 W Looper : Drained
06-13 19:04:15.529 318 318 D XiriService: check file name: /data/data/com.android.cts.priv.ctsshim/lib
06-13 19:04:15.530 187 187 I hwservicemanager: Notifying android.hardware.wifi@1.5::IWifi/default they have clients: 1
06-13 19:04:15.530 661 661 I HidlLazyUtils: Process has 1 (of 1 available) client(s) in use after notification android.hardware.wifi@1.5::IWifi/default has clients: 1
06-13 19:04:15.528 318 318 I xiriservice_All: type=1400 audit(0.0:349): avc: denied { search } for name="com.android.cts.priv.ctsshim" dev="mmcblk0p25" ino=567 scontext=u:r:init:s0 tcontext=u:object_r:privapp_data_file:s0:c512,c768 tclass=dir permissive=1
06-13 19:04:15.528 318 318 I xiriservice_All: type=1400 audit(0.0:350): avc: denied { read } for name="lib" dev="mmcblk0p25" ino=3376 scontext=u:r:init:s0 tcontext=u:object_r:privapp_data_file:s0:c512,c768 tclass=lnk_file permissive=1
06-13 19:04:15.535 318 318 D XiriService: check file name: /data/data/com.android.cts.priv.ctsshim/lib
06-13 19:04:15.539 318 318 D XiriService: check file name: /data/data/com.android.dynsystem/lib
06-13 19:04:15.536 318 318 I xiriservice_All: type=1400 audit(0.0:351): avc: denied { search } for name="com.android.dynsystem" dev="mmcblk0p25" ino=575 scontext=u:r:init:s0 tcontext=u:object_r:system_app_data_file:s0 tclass=dir permissive=1
06-13 19:04:15.536 318 318 I xiriservice_All: type=1400 audit(0.0:352): avc: denied { read } for name="lib" dev="mmcblk0p25" ino=3383 scontext=u:r:init:s0 tcontext=u:object_r:system_app_data_file:s0 tclass=lnk_file permissive=1
06-13 19:04:15.543 318 318 D XiriService: check file name: /data/data/com.dangbei.lerad.rocky/lib
06-13 19:04:15.545 318 318 D XiriService: check file name: /data/data/com.dangbei.lerad.rocky/lib
06-13 19:04:15.547 318 318 D XiriService: check file name: /data/data/com.android.tv.settings/lib
06-13 19:04:15.548 318 318 D XiriService: check file name: /data/data/com.android.tv.settings/lib
06-13 19:04:15.551 318 318 D XiriService: check file name: /data/data/com.oranth.factory/lib
06-13 19:04:15.553 318 318 D XiriService: check file name: /data/data/com.oranth.factory/lib
06-13 19:04:15.555 318 318 D XiriService: check file name: /data/data/com.dangbei.zhushou.os/lib
06-13 19:04:15.556 318 318 D XiriService: check file name: /data/data/com.dangbei.zhushou.os/lib
06-13 19:04:15.561 318 318 D XiriService: check file name: /data/data/com.sohu.inputmethod.sogou.tv/lib
06-13 19:04:15.556 318 318 I xiriservice_All: type=1400 audit(0.0:353): avc: denied { search } for name="com.sohu.inputmethod.sogou.tv" dev="mmcblk0p25" ino=1406 scontext=u:r:init:s0 tcontext=u:object_r:app_data_file:s0:c41,c256,c512,c768 tclass=dir permissive=1
06-13 19:04:15.556 318 318 I xiriservice_All: type=1400 audit(0.0:354): avc: denied { read } for name="lib" dev="mmcblk0p25" ino=3260 scontext=u:r:init:s0 tcontext=u:object_r:app_data_file:s0:c41,c256,c512,c768 tclass=lnk_file permissive=1
06-13 19:04:15.563 318 318 D XiriService: check file name: /data/data/com.sohu.inputmethod.sogou.tv/lib
06-13 19:04:15.566 318 318 D XiriService: check file name: /data/data/com.oranth.ledstatus/lib
06-13 19:04:15.567 318 318 D XiriService: check file name: /data/data/com.oranth.ledstatus/lib
06-13 19:04:15.564 318 318 I xiriservice_All: type=1400 audit(0.0:355): avc: denied { search } for name="com.dangbei.lerad.videoposter" dev="mmcblk0p25" ino=747 scontext=u:r:init:s0 tcontext=u:object_r:app_data_file:s0:c512,c768 tclass=dir permissive=1
06-13 19:04:15.569 318 318 D XiriService: check file name: /data/data/com.dangbei.lerad.videoposter/lib
06-13 19:04:15.564 318 318 I xiriservice_All: type=1400 audit(0.0:356): avc: denied { read } for name="lib" dev="mmcblk0p25" ino=3264 scontext=u:r:init:s0 tcontext=u:object_r:app_data_file:s0:c512,c768 tclass=lnk_file permissive=1
06-13 19:04:15.572 318 318 D XiriService: check file name: /data/data/com.dangbei.lerad.videoposter/lib
06-13 19:04:15.576 318 318 D XiriService: check file name: /data/data/com.android.networkstack/lib
06-13 19:04:15.572 318 318 I xiriservice_All: type=1400 audit(0.0:357): avc: denied { read } for name="lib" dev="mmcblk0p25" ino=3391 scontext=u:r:init:s0 tcontext=u:object_r:radio_data_file:s0 tclass=lnk_file permissive=1
06-13 19:04:15.577 318 318 D XiriService: check file name: /data/data/com.android.networkstack/lib
06-13 19:04:15.534 1005 1005 I bootstat: Service started: /system/bin/bootstat --record_boot_complete --record_boot_reason --record_time_since_factory_reset -l
06-13 19:04:15.580 318 318 D XiriService: check file name: /data/data/android/lib
06-13 19:04:15.582 318 318 D XiriService: check file name: /data/data/android/lib
06-13 19:04:15.587 318 318 D XiriService: check file name: /data/data/com.dangbei.screencast/lib
06-13 19:04:15.588 318 318 D XiriService: check file name: /data/data/com.dangbei.screencast/lib
06-13 19:04:15.589 318 318 D XiriService: check file name: /data/data/com.dangbei.leard.leradlauncher/lib
06-13 19:04:15.591 318 318 D XiriService: check file name: /data/data/com.dangbei.leard.leradlauncher/lib
06-13 19:04:15.592 1005 1005 E bootstat: Failed to read /data/misc/bootstat/post_decrypt_time_elapsed: No such file or directory
06-13 19:04:15.592 1005 1005 E bootstat: Failed to parse boot time record: /data/misc/bootstat/post_decrypt_time_elapsed
06-13 19:04:15.593 318 318 D XiriService: check file name: /data/data/com.android.providers.settings/lib
06-13 19:04:15.596 318 318 D XiriService: check file name: /data/data/com.android.printspooler/lib
06-13 19:04:15.592 318 318 I xiriservice_All: type=1400 audit(0.0:358): avc: denied { search } for name="com.android.printspooler" dev="mmcblk0p25" ino=935 scontext=u:r:init:s0 tcontext=u:object_r:app_data_file:s0:c46,c256,c512,c768 tclass=dir permissive=1
06-13 19:04:15.592 318 318 I xiriservice_All: type=1400 audit(0.0:359): avc: denied { read } for name="lib" dev="mmcblk0p25" ino=3396 scontext=u:r:init:s0 tcontext=u:object_r:app_data_file:s0:c46,c256,c512,c768 tclass=lnk_file permissive=1
06-13 19:04:15.599 318 318 D XiriService: check file name: /data/data/com.android.printspooler/lib
06-13 19:04:15.600 318 318 D XiriService: check file name: /data/data/com.android.webview/lib
06-13 19:04:15.596 318 318 I xiriservice_All: type=1400 audit(0.0:360): avc: denied { search } for name="com.android.webview" dev="mmcblk0p25" ino=951 scontext=u:r:init:s0 tcontext=u:object_r:app_data_file:s0:c60,c256,c512,c768 tclass=dir permissive=1
06-13 19:04:15.596 318 318 I xiriservice_All: type=1400 audit(0.0:361): avc: denied { read } for name="lib" dev="mmcblk0p25" ino=3397 scontext=u:r:init:s0 tcontext=u:object_r:app_data_file:s0:c60,c256,c512,c768 tclass=lnk_file permissive=1
06-13 19:04:15.603 318 318 D XiriService: check file name: /data/data/com.android.webview/lib
06-13 19:04:15.605 318 318 D XiriService: check file name: /data/data/com.android.inputdevices/lib
06-13 19:04:15.606 318 318 D XiriService: check file name: /data/data/com.android.inputdevices/lib
06-13 19:04:15.608 318 318 D XiriService: check file name: /data/data/com.android.bips/lib
06-13 19:04:15.610 318 318 D XiriService: check file name: /data/data/com.android.bips/lib
06-13 19:04:15.612 327 329 D XM_HIDREAD: add@ add@/class/hci_reg
06-13 19:04:15.612 327 329 D XM_HIDREAD: add@ add@/module/sunxi_hci
06-13 19:04:15.608 337 337 I xiriservice_All: type=1400 audit(0.0:362): avc: denied { read } for scontext=u:r:init:s0 tcontext=u:r:init:s0 tclass=netlink_kobject_uevent_socket permissive=1
06-13 19:04:15.613 1005 1005 W bootstat: LogBootEvents, atomInfo not defined for events:last_boot_time_utc,build_date,ro.boottime.init.cold_boot_wait,boot_reason,system_boot_reason,time_since_last_boot
06-13 19:04:15.619 479 648 W HdmiCecController: Failed to send 40:8F with errorCode=1
06-13 19:04:15.620 318 318 D XiriService: check file name: /data/data/com.oranth.inputmacsn/lib
06-13 19:04:15.622 318 318 D XiriService: check file name: /data/data/com.oranth.inputmacsn/lib
06-13 19:04:15.624 318 318 D XiriService: check file name: /data/data/com.android.keychain/lib
06-13 19:04:15.626 318 318 D XiriService: check file name: /data/data/com.android.keychain/lib
06-13 19:04:15.627 318 318 D XiriService: check file name: /data/data/android.ext.services/lib
06-13 19:04:15.628 318 318 D XiriService: check file name: /data/data/android.ext.services/lib
06-13 19:04:15.631 318 318 D XiriService: check file name: /data/data/com.android.localtransport/lib
06-13 19:04:15.632 318 318 D XiriService: check file name: /data/data/com.android.localtransport/lib
06-13 19:04:15.634 318 318 D XiriService: check file name: /data/data/com.android.packageinstaller/lib
06-13 19:04:15.635 318 318 D XiriService: check file name: /data/data/com.android.packageinstaller/lib
06-13 19:04:15.637 318 318 D XiriService: check file name: /data/data/com.oranth.usbopenft/lib
06-13 19:04:15.639 318 318 D XiriService: check file name: /data/data/com.oranth.usbopenft/lib
06-13 19:04:15.640 327 329 D XM_HIDREAD: add@ add@/devices/virtual/devlink/regulator.8--5101000.ehci0-controller
06-13 19:04:15.642 318 318 D XiriService: check file name: /data/data/com.android.networkstack.tethering/lib
06-13 19:04:15.645 169 169 W sunxi-ehci: EHCI SUNXI driver
06-13 19:04:15.645 169 169 W : sunxi ehci0-controller don't init wakeup source
06-13 19:04:15.645 169 169 W [sunxi-ehci0]: probe, pdev->name: 5101000.ehci0-controller, sunxi_ehci: 0xffffffc008f81018, 0x:ffffffc01210d000, irq_no:32
06-13 19:04:15.647 169 169 I sunxi-ehci 5101000.ehci0-controller: EHCI Host Controller
06-13 19:04:15.647 169 169 I sunxi-ehci 5101000.ehci0-controller: new USB bus registered, assigned bus number 1
06-13 19:04:15.648 169 169 I sunxi-ehci 5101000.ehci0-controller: irq 50, io mem 0x05101000
06-13 19:04:15.640 318 318 I xiriservice_All: type=1400 audit(0.0:363): avc: denied { read } for name="lib" dev="mmcblk0p25" ino=3293 scontext=u:r:init:s0 tcontext=u:object_r:radio_data_file:s0 tclass=lnk_file permissive=1
06-13 19:04:15.643 318 318 D XiriService: check file name: /data/data/com.android.networkstack.tethering/lib
06-13 19:04:15.645 318 318 D XiriService: check file name: /data/data/com.dangbei.lerad.etna.haqu/lib
06-13 19:04:15.646 318 318 D XiriService: check file name: /data/data/com.dangbei.lerad.etna.haqu/lib
06-13 19:04:15.650 318 318 D XiriService: check file name: /data/data/com.oranth.powerwindow/lib
06-13 19:04:15.651 318 318 D XiriService: check file name: /data/data/com.oranth.powerwindow/lib
06-13 19:04:15.652 318 318 D XiriService: check file name: /data/data/com.android.networkstack.permissionconfig/lib
06-13 19:04:15.648 1012 1012 I runin.sh: type=1400 audit(0.0:364): avc: denied { dac_read_search } for capability=2 scontext=u:r:shell:s0 tcontext=u:r:shell:s0 tclass=capability permissive=1
06-13 19:04:15.654 318 318 D XiriService: check file name: /data/data/com.android.networkstack.permissionconfig/lib
06-13 19:04:15.655 318 318 D XiriService: check file name: /data/data/com.dangbei.lerad.screensaver/lib
06-13 19:04:15.656 327 329 D XM_HIDREAD: add@ add@/devices/platform/soc@3000000/5101000.ehci0-controller/usb1
06-13 19:04:15.657 327 329 D XM_HIDREAD: add@ add@/devices/platform/soc@3000000/5101000.ehci0-controller/usb1/1-0:1.0
06-13 19:04:15.658 318 318 D XiriService: check file name: /data/data/com.dangbei.lerad.screensaver/lib
06-13 19:04:15.652 318 318 I xiriservice_All: type=1400 audit(0.0:365): avc: denied { search } for name="com.dangbei.lerad.screensaver" dev="mmcblk0p25" ino=1185 scontext=u:r:init:s0 tcontext=u:object_r:app_data_file:s0:c53,c256,c512,c768 tclass=dir permissive=1
06-13 19:04:15.652 318 318 I xiriservice_All: type=1400 audit(0.0:366): avc: denied { read } for name="lib" dev="mmcblk0p25" ino=3314 scontext=u:r:init:s0 tcontext=u:object_r:app_data_file:s0:c53,c256,c512,c768 tclass=lnk_file permissive=1
06-13 19:04:15.660 169 169 I sunxi-ehci 5101000.ehci0-controller: USB 2.0 started, EHCI 1.00
06-13 19:04:15.661 169 169 I usb1 : New USB device found, idVendor=1d6b, idProduct=0002, bcdDevice= 5.04
06-13 19:04:15.661 169 169 I usb1 : New USB device strings: Mfr=3, Product=2, SerialNumber=1
06-13 19:04:15.661 169 169 I usb1 : Product: EHCI Host Controller
06-13 19:04:15.661 169 169 I usb1 : Manufacturer: Linux 5.4.125+ ehci_hcd
06-13 19:04:15.661 169 169 I usb1 : SerialNumber: sunxi-ehci
06-13 19:04:15.663 169 169 I hub 1-0 : 1.0: USB hub found
06-13 19:04:15.665 169 169 I hub 1-0 : 1.0: 1 port detected
06-13 19:04:15.659 318 318 D XiriService: check file name: /data/data/com.android.wallpaperbackup/lib
06-13 19:04:15.661 327 329 D XM_HIDREAD: add@ add@/devices/virtual/devlink/regulator.8--5200000.ehci1-controller
06-13 19:04:15.661 318 318 D XiriService: check file name: /data/data/com.android.wallpaperbackup/lib
06-13 19:04:15.666 169 169 W : sunxi ehci1-controller don't init wakeup source
06-13 19:04:15.666 169 169 W [sunxi-ehci1]: probe, pdev->name: 5200000.ehci1-controller, sunxi_ehci: 0xffffffc008f816d8, 0x:ffffffc0121c1000, irq_no:34
06-13 19:04:15.667 169 169 I sunxi-ehci 5200000.ehci1-controller: EHCI Host Controller
06-13 19:04:15.667 169 169 I sunxi-ehci 5200000.ehci1-controller: new USB bus registered, assigned bus number 2
06-13 19:04:15.667 169 169 I sunxi-ehci 5200000.ehci1-controller: irq 52, io mem 0x05200000
06-13 19:04:15.664 318 318 D XiriService: check file name: /data/data/com.android.providers.media.module/lib
06-13 19:04:15.660 318 318 I xiriservice_All: type=1400 audit(0.0:367): avc: denied { search } for name="com.android.providers.media.module" dev="mmcblk0p25" ino=1257 scontext=u:r:init:s0 tcontext=u:object_r:privapp_data_file:s0:c74,c256,c512,c768 tclass=dir permissive=1
06-13 19:04:15.670 318 318 W audit : audit_lost=1 audit_rate_limit=5 audit_backlog_limit=64
06-13 19:04:15.670 318 318 E audit : rate limit exceeded
06-13 19:04:15.683 318 318 D XiriService: check file name: /data/data/com.android.providers.media.module/lib
06-13 19:04:15.683 318 318 D XiriService: check file name: /data/data/com.oranth.storage/lib
06-13 19:04:15.680 169 169 I sunxi-ehci 5200000.ehci1-controller: USB 2.0 started, EHCI 1.00
06-13 19:04:15.680 169 169 E debugfs : Directory 'sunxi-ehci' with parent 'ehci' already present!
06-13 19:04:15.684 318 318 D XiriService: check file name: /data/data/com.android.location.fused/lib
06-13 19:04:15.692 169 169 I usb2 : New USB device found, idVendor=1d6b, idProduct=0002, bcdDevice= 5.04
06-13 19:04:15.692 169 169 I usb2 : New USB device strings: Mfr=3, Product=2, SerialNumber=1
