06-13 19:04:08.195 479 479 E PowerStatsService: Unable to get power.stats HAL service.
06-13 19:04:08.195 479 479 E PowerStatsService: nativeInit failed to connect to power.stats HAL
06-13 19:04:08.197 479 479 I SystemServerTiming: StartIStatsService
06-13 19:04:08.198 187 187 I hwservicemanager: getTransport: Cannot find entry android.frameworks.stats@1.0::IStats/default in either framework or device VINTF manifest.
06-13 19:04:08.198 479 479 E HidlServiceManagement: Service android.frameworks.stats@1.0::IStats/default must be in VINTF manifest in order to register/get.
06-13 19:04:08.198 479 479 W system_server: Cannot register HIDL android.frameworks.stats@1.0::IStats: -2147483648
06-13 19:04:08.199 186 186 I servicemanager: Found android.frameworks.stats.IStats/default in framework VINTF manifest.
06-13 19:04:08.199 479 479 I SystemServerTiming: MemtrackProxyService
06-13 19:04:08.200 479 528 I SystemConfig: Reading permissions from /product/etc/sysconfig/preinstalled-packages-platform-handheld-product.xml
06-13 19:04:08.200 187 187 I hwservicemanager: getTransport: Cannot find entry android.hardware.memtrack@1.0::IMemtrack/default in either framework or device VINTF manifest.
06-13 19:04:08.201 186 186 E servicemanager: Could not find android.hardware.memtrack.IMemtrack/default in the VINTF manifest.
06-13 19:04:08.201 479 479 I Stability: Interface set with vintf stability wire protocol version 1 downgraded to system stability wire protocol version 1 stability
06-13 19:04:08.202 479 479 I SystemServerTiming: StartActivityManager
06-13 19:04:08.202 479 479 I SystemServiceManager: Starting com.android.server.wm.ActivityTaskManagerService$Lifecycle
06-13 19:04:08.205 479 528 I SystemConfig: Reading permissions from /product/etc/sysconfig/preinstalled-packages-platform-overlays.xml
06-13 19:04:08.204 518 518 I BootAnimation: type=1400 audit(0.0:290): avc: denied { search } for name="data" dev="mmcblk0p25" ino=87 scontext=u:r:bootanim:s0 tcontext=u:object_r:system_data_file:s0:c512,c768 tclass=dir permissive=1
06-13 19:04:08.211 479 528 I SystemConfig: Reading permissions from /product/etc/permissions/com.android.tv.xml
06-13 19:04:08.214 187 187 I hwservicemanager: getTransport: Cannot find entry android.hardware.configstore@1.0::ISurfaceFlingerConfigs/default in either framework or device VINTF manifest.
06-13 19:04:08.214 479 528 I SystemConfig: Reading permissions from /product/etc/permissions/com.android.settings.intelligence.xml
06-13 19:04:08.219 479 479 I SystemServiceManager: Starting com.android.server.am.ActivityManagerService$Lifecycle
06-13 19:04:08.222 479 528 W SystemConfig: No directory /system_ext/etc/sysconfig, skipping
06-13 19:04:08.225 479 528 I SystemConfig: Reading permissions from /system_ext/etc/permissions/com.android.carrierconfig.xml
06-13 19:04:08.229 479 528 I SystemConfig: Reading permissions from /system_ext/etc/permissions/com.android.provision.xml
06-13 19:04:08.231 479 528 I SystemConfig: Reading permissions from /system_ext/etc/permissions/com.android.systemui.xml
06-13 19:04:08.235 479 528 I SystemConfig: Reading permissions from /system_ext/etc/permissions/com.softwinner.screenshot.xml
06-13 19:04:08.239 479 528 I SystemConfig: Reading permissions from /system_ext/etc/permissions/provision-permissions.xml
06-13 19:04:08.241 479 479 I ActivityManager: Memory class: 256
06-13 19:04:08.243 479 528 I SystemConfig: Reading permissions from /system_ext/etc/permissions/com.android.storagemanager.xml
06-13 19:04:08.245 479 528 I SystemConfig: Reading permissions from /system_ext/etc/permissions/com.android.tv.settings.xml
06-13 19:04:08.250 479 528 I SystemConfig: Reading permissions from /system_ext/etc/permissions/privapp-settingssetup.xml
06-13 19:04:08.251 518 531 D BootAnimation: BootAnimationShownTiming start time: 10184ms
06-13 19:04:08.257 479 528 I SystemConfig: Reading permissions from /apex/com.android.ipsec/etc/permissions/android.net.ipsec.ike.xml
06-13 19:04:08.261 479 542 I Binder : Setting heavy hitter watcher config: false, 0, 0.0
06-13 19:04:08.268 479 528 W SystemConfig: Failed to read public libraries file /vendor/etc/public.libraries.txt
06-13 19:04:08.268 479 528 W SystemConfig: java.io.FileNotFoundException: /vendor/etc/public.libraries.txt: open failed: ENOENT (No such file or directory)
06-13 19:04:08.268 479 528 W SystemConfig: at libcore.io.IoBridge.open(IoBridge.java:575)
06-13 19:04:08.268 479 528 W SystemConfig: at java.io.FileInputStream.(FileInputStream.java:160)
06-13 19:04:08.268 479 528 W SystemConfig: at java.io.FileReader.(FileReader.java:72)
06-13 19:04:08.268 479 528 W SystemConfig: at com.android.server.SystemConfig.readPublicLibrariesListFile(SystemConfig.java:1601)
06-13 19:04:08.268 479 528 W SystemConfig: at com.android.server.SystemConfig.readPublicNativeLibrariesList(SystemConfig.java:1583)
06-13 19:04:08.268 479 528 W SystemConfig: at com.android.server.SystemConfig.(SystemConfig.java:484)
06-13 19:04:08.268 479 528 W SystemConfig: at com.android.server.SystemConfig.getInstance(SystemConfig.java:272)
06-13 19:04:08.268 479 528 W SystemConfig: at com.android.server.SystemServer$$ExternalSyntheticLambda7.run(Unknown Source:0)
06-13 19:04:08.268 479 528 W SystemConfig: at com.android.server.SystemServerInitThreadPool.lambda$submitTask$0$SystemServerInitThreadPool(SystemServerInitThreadPool.java:105)
06-13 19:04:08.268 479 528 W SystemConfig: at com.android.server.SystemServerInitThreadPool$$ExternalSyntheticLambda0.run(Unknown Source:6)
06-13 19:04:08.268 479 528 W SystemConfig: at java.util.concurrent.Executors$RunnableAdapter.call(Executors.java:462)
06-13 19:04:08.268 479 528 W SystemConfig: at java.util.concurrent.FutureTask.run(FutureTask.java:266)
06-13 19:04:08.268 479 528 W SystemConfig: at java.util.concurrent.ThreadPoolExecutor.runWorker(ThreadPoolExecutor.java:1167)
06-13 19:04:08.268 479 528 W SystemConfig: at java.util.concurrent.ThreadPoolExecutor$Worker.run(ThreadPoolExecutor.java:641)
06-13 19:04:08.268 479 528 W SystemConfig: at com.android.internal.util.ConcurrentUtils$1$1.run(ConcurrentUtils.java:65)
06-13 19:04:08.268 479 528 W SystemConfig: Caused by: android.system.ErrnoException: open failed: ENOENT (No such file or directory)
06-13 19:04:08.268 479 528 W SystemConfig: at libcore.io.Linux.open(Native Method)
06-13 19:04:08.268 479 528 W SystemConfig: at libcore.io.ForwardingOs.open(ForwardingOs.java:567)
06-13 19:04:08.268 479 528 W SystemConfig: at libcore.io.BlockGuardOs.open(BlockGuardOs.java:273)
06-13 19:04:08.268 479 528 W SystemConfig: at libcore.io.IoBridge.open(IoBridge.java:561)
06-13 19:04:08.268 479 528 W SystemConfig: ... 14 more
06-13 19:04:08.269 479 528 D SystemServerInitThreadPool: Finished executing ReadingSystemConfig
06-13 19:04:08.293 479 510 W Zygote : Class not found for preloading: android.view.SurfaceView$2
06-13 19:04:08.321 187 187 I hwservicemanager: getTransport: Cannot find entry android.hardware.graphics.mapper@4.0::IMapper/default in either framework or device VINTF manifest.
06-13 19:04:08.321 518 531 I Gralloc4: mapper 4.x is not supported
06-13 19:04:08.321 187 187 I hwservicemanager: getTransport: Cannot find entry android.hardware.graphics.mapper@3.0::IMapper/default in either framework or device VINTF manifest.
06-13 19:04:08.321 518 531 W Gralloc3: mapper 3.x is not supported
06-13 19:04:08.327 479 479 D BatteryStatsImpl: Reading daily items from /data/system/batterystats-daily.xml
06-13 19:04:08.329 518 531 E gralloc : Arm Module v1.0
06-13 19:04:08.331 187 187 I hwservicemanager: getTransport: Cannot find entry android.hardware.graphics.allocator@4.0::IAllocator/default in either framework or device VINTF manifest.
06-13 19:04:08.331 518 531 W Gralloc4: allocator 4.x is not supported
06-13 19:04:08.331 187 187 I hwservicemanager: getTransport: Cannot find entry android.hardware.graphics.allocator@3.0::IAllocator/default in either framework or device VINTF manifest.
06-13 19:04:08.331 518 531 W Gralloc3: allocator 3.x is not supported
06-13 19:04:08.336 263 317 I gralloc : alloc buffer:W:1920 H:1080 S:1920 PL[1920 1080] SZ:8294400 fmt:43 if:0 af:43 usg:20000b00 fg:00000004
06-13 19:04:08.337 518 531 E ion : ioctl c0044901 failed with code -1: Inappropriate ioctl for device
06-13 19:04:08.344 187 187 I hwservicemanager: getTransport: Cannot find entry android.hardware.power.stats@1.0::IPowerStats/default in either framework or device VINTF manifest.
06-13 19:04:08.344 479 549 E BatteryStatsService: Unable to load Power.Stats.HAL. Setting rail availability to false
06-13 19:04:08.345 479 549 E BluetoothAdapter: Bluetooth binder is null
06-13 19:04:08.346 479 549 I KernelCpuUidFreqTimeReader: mPerClusterTimesAvailable=false
06-13 19:04:08.349 479 549 W KernelCpuUidFreqTimeBpfMapReader: Failed to start tracking
06-13 19:04:08.350 479 549 W KernelCpuProcStringReader: File not found. It's normal if not implemented: /proc/uid_time_in_state
06-13 19:04:08.351 479 549 W KernelCpuUidActiveTimeBpfMapReader: Failed to start tracking
06-13 19:04:08.351 479 549 W KernelCpuProcStringReader: File not found. It's normal if not implemented: /proc/uid_concurrent_active_time
06-13 19:04:08.352 479 549 W KernelCpuUidClusterTimeBpfMapReader: Failed to start tracking
06-13 19:04:08.352 479 549 W KernelCpuProcStringReader: File not found. It's normal if not implemented: /proc/uid_concurrent_policy_time
06-13 19:04:08.353 479 549 E KernelCpuSpeedReader: Failed to read cpu-freq: /sys/devices/system/cpu/cpu0/cpufreq/stats/time_in_state: open failed: ENOENT (No such file or directory)
06-13 19:04:08.353 479 549 E system_server: Cannot read thread CPU times for PID 479
06-13 19:04:08.352 209 209 I Binder:209_2: type=1400 audit(0.0:291): avc: denied { read } for name="event_count" dev="sysfs" ino=22115 scontext=u:r:system_suspend:s0 tcontext=u:object_r:sysfs:s0 tclass=file permissive=1
06-13 19:04:08.352 209 209 I Binder:209_2: type=1400 audit(0.0:292): avc: denied { open } for path="/sys/devices/platform/soc@3000000/7040000.s_cir/wakeup/wakeup4/event_count" dev="sysfs" ino=22115 scontext=u:r:system_suspend:s0 tcontext=u:object_r:sysfs:s0 tclass=file permissive=1
06-13 19:04:08.352 209 209 I Binder:209_2: type=1400 audit(0.0:293): avc: denied { getattr } for path="/sys/devices/platform/soc@3000000/7040000.s_cir/wakeup/wakeup4/event_count" dev="sysfs" ino=22115 scontext=u:r:system_suspend:s0 tcontext=u:object_r:sysfs:s0 tclass=file permissive=1
06-13 19:04:08.370 479 549 W KernelMemoryBandwidthStats: No kernel memory bandwidth stats available
06-13 19:04:08.380 276 276 I SurfaceFlinger: Enter boot animation
06-13 19:04:08.382 265 265 E ion : ioctl c0044901 failed with code -1: Inappropriate ioctl for device
06-13 19:04:08.390 367 367 I : DVI mode selected: packets not configured
06-13 19:04:08.390 367 367 I : Error: set vsif failed
06-13 19:04:08.438 263 317 I gralloc : alloc buffer:W:1920 H:1080 S:1920 PL[1920 1080] SZ:8294400 fmt:43 if:0 af:43 usg:20000b00 fg:00000004
06-13 19:04:08.454 367 367 I : DVI mode selected: packets not configured
06-13 19:04:08.454 367 367 I : Error: set vsif failed
06-13 19:04:08.520 367 367 I : DVI mode selected: packets not configured
06-13 19:04:08.520 367 367 I : Error: set vsif failed
06-13 19:04:08.555 479 510 I Zygote : ...preloaded 7337 classes in 1010ms.
06-13 19:04:08.556 479 509 I Zygote : Called ZygoteHooks.endPreload()
06-13 19:04:08.557 479 509 I Zygote : Installed AndroidKeyStoreProvider in 1ms.
06-13 19:04:08.570 367 367 I : DVI mode selected: packets not configured
06-13 19:04:08.570 367 367 I : Error: set vsif failed
06-13 19:04:08.568 479 479 I IntentFirewall: Read new rules (A:0 B:0 S:0)
06-13 19:04:08.579 479 509 I Zygote : Warmed up JCA providers in 22ms.
06-13 19:04:08.579 479 509 D Zygote : Zygote:ThreadPreadloadClass took 1036ms.
06-13 19:04:08.585 479 479 E libprocessgroup: Failed to open /dev/memcg/apps: Permission denied
06-13 19:04:08.588 479 479 D AppOps : AppOpsService published
06-13 19:04:08.590 479 479 I SystemServerTiming: StartDataLoaderManagerService
06-13 19:04:08.590 479 479 I SystemServiceManager: Starting com.android.server.pm.DataLoaderManagerService
06-13 19:04:08.593 479 479 I SystemServerTiming: StartIncrementalService
06-13 19:04:08.597 479 479 I incfs-mounts: [incfs] Loaded incremental-fs mount info: 0 instances, 0 mount points
06-13 19:04:08.599 479 479 I SystemServerTiming: StartPowerManager
06-13 19:04:08.599 479 479 I SystemServiceManager: Starting com.android.server.power.PowerManagerService
06-13 19:04:08.612 186 186 I servicemanager: Found android.hardware.power.IPower/default in device VINTF manifest.
06-13 19:04:08.619 187 187 I hw-BpHwBinder: onLastStrongRef automatically unlinking death recipients
06-13 19:04:08.622 268 268 I AW_PowerHAL: Power setMode: INTERACTIVE to: 1
06-13 19:04:08.622 268 268 I AW_PowerHAL: not completed yet, ignore mode request other
06-13 19:04:08.622 268 268 I AW_PowerHAL: check: Mode 0 not Supported ,do nothing
06-13 19:04:08.625 479 479 I SystemServerTiming: StartThermalManager
06-13 19:04:08.625 479 479 I SystemServiceManager: Starting com.android.server.power.ThermalManagerService
06-13 19:04:08.627 479 479 I SystemServerTiming: StartHintManager
06-13 19:04:08.627 479 479 I SystemServiceManager: Starting com.android.server.power.hint.HintManagerService
06-13 19:04:08.629 479 479 E PowerHalController: getHintSessionPreferredRate failed: Status(-129, EX_TRANSACTION_FAILED): 'UNKNOWN_TRANSACTION: '
06-13 19:04:08.636 367 367 I : DVI mode selected: packets not configured
06-13 19:04:08.636 367 367 I : Error: set vsif failed
06-13 19:04:08.631 479 479 I SystemServerTiming: InitPowerManagement
06-13 19:04:08.633 479 479 I SystemServerTiming: StartRecoverySystemService
06-13 19:04:08.633 479 479 I SystemServiceManager: Starting com.android.server.recoverysystem.RecoverySystemService$Lifecycle
06-13 19:04:08.637 479 479 I PackageWatchdog: Syncing state, reason: added new observer
06-13 19:04:08.637 479 479 I PackageWatchdog: Not pruning observers, elapsed time: 0ms
06-13 19:04:08.637 479 479 I PackageWatchdog: Cancelling state sync, nothing to sync
06-13 19:04:08.637 479 534 I PackageWatchdog: Saving observer state to file
06-13 19:04:08.639 479 479 I SystemServerTiming: StartLightsService
06-13 19:04:08.639 479 479 I SystemServiceManager: Starting com.android.server.lights.LightsService
06-13 19:04:08.642 186 186 I servicemanager: Found android.hardware.light.ILights/default in device VINTF manifest.
06-13 19:04:08.644 267 267 I android.hardware.lights-service: Lights reporting supported lights size=1
06-13 19:04:08.646 479 479 I SystemServerTiming: StartSidekickService
06-13 19:04:08.646 479 479 I SystemServerTiming: StartDisplayManager
06-13 19:04:08.646 479 479 I SystemServiceManager: Starting com.android.server.display.DisplayManagerService
06-13 19:04:08.665 276 532 E HWComposer: getSupportedContentTypes: getSupportedContentTypes failed for display 0: Unsupported (8)
06-13 19:04:08.666 479 479 I SystemServerTiming: WaitForDisplay
06-13 19:04:08.666 479 479 I SystemServiceManager: Starting phase 100
06-13 19:04:08.666 479 479 I SystemServerTiming: OnBootPhase_100
06-13 19:04:08.679 479 524 I DisplayDeviceRepository: Display device added: DisplayDeviceInfo{"内置屏幕": uniqueId="local:0", 1920 x 1080, modeId 1, defaultModeId 1, supportedModes [{id=1, width=1920, height=1080, fps=60.000004, alternativeRefreshRates=[]}], colorMode 0, supportedColorModes [0], hdrCapabilities HdrCapabilities{mSupportedHdrTypes=[2, 3], mMaxLuminance=500.0, mMaxAverageLuminance=500.0, mMinLuminance=0.0}, allmSupported false, gameContentTypeSupported false, density 240, 0.16 x 0.16 dpi, appVsyncOff 1000000, presDeadline 16666666, touch INTERNAL, rotation 0, type INTERNAL, address {port=0}, deviceProductInfo null, state UNKNOWN, frameRateOverride , brightnessMinimum 0.0, brightnessMaximum 1.0, brightnessDefault 0.39763778, FLAG_DEFAULT_DISPLAY, FLAG_ROTATES_WITH_CONTENT, FLAG_SECURE, FLAG_SUPPORTS_PROTECTED_BUFFERS}
06-13 19:04:08.682 479 524 I LogicalDisplayMapper: Applying layout: [{addr: {port=0}, dispId: 0(ON)}], Previous layout: null
06-13 19:04:08.686 367 367 I : DVI mode selected: packets not configured
06-13 19:04:08.686 367 367 I : Error: set vsif failed
06-13 19:04:08.685 479 524 I LogicalDisplayMapper: Adding new display: 0: DisplayInfo{"内置屏幕", displayId 0", displayGroupId -1, FLAG_SECURE, FLAG_SUPPORTS_PROTECTED_BUFFERS, FLAG_TRUSTED, real 1920 x 1080, largest app 1920 x 1080, smallest app 1920 x 1080, appVsyncOff 1000000, presDeadline 16666666, mode 1, defaultMode 1, modes [{id=1, width=1920, height=1080, fps=60.000004, alternativeRefreshRates=[]}], hdrCapabilities HdrCapabilities{mSupportedHdrTypes=[2, 3], mMaxLuminance=500.0, mMaxAverageLuminance=500.0, mMinLuminance=0.0}, userDisabledHdrTypes [], minimalPostProcessingSupported false, rotation 0, state UNKNOWN, type INTERNAL, uniqueId "local:0", app 1920 x 1080, density 240 (0.16 x 0.16) dpi, layerStack 0, colorMode 0, supportedColorModes [0], address {port=0}, deviceProductInfo null, removeMode 0, refreshRateOverride 0.0, brightnessMinimum 0.0, brightnessMaximum 1.0, brightnessDefault 0.39763778}
06-13 19:04:08.685 479 524 I LogicalDisplayMapper: Setting new display group 0 for display 0, from previous group: null
06-13 19:04:08.687 479 479 I SystemServerTiming: StartDomainVerificationService
06-13 19:04:08.710 479 479 I SystemServerTiming: StartPackageManagerService
06-13 19:04:08.711 479 479 I Watchdog: Pausing HandlerChecker: main thread for reason: packagemanagermain. Pause count: 1
06-13 19:04:08.721 479 479 I PackageManagerTiming: create package manager
06-13 19:04:08.732 479 479 E PackageManager: /oem/delete.txt not exist
06-13 19:04:08.732 479 479 I PackageManagerTiming: createSubComponents
06-13 19:04:08.740 367 367 I : DVI mode selected: packets not configured
06-13 19:04:08.740 367 367 I : Error: set vsif failed
06-13 19:04:08.772 479 479 I PackageManagerTiming: addSharedUsers
06-13 19:04:08.777 479 479 I PackageManagerTiming: get system config
06-13 19:04:08.781 479 479 D PackageManager: Directories scanned as system partitions: [/system:0, /vendor:524288, /odm:4194304, /oem:262144, /product:1048576, /system/system_ext:2097152, /apex/com.android.wifi:8388608, /apex/com.android.vndk.v31:8388608, /apex/com.android.tzdata:8388608, /apex/com.android.tethering:8388608, /apex/com.android.sdkext:8388608, /apex/com.android.scheduling:8388608, /apex/com.android.runtime:8388608, /apex/com.android.resolv:8388608, /apex/com.android.permission:8388608, /apex/com.android.os.statsd:8388608, /apex/com.android.neuralnetworks:8388608, /apex/com.android.mediaprovider:8388608, /apex/com.android.media.swcodec:8388608, /apex/com.android.media:8388608, /apex/com.android.ipsec:8388608, /apex/com.android.i18n:8388608, /apex/com.android.extservices:8388608, /apex/com.android.conscrypt:8388608, /apex/com.android.art:8388608, /apex/com.android.appsearch:8388608, /apex/com.android.adbd:8388608]
06-13 19:04:08.786 479 479 D SELinuxMMAC: Using policy file /system/etc/selinux/plat_mac_permissions.xml
06-13 19:04:08.789 479 479 D SELinuxMMAC: Using policy file /system_ext/etc/selinux/system_ext_mac_permissions.xml
06-13 19:04:08.791 479 479 D SELinuxMMAC: Using policy file /vendor/etc/selinux/vendor_mac_permissions.xml
06-13 19:04:08.792 479 479 I PackageManagerTiming: loadFallbacks
06-13 19:04:08.796 479 479 D FallbackCategoryProvider: Found 1 fallback categories
06-13 19:04:08.796 479 479 I PackageManagerTiming: read user settings
06-13 19:04:08.803 367 367 I : DVI mode selected: packets not configured
06-13 19:04:08.803 367 367 I : Error: set vsif failed
06-13 19:04:08.853 367 367 I : DVI mode selected: packets not configured
06-13 19:04:08.853 367 367 I : Error: set vsif failed
06-13 19:04:08.919 367 367 I : DVI mode selected: packets not configured
06-13 19:04:08.919 367 367 I : Error: set vsif failed
06-13 19:04:08.916 479 520 D SystemServerInitThreadPool: Finished executing loadPreinstalledSystemFontMap
06-13 19:04:08.993 479 479 W android.permission.PermissionManager: Missing ActivityManager; assuming 1000 holds android.permission.SET_PREFERRED_APPLICATIONS
06-13 19:04:08.995 479 479 W android.permission.PermissionManager: Missing ActivityManager; assuming 1000 holds android.permission.SET_PREFERRED_APPLICATIONS
06-13 19:04:08.995 479 479 W android.permission.PermissionManager: Missing ActivityManager; assuming 1000 holds android.permission.SET_PREFERRED_APPLICATIONS
06-13 19:04:08.995 479 479 W android.permission.PermissionManager: Missing ActivityManager; assuming 1000 holds android.permission.SET_PREFERRED_APPLICATIONS
06-13 19:04:08.995 479 479 W android.permission.PermissionManager: Missing ActivityManager; assuming 1000 holds android.permission.SET_PREFERRED_APPLICATIONS
06-13 19:04:08.996 479 479 W android.permission.PermissionManager: Missing ActivityManager; assuming 1000 holds android.permission.SET_PREFERRED_APPLICATIONS
06-13 19:04:08.996 479 479 W android.permission.PermissionManager: Missing ActivityManager; assuming 1000 holds android.permission.SET_PREFERRED_APPLICATIONS
06-13 19:04:08.996 479 479 W android.permission.PermissionManager: Missing ActivityManager; assuming 1000 holds android.permission.SET_PREFERRED_APPLICATIONS
06-13 19:04:08.997 479 479 W android.permission.PermissionManager: Missing ActivityManager; assuming 1000 holds android.permission.SET_PREFERRED_APPLICATIONS
06-13 19:04:08.998 479 479 W android.permission.PermissionManager: Missing ActivityManager; assuming 1000 holds android.permission.SET_PREFERRED_APPLICATIONS
06-13 19:04:09.000 479 479 W android.permission.PermissionManager: Missing ActivityManager; assuming 1000 holds android.permission.SET_PREFERRED_APPLICATIONS
06-13 19:04:09.001 479 479 W android.permission.PermissionManager: Missing ActivityManager; assuming 1000 holds android.permission.SET_PREFERRED_APPLICATIONS
06-13 19:04:09.003 479 479 W android.permission.PermissionManager: Missing ActivityManager; assuming 1000 holds android.permission.SET_PREFERRED_APPLICATIONS
06-13 19:04:09.005 479 479 W android.permission.PermissionManager: Missing ActivityManager; assuming 1000 holds android.permission.SET_PREFERRED_APPLICATIONS
06-13 19:04:09.006 479 479 W android.permission.PermissionManager: Missing ActivityManager; assuming 1000 holds android.permission.SET_PREFERRED_APPLICATIONS
06-13 19:04:09.008 479 479 W android.permission.PermissionManager: Missing ActivityManager; assuming 1000 holds android.permission.SET_PREFERRED_APPLICATIONS
06-13 19:04:09.009 479 479 W android.permission.PermissionManager: Missing ActivityManager; assuming 1000 holds android.permission.SET_PREFERRED_APPLICATIONS
06-13 19:04:09.009 479 479 W android.permission.PermissionManager: Missing ActivityManager; assuming 1000 holds android.permission.SET_PREFERRED_APPLICATIONS
06-13 19:04:09.009 479 479 W android.permission.PermissionManager: Missing ActivityManager; assuming 1000 holds android.permission.SET_PREFERRED_APPLICATIONS
06-13 19:04:09.010 479 479 W android.permission.PermissionManager: Missing ActivityManager; assuming 1000 holds android.permission.SET_PREFERRED_APPLICATIONS
06-13 19:04:09.010 479 479 W android.permission.PermissionManager: Missing ActivityManager; assuming 1000 holds android.permission.SET_PREFERRED_APPLICATIONS
06-13 19:04:09.010 479 479 W android.permission.PermissionManager: Missing ActivityManager; assuming 1000 holds android.permission.SET_PREFERRED_APPLICATIONS
06-13 19:04:09.010 479 479 W android.permission.PermissionManager: Missing ActivityManager; assuming 1000 holds android.permission.SET_PREFERRED_APPLICATIONS
06-13 19:04:09.011 479 479 W android.permission.PermissionManager: Missing ActivityManager; assuming 1000 holds android.permission.SET_PREFERRED_APPLICATIONS
06-13 19:04:09.011 479 479 W android.permission.PermissionManager: Missing ActivityManager; assuming 1000 holds android.permission.SET_PREFERRED_APPLICATIONS
06-13 19:04:09.011 479 479 W android.permission.PermissionManager: Missing ActivityManager; assuming 1000 holds android.permission.SET_PREFERRED_APPLICATIONS
06-13 19:04:09.011 479 479 W android.permission.PermissionManager: Missing ActivityManager; assuming 1000 holds android.permission.SET_PREFERRED_APPLICATIONS
06-13 19:04:09.012 479 479 W android.permission.PermissionManager: Missing ActivityManager; assuming 1000 holds android.permission.SET_PREFERRED_APPLICATIONS
06-13 19:04:09.012 479 479 W android.permission.PermissionManager: Missing ActivityManager; assuming 1000 holds android.permission.SET_PREFERRED_APPLICATIONS
06-13 19:04:09.012 479 479 W android.permission.PermissionManager: Missing ActivityManager; assuming 1000 holds android.permission.SET_PREFERRED_APPLICATIONS
06-13 19:04:09.012 479 479 W android.permission.PermissionManager: Missing ActivityManager; assuming 1000 holds android.permission.SET_PREFERRED_APPLICATIONS
06-13 19:04:09.012 479 479 W android.permission.PermissionManager: Missing ActivityManager; assuming 1000 holds android.permission.SET_PREFERRED_APPLICATIONS
06-13 19:04:09.013 479 479 W android.permission.PermissionManager: Missing ActivityManager; assuming 1000 holds android.permission.SET_PREFERRED_APPLICATIONS
06-13 19:04:09.013 479 479 W android.permission.PermissionManager: Missing ActivityManager; assuming 1000 holds android.permission.SET_PREFERRED_APPLICATIONS
06-13 19:04:09.013 479 479 W android.permission.PermissionManager: Missing ActivityManager; assuming 1000 holds android.permission.SET_PREFERRED_APPLICATIONS
06-13 19:04:09.013 479 479 W android.permission.PermissionManager: Missing ActivityManager; assuming 1000 holds android.permission.SET_PREFERRED_APPLICATIONS
06-13 19:04:09.014 479 479 W android.permission.PermissionManager: Missing ActivityManager; assuming 1000 holds android.permission.SET_PREFERRED_APPLICATIONS
06-13 19:04:09.014 479 479 W android.permission.PermissionManager: Missing ActivityManager; assuming 1000 holds android.permission.SET_PREFERRED_APPLICATIONS
06-13 19:04:09.014 479 479 W android.permission.PermissionManager: Missing ActivityManager; assuming 1000 holds android.permission.SET_PREFERRED_APPLICATIONS
06-13 19:04:09.014 479 479 W android.permission.PermissionManager: Missing ActivityManager; assuming 1000 holds android.permission.SET_PREFERRED_APPLICATIONS
06-13 19:04:09.015 479 479 W android.permission.PermissionManager: Missing ActivityManager; assuming 1000 holds android.permission.SET_PREFERRED_APPLICATIONS
06-13 19:04:09.015 479 479 W android.permission.PermissionManager: Missing ActivityManager; assuming 1000 holds android.permission.SET_PREFERRED_APPLICATIONS
06-13 19:04:09.015 479 479 W android.permission.PermissionManager: Missing ActivityManager; assuming 1000 holds android.permission.SET_PREFERRED_APPLICATIONS
06-13 19:04:09.016 479 479 W android.permission.PermissionManager: Missing ActivityManager; assuming 1000 holds android.permission.SET_PREFERRED_APPLICATIONS
06-13 19:04:09.016 479 479 W android.permission.PermissionManager: Missing ActivityManager; assuming 1000 holds android.permission.SET_PREFERRED_APPLICATIONS
06-13 19:04:09.016 479 479 W android.permission.PermissionManager: Missing ActivityManager; assuming 1000 holds android.permission.SET_PREFERRED_APPLICATIONS
06-13 19:04:09.016 479 479 W android.permission.PermissionManager: Missing ActivityManager; assuming 1000 holds android.permission.SET_PREFERRED_APPLICATIONS
06-13 19:04:09.017 479 479 W android.permission.PermissionManager: Missing ActivityManager; assuming 1000 holds android.permission.SET_PREFERRED_APPLICATIONS
06-13 19:04:09.017 479 479 W android.permission.PermissionManager: Missing ActivityManager; assuming 1000 holds android.permission.SET_PREFERRED_APPLICATIONS
06-13 19:04:09.017 479 479 W android.permission.PermissionManager: Missing ActivityManager; assuming 1000 holds android.permission.SET_PREFERRED_APPLICATIONS
06-13 19:04:09.017 479 479 W android.permission.PermissionManager: Missing ActivityManager; assuming 1000 holds android.permission.SET_PREFERRED_APPLICATIONS
06-13 19:04:09.017 479 479 W android.permission.PermissionManager: Missing ActivityManager; assuming 1000 holds android.permission.SET_PREFERRED_APPLICATIONS
06-13 19:04:09.018 479 479 W android.permission.PermissionManager: Missing ActivityManager; assuming 1000 holds android.permission.SET_PREFERRED_APPLICATIONS
06-13 19:04:09.018 479 479 W android.permission.PermissionManager: Missing ActivityManager; assuming 1000 holds android.permission.SET_PREFERRED_APPLICATIONS
06-13 19:04:09.018 479 479 W android.permission.PermissionManager: Missing ActivityManager; assuming 1000 holds android.permission.SET_PREFERRED_APPLICATIONS
06-13 19:04:09.019 479 479 W android.permission.PermissionManager: Missing ActivityManager; assuming 1000 holds android.permission.SET_PREFERRED_APPLICATIONS
06-13 19:04:09.019 479 479 W android.permission.PermissionManager: Missing ActivityManager; assuming 1000 holds android.permission.SET_PREFERRED_APPLICATIONS
06-13 19:04:09.019 479 479 W android.permission.PermissionManager: Missing ActivityManager; assuming 1000 holds android.permission.SET_PREFERRED_APPLICATIONS
06-13 19:04:09.019 479 479 W android.permission.PermissionManager: Missing ActivityManager; assuming 1000 holds android.permission.SET_PREFERRED_APPLICATIONS
06-13 19:04:09.020 479 479 W android.permission.PermissionManager: Missing ActivityManager; assuming 1000 holds android.permission.SET_PREFERRED_APPLICATIONS
06-13 19:04:09.020 479 479 W android.permission.PermissionManager: Missing ActivityManager; assuming 1000 holds android.permission.SET_PREFERRED_APPLICATIONS
06-13 19:04:09.020 479 479 W android.permission.PermissionManager: Missing ActivityManager; assuming 1000 holds android.permission.SET_PREFERRED_APPLICATIONS
06-13 19:04:09.020 479 479 W android.permission.PermissionManager: Missing ActivityManager; assuming 1000 holds android.permission.SET_PREFERRED_APPLICATIONS
06-13 19:04:09.021 479 479 W android.permission.PermissionManager: Missing ActivityManager; assuming 1000 holds android.permission.SET_PREFERRED_APPLICATIONS
06-13 19:04:09.021 479 479 W android.permission.PermissionManager: Missing ActivityManager; assuming 1000 holds android.permission.SET_PREFERRED_APPLICATIONS
06-13 19:04:09.021 479 479 W android.permission.PermissionManager: Missing ActivityManager; assuming 1000 holds android.permission.SET_PREFERRED_APPLICATIONS
06-13 19:04:09.021 479 479 W android.permission.PermissionManager: Missing ActivityManager; assuming 1000 holds android.permission.SET_PREFERRED_APPLICATIONS
06-13 19:04:09.022 479 479 W android.permission.PermissionManager: Missing ActivityManager; assuming 1000 holds android.permission.SET_PREFERRED_APPLICATIONS
06-13 19:04:09.022 479 479 W android.permission.PermissionManager: Missing ActivityManager; assuming 1000 holds android.permission.SET_PREFERRED_APPLICATIONS
06-13 19:04:09.022 479 479 W android.permission.PermissionManager: Missing ActivityManager; assuming 1000 holds android.permission.SET_PREFERRED_APPLICATIONS
06-13 19:04:09.022 479 479 W android.permission.PermissionManager: Missing ActivityManager; assuming 1000 holds android.permission.SET_PREFERRED_APPLICATIONS
06-13 19:04:09.023 479 479 W android.permission.PermissionManager: Missing ActivityManager; assuming 1000 holds android.permission.SET_PREFERRED_APPLICATIONS
06-13 19:04:09.023 479 479 W android.permission.PermissionManager: Missing ActivityManager; assuming 1000 holds android.permission.SET_PREFERRED_APPLICATIONS
06-13 19:04:09.023 479 479 W android.permission.PermissionManager: Missing ActivityManager; assuming 1000 holds android.permission.SET_PREFERRED_APPLICATIONS
06-13 19:04:09.023 479 479 W android.permission.PermissionManager: Missing ActivityManager; assuming 1000 holds android.permission.SET_PREFERRED_APPLICATIONS
06-13 19:04:09.023 479 479 W android.permission.PermissionManager: Missing ActivityManager; assuming 1000 holds android.permission.SET_PREFERRED_APPLICATIONS
06-13 19:04:09.024 479 479 W android.permission.PermissionManager: Missing ActivityManager; assuming 1000 holds android.permission.SET_PREFERRED_APPLICATIONS
06-13 19:04:09.024 479 479 W android.permission.PermissionManager: Missing ActivityManager; assuming 1000 holds android.permission.SET_PREFERRED_APPLICATIONS
06-13 19:04:09.024 479 479 W android.permission.PermissionManager: Missing ActivityManager; assuming 1000 holds android.permission.SET_PREFERRED_APPLICATIONS
06-13 19:04:09.024 479 479 W android.permission.PermissionManager: Missing ActivityManager; assuming 1000 holds android.permission.SET_PREFERRED_APPLICATIONS
06-13 19:04:09.025 479 479 W android.permission.PermissionManager: Missing ActivityManager; assuming 1000 holds android.permission.SET_PREFERRED_APPLICATIONS
06-13 19:04:09.025 479 479 W android.permission.PermissionManager: Missing ActivityManager; assuming 1000 holds android.permission.SET_PREFERRED_APPLICATIONS
06-13 19:04:09.025 479 479 W android.permission.PermissionManager: Missing ActivityManager; assuming 1000 holds android.permission.SET_PREFERRED_APPLICATIONS
06-13 19:04:09.025 479 479 W android.permission.PermissionManager: Missing ActivityManager; assuming 1000 holds android.permission.SET_PREFERRED_APPLICATIONS
06-13 19:04:09.026 479 479 W android.permission.PermissionManager: Missing ActivityManager; assuming 1000 holds android.permission.SET_PREFERRED_APPLICATIONS
06-13 19:04:09.026 479 479 W android.permission.PermissionManager: Missing ActivityManager; assuming 1000 holds android.permission.SET_PREFERRED_APPLICATIONS
06-13 19:04:09.026 479 479 W android.permission.PermissionManager: Missing ActivityManager; assuming 1000 holds android.permission.SET_PREFERRED_APPLICATIONS
06-13 19:04:09.026 479 479 W android.permission.PermissionManager: Missing ActivityManager; assuming 1000 holds android.permission.SET_PREFERRED_APPLICATIONS
06-13 19:04:09.027 479 479 W android.permission.PermissionManager: Missing ActivityManager; assuming 1000 holds android.permission.SET_PREFERRED_APPLICATIONS
06-13 19:04:09.027 479 479 W android.permission.PermissionManager: Missing ActivityManager; assuming 1000 holds android.permission.SET_PREFERRED_APPLICATIONS
06-13 19:04:09.027 479 479 W android.permission.PermissionManager: Missing ActivityManager; assuming 1000 holds android.permission.SET_PREFERRED_APPLICATIONS
06-13 19:04:09.027 479 479 W android.permission.PermissionManager: Missing ActivityManager; assuming 1000 holds android.permission.SET_PREFERRED_APPLICATIONS
06-13 19:04:09.028 479 479 W android.permission.PermissionManager: Missing ActivityManager; assuming 1000 holds android.permission.SET_PREFERRED_APPLICATIONS
06-13 19:04:09.028 479 479 W android.permission.PermissionManager: Missing ActivityManager; assuming 1000 holds android.permission.SET_PREFERRED_APPLICATIONS
06-13 19:04:09.029 479 479 W android.permission.PermissionManager: Missing ActivityManager; assuming 1000 holds android.permission.SET_PREFERRED_APPLICATIONS
06-13 19:04:09.031 479 479 W android.permission.PermissionManager: Missing ActivityManager; assuming 1000 holds android.permission.SET_PREFERRED_APPLICATIONS
06-13 19:04:09.031 479 479 W android.permission.PermissionManager: Missing ActivityManager; assuming 1000 holds android.permission.SET_PREFERRED_APPLICATIONS
06-13 19:04:09.032 479 479 W android.permission.PermissionManager: Missing ActivityManager; assuming 1000 holds android.permission.SET_PREFERRED_APPLICATIONS
06-13 19:04:09.032 479 479 W android.permission.PermissionManager: Missing ActivityManager; assuming 1000 holds android.permission.SET_PREFERRED_APPLICATIONS
06-13 19:04:09.032 479 479 W android.permission.PermissionManager: Missing ActivityManager; assuming 1000 holds android.permission.SET_PREFERRED_APPLICATIONS
06-13 19:04:09.033 479 479 W android.permission.PermissionManager: Missing ActivityManager; assuming 1000 holds android.permission.SET_PREFERRED_APPLICATIONS
06-13 19:04:09.033 479 479 W android.permission.PermissionManager: Missing ActivityManager; assuming 1000 holds android.permission.SET_PREFERRED_APPLICATIONS
06-13 19:04:09.033 479 479 W android.permission.PermissionManager: Missing ActivityManager; assuming 1000 holds android.permission.SET_PREFERRED_APPLICATIONS
06-13 19:04:09.033 479 479 W android.permission.PermissionManager: Missing ActivityManager; assuming 1000 holds android.permission.SET_PREFERRED_APPLICATIONS
06-13 19:04:09.033 479 479 W android.permission.PermissionManager: Missing ActivityManager; assuming 1000 holds android.permission.SET_PREFERRED_APPLICATIONS
06-13 19:04:09.034 479 479 W android.permission.PermissionManager: Missing ActivityManager; assuming 1000 holds android.permission.SET_PREFERRED_APPLICATIONS
06-13 19:04:09.034 479 479 W android.permission.PermissionManager: Missing ActivityManager; assuming 1000 holds android.permission.SET_PREFERRED_APPLICATIONS
06-13 19:04:09.034 479 479 W android.permission.PermissionManager: Missing ActivityManager; assuming 1000 holds android.permission.SET_PREFERRED_APPLICATIONS
06-13 19:04:09.034 479 479 W android.permission.PermissionManager: Missing ActivityManager; assuming 1000 holds android.permission.SET_PREFERRED_APPLICATIONS
06-13 19:04:09.035 479 479 W android.permission.PermissionManager: Missing ActivityManager; assuming 1000 holds android.permission.SET_PREFERRED_APPLICATIONS
06-13 19:04:09.035 479 479 W android.permission.PermissionManager: Missing ActivityManager; assuming 1000 holds android.permission.SET_PREFERRED_APPLICATIONS
06-13 19:04:09.035 479 479 W android.permission.PermissionManager: Missing ActivityManager; assuming 1000 holds android.permission.SET_PREFERRED_APPLICATIONS
06-13 19:04:09.057 479 479 W PackageSettings: Missing permission state for package: com.android.cts.priv.ctsshim
06-13 19:04:09.057 479 479 W PackageSettings: Missing permission state for package: com.android.internal.systemui.navbar.gestural_wide_back
06-13 19:04:09.058 479 479 W PackageSettings: Missing permission state for package: com.softwinner.awlogsettings
06-13 19:04:09.058 479 479 W PackageSettings: Missing permission state for package: com.android.htmlviewer
06-13 19:04:09.058 479 479 W PackageSettings: Missing permission state for package: com.android.internal.systemui.onehanded.gestural
06-13 19:04:09.058 479 479 W PackageSettings: Missing permission state for package: com.android.simappdialog
06-13 19:04:09.058 479 479 W PackageSettings: Missing permission state for package: com.android.connectivity.resources
06-13 19:04:09.058 479 479 W PackageSettings: Missing permission state for package: com.android.modulemetadata
06-13 19:04:09.058 479 479 W PackageSettings: Missing permission state for package: com.google.android.apps.searchlite.overlay
06-13 19:04:09.058 479 479 W PackageSettings: Missing permission state for package: com.android.internal.systemui.navbar.threebutton
06-13 19:04:09.058 479 479 W PackageSettings: Missing permission state for package: com.google.android.networkstackconfig
06-13 19:04:09.059 479 479 W PackageSettings: Missing permission state for package: com.android.internal.systemui.navbar.gestural_extra_wide_back
06-13 19:04:09.059 479 479 W PackageSettings: Missing permission state for package: com.android.dreams.basic
06-13 19:04:09.059 479 479 W PackageSettings: Missing permission state for package: android.ext.shared
06-13 19:04:09.059 479 479 W PackageSettings: Missing permission state for package: com.google.android.networkstack.tetheringconfig
06-13 19:04:09.059 479 479 W PackageSettings: Missing permission state for package: com.android.wifi.resources
06-13 19:04:09.059 479 479 W PackageSettings: Missing permission state for package: com.android.theme.font.notoserifsource
06-13 19:04:09.060 479 479 W PackageSettings: Missing permission state for package: com.allwinnertech.packageoverride
06-13 19:04:09.060 479 479 W PackageSettings: Missing permission state for package: com.android.bookmarkprovider
06-13 19:04:09.060 479 479 W PackageSettings: Missing permission state for package: com.android.cts.ctsshim
06-13 19:04:09.060 479 479 W PackageSettings: Missing permission state for package: com.softwinner.theme.icon
06-13 19:04:09.060 479 479 W PackageSettings: Missing permission state for package: com.softwinner.theme.color
06-13 19:04:09.060 479 479 W PackageSettings: Missing permission state for package: com.android.internal.systemui.navbar.gestural
06-13 19:04:09.061 479 479 W PackageSettings: Missing permission state for package: com.android.internal.systemui.navbar.gestural_narrow_back
06-13 19:04:09.061 479 479 W PackageSettings: Missing permission state for package: android.auto_generated_rro_vendor__
06-13 19:04:09.062 479 479 W PackageSettings: Missing permission state for shared user: android.uid.log
06-13 19:04:09.063 479 479 W PackageSettings: Missing permission state for shared user: android.uid.nfc
06-13 19:04:09.063 479 479 W PackageSettings: Missing permission state for shared user: android.uid.uwb
06-13 19:04:09.074 479 479 D PackageManager: Keeping known cache a63a823640d80158afa5d104616ece78ec45aa89
06-13 19:04:09.076 479 479 D PackageManager: No files in app dir /system/system_ext/overlay
06-13 19:04:09.083 479 479 I PackageBackwardCompatibility: Loaded android.content.pm.AndroidTestBaseUpdater
06-13 19:04:09.085 479 479 D CompatibilityChangeReporter: Compat change id reported: 143539591; UID -1; state: ENABLED
06-13 19:04:09.104 479 479 D PackageManager: No files in app dir /oem/overlay
06-13 19:04:09.104 479 479 D PackageManager: No files in app dir /odm/overlay
06-13 19:04:09.111 479 479 W PackageManager: Failed to parse /system/framework/arm: Missing base APK in /system/framework/arm
06-13 19:04:09.113 479 479 W PackageManager: Failed to parse /system/framework/oat: Missing base APK in /system/framework/oat/arm
06-13 19:04:09.185 479 567 D PackageParsing: homlet: force set orientation: 0
06-13 19:04:09.187 479 567 D CompatibilityChangeReporter: Compat change id reported: 150232615; UID -1; state: ENABLED
06-13 19:04:09.209 479 479 D CompatibilityChangeReporter: Compat change id reported: 143539591; UID -1; state: DISABLED
06-13 19:04:09.209 479 479 D CompatibilityChangeReporter: Compat change id reported: 168782947; UID -1; state: ENABLED
06-13 19:04:09.219 479 479 W PackageManager: Failed to parse /system/priv-app/SettingsAssist: /system/priv-app/SettingsAssist/SettingsAssist.apk (at Binary XML file line #34): com.softwinner.settingsassist.Recovery: Targeting S+ (version 31 and above) requires that an explicit value for android:exported be defined when intent filters are present
06-13 19:04:09.224 479 479 D CompatibilityChangeReporter: Compat change id reported: 168782947; UID -1; state: DISABLED
06-13 19:04:09.230 479 479 W PackageManager: Provider ComponentInfo{com.dangbei.leard.leradlauncher/androidx.core.content.FileProvider} already defined; ignoring
06-13 19:04:09.275 247 247 W ServiceManager: Service statscompanion didn't start. Returning NULL
06-13 19:04:09.279 247 247 I statsd : Statsd starts to listen to socket.
06-13 19:04:09.442 479 479 D PackageManager: No files in app dir /vendor/priv-app
06-13 19:04:09.442 479 479 D PackageManager: No files in app dir /vendor/app
06-13 19:04:09.443 479 479 D PackageManager: No files in app dir /odm/priv-app
06-13 19:04:09.443 479 479 D PackageManager: No files in app dir /odm/app
06-13 19:04:09.443 479 479 D PackageManager: No files in app dir /oem/priv-app
06-13 19:04:09.443 479 479 D PackageManager: No files in app dir /oem/app
06-13 19:04:09.490 479 496 I system_server: Background young concurrent copying GC freed 194555(10MB) AllocSpace objects, 113(2768KB) LOS objects, 78% free, 6555KB/30MB, paused 222us total 230.316ms
06-13 19:04:09.560 479 479 D PackageManager: No files in app dir /apex/com.android.vndk.v31/priv-app
06-13 19:04:09.560 479 479 D PackageManager: No files in app dir /apex/com.android.vndk.v31/app
06-13 19:04:09.560 479 479 D PackageManager: No files in app dir /apex/com.android.tzdata/priv-app
06-13 19:04:09.560 479 479 D PackageManager: No files in app dir /apex/com.android.tzdata/app
06-13 19:04:09.568 479 479 D PackageManager: No files in app dir /apex/com.android.tethering/app
06-13 19:04:09.568 479 479 D PackageManager: No files in app dir /apex/com.android.sdkext/priv-app
06-13 19:04:09.568 479 479 D PackageManager: No files in app dir /apex/com.android.sdkext/app
06-13 19:04:09.568 479 479 D PackageManager: No files in app dir /apex/com.android.scheduling/priv-app
06-13 19:04:09.569 479 479 D PackageManager: No files in app dir /apex/com.android.scheduling/app
06-13 19:04:09.569 479 479 D PackageManager: No files in app dir /apex/com.android.runtime/priv-app
06-13 19:04:09.569 479 479 D PackageManager: No files in app dir /apex/com.android.runtime/app
06-13 19:04:09.569 479 479 D PackageManager: No files in app dir /apex/com.android.resolv/priv-app
06-13 19:04:09.569 479 479 D PackageManager: No files in app dir /apex/com.android.resolv/app
06-13 19:04:09.578 479 479 D PackageManager: No files in app dir /apex/com.android.permission/app
06-13 19:04:09.578 479 479 D PackageManager: No files in app dir /apex/com.android.os.statsd/priv-app
06-13 19:04:09.579 479 479 D PackageManager: No files in app dir /apex/com.android.os.statsd/app
06-13 19:04:09.579 479 479 D PackageManager: No files in app dir /apex/com.android.neuralnetworks/priv-app
06-13 19:04:09.579 479 479 D PackageManager: No files in app dir /apex/com.android.neuralnetworks/app
06-13 19:04:09.586 479 479 D PackageManager: No files in app dir /apex/com.android.mediaprovider/app
06-13 19:04:09.586 479 479 D PackageManager: No files in app dir /apex/com.android.media.swcodec/priv-app
06-13 19:04:09.586 479 479 D PackageManager: No files in app dir /apex/com.android.media.swcodec/app
06-13 19:04:09.586 479 479 D PackageManager: No files in app dir /apex/com.android.media/priv-app
06-13 19:04:09.587 479 479 D PackageManager: No files in app dir /apex/com.android.media/app
06-13 19:04:09.587 479 479 D PackageManager: No files in app dir /apex/com.android.ipsec/priv-app
06-13 19:04:09.587 479 479 D PackageManager: No files in app dir /apex/com.android.ipsec/app
06-13 19:04:09.587 479 479 D PackageManager: No files in app dir /apex/com.android.i18n/priv-app
06-13 19:04:09.587 479 479 D PackageManager: No files in app dir /apex/com.android.i18n/app
06-13 19:04:09.597 479 479 D PackageManager: No files in app dir /apex/com.android.extservices/app
06-13 19:04:09.597 479 479 D PackageManager: No files in app dir /apex/com.android.conscrypt/priv-app
06-13 19:04:09.597 479 479 D PackageManager: No files in app dir /apex/com.android.conscrypt/app
06-13 19:04:09.598 479 479 D PackageManager: No files in app dir /apex/com.android.art/priv-app
06-13 19:04:09.598 479 479 D PackageManager: No files in app dir /apex/com.android.art/app
06-13 19:04:09.598 479 479 D PackageManager: No files in app dir /apex/com.android.appsearch/priv-app
06-13 19:04:09.598 479 479 D PackageManager: No files in app dir /apex/com.android.appsearch/app
06-13 19:04:09.598 479 479 D PackageManager: No files in app dir /apex/com.android.adbd/priv-app
06-13 19:04:09.598 479 479 D PackageManager: No files in app dir /apex/com.android.adbd/app
06-13 19:04:09.607 479 479 I PackageManager: Finished scanning system apps. Time: 538 ms, packageCount: 112 , timePerPackage: 4 , cached: 112
06-13 19:04:09.607 479 479 D PackageManager: No files in app dir /data/app
06-13 19:04:09.608 479 479 I PackageManager: Finished scanning non-system apps. Time: 1 ms, packageCount: 0 , timePerPackage: 0 , cached: 0
06-13 19:04:09.609 479 479 W PackageManager: There should probably be exactly one storage manager; found 2: matches=[ResolveInfo{c408a6a com.android.storagemanager/.deletionhelper.DeletionHelperActivity m=0x108000}, ResolveInfo{9a36b5b com.android.tv.settings/.device.StorageResetActivity m=0x108000}]
06-13 19:04:09.610 479 479 E PackageManager: There should probably be exactly one setup wizard; found 2: matches=[ResolveInfo{8ac9ff8 com.dangbei.hqguide/.main.MainActivity p=1000 m=0x108000}, ResolveInfo{c0ddcd1 com.softwinner.provision/.DefaultActivity p=1 m=0x108000}]
06-13 19:04:09.621 479 479 I PackageManager: Time to scan packages: 0.552 seconds
06-13 19:04:09.652 479 479 I PackageManager: Permission ownership changed. Updating all permissions.
06-13 19:04:09.705 479 479 V PackageManager: reconcileAppsData for null u0 0x3 migrateAppData=true
06-13 19:04:09.729 366 383 I SELinux : SELinux: Loaded file_contexts
06-13 19:04:09.840 318 318 D XiriService: check file name: /data/data/android/lib
06-13 19:04:09.836 318 318 I xiriservice_All: type=1400 audit(0.0:294): avc: denied { search } for name="android" dev="mmcblk0p25" ino=505 scontext=u:r:init:s0 tcontext=u:object_r:system_app_data_file:s0 tclass=dir permissive=1
06-13 19:04:09.840 318 318 D XiriService: check file name: /data/data/android/lib
06-13 19:04:09.841 318 318 D XiriService: check file name: /data/data/android/lib
06-13 19:04:09.841 318 318 D XiriService: check file name: /data/data/android/lib
06-13 19:04:09.836 318 318 I xiriservice_All: type=1400 audit(0.0:295): avc: denied { read } for name="lib" dev="mmcblk0p25" ino=3207 scontext=u:r:init:s0 tcontext=u:object_r:system_app_data_file:s0 tclass=lnk_file permissive=1
06-13 19:04:09.846 318 318 D XiriService: check file name: /data/data/android/lib
06-13 19:04:09.846 318 318 D XiriService: check file name: /data/data/android/lib
06-13 19:04:09.847 318 318 D XiriService: check file name: /data/data/android/lib
06-13 19:04:09.847 318 318 D XiriService: check file name: /data/data/android/lib
06-13 19:04:09.847 318 318 D XiriService: check file name: /data/data/com.android.providers.settings/lib
06-13 19:04:09.847 318 318 D XiriService: check file name: /data/data/com.android.providers.settings/lib
