--------- beginning of main
06-13 19:04:00.435 185 185 W lowmemorykiller: LMKD : whitelist android.signature.cts.api.hiddenapi_blacklist_api_27;android.signature.cts.api.hiddenapi_blacklist_api_28;android.signature.cts.api.hiddenapi_blacklist_current;android.media.cts;android.process.media;com.antutu.ABenchMark;com.antutu.benchmark.full;com.antutu.benchmark.full:unity;com.antutu.ABenchMark:push;com.futuremark.dmandroid.application;com.allwinner.batterytest;cn.xender;com.socialnmobile.dictapps.notepad.color.note;org.videolan.vlc;
06-13 19:04:00.436 185 185 I lowmemorykiller: Using psi monitors for memory pressure detection
06-13 19:04:00.440 185 185 I lowmemorykiller: Process polling is supported --------- beginning of kernel
06-13 19:03:58.490 1 1 I usbcore : registered new interface driver ums-jumpshot
06-13 19:03:58.490 1 1 I usbcore : registered new interface driver ums-karma
06-13 19:03:58.490 1 1 I usbcore : registered new interface driver ums-onetouch
06-13 19:03:58.490 1 1 I usbcore : registered new interface driver ums-realtek
06-13 19:03:58.491 1 1 I usbcore : registered new interface driver ums-sddr09
06-13 19:03:58.491 1 1 I usbcore : registered new interface driver ums-sddr55
06-13 19:03:58.491 1 1 I usbcore : registered new interface driver ums-usbat
06-13 19:03:58.491 1 1 I usbcore : registered new interface driver xpad
06-13 19:03:58.491 1 1 I usbcore : registered new interface driver usb_acecad
06-13 19:03:58.491 1 1 I usbcore : registered new interface driver aiptek
06-13 19:03:58.491 1 1 I usbcore : registered new interface driver gtco
06-13 19:03:58.491 1 1 I usbcore : registered new interface driver hanwang
06-13 19:03:58.491 1 1 I usbcore : registered new interface driver kbtab
06-13 19:03:58.491 1 1 E axp2101_pek: axp2101-pek can not register without irq
06-13 19:03:58.498 1 1 W axp2101-pek: probe of axp2101-pek.0 failed with error -22
06-13 19:03:58.499 1 1 E sunxi-rtc 7000000.rtc: reset_control_get() failed
06-13 19:03:58.505 1 1 W sunxi-rtc 7000000.rtc: Fail to get clock 'rtc-spi'
06-13 19:03:58.505 1 1 I sunxi-rtc 7000000.rtc: registered as rtc0
06-13 19:03:58.505 1 1 I sunxi-rtc 7000000.rtc: setting system clock to 2025-06-13T11:03:58 UTC (1749812638)
06-13 19:03:58.505 1 1 I sunxi-rtc 7000000.rtc: sunxi rtc probed
06-13 19:03:58.506 1 1 I : i2c /dev entries driver
06-13 19:03:58.506 1 1 I : IR NEC protocol handler initialized
06-13 19:03:58.506 1 1 I : IR RC5(x/sz) protocol handler initialized
06-13 19:03:58.506 1 1 I usbcore : registered new interface driver uvcvideo
06-13 19:03:58.506 1 1 I : USB Video Class driver (1.1.1)
06-13 19:03:58.506 1 1 D : sunxi cedar version 1.1
06-13 19:03:58.506 1 1 I sunxi-cedar 1c0e000.ve: Adding to iommu group 0
06-13 19:03:58.506 1 1 D VE : install start!!!
06-13 19:03:58.506 1 1 I VE : cedar-ve the get irq is 20
06-13 19:03:58.507 1 1 I VE : ve_debug_proc_info:(____ptrval____), data:(____ptrval____), lock:(____ptrval____)
06-13 19:03:58.507 1 1 D VE : install end!!!
06-13 19:03:58.507 1 1 I sunxi-cedar soc@3000000: ve1@1c0e000: Adding to iommu group 0
06-13 19:03:58.507 1 1 I VE : device ve1 just use to add iommu master
06-13 19:03:58.507 1 1 I sunxi-wdt 30090a0.watchdog: Watchdog enabled (timeout=16 sec, nowayout=0)
06-13 19:03:58.507 1 1 I device-mapper: uevent: version 1.0.3
06-13 19:03:58.508 1 1 I device-mapper: ioctl: 4.41.0-ioctl (2019-09-16) initialised: dm-devel@redhat.com
06-13 19:03:58.509 1 1 I hidraw : raw HID events driver (C) Jiri Kosina
06-13 19:03:58.511 1 1 I usbcore : registered new interface driver usbhid
06-13 19:03:58.511 1 1 I usbhid : USB HID core driver
06-13 19:03:58.511 1 1 I ashmem : initialized
06-13 19:03:58.512 1 1 I optee : probing for conduit method from DT.
06-13 19:03:58.512 1 1 I optee : revision 2.5
06-13 19:03:58.512 1 1 I optee : initialized driver
06-13 19:03:58.512 1 1 D : drm_base=0x40000000
06-13 19:03:58.512 1 1 D : drm_size=0x0
06-13 19:03:58.512 1 1 D : tee_base=0x2000000
06-13 19:03:58.513 1 1 I usbcore : registered new interface driver snd-usb-audio
06-13 19:03:58.513 1 1 I netem : version 1.3
06-13 19:03:58.513 1 1 I : u32 classifier
06-13 19:03:58.513 1 1 I : input device check on
06-13 19:03:58.513 1 1 I : Actions configured
06-13 19:03:58.514 1 1 I xt_time : kernel timezone is -0000
06-13 19:03:58.514 1 1 I ipip : IPv4 and MPLS over IPv4 tunneling driver
06-13 19:03:58.514 1 1 I gre : GRE over IPv4 demultiplexor driver
06-13 19:03:58.514 1 1 I ip_gre : GRE over IPv4 tunneling driver
06-13 19:03:58.515 1 1 I : IPv4 over IPsec tunneling driver
06-13 19:03:58.515 1 1 I : Initializing XFRM netlink socket
06-13 19:03:58.515 1 1 I : IPsec XFRM device driver
06-13 19:03:58.516 1 1 I NET : Registered protocol family 10
06-13 19:03:58.517 1 1 I : Segment Routing with IPv6
06-13 19:03:58.517 1 1 I mip6 : Mobile IPv6
06-13 19:03:58.517 1 1 I sit : IPv6, IPv4 and MPLS over IPv4 tunneling driver
06-13 19:03:58.518 1 1 I ip6_gre : GRE over IPv6 tunneling driver
06-13 19:03:58.518 1 1 I NET : Registered protocol family 17
06-13 19:03:58.518 1 1 I NET : Registered protocol family 15
06-13 19:03:58.519 1 1 I Bluetooth: RFCOMM TTY layer initialized
06-13 19:03:58.519 1 1 I Bluetooth: RFCOMM socket layer initialized
06-13 19:03:58.519 1 1 I Bluetooth: RFCOMM ver 1.11
06-13 19:03:58.519 1 1 I Bluetooth: HIDP (Human Interface Emulation) ver 1.2
06-13 19:03:58.519 1 1 I Bluetooth: HIDP socket layer initialized
06-13 19:03:58.519 1 1 I l2tp_core: L2TP core driver, V2.0
06-13 19:03:58.519 1 1 I l2tp_ppp: PPPoL2TP kernel driver, V2.0
06-13 19:03:58.519 1 1 I tipc : Activated (version 2.0.0)
06-13 19:03:58.519 1 1 I NET : Registered protocol family 30
06-13 19:03:58.519 1 1 I tipc : Started in single node mode
06-13 19:03:58.519 1 1 I : registered taskstats version 1
06-13 19:03:58.519 1 1 I : Loading compiled-in X.509 certificates
06-13 19:03:58.519 1 1 I : Key type ._fscrypt registered
06-13 19:03:58.519 1 1 I : Key type .fscrypt registered
06-13 19:03:58.519 1 1 I : Key type fscrypt-provisioning registered
06-13 19:03:58.520 1 1 I : HDMI 2.0 driver init start!
06-13 19:03:58.520 1 1 I : boot_hdmi=true
06-13 19:03:58.521 1 1 I : Can not find the node of esm
06-13 19:03:58.521 1 1 E : ERROR: pinctrl_get for HDMI2.0 DDC fail
06-13 19:03:58.527 1 1 I Get hdmi_power0: aldo1
06-13 19:03:58.527 1 1 W : (NULL device *): deviceless supply aldo1 not found, using dummy regulator
06-13 19:03:58.527 1 1 I Get hdmi_power1: dcdc1
06-13 19:03:58.527 1 1 W : (NULL device *): deviceless supply dcdc1 not found, using dummy regulator
06-13 19:03:58.529 1 1 I : hdmi_cec_init
06-13 19:03:58.529 35 35 W [DISP] disp_device_attached,line: 159:
06-13 19:03:58.529 35 35 W : attached ok, mgr0<-->device0, type=4
06-13 19:03:58.529 35 35 I [HDMI receive params]: tv mode: 0x5 format:0x0 data bits:0x0 eotf:0x4 cs:0x101 dvi_hdmi:2 range:2 scan:0 aspect_ratio:8
06-13 19:03:58.529 35 35 W [DISP] disp_hdmi_set_mode,line: 681:
06-13 19:03:58.529 35 35 W : hdmi_set_mode is null!
06-13 19:03:58.532 1 1 I : HDMI2.0 module init end
06-13 19:03:58.533 1 1 E : tv_probe()1574 - of_property_read_string tv_power failed!
06-13 19:03:58.541 1 1 D : tv probe finished!
06-13 19:03:58.592 35 35 W [DISP] de_rtmx_mgr_apply,line: 456:
06-13 19:03:58.592 35 35 W : ctx->output.hdr_type=0
06-13 19:03:58.592 35 35 W [DISP] de_rtmx_mgr_apply,line: 474:
06-13 19:03:58.592 35 35 W : ctx->output.hdr_type=0
06-13 19:03:58.613 33 33 I sun50iw9-pinctrl 300b000.pinctrl: initialized sunXi PIO driver
06-13 19:03:58.614 33 33 W sun50iw9-pinctrl 300b000.pinctrl: 300b000.pinctrl supply vcc-pc not found, using dummy regulator
06-13 19:03:58.614 33 33 I sunxi-mmc 4022000.sdmmc: SD/MMC/SDIO Host Controller Driver(v4.20 2021-12-17 11:02)
06-13 19:03:58.614 33 33 I sunxi-mmc 4022000.sdmmc: ***ctl-spec-caps*** 308
06-13 19:03:58.616 33 33 I sunxi-mmc 4022000.sdmmc: No vdmmc regulator found
06-13 19:03:58.616 33 33 I sunxi-mmc 4022000.sdmmc: No vd33sw regulator found
06-13 19:03:58.616 33 33 I sunxi-mmc 4022000.sdmmc: No vd18sw regulator found
06-13 19:03:58.616 33 33 I sunxi-mmc 4022000.sdmmc: No vq33sw regulator found
06-13 19:03:58.616 33 33 I sunxi-mmc 4022000.sdmmc: No vq18sw regulator found
06-13 19:03:58.616 33 33 W sunxi-mmc 4022000.sdmmc: Cann't get pin bias hs pinstate,check if needed
06-13 19:03:58.617 33 33 I sunxi-mmc 4022000.sdmmc: sdc set ios:clk 0Hz bm PP pm UP vdd 23 width 1 timing LEGACY(SDR12) dt B
06-13 19:03:58.629 33 33 I sunxi-mmc 4022000.sdmmc: sdc set ios:clk 400000Hz bm PP pm ON vdd 23 width 1 timing LEGACY(SDR12) dt B
06-13 19:03:58.642 33 33 I sunxi-mmc 4022000.sdmmc: detmode:alway in(non removable)
06-13 19:03:58.643 33 33 I sunxi-mmc 4020000.sdmmc: SD/MMC/SDIO Host Controller Driver(v4.20 2021-12-17 11:02)
06-13 19:03:58.643 33 33 I sunxi-mmc 4020000.sdmmc: ***ctl-spec-caps*** 8
06-13 19:03:58.643 127 127 I sunxi-mmc 4022000.sdmmc: sdc set ios:clk 400000Hz bm PP pm ON vdd 23 width 1 timing LEGACY(SDR12) dt B
06-13 19:03:58.646 33 33 I sunxi-mmc 4020000.sdmmc: No vqmmc regulator found
06-13 19:03:58.646 33 33 I sunxi-mmc 4020000.sdmmc: No vdmmc regulator found
06-13 19:03:58.646 33 33 W sun50iw9-pinctrl 300b000.pinctrl: 300b000.pinctrl supply vcc-pi not found, using dummy regulator
06-13 19:03:58.646 33 33 I sunxi-mmc 4020000.sdmmc: Got CD GPIO
06-13 19:03:58.646 127 127 I sunxi-mmc 4022000.sdmmc: sdc set ios:clk 400000Hz bm PP pm ON vdd 23 width 1 timing LEGACY(SDR12) dt B
06-13 19:03:58.647 33 33 I sunxi-mmc 4020000.sdmmc: sdc set ios:clk 0Hz bm PP pm UP vdd 23 width 1 timing LEGACY(SDR12) dt B
06-13 19:03:58.647 33 33 I sunxi-mmc 4020000.sdmmc: no vqmmc,Check if there is regulator
06-13 19:03:58.648 127 127 I sunxi-mmc 4022000.sdmmc: sdc set ios:clk 400000Hz bm OD pm ON vdd 23 width 1 timing LEGACY(SDR12) dt B
06-13 19:03:58.659 33 33 I sunxi-mmc 4020000.sdmmc: sdc set ios:clk 400000Hz bm PP pm ON vdd 23 width 1 timing LEGACY(SDR12) dt B
06-13 19:03:58.672 33 33 I sunxi-mmc 4020000.sdmmc: detmode:gpio irq
06-13 19:03:58.673 33 33 I sunxi-mmc 4021000.sdmmc: SD/MMC/SDIO Host Controller Driver(v4.20 2021-12-17 11:02)
06-13 19:03:58.673 33 33 I sunxi-mmc 4021000.sdmmc: ***ctl-spec-caps*** 8
06-13 19:03:58.673 130 130 I sunxi-mmc 4020000.sdmmc: sdc set ios:clk 0Hz bm PP pm OFF vdd 0 width 1 timing LEGACY(SDR12) dt B
06-13 19:03:58.674 33 33 I sunxi-mmc 4021000.sdmmc: No vdmmc regulator found
06-13 19:03:58.674 33 33 I sunxi-mmc 4021000.sdmmc: No vd33sw regulator found
06-13 19:03:58.674 33 33 I sunxi-mmc 4021000.sdmmc: No vd18sw regulator found
06-13 19:03:58.674 33 33 I sunxi-mmc 4021000.sdmmc: No vq33sw regulator found
06-13 19:04:00.489 187 187 I hwservicemanager: getFrameworkHalManifest: Reading VINTF information.
06-13 19:03:58.674 33 33 I sunxi-mmc 4021000.sdmmc: No vq18sw regulator found
06-13 19:03:58.674 33 33 W sunxi-mmc 4021000.sdmmc: Cann't get sleep pinstate,check if needed
06-13 19:03:58.675 33 33 I sunxi-mmc 4021000.sdmmc: sdc set ios:clk 0Hz bm PP pm UP vdd 23 width 1 timing LEGACY(SDR12) dt B
06-13 19:03:58.686 33 33 I sunxi-mmc 4021000.sdmmc: sdc set ios:clk 400000Hz bm PP pm ON vdd 23 width 1 timing LEGACY(SDR12) dt B
06-13 19:03:58.698 33 33 I sunxi-mmc 4021000.sdmmc: detmode:manually by software
06-13 19:03:58.699 33 33 W sun50iw9-pinctrl 300b000.pinctrl: 300b000.pinctrl supply vcc-ph not found, using dummy regulator
06-13 19:03:58.699 127 127 I sunxi-mmc 4022000.sdmmc: sdc set ios:clk 400000Hz bm OD pm ON vdd 23 width 1 timing LEGACY(SDR12) dt B
06-13 19:03:58.699 127 127 I sunxi-mmc 4022000.sdmmc: sdc set ios:clk 400000Hz bm OD pm ON vdd 23 width 1 timing LEGACY(SDR12) dt B
06-13 19:03:58.699 33 33 E uart0 : get regulator failed
06-13 19:03:58.705 33 33 W uart0 : uart0 supply uart not found, using dummy regulator
06-13 19:03:58.705 33 33 E uart0 : uart0 error to get fifo size property
06-13 19:03:58.712 33 33 I uart0 : ttyAS0 at MMIO 0x5000000 (irq = 43, base_baud = 1500000) is a SUNXI
06-13 19:03:58.712 33 33 W : sw_console_setup()1807 - console setup baud 115200 parity n bits 8, flow n
06-13 19:03:58.712 33 33 I printk : console [ttyAS0] enabled
06-13 19:03:58.712 33 33 I printk : bootconsole [uart8250] disabled
06-13 19:03:58.712 33 33 E uart1 : get regulator failed
06-13 19:03:58.718 133 133 I sunxi-mmc 4021000.sdmmc: sdc set ios:clk 400000Hz bm PP pm ON vdd 23 width 1 timing LEGACY(SDR12) dt B
06-13 19:03:58.718 127 127 I sunxi-mmc 4022000.sdmmc: sdc set ios:clk 400000Hz bm OD pm ON vdd 23 width 1 timing LEGACY(SDR12) dt B
06-13 19:03:58.718 33 33 W uart1 : uart1 supply uart not found, using dummy regulator
06-13 19:03:58.718 33 33 I uart1 : ttyAS1 at MMIO 0x5000400 (irq = 44, base_baud = 1500000) is a SUNXI
06-13 19:03:58.718 33 33 W spi1 : spi1 supply spi not found, using dummy regulator
06-13 19:03:58.719 33 33 W : sunxi_spi_resource_get()2061 - [spi1] SPI MASTER MODE
06-13 19:03:58.719 33 33 W : sunxi_spi_clk_init()2137 - [spi1] mclk 100000000
06-13 19:03:58.719 33 33 W : sunxi_spi_probe()2541 - [spi1]: driver probe succeed, base ffffffc013dea000, irq 46
06-13 19:03:58.720 33 33 E sun50iw9-pinctrl 300b000.pinctrl: unsupported function io_disabled on pin PA0
06-13 19:03:58.730 133 133 I sunxi-mmc 4021000.sdmmc: sdc set ios:clk 400000Hz bm PP pm ON vdd 23 width 1 timing LEGACY(SDR12) dt B
06-13 19:03:58.730 33 33 E sun50iw9-pinctrl 300b000.pinctrl: unsupported function io_disabled on pin PA1
06-13 19:03:58.740 33 33 E sun50iw9-pinctrl 300b000.pinctrl: unsupported function io_disabled on pin PA2
06-13 19:03:58.750 33 33 E sun50iw9-pinctrl 300b000.pinctrl: unsupported function io_disabled on pin PA3
06-13 19:03:58.760 33 33 E sun50iw9-pinctrl 300b000.pinctrl: unsupported function io_disabled on pin PA4
06-13 19:03:58.770 33 33 E sun50iw9-pinctrl 300b000.pinctrl: unsupported function io_disabled on pin PA5
06-13 19:03:58.780 33 33 E sun50iw9-pinctrl 300b000.pinctrl: unsupported function io_disabled on pin PA6
06-13 19:03:58.790 33 33 E sun50iw9-pinctrl 300b000.pinctrl: unsupported function io_disabled on pin PA7
06-13 19:03:58.800 33 33 E sun50iw9-pinctrl 300b000.pinctrl: unsupported function io_disabled on pin PA8
06-13 19:03:58.809 33 33 E sun50iw9-pinctrl 300b000.pinctrl: unsupported function io_disabled on pin PA9
06-13 19:03:58.819 33 33 W sun50iw9-pinctrl 300b000.pinctrl: 300b000.pinctrl supply vcc-pa not found, using dummy regulator
06-13 19:03:58.820 33 33 I : sunxi gmac driver's version: 1.0.0
06-13 19:03:58.820 0 0 I [ C0] random: fast init done
06-13 19:03:58.820 33 33 I gmac-power0: NULL
06-13 19:03:58.820 33 33 I gmac-power1: NULL
06-13 19:03:58.820 33 33 I gmac-power2: NULL
06-13 19:03:58.820 33 33 D eth0 MAC: 20:2:fe:19:c1:f9
06-13 19:03:58.821 127 127 I sunxi-mmc 4022000.sdmmc: sdc set ios:clk 400000Hz bm PP pm ON vdd 23 width 1 timing LEGACY(SDR12) dt B
06-13 19:03:58.821 33 33 E sunxi_ir_startup: get ir protocol failed
06-13 19:03:58.822 33 33 I : Registered IR keymap rc_map_sunxi
06-13 19:03:58.828 33 33 I rc0 : sunxi-ir as /devices/platform/soc@3000000/7040000.s_cir/rc/rc0
06-13 19:03:58.828 33 33 I input : sunxi-ir as /devices/platform/soc@3000000/7040000.s_cir/rc/rc0/s_cir_rx
06-13 19:03:58.829 33 33 E : failed to get standby led pin assign
06-13 19:03:58.835 33 33 E : failed to get network led pin assign
06-13 19:03:58.841 33 33 E : failed to get gpio_sdcard_reused assign
06-13 19:03:58.848 33 33 I : gpio_pin_1(230) gpio_is_valid
06-13 19:03:58.848 33 33 I : gpio_pin_2(229) gpio_is_valid
06-13 19:03:58.848 33 33 I gpio : 230, name: PH6, ret = 0
06-13 19:03:58.848 33 33 I gpio : 229, name: PH5, ret = 0
06-13 19:03:58.848 33 33 I : gpio-sunxi probe success
06-13 19:03:58.850 127 127 E sunxi-mmc 4022000.sdmmc: avoid to switch power_off_notification to POWERED_ON(0x01)
06-13 19:03:58.861 33 33 W energy_model: pd0: hertz/watts ratio non-monotonically decreasing: em_cap_state 1 >= em_cap_state0
06-13 19:03:58.861 133 133 I sunxi-mmc 4021000.sdmmc: sdc set ios:clk 400000Hz bm PP pm ON vdd 23 width 4 timing LEGACY(SDR12) dt B
06-13 19:03:58.861 33 33 D energy_model: Created perf domain 0-3
06-13 19:03:58.862 127 127 E sunxi-mmc 4022000.sdmmc: avoid to switch power_off_notification to POWERED_ON(0x01)
06-13 19:03:58.872 127 127 E sunxi-mmc 4022000.sdmmc: avoid to switch power_off_notification to POWERED_ON(0x01)
06-13 19:03:58.883 133 133 I sunxi-mmc 4021000.sdmmc: sdc set ios:clk 400000Hz bm PP pm ON vdd 23 width 4 timing UHS-SDR104 dt B
06-13 19:03:58.883 133 133 I sunxi-mmc 4021000.sdmmc: sdc set ios:clk 150000000Hz bm PP pm ON vdd 23 width 4 timing UHS-SDR104 dt B
06-13 19:03:58.883 127 127 E sunxi-mmc 4022000.sdmmc: avoid to switch power_off_notification to POWERED_ON(0x01)
06-13 19:03:58.894 127 127 I sunxi-mmc 4022000.sdmmc: sdc set ios:clk 400000Hz bm PP pm ON vdd 23 width 8 timing LEGACY(SDR12) dt B
06-13 19:03:58.895 133 133 I mmc2 : new ultra high speed SDR104 SDIO card at address 8800
06-13 19:03:58.910 1 1 F FD650 : fd650_driver_init: FD650 Driver init.
06-13 19:03:58.918 1 1 F FD650 : NOTE: register_fd650_driver:::register fd650 driver success
06-13 19:03:58.929 127 127 I sunxi-mmc 4022000.sdmmc: sdc set ios:clk 400000Hz bm PP pm ON vdd 23 width 8 timing MMC-HS200 dt B
06-13 19:03:58.929 127 127 I sunxi-mmc 4022000.sdmmc: sdc set ios:clk 100000000Hz bm PP pm ON vdd 23 width 8 timing MMC-HS200 dt B
06-13 19:03:58.929 127 127 I sunxi-mmc 4022000.sdmmc: sdc set ios:clk 100000000Hz bm PP pm ON vdd 23 width 8 timing MMC-HS(SDR20) dt B
06-13 19:03:58.929 127 127 I sunxi-mmc 4022000.sdmmc: sdc set ios:clk 52000000Hz bm PP pm ON vdd 23 width 8 timing MMC-HS(SDR20) dt B
06-13 19:03:58.930 127 127 I sunxi-mmc 4022000.sdmmc: sdc set ios:clk 50000000Hz bm PP pm ON vdd 23 width 8 timing MMC-HS400 dt B
06-13 19:03:58.930 127 127 I sunxi-mmc 4022000.sdmmc: sdc set ios:clk 100000000Hz bm PP pm ON vdd 23 width 8 timing MMC-HS400 dt B
06-13 19:03:58.930 127 127 I mmc0 : new HS400 MMC card at address 0001
06-13 19:03:58.931 127 127 I mmcblk0 : mmc0:0001 AT3SFB 29.1 GiB
06-13 19:03:58.931 127 127 I mmcblk0boot0: mmc0:0001 AT3SFB partition 1 4.00 MiB
06-13 19:03:58.932 127 127 I mmcblk0boot1: mmc0:0001 AT3SFB partition 2 4.00 MiB
06-13 19:03:58.932 127 127 I mmcblk0rpmb: mmc0:0001 AT3SFB partition 3 4.00 MiB, chardev (244:0)
06-13 19:03:58.934 1 1 W : [sound 145][COMMON snd_sunxi_pa_pin_init] pa_pin_max get failed, default 0
06-13 19:03:58.935 127 127 I mmcblk0 : p1 p2 p3 p4 p5 p6 p7 p8 p9 p10 p11 p12 p13 p14 p15 p16 p17 p18 p19 p20 p21 p22 p23 p24 p25
06-13 19:03:58.936 1 1 I [sound 1022][SPDIF snd_sunxi_dts_params_init] playback_cma: 128
06-13 19:03:58.936 1 1 I [sound 1023][SPDIF snd_sunxi_dts_params_init] capture_cma: 128
06-13 19:03:58.936 1 1 I [sound 1024][SPDIF snd_sunxi_dts_params_init] tx_fifo_size: 128
06-13 19:03:58.936 1 1 I [sound 1025][SPDIF snd_sunxi_dts_params_init] rx_fifo_size: 64
06-13 19:03:58.936 124 124 I : HDMI cable is connected
06-13 19:03:58.942 1 1 E debugfs : Directory 'soc@3000000:codec_plat' with parent 'audiocodec' already present!
06-13 19:03:58.953 1 1 I sunxi-snd-mach soc@3000000: codec_mach: 5096000.codec <-> soc@3000000:codec_plat mapping ok
06-13 19:03:58.954 1 1 E debugfs : Directory '5093000.spdif_plat' with parent 'sndspdif' already present!
06-13 19:03:58.965 1 1 I sunxi-snd-mach soc@3000000: spdif_mach: snd-soc-dummy-dai <-> 5093000.spdif_plat mapping ok
06-13 19:03:58.966 1 1 I sunxi-snd-mach soc@3000000: ahub_dam_mach: snd-soc-dummy-dai <-> 5097000.ahub_dam_plat mapping ok
06-13 19:03:58.966 1 1 E debugfs : Directory 'soc@3000000:ahub1_plat' with parent 'ahubhdmi' already present!
06-13 19:03:58.977 1 1 I sunxi-snd-mach soc@3000000: ahub1_mach: snd-soc-dummy-dai <-> soc@3000000:ahub1_plat mapping ok
06-13 19:03:58.978 1 1 E debugfs : Directory 'soc@3000000:ahub2_plat' with parent 'ahubi2s2' already present!
06-13 19:03:58.989 1 1 I sunxi-snd-mach soc@3000000: ahub2_mach: snd-soc-dummy-dai <-> soc@3000000:ahub2_plat mapping ok
06-13 19:03:58.989 1 1 I cfg80211: Loading compiled-in X.509 certificates for regulatory database
06-13 19:03:58.991 1 1 I cfg80211: Loaded X.509 cert 'sforshee: 00b28ddf47aef9cea7'
06-13 19:03:58.991 1 1 W clk : Not disabling unused clocks
06-13 19:03:58.991 1 1 E : get_key_map_info()187 - Failed to find "oe" in dts.
06-13 19:03:58.999 0 0 E : [ C0] sunxi-i2c sunxi-i2c5: SLA+W has been transmitted; ACK not received
06-13 19:03:59.008 1 1 E sunxi-i2c5: engine-mode: xfer failed(dev addr:0x10)
06-13 19:03:59.008 35 35 W platform regulatory.0: Direct firmware load for regulatory.db failed with error -2
06-13 19:03:59.016 35 35 W platform regulatory.0: Falling back to sysfs fallback for: regulatory.db
06-13 19:03:59.016 1 1 I : of_property_read_string ac200.tv_regulator_name fail
06-13 19:03:59.016 1 1 E : [ac200] get ave_regulator_name failed!
06-13 19:03:59.022 1 1 E : [ac200] pwm enable
06-13 19:03:59.027 1 1 I : ALSA device list:
06-13 19:03:59.027 1 1 I : #0: audiocodec
06-13 19:03:59.027 1 1 I : #1: sndspdif
06-13 19:03:59.027 1 1 I : #2: ahubdam
06-13 19:03:59.027 1 1 I : #3: ahubhdmi
06-13 19:03:59.027 1 1 I : #4: ahubi2s2
06-13 19:03:59.027 1 1 W alloc_fd: slot 0 not NULL!
06-13 19:03:59.027 1 1 I : Freeing unused kernel memory: 1088K
06-13 19:03:59.044 1 1 E : Kernel init done
06-13 19:03:59.048 1 1 I : Run /init as init process
06-13 19:03:59.121 1 1 I init : init first stage started!
06-13 19:03:59.121 1 1 I init : Unable to open /lib/modules, skipping module loading.
06-13 19:03:59.122 1 1 I init : Copied ramdisk prop to /second_stage_resources/system/etc/ramdisk/build.prop
06-13 19:03:59.122 1 1 I init : Switching root to '/first_stage_ramdisk'
06-13 19:03:59.123 1 1 I init : [libfs_mgr]ReadFstabFromDt(): failed to read fstab from dt
06-13 19:03:59.125 1 1 I init : Using Android DT directory /proc/device-tree/firmware/android/
06-13 19:03:59.147 1 1 I init : [libfs_mgr]superblock s_max_mnt_count:65535,/dev/block/by-name/metadata
06-13 19:03:59.148 1 1 W EXT4-fs (mmcblk0p19): Ignoring removed nomblk_io_submit option
06-13 19:03:59.150 1 1 I EXT4-fs (mmcblk0p19): mounted filesystem with ordered data mode. Opts: errors=remount-ro,nomblk_io_submit
06-13 19:03:59.150 1 1 W : ext4 filesystem being mounted at /metadata supports timestamps until 2038 (0x7fffffff)
06-13 19:03:59.150 1 1 I init : [libfs_mgr]check_fs(): mount(/dev/block/by-name/metadata,/metadata,ext4)=0: Success
06-13 19:03:59.151 1 1 I init : [libfs_mgr]check_fs(): unmount(/metadata) succeeded
06-13 19:03:59.151 1 1 I init : [libfs_mgr]Running /system/bin/e2fsck on /dev/block/mmcblk0p19
06-13 19:03:59.153 150 150 I random : e2fsck: uninitialized urandom read (40 bytes read)
06-13 19:03:59.154 1 1 I e2fsck : e2fsck 1.45.4 (23-Sep-2019)
06-13 19:03:59.157 1 1 I e2fsck : /dev/block/by-name/metadata: clean, 30/4096 files, 1191/4096 blocks
06-13 19:03:59.160 1 1 I EXT4-fs (mmcblk0p19): mounted filesystem with ordered data mode. Opts: errors=panic
06-13 19:03:59.160 1 1 W : ext4 filesystem being mounted at /metadata supports timestamps until 2038 (0x7fffffff)
06-13 19:03:59.165 1 1 I random : init: uninitialized urandom read (16 bytes read)
06-13 19:03:59.166 1 1 I random : init: uninitialized urandom read (16 bytes read)
06-13 19:03:59.175 1 1 I EXT4-fs (dm-0): mounted filesystem without journal. Opts: barrier=1
06-13 19:03:59.182 1 1 I EXT4-fs (dm-1): mounted filesystem without journal. Opts: barrier=1
06-13 19:03:59.184 1 1 I EXT4-fs (dm-3): mounted filesystem without journal. Opts: barrier=1
06-13 19:03:59.187 1 1 I EXT4-fs (dm-2): mounted filesystem without journal. Opts: barrier=1
06-13 19:03:59.192 1 1 I newfs_msdos: executing /system/bin/newfs_msdos failed: No such file or directory
06-13 19:03:59.193 1 1 I newfs_msdos: newfs_msdos terminated by exit(255)
06-13 19:03:59.196 1 1 W SELinux : Unable to set superblock options before the security server is initialized
06-13 19:03:59.224 1 1 W printk : init: 26 output lines suppressed due to ratelimiting
06-13 19:03:59.379 1 1 W init : DM_DEV_STATUS failed for system_ext_b: No such device or address
06-13 19:03:59.379 1 1 E init : Could not update logical partition
06-13 19:03:59.386 1 1 I init : Opening SELinux policy
06-13 19:03:59.395 1 1 I init : Loading SELinux policy
06-13 19:03:59.413 1 1 I SELinux : Permission nlmsg_getneigh in class netlink_route_socket not defined in policy.
06-13 19:03:59.414 1 1 I SELinux : the above unknown classes and permissions will be denied
06-13 19:03:59.414 1 1 I SELinux : policy capability network_peer_controls=1
06-13 19:03:59.414 1 1 I SELinux : policy capability open_perms=1
06-13 19:03:59.414 1 1 I SELinux : policy capability extended_socket_class=1
06-13 19:03:59.414 1 1 I SELinux : policy capability always_check_network=0
06-13 19:03:59.414 1 1 I SELinux : policy capability cgroup_seclabel=0
06-13 19:03:59.414 1 1 I SELinux : policy capability nnp_nosuid_transition=1
06-13 19:03:59.468 184 184 W auditd : type=1403 audit(0.0:2): auid=4294967295 ses=4294967295 lsm=selinux res=1
06-13 19:03:59.485 1 1 I selinux : SELinux: Loaded file_contexts
06-13 19:03:59.485 1 1 I selinux :
06-13 19:03:59.563 1 1 I init : init second stage started!
06-13 19:03:59.628 1 1 I init : Using Android DT directory /proc/device-tree/firmware/android/
06-13 19:03:59.636 1 1 W init : Overriding previous property 'persist.sys.usb.config':'none' with new value 'adb'
06-13 19:03:59.637 1 1 W init : Overriding previous property 'persist.sys.usb.config':'adb' with new value 'none'
06-13 19:03:59.637 1 1 W init : Couldn't load property file '/vendor/default.prop': open() failed: No such file or directory: No such file or directory
06-13 19:03:59.643 1 1 W init : Couldn't load property file '/odm_dlkm/etc/build.prop': open() failed: No such file or directory: No such file or directory
06-13 19:03:59.645 1 1 W init : Couldn't load property file '/oem/build.prop': open() failed: No such file or directory: No such file or directory
06-13 19:03:59.646 1 1 E init : Could not set 'ro.boot.dynamic_partitions' to 'true' while loading .prop filesRead-only property was already set
06-13 19:03:59.660 1 1 E init : Could not set 'ro.boot.dynamic_partitions_retrofit' to 'true' while loading .prop filesRead-only property was already set
06-13 19:03:59.676 1 1 I init : Setting product property ro.product.brand to 'Dangbei' (from ro.product.product.brand)
06-13 19:03:59.680 1 1 I init : type=1400 audit(0.0:3): avc: denied { relabelto } for name="kmsg_debug" dev="tmpfs" ino=1721 scontext=u:r:init:s0 tcontext=u:object_r:kmsg_debug_device:s0 tclass=chr_file permissive=1
06-13 19:03:59.732 1 1 I /system/bin/init: type=1107 audit(0.0:4): uid=0 auid=4294967295 ses=4294967295 subj=u:r:init:s0 msg='avc: denied { read } for property=init.svc.bootanim pid=0 uid=0 gid=0 scontext=u:r:vendor_init:s0 tcontext=u:object_r:init_service_status_private_prop:s0 tclass=file permissive=1'
06-13 19:03:59.790 1 1 E cgroup1 : Unknown subsys name 'blkio'
06-13 19:03:59.799 1 1 E cgroup1 : Unknown subsys name 'memory'
06-13 19:03:59.808 1 1 I init : type=1400 audit(0.0:5): avc: denied { add_name } for name="prefetch_cluster" scontext=u:r:init:s0 tcontext=u:object_r:sysfs:s0 tclass=dir permissive=1
06-13 19:04:00.010 172 172 I ueventd : ueventd started!
06-13 19:04:00.015 172 172 I selinux : SELinux: Loaded file_contexts
06-13 19:04:00.015 172 172 I selinux :
06-13 19:04:00.015 172 172 I ueventd : Parsing file /system/etc/ueventd.rc...
06-13 19:04:00.016 172 172 I ueventd : Added '/vendor/etc/ueventd.rc' to import list
06-13 19:04:00.016 172 172 I ueventd : Added '/odm/etc/ueventd.rc' to import list
06-13 19:04:00.016 172 172 I ueventd : Parsing file /vendor/etc/ueventd.rc...
06-13 19:04:00.017 172 172 I ueventd : Unable to read config file '/vendor/etc/ueventd.rc': open() failed: No such file or directory
06-13 19:04:00.017 172 172 I ueventd : Parsing file /odm/etc/ueventd.rc...
06-13 19:04:00.017 172 172 I ueventd : Unable to read config file '/odm/etc/ueventd.rc': open() failed: No such file or directory
06-13 19:04:00.040 175 175 I init : type=1400 audit(0.0:6): avc: denied { write } for name="kmsg_debug" dev="tmpfs" ino=1721 scontext=u:r:init:s0 tcontext=u:object_r:kmsg_debug_device:s0 tclass=chr_file permissive=1
06-13 19:04:00.040 175 175 I init : type=1400 audit(0.0:7): avc: denied { open } for path="/dev/kmsg_debug" dev="tmpfs" ino=1721 scontext=u:r:init:s0 tcontext=u:object_r:kmsg_debug_device:s0 tclass=chr_file permissive=1
06-13 19:04:00.136 1 1 I init : type=1400 audit(0.0:8): avc: denied { mount } for name="/" dev="debugfs" ino=1 scontext=u:r:init:s0 tcontext=u:object_r:debugfs:s0 tclass=filesystem permissive=1
06-13 19:04:00.277 169 169 I sunxi-rfkill soc@3000000: rfkill: module version: v1.0.9
06-13 19:04:00.277 169 169 I sunxi-rfkill soc@3000000: rfkill: chip_en gpio=211 assert=1
06-13 19:04:00.277 169 169 E sunxi-rfkill soc@3000000: rfkill: get gpio power_en failed
06-13 19:04:00.285 169 169 I sunxi-rfkill soc@3000000: rfkill: wlan_busnum (1)
06-13 19:04:00.285 169 169 W sunxi-rfkill soc@3000000: rfkill: Missing wlan_power.
06-13 19:04:00.285 169 169 I sunxi-rfkill soc@3000000: rfkill: wlan clock[0] (osc32k-out)
06-13 19:04:00.285 169 169 I sunxi-rfkill soc@3000000: rfkill: wlan_regon gpio=210 assert=1
06-13 19:04:00.285 169 169 I sunxi-rfkill soc@3000000: rfkill: wlan_hostwake gpio=207 assert=1
06-13 19:04:00.285 169 169 I sunxi-rfkill soc@3000000: rfkill: wakeup source is enabled
06-13 19:04:00.286 169 169 W sunxi-rfkill soc@3000000: rfkill: Missing bt_power.
06-13 19:04:00.286 169 169 I sunxi-rfkill soc@3000000: rfkill: bt clock[0] (osc32k-out)
06-13 19:04:00.286 169 169 E sunxi-rfkill soc@3000000: rfkill: get gpio bt_rst failed
06-13 19:04:00.406 1 1 I : Registered swp emulation handler
06-13 19:04:00.444 169 169 I init : type=1400 audit(0.0:9): avc: denied { add_name } for name="comp_algorithm" scontext=u:r:vendor_init:s0 tcontext=u:object_r:sysfs_zram:s0 tclass=dir permissive=1
06-13 19:04:00.444 169 169 I init : type=1400 audit(0.0:10): avc: denied { create } for name="comp_algorithm" scontext=u:r:vendor_init:s0 tcontext=u:object_r:sysfs_zram:s0 tclass=file permissive=1
06-13 19:04:00.469 184 184 I logd.auditd: start
06-13 19:04:00.496 186 186 W SELinux : Multiple same specifications for softwinner\.multiir.
06-13 19:04:00.500 186 186 I SELinux : SELinux: Loaded service_contexts from:
06-13 19:04:00.500 186 186 I SELinux : /system/etc/selinux/plat_service_contexts
06-13 19:04:00.500 186 186 I SELinux : /system_ext/etc/selinux/system_ext_service_contexts
06-13 19:04:00.500 186 186 I SELinux : /vendor/etc/selinux/vendor_service_contexts
06-13 19:04:00.503 187 187 I hwservicemanager: getDeviceHalManifest: Reading VINTF information.
06-13 19:04:00.506 188 188 I SELinux : SELinux: Loaded service_contexts from:
06-13 19:04:00.506 188 188 I SELinux : /vendor/etc/selinux/vndservice_contexts
06-13 19:04:00.512 195 195 I format_device: Don't need to format /dev/block/by-name/Reserve0
06-13 19:04:00.524 1 1 I fsck.f2fs: Info: Fix the reported corruption.
06-13 19:04:00.525 1 1 I fsck.f2fs: Info: No support kernel version!
06-13 19:04:00.525 1 1 I fsck.f2fs: Info: Segments per section = 1
06-13 19:04:00.525 1 1 I fsck.f2fs: Info: Sections per zone = 1
06-13 19:04:00.525 1 1 I fsck.f2fs: Info: sector size = 512
06-13 19:04:00.525 1 1 I fsck.f2fs: Info: total sectors = 53984223 (26359 MB)
06-13 19:04:00.526 1 1 I fsck.f2fs: Info: MKFS version
06-13 19:04:00.526 1 1 I fsck.f2fs: "5.4.125+"
06-13 19:04:00.526 1 1 I fsck.f2fs: Info: FSCK version
06-13 19:04:00.526 1 1 I fsck.f2fs: from "5.4.125+"
06-13 19:04:00.527 187 187 I hwservicemanager: getDeviceHalManifest: Successfully processed VINTF information
06-13 19:04:00.527 187 187 I hwservicemanager: getFrameworkHalManifest: Successfully processed VINTF information
06-13 19:04:00.529 187 187 I hwservicemanager: hwservicemanager is ready now.
06-13 19:04:00.534 1 1 I F2FS-fs (mmcblk0p25): Using encoding defined by superblock: utf8-12.1.0 with flags 0x0 --------- beginning of system
06-13 19:04:00.555 194 194 I vold : Vold 3.0 (the awakening) firing up
06-13 19:04:00.556 194 194 D vold : Detected support for: ext4 f2fs vfat
06-13 19:04:00.562 194 194 D vold : Found unmanaged dm device named vendor_b-cow
06-13 19:04:00.562 194 194 D vold : Found unmanaged dm device named system_b
06-13 19:04:00.562 194 194 D vold : Found unmanaged dm device named vendor_dlkm_b
06-13 19:04:00.562 194 194 D vold : Found unmanaged dm device named vendor_b
06-13 19:04:00.568 1 1 I F2FS-fs (mmcblk0p25): Mounted with checkpoint version = 15f703b0
06-13 19:04:00.562 194 194 D vold : Found unmanaged dm device named vendor_dlkm_b-cow
06-13 19:04:00.562 194 194 D vold : Found unmanaged dm device named product_b-cow
06-13 19:04:00.562 194 194 D vold : Found unmanaged dm device named product_b
06-13 19:04:00.562 194 194 D vold : Found unmanaged dm device named system_b-cow
06-13 19:04:00.568 194 194 D vold : VoldNativeService::start() completed OK
06-13 19:04:00.604 1 1 I init : type=1400 audit(0.0:11): avc: denied { getattr } for path="/sys/kernel/debug/devices_deferred" dev="debugfs" ino=5719 scontext=u:r:init:s0 tcontext=u:object_r:debugfs:s0 tclass=file permissive=1
06-13 19:04:00.604 1 1 I init : type=1400 audit(0.0:12): avc: denied { getattr } for path="/sys/kernel/debug/wakeup_sources" dev="debugfs" ino=2050 scontext=u:r:init:s0 tcontext=u:object_r:debugfs_wakeup_sources:s0 tclass=file permissive=1
06-13 19:04:00.723 213 213 D tee_supplicant: using device "/dev/teepriv0"
06-13 19:04:00.724 213 213 D tee_supplicant: looping
06-13 19:04:00.729 211 211 E cutils-trace: Error opening trace file: No such file or directory (2)
06-13 19:04:00.732 187 187 E cutils-trace: Error opening trace file: No such file or directory (2)
06-13 19:04:00.731 209 209 E cutils-trace: Error opening trace file: No such file or directory (2)
06-13 19:04:00.734 209 209 I HidlServiceManagement: Registered android.system.suspend@1.0::ISystemSuspend/default
06-13 19:04:00.734 209 209 I HidlServiceManagement: Removing namespace from process name android.system.suspend@1.0-service to suspend@1.0-service.
06-13 19:04:00.743 214 214 I fsverity_init: LoadKeyFromFile path=/system/etc/security/fsverity/fsverity-release.x509.der keyname=fsv_system_0
06-13 19:04:00.744 211 211 I HidlServiceManagement: Registered android.hardware.boot@1.2::IBootControl/default
06-13 19:04:00.744 211 211 I HidlServiceManagement: Removing namespace from process name android.hardware.boot@1.2-service to boot@1.2-service.
06-13 19:04:00.745 211 211 I LegacySupport: Registration complete for android.hardware.boot@1.0::IBootControl/default.
06-13 19:04:00.766 169 169 W mali_kbase: loading out-of-tree module taints kernel.
06-13 19:04:00.771 212 212 I android.hardware.security.keymint-service: adding keymint service instance: android.hardware.security.keymint.IKeyMintDevice/default
06-13 19:04:00.773 186 186 I servicemanager: getDeviceHalManifest: Reading VINTF information.
06-13 19:04:00.781 186 186 I servicemanager: getDeviceHalManifest: Successfully processed VINTF information
06-13 19:04:00.782 186 186 I servicemanager: getFrameworkHalManifest: Reading VINTF information.
06-13 19:04:00.785 186 186 I servicemanager: getFrameworkHalManifest: Successfully processed VINTF information
06-13 19:04:00.786 186 186 I servicemanager: Found android.hardware.security.keymint.IKeyMintDevice/default in device VINTF manifest.
06-13 19:04:00.786 212 212 I android.hardware.security.keymint-service: adding keymint service instance: android.hardware.security.secureclock.ISecureClock/default
06-13 19:04:00.787 186 186 I servicemanager: Found android.hardware.security.secureclock.ISecureClock/default in device VINTF manifest.
06-13 19:04:00.787 212 212 I android.hardware.security.keymint-service: adding keymint service instance: android.hardware.security.sharedsecret.ISharedSecret/default
06-13 19:04:00.787 186 186 I servicemanager: Found android.hardware.security.sharedsecret.ISharedSecret/default in device VINTF manifest.
06-13 19:04:00.788 212 212 I android.hardware.security.keymint-service: adding keymint service instance: android.hardware.security.keymint.IRemotelyProvisionedComponent/default
06-13 19:04:00.788 186 186 I servicemanager: Found android.hardware.security.keymint.IRemotelyProvisionedComponent/default in device VINTF manifest.
06-13 19:04:00.805 169 169 I mali 1800000.gpu: Regulators probed: 0
06-13 19:04:00.805 169 169 I mali 1800000.gpu: Clocks probed: 2
06-13 19:04:00.807 169 169 I mali 1800000.gpu: [950mv-600MHz] bak[950mv-600MHz] inde_power:0 idle:1 dvfs:1
06-13 19:04:00.807 169 169 I mali 1800000.gpu: GPU identified as 0x3 arch 7.0.9 r0p0 status 0
06-13 19:04:00.807 169 169 I mali 1800000.gpu: No memory group manager is configured
06-13 19:04:00.808 169 169 I mali 1800000.gpu: Using configured power model mali-simple-power-model, and fallback mali-simple-power-model
06-13 19:04:00.809 169 169 I mali 1800000.gpu: Probed as mali0
06-13 19:04:00.827 210 210 I keystore2: keystore2_main: Keystore2 is starting.
06-13 19:04:00.831 194 194 I Checkpoint: cp_prepareCheckpoint called
06-13 19:04:00.834 210 210 I keystore2: keystore2_main: Starting thread pool now.
06-13 19:04:00.835 210 221 I keystore2: getDeviceHalManifest: Reading VINTF information.
06-13 19:04:00.845 210 221 I keystore2: getDeviceHalManifest: Successfully processed VINTF information
06-13 19:04:00.863 224 224 I tombstoned: tombstoned successfully initialized
06-13 19:04:00.872 194 194 I incfs : Initial API level of the device: 31
06-13 19:04:00.872 194 194 I incfs : ro.incremental.enable: module:/vendor/lib/modules/incrementalfs.ko
06-13 19:04:00.872 194 194 I incfs : isFsAvailable: false
06-13 19:04:00.873 194 194 I incfs : isFsAvailable: false
06-13 19:04:00.873 194 194 E incfs : could not open IncFs kernel module "/vendor/lib/modules/incrementalfs.ko": No such file or directory
06-13 19:04:00.873 194 194 E incfs : IncFs_Features: failed to open features dir, assuming v1/none.: No such file or directory
06-13 19:04:00.873 194 194 I ServiceManager: Waiting for service 'android.security.maintenance' on '/dev/binder'...
06-13 19:04:01.347 210 225 W keystore2: keystore2::watchdog: Keystore Watchdog report:
06-13 19:04:01.347 210 225 W keystore2: keystore2::watchdog: Overdue records:
06-13 19:04:01.347 210 225 W keystore2: keystore2::watchdog: ThreadId(1) In connect_keymint: calling getHardwareInfo() Pending: 500.291875ms Overdue 295.292µs
06-13 19:04:02.347 210 225 W keystore2: keystore2::watchdog: Keystore Watchdog report:
06-13 19:04:02.347 210 225 W keystore2: keystore2::watchdog: Overdue records:
06-13 19:04:02.347 210 225 W keystore2: keystore2::watchdog: ThreadId(1) In connect_keymint: calling getHardwareInfo() Pending: 1.500508959s Overdue 1.000512209s
06-13 19:04:03.184 0 0 I [ C1] random: crng init done
06-13 19:04:03.184 0 0 I [ C1] random: 7 urandom warning(s) missed due to ratelimiting
06-13 19:04:03.184 210 221 I keystore2: keystore2::shared_secret_negotiation: Shared secret negotiation concluded successfully.
06-13 19:04:03.186 210 210 E cutils-trace: Error opening trace file: No such file or directory (2)
06-13 19:04:03.188 187 187 I hwservicemanager: getTransport: Cannot find entry android.hardware.keymaster@4.0::IKeymasterDevice/default in either framework or device VINTF manifest.
06-13 19:04:03.188 187 187 I hwservicemanager: getTransport: Cannot find entry android.hardware.keymaster@3.0::IKeymasterDevice/default in either framework or device VINTF manifest.
06-13 19:04:03.189 186 186 I servicemanager: Found android.system.keystore2.IKeystoreService/default in framework VINTF manifest.
06-13 19:04:03.192 210 210 I keystore2: keystore2_main: Successfully registered Keystore 2.0 service.
06-13 19:04:03.192 210 210 I keystore2: keystore2_main: Joining thread pool now.
06-13 19:04:03.283 194 194 I ServiceManager: Waiting for service 'android.security.maintenance' on '/dev/binder' successful after waiting 2410ms
06-13 19:04:03.285 210 210 I keystore2: keystore2::maintenance: In early_boot_ended.
06-13 19:04:03.301 210 210 I keystore2: keystore2::globals: Touching Keystore 2.0 database for this first time since boot.
06-13 19:04:03.301 210 210 I keystore2: keystore2::globals: Calling cleanup leftovers.
06-13 19:04:03.305 210 210 I keystore2: keystore2::super_key: Starting boot level watcher.
06-13 19:04:03.306 210 210 E keystore2: keystore2::maintenance: Call to earlyBootEnded failed for security level TRUSTED_ENVIRONMENT: In keymint device: calling earlyBootEnded.
06-13 19:04:03.306 210 230 I keystore2: keystore2::super_key: Read keystore.boot_level value 30
06-13 19:04:03.307 210 230 I keystore2: keystore2::super_key: Read keystore.boot_level value 30
06-13 19:04:03.307 187 187 I hwservicemanager: getTransport: Cannot find entry android.hardware.keymaster@4.0::IKeymasterDevice/default in either framework or device VINTF manifest.
06-13 19:04:03.308 187 187 I hwservicemanager: getTransport: Cannot find entry android.hardware.keymaster@3.0::IKeymasterDevice/default in either framework or device VINTF manifest.
06-13 19:04:03.308 210 210 E keystore2: keystore2::maintenance: Call to earlyBootEnded failed for security level STRONGBOX: In call_with_watchdog: getting keymint device.
06-13 19:04:03.308 210 210 E keystore2: keystore2::error: In keymint device: calling earlyBootEnded
06-13 19:04:03.308 210 210 E keystore2:
06-13 19:04:03.308 210 210 E keystore2: Caused by:
06-13 19:04:03.308 210 210 E keystore2: Error::Km(ErrorCode(-1000))
06-13 19:04:03.308 194 194 E vold : keystore2 Keystore earlyBootEnded returned service specific error: -1000
06-13 19:04:03.353 231 231 I apexd : This device does not support updatable APEX. Exiting
06-13 19:04:03.354 231 231 I apexd : Marking APEXd as activated
06-13 19:04:03.421 233 233 I derive_sdk: Read version 1 from 7
06-13 19:04:03.422 233 233 I derive_sdk: Read version 1 from 5
06-13 19:04:03.422 233 233 I derive_sdk: Read version 1 from 9
06-13 19:04:03.423 233 233 I derive_sdk: Read version 1 from 4
06-13 19:04:03.423 233 233 I derive_sdk: Read version 1 from 6
06-13 19:04:03.423 233 233 I derive_sdk: Read version 1 from 3
06-13 19:04:03.424 233 233 I derive_sdk: Read version 1 from 2
06-13 19:04:03.424 233 233 I derive_sdk: Read version 1 from 1
06-13 19:04:03.424 233 233 I derive_sdk: Read version 1 from 10
06-13 19:04:03.425 233 233 I derive_sdk: Read version 1 from 8
06-13 19:04:03.425 233 233 I derive_sdk: R extension version is 1
06-13 19:04:03.426 233 233 I derive_sdk: S extension version is 1
06-13 19:04:03.450 194 194 D vold : fscrypt_init_user0
06-13 19:04:03.450 194 194 D vold : fscrypt_prepare_user_storage for volume null, user 0, serial 0, flags 1
06-13 19:04:03.450 194 194 D vold : Preparing: /data/system/users/0
06-13 19:04:03.456 234 234 D vdc : Waited 0ms for vold
06-13 19:04:03.451 194 194 D vold : Preparing: /data/misc/profiles/cur/0
06-13 19:04:03.451 194 194 D vold : Preparing: /data/system_de/0
06-13 19:04:03.451 194 194 D vold : Preparing: /data/misc_de/0
06-13 19:04:03.452 194 194 D vold : Preparing: /data/vendor_de/0
06-13 19:04:03.452 194 194 D vold : Preparing: /data/user_de/0
06-13 19:04:03.452 194 194 D vold : /system/bin/vold_prepare_subdirs
06-13 19:04:03.452 194 194 D vold : prepare
06-13 19:04:03.452 194 194 D vold :
06-13 19:04:03.452 194 194 D vold : 0
06-13 19:04:03.452 194 194 D vold : 1
06-13 19:04:03.484 235 235 D vold_prepare_subdirs: Setting up mode 771 uid 1000 gid 1000 context u:object_r:system_data_file:s0:c512,c768 on path: /data/user_de/0
06-13 19:04:03.485 235 235 D vold_prepare_subdirs: Setting up mode 700 uid 0 gid 0 context u:object_r:vold_data_file:s0 on path: /data/misc_de/0/vold
06-13 19:04:03.486 235 235 D vold_prepare_subdirs: Setting up mode 700 uid 0 gid 0 context u:object_r:storaged_data_file:s0 on path: /data/misc_de/0/storaged
06-13 19:04:03.486 235 235 D vold_prepare_subdirs: Setting up mode 700 uid 0 gid 0 context u:object_r:rollback_data_file:s0 on path: /data/misc_de/0/rollback
06-13 19:04:03.487 235 235 D vold_prepare_subdirs: Setting up mode 700 uid 0 gid 0 context u:object_r:apex_rollback_data_file:s0 on path: /data/misc_de/0/apexrollback
06-13 19:04:03.487 235 235 D vold_prepare_subdirs: Setting up mode 711 uid 0 gid 0 context u:object_r:apex_module_data_file:s0 on path: /data/misc_de/0/apexdata
06-13 19:04:03.488 235 235 D vold_prepare_subdirs: Setting up mode 771 uid 0 gid 1000 context u:object_r:apex_wifi_data_file:s0 on path: /data/misc_de/0/apexdata/com.android.wifi
06-13 19:04:03.489 235 235 D vold_prepare_subdirs: Setting up mode 771 uid 0 gid 1000 context u:object_r:apex_module_data_file:s0 on path: /data/misc_de/0/apexdata/com.android.vndk.v31
06-13 19:04:03.489 235 235 D vold_prepare_subdirs: Setting up mode 771 uid 0 gid 1000 context u:object_r:apex_module_data_file:s0 on path: /data/misc_de/0/apexdata/com.android.tzdata
06-13 19:04:03.490 235 235 D vold_prepare_subdirs: Setting up mode 771 uid 0 gid 1000 context u:object_r:apex_module_data_file:s0 on path: /data/misc_de/0/apexdata/com.android.tethering
06-13 19:04:03.491 235 235 D vold_prepare_subdirs: Setting up mode 771 uid 0 gid 1000 context u:object_r:apex_module_data_file:s0 on path: /data/misc_de/0/apexdata/com.android.sdkext
06-13 19:04:03.491 235 235 D vold_prepare_subdirs: Setting up mode 771 uid 0 gid 1000 context u:object_r:apex_module_data_file:s0 on path: /data/misc_de/0/apexdata/com.android.scheduling
06-13 19:04:03.492 235 235 D vold_prepare_subdirs: Setting up mode 771 uid 0 gid 1000 context u:object_r:apex_module_data_file:s0 on path: /data/misc_de/0/apexdata/com.android.runtime
06-13 19:04:03.492 235 235 D vold_prepare_subdirs: Setting up mode 771 uid 0 gid 1000 context u:object_r:apex_module_data_file:s0 on path: /data/misc_de/0/apexdata/com.android.resolv
06-13 19:04:03.493 235 235 D vold_prepare_subdirs: Setting up mode 771 uid 0 gid 1000 context u:object_r:apex_permission_data_file:s0 on path: /data/misc_de/0/apexdata/com.android.permission
06-13 19:04:03.493 235 235 D vold_prepare_subdirs: Setting up mode 771 uid 0 gid 1000 context u:object_r:apex_module_data_file:s0 on path: /data/misc_de/0/apexdata/com.android.os.statsd
06-13 19:04:03.494 235 235 D vold_prepare_subdirs: Setting up mode 771 uid 0 gid 1000 context u:object_r:apex_module_data_file:s0 on path: /data/misc_de/0/apexdata/com.android.neuralnetworks
06-13 19:04:03.495 235 235 D vold_prepare_subdirs: Setting up mode 771 uid 0 gid 1000 context u:object_r:apex_module_data_file:s0 on path: /data/misc_de/0/apexdata/com.android.mediaprovider
06-13 19:04:03.495 235 235 D vold_prepare_subdirs: Setting up mode 771 uid 0 gid 1000 context u:object_r:apex_module_data_file:s0 on path: /data/misc_de/0/apexdata/com.android.media.swcodec
06-13 19:04:03.496 235 235 D vold_prepare_subdirs: Setting up mode 771 uid 0 gid 1000 context u:object_r:apex_module_data_file:s0 on path: /data/misc_de/0/apexdata/com.android.media
06-13 19:04:03.497 235 235 D vold_prepare_subdirs: Setting up mode 771 uid 0 gid 1000 context u:object_r:apex_module_data_file:s0 on path: /data/misc_de/0/apexdata/com.android.ipsec
06-13 19:04:03.497 235 235 D vold_prepare_subdirs: Setting up mode 771 uid 0 gid 1000 context u:object_r:apex_module_data_file:s0 on path: /data/misc_de/0/apexdata/com.android.i18n
06-13 19:04:03.498 235 235 D vold_prepare_subdirs: Setting up mode 771 uid 0 gid 1000 context u:object_r:apex_module_data_file:s0 on path: /data/misc_de/0/apexdata/com.android.extservices
06-13 19:04:03.498 235 235 D vold_prepare_subdirs: Setting up mode 771 uid 0 gid 1000 context u:object_r:apex_module_data_file:s0 on path: /data/misc_de/0/apexdata/com.android.conscrypt
06-13 19:04:03.499 235 235 D vold_prepare_subdirs: Setting up mode 771 uid 0 gid 1000 context u:object_r:apex_module_data_file:s0 on path: /data/misc_de/0/apexdata/com.android.art
06-13 19:04:03.499 235 235 D vold_prepare_subdirs: Setting up mode 771 uid 0 gid 1000 context u:object_r:apex_module_data_file:s0 on path: /data/misc_de/0/apexdata/com.android.appsearch
06-13 19:04:03.500 235 235 D vold_prepare_subdirs: Setting up mode 771 uid 0 gid 1000 context u:object_r:apex_module_data_file:s0 on path: /data/misc_de/0/apexdata/com.android.adbd
06-13 19:04:03.501 235 235 D vold_prepare_subdirs: Setting up mode 771 uid 1000 gid 1000 context u:object_r:user_profile_root_file:s0:c512,c768 on path: /data/misc/profiles/cur/0
06-13 19:04:03.501 235 235 D vold_prepare_subdirs: Setting up mode 700 uid 1000 gid 1000 context u:object_r:fingerprint_vendor_data_file:s0 on path: /data/vendor_de/0/fpdata
06-13 19:04:03.502 235 235 D vold_prepare_subdirs: Setting up mode 700 uid 1000 gid 1000 context u:object_r:face_vendor_data_file:s0 on path: /data/vendor_de/0/facedata
06-13 19:04:03.503 194 194 D vold : fscrypt_unlock_user_key 0 serial=0
06-13 19:04:03.526 237 237 I derive_classpath: ParseFragments for bootclasspath
06-13 19:04:03.536 237 237 I derive_classpath: ReadClasspathFragment /apex/com.android.art/etc/classpaths/bootclasspath.pb
06-13 19:04:03.536 237 237 I derive_classpath: ReadClasspathFragment /system/etc/classpaths/bootclasspath.pb
06-13 19:04:03.538 237 237 I derive_classpath: ReadClasspathFragment /apex/com.android.appsearch/etc/classpaths/bootclasspath.pb
06-13 19:04:03.538 237 237 I derive_classpath: ReadClasspathFragment /apex/com.android.conscrypt/etc/classpaths/bootclasspath.pb
06-13 19:04:03.538 237 237 I derive_classpath: ReadClasspathFragment /apex/com.android.i18n/etc/classpaths/bootclasspath.pb
06-13 19:04:03.539 237 237 I derive_classpath: ReadClasspathFragment /apex/com.android.ipsec/etc/classpaths/bootclasspath.pb
06-13 19:04:03.539 237 237 I derive_classpath: ReadClasspathFragment /apex/com.android.media/etc/classpaths/bootclasspath.pb
06-13 19:04:03.540 237 237 I derive_classpath: ReadClasspathFragment /apex/com.android.mediaprovider/etc/classpaths/bootclasspath.pb
06-13 19:04:03.540 237 237 I derive_classpath: ReadClasspathFragment /apex/com.android.os.statsd/etc/classpaths/bootclasspath.pb
