06-13 19:04:23.217 479 609 D SupplicantStaNetworkHal: Protocols: WPA RSN
06-13 19:04:23.217 479 609 D SupplicantStaNetworkHal: AuthAlgorithms:
06-13 19:04:23.217 479 609 D SupplicantStaNetworkHal: PairwiseCiphers: TKIP CCMP
06-13 19:04:23.217 479 609 D SupplicantStaNetworkHal: GroupCiphers: WEP40 WEP104 TKIP CCMP
06-13 19:04:23.217 479 609 D SupplicantStaNetworkHal: GroupMgmtCiphers:
06-13 19:04:23.217 479 609 D SupplicantStaNetworkHal: SuiteBCiphers:
06-13 19:04:23.217 479 609 D SupplicantStaNetworkHal: RequirePmf: false
06-13 19:04:23.217 479 609 D SupplicantStaNetworkHal: IsAddedByAutoUpgrade: false
06-13 19:04:23.217 479 609 D SupplicantStaNetworkHal: IsSaeH2eOnlyMode: false
06-13 19:04:23.217 479 609 D SupplicantStaNetworkHal: IsSaePkOnlyMode: false
06-13 19:04:23.220 1732 1732 I HibernationPolicy: scheduleHibernationJob with frequency 1296000000ms and threshold 7776000000ms
06-13 19:04:23.223 1732 1732 I HibernationPolicy: user 0 is a profileowner. Running hibernation job.
06-13 19:04:23.228 1732 1732 I HibernationPolicy: Job already scheduled.
06-13 19:04:23.234 479 1371 D CompatibilityChangeReporter: Compat change id reported: 135634846; UID 10022; state: DISABLED
06-13 19:04:23.234 479 1371 D CompatibilityChangeReporter: Compat change id reported: 177438394; UID 10022; state: DISABLED
06-13 19:04:23.235 479 1371 D CompatibilityChangeReporter: Compat change id reported: 135772972; UID 10022; state: DISABLED
06-13 19:04:23.235 479 1371 D CompatibilityChangeReporter: Compat change id reported: 135754954; UID 10022; state: ENABLED
06-13 19:04:23.236 479 543 D CompatibilityChangeReporter: Compat change id reported: 143937733; UID 10022; state: ENABLED
06-13 19:04:23.269 249 249 D Zygote : Forked child process 1785
06-13 19:04:23.271 479 543 I ActivityManager: app.processName = com.android.providers.calendar
06-13 19:04:23.271 479 543 I ActivityManager: Start proc 1785:com.android.providers.calendar/u0a22 for broadcast {com.android.providers.calendar/com.android.providers.calendar.CalendarReceiver}
06-13 19:04:23.281 1785 1785 I Zygote : seccomp disabled by setenforce 0
06-13 19:04:23.299 1090 1170 D AppManager: checkLocalAppsIsValid:
06-13 19:04:23.310 1238 1238 I wpa_supplicant: wlan0: Trying to associate with 8c:7a:15:3e:ad:5d (SSID='DB-AN' freq=5280 MHz)
06-13 19:04:23.319 402 419 I adbd : jdwp connection from 1785
06-13 19:04:23.324 479 609 D WifiCountryCode: evaluateAllCmmStateAndApplyIfAllReady: {ConcreteClientModeManager{id=17701 iface=wlan0 role=ROLE_CLIENT_PRIMARY}=false}
06-13 19:04:23.326 479 609 D WifiClientModeImpl[wlan0]: Start Connecting Watchdog 1
06-13 19:04:23.341 1207 1207 D RockyReceiver: action: android.net.wifi.STATE_CHANGE
06-13 19:04:23.351 479 648 W HdmiCecController: Failed to send 40:8F with errorCode=1
06-13 19:04:23.351 479 1368 E ConnectivityService: Exception = android.content.pm.PackageManager$NameNotFoundException: android.net.cts
06-13 19:04:23.377 1238 1238 I wpa_supplicant: wlan0: Associated with 8c:7a:15:3e:ad:5d
06-13 19:04:23.377 1238 1238 I wpa_supplicant: wlan0: CTRL-EVENT-SUBNET-STATUS-UPDATE status=0
06-13 19:04:23.378 1238 1238 I wpa_supplicant: wlan0: CTRL-EVENT-REGDOM-CHANGE init=COUNTRY_IE type=COUNTRY alpha2=US
06-13 19:04:23.383 389 389 I wificond: Regulatory domain changed to country: US on wiphy_index: 0
06-13 19:04:23.391 1238 1238 I wpa_supplicant: wlan0: WPA: RX message 1 of 4-Way Handshake from 8c:7a:15:3e:ad:5d (ver=2)
06-13 19:04:23.392 1238 1238 I wpa_supplicant: wlan0: WPA: Sending EAPOL-Key 2/4
06-13 19:04:23.392 389 389 I wificond: 2.4Ghz frequencies: 2412 2417 2422 2427 2432 2437 2442 2447 2452 2457 2462
06-13 19:04:23.393 389 389 I wificond: 5Ghz non-DFS frequencies: 5180 5200 5220 5240 5745 5765 5785 5805 5825
06-13 19:04:23.393 389 389 I wificond: 5Ghz DFS frequencies: 5260 5280 5300 5320 5500 5520 5540 5560 5580 5600 5620 5640 5660 5680 5700 5720
06-13 19:04:23.393 389 389 I wificond: 6Ghz frequencies:
06-13 19:04:23.393 389 389 I wificond: 60Ghz frequencies:
06-13 19:04:23.394 1238 1238 I wpa_supplicant: wlan0: WPA: RX message 3 of 4-Way Handshake from 8c:7a:15:3e:ad:5d (ver=2)
06-13 19:04:23.394 1238 1238 I wpa_supplicant: wlan0: WPA: Sending EAPOL-Key 4/4
06-13 19:04:23.399 1238 1238 I wpa_supplicant: wlan0: WPA: Key negotiation completed with 8c:7a:15:3e:ad:5d [PTK=CCMP GTK=TKIP]
06-13 19:04:23.399 1238 1238 I wpa_supplicant: wlan0: CTRL-EVENT-CONNECTED - Connection to 8c:7a:15:3e:ad:5d completed [id=0 id_str=%7B%22configKey%22%3A%22%5C%22DB-AN%5C%22WPA_PSK%22%2C%22creatorUid%22%3A%2210031%22%7D]
06-13 19:04:23.424 1207 1207 D RockyReceiver: action: android.net.wifi.STATE_CHANGE
06-13 19:04:23.426 479 1269 D WifiNl80211Manager: OnRegDomainChanged US
06-13 19:04:23.427 479 1368 E ConnectivityService: Exception = android.content.pm.PackageManager$NameNotFoundException: android.net.cts
06-13 19:04:23.427 479 1269 D WifiNative: onCountryCodeChanged: US
06-13 19:04:23.427 479 1269 I WifiCountryCode: Receive onDriverCountryCodeChanged US
06-13 19:04:23.438 479 521 I EthernetTracker: interfaceLinkStateChanged, iface: wlan0, up: true
06-13 19:04:23.438 479 521 W PppoeNetworkFactory: interfaceLinkStateChanged
06-13 19:04:23.438 479 521 D PppoeNetworkFactory: updateInterface: mIface: mPhyIface:eth0 iface:wlan0 link:up
06-13 19:04:23.438 479 521 D PppoeNetworkFactory: not tracker interface
06-13 19:04:23.441 479 1371 D CompatibilityChangeReporter: Compat change id reported: 168419799; UID 10022; state: DISABLED
06-13 19:04:23.456 269 269 I EventThread: type=1400 audit(0.0:511): avc: denied { search } for name="extcon" dev="sysfs" ino=18109 scontext=u:r:hal_tv_cec_default:s0 tcontext=u:object_r:sysfs_extcon:s0 tclass=dir permissive=1
06-13 19:04:23.486 367 367 W hdr10p_Configure: 237 callbacks suppressed
06-13 19:04:23.486 367 367 I : DVI mode selected: packets not configured
06-13 19:04:23.486 367 367 W set_vsif_config: 237 callbacks suppressed
06-13 19:04:23.486 367 367 I : Error: set vsif failed
06-13 19:04:23.486 1090 1530 E hq : ErrorCoroutineExceptionHandler:::runTry error:java.net.UnknownHostException: Unable to resolve host "ottdbui-tyapiqun7.yysh.mgtv.com": No address associated with hostname from=requestAppUpdateInfo 2
06-13 19:04:23.493 1785 1785 D CompatibilityChangeReporter: Compat change id reported: 171979766; UID 10022; state: ENABLED
06-13 19:04:23.493 1207 1207 D RockyReceiver: action: android.net.wifi.STATE_CHANGE
06-13 19:04:23.494 479 1371 E ConnectivityService: Exception = android.content.pm.PackageManager$NameNotFoundException: android.net.cts
06-13 19:04:23.508 1090 1521 E hq : ErrorCoroutineExceptionHandler:::runTry error:java.net.UnknownHostException: Unable to resolve host "ottdbui-tyapiqun7.yysh.mgtv.com": No address associated with hostname from=requestAppUpdateInfo 2
06-13 19:04:23.523 367 367 I : DVI mode selected: packets not configured
06-13 19:04:23.523 367 367 I : Error: set vsif failed
06-13 19:04:23.529 479 609 D ConnectivityService: registerNetworkAgent NetworkAgentInfo{network{100} handle{432902426637} ni{WIFI CONNECTING extra: } Score(60 ; KeepConnected : 0 ; Policies : IS_UNMETERED) lp{{LinkAddresses: [ ] DnsAddresses: [ ] Domains: null MTU: 0 Routes: [ ]}} nc{[ Transports: WIFI Capabilities: NOT_METERED&INTERNET&NOT_RESTRICTED&TRUSTED&NOT_VPN&NOT_ROAMING&FOREGROUND&NOT_CONGESTED&NOT_SUSPENDED&NOT_VCN_MANAGED LinkUpBandwidth>=192000Kbps LinkDnBandwidth>=192000Kbps Specifier: TransportInfo: OwnerUid: 10031 AdminUids: [10031] SSID: "DB-AN"]}}
06-13 19:04:23.539 1090 1507 I dangbei ad sdk: AdSplashView::show offline ad
06-13 19:04:23.543 1238 1238 E wpa_supplicant: nl80211: kernel reports: unexpected nested data
06-13 19:04:23.562 1207 1207 D RockyReceiver: action: android.net.wifi.STATE_CHANGE
06-13 19:04:23.566 661 661 E WifiHAL : wifi_get_packet_filter_capabilities: requestResponse() error: -3
06-13 19:04:23.566 661 661 I WifiHAL : Packet filtering is not supprted
06-13 19:04:23.560 1522 1522 I net_disconnect.: type=1400 audit(0.0:512): avc: denied { execute } for name="rgb_led_ctl" dev="dm-1" ino=188 scontext=u:r:init:s0 tcontext=u:object_r:vendor_file:s0 tclass=file permissive=1
06-13 19:04:23.570 367 367 I : DVI mode selected: packets not configured
06-13 19:04:23.570 367 367 I : Error: set vsif failed
06-13 19:04:23.567 479 1368 E ConnectivityService: Exception = android.content.pm.PackageManager$NameNotFoundException: android.net.cts
06-13 19:04:23.564 1821 1821 I net_disconnect.: type=1400 audit(0.0:513): avc: denied { execute_no_trans } for path="/vendor/bin/rgb_led_ctl" dev="dm-1" ino=188 scontext=u:r:init:s0 tcontext=u:object_r:vendor_file:s0 tclass=file permissive=1
06-13 19:04:23.587 1785 1785 V GraphicsEnvironment: ANGLE Developer option for 'com.android.providers.calendar' set to: 'default'
06-13 19:04:23.587 1785 1785 V GraphicsEnvironment: Neither updatable production driver nor prerelease driver is supported.
06-13 19:04:23.589 661 661 E WifiHAL : wifi_get_link_stats: requestResponse Error:-5
06-13 19:04:23.591 479 609 E WifiVendorHal: getWifiLinkLayerStats_1_5_Internal(l.1191) failed {.code = ERROR_INVALID_ARGS, .description = }
06-13 19:04:23.592 1785 1785 D NetworkSecurityConfig: No Network Security Config specified, using platform default
06-13 19:04:23.592 1785 1785 D NetworkSecurityConfig: No Network Security Config specified, using platform default
06-13 19:04:23.614 479 609 I WifiService: onDriverCountryCodeChanged US
06-13 19:04:23.626 479 616 D ConnectivityService: [100 WIFI] EVENT_NETWORK_INFO_CHANGED, going from CONNECTING to CONNECTING
06-13 19:04:23.628 661 661 E WifiHAL : wifi_get_link_stats: requestResponse Error:-5
06-13 19:04:23.629 479 609 E WifiVendorHal: getWifiLinkLayerStats_1_5_Internal(l.1191) failed {.code = ERROR_INVALID_ARGS, .description = }
06-13 19:04:23.638 479 811 D CompatibilityChangeReporter: Compat change id reported: 171306433; UID 1073; state: ENABLED
06-13 19:04:23.640 756 756 I IpClient.wlan0: type=1400 audit(0.0:514): avc: denied { search } for name="net" dev="sysfs" ino=10442 scontext=u:r:network_stack:s0 tcontext=u:object_r:sysfs_net:s0 tclass=dir permissive=1
06-13 19:04:23.640 756 756 I IpClient.wlan0: type=1400 audit(0.0:515): avc: denied { read } for name="address" dev="sysfs" ino=16906 scontext=u:r:network_stack:s0 tcontext=u:object_r:sysfs_net:s0 tclass=file permissive=1
06-13 19:04:23.655 479 616 D ConnectivityService: NetReassign [no changes]
06-13 19:04:23.669 479 616 D ConnectivityService: NetReassign [no changes]
06-13 19:04:23.695 367 367 I : DVI mode selected: packets not configured
06-13 19:04:23.695 367 367 I : Error: set vsif failed
06-13 19:04:23.704 479 609 E WifiVendorHal: configureNeighborDiscoveryOffload(l.2704) failed {.code = ERROR_INVALID_ARGS, .description = }
06-13 19:04:23.720 367 367 I : DVI mode selected: packets not configured
06-13 19:04:23.720 367 367 I : Error: set vsif failed
06-13 19:04:23.717 1785 1785 I CalendarProvider2: Created com.android.providers.calendar.CalendarAlarmManager@da72f5(com.android.providers.calendar.CalendarProvider2@a87c88a)
06-13 19:04:23.736 1785 1839 D CompatibilityChangeReporter: Compat change id reported: 160794467; UID 10022; state: ENABLED
06-13 19:04:23.752 479 811 D CompatibilityChangeReporter: Compat change id reported: 143231523; UID 10022; state: DISABLED
06-13 19:04:23.753 367 367 I : DVI mode selected: packets not configured
06-13 19:04:23.753 367 367 I : Error: set vsif failed
06-13 19:04:23.755 479 1368 D CompatibilityChangeReporter: Compat change id reported: 171306433; UID 10022; state: ENABLED
06-13 19:04:23.787 367 367 I : DVI mode selected: packets not configured
06-13 19:04:23.787 367 367 I : Error: set vsif failed
06-13 19:04:23.791 479 1368 D CompatibilityChangeReporter: Compat change id reported: 168419799; UID 10074; state: DISABLED
06-13 19:04:23.792 479 616 D ConnectivityService: Adding iface wlan0 to network 100
06-13 19:04:23.793 248 304 E Netd : no such netId 100
06-13 19:04:23.794 479 616 W ConnectivityService: Exception adding interface: android.os.ServiceSpecificException: Machine is not on the network (code 64)
06-13 19:04:23.796 248 304 E Netd : no such netId 100
06-13 19:04:23.807 479 811 D CompatibilityChangeReporter: Compat change id reported: 135634846; UID 10020; state: DISABLED
06-13 19:04:23.807 479 811 D CompatibilityChangeReporter: Compat change id reported: 177438394; UID 10020; state: DISABLED
06-13 19:04:23.807 479 811 D CompatibilityChangeReporter: Compat change id reported: 135772972; UID 10020; state: DISABLED
06-13 19:04:23.807 479 811 D CompatibilityChangeReporter: Compat change id reported: 135754954; UID 10020; state: ENABLED
06-13 19:04:23.808 479 543 D CompatibilityChangeReporter: Compat change id reported: 143937733; UID 10020; state: ENABLED
06-13 19:04:23.820 367 367 I : DVI mode selected: packets not configured
06-13 19:04:23.820 367 367 I : Error: set vsif failed
06-13 19:04:23.821 661 661 E WifiHAL : wifi_get_link_stats: requestResponse Error:-5
06-13 19:04:23.824 479 609 E WifiVendorHal: getWifiLinkLayerStats_1_5_Internal(l.1191) failed {.code = ERROR_INVALID_ARGS, .description = }
06-13 19:04:23.827 479 616 W BestClock: java.time.DateTimeException: Missing NTP fix
06-13 19:04:23.832 249 249 D Zygote : Forked child process 1847
06-13 19:04:23.836 367 367 I : DVI mode selected: packets not configured
06-13 19:04:23.836 367 367 I : Error: set vsif failed
06-13 19:04:23.835 479 543 I ActivityManager: app.processName = com.android.providers.tv
06-13 19:04:23.835 479 543 I ActivityManager: Start proc 1847:com.android.providers.tv/u0a20 for broadcast {com.android.providers.tv/com.android.providers.tv.BootCompletedReceiver}
06-13 19:04:23.844 756 1477 D DhcpClient: Broadcasting DHCPDISCOVER
06-13 19:04:23.851 1847 1847 I Zygote : seccomp disabled by setenforce 0
06-13 19:04:23.854 1090 1170 D AppManager: checkLocalAppsIsValid: success
06-13 19:04:23.858 479 616 W BestClock: java.time.DateTimeException: Missing NTP fix
06-13 19:04:23.876 402 419 I adbd : jdwp connection from 1847
06-13 19:04:23.879 756 1477 D DhcpClient: Received packet: b4:2f:03:15:e9:b5 OFFER, ip /10.192.35.42, mask /255.255.254.0, DNS servers: /223.5.5.5 /119.29.29.29 , gateways [/10.192.35.1], lease time 86400, domain null
06-13 19:04:23.888 367 367 I : DVI mode selected: packets not configured
06-13 19:04:23.888 367 367 I : Error: set vsif failed
06-13 19:04:23.883 1090 1170 D hq : NetWorkStateReceiver:::检查网络,并且持续更新 isConnect=false
06-13 19:04:23.884 756 1477 D DhcpClient: Got pending lease: android.net.networkstack.DhcpResults@2342a4f DHCP server /10.192.35.1 Vendor info null lease 86400 seconds Servername
06-13 19:04:23.890 756 1477 D DhcpClient: Broadcasting DHCPREQUEST ciaddr=0.0.0.0 request=10.192.35.42 serverid=10.192.35.1
06-13 19:04:23.891 479 523 W IorapForwardingService: No service published for: iorapd
06-13 19:04:23.898 756 1477 D DhcpClient: Received packet: b4:2f:03:15:e9:b5 ACK: your new IP /10.192.35.42, netmask /255.255.254.0, gateways [/10.192.35.1] DNS servers: /223.5.5.5 /119.29.29.29 , lease time 86400
06-13 19:04:23.898 479 1368 D CompatibilityChangeReporter: Compat change id reported: 168419799; UID 10020; state: DISABLED
06-13 19:04:23.900 756 1477 D DhcpClient: Confirmed lease: android.net.networkstack.DhcpResults@b2f6e5 DHCP server /10.192.35.1 Vendor info null lease 86400 seconds Servername
06-13 19:04:23.909 479 607 W BestClock: java.time.DateTimeException: Missing NTP fix
06-13 19:04:23.910 479 607 W BestClock: java.time.DateTimeException: Missing NTP fix
06-13 19:04:23.911 1847 1847 D CompatibilityChangeReporter: Compat change id reported: 171979766; UID 10020; state: ENABLED
06-13 19:04:23.913 255 1068 E bt_upio : upio_set : /proc/bluetooth/sleep/btwrite(-1) incorrent
06-13 19:04:23.934 248 304 E Netd : no such netId 100
06-13 19:04:23.935 479 616 E ConnectivityService: Exception in networkAddRouteParcel for non-gateway: android.os.ServiceSpecificException: Machine is not on the network (code 64)
06-13 19:04:23.935 248 304 E Netd : no such netId 100
06-13 19:04:23.936 1207 1207 D RockyReceiver: action: android.net.wifi.STATE_CHANGE
06-13 19:04:23.936 479 616 E ConnectivityService: Exception in networkAddRouteParcel for gateway: android.os.ServiceSpecificException: Machine is not on the network (code 64)
06-13 19:04:23.940 479 1368 E ConnectivityService: Exception = android.content.pm.PackageManager$NameNotFoundException: android.net.cts
06-13 19:04:23.941 479 616 W BestClock: java.time.DateTimeException: Missing NTP fix
06-13 19:04:23.948 1207 1207 D RockyReceiver: action: android.net.wifi.STATE_CHANGE
06-13 19:04:23.949 479 811 E ConnectivityService: Exception = android.content.pm.PackageManager$NameNotFoundException: android.net.cts
06-13 19:04:23.955 756 1477 D DhcpClient: Scheduling renewal in 43199s
06-13 19:04:23.956 479 811 D CompatibilityChangeReporter: Compat change id reported: 172100307; UID 10074; state: DISABLED
06-13 19:04:23.956 756 1477 D DhcpClient: Scheduling rebind in 75599s
06-13 19:04:23.956 756 1477 D DhcpClient: Scheduling expiry in 86399s
06-13 19:04:23.974 479 616 W BestClock: java.time.DateTimeException: Missing NTP fix
06-13 19:04:23.977 479 609 W WifiScoreReport: Cannot start external scoring netId=100 currentNetId=100 currentNetCapabilities=[ Transports: WIFI Capabilities: NOT_METERED&INTERNET&NOT_RESTRICTED&TRUSTED&NOT_VPN&NOT_ROAMING&NOT_CONGESTED&NOT_SUSPENDED&NOT_VCN_MANAGED LinkUpBandwidth>=12000Kbps LinkDnBandwidth>=60000Kbps Specifier: TransportInfo: SignalStrength: -35 OwnerUid: 10031 AdminUids: [10031] SSID: "DB-AN"] sessionId=1008
06-13 19:04:23.980 1847 1847 V GraphicsEnvironment: ANGLE Developer option for 'com.android.providers.tv' set to: 'default'
06-13 19:04:23.980 479 607 W BestClock: java.time.DateTimeException: Missing NTP fix
06-13 19:04:23.980 479 616 D ConnectivityService: Setting DNS servers for network 100 to [/223.5.5.5, /119.29.29.29]
06-13 19:04:23.980 1847 1847 V GraphicsEnvironment: Neither updatable production driver nor prerelease driver is supported.
06-13 19:04:23.980 479 607 W BestClock: java.time.DateTimeException: Missing NTP fix
06-13 19:04:23.983 479 616 W BestClock: java.time.DateTimeException: Missing NTP fix
06-13 19:04:24.001 1847 1847 D NetworkSecurityConfig: No Network Security Config specified, using platform default
06-13 19:04:24.002 1847 1847 D NetworkSecurityConfig: No Network Security Config specified, using platform default
06-13 19:04:24.012 1596 1596 W audit : audit_lost=123 audit_rate_limit=5 audit_backlog_limit=64
06-13 19:04:24.012 1596 1596 E audit : rate limit exceeded
06-13 19:04:24.010 479 811 D WifiMemoryStoreImpl: Set cluster G93577a2f401a3c57 for W4240f46a49cebf87: SUCCESS
06-13 19:04:24.028 479 616 W BestClock: java.time.DateTimeException: Missing NTP fix
06-13 19:04:24.030 479 616 D ConnectivityService: [100 WIFI] EVENT_NETWORK_INFO_CHANGED, going from CONNECTING to CONNECTED
06-13 19:04:24.032 479 607 W BestClock: java.time.DateTimeException: Missing NTP fix
06-13 19:04:24.033 479 607 W BestClock: java.time.DateTimeException: Missing NTP fix
06-13 19:04:24.034 479 616 D DnsManager: sendDnsConfigurationForNetwork(100, [223.5.5.5, 119.29.29.29], [], 1800, 25, 8, 64, 0, 0, , [])
06-13 19:04:24.043 479 616 W DnsManager: updatePrivateDns(100, PrivateDnsConfig{true:/[]})
06-13 19:04:24.043 479 616 D ConnectivityService: Setting DNS servers for network 100 to [/223.5.5.5, /119.29.29.29]
06-13 19:04:24.045 479 616 D DnsManager: sendDnsConfigurationForNetwork(100, [223.5.5.5, 119.29.29.29], [], 1800, 25, 8, 64, 0, 0, , [223.5.5.5, 119.29.29.29])
06-13 19:04:24.046 248 1876 W resolv : Validating DnsTlsServer 119.29.29.29 with mark 0xf0064
06-13 19:04:24.048 248 1876 W resolv : Socket failed to connect: Network is unreachable
06-13 19:04:24.048 479 616 D ConnectivityService: Adding iface wlan0 to network 100
06-13 19:04:24.048 248 1876 W resolv : TCP Handshake failed: 101
06-13 19:04:24.048 248 1876 W resolv : query failed
06-13 19:04:24.048 248 1876 W resolv : validateDnsTlsServer returned 0 for 119.29.29.29
06-13 19:04:24.048 248 1876 W resolv : Validation failed
06-13 19:04:24.054 1847 1847 D CompatibilityChangeReporter: Compat change id reported: 160794467; UID 10020; state: ENABLED
06-13 19:04:24.055 248 1877 W resolv : Validating DnsTlsServer 223.5.5.5 with mark 0xf0064
06-13 19:04:24.056 248 1877 W resolv : Socket failed to connect: Network is unreachable
06-13 19:04:24.056 248 1877 W resolv : TCP Handshake failed: 101
06-13 19:04:24.057 248 1877 W resolv : query failed
06-13 19:04:24.057 248 1877 W resolv : validateDnsTlsServer returned 0 for 223.5.5.5
06-13 19:04:24.057 248 1877 W resolv : Validation failed
06-13 19:04:24.058 479 1368 D WifiMemoryStoreImpl: Set cluster G93577a2f401a3c57 for W2b5f5e3e502c413a: SUCCESS
06-13 19:04:24.061 479 616 D ConnectivityService: Setting DNS servers for network 100 to [/223.5.5.5, /119.29.29.29]
06-13 19:04:24.062 479 616 D DnsManager: sendDnsConfigurationForNetwork(100, [223.5.5.5, 119.29.29.29], [], 1800, 25, 8, 64, 0, 0, , [223.5.5.5, 119.29.29.29])
06-13 19:04:24.065 248 1878 W resolv : Validating DnsTlsServer 119.29.29.29 with mark 0xf0064
06-13 19:04:24.067 248 1879 W resolv : Validating DnsTlsServer 223.5.5.5 with mark 0xf0064
06-13 19:04:24.073 186 186 E SELinux : avc: denied { find } for pid=1875 uid=0 name=activity scontext=u:r:preinstall:s0 tcontext=u:object_r:activity_service:s0 tclass=service_manager permissive=1
06-13 19:04:24.078 479 1371 D WifiMemoryStoreImpl: Set cluster G93577a2f401a3c57 for W5f842fc7ecf28a92: SUCCESS
06-13 19:04:24.080 479 616 W BestClock: java.time.DateTimeException: Missing NTP fix
06-13 19:04:24.081 1134 1134 D aaa : LedStatusService onStartCommand begin
06-13 19:04:24.086 1134 1883 D aaa : topPkg is -------------- :com.dangbei.leard.leradlauncher
06-13 19:04:24.115 479 616 W BestClock: java.time.DateTimeException: Missing NTP fix
06-13 19:04:24.117 479 607 W BestClock: java.time.DateTimeException: Missing NTP fix
06-13 19:04:24.118 479 607 W BestClock: java.time.DateTimeException: Missing NTP fix
06-13 19:04:24.127 479 811 D WifiMemoryStoreImpl: Set cluster G93577a2f401a3c57 for We60c4e9cdf9adbd0: SUCCESS
06-13 19:04:24.132 479 616 D ConnectivityService: NetReassign [17 : null → 100, 23 : null → 100, 28 : null → 100, 19 : null → 100, 3 : null → 100, 21 : null → 100, 10 : null → 100, 1 : null → 100]
06-13 19:04:24.136 756 1888 D NetworkMonitor/100: Validation disabled.
06-13 19:04:24.147 479 616 D ConnectivityService: Switching to new default network for: uid/pid:1000/479 activeRequest: 1 callbackRequest: 1 [NetworkRequest [ REQUEST id=1, [ Capabilities: INTERNET&NOT_RESTRICTED&TRUSTED&NOT_VPN&NOT_VCN_MANAGED RequestorUid: 1000 RequestorPkg: android] ]] callback flags: 1 priority: 2147483647 using NetworkAgentInfo{network{100} handle{432902426637} ni{WIFI CONNECTED extra: } Score(60 ; KeepConnected : 0 ; Policies : TRANSPORT_PRIMARY&IS_UNMETERED) lp{{InterfaceName: wlan0 LinkAddresses: [ fe80::a105:f414:62:7349/64,10.192.35.42/23 ] DnsAddresses: [ /223.5.5.5,/119.29.29.29 ] Domains: null MTU: 0 ServerAddress: /10.192.35.1 TcpBufferSizes: 524288,1048576,2097152,262144,524288,1048576 Routes: [ fe80::/64 -> :: wlan0 mtu 0,10.192.34.0/23 -> 0.0.0.0 wlan0 mtu 0,0.0.0.0/0 -> 10.192.35.1 wlan0 mtu 0 ]}} nc{[ Transports: WIFI Capabilities: NOT_METERED&INTERNET&NOT_RESTRICTED&TRUSTED&NOT_VPN&NOT_ROAMING&FOREGROUND&NOT_CONGESTED&NOT_SUSPENDED&NOT_VCN_MANAGED LinkUpBandwidth>=12000Kbps LinkDnBandwidth>=60000Kbps Specifier: TransportInfo: SignalStrength: -35 OwnerUid: 10031 AdminUids: [10031] SSID: "DB-AN"]}}
06-13 19:04:24.162 1090 1170 E hq : Etna:::sendInspectLauncherUpdate
06-13 19:04:24.166 479 616 W BestClock: java.time.DateTimeException: Missing NTP fix
06-13 19:04:24.168 1028 1089 E ccc : cccccc SystemUpdateHelper launcherUpdate {"launcherCodeLocal":102941,"launcherCodeNet":0,"launcherVersionLocal":"2.9.4.1","launcherVersionNet":"","otaCodeLocal":0,"otaCodeNet":0,"remoteNeedUpdate":false,"updateType":""}
06-13 19:04:24.170 1090 1170 D etnaManager: 不需要更新桌面
06-13 19:04:24.187 756 1820 W UnsafeUtil: platform method missing - proto runtime falling back to safer methods: java.lang.NoSuchMethodException: sun.misc.Unsafe.copyMemory [class java.lang.Object, long, class java.lang.Object, long, long]
06-13 19:04:24.192 1035 1133 W MediaProvider: getVolumePath for unknown volume: internal
06-13 19:04:24.209 1035 1133 W MediaProvider: getVolumePath for unknown volume: internal
06-13 19:04:24.214 479 1368 D CompatibilityChangeReporter: Compat change id reported: 135634846; UID 10066; state: DISABLED
06-13 19:04:24.219 479 1368 D CompatibilityChangeReporter: Compat change id reported: 177438394; UID 10066; state: DISABLED
06-13 19:04:24.222 479 1368 D CompatibilityChangeReporter: Compat change id reported: 135772972; UID 10066; state: DISABLED
06-13 19:04:24.223 479 1368 D CompatibilityChangeReporter: Compat change id reported: 135754954; UID 10066; state: ENABLED
06-13 19:04:24.225 479 543 D CompatibilityChangeReporter: Compat change id reported: 143937733; UID 10066; state: ENABLED
06-13 19:04:24.228 479 616 W BestClock: java.time.DateTimeException: Missing NTP fix
06-13 19:04:24.236 479 607 W BestClock: java.time.DateTimeException: Missing NTP fix
06-13 19:04:24.237 479 607 W BestClock: java.time.DateTimeException: Missing NTP fix
06-13 19:04:24.241 479 1368 D WifiMemoryStoreImpl: Set cluster G93577a2f401a3c57 for W3953cc9cc7835582: SUCCESS
06-13 19:04:24.243 479 755 D NetworkTimeUpdateService: New default network 100; checking time.
06-13 19:04:24.249 756 875 D UpstreamNetworkMonitor: New default Internet network: 100
06-13 19:04:24.249 249 249 D Zygote : Forked child process 1900
06-13 19:04:24.256 479 1368 D WifiMemoryStoreImpl: Set cluster G93577a2f401a3c57 for Wa10d63d2a3288fac: SUCCESS
06-13 19:04:24.257 1035 1133 W MediaProvider: getVolumePath for unknown volume: internal
06-13 19:04:24.260 479 543 W ActivityManager: Slow operation: 52ms so far, now at startProcess: done updating battery stats
06-13 19:04:24.260 479 543 W ActivityManager: Slow operation: 52ms so far, now at startProcess: building log message
06-13 19:04:24.260 479 543 I ActivityManager: app.processName = com.android.remoteprovisioner
06-13 19:04:24.260 479 543 I ActivityManager: Start proc 1900:com.android.remoteprovisioner/u0a66 for broadcast {com.android.remoteprovisioner/com.android.remoteprovisioner.BootReceiver}
06-13 19:04:24.260 479 543 W ActivityManager: Slow operation: 53ms so far, now at startProcess: starting to update pids map
06-13 19:04:24.262 479 607 W BestClock: java.time.DateTimeException: Missing NTP fix
06-13 19:04:24.265 479 543 W ActivityManager: Slow operation: 57ms so far, now at startProcess: done updating pids map
06-13 19:04:24.271 1900 1900 I Zygote : seccomp disabled by setenforce 0
06-13 19:04:24.272 479 1368 D WifiMemoryStoreImpl: Set cluster G93577a2f401a3c57 for W411cfedd2740c809: SUCCESS
06-13 19:04:24.273 479 616 D ConnectivityService: Sending CONNECTED broadcast for type 1 [100 WIFI] isDefaultNetwork=true
06-13 19:04:24.281 479 616 W ContextImpl: Calling a method in the system process without a qualified user: android.app.ContextImpl.sendStickyBroadcast:1559 com.android.server.ConnectivityService.sendStickyBroadcast:2884 com.android.server.ConnectivityService.sendGeneralBroadcast:2859 com.android.server.ConnectivityService.sendConnectedBroadcast:2832 com.android.server.ConnectivityService.sendLegacyNetworkBroadcast:8784
06-13 19:04:24.284 479 522 D AW_CODE : rotation =0
06-13 19:04:24.285 1207 1207 D RockyReceiver: action: android.net.conn.CONNECTIVITY_CHANGE
06-13 19:04:24.286 1090 1090 E hq : NetWorkStateReceiver:::NetWorkStateReceiver onReceive: 网络变化广播 >>>> intent.action=android.net.conn.CONNECTIVITY_CHANGE
06-13 19:04:24.287 1134 1134 D aaa : action:android.net.conn.CONNECTIVITY_CHANGE
06-13 19:04:24.289 479 522 D AW_CODE : rotation =0
06-13 19:04:24.291 479 811 E ConnectivityService: Exception = android.content.pm.PackageManager$NameNotFoundException: android.net.cts
06-13 19:04:24.292 479 607 W BestClock: java.time.DateTimeException: Missing NTP fix
06-13 19:04:24.294 479 607 W BestClock: java.time.DateTimeException: Missing NTP fix
06-13 19:04:24.294 1090 1090 E hq : NetWorkStateReceiver:::Network is available. isConnect=false 是否频次过快=false t=1749812664294
06-13 19:04:24.295 1090 1090 W eventbuscore: post Event:com.dangbei.leard.base.entity.event.NetStateEvent
06-13 19:04:24.299 1090 1090 W eventbuscore: post Event:com.dangbei.leard.base.entity.event.NetChangeEvent
06-13 19:04:24.303 402 419 I adbd : jdwp connection from 1900
06-13 19:04:24.305 479 479 W InputMethodManagerService: Illegal subtype state: old subtype = null, new subtype = android.view.inputmethod.InputMethodSubtype@129f21f8
06-13 19:04:24.306 1090 1418 D yc_test : refreshWeather: null
06-13 19:04:24.307 479 522 D AW_CODE : rotation =0
06-13 19:04:24.315 479 616 W ContextImpl: Calling a method in the system process without a qualified user: android.app.ContextImpl.sendStickyBroadcast:1559 com.android.server.ConnectivityService.sendStickyBroadcast:2884 com.android.server.ConnectivityService.sendGeneralBroadcast:2859 com.android.server.ConnectivityService.sendConnectedBroadcast:2832 com.android.server.ConnectivityService.sendLegacyNetworkBroadcast:8784
06-13 19:04:24.318 1207 1207 I Receiver: 网络连接成功
06-13 19:04:24.331 1134 1134 D aaa : action:android.net.conn.CONNECTIVITY_CHANGE
06-13 19:04:24.335 1090 1170 E DangXiaoBeiManager: setMessageList: true
06-13 19:04:24.337 1207 1207 D RockyReceiver: action: android.net.conn.CONNECTIVITY_CHANGE
06-13 19:04:24.338 479 811 E ConnectivityService: Exception = android.content.pm.PackageManager$NameNotFoundException: android.net.cts
06-13 19:04:24.343 479 607 W BestClock: java.time.DateTimeException: Missing NTP fix
06-13 19:04:24.342 1090 1170 E hq : 当小贝:::message list add complete data.messageList:[]
06-13 19:04:24.342 1090 1170 E hq : data.tabList=[]
06-13 19:04:24.344 1090 1170 I hq : 当小贝:::showMessage from=net_change
06-13 19:04:24.345 479 607 W BestClock: java.time.DateTimeException: Missing NTP fix
06-13 19:04:24.349 479 616 D ConnectivityService: [100 WIFI] validation passed
06-13 19:04:24.354 1090 1170 I hq : 当小贝:::showMessage 没有消息需要显示
06-13 19:04:24.370 479 1371 D WifiMemoryStoreImpl: Set cluster G93577a2f401a3c57 for Wf21468de3472aa78: SUCCESS
06-13 19:04:24.373 1028 1028 D LanSocketServer: connect
06-13 19:04:24.378 1207 1207 I Receiver: 网络连接成功
06-13 19:04:24.399 1035 1133 W MediaProvider: getVolumePath for unknown volume: internal
06-13 19:04:24.433 479 616 D ConnectivityService: Setting DNS servers for network 100 to [/223.5.5.5, /119.29.29.29]
06-13 19:04:24.459 1035 1133 W MediaProvider: getVolumePath for unknown volume: internal
06-13 19:04:24.468 1932 1932 I setprop : type=1400 audit(0.0:555): avc: denied { write } for name="property_service" dev="tmpfs" ino=6511 scontext=u:r:preinstall:s0 tcontext=u:object_r:property_socket:s0 tclass=sock_file permissive=1
06-13 19:04:24.474 479 616 D DnsManager: sendDnsConfigurationForNetwork(100, [223.5.5.5, 119.29.29.29], [], 1800, 25, 8, 64, 0, 0, , [223.5.5.5, 119.29.29.29])
06-13 19:04:24.474 479 1371 D CompatibilityChangeReporter: Compat change id reported: 168419799; UID 10066; state: DISABLED
06-13 19:04:24.486 479 1371 D WifiMemoryStoreImpl: Set cluster G93577a2f401a3c57 for Wd24386521125604c: SUCCESS
06-13 19:04:24.488 1900 1900 D CompatibilityChangeReporter: Compat change id reported: 171979766; UID 10066; state: ENABLED
06-13 19:04:24.480 1932 1932 I setprop : type=1400 audit(0.0:556): avc: denied { connectto } for path="/dev/socket/property_service" scontext=u:r:preinstall:s0 tcontext=u:r:init:s0 tclass=unix_stream_socket permissive=1
06-13 19:04:24.480 1 1 I /system/bin/init: type=1107 audit(0.0:557): uid=0 auid=4294967295 ses=4294967295 subj=u:r:init:s0 msg='avc: denied { set } for property=persist.sys.bt.name pid=1932 uid=0 gid=0 scontext=u:r:preinstall:s0 tcontext=u:object_r:system_prop:s0 tclass=property_service permissive=1'
06-13 19:04:24.488 1596 1596 I preinstall.sh: type=1400 audit(0.0:558): avc: denied { add_name } for name="port_qos" scontext=u:r:preinstall:s0 tcontext=u:object_r:sysfs:s0 tclass=dir permissive=1
06-13 19:04:24.488 1596 1596 I preinstall.sh: type=1400 audit(0.0:559): avc: denied { create } for name="port_qos" scontext=u:r:preinstall:s0 tcontext=u:object_r:sysfs:s0 tclass=file permissive=1
06-13 19:04:24.494 479 616 W ContextImpl: Calling a method in the system process without a qualified user: android.app.ContextImpl.sendStickyBroadcast:1559 com.android.server.ConnectivityService.sendStickyBroadcast:2884 com.android.server.ConnectivityService.sendGeneralBroadcast:2859 com.android.server.ConnectivityService.sendInetConditionBroadcast:2836 com.android.server.ConnectivityService.updateInetCondition:8529
06-13 19:04:24.517 479 609 D WifiClientModeImpl[wlan0]: Received signal strength thresholds: []
06-13 19:04:24.524 479 609 E WifiVendorHal: stopRssiMonitoring(l.2617) failed {.code = ERROR_NOT_AVAILABLE, .description = }
06-13 19:04:24.526 479 609 W LastMileLogger: Failed to stop event tracing: /sys/kernel/debug/tracing/instances/wifi/tracing_on: open failed: ENOENT (No such file or directory)
06-13 19:04:24.532 479 1368 D WifiMemoryStoreImpl: Set cluster G93577a2f401a3c57 for W173d4a37c92db1a3: SUCCESS
06-13 19:04:24.552 479 1368 D WifiMemoryStoreImpl: Set cluster G93577a2f401a3c57 for Wb0af9b336ff5dd85: SUCCESS
06-13 19:04:24.554 1900 1900 V GraphicsEnvironment: ANGLE Developer option for 'com.android.remoteprovisioner' set to: 'default'
06-13 19:04:24.555 1900 1900 V GraphicsEnvironment: Neither updatable production driver nor prerelease driver is supported.
06-13 19:04:24.563 1900 1900 D NetworkSecurityConfig: No Network Security Config specified, using platform default
06-13 19:04:24.563 479 609 I WifiClientModeImpl: Default Gateway MAC address of 8c:7a:15:3e:ad:5d from routes is : ec:a1:d1:d8:94:86
06-13 19:04:24.564 1900 1900 D NetworkSecurityConfig: No Network Security Config specified, using platform default
06-13 19:04:24.571 1028 1028 W System.err: SLF4J: Failed to load class "org.slf4j.impl.StaticLoggerBinder".
06-13 19:04:24.571 1028 1028 W System.err: SLF4J: Defaulting to no-operation (NOP) logger implementation
06-13 19:04:24.571 1028 1028 W System.err: SLF4J: See http://www.slf4j.org/codes.html#StaticLoggerBinder for further details.
06-13 19:04:24.571 1900 1900 I RemoteProvisioningBootReceiver: Caught boot intent, waking up.
06-13 19:04:24.573 1028 1028 D LanSocketServer: connect /10.192.35.42:6689
06-13 19:04:24.574 1028 1028 D LanSocketServer: connect start
06-13 19:04:24.574 1028 1028 E LanCommander: onNetWorkChanged: true
06-13 19:04:24.576 479 609 D WifiConfigStore: Writing to stores completed in 4 ms.
06-13 19:04:24.580 661 661 E WifiHAL : wifi_get_link_stats: requestResponse Error:-5
06-13 19:04:24.582 479 609 E WifiVendorHal: getWifiLinkLayerStats_1_5_Internal(l.1191) failed {.code = ERROR_INVALID_ARGS, .description = }
06-13 19:04:24.588 479 1368 D WifiMemoryStoreImpl: Set cluster G93577a2f401a3c57 for Wa06d613adf01c5f3: SUCCESS
06-13 19:04:24.594 1028 1936 E LanCommander: onServerCreatedSuccess 10.192.35.42:6689
06-13 19:04:24.601 1090 1090 E hq : listenerNet:::重新来网了 key=image_error isConnect=true
06-13 19:04:24.601 1090 1090 E hq : listenerNet:::重新来网了 key=requestAppWhiteList isConnect=true
06-13 19:04:24.604 1090 1090 E hq : listenerNet:::重新来网了 key=ConfigureInterface:Init isConnect=true
06-13 19:04:24.608 1090 1090 E hq : listenerNet:::重新来网了 key=requestGetMessageRemind isConnect=true
06-13 19:04:24.612 479 1368 D WifiMemoryStoreImpl: Set cluster G93577a2f401a3c57 for Wa3156d623bf433b6: SUCCESS
06-13 19:04:24.612 479 1371 D ConnectivityService: requestNetwork for uid/pid:1000/479 asUid: 10066 activeRequest: null callbackRequest: 29 [NetworkRequest [ REQUEST id=30, [ Capabilities: INTERNET&NOT_RESTRICTED&TRUSTED&NOT_VCN_MANAGED Uid: 10066 RequestorUid: 1000 RequestorPkg: android] ]] callback flags: 0 priority: 2147483647
06-13 19:04:24.612 1090 1090 E hq : listenerNet:::重新来网了 key=requestMessageConfig isConnect=true
06-13 19:04:24.613 479 616 D ConnectivityService: NetReassign [30 : null → 100]
06-13 19:04:24.617 1090 1090 E hq : listenerNet:::重新来网了 key=requestMessageDialog isConnect=true
06-13 19:04:24.617 1090 1090 E hq : listenerNet:::重新来网了 key=requestNetAppAdInfo isConnect=true
06-13 19:04:24.618 1090 1090 E hq : NetWorkStateReceiver:::NetWorkStateReceiver onReceive: 网络变化广播 >>>> intent.action=android.net.conn.CONNECTIVITY_CHANGE
06-13 19:04:24.618 479 609 D WifiNetworkFactory: got request NetworkRequest [ REQUEST id=30, [ Capabilities: INTERNET&NOT_RESTRICTED&TRUSTED&NOT_VCN_MANAGED Uid: 10066 RequestorUid: 1000 RequestorPkg: android] ]
06-13 19:04:24.619 479 609 D UntrustedWifiNetworkFactory: got request NetworkRequest [ REQUEST id=30, [ Capabilities: INTERNET&NOT_RESTRICTED&TRUSTED&NOT_VCN_MANAGED Uid: 10066 RequestorUid: 1000 RequestorPkg: android] ]
06-13 19:04:24.619 479 609 D OemPaidWifiNetworkFactory: got request NetworkRequest [ REQUEST id=30, [ Capabilities: INTERNET&NOT_RESTRICTED&TRUSTED&NOT_VCN_MANAGED Uid: 10066 RequestorUid: 1000 RequestorPkg: android] ]
06-13 19:04:24.620 479 654 D Ethernet: got request NetworkRequest [ REQUEST id=30, [ Capabilities: INTERNET&NOT_RESTRICTED&TRUSTED&NOT_VCN_MANAGED Uid: 10066 RequestorUid: 1000 RequestorPkg: android] ]
06-13 19:04:24.621 479 654 D EthernetNetworkFactory: acceptRequest, request: NetworkRequest [ REQUEST id=30, [ Capabilities: INTERNET&NOT_RESTRICTED&TRUSTED&NOT_VCN_MANAGED Uid: 10066 RequestorUid: 1000 RequestorPkg: android] ]
06-13 19:04:24.621 479 654 I EthernetNetworkFactory: networkForRequest, request: NetworkRequest [ REQUEST id=30, [ Capabilities: INTERNET&NOT_RESTRICTED&TRUSTED&NOT_VCN_MANAGED Uid: 10066 RequestorUid: 1000 RequestorPkg: android] ], network: null
06-13 19:04:24.623 1090 1527 D yc_test : refreshWeather: null
06-13 19:04:24.625 1090 1090 E hq : NetWorkStateReceiver:::Network is available. isConnect=true 是否频次过快=true t=1749812664624
06-13 19:04:24.625 1090 1090 W eventbuscore: post Event:com.dangbei.leard.base.entity.event.NetChangeEvent
06-13 19:04:24.637 479 1375 I ActivityManager: com.android.shell is exempt from freezer
06-13 19:04:24.641 479 1375 D CompatibilityChangeReporter: Compat change id reported: 135634846; UID 2000; state: DISABLED
06-13 19:04:24.641 479 1375 D CompatibilityChangeReporter: Compat change id reported: 177438394; UID 2000; state: DISABLED
06-13 19:04:24.642 479 1375 D CompatibilityChangeReporter: Compat change id reported: 135772972; UID 2000; state: DISABLED
06-13 19:04:24.643 479 1375 D CompatibilityChangeReporter: Compat change id reported: 135754954; UID 2000; state: ENABLED
06-13 19:04:24.644 479 1371 D WifiMemoryStoreImpl: Set cluster G93577a2f401a3c57 for W5b1e74de1014dc35: SUCCESS
06-13 19:04:24.655 1900 1900 I RemoteProvisioningService: Starting provisioning job
06-13 19:04:24.664 479 1375 D WifiMemoryStoreImpl: Set cluster G93577a2f401a3c57 for W93577a2f401a3c57: SUCCESS
06-13 19:04:24.673 249 249 D Zygote : Forked child process 1945
06-13 19:04:24.677 479 1375 D WifiMemoryStoreImpl: Set cluster G93577a2f401a3c57 for We60c4e9cdf9adbd0: SUCCESS
06-13 19:04:24.682 1028 1936 E RCInfo : vid:
06-13 19:04:24.682 1028 1936 E RCInfo : pid:
06-13 19:04:24.683 1945 1945 I Zygote : seccomp disabled by setenforce 0
06-13 19:04:24.687 479 543 W ActivityManager: Slow operation: 51ms so far, now at startProcess: done updating battery stats
06-13 19:04:24.688 479 543 W ActivityManager: Slow operation: 51ms so far, now at startProcess: building log message
06-13 19:04:24.688 479 543 I ActivityManager: app.processName = com.android.shell
06-13 19:04:24.688 479 543 I ActivityManager: Start proc 1945:com.android.shell/2000 for broadcast {com.android.shell/com.android.shell.HeapDumpReceiver}
06-13 19:04:24.688 479 543 W ActivityManager: Slow operation: 51ms so far, now at startProcess: starting to update pids map
06-13 19:04:24.698 1028 1936 E RCInfo : RCBrand:NA
06-13 19:04:24.699 1028 1936 E RCInfo : vid:
06-13 19:04:24.699 1028 1936 E RCInfo : pid:
06-13 19:04:24.700 1028 1936 E RCInfo : vid:
06-13 19:04:24.700 1028 1936 E RCInfo : pid:
06-13 19:04:24.703 479 543 W ActivityManager: Slow operation: 66ms so far, now at startProcess: done updating pids map
06-13 19:04:24.704 1028 1936 E RCInfo : vid:
06-13 19:04:24.704 1028 1936 E RCInfo : pid:
06-13 19:04:24.704 1028 1936 E RCInfo : RCBrand:NA
06-13 19:04:24.710 1028 1936 E RCInfo : vid:
06-13 19:04:24.710 1028 1936 E RCInfo : pid:
06-13 19:04:24.716 1028 1936 E RCInfo : vid:
06-13 19:04:24.723 402 419 I adbd : jdwp connection from 1945
06-13 19:04:24.729 1028 1936 E RCInfo : pid:
06-13 19:04:24.741 1090 1258 E hq : WeatherRefresh:::请求网络地址后,更新的地理位置为:null
06-13 19:04:24.763 1028 1177 D getEthernetMacAddr: getEthernetMacAddr use eth0
06-13 19:04:24.767 1090 1418 E hq : WeatherRefresh:::请求网络地址后,更新的地理位置为:null
06-13 19:04:24.780 1028 1936 D getEthernetMacAddr: getEthernetMacAddr use eth0
06-13 19:04:24.784 479 1371 D CompatibilityChangeReporter: Compat change id reported: 168419799; UID 2000; state: DISABLED
06-13 19:04:24.812 1945 1945 D CompatibilityChangeReporter: Compat change id reported: 171979766; UID 2000; state: ENABLED
06-13 19:04:24.835 1134 1134 D aaa : WiFi is connect
06-13 19:04:24.845 1028 1936 D getEthernetMacAddr: getEthernetMacAddr use eth0
06-13 19:04:24.847 1134 1134 D aaa : WiFi is connect
06-13 19:04:24.855 1028 1177 D getEthernetMacAddr: getEthernetMacAddr use eth0
06-13 19:04:24.871 1134 1134 D aaa : WiFi is connect
06-13 19:04:24.884 1134 1134 D aaa : WiFi is connect
06-13 19:04:24.884 1028 1177 I okhttp.OkHttpClient: --> POST http://tymsgapi.qun7.com/v1/core/logip (588-byte body)
06-13 19:04:24.895 479 523 W IorapForwardingService: No service published for: iorapd
06-13 19:04:24.915 1207 1207 I Receiver: ----------netConnectInitSDK--------------
06-13 19:04:24.915 1207 1207 D RockyNetMessageUtil: initTipsList tipEntity = TipEntity{movieType=[我想看喜剧片, 动作片, 枪战片], movie=[庆余年, 误杀, 美丽人生, 爆笑虫子, 哪吒, 小猪佩奇, 胡歌的电视剧, 张艺谋导演的电影, 切换到1080P, 收藏], appController=[打开当贝市场, 下载哈趣影视, 爱奇艺, 卸载腾讯视频], weather=[今天的天气, 未来五天的天气, 杭州天气怎么样, 明天下不下雨], music=[我要听歌, 周杰伦的歌, 上一首, 下一首, 快进一分钟, 暂停], liveAppDownload='非常抱歉,根据监管部门政策管理要求,暂不提供相应服务。', subscreen=null, wakeUpVoiceResponse=[ProbabilityEntity{word='在呢', probability=30}, ProbabilityEntity{word='我在', probability=35}, ProbabilityEntity{word='你说', probability=15}, ProbabilityEntity{word='来啦', probability=20}], unrecognizedVoiceResponse=[ProbabilityEntity{word='可以再说一遍么', probability=45}, ProbabilityEntity{word='可以说的详细一点么', probability=30}, ProbabilityEntity{word='请问有什么可以帮您', probability=25}], notUnderstandVoiceResponse=[ProbabilityEntity{word='换个说法试试吧', probability=100}]} isRequestTipSuccess = false
06-13 19:04:24.932 1207 1404 D XHttpObservable: handleRequest: start https://tyapi.qun7.com/v1/voice/getsoundshowmsg ,,, isCache = false
06-13 19:04:24.934 1207 1207 D RockyNetMessageUtil: initMediaControlPage pageEntity = PageEntity{list=[ContentEntity{packageName='com.dangbei.leard.leradlauncher', activityName='FilmDetailActivity'}, ContentEntity{packageName='com.dangbei.leard.leradlauncher', activityName='FullScreenDetailActivity'}, ContentEntity{packageName='com.dangbei.leard.leradlauncher', activityName='TencentSportActivity'}, ContentEntity{packageName='com.dangbei.leradVideoPlugins', activityName='FilmDetailActivity'}, ContentEntity{packageName='com.dangbei.leradVideoPlugins', activityName='FullScreenDetailActivity'}, ContentEntity{packageName='com.dangbei.leradVideoPlugins', activityName='TencentSportActivity'}, ContentEntity{packageName='com.dangbei.leradVideoPlugins', activityName='ShortPlayActivity'}, ContentEntity{packageName='com.dangbei.hqmedia', activityName='FilmDetailActivity'}, ContentEntity{packageName='com.dangbei.hqmedia', activityName='FullScreenDetailActivity'}, ContentEntity{packageName='com.dangbei.leradVideoPlugins', activityName='MangoMediaActivity'}, ContentEntity{packageName='com.dangbei.leradVideoPlugins', activityName='VcinemaActivity'}]} isRequestPageControlSuccess = false
06-13 19:04:24.950 1028 1936 E HigherBroadcastServer: {"bluetoothBoot":false,"bluetoothController":false,"bluetoothMac":"B4:2F:03:15:74:2B","deviceModel":"DBBOX-A2","deviceModelNumber":"H5232","deviceName":"客厅的当贝盒子","findController":1,"hostName":"10.192.35.42","inetAddress":"10.192.35.42","mac":"20:02:FE:19:C1:F9","port":6689,"romCode":5010,"romVersion":"5.0.1.0","wifiMac":"B4:2F:03:15:E9:B5","deviceId":"1e3a052a7efe7674c1a3abec968efde1","sn":"DZOH58251938669"}
06-13 19:04:24.950 1028 1936 W NsdServiceInfo: Key lengths > 9 are discouraged: deviceModel
06-13 19:04:24.950 1028 1936 W NsdServiceInfo: Key lengths > 9 are discouraged: deviceModelNumber
06-13 19:04:24.950 1028 1936 W NsdServiceInfo: Key lengths > 9 are discouraged: deviceName
06-13 19:04:24.950 1028 1936 W NsdServiceInfo: Key lengths > 9 are discouraged: romVersion
06-13 19:04:24.950 1028 1936 W NsdServiceInfo: Key lengths > 9 are discouraged: findController
06-13 19:04:24.955 1945 1945 V GraphicsEnvironment: ANGLE Developer option for 'com.android.shell' set to: 'default'
06-13 19:04:24.955 1945 1945 V GraphicsEnvironment: Neither updatable production driver nor prerelease driver is supported.
06-13 19:04:24.963 1945 1945 D NetworkSecurityConfig: No Network Security Config specified, using platform default
06-13 19:04:24.964 1945 1945 D NetworkSecurityConfig: No Network Security Config specified, using platform default
06-13 19:04:24.971 1207 1435 D XHttpObservable: handleRequest: start https://tyapi.qun7.com/v1/voice/getResponseControlPage ,,, isCache = false
06-13 19:04:24.998 479 619 D NsdService: Register service
06-13 19:04:25.000 479 619 D NsdService: registerService: 2 name: 10.192.35.42, type: _db_controller._tcp, host: /10.192.35.42, port: 6689, txtRecord: deviceModel=DBBOX-A2romVersion=5.0.1.0findController=1sn=DZOH58251938669mac=20:02:FE:19:C1:F9 deviceName=客厅的当贝盒子)deviceId=1e3a052a7efe7674c1a3abec968efde1deviceModelNumber=H5232 romCode=5010
06-13 19:04:25.001 1945 1945 D HeapDumpReceiver: onReceive(): Intent { act=android.intent.action.BOOT_COMPLETED flg=0x89000010 cmp=com.android.shell/.HeapDumpReceiver (has extras) }
06-13 19:04:25.002 479 619 D NsdService: mdnssd [register, 2, 10.192.35.42, _db_controller._tcp, 6689, FGRldmljZU1vZGVsPURCQk9YLUEyEnJvbVZlcnNpb249NS4wLjEuMBBmaW5kQ29udHJvbGxlcj0xEnNuPURaT0g1ODI1MTkzODY2ORVtYWM9MjA6MDI6RkU6MTk6QzE6RjkgZGV2aWNlTmFtZT3lrqLljoXnmoTlvZPotJ3nm5LlrZApZGV2aWNlSWQ9MWUzYTA1MmE3ZWZlNzY3NGMxYTNhYmVjOTY4ZWZkZTEXZGV2aWNlTW9kZWxOdW1iZXI9SDUyMzIMcm9tQ29kZT01MDEw]
06-13 19:04:25.008 479 619 D NsdService: Register 2 2
06-13 19:04:25.011 1945 1985 D HeapDumpReceiver: Deleting from /data/user_de/0/com.android.shell/files/heapdumps
06-13 19:04:25.016 479 1371 D CompatibilityChangeReporter: Compat change id reported: 135634846; UID 10028; state: DISABLED
06-13 19:04:25.016 479 1371 D CompatibilityChangeReporter: Compat change id reported: 177438394; UID 10028; state: DISABLED
06-13 19:04:25.016 479 1371 D CompatibilityChangeReporter: Compat change id reported: 135772972; UID 10028; state: DISABLED
06-13 19:04:25.016 479 1371 D CompatibilityChangeReporter: Compat change id reported: 135754954; UID 10028; state: DISABLED
06-13 19:04:25.018 479 543 D CompatibilityChangeReporter: Compat change id reported: 143937733; UID 10028; state: DISABLED
06-13 19:04:25.027 1028 1177 I okhttp.OkHttpClient: <-- 200 OK http://tymsgapi.qun7.com/v1/core/logip (142ms, 81-byte body)
06-13 19:04:25.029 1028 1040 I lerad.etna.haq: Background young concurrent copying GC freed 19524(2681KB) AllocSpace objects, 9(180KB) LOS objects, 42% free, 3554KB/6214KB, paused 136us total 107.883ms
06-13 19:04:25.033 1028 1042 W System : A resource failed to call close.
06-13 19:04:25.033 1028 1042 W System : A resource failed to call close.
06-13 19:04:25.033 1028 1042 W System : A resource failed to call close.
06-13 19:04:25.033 1028 1042 W System : A resource failed to call close.
06-13 19:04:25.033 1028 1042 W System : A resource failed to call close.
06-13 19:04:25.033 1028 1042 W System : A resource failed to call close.
06-13 19:04:25.042 249 249 D Zygote : Forked child process 1987
06-13 19:04:25.043 479 543 I ActivityManager: app.processName = com.android.statementservice
06-13 19:04:25.044 479 543 I ActivityManager: Start proc 1987:com.android.statementservice/u0a28 for broadcast {com.android.statementservice/com.android.statementservice.domain.BootCompletedReceiver}
06-13 19:04:25.046 1028 1028 D LanSocketServer: connect
06-13 19:04:25.049 1028 1177 I HttpUtil: success
06-13 19:04:25.053 1987 1987 I Zygote : seccomp disabled by setenforce 0
06-13 19:04:25.070 1090 1986 D ProfileInstaller: Skipping profile installation for com.dangbei.leard.leradlauncher
06-13 19:04:25.076 402 419 I adbd : jdwp connection from 1987
06-13 19:04:25.108 1090 1399 E hq : ErrorCoroutineExceptionHandler:::runTry error:com.dangbei.leard.base.proider.error.EmptyApiException: 数据为空 from=requestMessageDialog from=requestMessageDialog
06-13 19:04:25.117 1028 1028 D LanSocketServer: connect /10.192.35.42:6689
06-13 19:04:25.117 1028 1028 D LanSocketServer: connect start
06-13 19:04:25.117 1028 1028 E LanCommander: onNetWorkChanged: true
06-13 19:04:25.125 479 1371 D CompatibilityChangeReporter: Compat change id reported: 168419799; UID 10028; state: DISABLED
06-13 19:04:25.139 1987 1987 D CompatibilityChangeReporter: Compat change id reported: 171979766; UID 10028; state: DISABLED
06-13 19:04:25.145 1028 2006 E LanCommander: onServerCreatedSuccess 10.192.35.42:6689
06-13 19:04:25.152 1028 2006 E RCInfo : vid:
06-13 19:04:25.152 1028 2006 E RCInfo : pid:
06-13 19:04:25.152 1028 2006 E RCInfo : RCBrand:NA
06-13 19:04:25.153 1028 2006 E RCInfo : vid:
06-13 19:04:25.153 1028 2006 E RCInfo : pid:
06-13 19:04:25.153 1028 2006 E RCInfo : vid:
