06-18 17:22:58.540 505 534 W ActivityManager: Slow operation: 80ms so far, now at startProcess: done updating pids map
06-18 17:22:58.550 1545 1545 E hq : listenerNet:::重新来网了 key=ConfigureInterface:Init isConnect=true
06-18 17:22:58.590 1545 1545 E hq : listenerNet:::重新来网了 key=sendInspectUpdate isConnect=true
06-18 17:22:58.591 1545 1545 E hq : listenerNet:::重新来网了 key=1750238163 isConnect=true
06-18 17:22:58.607 243 6954 W resolv : Validating DnsTlsServer 192.168.31.1 with mark 0xf0064
06-18 17:22:58.611 1125 1125 W System.err: SLF4J: Failed to load class "org.slf4j.impl.StaticLoggerBinder".
06-18 17:22:58.612 1125 1125 W System.err: SLF4J: Defaulting to no-operation (NOP) logger implementation
06-18 17:22:58.612 1125 1125 W System.err: SLF4J: See http://www.slf4j.org/codes.html#StaticLoggerBinder for further details.
06-18 17:22:58.619 395 407 I adbd : jdwp connection from 6929
06-18 17:22:58.619 1125 1125 D LanSocketServer: connect /192.168.31.235:6689
06-18 17:22:58.620 243 6954 W resolv : SSL_connect ssl error =5, mark 0xf0064: Connection refused
06-18 17:22:58.620 243 6954 W resolv : TLS Handshake failed
06-18 17:22:58.621 243 6954 W resolv : query failed
06-18 17:22:58.621 243 6954 W resolv : validateDnsTlsServer returned 0 for 192.168.31.1
06-18 17:22:58.622 243 6954 W resolv : Validation failed
06-18 17:22:58.624 1125 1125 D LanSocketServer: connect start
06-18 17:22:58.624 1125 1125 E LanCommander: onNetWorkChanged: true
06-18 17:22:58.631 1125 1125 E LanCommander: onNetWorkChanged: true
06-18 17:22:58.637 1545 1545 E hq : NetWorkStateReceiver:::NetWorkStateReceiver onReceive: 网络变化广播 >>>> intent.action=android.net.conn.CONNECTIVITY_CHANGE
06-18 17:22:58.654 2447 2587 E nStackXDFinder: GetLocalIp:[401] :GetLocalIp exec
06-18 17:22:58.654 2447 2587 W nStackXCoAP: CoapServiceDiscoverInner:[565] :clear device list
06-18 17:22:58.654 2447 2587 E nStackXDFinder: GetLocalIp:[401] :GetLocalIp exec
06-18 17:22:58.654 2447 2587 E nStackXDFinder: GetLocalIp:[401] :GetLocalIp exec
06-18 17:22:58.655 2447 2587 I nStackXCoAP: CoapServiceDiscoverInner:[580] :the first time for device discover.
06-18 17:22:58.668 1125 6961 E LanCommander: onServerCreatedSuccess 192.168.31.235:6689
06-18 17:22:58.686 1545 1545 E hq : NetWorkStateReceiver:::Network is available. isConnect=true 是否频次过快=true t=1750238578686
06-18 17:22:58.686 1545 1545 W eventbuscore: post Event:com.dangbei.leard.base.entity.event.NetChangeEvent
06-18 17:22:58.694 2447 2447 D NearFieldUtils: to get wlan0 ip address
06-18 17:22:58.694 2447 2447 D NearFieldUtils: get wlan0 IP succeed.
06-18 17:22:58.694 2447 2447 E NearFieldManagerImpl: notifyByPriority: interfaceNameInUse is null
06-18 17:22:58.694 2447 2447 D NearFieldManagerImpl: handleConnectivityAction: notified by default
06-18 17:22:58.717 1125 6961 E RCInfo : vid:000d
06-18 17:22:58.717 1125 6961 E RCInfo : pid:3838
06-18 17:22:58.717 1125 6961 E RCInfo : RCBrand:XIMI
06-18 17:22:58.718 1125 6961 E RCInfo : vid:000d
06-18 17:22:58.718 1125 6961 E RCInfo : pid:3838
06-18 17:22:58.719 1125 6961 E RCInfo : vid:000d
06-18 17:22:58.719 1125 6961 E RCInfo : pid:3838
06-18 17:22:58.719 1125 6961 E RCInfo : vid:000d
06-18 17:22:58.719 1125 6961 E RCInfo : pid:3838
06-18 17:22:58.720 1125 6961 E RCInfo : RCBrand:XIMI
06-18 17:22:58.731 2447 2587 D nStackXCoAP: IsInSameNetwork:[276] :IsInSameNetwork exec
06-18 17:22:58.731 2447 2587 I nStackXDFinder: GetLocalInterfaceDetail:[461] :GetLocalInterfaceDetail in
06-18 17:22:58.731 2447 2587 E nStackXCoAP: IsInSameNetwork:[281] :IsInSameNetwork: not priority process
06-18 17:22:58.731 2447 2587 I nStackXDFinder: NotifyDeviceListChanged:[540] :notify callback: device list changed callback is null
06-18 17:22:58.733 2447 2587 D nStackXCoAP: IsInSameNetwork:[276] :IsInSameNetwork exec
06-18 17:22:58.733 2447 2587 I nStackXDFinder: GetLocalInterfaceDetail:[461] :GetLocalInterfaceDetail in
06-18 17:22:58.733 2447 2587 E nStackXCoAP: IsInSameNetwork:[281] :IsInSameNetwork: not priority process
06-18 17:22:58.733 2447 2587 I nStackXDFinder: NotifyDeviceListChanged:[540] :notify callback: device list changed callback is null
06-18 17:22:58.739 1125 6961 E RCInfo : vid:000d
06-18 17:22:58.739 1125 6961 E RCInfo : pid:3838
06-18 17:22:58.739 2447 2587 D nStackXCoAP: IsInSameNetwork:[276] :IsInSameNetwork exec
06-18 17:22:58.739 2447 2587 I nStackXDFinder: GetLocalInterfaceDetail:[461] :GetLocalInterfaceDetail in
06-18 17:22:58.739 2447 2587 E nStackXCoAP: IsInSameNetwork:[281] :IsInSameNetwork: not priority process
06-18 17:22:58.740 2447 2587 I nStackXDFinder: NotifyDeviceListChanged:[540] :notify callback: device list changed callback is null
06-18 17:22:58.740 1125 6961 E RCInfo : vid:000d
06-18 17:22:58.742 2447 2587 D nStackXCoAP: IsInSameNetwork:[276] :IsInSameNetwork exec
06-18 17:22:58.742 2447 2587 I nStackXDFinder: GetLocalInterfaceDetail:[461] :GetLocalInterfaceDetail in
06-18 17:22:58.742 2447 2587 E nStackXCoAP: IsInSameNetwork:[281] :IsInSameNetwork: not priority process
06-18 17:22:58.742 2447 2587 I nStackXDFinder: NotifyDeviceListChanged:[540] :notify callback: device list changed callback is null
06-18 17:22:58.743 1125 6961 E RCInfo : pid:3838
06-18 17:22:58.755 2447 2587 E nStackXDFinder: GetLocalIp:[401] :GetLocalIp exec
06-18 17:22:58.755 2447 2587 E nStackXDFinder: GetLocalIp:[401] :GetLocalIp exec
06-18 17:22:58.755 2447 2587 E nStackXDFinder: GetLocalIp:[401] :GetLocalIp exec
06-18 17:22:58.756 2447 2587 I nStackXCoAP: CoapServiceDiscoverTimerHandle:[524] :the 2 times for device discover.
06-18 17:22:58.767 505 505 D CompatibilityChangeReporter: Compat change id reported: 168419799; UID 10064; state: DISABLED
06-18 17:22:58.778 2976 2976 I RequestCookie: current compose cookie: a=2&b=SogouInputTV&c=1.1.97.2012221415&d=20201222&e=TV&f=31&g=zh_CN&h=1080x1920&i=DBBOX-A2&j=android_tv_dangbei&k=02:00:00:00:00:00&l=310260000000000&m=460&n=00&o=android_tv_dangbei&p=1&q=wifi&r=da6cb4ffa05db9ce&s=02:00:00:00:00:00&t=Dangbei&u=1.5&v=&w=&x=sogou.tv&y=&sn=DZOH58251975972&mn=Allwinner&mi=&bd=Build_d5523c4_20201222&cd=&pn=com.sohu.inputmethod.sogou.tv&cb=&rv=&vc=508&ic=&sc=&bv=1.1.97.2012221415&uuid=
06-18 17:22:58.791 505 505 W Looper : Slow dispatch took 343ms main h=com.android.server.job.JobSchedulerService$JobHandler c=null m=1
06-18 17:22:58.793 505 609 W ContextImpl: Calling a method in the system process without a qualified user: android.app.ContextImpl.sendStickyBroadcast:1559 com.android.server.ConnectivityService.sendStickyBroadcast:2884 com.android.server.ConnectivityService.sendGeneralBroadcast:2859 com.android.server.ConnectivityService.sendInetConditionBroadcast:2836 com.android.server.ConnectivityService.updateInetCondition:8529
06-18 17:22:58.794 505 505 W Looper : Slow delivery took 343ms main h=com.android.server.job.controllers.ConnectivityController$CcHandler c=null m=0
06-18 17:22:58.794 505 785 D CompatibilityChangeReporter: Compat change id reported: 168419799; UID 10060; state: DISABLED
06-18 17:22:58.799 2343 2343 I RemoteProvisioningService: Starting provisioning job
06-18 17:22:58.834 2447 2587 D nStackXCoAP: IsInSameNetwork:[276] :IsInSameNetwork exec
06-18 17:22:58.834 2447 2587 I nStackXDFinder: GetLocalInterfaceDetail:[461] :GetLocalInterfaceDetail in
06-18 17:22:58.834 2447 2587 E nStackXCoAP: IsInSameNetwork:[281] :IsInSameNetwork: not priority process
06-18 17:22:58.852 505 602 W LastMileLogger: Failed to stop event tracing: /sys/kernel/debug/tracing/instances/wifi/tracing_on: open failed: ENOENT (No such file or directory)
06-18 17:22:58.865 2447 2587 D nStackXCoAP: IsInSameNetwork:[276] :IsInSameNetwork exec
06-18 17:22:58.865 2447 2587 I nStackXDFinder: GetLocalInterfaceDetail:[461] :GetLocalInterfaceDetail in
06-18 17:22:58.865 2447 2587 E nStackXCoAP: IsInSameNetwork:[281] :IsInSameNetwork: not priority process
06-18 17:22:58.874 2447 2587 D nStackXCoAP: IsInSameNetwork:[276] :IsInSameNetwork exec
06-18 17:22:58.881 2447 2587 I nStackXDFinder: GetLocalInterfaceDetail:[461] :GetLocalInterfaceDetail in
06-18 17:22:58.881 2447 2587 E nStackXCoAP: IsInSameNetwork:[281] :IsInSameNetwork: not priority process
06-18 17:22:58.900 2447 2587 D nStackXCoAP: IsInSameNetwork:[276] :IsInSameNetwork exec
06-18 17:22:58.901 2447 2587 I nStackXDFinder: GetLocalInterfaceDetail:[461] :GetLocalInterfaceDetail in
06-18 17:22:58.901 2447 2587 E nStackXCoAP: IsInSameNetwork:[281] :IsInSameNetwork: not priority process
06-18 17:22:58.904 2447 2447 D NearFieldUtils: to get wlan0 ip address
06-18 17:22:58.904 2447 2447 D NearFieldUtils: get wlan0 IP succeed.
06-18 17:22:58.904 2447 2447 I NearFieldManagerImpl: wlan Connected
06-18 17:22:58.905 2447 2447 I HicomNf_java_to_c: notifyNetworkStateChanged with maskStr, networkType: 0, networkState: 0, mask:
06-18 17:22:58.905 2447 2447 I HicomNfMainCtrlManager: NotifyNetworkStateChanged is called with networkState: 0
06-18 17:22:58.905 2447 2447 I HicomNfMainCtrlManager: P2P and USB are both disconnected
06-18 17:22:58.905 2447 2447 I HicomNfSecureManager: stop listening
06-18 17:22:58.905 2447 2447 I HicomNfSecureManager: StopListening, m_sessionInfoLock out, before calling NSTACKX_DMsgClose 2
06-18 17:22:58.905 2447 2447 I HicomNfSecureManager: StopListening, after calling NSTACKX_DMsgClose 2
06-18 17:22:58.914 1671 1671 D aaa : WiFi is connect
06-18 17:22:58.917 6929 6929 D CompatibilityChangeReporter: Compat change id reported: 171979766; UID 10060; state: ENABLED
06-18 17:22:58.921 1671 1671 D aaa : WiFi is connect
01-01 08:08:23.948 1 1 I init : processing action (vendor.led_switch=*) from (/vendor/etc/init/hw/init.oranth.rc:139)
01-01 08:08:23.949 1 1 I init : starting service 'exec 19 (/vendor/bin/led_switch.sh 1)'...
01-01 08:08:23.956 1 1 I init : SVC_EXEC service 'exec 19 (/vendor/bin/led_switch.sh 1)' pid 6984 (uid 0 gid 0+0 context default) started; waiting...
06-18 17:22:58.944 1671 1671 D aaa : WiFi is connect
06-18 17:22:58.952 2447 2447 I HicomNf_java_to_c: notifyNetworkStateChanged with maskStr, networkType: 0, networkState: 1, mask: 255.255.255.0
06-18 17:22:58.952 2447 2447 I HicomNfMainCtrlManager: NotifyNetworkStateChanged is called with networkState: 1
06-18 17:22:58.952 2447 2447 I HicomNfSecureManager: StartListening, before calling NSTACKX_DMsgServer
06-18 17:22:58.952 2447 2447 I nStackXDMsg: NSTACKX_DMsgServer:[1335] :msgReceiver is not NULL
06-18 17:22:58.953 2447 2447 D nStackXDMsg: StartDMsgMainThread:[1274] :pthread_create
06-18 17:22:58.955 2447 2447 I HicomNfSecureManager: StartListening, after calling NSTACKX_DMsgServer
06-18 17:22:58.955 2447 2447 I HicomNfSecureManager: OnehopSecureCtrlManager: succeeded to StartListening with type 0
06-18 17:22:58.956 2447 2587 E nStackXDFinder: GetLocalIp:[401] :GetLocalIp exec
06-18 17:22:58.956 1671 1671 D aaa : WiFi is connect
06-18 17:22:58.956 2447 2587 E nStackXDFinder: GetLocalIp:[401] :GetLocalIp exec
06-18 17:22:58.956 2447 2587 E nStackXDFinder: GetLocalIp:[401] :GetLocalIp exec
06-18 17:22:58.958 2447 2587 I nStackXCoAP: CoapServiceDiscoverTimerHandle:[524] :the 3 times for device discover.
06-18 17:22:58.961 2447 2447 D NearFieldManagerImpl: onReceive action get:android.net.conn.CONNECTIVITY_CHANGE
06-18 17:22:58.963 2447 2550 W efs.info.manager: network change: wifi
06-18 17:22:58.963 2447 2447 D NearFieldUtils: getPreferredIpAddress exec
06-18 17:22:58.963 2447 2447 D NearFieldUtils: getPreferredIpAddress by custom priority
06-18 17:22:58.963 2447 2447 D NearFieldUtils: getIpByInterfaceSetting customIdnNetworkPriority:[]
06-18 17:22:58.963 2447 2447 D NearFieldUtils: getPreferredIpAddress by default priority
06-18 17:22:58.974 1528 1528 I Receiver: ----------netConnectInitSDK--------------
06-18 17:22:58.977 1528 1528 D RockyNetMessageUtil: initTipsList tipEntity = TipEntity{movieType=[我想看喜剧片, 动作片, 枪战片], movie=[庆余年, 误杀, 美丽人生, 爆笑虫子, 哪吒, 小猪佩奇, 胡歌的电视剧, 张艺谋导演的电影, 切换到1080P, 收藏], appController=[打开当贝市场, 下载当贝影视, 爱奇艺, 卸载腾讯视频], weather=[今天的天气, 未来五天的天气, 杭州天气怎么样, 明天下不下雨], music=[我要听歌, 周杰伦的歌, 上一首, 下一首, 快进一分钟, 暂停], liveAppDownload='非常抱歉,没有此类内容哦。 如果您想安装软件,可以使用电脑浏览器搜索相应的应用软件。下载并拷贝至U盘,然后将U盘插入设备终端,通过U盘安装相关应用软件。安装成功后即可使用相关功能。 如有疑问,您可以通过以下联系方式,获得更多帮助。 固定电话:400-000-3505', subscreen=[SubScreenEntity{appName='动态屏', type=1}, SubScreenEntity{appName='时钟', type=2}, SubScreenEntity{appName='画廊', type=3}, SubScreenEntity{appName='当贝云相册', type=4}, SubScreenEntity{appName='当贝酷狗音乐', type=5}, SubScreenEntity{appName='应用', type=6}], wakeUpVoiceResponse=null, unrecognizedVoiceResponse=null, notUnderstandVoiceResponse=null} isRequestTipSuccess = false
06-18 17:22:59.016 1528 1528 D RockyNetMessageUtil: initMediaControlPage pageEntity = PageEntity{list=[ContentEntity{packageName='com.dangbei.leard.leradlauncher', activityName='FilmDetailActivity'}, ContentEntity{packageName='com.dangbei.leard.leradlauncher', activityName='FullScreenDetailActivity'}, ContentEntity{packageName='com.dangbei.leard.leradlauncher', activityName='TencentSportActivity'}]} isRequestPageControlSuccess = false
01-01 08:08:24.037 1 1 I init : Control message: Processed ctl.stop for 'rainbow_flow' from pid: 6991 (stop rainbow_flow voice breathe flow_led net_disconnect)
01-01 08:08:24.040 1 1 I init : Control message: Processed ctl.stop for 'voice' from pid: 6991 (stop rainbow_flow voice breathe flow_led net_disconnect)
01-01 08:08:24.041 1 1 I init : Control message: Processed ctl.stop for 'breathe' from pid: 6991 (stop rainbow_flow voice breathe flow_led net_disconnect)
01-01 08:08:24.042 1 1 I init : Control message: Processed ctl.stop for 'flow_led' from pid: 6991 (stop rainbow_flow voice breathe flow_led net_disconnect)
01-01 08:08:24.042 1 1 I init : Sending signal 9 to service 'net_disconnect' (pid 1038) process group...
06-18 17:22:59.018 1528 1751 D XHttpObservable: handleRequest: start https://tyapi.qun7.com/v1/voice/getsoundshowmsg ,,, isCache = false
01-01 08:08:24.048 1 1 I libprocessgroup: Successfully killed process cgroup uid 0 pid 1038 in 6ms
01-01 08:08:24.050 1 1 I init : Control message: Processed ctl.stop for 'net_disconnect' from pid: 6991 (stop rainbow_flow voice breathe flow_led net_disconnect)
06-18 17:22:59.032 2150 2150 I pool-2-thread-3: type=1400 audit(0.0:2836): avc: denied { lock } for path="/data/user/0/com.android.statementservice/no_backup/androidx.work.workdb-shm" dev="mmcblk0p25" ino=2320 scontext=u:r:platform_app:s0:c512,c768 tcontext=u:object_r:app_data_file:s0:c512,c768 tclass=file permissive=1 app=com.android.statementservice
06-18 17:22:59.034 2447 2587 D nStackXCoAP: IsInSameNetwork:[276] :IsInSameNetwork exec
06-18 17:22:59.034 2447 2587 I nStackXDFinder: GetLocalInterfaceDetail:[461] :GetLocalInterfaceDetail in
06-18 17:22:59.034 2447 2587 E nStackXCoAP: IsInSameNetwork:[281] :IsInSameNetwork: not priority process
06-18 17:22:59.035 1528 1755 D XHttpObservable: handleRequest: start https://tyapi.qun7.com/v1/voice/getResponseControlPage ,,, isCache = false
06-18 17:22:59.040 2447 2587 D nStackXCoAP: IsInSameNetwork:[276] :IsInSameNetwork exec
06-18 17:22:59.040 2447 2587 I nStackXDFinder: GetLocalInterfaceDetail:[461] :GetLocalInterfaceDetail in
06-18 17:22:59.040 2447 2587 E nStackXCoAP: IsInSameNetwork:[281] :IsInSameNetwork: not priority process
06-18 17:22:59.042 2150 2214 I WM-WorkerWrapper: Worker result SUCCESS for Work [ id=20daad92-cb2a-43cb-85b1-d8a9105f18a2, tags={ com.android.statementservice.domain.worker.RetryRequestWorker } ]
06-18 17:22:59.042 6929 6929 D nativeloader: classloader namespace configured for unbundled product apk. library_path=/product/app/webview/lib/arm:/product/app/webview/webview.apk!/lib/armeabi-v7a:/product/lib:/system/product/lib
06-18 17:22:59.045 2447 2587 D nStackXCoAP: IsInSameNetwork:[276] :IsInSameNetwork exec
06-18 17:22:59.045 2447 2587 I nStackXDFinder: GetLocalInterfaceDetail:[461] :GetLocalInterfaceDetail in
06-18 17:22:59.045 2447 2587 E nStackXCoAP: IsInSameNetwork:[281] :IsInSameNetwork: not priority process
06-18 17:22:59.046 2447 2587 D nStackXCoAP: IsInSameNetwork:[276] :IsInSameNetwork exec
06-18 17:22:59.046 2447 2587 I nStackXDFinder: GetLocalInterfaceDetail:[461] :GetLocalInterfaceDetail in
06-18 17:22:59.046 2447 2587 E nStackXCoAP: IsInSameNetwork:[281] :IsInSameNetwork: not priority process
06-18 17:22:59.063 505 782 D WifiMemoryStoreImpl: Set cluster G3d86d648e8dc04bf for Wcafdb48e5d581d2a: SUCCESS
06-18 17:22:59.082 505 505 W Looper : Drained
06-18 17:22:59.106 1125 1484 D getEthernetMacAddr: getEthernetMacAddr use eth0
06-18 17:22:59.144 1125 6961 D getEthernetMacAddr: getEthernetMacAddr use eth0
06-18 17:22:59.158 2447 2587 E nStackXDFinder: GetLocalIp:[401] :GetLocalIp exec
06-18 17:22:59.158 2447 2587 E nStackXDFinder: GetLocalIp:[401] :GetLocalIp exec
06-18 17:22:59.158 2447 2587 E nStackXDFinder: GetLocalIp:[401] :GetLocalIp exec
06-18 17:22:59.159 2447 2587 I nStackXCoAP: CoapServiceDiscoverTimerHandle:[524] :the 4 times for device discover.
06-18 17:22:59.211 1125 1484 D getEthernetMacAddr: getEthernetMacAddr use eth0
06-18 17:22:59.220 1125 6961 D getEthernetMacAddr: getEthernetMacAddr use eth0
06-18 17:22:59.220 505 525 W IorapForwardingService: No service published for: iorapd
06-18 17:22:59.230 2447 2587 D nStackXCoAP: IsInSameNetwork:[276] :IsInSameNetwork exec
06-18 17:22:59.230 2447 2587 I nStackXDFinder: GetLocalInterfaceDetail:[461] :GetLocalInterfaceDetail in
06-18 17:22:59.230 2447 2587 E nStackXCoAP: IsInSameNetwork:[281] :IsInSameNetwork: not priority process
06-18 17:22:59.233 2447 2587 D nStackXCoAP: IsInSameNetwork:[276] :IsInSameNetwork exec
06-18 17:22:59.233 2447 2587 I nStackXDFinder: GetLocalInterfaceDetail:[461] :GetLocalInterfaceDetail in
06-18 17:22:59.233 2447 2587 E nStackXCoAP: IsInSameNetwork:[281] :IsInSameNetwork: not priority process
06-18 17:22:59.241 2447 2587 D nStackXCoAP: IsInSameNetwork:[276] :IsInSameNetwork exec
06-18 17:22:59.241 2447 2587 I nStackXDFinder: GetLocalInterfaceDetail:[461] :GetLocalInterfaceDetail in
06-18 17:22:59.241 2447 2587 E nStackXCoAP: IsInSameNetwork:[281] :IsInSameNetwork: not priority process
06-18 17:22:59.241 2447 2587 D nStackXCoAP: IsInSameNetwork:[276] :IsInSameNetwork exec
06-18 17:22:59.241 2447 2587 I nStackXDFinder: GetLocalInterfaceDetail:[461] :GetLocalInterfaceDetail in
06-18 17:22:59.241 2447 2587 E nStackXCoAP: IsInSameNetwork:[281] :IsInSameNetwork: not priority process
06-18 17:22:59.269 505 602 I WifiClientModeImpl: Default Gateway MAC address of c8:bf:4c:1d:7a:9b from routes is : c8:bf:4c:1d:7a:99
06-18 17:22:59.270 6929 6929 V GraphicsEnvironment: ANGLE Developer option for 'com.android.webview' set to: 'default'
06-18 17:22:59.271 6929 6929 V GraphicsEnvironment: Neither updatable production driver nor prerelease driver is supported.
06-18 17:22:59.290 1125 1485 I okhttp.OkHttpClient: --> POST http://tymsgapi.qun7.com/v1/core/logip (592-byte body)
06-18 17:22:59.293 1125 6979 I okhttp.OkHttpClient: --> POST http://tymsgapi.qun7.com/v1/core/rom (525-byte body)
06-18 17:22:59.308 1125 1484 I okhttp.OkHttpClient: --> POST http://tymsgapi.qun7.com/v1/core/rom (525-byte body)
06-18 17:22:59.310 2447 2447 D NearFieldUtils: to get wlan0 ip address
06-18 17:22:59.310 2447 2447 D NearFieldUtils: get wlan0 IP succeed.
06-18 17:22:59.310 2447 2447 E NearFieldManagerImpl: notifyByPriority: interfaceNameInUse is null
06-18 17:22:59.310 2447 2447 D NearFieldManagerImpl: handleConnectivityAction: notified by default
06-18 17:22:59.319 1125 6978 I okhttp.OkHttpClient: --> POST http://tyapi.qun7.com/v1/core/launcherota (525-byte body)
06-18 17:22:59.326 505 602 D WifiConfigStore: Writing to stores completed in 35 ms.
06-18 17:22:59.333 2976 2976 I RequestCookie: current compose cookie: a=2&b=SogouInputTV&c=1.1.97.2012221415&d=20201222&e=TV&f=31&g=zh_CN&h=1080x1920&i=DBBOX-A2&j=android_tv_dangbei&k=02:00:00:00:00:00&l=310260000000000&m=460&n=00&o=android_tv_dangbei&p=1&q=wifi&r=da6cb4ffa05db9ce&s=02:00:00:00:00:00&t=Dangbei&u=1.5&v=&w=&x=sogou.tv&y=&sn=DZOH58251975972&mn=Allwinner&mi=&bd=Build_d5523c4_20201222&cd=&pn=com.sohu.inputmethod.sogou.tv&cb=&rv=&vc=508&ic=&sc=&bv=1.1.97.2012221415&uuid=
06-18 17:22:59.342 2976 2976 I SendAliveManager: doWhenNetworkStateChanged
06-18 17:22:59.343 2976 2976 I DefaultIMS: onStartInput attribute=android.view.inputmethod.EditorInfo@c96f252 restarting=false inputType: 0
06-18 17:22:59.358 2976 2976 I SendAliveManager: getSendAliveUrl--->http://ping.android.shouji.sogou.com/alive.gif
06-18 17:22:59.374 505 609 D ConnectivityService: Setting DNS servers for network 100 to [/fe80::cabf:4cff:fe1d:7a99%wlan0, /192.168.31.1]
06-18 17:22:59.376 1125 7000 I okhttp.OkHttpClient: --> POST http://tyapi.qun7.com/v1/core/launcherota (525-byte body)
06-18 17:22:59.378 505 609 D DnsManager: sendDnsConfigurationForNetwork(100, [fe80::cabf:4cff:fe1d:7a99%wlan0, 192.168.31.1], [], 1800, 25, 8, 64, 0, 0, , [fe80::cabf:4cff:fe1d:7a99%wlan0, 192.168.31.1])
06-18 17:22:59.358 6929 6929 D NetworkSecurityConfig: No Network Security Config specified, using platform default
06-18 17:22:59.380 6929 6929 D NetworkSecurityConfig: No Network Security Config specified, using platform default
06-18 17:22:59.384 243 7035 W resolv : Validating DnsTlsServer fe80::cabf:4cff:fe1d:7a99%14 with mark 0xf0064
06-18 17:22:59.385 243 7034 W resolv : Validating DnsTlsServer 192.168.31.1 with mark 0xf0064
06-18 17:22:59.388 243 7034 W resolv : SSL_connect ssl error =5, mark 0xf0064: Connection refused
06-18 17:22:59.388 243 7034 W resolv : TLS Handshake failed
06-18 17:22:59.388 243 7034 W resolv : query failed
06-18 17:22:59.388 243 7034 W resolv : validateDnsTlsServer returned 0 for 192.168.31.1
06-18 17:22:59.389 243 7034 W resolv : Validation failed
06-18 17:22:59.392 505 505 I Binder:505_B: type=1400 audit(0.0:2837): avc: denied { sys_module } for capability=16 scontext=u:r:system_server:s0 tcontext=u:r:system_server:s0 tclass=capability permissive=1
06-18 17:22:59.391 243 7035 W resolv : SSL_connect ssl error =5, mark 0xf0064: Connection refused
06-18 17:22:59.391 243 7035 W resolv : TLS Handshake failed
06-18 17:22:59.391 243 7035 W resolv : query failed
06-18 17:22:59.391 243 7035 W resolv : validateDnsTlsServer returned 0 for fe80::cabf:4cff:fe1d:7a99%14
06-18 17:22:59.391 243 7035 W resolv : Validation failed
06-18 17:22:59.429 505 609 W BestClock: java.time.DateTimeException: Missing NTP fix
06-18 17:22:59.439 1125 6961 E HigherBroadcastServer: {"bluetoothBoot":false,"bluetoothController":false,"bluetoothMac":"B4:2F:03:15:73:2F","deviceModel":"DBBOX-A2","deviceModelNumber":"H5232","deviceName":"客厅的当贝盒子","findController":0,"hostName":"192.168.31.235","inetAddress":"192.168.31.235","mac":"20:02:FE:19:C2:0E","port":6689,"romCode":5011,"romVersion":"5.0.1.1","wifiMac":"B4:2F:03:15:E8:B9","deviceId":"21c64902019dc1b5a2d56996a3df215c","sn":"DZOH58251975972"}
06-18 17:22:59.440 1125 6961 W NsdServiceInfo: Key lengths > 9 are discouraged: deviceModel
06-18 17:22:59.440 1125 6961 W NsdServiceInfo: Key lengths > 9 are discouraged: deviceModelNumber
06-18 17:22:59.440 1125 6961 W NsdServiceInfo: Key lengths > 9 are discouraged: deviceName
06-18 17:22:59.440 1125 6961 W NsdServiceInfo: Key lengths > 9 are discouraged: romVersion
06-18 17:22:59.440 1125 6961 W NsdServiceInfo: Key lengths > 9 are discouraged: findController
06-18 17:22:59.443 899 899 I Choreographer: Skipped 36 frames! The application may be doing too much work on its main thread.
06-18 17:22:59.461 1125 1485 I okhttp.OkHttpClient: <-- 200 OK http://tymsgapi.qun7.com/v1/core/logip (169ms, 81-byte body)
06-18 17:22:59.471 2447 2447 D NearFieldUtils: to get wlan0 ip address
06-18 17:22:59.472 2447 2447 D NearFieldUtils: get wlan0 IP succeed.
06-18 17:22:59.472 2447 2447 I NearFieldManagerImpl: wlan Connected
06-18 17:22:59.475 2976 7029 I SendAliveManager: saveSendAliveStatus--->aliveType: 1000
06-18 17:22:59.476 2447 2447 I HicomNf_java_to_c: notifyNetworkStateChanged with maskStr, networkType: 0, networkState: 0, mask:
06-18 17:22:59.479 2447 2447 I HicomNfMainCtrlManager: NotifyNetworkStateChanged is called with networkState: 0
06-18 17:22:59.479 2447 2447 I HicomNfMainCtrlManager: P2P and USB are both disconnected
06-18 17:22:59.479 2447 2447 I HicomNfSecureManager: stop listening
06-18 17:22:59.479 2447 2447 D nStackXDMsg: NSTACKX_DMsgClose:[1569] :close session
06-18 17:22:59.479 2447 6987 D nStackXDMsg: DMsgMainLoop:[1252] :exit thread, reason = 0
06-18 17:22:59.481 2447 2447 D nStackXDMsg: StopDMsgMainThread:[1301] :-271399824 pthread_join() tid = -1047948864
06-18 17:22:59.486 2447 2447 I HicomNfSecureManager: Stop listening eth or wlan
06-18 17:22:59.486 2447 2447 I HicomNfSecureManager: StopListening, m_sessionInfoLock out, before calling NSTACKX_DMsgClose 2
06-18 17:22:59.486 2447 2447 I HicomNfSecureManager: StopListening, after calling NSTACKX_DMsgClose 2
06-18 17:22:59.493 1125 1485 I HttpUtil: success
06-18 17:22:59.503 1125 6979 I okhttp.OkHttpClient: <-- 200 OK http://tymsgapi.qun7.com/v1/core/rom (209ms, unknown-length body)
06-18 17:22:59.508 1125 6978 I okhttp.OkHttpClient: <-- 200 OK http://tyapi.qun7.com/v1/core/launcherota (188ms, unknown-length body)
06-18 17:22:59.511 1125 1484 I okhttp.OkHttpClient: <-- 200 OK http://tymsgapi.qun7.com/v1/core/rom (202ms, unknown-length body)
06-18 17:22:59.529 1125 7000 I okhttp.OkHttpClient: <-- 200 OK http://tyapi.qun7.com/v1/core/launcherota (152ms, unknown-length body)
06-18 17:22:59.530 1125 1486 I okhttp.OkHttpClient: --> POST http://tymsgapi.qun7.com/v1/core/appupdate (3176-byte body)
06-18 17:22:59.534 2976 2976 I RequestCookie: current compose cookie: a=2&b=SogouInputTV&c=1.1.97.2012221415&d=20201222&e=TV&f=31&g=zh_CN&h=1080x1920&i=DBBOX-A2&j=android_tv_dangbei&k=02:00:00:00:00:00&l=310260000000000&m=460&n=00&o=android_tv_dangbei&p=1&q=wifi&r=da6cb4ffa05db9ce&s=02:00:00:00:00:00&t=Dangbei&u=1.5&v=&w=&x=sogou.tv&y=&sn=DZOH58251975972&mn=Allwinner&mi=&bd=Build_d5523c4_20201222&cd=&pn=com.sohu.inputmethod.sogou.tv&cb=&rv=&vc=508&ic=&sc=&bv=1.1.97.2012221415&uuid=
01-01 08:08:24.603 6862 6862 W audit : audit_lost=2295 audit_rate_limit=5 audit_backlog_limit=64
01-01 08:08:24.603 6862 6862 E audit : rate limit exceeded
06-18 17:22:59.576 899 899 I RenderThread: type=1400 audit(0.0:2838): avc: denied { search } for name="com.dangbei.hqguide" dev="mmcblk0p25" ino=1001 scontext=u:r:platform_app:s0:c512,c768 tcontext=u:object_r:app_data_file:s0:c512,c768 tclass=dir permissive=1 app=com.dangbei.hqguide
06-18 17:22:59.576 899 899 I RenderThread: type=1400 audit(0.0:2839): avc: denied { write } for name="code_cache" dev="mmcblk0p25" ino=1003 scontext=u:r:platform_app:s0:c512,c768 tcontext=u:object_r:app_data_file:s0:c512,c768 tclass=dir permissive=1 app=com.dangbei.hqguide
06-18 17:22:59.576 899 899 I RenderThread: type=1400 audit(0.0:2840): avc: denied { remove_name } for name="com.android.opengl.shaders_cache" dev="mmcblk0p25" ino=2553 scontext=u:r:platform_app:s0:c512,c768 tcontext=u:object_r:app_data_file:s0:c512,c768 tclass=dir permissive=1 app=com.dangbei.hqguide
06-18 17:22:59.590 505 609 W BestClock: java.time.DateTimeException: Missing NTP fix
06-18 17:22:59.600 505 599 W BestClock: java.time.DateTimeException: Missing NTP fix
06-18 17:22:59.601 505 599 W BestClock: java.time.DateTimeException: Missing NTP fix
06-18 17:22:59.611 2447 2447 I HicomNf_java_to_c: notifyNetworkStateChanged with maskStr, networkType: 0, networkState: 1, mask: 255.255.255.0
06-18 17:22:59.612 2447 2447 I HicomNfMainCtrlManager: NotifyNetworkStateChanged is called with networkState: 1
06-18 17:22:59.612 2447 2447 I HicomNfSecureManager: StartListening, before calling NSTACKX_DMsgServer
06-18 17:22:59.612 2447 2447 I nStackXDMsg: NSTACKX_DMsgServer:[1335] :msgReceiver is not NULL
06-18 17:22:59.612 2447 2447 D nStackXDMsg: StartDMsgMainThread:[1274] :pthread_create
06-18 17:22:59.613 2447 2447 I HicomNfSecureManager: StartListening, after calling NSTACKX_DMsgServer
06-18 17:22:59.613 2447 2447 I HicomNfSecureManager: OnehopSecureCtrlManager: succeeded to StartListening with type 0
06-18 17:22:59.632 1125 1125 E ccc : cccccc requestOtaInfo result BaseResponse{message='success', data=OtaUpdateBean{downloadId='3912', updateType=1, romVersionName='5.0.1.0', romCode=6666, current=0, romMd5v='5098bfb41da7862a5f8efa32169185f6', romLength=695965992, romSize='1.0 GB', downUrl='http://dl.qun7.com/H5/H5/5.0.1.0_user_20250613_MP/user_H618_H5_20250613_ota.zip', reUrl='http://dl.v5tv.com/H5/H5/5.0.1.0_user_20250613_MP/user_H618_H5_20250613_ota.zip', reUrl2='http://dl.tymcdn.com/H5/H5/5.0.1.0_user_20250613_MP/user_H618_H5_20250613_ota.zip', tempUrl='null', remark='6月13号,MP量产固件测试
06-18 17:22:59.632 1125 1125 E ccc : user_H618_H5_20250613
06-18 17:22:59.632 1125 1125 E ccc : 链接: https://pan.baidu.com/s/1I9qXbnB145IidajJVd4M5Q?pwd=b527 提取码: b527
06-18 17:22:59.632 1125 1125 E ccc : 1、user版本
06-18 17:22:59.632 1125 1125 E ccc : 2、添加两个开机广播
06-18 17:22:59.632 1125 1125 E ccc : 3、版本号5010', status=idle, progress=0.0, filterMac=[], localPath='null', popup=1, isPaused=false, cancelled=false, extraInfo='null'}, code=0}
06-18 17:22:59.641 1514 1548 E ccc : cccccc notifyUpdateChanged {"code":1,"data":{"hasUpdate":true,"what":3,"why":-1},"message":"更新状态变化"}
06-18 17:22:59.651 1528 1755 D XHttpObservable: createNetWorkObservable subscribe: MediaControlEntity{code=0, data=PageEntity{list=[ContentEntity{packageName='com.dangbei.leard.leradlauncher', activityName='FilmDetailActivity'}, ContentEntity{packageName='com.dangbei.leard.leradlauncher', activityName='FullScreenDetailActivity'}, ContentEntity{packageName='com.dangbei.leard.leradlauncher', activityName='TencentSportActivity'}, ContentEntity{packageName='com.dangbei.leradVideoPlugins', activityName='FilmDetailActivity'}, ContentEntity{packageName='com.dangbei.leradVideoPlugins', activityName='FullScreenDetailActivity'}, ContentEntity{packageName='com.dangbei.leradVideoPlugins', activityName='TencentSportActivity'}, ContentEntity{packageName='com.dangbei.leradVideoPlugins', activityName='ShortPlayActivity'}, ContentEntity{packageName='com.dangbei.hqmedia', activityName='FilmDetailActivity'}, ContentEntity{packageName='com.dangbei.hqmedia', activityName='FullScreenDetailActivity'}, ContentEntity{packageName='com.dangbei.leradVideoPlugins', activityName='MangoMediaActivity'}, ContentEntity{packageName='com.dangbei.leradVideoPlugins', activityName='VcinemaActivity'}]}, message='success'} ,,, isDisposed = false
06-18 17:22:59.653 2447 2555 W efs.info.manager: network change: wifi
06-18 17:22:59.661 2447 2587 E nStackXDFinder: GetLocalIp:[401] :GetLocalIp exec
06-18 17:22:59.661 2447 2587 E nStackXDFinder: GetLocalIp:[401] :GetLocalIp exec
06-18 17:22:59.661 2447 2587 E nStackXDFinder: GetLocalIp:[401] :GetLocalIp exec
06-18 17:22:59.662 2447 2587 I nStackXCoAP: CoapServiceDiscoverTimerHandle:[524] :the 5 times for device discover.
06-18 17:22:59.666 1528 1751 D XHttpObservable: createNetWorkObservable subscribe: ShowMessageEntity{code=0, data=TipEntity{movieType=[我想看喜剧片, 动作片, 枪战片], movie=[庆余年, 误杀, 美丽人生, 爆笑虫子, 哪吒, 小猪佩奇, 胡歌的电视剧, 张艺谋导演的电影, 切换到1080P, 收藏], appController=[打开当贝市场, 下载哈趣影视, 爱奇艺, 卸载腾讯视频], weather=[今天的天气, 未来五天的天气, 杭州天气怎么样, 明天下不下雨], music=[我要听歌, 周杰伦的歌, 上一首, 下一首, 快进一分钟, 暂停], liveAppDownload='非常抱歉,根据监管部门政策管理要求,暂不提供相应服务。', subscreen=null, wakeUpVoiceResponse=[ProbabilityEntity{word='在呢', probability=30}, ProbabilityEntity{word='我在', probability=35}, ProbabilityEntity{word='你说', probability=15}, ProbabilityEntity{word='来啦', probability=20}], unrecognizedVoiceResponse=[ProbabilityEntity{word='可以再说一遍么', probability=45}, ProbabilityEntity{word='可以说的详细一点么', probability=30}, ProbabilityEntity{word='请问有什么可以帮您', probability=25}], notUnderstandVoiceResponse=[ProbabilityEntity{word='换个说法试试吧', probability=100}]}, message='success'} ,,, isDisposed = false
06-18 17:22:59.678 1514 1548 D EventBus: No subscribers registered for event class com.dangbei.haqusetting.model.bean.event.RootEvent
06-18 17:22:59.678 1514 1548 D EventBus: No subscribers registered for event class org.greenrobot.eventbus.NoSubscriberEvent
06-18 17:22:59.678 1125 1125 E ccc : cccccc updateHelper 通知更新
06-18 17:22:59.678 1125 1125 E ccc : cccccc OtaUpdateHelper 普通更新 1
06-18 17:22:59.687 1125 1486 I okhttp.OkHttpClient: <-- 200 OK http://tymsgapi.qun7.com/v1/core/appupdate (156ms, unknown-length body)
06-18 17:22:59.688 2976 2976 I RequestCookie: current compose cookie: a=2&b=SogouInputTV&c=1.1.97.2012221415&d=20201222&e=TV&f=31&g=zh_CN&h=1080x1920&i=DBBOX-A2&j=android_tv_dangbei&k=02:00:00:00:00:00&l=310260000000000&m=460&n=00&o=android_tv_dangbei&p=1&q=wifi&r=da6cb4ffa05db9ce&s=02:00:00:00:00:00&t=Dangbei&u=1.5&v=&w=&x=sogou.tv&y=&sn=DZOH58251975972&mn=Allwinner&mi=&bd=Build_d5523c4_20201222&cd=&pn=com.sohu.inputmethod.sogou.tv&cb=&rv=&vc=508&ic=&sc=&bv=1.1.97.2012221415&uuid=
06-18 17:22:59.690 2976 2976 I DefaultIMS: onStartInput attribute=android.view.inputmethod.EditorInfo@94f0511 restarting=false inputType: 0
06-18 17:22:59.691 2976 2976 I DefaultIMS: onStartInput attribute=android.view.inputmethod.EditorInfo@6568676 restarting=false inputType: 0
06-18 17:22:59.693 1125 1125 E ccc : cccccc launcher ota response is BaseResponse{message='success', data=UpgradeInfoEntity{contentLength=0, versionName='', versionCode=0, remark='', list=[]}, code=0}
06-18 17:22:59.694 1125 1125 W System.err: java.lang.IndexOutOfBoundsException: Index: 0, Size: 0
06-18 17:22:59.696 1859 2061 W efs.info.manager: network change: wifi
06-18 17:22:59.700 1125 1125 W System.err: at java.util.ArrayList.get(ArrayList.java:437)
06-18 17:22:59.700 1125 1125 W System.err: at com.dangbei.etna.update.launcher.LauncherUpdateHelper$requestLauncherUpdateInfo$1$2.invoke(LauncherUpdateHelper.kt:198)
06-18 17:22:59.700 1125 1125 W System.err: at com.dangbei.etna.update.launcher.LauncherUpdateHelper$requestLauncherUpdateInfo$1$2.invoke(LauncherUpdateHelper.kt:189)
06-18 17:22:59.700 1125 1125 W System.err: at com.etna.haqu.support.ext.FlowExtKt$safeCollect$3.emit(FlowExt.kt:52)
06-18 17:22:59.700 1125 1125 W System.err: at kotlinx.coroutines.flow.FlowKt__ErrorsKt$catchImpl$2.emit(Errors.kt:158)
06-18 17:22:59.700 1125 1125 W System.err: at kotlinx.coroutines.flow.FlowKt__ChannelsKt.emitAllImpl$FlowKt__ChannelsKt(Channels.kt:62)
06-18 17:22:59.700 1125 1125 W System.err: at kotlinx.coroutines.flow.FlowKt__ChannelsKt.access$emitAllImpl$FlowKt__ChannelsKt(Channels.kt:1)
06-18 17:22:59.700 1125 1125 W System.err: at kotlinx.coroutines.flow.FlowKt__ChannelsKt$emitAllImpl$1.invokeSuspend(Unknown Source:14)
06-18 17:22:59.700 1125 1125 W System.err: at kotlin.coroutines.jvm.internal.BaseContinuationImpl.resumeWith(ContinuationImpl.kt:33)
06-18 17:22:59.701 1125 1125 W System.err: at kotlinx.coroutines.DispatchedTask.run(DispatchedTask.kt:106)
06-18 17:22:59.701 1125 1125 W System.err: at android.os.Handler.handleCallback(Handler.java:938)
06-18 17:22:59.701 1125 1125 W System.err: at android.os.Handler.dispatchMessage(Handler.java:99)
06-18 17:22:59.701 1125 1125 W System.err: at android.os.Looper.loopOnce(Looper.java:201)
06-18 17:22:59.701 1125 1125 W System.err: at android.os.Looper.loop(Looper.java:288)
06-18 17:22:59.701 1125 1125 W System.err: at android.app.ActivityThread.main(ActivityThread.java:7854)
06-18 17:22:59.701 1125 1125 W System.err: at java.lang.reflect.Method.invoke(Native Method)
06-18 17:22:59.701 1125 1125 W System.err: at com.android.internal.os.RuntimeInit$MethodAndArgsCaller.run(RuntimeInit.java:548)
06-18 17:22:59.701 1125 1125 W System.err: at com.android.internal.os.ZygoteInit.main(ZygoteInit.java:1182)
06-18 17:22:59.713 1859 1859 E StartupService: onConnected:
06-18 17:22:59.719 1514 1548 E ccc : cccccc notifyUpdateChanged {"code":1,"data":{"hasUpdate":false,"what":1,"why":-1},"message":"更新状态变化"}
06-18 17:22:59.720 1514 1548 D EventBus: No subscribers registered for event class com.dangbei.haqusetting.model.bean.event.RootEvent
06-18 17:22:59.720 1514 1548 D EventBus: No subscribers registered for event class org.greenrobot.eventbus.NoSubscriberEvent
06-18 17:22:59.720 1125 1125 E ccc : cccccc updateHelper 通知更新
06-18 17:22:59.722 1125 1125 E ccc : cccccc launcher ota response is BaseResponse{message='success', data=UpgradeInfoEntity{contentLength=0, versionName='', versionCode=0, remark='', list=[]}, code=0}
06-18 17:22:59.722 1125 1125 W System.err: java.lang.IndexOutOfBoundsException: Index: 0, Size: 0
06-18 17:22:59.722 1125 1125 W System.err: at java.util.ArrayList.get(ArrayList.java:437)
06-18 17:22:59.722 1125 1125 W System.err: at com.dangbei.etna.update.launcher.LauncherUpdateHelper$requestLauncherUpdateInfo$1$2.invoke(LauncherUpdateHelper.kt:198)
06-18 17:22:59.722 1125 1125 W System.err: at com.dangbei.etna.update.launcher.LauncherUpdateHelper$requestLauncherUpdateInfo$1$2.invoke(LauncherUpdateHelper.kt:189)
06-18 17:22:59.722 1125 1125 W System.err: at com.etna.haqu.support.ext.FlowExtKt$safeCollect$3.emit(FlowExt.kt:52)
06-18 17:22:59.722 1125 1125 W System.err: at kotlinx.coroutines.flow.FlowKt__ErrorsKt$catchImpl$2.emit(Errors.kt:158)
06-18 17:22:59.722 1125 1125 W System.err: at kotlinx.coroutines.flow.FlowKt__ChannelsKt.emitAllImpl$FlowKt__ChannelsKt(Channels.kt:62)
06-18 17:22:59.722 1125 1125 W System.err: at kotlinx.coroutines.flow.FlowKt__ChannelsKt.access$emitAllImpl$FlowKt__ChannelsKt(Channels.kt:1)
06-18 17:22:59.722 1125 1125 W System.err: at kotlinx.coroutines.flow.FlowKt__ChannelsKt$emitAllImpl$1.invokeSuspend(Unknown Source:14)
06-18 17:22:59.722 1125 1125 W System.err: at kotlin.coroutines.jvm.internal.BaseContinuationImpl.resumeWith(ContinuationImpl.kt:33)
06-18 17:22:59.722 1125 1125 W System.err: at kotlinx.coroutines.DispatchedTask.run(DispatchedTask.kt:106)
06-18 17:22:59.722 1125 1125 W System.err: at android.os.Handler.handleCallback(Handler.java:938)
06-18 17:22:59.722 1125 1125 W System.err: at android.os.Handler.dispatchMessage(Handler.java:99)
06-18 17:22:59.722 1125 1125 W System.err: at android.os.Looper.loopOnce(Looper.java:201)
06-18 17:22:59.722 1125 1125 W System.err: at android.os.Looper.loop(Looper.java:288)
06-18 17:22:59.722 1125 1125 W System.err: at android.app.ActivityThread.main(ActivityThread.java:7854)
06-18 17:22:59.723 1125 1125 W System.err: at java.lang.reflect.Method.invoke(Native Method)
06-18 17:22:59.723 1125 1125 W System.err: at com.android.internal.os.RuntimeInit$MethodAndArgsCaller.run(RuntimeInit.java:548)
06-18 17:22:59.723 1125 1125 W System.err: at com.android.internal.os.ZygoteInit.main(ZygoteInit.java:1182)
06-18 17:22:59.738 1514 1548 E ccc : cccccc notifyUpdateChanged {"code":1,"data":{"hasUpdate":false,"what":1,"why":-1},"message":"更新状态变化"}
06-18 17:22:59.739 1514 1548 D EventBus: No subscribers registered for event class com.dangbei.haqusetting.model.bean.event.RootEvent
06-18 17:22:59.739 1514 1548 D EventBus: No subscribers registered for event class org.greenrobot.eventbus.NoSubscriberEvent
06-18 17:22:59.740 1125 1125 E ccc : cccccc updateHelper 通知更新
06-18 17:22:59.741 1125 1125 E ccc : cccccc requestOtaInfo result BaseResponse{message='success', data=OtaUpdateBean{downloadId='3912', updateType=1, romVersionName='5.0.1.0', romCode=6666, current=0, romMd5v='5098bfb41da7862a5f8efa32169185f6', romLength=695965992, romSize='1.0 GB', downUrl='http://dl.qun7.com/H5/H5/5.0.1.0_user_20250613_MP/user_H618_H5_20250613_ota.zip', reUrl='http://dl.v5tv.com/H5/H5/5.0.1.0_user_20250613_MP/user_H618_H5_20250613_ota.zip', reUrl2='http://dl.tymcdn.com/H5/H5/5.0.1.0_user_20250613_MP/user_H618_H5_20250613_ota.zip', tempUrl='null', remark='6月13号,MP量产固件测试
06-18 17:22:59.741 1125 1125 E ccc : user_H618_H5_20250613
06-18 17:22:59.741 1125 1125 E ccc : 链接: https://pan.baidu.com/s/1I9qXbnB145IidajJVd4M5Q?pwd=b527 提取码: b527
06-18 17:22:59.741 1125 1125 E ccc : 1、user版本
06-18 17:22:59.741 1125 1125 E ccc : 2、添加两个开机广播
06-18 17:22:59.741 1125 1125 E ccc : 3、版本号5010', status=idle, progress=0.0, filterMac=[], localPath='null', popup=1, isPaused=false, cancelled=false, extraInfo='null'}, code=0}
06-18 17:22:59.748 1859 2072 W efs.info.manager: network change: wifi
06-18 17:22:59.751 2976 7029 I SendAliveManager: saveSendAliveStatus--->aliveType: 1000
06-18 17:22:59.763 505 612 D NsdService: Register service
06-18 17:22:59.763 505 612 D NsdService: registerService: 5 name: 192.168.31.235, type: _db_controller._tcp, host: /192.168.31.235, port: 6689, txtRecord: deviceModel=DBBOX-A2romVersion=5.0.1.1findController=0sn=DZOH58251975972mac=20:02:FE:19:C2:0E deviceName=客厅的当贝盒子)deviceId=21c64902019dc1b5a2d56996a3df215cdeviceModelNumber=H5232 romCode=5011
06-18 17:22:59.763 505 612 D NsdService: mdnssd [register, 5, 192.168.31.235, _db_controller._tcp, 6689, FGRldmljZU1vZGVsPURCQk9YLUEyEnJvbVZlcnNpb249NS4wLjEuMRBmaW5kQ29udHJvbGxlcj0wEnNuPURaT0g1ODI1MTk3NTk3MhVtYWM9MjA6MDI6RkU6MTk6QzI6MEUgZGV2aWNlTmFtZT3lrqLljoXnmoTlvZPotJ3nm5LlrZApZGV2aWNlSWQ9MjFjNjQ5MDIwMTlkYzFiNWEyZDU2OTk2YTNkZjIxNWMXZGV2aWNlTW9kZWxOdW1iZXI9SDUyMzIMcm9tQ29kZT01MDEx]
06-18 17:22:59.764 1514 1548 E ccc : cccccc notifyUpdateChanged {"code":1,"data":{"hasUpdate":true,"what":3,"why":-1},"message":"更新状态变化"}
06-18 17:22:59.765 1514 1548 D EventBus: No subscribers registered for event class com.dangbei.haqusetting.model.bean.event.RootEvent
06-18 17:22:59.765 1514 1548 D EventBus: No subscribers registered for event class org.greenrobot.eventbus.NoSubscriberEvent
06-18 17:22:59.766 505 612 D NsdService: Register 2 5
06-18 17:22:59.766 1125 1125 E ccc : cccccc updateHelper 通知更新
06-18 17:22:59.766 1125 1125 E ccc : cccccc OtaUpdateHelper 普通更新 1
06-18 17:22:59.786 1125 7001 I okhttp.OkHttpClient: --> POST http://tymsgapi.qun7.com/v1/core/appupdate (3176-byte body)
06-18 17:22:59.853 1125 7001 I okhttp.OkHttpClient: <-- 200 OK http://tymsgapi.qun7.com/v1/core/appupdate (65ms, unknown-length body)
06-18 17:22:59.861 2447 2587 D nStackXCoAP: IsInSameNetwork:[276] :IsInSameNetwork exec
06-18 17:22:59.861 2447 2587 I nStackXDFinder: GetLocalInterfaceDetail:[461] :GetLocalInterfaceDetail in
06-18 17:22:59.861 2447 2587 E nStackXCoAP: IsInSameNetwork:[281] :IsInSameNetwork: not priority process
06-18 17:22:59.879 2447 2587 D nStackXCoAP: IsInSameNetwork:[276] :IsInSameNetwork exec
06-18 17:22:59.879 2447 2587 I nStackXDFinder: GetLocalInterfaceDetail:[461] :GetLocalInterfaceDetail in
06-18 17:22:59.879 2447 2587 E nStackXCoAP: IsInSameNetwork:[281] :IsInSameNetwork: not priority process
06-18 17:22:59.891 2447 2587 D nStackXCoAP: IsInSameNetwork:[276] :IsInSameNetwork exec
06-18 17:22:59.891 2447 2587 I nStackXDFinder: GetLocalInterfaceDetail:[461] :GetLocalInterfaceDetail in
06-18 17:22:59.891 2447 2587 E nStackXCoAP: IsInSameNetwork:[281] :IsInSameNetwork: not priority process
06-18 17:22:59.894 2976 2976 I SogouIME: SogouIME::setInputView()
06-18 17:22:59.906 2447 2587 D nStackXCoAP: IsInSameNetwork:[276] :IsInSameNetwork exec
06-18 17:22:59.906 2447 2587 I nStackXDFinder: GetLocalInterfaceDetail:[461] :GetLocalInterfaceDetail in
06-18 17:22:59.906 2447 2587 E nStackXCoAP: IsInSameNetwork:[281] :IsInSameNetwork: not priority process
06-18 17:22:59.959 1545 1748 D AppListModel: requestAppFilterList: success
06-18 17:22:59.959 1545 1748 D AppListModel: updateList
06-18 17:22:59.959 1545 1748 D AppListModel: updateList: resetAppList
06-18 17:22:59.988 505 515 I system_server: Background young concurrent copying GC freed 172102(6324KB) AllocSpace objects, 22(968KB) LOS objects, 30% free, 12MB/17MB, paused 86.877ms total 1.436s
06-18 17:23:00.047 1545 1748 D AppListModel: restockSort:
06-18 17:23:00.162 2447 2587 E nStackXDFinder: GetLocalIp:[401] :GetLocalIp exec
06-18 17:23:00.162 2447 2587 E nStackXDFinder: GetLocalIp:[401] :GetLocalIp exec
06-18 17:23:00.162 2447 2587 E nStackXDFinder: GetLocalIp:[401] :GetLocalIp exec
06-18 17:23:00.163 2447 2587 I nStackXCoAP: CoapServiceDiscoverTimerHandle:[524] :the 6 times for device discover.
06-18 17:23:00.222 505 525 W IorapForwardingService: No service published for: iorapd
06-18 17:23:00.355 2447 2587 D nStackXCoAP: IsInSameNetwork:[276] :IsInSameNetwork exec
06-18 17:23:00.355 2447 2587 I nStackXDFinder: GetLocalInterfaceDetail:[461] :GetLocalInterfaceDetail in
06-18 17:23:00.355 2447 2587 E nStackXCoAP: IsInSameNetwork:[281] :IsInSameNetwork: not priority process
06-18 17:23:00.356 2447 2587 D nStackXCoAP: IsInSameNetwork:[276] :IsInSameNetwork exec
06-18 17:23:00.356 2447 2587 I nStackXDFinder: GetLocalInterfaceDetail:[461] :GetLocalInterfaceDetail in
06-18 17:23:00.356 2447 2587 E nStackXCoAP: IsInSameNetwork:[281] :IsInSameNetwork: not priority process
06-18 17:23:00.357 2447 2587 D nStackXCoAP: IsInSameNetwork:[276] :IsInSameNetwork exec
06-18 17:23:00.357 2447 2587 I nStackXDFinder: GetLocalInterfaceDetail:[461] :GetLocalInterfaceDetail in
06-18 17:23:00.357 2447 2587 E nStackXCoAP: IsInSameNetwork:[281] :IsInSameNetwork: not priority process
06-18 17:23:00.390 2447 2587 D nStackXCoAP: IsInSameNetwork:[276] :IsInSameNetwork exec
06-18 17:23:00.390 2447 2587 I nStackXDFinder: GetLocalInterfaceDetail:[461] :GetLocalInterfaceDetail in
06-18 17:23:00.390 2447 2587 E nStackXCoAP: IsInSameNetwork:[281] :IsInSameNetwork: not priority process
06-18 17:23:00.393 6929 7058 I cr_VariationsSeedFetch: Fetched first run seed in 754 ms
06-18 17:23:00.403 505 520 W InputManager-JNI: Input channel object '8f3ce85 Toast (client)' was disposed without first being removed with the input manager!
06-18 17:23:00.409 505 3058 W NotificationService: Toast already killed. pkg=com.dangbei.hqguide token=android.os.BinderProxy@74c6e70
06-18 17:23:00.444 257 290 I gralloc : alloc buffer:W:144 H:77 S:144 PL[144 77] SZ:44352 fmt:1 if:0 af:1 usg:20000b00 fg:00000004
06-18 17:23:00.446 257 290 I gralloc : alloc buffer:W:144 H:77 S:144 PL[144 77] SZ:44352 fmt:1 if:0 af:1 usg:20000b00 fg:00000004
06-18 17:23:00.446 257 290 I gralloc : alloc buffer:W:144 H:77 S:144 PL[144 77] SZ:44352 fmt:1 if:0 af:1 usg:20000b00 fg:00000004
06-18 17:23:00.472 1859 1859 I NetWorkSender: type=1400 audit(0.0:2852): avc: denied { rename } for name="umeng_general_config.xml" dev="mmcblk0p25" ino=2258 scontext=u:r:platform_app:s0:c512,c768 tcontext=u:object_r:app_data_file:s0:c512,c768 tclass=file permissive=1 app=com.dangbei.screencast
06-18 17:23:00.508 505 612 D NsdService: Native daemon message SERVICE_REGISTERED: 606 5 "192.168.31.235"
06-18 17:23:00.510 1125 1125 D LanCommander: com.dangbei.andes.bean.RegistrationData@18f1a22----------------onServiceRegistered
06-18 17:23:00.592 1859 1859 I Thread-48: type=1400 audit(0.0:2853): avc: denied { read } for name="diskstats" dev="proc" ino=4026532124 scontext=u:r:platform_app:s0:c512,c768 tcontext=u:object_r:proc_diskstats:s0 tclass=file permissive=1 app=com.dangbei.screencast
06-18 17:23:00.592 1859 1859 I Thread-48: type=1400 audit(0.0:2854): avc: denied { open } for path="/proc/diskstats" dev="proc" ino=4026532124 scontext=u:r:platform_app:s0:c512,c768 tcontext=u:object_r:proc_diskstats:s0 tclass=file permissive=1 app=com.dangbei.screencast
06-18 17:23:00.592 1859 1859 I Thread-48: type=1400 audit(0.0:2855): avc: denied { getattr } for path="/proc/diskstats" dev="proc" ino=4026532124 scontext=u:r:platform_app:s0:c512,c768 tcontext=u:object_r:proc_diskstats:s0 tclass=file permissive=1 app=com.dangbei.screencast
06-18 17:23:00.596 1859 1859 I work_thread: type=1400 audit(0.0:2856): avc: denied { create } for name="databases" scontext=u:r:platform_app:s0:c512,c768 tcontext=u:object_r:app_data_file:s0:c512,c768 tclass=dir permissive=1 app=com.dangbei.screencast
01-01 08:08:25.621 2045 2045 W audit : audit_lost=2306 audit_rate_limit=5 audit_backlog_limit=64
01-01 08:08:25.621 2045 2045 E audit : rate limit exceeded
06-18 17:23:00.663 2447 2587 E nStackXDFinder: GetLocalIp:[401] :GetLocalIp exec
06-18 17:23:00.664 2447 2587 E nStackXDFinder: GetLocalIp:[401] :GetLocalIp exec
06-18 17:23:00.664 2447 2587 E nStackXDFinder: GetLocalIp:[401] :GetLocalIp exec
06-18 17:23:00.665 2447 2587 I nStackXCoAP: CoapServiceDiscoverTimerHandle:[524] :the 7 times for device discover.
06-18 17:23:00.730 1859 2045 I MobclickAgent: module init:azioc
06-18 17:23:00.770 505 785 W TelephonyPermissions: reportAccessDeniedToReadIdentifiers:com.dangbei.screencast:getSerial:-1
06-18 17:23:00.925 2447 2587 D nStackXCoAP: IsInSameNetwork:[276] :IsInSameNetwork exec
06-18 17:23:00.925 2447 2587 I nStackXDFinder: GetLocalInterfaceDetail:[461] :GetLocalInterfaceDetail in
06-18 17:23:00.925 2447 2587 E nStackXCoAP: IsInSameNetwork:[281] :IsInSameNetwork: not priority process
06-18 17:23:00.926 2447 2587 D nStackXCoAP: IsInSameNetwork:[276] :IsInSameNetwork exec
06-18 17:23:00.926 2447 2587 I nStackXDFinder: GetLocalInterfaceDetail:[461] :GetLocalInterfaceDetail in
06-18 17:23:00.926 2447 2587 E nStackXCoAP: IsInSameNetwork:[281] :IsInSameNetwork: not priority process
06-18 17:23:00.927 2447 2587 D nStackXCoAP: IsInSameNetwork:[276] :IsInSameNetwork exec
06-18 17:23:00.927 2447 2587 I nStackXDFinder: GetLocalInterfaceDetail:[461] :GetLocalInterfaceDetail in
06-18 17:23:00.927 2447 2587 E nStackXCoAP: IsInSameNetwork:[281] :IsInSameNetwork: not priority process
06-18 17:23:00.928 2447 2587 D nStackXCoAP: IsInSameNetwork:[276] :IsInSameNetwork exec
06-18 17:23:00.928 2447 2587 I nStackXDFinder: GetLocalInterfaceDetail:[461] :GetLocalInterfaceDetail in
06-18 17:23:00.928 2447 2587 E nStackXCoAP: IsInSameNetwork:[281] :IsInSameNetwork: not priority process
06-18 17:23:01.017 649 649 E WifiHAL : wifi_get_link_stats: requestResponse Error:-5
06-18 17:23:01.018 505 602 E WifiVendorHal: getWifiLinkLayerStats_1_5_Internal(l.1191) failed {.code = ERROR_INVALID_ARGS, .description = }
06-18 17:23:01.165 2447 2587 E nStackXDFinder: GetLocalIp:[401] :GetLocalIp exec
06-18 17:23:01.165 2447 2587 E nStackXDFinder: GetLocalIp:[401] :GetLocalIp exec
06-18 17:23:01.165 2447 2587 E nStackXDFinder: GetLocalIp:[401] :GetLocalIp exec
06-18 17:23:01.166 2447 2587 I nStackXCoAP: CoapServiceDiscoverTimerHandle:[524] :the 8 times for device discover.
