01-01 08:00:09.579 371 371 D WifiHWInfo: Entry [03], BUS: SDIO, ID: 0x024CB703, Name: rtl8723cs.
01-01 08:00:09.579 371 371 D WifiHWInfo: Entry [04], BUS: SDIO, ID: 0x024CD723, Name: rtl8723ds.
01-01 08:00:09.579 371 371 D WifiHWInfo: Entry [05], BUS: SDIO, ID: 0x024CF179, Name: rtl8189fs.
01-01 08:00:09.579 371 371 D WifiHWInfo: Entry [06], BUS: SDIO, ID: 0x024CB822, Name: rtl88x2bs.
01-01 08:00:09.579 371 371 D WifiHWInfo: Entry [07], BUS: USB, ID: 0x0BDAD723, Name: rtl8723du.
01-01 08:00:09.579 371 371 D WifiHWInfo: Entry [08], BUS: USB, ID: 0x0BDA8179, Name: rtl8188etv.
01-01 08:00:09.579 371 371 D WifiHWInfo: Entry [09], BUS: USB, ID: 0x0BDA0179, Name: rtl8188eu.
01-01 08:00:09.579 371 371 D WifiHWInfo: Entry [10], BUS: USB, ID: 0x0BDA818B, Name: rtl8192eu.
01-01 08:00:09.579 371 371 D WifiHWInfo: Entry [11], BUS: USB, ID: 0x0BDAB720, Name: rtl8723bu.
01-01 08:00:09.579 371 371 D WifiHWInfo: Entry [12], BUS: USB, ID: 0x0BDAC82C, Name: rtl8822cu.
01-01 08:00:09.580 371 371 D WifiHWInfo: Entry [13], BUS: USB, ID: 0x0BDAF179, Name: rtl8188fu.
01-01 08:00:09.580 371 371 D WifiHWInfo: Entry [14], BUS: SDIO, ID: 0x02D0A9A6, Name: ap6212.
01-01 08:00:09.580 371 371 D WifiHWInfo: Entry [15], BUS: SDIO, ID: 0x02D04330, Name: ap6330.
01-01 08:00:09.580 371 371 D WifiHWInfo: Entry [16], BUS: SDIO, ID: 0x02D04356, Name: ap6356s.
01-01 08:00:09.580 371 371 D WifiHWInfo: Entry [17], BUS: SDIO, ID: 0x02D0A9BF, Name: ap6255.
01-01 08:00:09.580 371 371 D WifiHWInfo: Entry [18], BUS: SDIO, ID: 0x02D04334, Name: bcm43342.
01-01 08:00:09.580 371 371 D WifiHWInfo: Entry [19], BUS: SDIO, ID: 0x00202281, Name: xr819.
01-01 08:00:09.580 371 371 D WifiHWInfo: Entry [20], BUS: SDIO, ID: 0x0A9E2282, Name: xr829.
01-01 08:00:09.580 371 371 D WifiHWInfo: Entry [21], BUS: SDIO, ID: 0x0271050A, Name: qca6174a.
01-01 08:00:09.580 371 371 D WifiHWInfo: Entry [22], BUS: SDIO, ID: 0x30303030, Name: ssv6x5x.
01-01 08:00:09.580 371 371 D WifiHWInfo: Entry [23], BUS: SDIO, ID: 0x00000000, Name: uwe5621.
01-01 08:00:09.580 371 371 D WifiHWInfo: Entry [24], BUS: SDIO, ID: 0x54490145, Name: aic8800.
01-01 08:00:09.580 371 371 D WifiHWInfo: Entry [25], BUS: SDIO, ID: 0xC8A1C08D, Name: aic8800.
01-01 08:00:09.580 371 371 D WifiHWInfo: Entry [26], BUS: USB, ID: 0xA69C8800, Name: aic8800.
01-01 08:00:09.580 371 371 D WifiHWInfo: Entry [27], BUS: USB, ID: 0x007A8888, Name: atbm6023is.
01-01 08:00:09.580 371 371 D WifiHWInfo: Entry [28], BUS: SDIO, ID: 0x02E79086, Name: 9012p.
01-01 08:00:09.580 371 371 D WifiHWInfo: Entry [29], BUS: SDIO, ID: 0x007A6011, Name: atbm613x_wifi_sdio.
01-01 08:00:09.580 371 371 D WifiHWInfo: Entry [30], BUS: SDIO, ID: 0x024CC822, Name: 88x2cs.
01-01 08:00:09.580 371 371 D WifiHWInfo: Entry [31], BUS: SDIO, ID: 0x000018F0, Name: dummy.
01-01 08:00:09.580 371 371 D HWINFO : ********** Wireless information **********
01-01 08:00:09.580 371 371 D HWINFO : module vendor: sprd
01-01 08:00:09.580 371 371 D HWINFO : module name : uwe5621
01-01 08:00:09.580 371 371 D HWINFO : wifi hal name: libwifi-hal-sprd.so
01-01 08:00:09.580 371 371 D HWINFO : libbt-vendor : libbt-sprd.so
01-01 08:00:09.580 371 371 D HWINFO : is bt support: 1
01-01 08:00:09.580 371 371 D HWINFO : ******************************************
01-01 08:00:09.582 278 388 W SurfaceFlinger: Failed to set thread name on dispatch thread
01-01 08:00:09.584 365 365 I wificond: wificond is starting up...
01-01 08:00:09.597 365 365 E cutils-trace: Error opening trace file: No such file or directory (2)
01-01 08:00:09.607 365 365 I HidlServiceManagement: Registered android.system.wifi.keystore@1.0::IKeystore/default
01-01 08:00:09.620 265 265 I EventThread: type=1400 audit(0.0:294): avc: denied { search } for name="extcon" dev="sysfs" ino=18109 scontext=u:r:hal_tv_cec_default:s0 tcontext=u:object_r:sysfs_extcon:s0 tclass=dir permissive=1
01-01 08:00:09.640 1 1 I init : type=1400 audit(0.0:295): avc: denied { add_name } for name="panic" scontext=u:r:init:s0 tcontext=u:object_r:sysfs:s0 tclass=dir permissive=1
01-01 08:00:09.676 165 165 I sunxi-rfkill soc@3000000: rfkill: set block: 1
01-01 08:00:09.676 165 165 I sunxi-rfkill soc@3000000: rfkill: bt power off success
01-01 08:00:09.684 379 379 I gatekeeperd: Starting gatekeeperd...
01-01 08:00:09.698 379 379 E cutils-trace: Error opening trace file: No such file or directory (2)
01-01 08:00:09.728 390 390 E cutils-trace: Error opening trace file: No such file or directory (2)
01-01 08:00:09.745 390 390 I usbd : Usb HAL found.
01-01 08:00:09.745 390 390 I usbd : peristent prop is adb
01-01 08:00:09.761 266 266 I android.hardware.usb.gadget@1.1-service.aw: setCurrentUsbFunctions None
01-01 08:00:09.761 266 266 I android.hardware.usb.gadget@1.1-service.aw: Gadget cannot be pulled down
01-01 08:00:09.762 266 266 I android.hardware.usb.gadget@1.1-service.aw: mMonitor not running
01-01 08:00:09.762 266 266 I android.hardware.usb.gadget@1.1-service.aw: Returned from tearDown gadget
01-01 08:00:09.784 324 324 I rainbow_flow: type=1400 audit(0.0:296): avc: denied { ioctl } for path="/dev/spidev1.0" dev="tmpfs" ino=6648 ioctlcmd=0x6b00 scontext=u:r:init:s0 tcontext=u:object_r:device:s0 tclass=chr_file permissive=1
01-01 08:00:09.819 367 367 I android.hardware.media.omx@1.0-service: mediacodecservice starting
01-01 08:00:09.824 367 367 W android.hardware.media.omx@1.0-service: Could not read additional policy file '/vendor/etc/seccomp_policy/mediacodec.policy'
01-01 08:00:09.825 367 367 W android.hardware.media.omx@1.0-service: libminijail[367]: failed to get path of fd 4: No such file or directory
01-01 08:00:09.825 367 367 W android.hardware.media.omx@1.0-service: libminijail[367]: allowing syscall: clock_gettime
01-01 08:00:09.825 367 367 W android.hardware.media.omx@1.0-service: libminijail[367]: allowing syscall: connect
01-01 08:00:09.825 367 367 W android.hardware.media.omx@1.0-service: libminijail[367]: allowing syscall: fcntl64
01-01 08:00:09.825 367 367 W android.hardware.media.omx@1.0-service: libminijail[367]: allowing syscall: socket
01-01 08:00:09.825 367 367 W android.hardware.media.omx@1.0-service: libminijail[367]: allowing syscall: writev
01-01 08:00:09.826 367 367 W android.hardware.media.omx@1.0-service: libminijail[367]: compile_file: (59): syscall getrandom redefined here
01-01 08:00:09.826 367 367 W android.hardware.media.omx@1.0-service: libminijail[367]: compile_file: (15): previous definition here
01-01 08:00:09.835 367 367 W android.hardware.media.omx@1.0-service: libminijail[367]: compile_file: /system/etc/seccomp_policy/crash_dump.arm.policy(1): syscall read redefined here
01-01 08:00:09.835 367 367 W android.hardware.media.omx@1.0-service: libminijail[367]: compile_file: (9): previous definition here
01-01 08:00:09.836 367 367 W android.hardware.media.omx@1.0-service: libminijail[367]: compile_file: /system/etc/seccomp_policy/crash_dump.arm.policy(2): syscall write redefined here
01-01 08:00:09.836 367 367 W android.hardware.media.omx@1.0-service: libminijail[367]: compile_file: (5): previous definition here
01-01 08:00:09.836 367 367 W android.hardware.media.omx@1.0-service: libminijail[367]: compile_file: /system/etc/seccomp_policy/crash_dump.arm.policy(3): syscall exit redefined here
01-01 08:00:09.836 367 367 W android.hardware.media.omx@1.0-service: libminijail[367]: compile_file: (40): previous definition here
01-01 08:00:09.836 367 367 W android.hardware.media.omx@1.0-service: libminijail[367]: compile_file: /system/etc/seccomp_policy/crash_dump.arm.policy(4): syscall rt_sigreturn redefined here
01-01 08:00:09.836 367 367 W android.hardware.media.omx@1.0-service: libminijail[367]: compile_file: (45): previous definition here
01-01 08:00:09.836 367 367 W android.hardware.media.omx@1.0-service: libminijail[367]: compile_file: /system/etc/seccomp_policy/crash_dump.arm.policy(6): syscall exit_group redefined here
01-01 08:00:09.836 367 367 W android.hardware.media.omx@1.0-service: libminijail[367]: compile_file: (44): previous definition here
01-01 08:00:09.837 367 367 W android.hardware.media.omx@1.0-service: libminijail[367]: compile_file: /system/etc/seccomp_policy/crash_dump.arm.policy(7): syscall clock_gettime redefined here
01-01 08:00:09.837 367 367 W android.hardware.media.omx@1.0-service: libminijail[367]: compile_file: (7): previous definition here
01-01 08:00:09.837 367 367 W android.hardware.media.omx@1.0-service: libminijail[367]: compile_file: /system/etc/seccomp_policy/crash_dump.arm.policy(8): syscall gettimeofday redefined here
01-01 08:00:09.837 367 367 W android.hardware.media.omx@1.0-service: libminijail[367]: compile_file: (47): previous definition here
01-01 08:00:09.837 367 367 W android.hardware.media.omx@1.0-service: libminijail[367]: compile_file: /system/etc/seccomp_policy/crash_dump.arm.policy(9): syscall futex redefined here
01-01 08:00:09.837 367 367 W android.hardware.media.omx@1.0-service: libminijail[367]: compile_file: (3): previous definition here
01-01 08:00:09.837 367 367 W android.hardware.media.omx@1.0-service: libminijail[367]: compile_file: /system/etc/seccomp_policy/crash_dump.arm.policy(10): syscall getrandom redefined here
01-01 08:00:09.837 367 367 W android.hardware.media.omx@1.0-service: libminijail[367]: compile_file: (15): previous definition here
01-01 08:00:09.837 367 367 W android.hardware.media.omx@1.0-service: libminijail[367]: compile_file: /system/etc/seccomp_policy/crash_dump.arm.policy(13): syscall ppoll redefined here
01-01 08:00:09.837 367 367 W android.hardware.media.omx@1.0-service: libminijail[367]: compile_file: (13): previous definition here
01-01 08:00:09.837 367 367 W android.hardware.media.omx@1.0-service: libminijail[367]: compile_file: /system/etc/seccomp_policy/crash_dump.arm.policy(14): syscall pipe2 redefined here
01-01 08:00:09.845 367 367 W android.hardware.media.omx@1.0-service: libminijail[367]: compile_file: (46): previous definition here
01-01 08:00:09.845 367 367 W android.hardware.media.omx@1.0-service: libminijail[367]: compile_file: /system/etc/seccomp_policy/crash_dump.arm.policy(15): syscall openat redefined here
01-01 08:00:09.845 367 367 W android.hardware.media.omx@1.0-service: libminijail[367]: compile_file: (30): previous definition here
01-01 08:00:09.845 367 367 W android.hardware.media.omx@1.0-service: libminijail[367]: compile_file: /system/etc/seccomp_policy/crash_dump.arm.policy(16): syscall dup redefined here
01-01 08:00:09.845 367 367 W android.hardware.media.omx@1.0-service: libminijail[367]: compile_file: (12): previous definition here
01-01 08:00:09.845 367 367 W android.hardware.media.omx@1.0-service: libminijail[367]: compile_file: /system/etc/seccomp_policy/crash_dump.arm.policy(17): syscall close redefined here
01-01 08:00:09.846 367 367 W android.hardware.media.omx@1.0-service: libminijail[367]: compile_file: (10): previous definition here
01-01 08:00:09.846 367 367 W android.hardware.media.omx@1.0-service: libminijail[367]: compile_file: /system/etc/seccomp_policy/crash_dump.arm.policy(18): syscall lseek redefined here
01-01 08:00:09.846 367 367 W android.hardware.media.omx@1.0-service: libminijail[367]: compile_file: (50): previous definition here
01-01 08:00:09.846 367 367 W android.hardware.media.omx@1.0-service: libminijail[367]: compile_file: /system/etc/seccomp_policy/crash_dump.arm.policy(19): syscall getdents64 redefined here
01-01 08:00:09.846 367 367 W android.hardware.media.omx@1.0-service: libminijail[367]: compile_file: (58): previous definition here
01-01 08:00:09.846 367 367 W android.hardware.media.omx@1.0-service: libminijail[367]: compile_file: /system/etc/seccomp_policy/crash_dump.arm.policy(20): syscall faccessat redefined here
01-01 08:00:09.846 367 367 W android.hardware.media.omx@1.0-service: libminijail[367]: compile_file: (38): previous definition here
01-01 08:00:09.846 367 367 W android.hardware.media.omx@1.0-service: libminijail[367]: compile_file: /system/etc/seccomp_policy/crash_dump.arm.policy(25): syscall rt_sigprocmask redefined here
01-01 08:00:09.846 367 367 W android.hardware.media.omx@1.0-service: libminijail[367]: compile_file: (41): previous definition here
01-01 08:00:09.846 367 367 W android.hardware.media.omx@1.0-service: libminijail[367]: compile_file: /system/etc/seccomp_policy/crash_dump.arm.policy(28): syscall prctl redefined here
01-01 08:00:09.847 367 367 W android.hardware.media.omx@1.0-service: libminijail[367]: compile_file: (6): previous definition here
01-01 08:00:09.847 367 367 W android.hardware.media.omx@1.0-service: libminijail[367]: compile_file: /system/etc/seccomp_policy/crash_dump.arm.policy(29): syscall madvise redefined here
01-01 08:00:09.847 367 367 W android.hardware.media.omx@1.0-service: libminijail[367]: compile_file: (29): previous definition here
01-01 08:00:09.847 367 367 W android.hardware.media.omx@1.0-service: libminijail[367]: compile_file: /system/etc/seccomp_policy/crash_dump.arm.policy(30): syscall mprotect redefined here
01-01 08:00:09.847 367 367 W android.hardware.media.omx@1.0-service: libminijail[367]: compile_file: (28): previous definition here
01-01 08:00:09.847 367 367 W android.hardware.media.omx@1.0-service: libminijail[367]: compile_file: /system/etc/seccomp_policy/crash_dump.arm.policy(31): syscall munmap redefined here
01-01 08:00:09.847 367 367 W android.hardware.media.omx@1.0-service: libminijail[367]: compile_file: (27): previous definition here
01-01 08:00:09.848 367 367 W android.hardware.media.omx@1.0-service: libminijail[367]: compile_file: /system/etc/seccomp_policy/crash_dump.arm.policy(32): syscall getuid32 redefined here
01-01 08:00:09.848 367 367 W android.hardware.media.omx@1.0-service: libminijail[367]: compile_file: (34): previous definition here
01-01 08:00:09.848 367 367 W android.hardware.media.omx@1.0-service: libminijail[367]: compile_file: /system/etc/seccomp_policy/crash_dump.arm.policy(33): syscall fstat64 redefined here
01-01 08:00:09.848 367 367 W android.hardware.media.omx@1.0-service: libminijail[367]: compile_file: (35): previous definition here
01-01 08:00:09.848 367 367 W android.hardware.media.omx@1.0-service: libminijail[367]: compile_file: /system/etc/seccomp_policy/crash_dump.arm.policy(34): syscall mmap2 redefined here
01-01 08:00:09.848 367 367 W android.hardware.media.omx@1.0-service: libminijail[367]: compile_file: (14): previous definition here
01-01 08:00:09.860 389 389 I update_engine: [INFO:main.cc(55)] A/B Update Engine starting
01-01 08:00:09.862 266 266 I android.hardware.usb.gadget@1.1-service.aw: setCurrentUsbFunctions Adb
01-01 08:00:09.863 266 266 I android.hardware.usb.gadget@1.1-service.aw: Service started
01-01 08:00:09.863 266 266 I android.hardware.usb.gadget@1.1-service.aw: enable usbradio debug functions
01-01 08:00:09.864 266 266 I android.hardware.usb.gadget@1.1-service.aw: Usb Gadget setcurrent functions called successfully
01-01 08:00:09.864 367 367 W android.hardware.media.omx@1.0-service: libminijail[367]: logging seccomp filter failures
01-01 08:00:09.871 389 389 E cutils-trace: Error opening trace file: No such file or directory (2)
01-01 08:00:09.887 389 389 I update_engine: [INFO:boot_control_android.cc(69)] Loaded boot control hidl hal.
01-01 08:00:09.895 389 389 I update_engine: [INFO:daemon_state_android.cc(44)] Booted in dev mode.
01-01 08:00:09.902 367 367 I cedarc : : register h265 decoder success!
01-01 08:00:09.903 367 367 E cedarc : : dlopen 'libawh265soft.so' fail: dlopen failed: library "libawh265soft.so" not found
01-01 08:00:09.905 244 244 D zygote : Time zone APEX ICU file found: /apex/com.android.tzdata/etc/icu/icu_tzdata.dat
01-01 08:00:09.907 244 244 D zygote : I18n APEX ICU file found: /apex/com.android.i18n/etc/icu/icudt68l.dat
01-01 08:00:09.911 395 395 I adbd : persist.adb.watchdog set to ''
01-01 08:00:09.912 395 395 I adbd : persist.sys.test_harness set to ''
01-01 08:00:09.912 395 395 I adbd : adb watchdog timeout set to 600 seconds
01-01 08:00:09.912 389 389 I update_engine: [INFO:update_attempter_android.cc(1082)] Scheduling CleanupPreviousUpdateAction.
01-01 08:00:09.913 395 395 I adbd : Setup mdns on port= 5555
01-01 08:00:09.914 395 395 I adbd : adbd listening on tcp:5555
01-01 08:00:09.914 395 395 I adbd : adbd listening on vsock:5555
01-01 08:00:09.915 367 367 I cedarc : : register h264 decoder success!
01-01 08:00:09.915 367 367 I cedarc : : register mjpeg decoder success!
01-01 08:00:09.918 389 389 I update_engine: [INFO:action_processor.cc(51)] ActionProcessor: starting CleanupPreviousUpdateAction
01-01 08:00:09.920 367 367 I cedarc : : register mjpegplus decoder success!
01-01 08:00:09.922 395 401 I adbd : Waiting for persist.adb.tls_server.enable=1
01-01 08:00:09.922 395 395 I adbd : adbd started
01-01 08:00:09.922 395 401 I adbd : persist.adb.tls_server.enable changed to 1
01-01 08:00:09.923 389 389 I update_engine: [INFO:cleanup_previous_update_action.cc(149)] Starting/resuming CleanupPreviousUpdateAction
01-01 08:00:09.927 389 389 I update_engine: [INFO:cleanup_previous_update_action.cc(124)] CleanupPreviousUpdateAction scheduled task ID 1 for WaitBootCompleted
01-01 08:00:09.928 367 367 I cedarc : : register mpeg2 decoder success!
01-01 08:00:09.933 395 403 I adbd : opening control endpoint /dev/usb-ffs/adb/ep0
01-01 08:00:09.939 403 403 I : read descriptors
01-01 08:00:09.939 403 403 I : read strings
01-01 08:00:09.932 332 332 I xiriservice_All: type=1400 audit(0.0:297): avc: denied { read } for scontext=u:r:init:s0 tcontext=u:r:init:s0 tclass=netlink_kobject_uevent_socket permissive=1
01-01 08:00:09.934 266 396 I android.hardware.usb.gadget@1.1-service.aw: GADGET pulled up
01-01 08:00:09.938 395 403 I adbd : UsbFfsConnection constructed
01-01 08:00:09.939 367 367 W cedarc : : Invalid plugin, CedarPluginVDInit not found, lib:libawmpeg4base.so.
01-01 08:00:09.940 395 401 I adbd : adbwifi started on port 39115
01-01 08:00:09.940 395 401 I adbd : TlsServer running on port 39115
01-01 08:00:09.940 395 401 I adbd : adb wifi started on port 39115
01-01 08:00:09.942 395 401 I adbd : Waiting for persist.adb.tls_server.enable=0
01-01 08:00:09.942 367 367 I cedarc : : register mpeg4Normal decoder success!
01-01 08:00:09.942 367 367 I cedarc : : register Mpeg4Vp6 decoder success!
01-01 08:00:09.943 367 367 I cedarc : : register mpeg4dx decoder success!
01-01 08:00:09.944 367 367 I cedarc : : register mpeg4H263 decoder success!
01-01 08:00:09.945 367 367 I cedarc : : register vp8 decoder success!
01-01 08:00:09.947 367 367 I cedarc : : register vc1 decoder success!
01-01 08:00:09.951 378 378 I mediaswcodec: media swcodec service starting
01-01 08:00:09.952 395 409 I adbd : UsbFfs-monitor thread spawned
01-01 08:00:09.954 395 410 I adbd : Registering secure_connect service (adb-DZOH58251975972-gECCzy)
01-01 08:00:09.954 395 409 I adbd : USB event: FUNCTIONFS_BIND
01-01 08:00:09.960 378 378 W mediaswcodec: Could not read additional policy file '/vendor/etc/seccomp_policy/mediaswcodec.policy'
01-01 08:00:09.961 378 378 W mediaswcodec: libminijail[378]: failed to get path of fd 4: No such file or directory
01-01 08:00:09.961 378 378 W mediaswcodec: libminijail[378]: allowing syscall: clock_gettime
01-01 08:00:09.961 378 378 W mediaswcodec: libminijail[378]: allowing syscall: connect
01-01 08:00:09.961 378 378 W mediaswcodec: libminijail[378]: allowing syscall: fcntl64
01-01 08:00:09.961 378 378 W mediaswcodec: libminijail[378]: allowing syscall: socket
01-01 08:00:09.961 378 378 W mediaswcodec: libminijail[378]: allowing syscall: writev
01-01 08:00:09.965 378 378 W mediaswcodec: libminijail[378]: compile_file: (71): syscall futex redefined here
01-01 08:00:09.966 367 367 I SoftOMXPlugin: createOMXPlugin
01-01 08:00:09.967 378 378 W mediaswcodec: libminijail[378]: compile_file: (15): previous definition here
01-01 08:00:09.967 367 367 D MediaCodecsXmlParser: parsing /vendor/etc/media_codecs.xml...
01-01 08:00:09.970 367 367 D MediaCodecsXmlParser: parsing /vendor/etc/media_codecs_google_audio.xml...
01-01 08:00:09.970 367 367 D MediaCodecsXmlParser: unable to open media codecs configuration xml file: /vendor/etc/media_codecs_google_audio.xml
01-01 08:00:09.972 378 378 W mediaswcodec: libminijail[378]: logging seccomp filter failures
01-01 08:00:09.973 378 378 I CodecServiceRegistrant: Creating software Codec2 service...
01-01 08:00:09.977 367 367 D MediaCodecsXmlParser: parsing /vendor/etc/media_codecs_google_video.xml...
01-01 08:00:09.977 367 367 D MediaCodecsXmlParser: unable to open media codecs configuration xml file: /vendor/etc/media_codecs_google_video.xml
01-01 08:00:09.978 367 367 D MediaCodecsXmlParser: parsing /vendor/etc/media_codecs_performance.xml...
01-01 08:00:09.980 367 367 D MediaCodecsXmlParser: MediaCodec: cannot update non-existing codec: OMX.google.h264.encoder at line 25 of /vendor/etc/media_codecs_performance.xml
01-01 08:00:09.980 367 367 D MediaCodecsXmlParser: MediaCodec: cannot update non-existing codec: OMX.google.h263.encoder at line 31 of /vendor/etc/media_codecs_performance.xml
01-01 08:00:09.980 367 367 D MediaCodecsXmlParser: MediaCodec: cannot update non-existing codec: OMX.google.mpeg4.encoder at line 34 of /vendor/etc/media_codecs_performance.xml
01-01 08:00:09.980 367 367 D MediaCodecsXmlParser: MediaCodec: cannot update non-existing codec: OMX.google.vp8.encoder at line 37 of /vendor/etc/media_codecs_performance.xml
01-01 08:00:09.980 367 367 D MediaCodecsXmlParser: MediaCodec: cannot update non-existing codec: OMX.allwinner.video.decoder.h263 at line 59 of /vendor/etc/media_codecs_performance.xml
01-01 08:00:09.982 367 367 D MediaCodecsXmlParser: MediaCodec: cannot update non-existing codec: OMX.google.mpeg4.decoder at line 80 of /vendor/etc/media_codecs_performance.xml
01-01 08:00:09.982 367 367 D MediaCodecsXmlParser: MediaCodec: cannot update non-existing codec: OMX.google.h264.decoder at line 83 of /vendor/etc/media_codecs_performance.xml
01-01 08:00:09.982 367 367 D MediaCodecsXmlParser: MediaCodec: cannot update non-existing codec: OMX.google.h263.decoder at line 89 of /vendor/etc/media_codecs_performance.xml
01-01 08:00:09.982 367 367 D MediaCodecsXmlParser: MediaCodec: cannot update non-existing codec: OMX.google.hevc.decoder at line 93 of /vendor/etc/media_codecs_performance.xml
01-01 08:00:09.982 367 367 D MediaCodecsXmlParser: MediaCodec: cannot update non-existing codec: OMX.google.vp8.decoder at line 101 of /vendor/etc/media_codecs_performance.xml
01-01 08:00:09.983 378 378 E cutils-trace: Error opening trace file: No such file or directory (2)
01-01 08:00:09.983 367 367 D MediaCodecsXmlParser: MediaCodec: cannot update non-existing codec: OMX.google.vp9.decoder at line 107 of /vendor/etc/media_codecs_performance.xml
01-01 08:00:09.983 367 367 I MediaCodecsXmlParser: Did not find media_codecs_shaping.xml in search path
01-01 08:00:09.987 367 367 E cutils-trace: Error opening trace file: No such file or directory (2)
01-01 08:00:09.987 378 378 I HidlServiceManagement: Registered android.hardware.media.c2@1.2::IComponentStore/software
01-01 08:00:09.996 377 377 E cutils-trace: Error opening trace file: No such file or directory (2)
01-01 08:00:10.002 182 182 I hwservicemanager: getTransport: Cannot find entry android.hardware.media.c2@1.0::IComponentStore/default in either framework or device VINTF manifest.
01-01 08:00:10.003 378 378 I CodecServiceRegistrant: Preferred Codec2 store is defaulted to "software".
01-01 08:00:10.003 378 378 I CodecServiceRegistrant: Software Codec2 service created and registered.
01-01 08:00:10.009 244 244 I zygote : Using memfd for future sealing
01-01 08:00:10.039 359 359 I main_extractorservice: enable media.extractor memory limits
01-01 08:00:10.039 359 359 V MediaUtils: physMem: 2055442432
01-01 08:00:10.039 359 359 V MediaUtils: requested limit: 411088480
01-01 08:00:10.040 367 367 I HidlServiceManagement: Registered android.hardware.media.omx@1.0::IOmx/default
01-01 08:00:10.040 367 367 I HidlServiceManagement: Removing namespace from process name android.hardware.media.omx@1.0-service to omx@1.0-service.
01-01 08:00:10.041 377 377 I HidlServiceManagement: Registered android.hardware.radio@1.6::IRadio/slot1
01-01 08:00:10.041 367 367 I android.hardware.media.omx@1.0-service: IOmx HAL service created.
01-01 08:00:10.042 367 367 I OmxStore: omx common prefix: 'OMX.'
01-01 08:00:10.042 367 367 D MediaCodecsXmlParser: parsing /vendor/etc/media_codecs.xml...
01-01 08:00:10.043 367 367 D MediaCodecsXmlParser: parsing /vendor/etc/media_codecs_google_audio.xml...
01-01 08:00:10.043 367 367 D MediaCodecsXmlParser: unable to open media codecs configuration xml file: /vendor/etc/media_codecs_google_audio.xml
01-01 08:00:10.045 367 367 D MediaCodecsXmlParser: parsing /vendor/etc/media_codecs_google_video.xml...
01-01 08:00:10.045 367 367 D MediaCodecsXmlParser: unable to open media codecs configuration xml file: /vendor/etc/media_codecs_google_video.xml
01-01 08:00:10.045 367 367 D MediaCodecsXmlParser: parsing /vendor/etc/media_codecs_performance.xml...
01-01 08:00:10.046 359 359 I libc : malloc_limit: Allocation limit enabled, max size 411088480 bytes
01-01 08:00:10.047 377 377 I HidlServiceManagement: Registered android.hardware.radio.config@1.3::IRadioConfig/default
01-01 08:00:10.055 377 377 I HidlServiceManagement: Registered android.hardware.radio@1.2::ISap/slot1
01-01 08:00:10.058 367 367 D MediaCodecsXmlParser: MediaCodec: cannot update non-existing codec: OMX.google.h264.encoder at line 25 of /vendor/etc/media_codecs_performance.xml
01-01 08:00:10.058 367 367 D MediaCodecsXmlParser: MediaCodec: cannot update non-existing codec: OMX.google.h263.encoder at line 31 of /vendor/etc/media_codecs_performance.xml
01-01 08:00:10.058 367 367 D MediaCodecsXmlParser: MediaCodec: cannot update non-existing codec: OMX.google.mpeg4.encoder at line 34 of /vendor/etc/media_codecs_performance.xml
01-01 08:00:10.058 367 367 D MediaCodecsXmlParser: MediaCodec: cannot update non-existing codec: OMX.google.vp8.encoder at line 37 of /vendor/etc/media_codecs_performance.xml
01-01 08:00:10.058 367 367 D MediaCodecsXmlParser: MediaCodec: cannot update non-existing codec: OMX.allwinner.video.decoder.h263 at line 59 of /vendor/etc/media_codecs_performance.xml
01-01 08:00:10.059 367 367 D MediaCodecsXmlParser: MediaCodec: cannot update non-existing codec: OMX.google.mpeg4.decoder at line 80 of /vendor/etc/media_codecs_performance.xml
01-01 08:00:10.059 367 367 D MediaCodecsXmlParser: MediaCodec: cannot update non-existing codec: OMX.google.h264.decoder at line 83 of /vendor/etc/media_codecs_performance.xml
01-01 08:00:10.059 367 367 D MediaCodecsXmlParser: MediaCodec: cannot update non-existing codec: OMX.google.h263.decoder at line 89 of /vendor/etc/media_codecs_performance.xml
01-01 08:00:10.059 367 367 D MediaCodecsXmlParser: MediaCodec: cannot update non-existing codec: OMX.google.hevc.decoder at line 93 of /vendor/etc/media_codecs_performance.xml
01-01 08:00:10.059 367 367 D MediaCodecsXmlParser: MediaCodec: cannot update non-existing codec: OMX.google.vp8.decoder at line 101 of /vendor/etc/media_codecs_performance.xml
01-01 08:00:10.059 367 367 D MediaCodecsXmlParser: MediaCodec: cannot update non-existing codec: OMX.google.vp9.decoder at line 107 of /vendor/etc/media_codecs_performance.xml
01-01 08:00:10.059 367 367 I MediaCodecsXmlParser: Did not find media_codecs_shaping.xml in search path
01-01 08:00:10.059 367 367 E MediaCodecsXmlParser: Cannot find the role for a decoder of type video/divx
01-01 08:00:10.059 367 367 E MediaCodecsXmlParser: Cannot find the role for a decoder of type video/jpeg
01-01 08:00:10.059 367 367 E MediaCodecsXmlParser: Cannot find the role for a decoder of type video/mpeg1
01-01 08:00:10.059 367 367 E MediaCodecsXmlParser: Cannot find the role for a decoder of type video/x-ms-mpeg4v1
01-01 08:00:10.059 367 367 E MediaCodecsXmlParser: Cannot find the role for a decoder of type video/x-ms-mpeg4v2
01-01 08:00:10.059 367 367 E MediaCodecsXmlParser: Cannot find the role for a decoder of type video/rvg2
01-01 08:00:10.060 367 367 E MediaCodecsXmlParser: Cannot find the role for a decoder of type video/flv1
01-01 08:00:10.060 367 367 E MediaCodecsXmlParser: Cannot find the role for a decoder of type video/wvc1
01-01 08:00:10.060 367 367 E MediaCodecsXmlParser: Cannot find the role for a decoder of type video/x-vnd.on2.vp6
01-01 08:00:10.060 367 367 E MediaCodecsXmlParser: Cannot find the role for a decoder of type video/wmv1
01-01 08:00:10.060 367 367 E MediaCodecsXmlParser: Cannot find the role for a decoder of type video/wmv2
01-01 08:00:10.060 367 367 E MediaCodecsXmlParser: Cannot find the role for a decoder of type video/xvid
01-01 08:00:10.062 353 353 D gpioservice: main gpio service is running.
01-01 08:00:10.064 367 367 I HidlServiceManagement: Registered android.hardware.media.omx@1.0::IOmxStore/default
01-01 08:00:10.064 367 367 I HidlServiceManagement: Removing namespace from process name android.hardware.media.omx@1.0-service to omx@1.0-service.
01-01 08:00:10.065 359 359 W mediaextractor: Could not read additional policy file '/vendor/etc/seccomp_policy/mediaextractor.policy'
01-01 08:00:10.066 353 353 I gpioservice: ServiceManager: 0xef76ecc0
01-01 08:00:10.066 353 353 D GpioService: GpioService created
01-01 08:00:10.066 359 359 W mediaextractor: libminijail[359]: failed to get path of fd 4: No such file or directory
01-01 08:00:10.066 359 359 W mediaextractor: libminijail[359]: allowing syscall: clock_gettime
01-01 08:00:10.066 359 359 W mediaextractor: libminijail[359]: allowing syscall: connect
01-01 08:00:10.066 359 359 W mediaextractor: libminijail[359]: allowing syscall: fcntl64
01-01 08:00:10.066 359 359 W mediaextractor: libminijail[359]: allowing syscall: socket
01-01 08:00:10.066 181 181 E SELinux : avc: denied { add } for pid=353 uid=0 name=softwinner.gpio scontext=u:r:gpioservice:s0 tcontext=u:object_r:default_android_service:s0 tclass=service_manager permissive=1
01-01 08:00:10.066 359 359 W mediaextractor: libminijail[359]: allowing syscall: writev
01-01 08:00:10.074 359 359 W mediaextractor: libminijail[359]: compile_file: /apex/com.android.media/etc/seccomp_policy/crash_dump.arm.policy(1): syscall read redefined here
01-01 08:00:10.074 359 359 W mediaextractor: libminijail[359]: compile_file: (19): previous definition here
01-01 08:00:10.074 359 359 W mediaextractor: libminijail[359]: compile_file: /apex/com.android.media/etc/seccomp_policy/crash_dump.arm.policy(2): syscall write redefined here
01-01 08:00:10.074 359 359 W mediaextractor: libminijail[359]: compile_file: (6): previous definition here
01-01 08:00:10.074 359 359 W mediaextractor: libminijail[359]: compile_file: /apex/com.android.media/etc/seccomp_policy/crash_dump.arm.policy(3): syscall exit redefined here
01-01 08:00:10.074 359 359 W mediaextractor: libminijail[359]: compile_file: (27): previous definition here
01-01 08:00:10.075 359 359 W mediaextractor: libminijail[359]: compile_file: /apex/com.android.media/etc/seccomp_policy/crash_dump.arm.policy(4): syscall rt_sigreturn redefined here
01-01 08:00:10.075 359 359 W mediaextractor: libminijail[359]: compile_file: (29): previous definition here
01-01 08:00:10.075 359 359 W mediaextractor: libminijail[359]: compile_file: /apex/com.android.media/etc/seccomp_policy/crash_dump.arm.policy(6): syscall exit_group redefined here
01-01 08:00:10.075 359 359 W mediaextractor: libminijail[359]: compile_file: (28): previous definition here
01-01 08:00:10.075 359 359 W mediaextractor: libminijail[359]: compile_file: /apex/com.android.media/etc/seccomp_policy/crash_dump.arm.policy(7): syscall clock_gettime redefined here
01-01 08:00:10.075 359 359 W mediaextractor: libminijail[359]: compile_file: (20): previous definition here
01-01 08:00:10.075 359 359 W mediaextractor: libminijail[359]: compile_file: /apex/com.android.media/etc/seccomp_policy/crash_dump.arm.policy(9): syscall futex redefined here
01-01 08:00:10.075 359 359 W mediaextractor: libminijail[359]: compile_file: (4): previous definition here
01-01 08:00:10.075 359 359 W mediaextractor: libminijail[359]: compile_file: /apex/com.android.media/etc/seccomp_policy/crash_dump.arm.policy(10): syscall getrandom redefined here
01-01 08:00:10.075 359 359 W mediaextractor: libminijail[359]: compile_file: (43): previous definition here
01-01 08:00:10.075 359 359 W mediaextractor: libminijail[359]: compile_file: /apex/com.android.media/etc/seccomp_policy/crash_dump.arm.policy(12): syscall gettid redefined here
01-01 08:00:10.076 359 359 W mediaextractor: libminijail[359]: compile_file: (34): previous definition here
01-01 08:00:10.076 359 359 W mediaextractor: libminijail[359]: compile_file: /apex/com.android.media/etc/seccomp_policy/crash_dump.arm.policy(15): syscall openat redefined here
01-01 08:00:10.076 359 359 W mediaextractor: libminijail[359]: compile_file: (16): previous definition here
01-01 08:00:10.076 359 359 W mediaextractor: libminijail[359]: compile_file: /apex/com.android.media/etc/seccomp_policy/crash_dump.arm.policy(16): syscall dup redefined here
01-01 08:00:10.076 359 359 W mediaextractor: libminijail[359]: compile_file: (11): previous definition here
01-01 08:00:10.076 359 359 W mediaextractor: libminijail[359]: compile_file: /apex/com.android.media/etc/seccomp_policy/crash_dump.arm.policy(17): syscall close redefined here
01-01 08:00:10.076 359 359 W mediaextractor: libminijail[359]: compile_file: (9): previous definition here
01-01 08:00:10.076 359 359 W mediaextractor: libminijail[359]: compile_file: /apex/com.android.media/etc/seccomp_policy/crash_dump.arm.policy(18): syscall lseek redefined here
01-01 08:00:10.076 359 359 W mediaextractor: libminijail[359]: compile_file: (21): previous definition here
01-01 08:00:10.076 359 359 W mediaextractor: libminijail[359]: compile_file: /apex/com.android.media/etc/seccomp_policy/crash_dump.arm.policy(20): syscall faccessat redefined here
01-01 08:00:10.077 359 359 W mediaextractor: libminijail[359]: compile_file: (30): previous definition here
01-01 08:00:10.077 359 359 W mediaextractor: libminijail[359]: compile_file: /apex/com.android.media/etc/seccomp_policy/crash_dump.arm.policy(25): syscall rt_sigprocmask redefined here
01-01 08:00:10.077 359 359 W mediaextractor: libminijail[359]: compile_file: (35): previous definition here
01-01 08:00:10.077 359 359 W mediaextractor: libminijail[359]: compile_file: /apex/com.android.media/etc/seccomp_policy/crash_dump.arm.policy(28): syscall prctl redefined here
01-01 08:00:10.077 359 359 W mediaextractor: libminijail[359]: compile_file: (5): previous definition here
01-01 08:00:10.077 359 359 W mediaextractor: libminijail[359]: compile_file: /apex/com.android.media/etc/seccomp_policy/crash_dump.arm.policy(29): syscall madvise redefined here
01-01 08:00:10.077 359 359 W mediaextractor: libminijail[359]: compile_file: (31): previous definition here
01-01 08:00:10.077 359 359 W mediaextractor: libminijail[359]: compile_file: /apex/com.android.media/etc/seccomp_policy/crash_dump.arm.policy(30): syscall mprotect redefined here
01-01 08:00:10.078 359 359 W mediaextractor: libminijail[359]: compile_file: (12): previous definition here
01-01 08:00:10.078 359 359 W mediaextractor: libminijail[359]: compile_file: /apex/com.android.media/etc/seccomp_policy/crash_dump.arm.policy(31): syscall munmap redefined here
01-01 08:00:10.078 359 359 W mediaextractor: libminijail[359]: compile_file: (10): previous definition here
01-01 08:00:10.078 359 359 W mediaextractor: libminijail[359]: compile_file: /apex/com.android.media/etc/seccomp_policy/crash_dump.arm.policy(32): syscall getuid32 redefined here
01-01 08:00:10.078 359 359 W mediaextractor: libminijail[359]: compile_file: (13): previous definition here
01-01 08:00:10.078 359 359 W mediaextractor: libminijail[359]: compile_file: /apex/com.android.media/etc/seccomp_policy/crash_dump.arm.policy(33): syscall fstat64 redefined here
01-01 08:00:10.078 359 359 W mediaextractor: libminijail[359]: compile_file: (25): previous definition here
01-01 08:00:10.078 359 359 W mediaextractor: libminijail[359]: compile_file: /apex/com.android.media/etc/seccomp_policy/crash_dump.arm.policy(34): syscall mmap2 redefined here
01-01 08:00:10.078 359 359 W mediaextractor: libminijail[359]: compile_file: (8): previous definition here
01-01 08:00:10.079 359 359 W mediaextractor: libminijail[359]: compile_file: /apex/com.android.media/etc/seccomp_policy/crash_dump.arm.policy(35): syscall geteuid32 redefined here
01-01 08:00:10.079 359 359 W mediaextractor: libminijail[359]: compile_file: (38): previous definition here
01-01 08:00:10.079 359 359 W mediaextractor: libminijail[359]: compile_file: /apex/com.android.media/etc/seccomp_policy/crash_dump.arm.policy(36): syscall getgid32 redefined here
01-01 08:00:10.079 359 359 W mediaextractor: libminijail[359]: compile_file: (39): previous definition here
01-01 08:00:10.079 359 359 W mediaextractor: libminijail[359]: compile_file: /apex/com.android.media/etc/seccomp_policy/crash_dump.arm.policy(37): syscall getegid32 redefined here
01-01 08:00:10.079 359 359 W mediaextractor: libminijail[359]: compile_file: (40): previous definition here
01-01 08:00:10.079 359 359 W mediaextractor: libminijail[359]: compile_file: /apex/com.android.media/etc/seccomp_policy/crash_dump.arm.policy(38): syscall getgroups32 redefined here
01-01 08:00:10.079 359 359 W mediaextractor: libminijail[359]: compile_file: (41): previous definition here
01-01 08:00:10.086 359 359 W mediaextractor: libminijail[359]: logging seccomp filter failures
01-01 08:00:10.124 265 265 I EventThread: type=1400 audit(0.0:298): avc: denied { search } for name="extcon" dev="sysfs" ino=18109 scontext=u:r:hal_tv_cec_default:s0 tcontext=u:object_r:sysfs_extcon:s0 tclass=dir permissive=1
01-01 08:00:10.153 362 362 D multiir : multi_ir open uinput dev
01-01 08:00:10.155 319 321 D XM_HIDREAD: add@ add@/devices/virtual/input/input1
01-01 08:00:10.159 319 321 D XM_HIDREAD: add@ add@/devices/virtual/input/input1/event1
01-01 08:00:10.164 362 362 I input : sunxi-ir-uinput as /devices/virtual/input/input1
01-01 08:00:10.164 362 362 D multiir : uinputfd=4
01-01 08:00:10.178 363 363 E cutils-trace: Error opening trace file: No such file or directory (2)
01-01 08:00:10.187 363 363 W storaged: health: invalid battery status
01-01 08:00:10.192 363 363 I ServiceManager: Waiting for service 'package_native' on '/dev/binder'...
01-01 08:00:10.202 352 352 I cameraserver: ServiceManager: 0xec17b960
01-01 08:00:10.202 352 352 I CameraService: CameraService started (pid=352)
01-01 08:00:10.202 352 352 I CameraService: CameraService process starting
01-01 08:00:10.203 352 352 W BatteryNotifier: batterystats service unavailable!
01-01 08:00:10.204 352 352 W BatteryNotifier: batterystats service unavailable!
01-01 08:00:10.204 352 352 E cutils-trace: Error opening trace file: No such file or directory (2)
01-01 08:00:10.207 360 360 V MediaUtils: physMem: 2055442432
01-01 08:00:10.211 359 359 I MediaExtractorFactory: plugin directory not present (/system/lib/extractors)
01-01 08:00:10.212 359 359 I MediaExtractorFactory: plugin directory not present (/system_ext/lib/extractors)
01-01 08:00:10.215 358 358 D isomountservice: main isomount service is running.
01-01 08:00:10.218 360 360 V MediaUtils: requested limit: 134217728
01-01 08:00:10.219 360 360 I libc : malloc_limit: Allocation limit enabled, max size 134217728 bytes
01-01 08:00:10.219 364 364 D systemmixservice: main SystemMix service is running.
01-01 08:00:10.221 358 358 I isomountservice: ServiceManager: 0xec895cc0
01-01 08:00:10.221 364 364 I systemmixservice: ServiceManager: 0xeeb38cb0
01-01 08:00:10.221 364 364 D SystemMixService: SystemMixService created
01-01 08:00:10.222 181 181 E SELinux : avc: denied { add } for pid=364 uid=0 name=softwinner.systemmix scontext=u:r:systemmix:s0 tcontext=u:object_r:default_android_service:s0 tclass=service_manager permissive=1
01-01 08:00:10.222 360 360 D AudioPowerUsage: AudioPowerUsage
01-01 08:00:10.222 360 360 D AudioAnalytics: AudioAnalytics
01-01 08:00:10.222 360 360 D MediaMetricsService: MediaMetricsService
01-01 08:00:10.223 362 362 D multiir : uevent listen start
01-01 08:00:10.223 352 352 I CameraProviderManager: Connecting to new camera provider: external/0, isRemote? 1
01-01 08:00:10.225 352 352 I CameraProviderManager: Camera provider external/0 ready with 0 camera devices
01-01 08:00:10.225 352 427 W CameraProviderManager: addProviderLocked: Camera provider HAL with name 'external/0' already registered
01-01 08:00:10.226 352 352 I cameraserver: Waiting for activity service
01-01 08:00:10.306 362 362 D multiir : find target device, path=/dev/input/event0
01-01 08:00:10.309 362 437 D multiir : MultiirService create
01-01 08:00:10.311 181 181 E SELinux : avc: denied { add } for pid=362 uid=0 name=softwinner.multi_ir scontext=u:r:multi_ir:s0 tcontext=u:object_r:default_android_service:s0 tclass=service_manager permissive=1
01-01 08:00:10.312 270 270 I ServiceManager: Waiting for service 'media.metrics' on '/dev/binder' successful after waiting 1178ms
01-01 08:00:10.313 270 270 I AudioFlinger: Using default 3000 mSec as standby time.
01-01 08:00:10.314 360 432 I ServiceManager: Waiting for service 'package_native' on '/dev/binder'...
01-01 08:00:10.324 324 324 I rainbow_flow: type=1400 audit(0.0:299): avc: denied { ioctl } for path="/dev/spidev1.0" dev="tmpfs" ino=6648 ioctlcmd=0x6b00 scontext=u:r:init:s0 tcontext=u:object_r:device:s0 tclass=chr_file permissive=1
01-01 08:00:10.343 244 244 D Zygote : VMRuntime.setVerifierEnabled(false)
01-01 08:00:10.349 244 244 D Zygote : begin preload
01-01 08:00:10.350 244 244 I Zygote : Calling ZygoteHooks.beginPreload()
01-01 08:00:10.356 270 270 E APM::HwModule: refreshSupportedDevices: invalid source devices for primary input
01-01 08:00:10.356 270 270 E APM::HwModule: refreshSupportedDevices: invalid source devices for fast input
01-01 08:00:10.367 270 270 D APM_EngineLoader: Loaded engine from libaudiopolicyenginedefault.so
01-01 08:00:10.368 270 270 D APM::AudioPolicyEngine/Base: loadAudioPolicyEngineConfig: No configuration found, using default matching phone experience.
01-01 08:00:10.393 270 270 W APM::AudioPolicyEngine/Base: loadAudioPolicyEngineConfig: No configuration of AUDIO_STREAM_ASSISTANT found, using default volume configuration
01-01 08:00:10.394 270 270 W APM::AudioPolicyEngine/Base: loadAudioPolicyEngineConfig: No configuration of AUDIO_STREAM_CALL_ASSISTANT found, using default volume configuration
01-01 08:00:10.411 249 249 V audio_hw_primary: init_audio_devices, line: 611
01-01 08:00:10.411 249 249 D audio_hw_primary: read card /sys/class/sound/card0/id
01-01 08:00:10.412 249 249 D audio_hw_primary: /sys/class/sound/card0/id, audiocodec, len: 11
01-01 08:00:10.412 249 249 D audio_hw_primary: linux name = audiocodec, android name = AUDIO_CODEC
01-01 08:00:10.412 249 249 D audio_hw_primary: find name map, card_id = audiocodec, card_name = AUDIO_CODEC
01-01 08:00:10.412 249 249 V audio_hw_primary: card: 0, name: AUDIO_CODEC, capture: 0, playback: 1
01-01 08:00:10.412 249 249 D audio_hw_primary: read card /sys/class/sound/card1/id
01-01 08:00:10.413 249 249 D audio_hw_primary: /sys/class/sound/card1/id, sndspdif, len: 9
01-01 08:00:10.413 249 249 D audio_hw_primary: linux name = sndspdif, android name = AUDIO_SPDIF
01-01 08:00:10.413 249 249 D audio_hw_primary: find name map, card_id = sndspdif, card_name = AUDIO_SPDIF
01-01 08:00:10.413 249 249 V audio_hw_primary: card: 1, name: AUDIO_SPDIF, capture: 1, playback: 1
01-01 08:00:10.413 249 249 D audio_hw_primary: read card /sys/class/sound/card2/id
01-01 08:00:10.413 249 249 D audio_hw_primary: /sys/class/sound/card2/id, ahubdam, len: 8
01-01 08:00:10.413 249 249 D audio_hw_primary: linux name = ahubdam, android name = AUDIO_DAM
01-01 08:00:10.413 249 249 D audio_hw_primary: find name map, card_id = ahubdam, card_name = AUDIO_DAM
01-01 08:00:10.413 249 249 V audio_hw_primary: card: 2, name: AUDIO_DAM, capture: 0, playback: 0
01-01 08:00:10.413 249 249 D audio_hw_primary: read card /sys/class/sound/card3/id
01-01 08:00:10.414 249 249 D audio_hw_primary: /sys/class/sound/card3/id, ahubhdmi, len: 9
01-01 08:00:10.414 249 249 D audio_hw_primary: linux name = ahubhdmi, android name = AUDIO_HDMI
01-01 08:00:10.414 249 249 D audio_hw_primary: find name map, card_id = ahubhdmi, card_name = AUDIO_HDMI
01-01 08:00:10.414 249 249 V audio_hw_primary: card: 3, name: AUDIO_HDMI, capture: 1, playback: 1
01-01 08:00:10.414 249 249 D audio_hw_primary: read card /sys/class/sound/card4/id
01-01 08:00:10.414 249 249 D audio_hw_primary: /sys/class/sound/card4/id, ahubi2s2, len: 9
01-01 08:00:10.414 249 249 D audio_hw_primary: linux name = ahubi2s2, android name = AUDIO_I2S2
01-01 08:00:10.414 249 249 D audio_hw_primary: find name map, card_id = ahubi2s2, card_name = AUDIO_I2S2
01-01 08:00:10.414 249 249 V audio_hw_primary: card: 4, name: AUDIO_I2S2, capture: 1, playback: 1
01-01 08:00:10.415 249 249 D audio_hw_primary: getCardNumbyName: name = AUDIO_CODEC , card = 0
01-01 08:00:10.415 249 249 D audio_hw_primary: getCardNumbyName: name = AUDIO_DAM , card = 2
01-01 08:00:10.415 249 249 D audio_hw_primary: getCardNumbyName: name = AUDIO_HDMI , card = 3
01-01 08:00:10.415 249 249 D audio_hw_primary: getCardNumbyName: name = AUDIO_I2S2 , card = 4
01-01 08:00:10.415 249 249 D audio_hw_primary: getCardNumbyName: name = AUDIO_SPDIF , card = 1
01-01 08:00:10.415 249 249 E audio_hw_primary: AUDIO_BT card does not exist
01-01 08:00:10.415 249 249 E audio_hw_primary: AUDIO_MIX card does not exist
01-01 08:00:10.415 249 249 V audio_hw_primary: init_audio_devices_active, line: 635
01-01 08:00:10.415 249 249 V audio_hw_primary: init_audio_devices_active: get property persist.vendor.audio.input.active failed, No such file or directory
01-01 08:00:10.415 249 249 V audio_hw_primary: init_audio_devices_active: get property persist.vendor.audio.output.active failed, No such file or directory
01-01 08:00:10.415 249 249 V audio_hw_primary: OK, default use AUDIO_CODEC playback
01-01 08:00:10.415 249 249 V audio_hw_primary: OK, default use AUDIO_SPDIF capture
01-01 08:00:10.415 249 249 D audio_hw_primary: XX 2 1 2 0
01-01 08:00:10.418 249 249 W audio_route: Control 'External Speaker Switch' doesn't exist - skipping
01-01 08:00:10.418 249 249 W audio_route: Control 'Headphone Switch' doesn't exist - skipping
01-01 08:00:10.418 249 249 W audio_route: Control 'Earpiece Switch' doesn't exist - skipping
01-01 08:00:10.418 249 249 W audio_route: Control 'AIF1IN0R Mux' doesn't exist - skipping
01-01 08:00:10.418 249 249 W audio_route: Control 'AIF1IN0L Mux' doesn't exist - skipping
01-01 08:00:10.418 249 249 W audio_route: Control 'DACR Mixer AIF1DA0R Switch' doesn't exist - skipping
01-01 08:00:10.418 249 249 W audio_route: Control 'DACL Mixer AIF1DA0L Switch' doesn't exist - skipping
01-01 08:00:10.418 249 249 W audio_route: Control 'AIF1OUT0L Mux' doesn't exist - skipping
01-01 08:00:10.419 249 249 W audio_route: Control 'AIF1OUT0R Mux' doesn't exist - skipping
01-01 08:00:10.419 249 249 W audio_route: Control 'AIF1 AD0L Mixer ADCL Switch' doesn't exist - skipping
01-01 08:00:10.419 249 249 W audio_route: Control 'AIF1 AD0R Mixer ADCR Switch' doesn't exist - skipping
01-01 08:00:10.419 249 249 W audio_route: Control 'ADCR Mux' doesn't exist - skipping
01-01 08:00:10.419 249 249 W audio_route: Control 'ADCL Mux' doesn't exist - skipping
01-01 08:00:10.419 249 249 W audio_route: Control 'HP_R Mux' doesn't exist - skipping
01-01 08:00:10.419 249 249 W audio_route: Control 'HP_L Mux' doesn't exist - skipping
01-01 08:00:10.419 249 249 W audio_route: Control 'HP_R Mux' doesn't exist - skipping
01-01 08:00:10.419 249 249 W audio_route: Control 'HP_L Mux' doesn't exist - skipping
01-01 08:00:10.419 249 249 W audio_route: Control 'Right Output Mixer DACR Switch' doesn't exist - skipping
01-01 08:00:10.419 249 249 W audio_route: Control 'Left Output Mixer DACL Switch' doesn't exist - skipping
01-01 08:00:10.419 249 249 W audio_route: Control 'SPK_L Mux' doesn't exist - skipping
01-01 08:00:10.419 249 249 W audio_route: Control 'SPK_R Mux' doesn't exist - skipping
01-01 08:00:10.419 249 249 W audio_route: Control 'External Speaker Switch' doesn't exist - skipping
01-01 08:00:10.419 249 249 W audio_route: Control 'Headphone Switch' doesn't exist - skipping
01-01 08:00:10.419 249 249 W audio_route: Control 'AIF1IN0R Mux' doesn't exist - skipping
01-01 08:00:10.419 249 249 W audio_route: Control 'AIF1IN0L Mux' doesn't exist - skipping
01-01 08:00:10.419 249 249 W audio_route: Control 'DACR Mixer AIF1DA0R Switch' doesn't exist - skipping
01-01 08:00:10.419 249 249 W audio_route: Control 'DACL Mixer AIF1DA0L Switch' doesn't exist - skipping
01-01 08:00:10.420 249 249 W audio_route: Control 'Left Output Mixer DACR Switch' doesn't exist - skipping
01-01 08:00:10.420 249 249 W audio_route: Control 'Left Output Mixer DACL Switch' doesn't exist - skipping
01-01 08:00:10.420 249 249 W audio_route: Control 'SPK_L Mux' doesn't exist - skipping
01-01 08:00:10.420 249 249 W audio_route: Control 'External Speaker Switch' doesn't exist - skipping
01-01 08:00:10.420 249 249 W audio_route: unknown enum value string 0 for ctl LINEOUTL src LR
01-01 08:00:10.420 249 249 W audio_route: unknown enum value string 0 for ctl LINEOUTR src LR
01-01 08:00:10.420 249 249 W audio_route: Control 'DACR Mixer AIF1DA0R Switch' doesn't exist - skipping
01-01 08:00:10.420 249 249 W audio_route: Control 'DACL Mixer AIF1DA0L Switch' doesn't exist - skipping
01-01 08:00:10.420 249 249 W audio_route: Control 'AIF1 AD0L Mixer ADCL Switch' doesn't exist - skipping
01-01 08:00:10.420 249 249 W audio_route: Control 'AIF1 AD0R Mixer ADCR Switch' doesn't exist - skipping
01-01 08:00:10.420 249 249 W audio_route: Control 'Left Output Mixer DACL Switch' doesn't exist - skipping
