01-01 08:00:15.576 315 315 I xiriservice_All: type=1400 audit(0.0:308): avc: denied { search } for name="android.ext.services" dev="mmcblk0p25" ino=436 scontext=u:r:init:s0 tcontext=u:object_r:app_data_file:s0:c512,c768 tclass=dir permissive=1
01-01 08:00:15.579 315 315 D XiriService: check file name: /data/data/android.ext.services/lib
01-01 08:00:15.580 315 315 D XiriService: check file name: /data/data/android.ext.services/lib
01-01 08:00:15.580 315 315 D XiriService: check file name: /data/data/android.ext.services/lib
01-01 08:00:15.576 315 315 I xiriservice_All: type=1400 audit(0.0:309): avc: denied { read } for name="lib" dev="mmcblk0p25" ino=1698 scontext=u:r:init:s0 tcontext=u:object_r:app_data_file:s0:c512,c768 tclass=lnk_file permissive=1
01-01 08:00:15.584 315 315 D XiriService: check file name: /data/data/android.ext.services/lib
01-01 08:00:15.584 315 315 D XiriService: check file name: /data/data/android.ext.services/lib
01-01 08:00:15.585 315 315 D XiriService: check file name: /data/data/android.ext.services/lib
01-01 08:00:15.585 315 315 D XiriService: check file name: /data/data/android.ext.services/lib
01-01 08:00:15.600 315 315 D XiriService: check file name: /data/data/com.android.location.fused/lib
01-01 08:00:15.601 315 315 D XiriService: check file name: /data/data/com.android.location.fused/lib
01-01 08:00:15.601 315 315 D XiriService: check file name: /data/data/com.android.location.fused/lib
01-01 08:00:15.601 315 315 D XiriService: check file name: /data/data/com.android.location.fused/lib
01-01 08:00:15.606 315 315 D XiriService: check file name: /data/data/com.android.location.fused/lib
01-01 08:00:15.606 315 315 D XiriService: check file name: /data/data/com.android.location.fused/lib
01-01 08:00:15.607 315 315 D XiriService: check file name: /data/data/com.android.location.fused/lib
01-01 08:00:15.607 315 315 D XiriService: check file name: /data/data/com.android.location.fused/lib
01-01 08:00:15.614 505 505 V PackageManager: reconcileAppsData finished 14 packages
01-01 08:00:15.615 505 505 I PackageManagerTiming: write settings
01-01 08:00:15.615 505 564 I SystemServerTimingAsync: InitThreadPoolExec:prepareAppData
01-01 08:00:15.616 505 564 D SystemServerInitThreadPool: Started executing prepareAppData
01-01 08:00:15.616 357 372 E cutils-trace: Error opening trace file: No such file or directory (2)
01-01 08:00:15.618 357 372 W installd: Ignoring /data/data/android/lib with unexpected GID 0 instead of 1000
01-01 08:00:15.618 357 372 W installd: Ignoring /data/data/com.android.providers.settings/lib with unexpected GID 0 instead of 1000
01-01 08:00:15.618 357 372 W installd: Ignoring /data/data/com.android.inputdevices/lib with unexpected GID 0 instead of 1000
01-01 08:00:15.619 357 372 W installd: Ignoring /data/data/android.ext.services/lib with unexpected GID 0 instead of 10075
01-01 08:00:15.619 357 372 W installd: Ignoring /data/data/com.android.location.fused/lib with unexpected GID 0 instead of 1000
01-01 08:00:15.620 357 372 W installd: Ignoring /data/data/com.android.cts.priv.ctsshim/lib with unexpected GID 0 instead of 10015
01-01 08:00:15.620 357 372 W installd: Ignoring /data/data/com.android.dynsystem/lib with unexpected GID 0 instead of 1000
01-01 08:00:15.621 357 372 W installd: Ignoring /data/data/com.dangbei.lerad.rocky/lib with unexpected GID 0 instead of 1000
01-01 08:00:15.622 357 372 W installd: Ignoring /data/data/com.android.tv.settings/lib with unexpected GID 0 instead of 1000
01-01 08:00:15.622 357 372 W installd: Ignoring /data/data/com.oranth.factory/lib with unexpected GID 0 instead of 1000
01-01 08:00:15.623 357 372 W installd: Ignoring /data/data/com.dangbei.zhushou.os/lib with unexpected GID 0 instead of 1000
01-01 08:00:15.625 357 372 W installd: Ignoring /data/data/com.sohu.inputmethod.sogou.tv/lib with unexpected GID 0 instead of 10033
01-01 08:00:15.627 357 372 W installd: Ignoring /data/data/com.oranth.ledstatus/lib with unexpected GID 0 instead of 1000
01-01 08:00:15.627 357 372 W installd: Ignoring /data/data/com.dangbei.lerad.videoposter/lib with unexpected GID 0 instead of 10040
01-01 08:00:15.629 357 372 W installd: Ignoring /data/data/com.android.networkstack/lib with unexpected GID 0 instead of 1073
01-01 08:00:15.634 357 372 W installd: Ignoring /data/data/com.dangbei.screencast/lib with unexpected GID 0 instead of 10019
01-01 08:00:15.635 357 372 W installd: Ignoring /data/data/com.dangbei.leard.leradlauncher/lib with unexpected GID 0 instead of 1000
01-01 08:00:15.636 357 372 W installd: Ignoring /data/data/com.android.printspooler/lib with unexpected GID 0 instead of 10050
01-01 08:00:15.637 357 372 W installd: Ignoring /data/data/com.android.webview/lib with unexpected GID 0 instead of 10060
01-01 08:00:15.638 357 372 W installd: Ignoring /data/data/com.android.bips/lib with unexpected GID 0 instead of 10021
01-01 08:00:15.638 357 372 W installd: Ignoring /data/data/com.oranth.inputmacsn/lib with unexpected GID 0 instead of 1000
01-01 08:00:15.640 357 372 W installd: Ignoring /data/data/com.android.keychain/lib with unexpected GID 0 instead of 1000
01-01 08:00:15.641 357 372 W installd: Ignoring /data/data/com.android.localtransport/lib with unexpected GID 0 instead of 1000
01-01 08:00:15.642 357 372 W installd: Ignoring /data/data/com.android.packageinstaller/lib with unexpected GID 0 instead of 1000
01-01 08:00:15.643 357 372 W installd: Ignoring /data/data/com.oranth.usbopenft/lib with unexpected GID 0 instead of 1000
01-01 08:00:15.643 357 372 W installd: Ignoring /data/data/com.android.networkstack.tethering/lib with unexpected GID 0 instead of 1073
01-01 08:00:15.644 357 372 W installd: Ignoring /data/data/com.dangbei.lerad.etna.haqu/lib with unexpected GID 0 instead of 1000
01-01 08:00:15.646 357 372 W installd: Ignoring /data/data/com.oranth.powerwindow/lib with unexpected GID 0 instead of 1000
01-01 08:00:15.648 357 372 W installd: Ignoring /data/data/com.android.networkstack.permissionconfig/lib with unexpected GID 0 instead of 1073
01-01 08:00:15.649 357 372 W installd: Ignoring /data/data/com.dangbei.lerad.screensaver/lib with unexpected GID 0 instead of 10043
01-01 08:00:15.651 357 372 W installd: Ignoring /data/data/com.android.wallpaperbackup/lib with unexpected GID 0 instead of 1000
01-01 08:00:15.652 357 372 W installd: Ignoring /data/data/com.android.providers.media.module/lib with unexpected GID 0 instead of 10074
01-01 08:00:15.652 357 372 W installd: Ignoring /data/data/com.oranth.storage/lib with unexpected GID 0 instead of 1000
01-01 08:00:15.654 357 372 W installd: Ignoring /data/data/com.dangbei.haqusetting/lib with unexpected GID 0 instead of 1000
01-01 08:00:15.654 505 505 I SELinux : SELinux: Loaded file_contexts
01-01 08:00:15.655 357 372 W installd: Ignoring /data/data/com.softwinner.miracastReceiver/lib with unexpected GID 0 instead of 1000
01-01 08:00:15.655 357 372 W installd: Ignoring /data/data/com.android.bluetooth/lib with unexpected GID 0 instead of 1002
01-01 08:00:15.662 357 372 W installd: Ignoring /data/user_de/0/android/lib with unexpected GID 0 instead of 1000
01-01 08:00:15.662 357 372 W installd: Ignoring /data/user_de/0/com.android.providers.settings/lib with unexpected GID 0 instead of 1000
01-01 08:00:15.663 357 372 W installd: Ignoring /data/user_de/0/com.android.inputdevices/lib with unexpected GID 0 instead of 1000
01-01 08:00:15.663 357 372 W installd: Ignoring /data/user_de/0/com.android.location.fused/lib with unexpected GID 0 instead of 1000
01-01 08:00:15.666 357 372 W installd: Ignoring /data/user_de/0/com.android.tv.settings/lib with unexpected GID 0 instead of 1000
01-01 08:00:15.667 505 505 W PackageManager: There should probably be a verifier, but, none were found
01-01 08:00:15.668 505 505 W PackageManager: Domain verification agent not found
01-01 08:00:15.669 357 372 W installd: Ignoring /data/user_de/0/com.sohu.inputmethod.sogou.tv/lib with unexpected GID 0 instead of 10033
01-01 08:00:15.671 505 505 D PackageManager: Ephemeral resolver NOT found; no matching intent filters
01-01 08:00:15.671 505 505 D PackageManager: Instant App installer not found with android.intent.action.INSTALL_INSTANT_APP_PACKAGE
01-01 08:00:15.671 505 505 D PackageManager: Clear ephemeral installer activity
01-01 08:00:15.674 357 372 W installd: Ignoring /data/user_de/0/com.android.networkstack/lib with unexpected GID 0 instead of 1073
01-01 08:00:15.676 505 505 I PackageManagerTiming: GC
01-01 08:00:15.676 505 505 I PackageManager: Fix for b/169414761 is applied
01-01 08:00:15.690 357 372 W installd: Ignoring /data/user_de/0/com.android.packageinstaller/lib with unexpected GID 0 instead of 1000
01-01 08:00:15.691 357 372 W installd: Ignoring /data/user_de/0/com.android.networkstack.tethering/lib with unexpected GID 0 instead of 1073
01-01 08:00:15.703 357 372 W installd: Ignoring /data/user_de/0/com.android.bluetooth/lib with unexpected GID 0 instead of 1002
01-01 08:00:15.712 505 505 V UserManagerService: Checking that all system packages are whitelisted.
01-01 08:00:15.717 505 505 W UserManagerService: checkWhitelistedSystemPackages(mode=ENFORCE|IMPLICIT_WHITELIST|IMPLICIT_WHITELIST_SYSTEM) has 55 warnings:
01-01 08:00:15.717 505 505 W UserManagerService: com.android.internal.display.cutout.emulation.corner is allowlisted but not present.
01-01 08:00:15.717 505 505 W UserManagerService: com.android.internal.display.cutout.emulation.double is allowlisted but not present.
01-01 08:00:15.717 505 505 W UserManagerService: com.android.theme.color.amethyst is allowlisted but not present.
01-01 08:00:15.717 505 505 W UserManagerService: com.android.theme.icon.pebble is allowlisted but not present.
01-01 08:00:15.717 505 505 W UserManagerService: com.android.theme.color.sand is allowlisted but not present.
01-01 08:00:15.717 505 505 W UserManagerService: com.android.theme.icon.vessel is allowlisted but not present.
01-01 08:00:15.717 505 505 W UserManagerService: com.android.theme.color.cinnamon is allowlisted but not present.
01-01 08:00:15.717 505 505 W UserManagerService: com.android.theme.icon_pack.victor.settings is allowlisted but not present.
01-01 08:00:15.717 505 505 W UserManagerService: com.android.theme.icon_pack.rounded.systemui is allowlisted but not present.
01-01 08:00:15.717 505 505 W UserManagerService: com.android.theme.icon.taperedrect is allowlisted but not present.
01-01 08:00:15.717 505 505 W UserManagerService: com.android.theme.icon_pack.rounded.android is allowlisted but not present.
01-01 08:00:15.717 505 505 W UserManagerService: com.android.theme.icon_pack.victor.systemui is allowlisted but not present.
01-01 08:00:15.717 505 505 W UserManagerService: com.android.theme.icon_pack.circular.themepicker is allowlisted but not present.
01-01 08:00:15.717 505 505 W UserManagerService: com.android.theme.color.tangerine is allowlisted but not present.
01-01 08:00:15.717 505 505 W UserManagerService: com.android.theme.color.aquamarine is allowlisted but not present.
01-01 08:00:15.717 505 505 W UserManagerService: com.android.internal.display.cutout.emulation.hole is allowlisted but not present.
01-01 08:00:15.717 505 505 W UserManagerService: com.android.internal.display.cutout.emulation.tall is allowlisted but not present.
01-01 08:00:15.717 505 505 W UserManagerService: com.android.theme.color.black is allowlisted but not present.
01-01 08:00:15.717 505 505 W UserManagerService: com.android.theme.color.green is allowlisted but not present.
01-01 08:00:15.717 505 505 W UserManagerService: com.android.theme.color.ocean is allowlisted but not present.
01-01 08:00:15.717 505 505 W UserManagerService: com.android.theme.color.space is allowlisted but not present.
01-01 08:00:15.717 505 505 W UserManagerService: com.android.theme.icon_pack.rounded.launcher is allowlisted but not present.
01-01 08:00:15.717 505 505 W UserManagerService: com.android.theme.icon_pack.kai.settings is allowlisted but not present.
01-01 08:00:15.717 505 505 W UserManagerService: com.android.internal.systemui.navbar.twobutton is allowlisted but not present.
01-01 08:00:15.717 505 505 W UserManagerService: com.android.theme.icon_pack.sam.settings is allowlisted but not present.
01-01 08:00:15.717 505 505 W UserManagerService: com.android.theme.icon_pack.kai.themepicker is allowlisted but not present.
01-01 08:00:15.717 505 505 W UserManagerService: com.android.theme.icon_pack.victor.launcher is allowlisted but not present.
01-01 08:00:15.717 505 505 W UserManagerService: com.android.theme.icon_pack.filled.settings is allowlisted but not present.
01-01 08:00:15.717 505 505 W UserManagerService: com.android.theme.icon_pack.kai.systemui is allowlisted but not present.
01-01 08:00:15.717 505 505 W UserManagerService: com.android.theme.icon_pack.circular.settings is allowlisted but not present.
01-01 08:00:15.717 505 505 W UserManagerService: com.android.theme.icon_pack.sam.systemui is allowlisted but not present.
01-01 08:00:15.717 505 505 W UserManagerService: com.android.theme.icon.teardrop is allowlisted but not present.
01-01 08:00:15.717 505 505 W UserManagerService: com.android.theme.icon_pack.rounded.themepicker is allowlisted but not present.
01-01 08:00:15.717 505 505 W UserManagerService: com.android.theme.icon_pack.filled.systemui is allowlisted but not present.
01-01 08:00:15.717 505 505 W UserManagerService: com.android.theme.icon_pack.sam.android is allowlisted but not present.
01-01 08:00:15.717 505 505 W UserManagerService: com.android.theme.icon_pack.filled.android is allowlisted but not present.
01-01 08:00:15.718 505 505 W UserManagerService: com.android.internal.display.cutout.emulation.waterfall is allowlisted but not present.
01-01 08:00:15.718 505 505 W UserManagerService: com.android.theme.icon_pack.circular.systemui is allowlisted but not present.
01-01 08:00:15.718 505 505 W UserManagerService: com.android.theme.icon_pack.kai.android is allowlisted but not present.
01-01 08:00:15.718 505 505 W UserManagerService: com.android.theme.icon_pack.kai.launcher is allowlisted but not present.
01-01 08:00:15.718 505 505 W UserManagerService: com.android.theme.icon_pack.sam.launcher is allowlisted but not present.
01-01 08:00:15.718 505 505 W UserManagerService: com.android.theme.icon.squircle is allowlisted but not present.
01-01 08:00:15.718 505 505 W UserManagerService: com.android.theme.icon_pack.victor.android is allowlisted but not present.
01-01 08:00:15.718 505 505 W UserManagerService: com.android.theme.color.palette is allowlisted but not present.
01-01 08:00:15.718 505 505 W UserManagerService: com.android.theme.icon_pack.filled.launcher is allowlisted but not present.
01-01 08:00:15.718 505 505 W UserManagerService: com.android.theme.color.carbon is allowlisted but not present.
01-01 08:00:15.718 505 505 W UserManagerService: com.android.theme.icon_pack.circular.launcher is allowlisted but not present.
01-01 08:00:15.718 505 505 W UserManagerService: com.android.theme.icon_pack.filled.themepicker is allowlisted but not present.
01-01 08:00:15.718 505 505 W UserManagerService: com.android.theme.icon_pack.victor.themepicker is allowlisted but not present.
01-01 08:00:15.718 505 505 W UserManagerService: com.android.theme.color.orchid is allowlisted but not present.
01-01 08:00:15.718 505 505 W UserManagerService: com.android.theme.color.purple is allowlisted but not present.
01-01 08:00:15.718 505 505 W UserManagerService: com.android.theme.icon_pack.sam.themepicker is allowlisted but not present.
01-01 08:00:15.718 505 505 W UserManagerService: com.android.theme.icon.roundedrect is allowlisted but not present.
01-01 08:00:15.718 505 505 W UserManagerService: com.android.theme.icon_pack.rounded.settings is allowlisted but not present.
01-01 08:00:15.718 505 505 W UserManagerService: com.android.theme.icon_pack.circular.android is allowlisted but not present.
01-01 08:00:15.721 505 505 I Watchdog: Resuming HandlerChecker: main thread for reason: packagemanagermain. Pause count: 0
01-01 08:00:15.721 505 505 I SystemServerDexLoadReporter: Configuring system server dex reporter
01-01 08:00:15.732 505 505 I SystemServerTiming: StartOtaDexOptService
01-01 08:00:15.732 505 505 I Watchdog: Pausing HandlerChecker: main thread for reason: moveab. Pause count: 1
01-01 08:00:15.733 505 505 D OTADexopt: No upgrade, skipping A/B artifacts check.
01-01 08:00:15.734 505 505 I Watchdog: Resuming HandlerChecker: main thread for reason: moveab. Pause count: 0
01-01 08:00:15.734 505 505 I SystemServerTiming: StartUserManagerService
01-01 08:00:15.734 505 505 I SystemServiceManager: Starting com.android.server.pm.UserManagerService$LifeCycle
01-01 08:00:15.734 505 505 I SystemServerTiming: InitAttributerCache
01-01 08:00:15.735 505 505 I SystemServerTiming: SetSystemProcess
01-01 08:00:15.741 505 535 I ActivityManager: Connection with lmkd established
01-01 08:00:15.741 180 180 I lowmemorykiller: lmkd data connection established
01-01 08:00:15.744 505 520 V HistoricalRegistry: Interaction before persistence initialized
01-01 08:00:15.746 363 561 I ServiceManager: Waiting for service 'package_native' on '/dev/binder' successful after waiting 503ms
01-01 08:00:15.746 270 270 I audioserver: Waiting for sensor privacy service
01-01 08:00:15.749 505 505 I SystemServerTiming: InitWatchdog
01-01 08:00:15.750 505 505 I SystemServerTiming: StartOverlayManagerService
01-01 08:00:15.752 505 520 V HistoricalRegistry: Interaction before persistence initialized
01-01 08:00:15.753 352 352 I cameraserver: Waiting for sensor privacy service
01-01 08:00:15.773 1 1 I init : Control message: Processed ctl.start for 'idmap2d' from pid: 505 (system_server)
01-01 08:00:15.770 354 366 E cutils-trace: Error opening trace file: No such file or directory (2)
01-01 08:00:15.790 354 354 W idmap2d : active ffro iterator was not previously released
01-01 08:00:15.802 505 505 I SystemServerTiming: StartSensorPrivacyService
01-01 08:00:15.808 505 505 I SystemServerTiming: StartSensorService
01-01 08:00:15.809 505 505 I SystemServiceManager: Starting com.android.server.sensors.SensorService
01-01 08:00:15.809 505 505 I SystemServerTiming: startCoreServices
01-01 08:00:15.809 505 505 I SystemServerTiming: StartSystemConfigService
01-01 08:00:15.809 505 505 I SystemServiceManager: Starting com.android.server.SystemConfigService
01-01 08:00:15.810 505 568 I SystemServerTimingAsync: InitThreadPoolExec:StartNativeSensorService
01-01 08:00:15.810 505 568 D SystemServerInitThreadPool: Started executing StartNativeSensorService
01-01 08:00:15.810 505 568 I SystemServerTimingAsync: StartNativeSensorService
01-01 08:00:15.810 505 568 D SensorService: nuSensorService starting...
01-01 08:00:15.810 505 505 I SystemServerTiming: StartBatteryService
01-01 08:00:15.811 505 505 I SystemServiceManager: Starting com.android.server.BatteryService
01-01 08:00:15.814 182 182 I hwservicemanager: getTransport: Cannot find entry android.hardware.sensors@2.1::ISensors/default in either framework or device VINTF manifest.
01-01 08:00:15.815 182 182 I hwservicemanager: getTransport: Cannot find entry android.hardware.sensors@2.0::ISensors/default in either framework or device VINTF manifest.
01-01 08:00:15.815 182 182 I hwservicemanager: getTransport: Cannot find entry android.hardware.sensors@1.0::ISensors/default in either framework or device VINTF manifest.
01-01 08:00:15.815 505 505 I android_os_HwBinder: HwBinder: Starting thread pool for getting: android.hardware.health@2.0::IHealth/default
01-01 08:00:15.818 505 568 D SystemServerInitThreadPool: Finished executing StartNativeSensorService
01-01 08:00:15.825 259 259 W healthd : battery none chg=
01-01 08:00:15.828 505 505 I android_os_HwBinder: HwBinder: Starting thread pool for getting: android.hidl.manager@1.0::IServiceManager/default
01-01 08:00:15.830 505 505 I HealthServiceWrapper: health: HealthServiceWrapper listening to instance default
01-01 08:00:15.830 505 505 I BatteryService: health: Waited 0ms and received the update.
01-01 08:00:15.833 505 569 I android_os_HwBinder: HwBinder: Starting thread pool for getting: android.hardware.health@2.0::IHealth/default
01-01 08:00:15.834 352 352 I HidlServiceManagement: Registered android.frameworks.cameraservice.service@2.2::ICameraService/default
01-01 08:00:15.835 352 352 I CameraService: CameraService pinged cameraservice proxy
01-01 08:00:15.836 352 352 I cameraserver: ServiceManager: 0xec17b960 done instantiate
01-01 08:00:15.837 505 505 I SystemServerTiming: StartUsageService
01-01 08:00:15.837 505 505 I SystemServiceManager: Starting com.android.server.usage.UsageStatsService
01-01 08:00:15.848 505 505 I SystemServerTiming: StartWebViewUpdateService
01-01 08:00:15.848 505 505 I SystemServiceManager: Starting com.android.server.webkit.WebViewUpdateService
01-01 08:00:15.851 505 505 I SystemServerTiming: StartCachedDeviceStateService
01-01 08:00:15.851 505 505 I SystemServiceManager: Starting com.android.server.CachedDeviceStateService
01-01 08:00:15.851 505 505 I SystemServerTiming: StartBinderCallsStatsService
01-01 08:00:15.852 505 505 I SystemServiceManager: Starting com.android.server.BinderCallsStatsService$LifeCycle
01-01 08:00:15.854 505 505 I SystemServerTiming: StartLooperStatsService
01-01 08:00:15.855 505 505 I SystemServiceManager: Starting com.android.server.LooperStatsService$Lifecycle
01-01 08:00:15.856 505 505 I SystemServerTiming: StartRollbackManagerService
01-01 08:00:15.856 505 505 I SystemServiceManager: Starting com.android.server.rollback.RollbackManagerService
01-01 08:00:15.858 357 357 D installd: Found quota mount /dev/block/by-name/userdata at /data
01-01 08:00:15.858 357 357 D installd: Found quota mount /dev/block/by-name/userdata at /data/user/0
01-01 08:00:15.861 505 505 I PackageWatchdog: Syncing state, reason: added new observer
01-01 08:00:15.861 505 505 I PackageWatchdog: Not pruning observers, elapsed time: 0ms
01-01 08:00:15.861 505 505 I PackageWatchdog: Cancelling state sync, nothing to sync
01-01 08:00:15.861 505 532 I PackageWatchdog: Saving observer state to file
01-01 08:00:15.864 505 505 I SystemServerTiming: StartNativeTombstoneManagerService
01-01 08:00:15.865 505 505 I SystemServiceManager: Starting com.android.server.os.NativeTombstoneManagerService
01-01 08:00:15.866 505 505 I SystemServerTiming: StartBugreportManagerService
01-01 08:00:15.866 505 505 I SystemServiceManager: Starting com.android.server.os.BugreportManagerService
01-01 08:00:15.868 505 505 I SystemServerTiming: GpuService
01-01 08:00:15.868 505 505 I SystemServiceManager: Starting com.android.server.gpu.GpuService
01-01 08:00:15.868 505 505 I SystemServerTiming: startOtherServices
01-01 08:00:15.868 505 505 I SystemServerTiming: StartKeyAttestationApplicationIdProviderService
01-01 08:00:15.869 505 530 I SystemServerTimingAsync: InitThreadPoolExec:SecondaryZygotePreload
01-01 08:00:15.869 505 530 D SystemServerInitThreadPool: Started executing SecondaryZygotePreload
01-01 08:00:15.869 505 530 I SystemServer: SecondaryZygotePreload
01-01 08:00:15.869 505 530 I SystemServerTimingAsync: SecondaryZygotePreload
01-01 08:00:15.870 505 505 I SystemServerTiming: StartKeyChainSystemService
01-01 08:00:15.871 505 505 I SystemServiceManager: Starting com.android.server.security.KeyChainSystemService
01-01 08:00:15.871 505 505 I SystemServerTiming: StartSchedulingPolicyService
01-01 08:00:15.872 505 522 I SystemServerTimingAsync: InitThreadPoolExec:SchedulingPolicyService.
01-01 08:00:15.872 505 522 D SystemServerInitThreadPool: Started executing SchedulingPolicyService.
01-01 08:00:15.873 505 505 I SystemServerTiming: StartTelecomLoaderService
01-01 08:00:15.873 505 505 I SystemServiceManager: Starting com.android.server.telecom.TelecomLoaderService
01-01 08:00:15.880 505 530 E SystemServer: Unable to preload default resources
01-01 08:00:15.880 505 530 D SystemServerInitThreadPool: Finished executing SecondaryZygotePreload
01-01 08:00:15.881 505 522 I SchedulingPolicyService: Moving 378 back to group default
01-01 08:00:15.882 505 522 D SystemServerInitThreadPool: Finished executing SchedulingPolicyService.
01-01 08:00:15.882 505 505 I SystemServerTiming: StartTelephonyRegistry
01-01 08:00:15.887 505 505 I SystemServerTiming: StartEntropyMixer
01-01 08:00:15.887 505 515 I system_server: Background concurrent copying GC freed 100030(4342KB) AllocSpace objects, 13(364KB) LOS objects, 49% free, 4293KB/8587KB, paused 225us total 210.935ms
01-01 08:00:15.889 505 505 I EntropyMixer: Writing entropy...
01-01 08:00:15.892 505 505 I SystemServerTiming: StartAccountManagerService
01-01 08:00:15.892 505 505 I SystemServiceManager: Starting com.android.server.accounts.AccountManagerService$Lifecycle
01-01 08:00:15.897 505 505 D CompatibilityChangeReporter: Compat change id reported: 148180766; UID 1000; state: ENABLED
01-01 08:00:15.899 505 505 I SystemServerTiming: StartContentService
01-01 08:00:15.899 505 505 I SystemServiceManager: Starting com.android.server.content.ContentService$Lifecycle
01-01 08:00:15.900 505 505 I SystemServerTiming: InstallSystemProviders
01-01 08:00:15.938 389 389 I update_engine: [INFO:cleanup_previous_update_action.cc(112)] Executing task 4
01-01 08:00:15.939 389 389 I update_engine: [INFO:cleanup_previous_update_action.cc(124)] CleanupPreviousUpdateAction scheduled task ID 5 for WaitBootCompleted
01-01 08:00:15.958 505 505 W SettingsState: No settings state /data/system/users/0/settings_config.xml
01-01 08:00:15.962 505 505 I SettingsState: directory info for directory/file /data/system/users/0/settings_config.xml with stacktrace
01-01 08:00:15.962 505 505 I SettingsState: java.lang.Exception
01-01 08:00:15.962 505 505 I SettingsState: at com.android.providers.settings.SettingsState.logSettingsDirectoryInformation(SettingsState.java:877)
01-01 08:00:15.962 505 505 I SettingsState: at com.android.providers.settings.SettingsState.readStateSyncLocked(SettingsState.java:1008)
01-01 08:00:15.962 505 505 I SettingsState: at com.android.providers.settings.SettingsState.(SettingsState.java:283)
01-01 08:00:15.962 505 505 I SettingsState: at com.android.providers.settings.SettingsProvider$SettingsRegistry.ensureSettingsStateLocked(SettingsProvider.java:2884)
01-01 08:00:15.962 505 505 I SettingsState: at com.android.providers.settings.SettingsProvider$SettingsRegistry.ensureSettingsForUserLocked(SettingsProvider.java:2849)
01-01 08:00:15.962 505 505 I SettingsState: at com.android.providers.settings.SettingsProvider$SettingsRegistry.peekSettingsStateLocked(SettingsProvider.java:3201)
01-01 08:00:15.962 505 505 I SettingsState: at com.android.providers.settings.SettingsProvider$SettingsRegistry.getSettingsNamesLocked(SettingsProvider.java:2814)
01-01 08:00:15.962 505 505 I SettingsState: at com.android.providers.settings.SettingsProvider$SettingsRegistry.syncSsaidTableOnStartLocked(SettingsProvider.java:2797)
01-01 08:00:15.962 505 505 I SettingsState: at com.android.providers.settings.SettingsProvider$SettingsRegistry.access$100(SettingsProvider.java:2667)
01-01 08:00:15.962 505 505 I SettingsState: at com.android.providers.settings.SettingsProvider.onCreate(SettingsProvider.java:397)
01-01 08:00:15.962 505 505 I SettingsState: at android.content.ContentProvider.attachInfo(ContentProvider.java:2404)
01-01 08:00:15.962 505 505 I SettingsState: at android.content.ContentProvider.attachInfo(ContentProvider.java:2374)
01-01 08:00:15.962 505 505 I SettingsState: at android.app.ActivityThread.installProvider(ActivityThread.java:7437)
01-01 08:00:15.962 505 505 I SettingsState: at android.app.ActivityThread.installContentProviders(ActivityThread.java:6954)
01-01 08:00:15.962 505 505 I SettingsState: at android.app.ActivityThread.installSystemProviders(ActivityThread.java:7624)
01-01 08:00:15.962 505 505 I SettingsState: at com.android.server.am.ContentProviderHelper.installSystemProviders(ContentProviderHelper.java:1247)
01-01 08:00:15.962 505 505 I SettingsState: at com.android.server.SystemServer.startOtherServices(SystemServer.java:1507)
01-01 08:00:15.962 505 505 I SettingsState: at com.android.server.SystemServer.run(SystemServer.java:928)
01-01 08:00:15.962 505 505 I SettingsState: at com.android.server.SystemServer.main(SystemServer.java:628)
01-01 08:00:15.962 505 505 I SettingsState: at java.lang.reflect.Method.invoke(Native Method)
01-01 08:00:15.962 505 505 I SettingsState: at com.android.internal.os.RuntimeInit$MethodAndArgsCaller.run(RuntimeInit.java:548)
01-01 08:00:15.962 505 505 I SettingsState: at com.android.internal.os.ZygoteInit.main(ZygoteInit.java:1160)
01-01 08:00:15.962 505 505 I SettingsState: ancestor directory /data/system/users/0 exists
01-01 08:00:15.962 505 505 I SettingsState: ancestor directory /data/system/users/0 permissions: r: true w: true x: true
01-01 08:00:15.963 505 505 I SettingsState: ancestor's parent directory /data/system/users permissions: r: true w: true x: true
01-01 08:00:15.973 505 505 W SettingsState: No settings state /data/system/users/0/settings_ssaid.xml
01-01 08:00:15.974 505 505 I SettingsState: directory info for directory/file /data/system/users/0/settings_ssaid.xml with stacktrace
01-01 08:00:15.974 505 505 I SettingsState: java.lang.Exception
01-01 08:00:15.974 505 505 I SettingsState: at com.android.providers.settings.SettingsState.logSettingsDirectoryInformation(SettingsState.java:877)
01-01 08:00:15.974 505 505 I SettingsState: at com.android.providers.settings.SettingsState.readStateSyncLocked(SettingsState.java:1008)
01-01 08:00:15.974 505 505 I SettingsState: at com.android.providers.settings.SettingsState.(SettingsState.java:283)
01-01 08:00:15.974 505 505 I SettingsState: at com.android.providers.settings.SettingsProvider$SettingsRegistry.ensureSettingsStateLocked(SettingsProvider.java:2884)
01-01 08:00:15.974 505 505 I SettingsState: at com.android.providers.settings.SettingsProvider$SettingsRegistry.ensureSettingsForUserLocked(SettingsProvider.java:2872)
01-01 08:00:15.974 505 505 I SettingsState: at com.android.providers.settings.SettingsProvider$SettingsRegistry.peekSettingsStateLocked(SettingsProvider.java:3201)
01-01 08:00:15.974 505 505 I SettingsState: at com.android.providers.settings.SettingsProvider$SettingsRegistry.getSettingsNamesLocked(SettingsProvider.java:2814)
01-01 08:00:15.974 505 505 I SettingsState: at com.android.providers.settings.SettingsProvider$SettingsRegistry.syncSsaidTableOnStartLocked(SettingsProvider.java:2797)
01-01 08:00:15.974 505 505 I SettingsState: at com.android.providers.settings.SettingsProvider$SettingsRegistry.access$100(SettingsProvider.java:2667)
01-01 08:00:15.974 505 505 I SettingsState: at com.android.providers.settings.SettingsProvider.onCreate(SettingsProvider.java:397)
01-01 08:00:15.974 505 505 I SettingsState: at android.content.ContentProvider.attachInfo(ContentProvider.java:2404)
01-01 08:00:15.974 505 505 I SettingsState: at android.content.ContentProvider.attachInfo(ContentProvider.java:2374)
01-01 08:00:15.974 505 505 I SettingsState: at android.app.ActivityThread.installProvider(ActivityThread.java:7437)
01-01 08:00:15.974 505 505 I SettingsState: at android.app.ActivityThread.installContentProviders(ActivityThread.java:6954)
01-01 08:00:15.974 505 505 I SettingsState: at android.app.ActivityThread.installSystemProviders(ActivityThread.java:7624)
01-01 08:00:15.974 505 505 I SettingsState: at com.android.server.am.ContentProviderHelper.installSystemProviders(ContentProviderHelper.java:1247)
01-01 08:00:15.974 505 505 I SettingsState: at com.android.server.SystemServer.startOtherServices(SystemServer.java:1507)
01-01 08:00:15.974 505 505 I SettingsState: at com.android.server.SystemServer.run(SystemServer.java:928)
01-01 08:00:15.974 505 505 I SettingsState: at com.android.server.SystemServer.main(SystemServer.java:628)
01-01 08:00:15.974 505 505 I SettingsState: at java.lang.reflect.Method.invoke(Native Method)
01-01 08:00:15.974 505 505 I SettingsState: at com.android.internal.os.RuntimeInit$MethodAndArgsCaller.run(RuntimeInit.java:548)
01-01 08:00:15.974 505 505 I SettingsState: at com.android.internal.os.ZygoteInit.main(ZygoteInit.java:1160)
01-01 08:00:15.974 505 505 I SettingsState: ancestor directory /data/system/users/0 exists
01-01 08:00:15.974 505 505 I SettingsState: ancestor directory /data/system/users/0 permissions: r: true w: true x: true
01-01 08:00:15.974 505 505 I SettingsState: ancestor's parent directory /data/system/users permissions: r: true w: true x: true
01-01 08:00:15.993 505 533 D ActivityManager: Freezer enabled
01-01 08:00:15.993 505 533 D ActivityManager: freezer override set to false
01-01 08:00:15.994 505 505 I SystemServerTiming: StartDropBoxManager
01-01 08:00:15.994 505 505 I SystemServiceManager: Starting com.android.server.DropBoxManagerService
01-01 08:00:15.996 505 505 I SystemServerTiming: StartRoleManagerService
01-01 08:00:15.996 505 505 I SystemServiceManager: Starting com.android.role.RoleService
01-01 08:00:16.003 505 505 I SystemServerTiming: StartVibratorManagerService
01-01 08:00:16.003 505 505 I SystemServiceManager: Starting com.android.server.vibrator.VibratorManagerService$Lifecycle
01-01 08:00:16.007 181 181 E servicemanager: Could not find android.hardware.vibrator.IVibratorManager/default in the VINTF manifest.
01-01 08:00:16.007 181 181 E servicemanager: Could not find android.hardware.vibrator.IVibrator/default in the VINTF manifest.
01-01 08:00:16.008 182 182 I hwservicemanager: getTransport: Cannot find entry android.hardware.vibrator@1.0::IVibrator/default in either framework or device VINTF manifest.
01-01 08:00:16.009 505 505 I SystemServerTiming: StartDynamicSystemService
01-01 08:00:16.008 324 324 I rainbow_flow: type=1400 audit(0.0:310): avc: denied { ioctl } for path="/dev/spidev1.0" dev="tmpfs" ino=6648 ioctlcmd=0x6b00 scontext=u:r:init:s0 tcontext=u:object_r:device:s0 tclass=chr_file permissive=1
01-01 08:00:16.010 505 505 I SystemServerTiming: StartConsumerIrService
01-01 08:00:16.011 182 182 I hwservicemanager: getTransport: Cannot find entry android.hardware.ir@1.0::IConsumerIr/default in either framework or device VINTF manifest.
01-01 08:00:16.012 505 505 I SystemServerTiming: StartAlarmManagerService
01-01 08:00:16.013 505 505 I SystemServiceManager: Starting com.android.server.alarm.AlarmManagerService
01-01 08:00:16.016 319 321 D XM_HIDREAD: add@ add@/devices/virtual/wakeup/wakeup13
01-01 08:00:16.016 319 321 D XM_HIDREAD: add@ add@/devices/virtual/wakeup/wakeup14
01-01 08:00:16.016 319 321 D XM_HIDREAD: add@ add@/devices/virtual/wakeup/wakeup15
01-01 08:00:16.017 319 321 D XM_HIDREAD: add@ add@/devices/virtual/wakeup/wakeup16
01-01 08:00:16.017 319 321 D XM_HIDREAD: add@ add@/devices/virtual/wakeup/wakeup17
01-01 08:00:16.017 319 321 D XM_HIDREAD: add@ add@/devices/virtual/wakeup/wakeup18
01-01 08:00:16.017 319 321 D XM_HIDREAD: add@ add@/devices/virtual/wakeup/wakeup19
01-01 08:00:16.017 505 505 D AlarmManagerService: Kernel timezone updated to -480 minutes west of GMT
01-01 08:00:16.017 505 505 I AlarmManager: Current time only 16017, advancing to build time 1750238091000
01-01 08:00:16.017 505 505 D AlarmManagerService: Setting time of day to sec=1750238091
01-01 08:00:16.012 332 332 I xiriservice_All: type=1400 audit(0.0:311): avc: denied { read } for scontext=u:r:init:s0 tcontext=u:r:init:s0 tclass=netlink_kobject_uevent_socket permissive=1
06-18 17:14:51.049 505 505 D CompatibilityChangeReporter: Compat change id reported: 160794467; UID 1000; state: ENABLED
06-18 17:14:51.052 505 505 W SystemServiceManager: Service com.android.server.alarm.AlarmManagerService took 57 ms in onStart
06-18 17:14:51.052 505 505 I SystemServerTiming: StartInputManagerService
06-18 17:14:51.053 505 505 I InputManager: Initializing input manager, mUseDevInputEventForAudioJack=true
06-18 17:14:51.056 319 321 D XM_HIDREAD: add@ add@/devices/virtual/wakeup/wakeup20
06-18 17:14:51.059 319 321 D XM_HIDREAD: add@ add@/devices/virtual/wakeup/wakeup21
06-18 17:14:51.059 242 246 I ServiceManager: Waiting for service 'statscompanion' on '/dev/binder'...
06-18 17:14:51.061 319 321 D XM_HIDREAD: add@ add@/devices/virtual/wakeup/wakeup22
06-18 17:14:51.065 505 505 I SystemServerTiming: DeviceStateManagerService
06-18 17:14:51.065 505 505 I SystemServiceManager: Starting com.android.server.devicestate.DeviceStateManagerService
06-18 17:14:51.071 505 505 I SystemServerTiming: StartCameraServiceProxy
06-18 17:14:51.071 505 505 I SystemServiceManager: Starting com.android.server.camera.CameraServiceProxy
06-18 17:14:51.073 505 505 I SystemServerTiming: StartWindowManagerService
06-18 17:14:51.073 505 505 I SystemServiceManager: Starting phase 200
06-18 17:14:51.073 505 505 I SystemServerTiming: OnBootPhase_200
06-18 17:14:51.076 505 505 I WindowManager: No existing display settings, starting empty
06-18 17:14:51.077 505 505 I WindowManager: No existing display settings, starting empty
06-18 17:14:51.086 505 526 I WindowTracing: Setting window tracing log level to 1
06-18 17:14:51.086 505 526 I WindowTracing: Setting window tracing buffer capacity to 2097152bytes
06-18 17:14:51.098 505 505 I SystemServerTiming: SetWindowManagerService
06-18 17:14:51.107 505 505 I InputDispatcher: Created monitor PointerEventDispatcher0 for display 0, gesture=false, pid=505
06-18 17:14:51.116 265 265 I EventThread: type=1400 audit(0.0:312): avc: denied { search } for name="extcon" dev="sysfs" ino=18109 scontext=u:r:hal_tv_cec_default:s0 tcontext=u:object_r:sysfs_extcon:s0 tclass=dir permissive=1
06-18 17:14:51.140 505 505 I ActivityTaskManager: Loaded persisted task ids for user 0
06-18 17:14:51.144 505 505 I SystemServerTiming: WindowManagerServiceOnInitReady
06-18 17:14:51.157 505 524 D ExtconUEventObserver: FilenameExtconByName: /sys/class/extcon/extcon0
06-18 17:14:51.158 505 524 W WindowManager: /sys/class/extcon/hdmi/state not found while attempting to determine initial state
06-18 17:14:51.158 505 524 W WindowManager: java.io.FileNotFoundException: /sys/class/extcon/hdmi/state: open failed: ENOENT (No such file or directory)
06-18 17:14:51.158 505 524 W WindowManager: at libcore.io.IoBridge.open(IoBridge.java:575)
06-18 17:14:51.158 505 524 W WindowManager: at java.io.FileInputStream.(FileInputStream.java:160)
06-18 17:14:51.158 505 524 W WindowManager: at android.os.FileUtils.readTextFile(FileUtils.java:637)
06-18 17:14:51.158 505 524 W WindowManager: at com.android.server.ExtconStateObserver.parseStateFromFile(ExtconStateObserver.java:49)
06-18 17:14:51.158 505 524 W WindowManager: at com.android.server.policy.PhoneWindowManager$HdmiVideoExtconUEventObserver.init(PhoneWindowManager.java:5666)
06-18 17:14:51.158 505 524 W WindowManager: at com.android.server.policy.PhoneWindowManager$HdmiVideoExtconUEventObserver.access$5200(PhoneWindowManager.java:5658)
06-18 17:14:51.158 505 524 W WindowManager: at com.android.server.policy.PhoneWindowManager.initializeHdmiStateInternal(PhoneWindowManager.java:3425)
06-18 17:14:51.158 505 524 W WindowManager: at com.android.server.policy.PhoneWindowManager.initializeHdmiState(PhoneWindowManager.java:3389)
06-18 17:14:51.158 505 524 W WindowManager: at com.android.server.policy.PhoneWindowManager.init(PhoneWindowManager.java:1821)
06-18 17:14:51.158 505 524 W WindowManager: at com.android.server.policy.TvWindowManager.init(TvWindowManager.java:259)
06-18 17:14:51.158 505 524 W WindowManager: at com.android.server.wm.WindowManagerService$5.run(WindowManagerService.java:1199)
06-18 17:14:51.158 505 524 W WindowManager: at android.os.Handler$BlockingRunnable.run(Handler.java:961)
06-18 17:14:51.158 505 524 W WindowManager: at android.os.Handler.handleCallback(Handler.java:938)
06-18 17:14:51.158 505 524 W WindowManager: at android.os.Handler.dispatchMessage(Handler.java:99)
06-18 17:14:51.158 505 524 W WindowManager: at android.os.Looper.loopOnce(Looper.java:201)
06-18 17:14:51.158 505 524 W WindowManager: at android.os.Looper.loop(Looper.java:288)
06-18 17:14:51.158 505 524 W WindowManager: at android.os.HandlerThread.run(HandlerThread.java:67)
06-18 17:14:51.158 505 524 W WindowManager: at com.android.server.ServiceThread.run(ServiceThread.java:44)
06-18 17:14:51.158 505 524 W WindowManager: at com.android.server.UiThread.run(UiThread.java:45)
06-18 17:14:51.158 505 524 W WindowManager: Caused by: android.system.ErrnoException: open failed: ENOENT (No such file or directory)
06-18 17:14:51.158 505 524 W WindowManager: at libcore.io.Linux.open(Native Method)
06-18 17:14:51.158 505 524 W WindowManager: at libcore.io.ForwardingOs.open(ForwardingOs.java:567)
06-18 17:14:51.158 505 524 W WindowManager: at libcore.io.BlockGuardOs.open(BlockGuardOs.java:273)
06-18 17:14:51.158 505 524 W WindowManager: at libcore.io.IoBridge.open(IoBridge.java:561)
06-18 17:14:51.158 505 524 W WindowManager: ... 18 more
06-18 17:14:51.166 505 524 D com_softwinner_gpio: Gpio JNI_OnLoad()
06-18 17:14:51.166 505 524 D com_softwinner_gpio: init
06-18 17:14:51.167 181 181 E SELinux : avc: denied { find } for pid=505 uid=1000 name=softwinner.gpio scontext=u:r:system_server:s0 tcontext=u:object_r:default_android_service:s0 tclass=service_manager permissive=1
06-18 17:14:51.168 505 505 I SystemServerTiming: StartInputManager
06-18 17:14:51.169 505 568 I SystemServerTimingAsync: InitThreadPoolExec:StartHidlServices
06-18 17:14:51.169 505 568 D SystemServerInitThreadPool: Started executing StartHidlServices
06-18 17:14:51.169 505 505 I InputManager: Starting input manager
06-18 17:14:51.169 505 568 I SystemServerTimingAsync: StartHidlServices
06-18 17:14:51.170 505 568 I HidlServiceManagement: Registered android.frameworks.sensorservice@1.0::ISensorManager/default
06-18 17:14:51.171 182 182 I hwservicemanager: getTransport: Cannot find entry android.frameworks.schedulerservice@1.0::ISchedulingPolicyService/default in either framework or device VINTF manifest.
06-18 17:14:51.172 505 587 D EventHub: No input device configuration file found for device 'sunxi-ir-uinput'.
06-18 17:14:51.172 505 568 W system_server: android.frameworks.schedulerservice@1.0::ISchedulingPolicyService is deprecated. Skipping registration.
06-18 17:14:51.172 505 568 D SystemServerInitThreadPool: Finished executing StartHidlServices
06-18 17:14:51.173 505 505 I InputManager: Enabling motion classifier because just booted: feature enabled, long press timeout = 400
06-18 17:14:51.173 505 505 I InputClassifier: Enabling motion classifier
06-18 17:14:51.174 182 182 I hwservicemanager: getTransport: Cannot find entry android.hardware.input.classifier@1.0::IInputClassifier/default in either framework or device VINTF manifest.
06-18 17:14:51.174 505 505 I SystemServerTiming: DisplayManagerWindowManagerAndInputReady
06-18 17:14:51.175 505 588 I InputClassifier: Could not obtain InputClassifier HAL
06-18 17:14:51.175 505 526 I LogicalDisplayMapper: Requesting Transition to state: 0
06-18 17:14:51.175 505 505 I SystemServerTiming: StartBluetoothService
06-18 17:14:51.176 505 526 I LogicalDisplayMapper: Applying layout: [{addr: {port=0}, dispId: 0(ON)}], Previous layout: [{addr: {port=0}, dispId: 0(ON)}]
06-18 17:14:51.176 505 505 I SystemServiceManager: Starting com.android.server.BluetoothService
06-18 17:14:51.178 505 505 D BluetoothManagerService: Loading stored name and address
06-18 17:14:51.179 505 505 D BluetoothManagerService: Stored bluetooth Name=null,Address=null
06-18 17:14:51.179 505 505 D BluetoothManagerService: Bluetooth persisted state: 1
06-18 17:14:51.179 505 505 D BluetoothManagerService: Startup: Bluetooth persisted state is ON.
06-18 17:14:51.179 505 505 D BluetoothManagerService: Detected SystemUiUid: 10061
06-18 17:14:51.179 505 505 I SystemServerTiming: IpConnectivityMetrics
06-18 17:14:51.180 319 321 D XM_HIDREAD: add@ add@/devices/virtual/wakeup/wakeup23
06-18 17:14:51.180 505 505 I SystemServiceManager: Starting com.android.server.connectivity.IpConnectivityMetrics
06-18 17:14:51.181 505 505 I SystemServerTiming: NetworkWatchlistService
06-18 17:14:51.181 505 505 I SystemServiceManager: Starting com.android.server.net.watchlist.NetworkWatchlistService$Lifecycle
06-18 17:14:51.182 505 587 I EventHub: usingClockIoctl=true
06-18 17:14:51.182 505 587 I EventHub: New device: id=1, fd=164, path='/dev/input/event1', name='sunxi-ir-uinput', classes=KEYBOARD | ALPHAKEY | CURSOR | DPAD, configuration='', keyLayout='/system/usr/keylayout/sunxi-ir-uinput.kl', keyCharacterMap='/system/usr/keychars/Generic.kcm', builtinKeyboard=false,
06-18 17:14:51.183 505 587 D EventHub: No input device configuration file found for device 'sunxi-ir'.
06-18 17:14:51.187 315 315 D XiriService: check file name: /data/data/com.android.cts.priv.ctsshim/lib
06-18 17:14:51.188 315 315 D XiriService: check file name: /data/data/com.android.cts.priv.ctsshim/lib
06-18 17:14:51.184 315 315 I xiriservice_All: type=1400 audit(0.0:313): avc: denied { search } for name="com.android.cts.priv.ctsshim" dev="mmcblk0p25" ino=566 scontext=u:r:init:s0 tcontext=u:object_r:privapp_data_file:s0:c512,c768 tclass=dir permissive=1
06-18 17:14:51.188 315 315 D XiriService: check file name: /data/data/com.android.cts.priv.ctsshim/lib
06-18 17:14:51.188 505 505 I WatchlistSettings: Reload watchlist settings done
06-18 17:14:51.188 315 315 D XiriService: check file name: /data/data/com.android.cts.priv.ctsshim/lib
06-18 17:14:51.188 315 315 I xiriservice_All: type=1400 audit(0.0:314): avc: denied { read } for name="lib" dev="mmcblk0p25" ino=1708 scontext=u:r:init:s0 tcontext=u:object_r:privapp_data_file:s0:c512,c768 tclass=lnk_file permissive=1
06-18 17:14:51.189 505 589 I WatchlistLoggingHandler: No need to aggregate record yet.
06-18 17:14:51.189 505 589 I WatchlistLoggingHandler: Milliseconds spent on tryAggregateRecords(): 0
06-18 17:14:51.190 319 321 D XM_HIDREAD: add@ add@/devices/virtual/wakeup/wakeup24
06-18 17:14:51.191 505 505 I SystemServerTiming: PinnerService
06-18 17:14:51.191 505 505 I SystemServiceManager: Starting com.android.server.PinnerService
06-18 17:14:51.191 505 587 I EventHub: usingClockIoctl=true
06-18 17:14:51.192 505 587 I EventHub: New device: id=2, fd=165, path='/dev/input/event0', name='sunxi-ir', classes=KEYBOARD, configuration='', keyLayout='/system/usr/keylayout/sunxi-ir.kl', keyCharacterMap='/system/usr/keychars/Generic.kcm', builtinKeyboard=false,
06-18 17:14:51.193 505 505 V HistoricalRegistry: Interaction before persistence initialized
06-18 17:14:51.194 315 315 D XiriService: check file name: /data/data/com.android.cts.priv.ctsshim/lib
06-18 17:14:51.195 315 315 D XiriService: check file name: /data/data/com.android.cts.priv.ctsshim/lib
06-18 17:14:51.195 315 315 D XiriService: check file name: /data/data/com.android.cts.priv.ctsshim/lib
06-18 17:14:51.195 315 315 D XiriService: check file name: /data/data/com.android.dynsystem/lib
06-18 17:14:51.195 315 315 D XiriService: check file name: /data/data/com.android.dynsystem/lib
06-18 17:14:51.195 505 505 I SystemServerTiming: IorapForwardingService
06-18 17:14:51.195 505 505 I SystemServiceManager: Starting com.google.android.startop.iorap.IorapForwardingService
06-18 17:14:51.195 315 315 D XiriService: check file name: /data/data/com.android.dynsystem/lib
06-18 17:14:51.195 315 315 D XiriService: check file name: /data/data/com.android.dynsystem/lib
06-18 17:14:51.197 505 505 W IorapForwardingService: No service published for: iorapd
06-18 17:14:51.198 505 505 I SystemServerTiming: SignedConfigService
06-18 17:14:51.199 505 505 I SystemServerTiming: AppIntegrityService
06-18 17:14:51.199 505 505 I SystemServiceManager: Starting com.android.server.integrity.AppIntegrityManagerService
06-18 17:14:51.199 505 587 I InputReader: Device added: id=-1, eventHubId=-1, name='Virtual', descriptor='a718a782d34bc767f4689c232d64d527998ea7fd',sources=0x00000301
06-18 17:14:51.199 505 587 I InputReader: Device added: id=2, eventHubId=2, name='sunxi-ir', descriptor='485d69228e24f5e46da1598745890b214130dbc4',sources=0x00000101
06-18 17:14:51.200 505 587 W InputReader: Can't find the designated viewport with ID 0 to update cursor input mapper. Fall back to default display
06-18 17:14:51.200 505 587 E InputReader: Still can't find a viable viewport to update cursor input mapper. Skip setting it to PointerController.
06-18 17:14:51.200 505 587 I InputReader: Device added: id=3, eventHubId=1, name='sunxi-ir-uinput', descriptor='0a253e777d1b2169367be63d7c9054e7991953a6',sources=0x00002303
06-18 17:14:51.202 505 505 E IntegrityFileManager: Error creating staging and rules directory
06-18 17:14:51.202 315 315 D XiriService: check file name: /data/data/com.android.dynsystem/lib
06-18 17:14:51.202 315 315 D XiriService: check file name: /data/data/com.android.dynsystem/lib
06-18 17:14:51.203 315 315 D XiriService: check file name: /data/data/com.android.dynsystem/lib
06-18 17:14:51.203 315 315 D XiriService: check file name: /data/data/com.android.dynsystem/lib
06-18 17:14:51.203 315 315 D XiriService: check file name: /data/data/com.dangbei.lerad.rocky/lib
06-18 17:14:51.203 315 315 D XiriService: check file name: /data/data/com.dangbei.lerad.rocky/lib
06-18 17:14:51.204 315 315 D XiriService: check file name: /data/data/com.dangbei.lerad.rocky/lib
06-18 17:14:51.204 315 315 D XiriService: check file name: /data/data/com.dangbei.lerad.rocky/lib
06-18 17:14:51.205 505 505 I WindowManager: SAFE MODE not enabled
06-18 17:14:51.205 505 505 I SystemServerTiming: StartInputMethodManagerLifecycle
06-18 17:14:51.205 505 505 I SystemServiceManager: Starting com.android.server.inputmethod.InputMethodManagerService$Lifecycle
06-18 17:14:51.209 315 315 D XiriService: check file name: /data/data/com.dangbei.lerad.rocky/lib
06-18 17:14:51.209 315 315 D XiriService: check file name: /data/data/com.dangbei.lerad.rocky/lib
06-18 17:14:51.210 315 315 D XiriService: check file name: /data/data/com.dangbei.lerad.rocky/lib
06-18 17:14:51.210 315 315 D XiriService: check file name: /data/data/com.dangbei.lerad.rocky/lib
