06-18 17:22:34.418 378 413 D BufferPoolAccessor2.0: bufferpool2 0xed3d8dd8 : 0(0 size) total buffers - 0(0 size) used buffers - 141/145 (recycle/alloc) - 4/144 (fetch/transfer)
06-18 17:22:34.419 378 413 D BufferPoolAccessor2.0: Destruction - bufferpool2 0xed3d8dd8 cached: 0/0M, 0/0% in use; allocs: 145, 97% recycled; transfers: 144, 97% unfetched
06-18 17:22:34.419 378 413 D BufferPoolAccessor2.0: bufferpool2 0xed3d9418 : 0(0 size) total buffers - 0(0 size) used buffers - 16/19 (recycle/alloc) - 4/18 (fetch/transfer)
06-18 17:22:34.420 505 6555 D CCodecConfig: c2 config diff is c2::u32 coded.bitrate.value = 112000
06-18 17:22:34.420 505 6555 D CCodecConfig: c2::u32 raw.channel-count.value = 2
06-18 17:22:34.420 505 6555 D CCodecConfig: c2::u32 raw.sample-rate.value = 44100
06-18 17:22:34.420 378 413 D BufferPoolAccessor2.0: Destruction - bufferpool2 0xed3d9418 cached: 0/0M, 0/0% in use; allocs: 19, 84% recycled; transfers: 18, 78% unfetched
06-18 17:22:34.420 378 411 D BufferPoolAccessor2.0: bufferpool2 0xed3d92d8 : 0(0 size) total buffers - 0(0 size) used buffers - 19/21 (recycle/alloc) - 2/20 (fetch/transfer)
06-18 17:22:34.422 505 6555 W Codec2Client: query -- param skipped: index = 1107298332.
06-18 17:22:34.422 505 6555 D CCodec : setup formats input: AMessage(what = 0x00000000) = {
06-18 17:22:34.422 505 6555 D CCodec : int32_t bitrate = 112000
06-18 17:22:34.422 505 6555 D CCodec : int32_t channel-count = 2
06-18 17:22:34.422 505 6555 D CCodec : int32_t max-input-size = 32768
06-18 17:22:34.422 505 6555 D CCodec : string mime = "audio/vorbis"
06-18 17:22:34.422 505 6555 D CCodec : int32_t sample-rate = 44100
06-18 17:22:34.422 505 6555 D CCodec : }
06-18 17:22:34.422 505 6555 D CCodec : setup formats output: AMessage(what = 0x00000000) = {
06-18 17:22:34.422 505 6555 D CCodec : int32_t channel-count = 2
06-18 17:22:34.422 505 6555 D CCodec : string mime = "audio/raw"
06-18 17:22:34.422 505 6555 D CCodec : int32_t sample-rate = 44100
06-18 17:22:34.422 505 6555 D CCodec : int32_t channel-mask = 3
06-18 17:22:34.422 505 6555 D CCodec : }
06-18 17:22:34.422 378 378 D BufferPoolAccessor2.0: Destruction - bufferpool2 0xed3d92d8 cached: 0/0M, 0/0% in use; allocs: 21, 90% recycled; transfers: 20, 90% unfetched
06-18 17:22:34.422 505 6555 I CCodecConfig: query failed after returning 7 values (BAD_INDEX)
06-18 17:22:34.422 378 411 D BufferPoolAccessor2.0: bufferpool2 0xed3d9558 : 0(0 size) total buffers - 0(0 size) used buffers - 32/36 (recycle/alloc) - 5/35 (fetch/transfer)
06-18 17:22:34.423 378 413 D BufferPoolAccessor2.0: Destruction - bufferpool2 0xed3d9558 cached: 0/0M, 0/0% in use; allocs: 36, 89% recycled; transfers: 35, 86% unfetched
06-18 17:22:34.423 505 6556 D CCodecBufferChannel: [c2.android.vorbis.decoder#227] Created input block pool with allocatorID 16 => poolID 23 - OK (0)
06-18 17:22:34.423 505 6555 W Codec2Client: query -- param skipped: index = 1342179345.
06-18 17:22:34.423 378 413 D BufferPoolAccessor2.0: bufferpool2 0xed3d9e18 : 0(0 size) total buffers - 0(0 size) used buffers - 28/32 (recycle/alloc) - 4/31 (fetch/transfer)
06-18 17:22:34.423 505 6555 W Codec2Client: query -- param skipped: index = 2415921170.
06-18 17:22:34.423 378 413 D BufferPoolAccessor2.0: Destruction - bufferpool2 0xed3d9e18 cached: 0/0M, 0/0% in use; allocs: 32, 88% recycled; transfers: 31, 87% unfetched
06-18 17:22:34.424 505 6555 D CCodecBufferChannel: [c2.android.vorbis.decoder#339] Created input block pool with allocatorID 16 => poolID 24 - OK (0)
06-18 17:22:34.424 505 629 D BufferPoolAccessor2.0: bufferpool2 0xeda7bb98 : 0(0 size) total buffers - 0(0 size) used buffers - 2/7 (recycle/alloc) - 5/294 (fetch/transfer)
06-18 17:22:34.425 505 629 D BufferPoolAccessor2.0: Destruction - bufferpool2 0xeda7bb98 cached: 0/0M, 0/0% in use; allocs: 7, 29% recycled; transfers: 294, 98% unfetched
06-18 17:22:34.425 505 549 D BufferPoolAccessor2.0: bufferpool2 0xeda7ba58 : 0(0 size) total buffers - 0(0 size) used buffers - 2/7 (recycle/alloc) - 6/294 (fetch/transfer)
06-18 17:22:34.425 505 549 D BufferPoolAccessor2.0: Destruction - bufferpool2 0xeda7ba58 cached: 0/0M, 0/0% in use; allocs: 7, 29% recycled; transfers: 294, 98% unfetched
06-18 17:22:34.425 505 549 D BufferPoolAccessor2.0: bufferpool2 0xec1dfa18 : 0(0 size) total buffers - 0(0 size) used buffers - 1/7 (recycle/alloc) - 6/42 (fetch/transfer)
06-18 17:22:34.425 505 629 D BufferPoolAccessor2.0: bufferpool2 0xec1dff18 : 0(0 size) total buffers - 0(0 size) used buffers - 2/7 (recycle/alloc) - 5/46 (fetch/transfer)
06-18 17:22:34.425 505 549 D BufferPoolAccessor2.0: Destruction - bufferpool2 0xec1dfa18 cached: 0/0M, 0/0% in use; allocs: 7, 14% recycled; transfers: 42, 86% unfetched
06-18 17:22:34.425 505 629 D BufferPoolAccessor2.0: Destruction - bufferpool2 0xec1dff18 cached: 0/0M, 0/0% in use; allocs: 7, 29% recycled; transfers: 46, 89% unfetched
06-18 17:22:34.425 505 549 D BufferPoolAccessor2.0: bufferpool2 0xec1e0418 : 0(0 size) total buffers - 0(0 size) used buffers - 2/7 (recycle/alloc) - 8/76 (fetch/transfer)
06-18 17:22:34.425 505 549 D BufferPoolAccessor2.0: Destruction - bufferpool2 0xec1e0418 cached: 0/0M, 0/0% in use; allocs: 7, 29% recycled; transfers: 76, 89% unfetched
06-18 17:22:34.425 505 6556 I CCodecBufferChannel: [c2.android.vorbis.decoder#227] Created output block pool with allocatorID 16 => poolID 23 - OK
06-18 17:22:34.425 505 549 D BufferPoolAccessor2.0: bufferpool2 0xec1e07d8 : 0(0 size) total buffers - 0(0 size) used buffers - 2/7 (recycle/alloc) - 5/68 (fetch/transfer)
06-18 17:22:34.425 505 549 D BufferPoolAccessor2.0: Destruction - bufferpool2 0xec1e07d8 cached: 0/0M, 0/0% in use; allocs: 7, 29% recycled; transfers: 68, 93% unfetched
06-18 17:22:34.425 505 6556 D CCodecBufferChannel: [c2.android.vorbis.decoder#227] Configured output block pool ids 23 => OK
06-18 17:22:34.426 505 6555 I CCodecBufferChannel: [c2.android.vorbis.decoder#339] Created output block pool with allocatorID 16 => poolID 24 - OK
06-18 17:22:34.426 505 6555 D CCodecBufferChannel: [c2.android.vorbis.decoder#339] Configured output block pool ids 24 => OK
06-18 17:22:34.430 378 6557 D SimpleC2Component: Using output block pool with poolID 23 => got 23 - 0
06-18 17:22:34.432 378 6558 D SimpleC2Component: Using output block pool with poolID 24 => got 24 - 0
06-18 17:22:34.494 505 6555 D CCodecBufferChannel: [c2.android.vorbis.decoder#339] MediaCodec discarded an unknown buffer
06-18 17:22:34.494 505 6555 D CCodecBufferChannel: [c2.android.vorbis.decoder#339] MediaCodec discarded an unknown buffer
06-18 17:22:34.494 505 6555 D CCodecBufferChannel: [c2.android.vorbis.decoder#339] MediaCodec discarded an unknown buffer
06-18 17:22:34.495 505 6559 I hw-BpHwBinder: onLastStrongRef automatically unlinking death recipients
06-18 17:22:34.499 378 378 I hw-BpHwBinder: onLastStrongRef automatically unlinking death recipients
06-18 17:22:34.499 378 378 V C2Store : in ~ComponentModule
06-18 17:22:34.499 378 378 V C2Store : unloading dll
06-18 17:22:34.500 505 6556 I hw-BpHwBinder: onLastStrongRef automatically unlinking death recipients
06-18 17:22:34.506 899 920 D BluetoothGatt: onConnectionUpdated() - Device=E4:BB:D3:57:C0:18 interval=16 latency=49 timeout=600 status=0
06-18 17:22:34.514 505 6551 D MediaCodecList: codecHandlesFormat: no format, so no extra checks
06-18 17:22:34.516 505 6561 D CCodec : allocate(c2.android.vorbis.decoder)
06-18 17:22:34.516 378 413 V C2Store : in init
06-18 17:22:34.516 378 413 V C2Store : loading dll
06-18 17:22:34.522 505 6561 I CCodec : Created component [c2.android.vorbis.decoder]
06-18 17:22:34.522 505 6561 D CCodecConfig: read media type: audio/vorbis
06-18 17:22:34.525 505 6561 D ReflectedParamUpdater: extent() != 1 for single value type: algo.buffers.max-count.values
06-18 17:22:34.525 505 6561 D ReflectedParamUpdater: extent() != 1 for single value type: output.subscribed-indices.values
06-18 17:22:34.525 505 6561 D ReflectedParamUpdater: extent() != 1 for single value type: input.buffers.allocator-ids.values
06-18 17:22:34.525 505 6561 D ReflectedParamUpdater: extent() != 1 for single value type: output.buffers.allocator-ids.values
06-18 17:22:34.526 505 6561 D ReflectedParamUpdater: extent() != 1 for single value type: algo.buffers.allocator-ids.values
06-18 17:22:34.526 505 6561 D ReflectedParamUpdater: extent() != 1 for single value type: output.buffers.pool-ids.values
06-18 17:22:34.526 505 6561 D ReflectedParamUpdater: extent() != 1 for single value type: algo.buffers.pool-ids.values
06-18 17:22:34.529 319 6544 D XM_HIDREAD: poll ret=1, event=1
06-18 17:22:34.529 319 6544 D XM_HIDREAD: [9 bytes]:01 00 00 00 00 00 00 00 00
06-18 17:22:34.529 505 6561 I CCodecConfig: query failed after returning 7 values (BAD_INDEX)
06-18 17:22:34.529 505 6561 D CCodecConfig: c2 config diff is Dict {
06-18 17:22:34.529 505 6561 D CCodecConfig: c2::u32 coded.bitrate.value = 64000
06-18 17:22:34.529 505 6561 D CCodecConfig: c2::u32 input.buffers.max-size.value = 32768
06-18 17:22:34.529 505 6561 D CCodecConfig: c2::u32 input.delay.value = 0
06-18 17:22:34.529 505 6561 D CCodecConfig: string input.media-type.value = "audio/vorbis"
06-18 17:22:34.529 505 6561 D CCodecConfig: string output.media-type.value = "audio/raw"
06-18 17:22:34.529 505 6561 D CCodecConfig: c2::u32 raw.channel-count.value = 1
06-18 17:22:34.529 505 6561 D CCodecConfig: c2::u32 raw.sample-rate.value = 48000
06-18 17:22:34.529 505 6561 D CCodecConfig: }
06-18 17:22:34.529 505 587 D TvWindowManager: key event key = KEYCODE_DPAD_RIGHT down = false
06-18 17:22:34.532 2976 2976 I SogouIME: onKeyUp: keyoCode=22
06-18 17:22:34.532 2976 2976 I DefaultIMS: onKeyUp: keyoCode=22
06-18 17:22:34.533 505 6561 D CCodec : [c2.android.vorbis.decoder] buffers are bound to CCodec for this session
06-18 17:22:34.533 505 6561 D CCodecConfig: no c2 equivalents for durationUs
06-18 17:22:34.533 505 6561 D CCodecConfig: no c2 equivalents for track-id
06-18 17:22:34.533 505 6561 D CCodecConfig: no c2 equivalents for csd-1
06-18 17:22:34.533 505 6561 D CCodecConfig: no c2 equivalents for channel-mask
06-18 17:22:34.533 505 6561 D CCodecConfig: no c2 equivalents for flags
06-18 17:22:34.534 505 6561 D CCodecConfig: c2 config diff is c2::u32 coded.bitrate.value = 112000
06-18 17:22:34.534 505 6561 D CCodecConfig: c2::u32 raw.channel-count.value = 2
06-18 17:22:34.534 505 6561 D CCodecConfig: c2::u32 raw.sample-rate.value = 44100
06-18 17:22:34.537 505 6561 W Codec2Client: query -- param skipped: index = 1107298332.
06-18 17:22:34.537 505 6561 D CCodec : setup formats input: AMessage(what = 0x00000000) = {
06-18 17:22:34.537 505 6561 D CCodec : int32_t bitrate = 112000
06-18 17:22:34.537 505 6561 D CCodec : int32_t channel-count = 2
06-18 17:22:34.537 505 6561 D CCodec : int32_t max-input-size = 32768
06-18 17:22:34.537 505 6561 D CCodec : string mime = "audio/vorbis"
06-18 17:22:34.537 505 6561 D CCodec : int32_t sample-rate = 44100
06-18 17:22:34.537 505 6561 D CCodec : }
06-18 17:22:34.537 505 6561 D CCodec : setup formats output: AMessage(what = 0x00000000) = {
06-18 17:22:34.537 505 6561 D CCodec : int32_t channel-count = 2
06-18 17:22:34.537 505 6561 D CCodec : string mime = "audio/raw"
06-18 17:22:34.537 505 6561 D CCodec : int32_t sample-rate = 44100
06-18 17:22:34.537 505 6561 D CCodec : int32_t channel-mask = 3
06-18 17:22:34.537 505 6561 D CCodec : }
06-18 17:22:34.537 505 6561 I CCodecConfig: query failed after returning 7 values (BAD_INDEX)
06-18 17:22:34.538 505 6561 W Codec2Client: query -- param skipped: index = 1342179345.
06-18 17:22:34.538 505 6561 W Codec2Client: query -- param skipped: index = 2415921170.
06-18 17:22:34.539 505 6561 D CCodecBufferChannel: [c2.android.vorbis.decoder#195] Created input block pool with allocatorID 16 => poolID 25 - OK (0)
06-18 17:22:34.540 505 6561 I CCodecBufferChannel: [c2.android.vorbis.decoder#195] Created output block pool with allocatorID 16 => poolID 25 - OK
06-18 17:22:34.540 505 6561 D CCodecBufferChannel: [c2.android.vorbis.decoder#195] Configured output block pool ids 25 => OK
06-18 17:22:34.543 378 6562 D SimpleC2Component: Using output block pool with poolID 25 => got 25 - 0
06-18 17:22:34.598 505 6561 D CCodecBufferChannel: [c2.android.vorbis.decoder#195] MediaCodec discarded an unknown buffer
06-18 17:22:34.598 505 6561 D CCodecBufferChannel: [c2.android.vorbis.decoder#195] MediaCodec discarded an unknown buffer
06-18 17:22:34.598 505 6561 D CCodecBufferChannel: [c2.android.vorbis.decoder#195] MediaCodec discarded an unknown buffer
06-18 17:22:34.599 505 6561 I hw-BpHwBinder: onLastStrongRef automatically unlinking death recipients
06-18 17:22:34.599 378 413 I hw-BpHwBinder: onLastStrongRef automatically unlinking death recipients
06-18 17:22:34.600 378 413 V C2Store : in ~ComponentModule
06-18 17:22:34.600 378 413 V C2Store : unloading dll
06-18 17:22:34.807 361 788 I awplayer: : isPlaying
06-18 17:22:34.807 361 788 D awplayer: : reset
06-18 17:22:34.808 361 788 W awplayer: : reset...
06-18 17:22:34.808 361 6526 D awplayer: : ****** PlayerStop
06-18 17:22:34.808 361 6526 D awplayer: : audio render receive cmd: stop
06-18 17:22:34.808 361 6528 I awplayer: : audio render process stop message.
06-18 17:22:34.808 361 6528 D awplayer: : stop sound devide.
06-18 17:22:34.808 361 6528 D awplayer: <__SdStop:561>: : stop
06-18 17:22:34.809 361 6526 D awplayer: : audio decoder receive cmd: stop
06-18 17:22:34.810 361 6527 D awplayer: : destroy libadecoder...
06-18 17:22:34.810 361 6527 D Allwinner Audio Libs: ver : 2017-8-4-18-00 exit successs...
06-18 17:22:34.810 361 6527 D AllwinnerAlibs: ver : 2017-8-4-18-00 ----dlclose so success!
06-18 17:22:34.810 361 6526 D awplayer: : ****** PlayerStop end
06-18 17:22:34.810 361 6526 D awplayer: : audio render receive cmd: quit
06-18 17:22:34.810 361 6528 D awplayer: : audio render process quit message.
06-18 17:22:34.810 361 6528 D awplayer: : stop sound devide.
06-18 17:22:34.810 361 6528 D awplayer: <__SdStop:561>: : stop
06-18 17:22:34.810 361 6528 W awplayer: : Sound device already stopped.
06-18 17:22:34.811 361 6526 D awplayer: : audio decoder receive cmd: quit
06-18 17:22:34.811 361 6526 D awplayer: : libadecoder.so close success......
06-18 17:22:34.812 361 788 D awplayer: : reset
06-18 17:22:34.812 361 788 W awplayer: : reset...
06-18 17:22:34.813 361 6526 D awplayer: : ****** PlayerStop
06-18 17:22:34.813 361 6526 E awplayer: : invalid stop operation, player already in stopped status.
06-18 17:22:34.813 361 788 W awplayer: : XPlayerDestroy
06-18 17:22:34.813 361 788 W awplayer: : reset...
06-18 17:22:34.813 361 6526 D awplayer: : ****** PlayerStop
06-18 17:22:34.813 361 6526 E awplayer: : invalid stop operation, player already in stopped status.
06-18 17:22:34.813 361 788 D awplayer: <__SdDestroy:110>: : destroy
06-18 17:22:34.813 361 788 D awplayer: <~AwPlayer:344>: ~AwPlayer
06-18 17:22:34.814 899 899 V MediaPlayer: resetDrmState: mDrmInfo=null mDrmProvisioningThread=null mPrepareDrmInProgress=false mActiveDrmScheme=false
06-18 17:22:34.814 899 899 V MediaPlayer: cleanDrmObj: mDrmObj=null mDrmSessionId=null
06-18 17:22:34.870 505 3058 I WifiService: startScan uid=10026
06-18 17:22:34.871 505 602 I WifiScanRequestProxy: Scan request from com.dangbei.hqguide throttled
06-18 17:22:34.872 505 3058 E WifiService: Failed to start scan
06-18 17:22:34.877 899 899 V MediaPlayer: resetDrmState: mDrmInfo=null mDrmProvisioningThread=null mPrepareDrmInProgress=false mActiveDrmScheme=false
06-18 17:22:34.877 899 899 V MediaPlayer: cleanDrmObj: mDrmObj=null mDrmSessionId=null
06-18 17:22:34.886 1104 1418 W MediaProvider: Failed to fetch original file descriptor
06-18 17:22:34.886 1104 1418 W MediaProvider: java.io.FileNotFoundException: Input file descriptor is already original
06-18 17:22:34.886 1104 1418 W MediaProvider: at com.android.providers.media.MediaProvider.getOriginalMediaFormatFileDescriptor(MediaProvider.java:5774)
06-18 17:22:34.886 1104 1418 W MediaProvider: at com.android.providers.media.MediaProvider.openTypedAssetFileCommon(MediaProvider.java:7190)
06-18 17:22:34.886 1104 1418 W MediaProvider: at com.android.providers.media.MediaProvider.openTypedAssetFile(MediaProvider.java:7171)
06-18 17:22:34.886 1104 1418 W MediaProvider: at android.content.ContentProvider$Transport.openTypedAssetFile(ContentProvider.java:548)
06-18 17:22:34.886 1104 1418 W MediaProvider: at android.content.ContentProviderNative.onTransact(ContentProviderNative.java:327)
06-18 17:22:34.886 1104 1418 W MediaProvider: at android.os.Binder.execTransactInternal(Binder.java:1179)
06-18 17:22:34.886 1104 1418 W MediaProvider: at android.os.Binder.execTransact(Binder.java:1143)
06-18 17:22:34.888 361 788 D MediaPlayerFactory: Initialize getpersist = 0 value=
06-18 17:22:34.888 361 788 D awplayer: : AwPlayer construct.
06-18 17:22:34.888 361 788 D awplayer: : XPlayerCreate.
06-18 17:22:34.888 361 788 D awplayer: :
06-18 17:22:34.888 361 788 D awplayer: >>>>>>>>>>>>>>>>>>>>>>>>>>>>>>> CedarX <<<<<<<<<<<<<<<<<<<<<<<<<<<<<<<
06-18 17:22:34.888 361 788 D awplayer: tag : CedarX-2.8.0
06-18 17:22:34.888 361 788 D awplayer: branch: master
06-18 17:22:34.888 361 788 D awplayer: commit: 967535b8ff6a073cb4f38e85a4ae5fa6008014d8
06-18 17:22:34.888 361 788 D awplayer: date : Mon, 15 May 2017 01:30:22 +0000 (09:30 +0800)
06-18 17:22:34.888 361 788 D awplayer: author:
06-18 17:22:34.888 361 788 D awplayer: ----------------------------------------------------------------------
06-18 17:22:34.888 361 6570 D awplayer: : ==== process message XPLAYER_COMMAND_SET_SUBCTRL.
06-18 17:22:34.888 361 788 D awplayer: : set deinterlace
06-18 17:22:34.888 361 6570 D awplayer: : ==== process message XPLAYER_COMMAND_SET_SUBCTRL.
06-18 17:22:34.891 361 788 D awplayer: : : init
06-18 17:22:34.891 361 6570 I awplayer: : process message XPLAYER_COMMAND_SET_SOURCE.
06-18 17:22:34.891 361 788 D awplayer: : prepare
06-18 17:22:34.891 361 6570 D awplayer: : process message XPLAYER_COMMAND_PREPARE. mPriData->mStatus: 1
06-18 17:22:34.891 361 6569 D demuxComponent: : process message DEMUX_COMMAND_PREPARE.
06-18 17:22:34.891 361 6569 D awplayer: : source uri 'fd://7?offset=6805084&length=15627'
06-18 17:22:34.891 361 6569 D awplayer: <__FileStreamConnect:463>: (8/6805084/15627) path:'file:///system/priv-app/dangbei-boot-guide/dangbei-boot-guide.apk'
06-18 17:22:34.897 361 6569 E awplayer: <__FlacParserProbe:1096>: Flac probe failed.
06-18 17:22:34.897 361 6569 D awplayer: : Wav parser : skipped ID3 tag, new starting offset is 291 (0x0000000000000123)
06-18 17:22:34.897 361 6569 D awplayer: : Wav parser : this is ID3 first : 291
06-18 17:22:34.897 361 6569 D awplayer: <__WvParserProbe:575>: __WvParserProbe: I
06-18 17:22:34.897 361 6569 D awplayer: <__WvParserProbe:575>: __WvParserProbe: D
06-18 17:22:34.897 361 6569 D awplayer: <__WvParserProbe:575>: __WvParserProbe: 3
06-18 17:22:34.897 361 6569 D awplayer: <__WvParserProbe:575>: __WvParserProbe: 
06-18 17:22:34.897 361 6569 E awplayer: <__CafParserProbe:567>: Caf probe failed.
06-18 17:22:34.897 361 6569 E awplayer: <__G729ParserProbe:290>: g729 SYNC_WORD probe failed.
06-18 17:22:34.897 361 6569 W awplayer: : audio probe fail!!!
06-18 17:22:34.897 361 6569 I awplayer: <__AiffParserProbe:805>: wav probe failed.
06-18 17:22:34.897 361 6569 D awplayer: : Good, it's 'id3v2'
06-18 17:22:34.898 361 6569 E awplayer: <__FlacParserProbe:1096>: Flac probe failed.
06-18 17:22:34.898 361 6569 D awplayer: : Good, it's 'mp3'
06-18 17:22:34.898 361 6569 W awplayer: : not implement...(18)
06-18 17:22:34.898 361 6569 D awplayer: : *********PrintMediaInfo begin*********
06-18 17:22:34.898 361 6569 D awplayer: : fileSize = 15627, bSeekable = 1, duration = 2520, audioNum = 1, videoNum = 0, subtitleNum = 0
06-18 17:22:34.898 361 6569 D awplayer: : ***Audio[0]*** eCodecFormat = 0x3, eSubCodecFormat = 0x0, nChannelNum = 1, nBitsPerSample = 0, nSampleRate = 16000
06-18 17:22:34.898 361 6569 D awplayer: : *********PrintMediaInfo end*********
06-18 17:22:34.898 361 6569 D demuxComponent: : *********PrintMediaInfo begin*********
06-18 17:22:34.898 361 6569 D demuxComponent: : fileSize = 15627, bSeekable = 1, duration = 2520, audioNum = 1, videoNum = 0, subtitleNum = 0
06-18 17:22:34.898 361 6569 D demuxComponent: : ***Audio[0]*** eCodecFormat = 0x3, eSubCodecFormat = 0x0, nChannelNum = 1, nBitsPerSample = 0, nSampleRate = 16000
06-18 17:22:34.898 361 6569 D demuxComponent: : *********PrintMediaInfo end*********
06-18 17:22:34.900 361 6569 D awplayer: : audio render component setting AudioSink
06-18 17:22:34.901 361 788 D awplayer: : prepareAsync
06-18 17:22:34.901 361 788 D awplayer: : prepareAsync
06-18 17:22:34.901 361 6570 D awplayer: : process message XPLAYER_COMMAND_PREPARE. mPriData->mStatus: 4
06-18 17:22:34.984 899 899 W System.err: java.lang.NullPointerException: Attempt to invoke virtual method 'boolean android.graphics.Bitmap.isRecycled()' on a null object reference
06-18 17:22:34.986 899 899 W System.err: at android.graphics.BaseCanvas.throwIfCannotDraw(BaseCanvas.java:73)
06-18 17:22:34.987 899 899 W System.err: at android.graphics.RecordingCanvas.throwIfCannotDraw(RecordingCanvas.java:263)
06-18 17:22:34.987 899 899 W System.err: at android.graphics.BaseRecordingCanvas.drawBitmap(BaseRecordingCanvas.java:75)
06-18 17:22:34.987 899 899 W System.err: at com.dangbei.hqguide.main.view.LoginQrView.onDraw(LoginQrView.java:94)
06-18 17:22:34.987 899 899 W System.err: at android.view.View.draw(View.java:22644)
06-18 17:22:34.987 899 899 W System.err: at android.view.View.updateDisplayListIfDirty(View.java:21519)
06-18 17:22:34.987 899 899 W System.err: at android.view.View.draw(View.java:22375)
06-18 17:22:34.988 899 899 W System.err: at android.view.ViewGroup.drawChild(ViewGroup.java:4528)
06-18 17:22:34.988 899 899 W System.err: at android.view.ViewGroup.dispatchDraw(ViewGroup.java:4289)
06-18 17:22:34.988 899 899 W System.err: at android.view.View.draw(View.java:22647)
06-18 17:22:34.988 899 899 W System.err: at android.view.View.updateDisplayListIfDirty(View.java:21519)
06-18 17:22:34.988 899 899 W System.err: at android.view.View.draw(View.java:22375)
06-18 17:22:34.988 899 899 W System.err: at android.view.ViewGroup.drawChild(ViewGroup.java:4528)
06-18 17:22:34.989 899 899 W System.err: at android.view.ViewGroup.dispatchDraw(ViewGroup.java:4289)
06-18 17:22:34.989 899 899 W System.err: at android.view.View.draw(View.java:22647)
06-18 17:22:34.989 899 899 W System.err: at androidx.viewpager.widget.ViewPager.draw(ViewPager.java:2426)
06-18 17:22:34.989 899 899 W System.err: at android.view.View.updateDisplayListIfDirty(View.java:21519)
06-18 17:22:34.989 899 899 W System.err: at android.view.View.draw(View.java:22375)
06-18 17:22:34.989 899 899 W System.err: at android.view.ViewGroup.drawChild(ViewGroup.java:4528)
06-18 17:22:34.990 899 899 W System.err: at android.view.ViewGroup.dispatchDraw(ViewGroup.java:4289)
06-18 17:22:34.990 899 899 W System.err: at androidx.constraintlayout.widget.ConstraintLayout.dispatchDraw(ConstraintLayout.java:1882)
06-18 17:22:34.990 899 899 W System.err: at android.view.View.draw(View.java:22647)
06-18 17:22:34.990 899 899 W System.err: at android.view.View.updateDisplayListIfDirty(View.java:21519)
06-18 17:22:34.990 899 899 W System.err: at android.view.View.draw(View.java:22375)
06-18 17:22:34.990 899 899 W System.err: at android.view.ViewGroup.drawChild(ViewGroup.java:4528)
06-18 17:22:34.991 899 899 W System.err: at android.view.ViewGroup.dispatchDraw(ViewGroup.java:4289)
06-18 17:22:34.991 899 899 W System.err: at android.view.View.draw(View.java:22647)
06-18 17:22:34.991 899 899 W System.err: at android.view.View.updateDisplayListIfDirty(View.java:21519)
06-18 17:22:34.991 899 899 W System.err: at android.view.View.draw(View.java:22375)
06-18 17:22:34.991 899 899 W System.err: at android.view.ViewGroup.drawChild(ViewGroup.java:4528)
06-18 17:22:34.991 899 899 W System.err: at android.view.ViewGroup.dispatchDraw(ViewGroup.java:4289)
06-18 17:22:34.992 899 899 W System.err: at android.view.View.draw(View.java:22647)
06-18 17:22:34.992 899 899 W System.err: at androidx.appcompat.widget.ActionBarOverlayLayout.draw(ActionBarOverlayLayout.java:543)
06-18 17:22:34.992 899 899 W System.err: at android.view.View.updateDisplayListIfDirty(View.java:21519)
06-18 17:22:34.992 899 899 W System.err: at android.view.View.draw(View.java:22375)
06-18 17:22:34.992 899 899 W System.err: at android.view.ViewGroup.drawChild(ViewGroup.java:4528)
06-18 17:22:34.992 899 899 W System.err: at android.view.ViewGroup.dispatchDraw(ViewGroup.java:4289)
06-18 17:22:34.993 899 899 W System.err: at android.view.View.draw(View.java:22647)
06-18 17:22:34.993 899 899 W System.err: at android.view.View.updateDisplayListIfDirty(View.java:21519)
06-18 17:22:34.993 899 899 W System.err: at android.view.View.draw(View.java:22375)
06-18 17:22:34.993 899 899 W System.err: at android.view.ViewGroup.drawChild(ViewGroup.java:4528)
06-18 17:22:34.993 899 899 W System.err: at android.view.ViewGroup.dispatchDraw(ViewGroup.java:4289)
06-18 17:22:34.993 899 899 W System.err: at android.view.View.draw(View.java:22647)
06-18 17:22:34.994 899 899 W System.err: at android.view.View.updateDisplayListIfDirty(View.java:21519)
06-18 17:22:34.994 899 899 W System.err: at android.view.View.draw(View.java:22375)
06-18 17:22:34.994 899 899 W System.err: at android.view.ViewGroup.drawChild(ViewGroup.java:4528)
06-18 17:22:34.994 899 899 W System.err: at android.view.ViewGroup.dispatchDraw(ViewGroup.java:4289)
06-18 17:22:34.994 899 899 W System.err: at android.view.View.draw(View.java:22647)
06-18 17:22:34.994 899 899 W System.err: at com.android.internal.policy.DecorView.draw(DecorView.java:820)
06-18 17:22:34.995 899 899 W System.err: at android.view.View.updateDisplayListIfDirty(View.java:21519)
06-18 17:22:34.995 899 899 W System.err: at android.view.ThreadedRenderer.updateViewTreeDisplayList(ThreadedRenderer.java:534)
06-18 17:22:34.995 899 899 W System.err: at android.view.ThreadedRenderer.updateRootDisplayList(ThreadedRenderer.java:540)
06-18 17:22:34.995 899 899 W System.err: at android.view.ThreadedRenderer.draw(ThreadedRenderer.java:616)
06-18 17:22:34.995 899 899 W System.err: at android.view.ViewRootImpl.draw(ViewRootImpl.java:4449)
06-18 17:22:34.995 899 899 W System.err: at android.view.ViewRootImpl.performDraw(ViewRootImpl.java:4177)
06-18 17:22:34.996 899 899 W System.err: at android.view.ViewRootImpl.performTraversals(ViewRootImpl.java:3337)
06-18 17:22:34.996 899 899 W System.err: at android.view.ViewRootImpl.doTraversal(ViewRootImpl.java:2157)
06-18 17:22:34.996 899 899 W System.err: at android.view.ViewRootImpl$TraversalRunnable.run(ViewRootImpl.java:8680)
06-18 17:22:34.996 899 899 W System.err: at android.view.Choreographer$CallbackRecord.run(Choreographer.java:1037)
06-18 17:22:34.996 899 899 W System.err: at android.view.Choreographer.doCallbacks(Choreographer.java:845)
06-18 17:22:34.996 899 899 W System.err: at android.view.Choreographer.doFrame(Choreographer.java:780)
06-18 17:22:34.997 899 899 W System.err: at android.view.Choreographer$FrameDisplayEventReceiver.run(Choreographer.java:1022)
06-18 17:22:34.997 899 899 W System.err: at android.os.Handler.handleCallback(Handler.java:938)
06-18 17:22:34.997 899 899 W System.err: at android.os.Handler.dispatchMessage(Handler.java:99)
06-18 17:22:34.997 899 899 W System.err: at android.os.Looper.loopOnce(Looper.java:201)
06-18 17:22:34.997 899 899 W System.err: at android.os.Looper.loop(Looper.java:288)
06-18 17:22:34.997 899 899 W System.err: at android.app.ActivityThread.main(ActivityThread.java:7854)
06-18 17:22:34.998 899 899 W System.err: at java.lang.reflect.Method.invoke(Native Method)
06-18 17:22:34.998 899 899 W System.err: at com.android.internal.os.RuntimeInit$MethodAndArgsCaller.run(RuntimeInit.java:548)
06-18 17:22:34.998 899 899 W System.err: at com.android.internal.os.ZygoteInit.main(ZygoteInit.java:1182)
06-18 17:22:35.004 361 788 D awplayer: : setLooping
06-18 17:22:35.004 361 788 D awplayer: : setLooping
06-18 17:22:35.004 361 788 D awplayer: : start
06-18 17:22:35.005 361 788 W awplayer: : input invalid args.
06-18 17:22:35.005 361 788 D awplayer: : start
06-18 17:22:35.006 361 6570 D awplayer: : process message XPLAYER_COMMAND_START.
06-18 17:22:35.006 361 6570 D awplayer: : player start
06-18 17:22:35.006 361 6570 D awplayer: : audio decoder receive cmd: start
06-18 17:22:35.007 361 6571 D Allwinner Audio Middle Layer: ver : 2017-8-4-18-00 Create Decoder!!=====
06-18 17:22:35.007 361 6571 D awplayer: : Create libadecoder success...
06-18 17:22:35.007 361 6571 D Allwinner Audio Middle Layer: ver : 2017-8-4-18-00 AudioDec_Installaudiolib ok
06-18 17:22:35.007 361 6571 D Allwinner Audio Middle Layer: ver : 2017-8-4-18-00 audio decoder init start ...
06-18 17:22:35.007 361 6571 D AllwinnerAlibs: ver : 2017-8-4-18-00
06-18 17:22:35.007 361 6571 D AllwinnerAlibs: >>>>>>>>>>>>>>>>>>>>>>>>>>>>>>> Audio <<<<<<<<<<<<<<<<<<<<<<<<<<<<<<<
06-18 17:22:35.007 361 6571 D AllwinnerAlibs: tag : audiocodec-v1.2
06-18 17:22:35.007 361 6571 D AllwinnerAlibs: branch: new
06-18 17:22:35.007 361 6571 D AllwinnerAlibs: commit: 3ba65962c01cbf1280ddda19d843009b6ef8ce85
06-18 17:22:35.007 361 6571 D AllwinnerAlibs: date : Tue Jan 8 16:25:27 2019 +0800
06-18 17:22:35.007 361 6571 D AllwinnerAlibs: ----------------------------------------------------------------------
06-18 17:22:35.009 361 6571 D AllwinnerAlibs: ver : 2017-8-4-18-00 ----Loading so success!
06-18 17:22:35.009 361 6571 D AllwinnerAlibs: ver : 2017-8-4-18-00 *************pAudioStreamInfo start******************
06-18 17:22:35.009 361 6571 D AllwinnerAlibs: ver : 2017-8-4-18-00 eCodecFormat :id(3), name(mpeg layer-III)
06-18 17:22:35.009 361 6571 D AllwinnerAlibs: ver : 2017-8-4-18-00 eSubCodecFormat :0
06-18 17:22:35.009 361 6571 D AllwinnerAlibs: ver : 2017-8-4-18-00 nChannelNum :1
06-18 17:22:35.009 361 6571 D AllwinnerAlibs: ver : 2017-8-4-18-00 nBitsPerSample :16
06-18 17:22:35.009 361 6571 D AllwinnerAlibs: ver : 2017-8-4-18-00 nSampleRate :16000
06-18 17:22:35.009 361 6571 D AllwinnerAlibs: ver : 2017-8-4-18-00 nAvgBitrate :48000
06-18 17:22:35.009 361 6571 D AllwinnerAlibs: ver : 2017-8-4-18-00 nMaxBitRate :48000
06-18 17:22:35.009 361 6571 D AllwinnerAlibs: ver : 2017-8-4-18-00 nFileSize :0
06-18 17:22:35.009 361 6571 D AllwinnerAlibs: ver : 2017-8-4-18-00 eAudioBitstreamSource:0
06-18 17:22:35.009 361 6571 D AllwinnerAlibs: ver : 2017-8-4-18-00 eDataEncodeType :0
06-18 17:22:35.009 361 6571 D AllwinnerAlibs: ver : 2017-8-4-18-00 nCodecSpecificDataLen:0
06-18 17:22:35.009 361 6571 D AllwinnerAlibs: ver : 2017-8-4-18-00 pCodecSpecificData :0x0
06-18 17:22:35.009 361 6571 D AllwinnerAlibs: ver : 2017-8-4-18-00 nFlags :0
06-18 17:22:35.009 361 6571 D AllwinnerAlibs: ver : 2017-8-4-18-00 nBlockAlign :0
06-18 17:22:35.009 361 6571 D AllwinnerAlibs: ver : 2017-8-4-18-00 *************pAudioStreamInfo end ******************
06-18 17:22:35.010 361 6571 D Allwinner Audio Libs: ver : 2017-8-4-18-00 init successs...
06-18 17:22:35.010 361 6571 D Allwinner Audio Middle Layer: ver : 2017-8-4-18-00 AUDIO DECODE INIT OK...0
06-18 17:22:35.010 361 6570 D awplayer: : audio render receive cmd: start
06-18 17:22:35.010 361 6572 I awplayer: : audio render process start message.
06-18 17:22:35.011 361 6572 D awplayer: : init sound device.
06-18 17:22:35.011 361 6572 D awplayer: : set sound devide param, sample rate = 16000, channel num = 1.
06-18 17:22:35.011 361 6572 W awplayer: : message 0x40a not handled.
06-18 17:22:35.011 361 6569 D demuxComponent: : process message DEMUX_COMMAND_START.
06-18 17:22:35.012 361 6569 W awplayer: : eos...
06-18 17:22:35.012 361 6569 D awplayer: : audio decoder receive cmd: eos
06-18 17:22:35.015 2976 2976 I DefaultIMS: onStartInput attribute=android.view.inputmethod.EditorInfo@acdbb76 restarting=false inputType: 0
06-18 17:22:35.017 361 6571 D awplayer: : audio render receive cmd: eos
06-18 17:22:35.018 361 6572 I awplayer: : audio render process set_eos message.
06-18 17:22:35.018 361 6572 D awplayer: : start sound device.
06-18 17:22:35.018 361 6572 D awplayer: <__SdStart:279>: : start
06-18 17:22:35.027 270 270 D AudioFlinger: Client defaulted notificationFrames to 870 for frameCount 1740
06-18 17:22:35.031 270 270 D AF::TrackHandle: OpPlayAudio: track:58 usage:1 not muted
06-18 17:22:35.035 361 6572 D awplayer: : audio device start end
06-18 17:22:35.035 361 6572 D awplayer: : first audio pts = 0
06-18 17:22:35.174 505 525 W IorapForwardingService: No service published for: iorapd
06-18 17:22:35.825 265 280 D hdmi-cec: receive invalid cec message!
06-18 17:22:35.825 265 280 D hdmi-cec: receive poll message [04], skip!
01-01 08:08:00.949 344 344 E : Send upper Vendor Specific event.
06-18 17:22:36.176 505 525 W IorapForwardingService: No service published for: iorapd
06-18 17:22:36.624 1859 2009 I efs.send_log: log cann't be send because net status is disconnected
06-18 17:22:36.729 319 6544 D XM_HIDREAD: poll ret=1, event=1
06-18 17:22:36.729 319 6544 D XM_HIDREAD: [9 bytes]:01 00 00 51 00 00 00 00 00
06-18 17:22:36.729 505 587 D TvWindowManager: key event key = KEYCODE_DPAD_DOWN down = true
06-18 17:22:36.730 505 586 D GpioService: mFlickerEnable = true
06-18 17:22:36.880 505 586 D GpioService: mFlickerEnable = true
06-18 17:22:36.882 2976 2976 I SogouIME: onKeyDown: keyoCode=20
06-18 17:22:36.882 2976 2976 I DefaultIMS: onKeyDown: keyoCode=20
06-18 17:22:36.898 2976 2976 I DefaultIMS: onStartInput attribute=android.view.inputmethod.EditorInfo@6d21902 restarting=false inputType: 0
06-18 17:22:36.929 319 6544 D XM_HIDREAD: poll ret=1, event=1
06-18 17:22:36.929 319 6544 D XM_HIDREAD: [9 bytes]:01 00 00 00 00 00 00 00 00
06-18 17:22:36.929 505 587 D TvWindowManager: key event key = KEYCODE_DPAD_DOWN down = false
06-18 17:22:36.931 2976 2976 I SogouIME: onKeyUp: keyoCode=20
06-18 17:22:36.932 2976 2976 I DefaultIMS: onKeyUp: keyoCode=20
06-18 17:22:37.049 319 6544 D XM_HIDREAD: poll ret=1, event=1
06-18 17:22:37.049 319 6544 D XM_HIDREAD: [9 bytes]:01 00 00 51 00 00 00 00 00
06-18 17:22:37.049 505 587 D TvWindowManager: key event key = KEYCODE_DPAD_DOWN down = true
06-18 17:22:37.050 505 586 D GpioService: mFlickerEnable = true
06-18 17:22:37.177 505 525 W IorapForwardingService: No service published for: iorapd
06-18 17:22:37.198 505 586 D GpioService: mFlickerEnable = true
06-18 17:22:37.200 2976 2976 I SogouIME: onKeyDown: keyoCode=20
06-18 17:22:37.200 2976 2976 I DefaultIMS: onKeyDown: keyoCode=20
06-18 17:22:37.209 319 6544 D XM_HIDREAD: poll ret=1, event=1
06-18 17:22:37.209 319 6544 D XM_HIDREAD: [9 bytes]:01 00 00 00 00 00 00 00 00
06-18 17:22:37.209 505 587 D TvWindowManager: key event key = KEYCODE_DPAD_DOWN down = false
06-18 17:22:37.215 2976 2976 I SogouIME: onKeyUp: keyoCode=20
06-18 17:22:37.215 2976 2976 I DefaultIMS: onKeyUp: keyoCode=20
06-18 17:22:37.217 2976 2976 I DefaultIMS: onStartInput attribute=android.view.inputmethod.EditorInfo@49f7213 restarting=false inputType: 0
06-18 17:22:37.275 1125 6524 E dangbei111: cccccc 检查遥控器是否连接: Dangbei E4:BB:D3:57:C0:18
06-18 17:22:37.277 1125 6524 E dangbei111: cccccc 检查遥控器是否连接: 蓝牙的结果 Dangbei E4:BB:D3:57:C0:18 true
06-18 17:22:37.280 1125 6524 E dangbei111: cccccc 确实有遥控器 存在 取消check任务
06-18 17:22:37.280 1125 6524 E dangbei111: cccccc 确实有遥控器 存在 重置beeGatt
06-18 17:22:37.280 1125 6524 E dangbei111: cccccc rc is connected, stop scan =E4:BB:D3:57:C0:18
06-18 17:22:37.447 361 6572 D awplayer: : we have 103 ms
06-18 17:22:37.447 361 6572 D awplayer: <__SdControl:260>: __SdControll : unknown command (101)...
06-18 17:22:37.452 361 6572 D awplayer: : we still have 103 ms and pass 5 ms
06-18 17:22:37.458 361 6572 D awplayer: : we still have 103 ms and pass 10 ms
06-18 17:22:37.463 361 6572 D awplayer: : we still have 81 ms and pass 15 ms
06-18 17:22:37.468 361 6572 D awplayer: : we still have 81 ms and pass 20 ms
06-18 17:22:37.473 361 6572 D awplayer: : we still have 81 ms and pass 25 ms
06-18 17:22:37.478 361 6572 D awplayer: : we still have 81 ms and pass 31 ms
06-18 17:22:37.483 361 6572 D awplayer: : we still have 60 ms and pass 36 ms
06-18 17:22:37.489 361 6572 D awplayer: : we still have 60 ms and pass 41 ms
06-18 17:22:37.494 361 6572 D awplayer: : we still have 60 ms and pass 46 ms
06-18 17:22:37.499 361 6572 D awplayer: : we still have 60 ms and pass 51 ms
06-18 17:22:37.504 361 6572 D awplayer: : we still have 38 ms and pass 57 ms
06-18 17:22:37.509 361 6572 D awplayer: : we still have 38 ms and pass 62 ms
06-18 17:22:37.514 361 6572 D awplayer: : we still have 38 ms and pass 67 ms
06-18 17:22:37.519 361 6572 D awplayer: : we still have 38 ms and pass 72 ms
06-18 17:22:37.525 361 6572 D awplayer: : we still have 16 ms and pass 77 ms
06-18 17:22:37.530 361 6572 D awplayer: : we still have 16 ms and pass 82 ms
06-18 17:22:37.535 361 6572 D awplayer: : we still have 16 ms and pass 87 ms
06-18 17:22:37.540 361 6572 D awplayer: : we still have 16 ms and pass 92 ms
06-18 17:22:37.545 361 6572 D awplayer: : we still have 16 ms and pass 97 ms
06-18 17:22:37.550 361 6572 D awplayer: : we still have 16 ms and pass 103 ms
06-18 17:22:37.556 361 6572 D awplayer: : we still have 16 ms and pass 108 ms
06-18 17:22:37.561 361 6572 D awplayer: : we still have 16 ms and pass 113 ms
06-18 17:22:37.566 361 6572 D awplayer: : we still have 16 ms and pass 118 ms
06-18 17:22:37.571 361 6572 D awplayer: : we still have 0 ms and pass 123 ms
06-18 17:22:37.571 361 6572 W awplayer: : we quit but still have 0 ms
06-18 17:22:37.769 319 6544 D XM_HIDREAD: poll ret=1, event=1
06-18 17:22:37.769 319 6544 D XM_HIDREAD: [9 bytes]:01 00 00 28 00 00 00 00 00
06-18 17:22:37.769 505 587 D TvWindowManager: key event key = KEYCODE_DPAD_CENTER down = true
06-18 17:22:37.770 505 586 D GpioService: mFlickerEnable = true
06-18 17:22:37.909 319 6544 D XM_HIDREAD: poll ret=1, event=1
06-18 17:22:37.909 319 6544 D XM_HIDREAD: [9 bytes]:01 00 00 00 00 00 00 00 00
06-18 17:22:37.909 505 587 D TvWindowManager: key event key = KEYCODE_DPAD_CENTER down = false
06-18 17:22:37.920 505 586 D GpioService: mFlickerEnable = true
06-18 17:22:37.922 2976 2976 I SogouIME: onKeyDown: keyoCode=23
06-18 17:22:37.923 2976 2976 I DefaultIMS: onKeyDown: keyoCode=23
06-18 17:22:37.926 2976 2976 I SogouIME: onKeyUp: keyoCode=23
06-18 17:22:37.926 2976 2976 I DefaultIMS: onKeyUp: keyoCode=23
06-18 17:22:38.054 505 519 D CompatibilityChangeReporter: Compat change id reported: 168419799; UID 10026; state: DISABLED
06-18 17:22:38.095 270 445 I AudioFlinger: BUFFER TIMEOUT: remove(58) from active list on thread 0xf2492ac0
06-18 17:22:38.124 257 290 I gralloc : alloc buffer:W:764 H:500 S:768 PL[764 500] SZ:1536000 fmt:1 if:0 af:1 usg:20000b00 fg:00000004
06-18 17:22:38.133 505 3058 D AutofillManagerServiceImpl: Reset component for user 0:
06-18 17:22:38.133 505 524 D AutofillUI: destroySaveUiUiThread(): already destroyed
06-18 17:22:38.142 257 290 I gralloc : alloc buffer:W:764 H:500 S:768 PL[764 500] SZ:1536000 fmt:1 if:0 af:1 usg:20000b00 fg:00000004
06-18 17:22:38.144 257 290 I gralloc : alloc buffer:W:764 H:500 S:768 PL[764 500] SZ:1536000 fmt:1 if:0 af:1 usg:20000b00 fg:00000004
06-18 17:22:38.179 505 525 W IorapForwardingService: No service published for: iorapd
06-18 17:22:38.228 2976 2976 I DefaultIMS: onStartInput attribute=android.view.inputmethod.EditorInfo@e2b70bd restarting=false inputType: 33
06-18 17:22:38.230 899 899 D CompatibilityChangeReporter: Compat change id reported: 163400105; UID 10026; state: DISABLED
06-18 17:22:38.263 899 899 D InputMethodManager: showSoftInput() view=androidx.appcompat.widget.AppCompatEditText{409fc6 VFED..CL. .F...... 80,156-520,236 #7f080093 app:id/dialog_wifi_edit aid=1073741841} flags=0 reason=SHOW_SOFT_INPUT
06-18 17:22:38.268 2976 2976 I DefaultIMS: DefaultIMS::onCreateInputView() languageResourceReady ? true
06-18 17:22:38.268 2976 2976 I SogouIME: SogouIME::onStartInputView()
06-18 17:22:38.268 2976 2976 I DefaultIMS: onStartInputView attributeandroid.view.inputmethod.EditorInfo@e2b70bd restarting=false inputType: 33
06-18 17:22:38.268 2976 2976 I SogouIME: SogouIME::setInputView()
06-18 17:22:38.271 2976 2976 I MainPresenter: onStartInputView: attribute=android.view.inputmethod.EditorInfo@e2b70bd isReady=true; restarting: false inputType: 33
06-18 17:22:38.282 2976 2976 I InputContext: onChanged: composing=null
06-18 17:22:38.282 2976 2976 I InputContext: onChanged: forCompose=false
06-18 17:22:38.282 2976 2976 I InputContext: onChanged: candidateWords=[]
06-18 17:22:38.282 2976 2976 I InputContext: onChanged: candidateWordInfo.size=0 global offset: 0pausedCandidateData = false
06-18 17:22:38.283 2976 2976 I MainPresenter: setInputType:
06-18 17:22:38.293 2976 2976 I InputContext: onChanged: composing=null
06-18 17:22:38.293 2976 2976 I InputContext: onChanged: forCompose=false
06-18 17:22:38.294 2976 2976 I InputContext: onChanged: candidateWords=[]
06-18 17:22:38.294 2976 2976 I InputContext: onChanged: candidateWordInfo.size=0 global offset: 0pausedCandidateData = false
06-18 17:22:38.295 2976 2976 I KeyEventTransfer: languageID=0
06-18 17:22:38.295 2976 2976 I KeyEventTransfer: scriptID=1
06-18 17:22:38.295 2976 2976 I KeyEventTransfer: layoutID=2
06-18 17:22:38.328 265 265 I EventThread: type=1400 audit(0.0:2759): avc: denied { search } for name="extcon" dev="sysfs" ino=18109 scontext=u:r:hal_tv_cec_default:s0 tcontext=u:object_r:sysfs_extcon:s0 tclass=dir permissive=1
06-18 17:22:38.427 2976 2976 D CHJNIDefault: setInputMode value=-1
06-18 17:22:38.427 2976 2976 I MainPresenter: loadInputType: 0
06-18 17:22:38.495 2976 2976 I BodyArea: loadKeyboard layoutId1
06-18 17:22:38.497 2976 2976 D SkinEngine: prepareProtoList: execute start
06-18 17:22:38.502 2976 6624 I CountdownExecutor: run:size=2 no=0
06-18 17:22:38.512 2976 6624 I CountdownExecutor: run:size=2 no=1
06-18 17:22:38.512 2976 2976 D SkinEngine: prepareProtoList: execute end
06-18 17:22:38.614 2976 2976 I AbstractLifecycle: onStartInputView: Build_d5523c4_20201222 android_tv_dangbei
06-18 17:22:38.619 2976 2976 I eJ : handle Action on start Input
06-18 17:22:38.638 505 527 D CompatibilityChangeReporter: Compat change id reported: 158002302; UID 10033; state: ENABLED
06-18 17:22:38.640 278 1074 W ServiceManager: Permission failure: android.permission.ACCESS_SURFACE_FLINGER from uid=10033 pid=2976
06-18 17:22:38.640 278 1074 D PermissionCache: checking android.permission.ACCESS_SURFACE_FLINGER for uid=10033 => denied (822 us)
06-18 17:22:38.641 278 1074 W ServiceManager: Permission failure: android.permission.ROTATE_SURFACE_FLINGER from uid=10033 pid=2976
06-18 17:22:38.641 278 1074 D PermissionCache: checking android.permission.ROTATE_SURFACE_FLINGER for uid=10033 => denied (256 us)
06-18 17:22:38.653 182 182 I hwservicemanager: getTransport: Cannot find entry android.hardware.configstore@1.0::ISurfaceFlingerConfigs/default in either framework or device VINTF manifest.
06-18 17:22:38.670 278 595 E HWComposer: getSupportedContentTypes: getSupportedContentTypes failed for display 0: Unsupported (8)
06-18 17:22:38.672 182 182 I hwservicemanager: getTransport: Cannot find entry android.hardware.graphics.mapper@4.0::IMapper/default in either framework or device VINTF manifest.
06-18 17:22:38.673 2976 6633 I Gralloc4: mapper 4.x is not supported
06-18 17:22:38.673 182 182 I hwservicemanager: getTransport: Cannot find entry android.hardware.graphics.mapper@3.0::IMapper/default in either framework or device VINTF manifest.
06-18 17:22:38.673 2976 6633 W Gralloc3: mapper 3.x is not supported
06-18 17:22:38.679 2976 6633 E gralloc : Arm Module v1.0
06-18 17:22:38.676 6632 6632 I rgb_led_ctl: type=1400 audit(0.0:2760): avc: denied { write } for name="spidev1.0" dev="tmpfs" ino=6648 scontext=u:r:init:s0 tcontext=u:object_r:device:s0 tclass=chr_file permissive=1
06-18 17:22:38.676 6632 6632 I rgb_led_ctl: type=1400 audit(0.0:2761): avc: denied { open } for path="/dev/spidev1.0" dev="tmpfs" ino=6648 scontext=u:r:init:s0 tcontext=u:object_r:device:s0 tclass=chr_file permissive=1
06-18 17:22:38.676 6632 6632 I rgb_led_ctl: type=1400 audit(0.0:2762): avc: denied { ioctl } for path="/dev/spidev1.0" dev="tmpfs" ino=6648 ioctlcmd=0x6b01 scontext=u:r:init:s0 tcontext=u:object_r:device:s0 tclass=chr_file permissive=1
06-18 17:22:38.681 182 182 I hwservicemanager: getTransport: Cannot find entry android.hardware.graphics.allocator@4.0::IAllocator/default in either framework or device VINTF manifest.
06-18 17:22:38.681 2976 6633 W Gralloc4: allocator 4.x is not supported
06-18 17:22:38.682 182 182 I hwservicemanager: getTransport: Cannot find entry android.hardware.graphics.allocator@3.0::IAllocator/default in either framework or device VINTF manifest.
06-18 17:22:38.682 2976 6633 W Gralloc3: allocator 3.x is not supported
06-18 17:22:38.691 257 290 I gralloc : alloc buffer:W:1920 H:1080 S:1920 PL[1920 1080] SZ:8294400 fmt:1 if:0 af:1 usg:20000b00 fg:00000004
06-18 17:22:38.692 2976 6633 E ion : ioctl c0044901 failed with code -1: Inappropriate ioctl for device
06-18 17:22:38.700 257 290 I gralloc : alloc buffer:W:1920 H:1080 S:1920 PL[1920 1080] SZ:8294400 fmt:1 if:0 af:1 usg:20000b00 fg:00000004
06-18 17:22:38.708 257 290 I gralloc : alloc buffer:W:1920 H:1080 S:1920 PL[1920 1080] SZ:8294400 fmt:1 if:0 af:1 usg:20000b00 fg:00000004
06-18 17:22:38.780 899 899 D InsetsController: show(ime(), fromIme=true)
06-18 17:22:38.791 667 667 D TvPipController: onImeVisibilityChanged(), visible=true, height=488
06-18 17:22:38.791 505 526 E system_server: No package ID ff found for ID 0xffffffff.
06-18 17:22:38.844 505 505 W NotificationHistory: Attempted to add notif for locked/gone/disabled user 0
06-18 17:22:38.846 667 667 V TvNotificationHandler: Notification not added because it isn't relevant for tv
06-18 17:22:38.860 667 667 V TvNotificationHandler: Notification not added because it isn't relevant for tv
06-18 17:22:39.060 667 667 V TvNotificationHandler: Notification not added because it isn't relevant for tv
06-18 17:22:39.181 505 525 W IorapForwardingService: No service published for: iorapd
06-18 17:22:39.418 505 794 D BufferPoolAccessor2.0: bufferpool2 0xeda7c318 : 0(0 size) total buffers - 0(0 size) used buffers - 2/7 (recycle/alloc) - 5/60 (fetch/transfer)
06-18 17:22:39.418 505 794 D BufferPoolAccessor2.0: evictor expired: 1, evicted: 1
06-18 17:22:39.419 378 741 D BufferPoolAccessor2.0: evictor expired: 2, evicted: 0
06-18 17:22:39.709 319 6544 D XM_HIDREAD: poll ret=1, event=1
06-18 17:22:39.709 319 6544 D XM_HIDREAD: [9 bytes]:01 00 00 28 00 00 00 00 00
06-18 17:22:39.709 505 587 D TvWindowManager: key event key = KEYCODE_DPAD_CENTER down = true
06-18 17:22:39.710 505 586 D GpioService: mFlickerEnable = true
06-18 17:22:39.809 319 6544 D XM_HIDREAD: poll ret=1, event=1
06-18 17:22:39.809 319 6544 D XM_HIDREAD: [9 bytes]:01 00 00 00 00 00 00 00 00
06-18 17:22:39.809 505 587 D TvWindowManager: key event key = KEYCODE_DPAD_CENTER down = false
06-18 17:22:39.860 505 586 D GpioService: mFlickerEnable = true
06-18 17:22:39.862 2976 2976 I SogouIME: onKeyDown: keyoCode=23
06-18 17:22:39.862 2976 2976 I DefaultIMS: onKeyDown: keyoCode=23
06-18 17:22:39.864 2976 2976 I TvSpecialKeyEventInterceptor: onKeyDown repeat: 0 onKeyDownConsume: false
06-18 17:22:39.867 2976 2976 I SogouIME: onKeyUp: keyoCode=23
06-18 17:22:39.867 2976 2976 I DefaultIMS: onKeyUp: keyoCode=23
06-18 17:22:39.869 2976 2976 I TvSpecialKeyEventInterceptor: onKeyUp: onKeyDownConsume false onKeyUpConsume: false repeat: 0
06-18 17:22:39.870 2976 2976 I fB : onKeyClick: property=107 code=107 symbol=null
06-18 17:22:39.870 2976 2976 I KeyEventTransfer: doKeyInput: property=107 code=107 text=k miniText=null
06-18 17:22:39.903 2976 2976 I ENKeyHandler: on selection update: oldStart: 0, oldEnd: 0, newStart: 1, newEnd: 1, composingStart: -1, composingEnd: -1
06-18 17:22:40.109 319 6544 D XM_HIDREAD: poll ret=1, event=1
06-18 17:22:40.109 319 6544 D XM_HIDREAD: [9 bytes]:01 00 00 28 00 00 00 00 00
06-18 17:22:40.109 505 587 D TvWindowManager: key event key = KEYCODE_DPAD_CENTER down = true
06-18 17:22:40.110 505 586 D GpioService: mFlickerEnable = true
06-18 17:22:40.169 319 6544 D XM_HIDREAD: poll ret=1, event=1
06-18 17:22:40.169 319 6544 D XM_HIDREAD: [9 bytes]:01 00 00 00 00 00 00 00 00
06-18 17:22:40.169 505 587 D TvWindowManager: key event key = KEYCODE_DPAD_CENTER down = false
06-18 17:22:40.183 505 525 W IorapForwardingService: No service published for: iorapd
06-18 17:22:40.260 505 586 D GpioService: mFlickerEnable = true
06-18 17:22:40.262 2976 2976 I SogouIME: onKeyDown: keyoCode=23
06-18 17:22:40.262 2976 2976 I DefaultIMS: onKeyDown: keyoCode=23
06-18 17:22:40.264 2976 2976 I TvSpecialKeyEventInterceptor: onKeyDown repeat: 0 onKeyDownConsume: false
06-18 17:22:40.266 2976 2976 I SogouIME: onKeyUp: keyoCode=23
06-18 17:22:40.266 2976 2976 I DefaultIMS: onKeyUp: keyoCode=23
06-18 17:22:40.269 2976 2976 I TvSpecialKeyEventInterceptor: onKeyUp: onKeyDownConsume false onKeyUpConsume: false repeat: 0
06-18 17:22:40.269 2976 2976 I fB : onKeyClick: property=107 code=107 symbol=null
06-18 17:22:40.270 2976 2976 I KeyEventTransfer: doKeyInput: property=107 code=107 text=k miniText=null
06-18 17:22:40.279 2976 2976 I ENKeyHandler: on selection update: oldStart: 1, oldEnd: 1, newStart: 2, newEnd: 2, composingStart: -1, composingEnd: -1
06-18 17:22:40.370 319 6544 D XM_HIDREAD: poll ret=1, event=1
06-18 17:22:40.370 319 6544 D XM_HIDREAD: [9 bytes]:01 00 00 28 00 00 00 00 00
06-18 17:22:40.370 505 587 D TvWindowManager: key event key = KEYCODE_DPAD_CENTER down = true
06-18 17:22:40.371 505 586 D GpioService: mFlickerEnable = true
06-18 17:22:40.419 505 794 D BufferPoolAccessor2.0: bufferpool2 0xeb535758 : 0(0 size) total buffers - 0(0 size) used buffers - 2/7 (recycle/alloc) - 5/42 (fetch/transfer)
