06-18 17:23:09.840 1859 1859 I queued-work-loo: type=1400 audit(0.0:2878): avc: denied { setattr } for name="screencast.xml" dev="mmcblk0p25" ino=2621 scontext=u:r:platform_app:s0:c512,c768 tcontext=u:object_r:app_data_file:s0:c512,c768 tclass=file permissive=1 app=com.dangbei.screencast
06-18 17:23:10.047 649 649 E WifiHAL : wifi_get_link_stats: requestResponse Error:-5
06-18 17:23:10.048 505 602 E WifiVendorHal: getWifiLinkLayerStats_1_5_Internal(l.1191) failed {.code = ERROR_INVALID_ARGS, .description = }
06-18 17:23:10.240 505 525 W IorapForwardingService: No service published for: iorapd
06-18 17:23:10.328 1125 1161 E ccc : cccccc hhhhhhhhhh RC version is DB-15B-H5-R0108
06-18 17:23:10.329 1125 1161 E RCInfo : vid:000d
06-18 17:23:10.329 1125 1161 E RCInfo : pid:3838
06-18 17:23:10.329 1125 1161 E RCInfo : vid:000d
06-18 17:23:10.329 1125 1161 E RCInfo : pid:3838
06-18 17:23:10.329 1125 1161 E ccc : cccccc 请求remote实时 DB-15B-H5-R0108
06-18 17:23:10.329 1125 1161 E ccc : cccccc requestRemoteInfoInner factory XIMI version DB-15B-H5-R0108
06-18 17:23:10.346 1125 7001 I okhttp.OkHttpClient: --> POST http://tymsgapi.qun7.com/v1/core/ykota (596-byte body)
06-18 17:23:10.396 1125 7001 I okhttp.OkHttpClient: <-- 200 OK http://tymsgapi.qun7.com/v1/core/ykota (49ms, unknown-length body)
06-18 17:23:10.399 1125 1125 W System.err: java.lang.NullPointerException: Attempt to invoke virtual method 'java.lang.String com.etna.haqu.model.business.bean.db.remote.RemoteUpdateBean.getDownloadId()' on a null object reference
06-18 17:23:10.399 1125 1125 W System.err: at com.dangbei.etna.update.remote.RemoteUpdateHelper$requestRemoteInfoInner$1$2.invoke(RemoteUpdateHelper.kt:178)
06-18 17:23:10.399 1125 1125 W System.err: at com.dangbei.etna.update.remote.RemoteUpdateHelper$requestRemoteInfoInner$1$2.invoke(RemoteUpdateHelper.kt:170)
06-18 17:23:10.399 1125 1125 W System.err: at com.etna.haqu.support.ext.FlowExtKt$safeCollect$3.emit(FlowExt.kt:52)
06-18 17:23:10.399 1125 1125 W System.err: at kotlinx.coroutines.flow.FlowKt__ErrorsKt$catchImpl$2.emit(Errors.kt:158)
06-18 17:23:10.399 1125 1125 W System.err: at kotlinx.coroutines.flow.FlowKt__ChannelsKt.emitAllImpl$FlowKt__ChannelsKt(Channels.kt:62)
06-18 17:23:10.399 1125 1125 W System.err: at kotlinx.coroutines.flow.FlowKt__ChannelsKt.access$emitAllImpl$FlowKt__ChannelsKt(Channels.kt:1)
06-18 17:23:10.399 1125 1125 W System.err: at kotlinx.coroutines.flow.FlowKt__ChannelsKt$emitAllImpl$1.invokeSuspend(Unknown Source:14)
06-18 17:23:10.399 1125 1125 W System.err: at kotlin.coroutines.jvm.internal.BaseContinuationImpl.resumeWith(ContinuationImpl.kt:33)
06-18 17:23:10.399 1125 1125 W System.err: at kotlinx.coroutines.DispatchedTask.run(DispatchedTask.kt:106)
06-18 17:23:10.399 1125 1125 W System.err: at android.os.Handler.handleCallback(Handler.java:938)
06-18 17:23:10.399 1125 1125 W System.err: at android.os.Handler.dispatchMessage(Handler.java:99)
06-18 17:23:10.399 1125 1125 W System.err: at android.os.Looper.loopOnce(Looper.java:201)
06-18 17:23:10.399 1125 1125 W System.err: at android.os.Looper.loop(Looper.java:288)
06-18 17:23:10.399 1125 1125 W System.err: at android.app.ActivityThread.main(ActivityThread.java:7854)
06-18 17:23:10.399 1125 1125 W System.err: at java.lang.reflect.Method.invoke(Native Method)
06-18 17:23:10.399 1125 1125 W System.err: at com.android.internal.os.RuntimeInit$MethodAndArgsCaller.run(RuntimeInit.java:548)
06-18 17:23:10.399 1125 1125 W System.err: at com.android.internal.os.ZygoteInit.main(ZygoteInit.java:1182)
06-18 17:23:10.401 1514 1548 E ccc : cccccc notifyUpdateChanged {"code":1,"data":{"hasUpdate":false,"what":2,"why":-1},"message":"更新状态变化"}
06-18 17:23:10.402 1514 1548 E ccc : cccccc EtnaSendUpdateStatusChangeBean.remoteUpdateChanged
06-18 17:23:10.402 1514 1548 D EventBus: No subscribers registered for event class com.dangbei.haqusetting.model.bean.event.RootEvent
06-18 17:23:10.402 1514 1548 D EventBus: No subscribers registered for event class org.greenrobot.eventbus.NoSubscriberEvent
06-18 17:23:10.402 1125 1125 E ccc : cccccc updateHelper 通知更新
06-18 17:23:10.753 1859 2013 E raop : JavaCallback init
06-18 17:23:10.752 1859 1859 I ModuleDataForwa: type=1400 audit(0.0:2879): avc: denied { lock } for path="/data/user/0/com.dangbei.screencast/files/TD__Env_Synchronous_Lock__" dev="mmcblk0p25" ino=2622 scontext=u:r:platform_app:s0:c512,c768 tcontext=u:object_r:app_data_file:s0:c512,c768 tclass=file permissive=1 app=com.dangbei.screencast
06-18 17:23:11.135 505 505 W WindowManager: removeWindowToken: Attempted to remove non-existing token: android.os.Binder@7131e91
06-18 17:23:11.243 505 525 W IorapForwardingService: No service published for: iorapd
06-18 17:23:11.300 1859 1869 I gbei.screencas: Background concurrent copying GC freed 259562(18MB) AllocSpace objects, 115(5744KB) LOS objects, 49% free, 4064KB/8128KB, paused 145us total 115.942ms
06-18 17:23:11.324 2464 2647 D UtilLog : 日志批量上报 进行正常循环 !!!!!!本次有0次请求,共0条数据
06-18 17:23:12.244 505 525 W IorapForwardingService: No service published for: iorapd
06-18 17:23:12.757 505 612 D NsdService: Register service
06-18 17:23:12.757 505 612 D NsdService: registerService: 6 name: 当贝投屏G0, type: _airplay._tcp, host: null, port: 36791, txtRecord: srcvers=220.68features=0x527FFFF7,0x1E'pi=2e388006-13ba-4041-9a67-25dd4a43d536Cpk=b07727d6f6cd6e08b58ede525ec3cdeaa252ad9f683feb212ef8a205246554e7vv=2 flags=0x4model=AppleTV2,1deviceid=b4:2f:03:15:e8:b9
06-18 17:23:12.757 505 612 D NsdService: mdnssd [register, 6, 当贝投屏G0, _airplay._tcp, 36791, DnNyY3ZlcnM9MjIwLjY4GGZlYXR1cmVzPTB4NTI3RkZGRjcsMHgxRSdwaT0yZTM4ODAwNi0xM2JhLTQwNDEtOWE2Ny0yNWRkNGE0M2Q1MzZDcGs9YjA3NzI3ZDZmNmNkNmUwOGI1OGVkZTUyNWVjM2NkZWFhMjUyYWQ5ZjY4M2ZlYjIxMmVmOGEyMDUyNDY1NTRlNwR2dj0yCWZsYWdzPTB4NBBtb2RlbD1BcHBsZVRWMiwxGmRldmljZWlkPWI0OjJmOjAzOjE1OmU4OmI5]
06-18 17:23:12.759 505 612 D NsdService: Register 5 6
06-18 17:23:12.768 505 612 D NsdService: Register service
06-18 17:23:12.768 505 612 D NsdService: registerService: 7 name: b42f0315e8b9@当贝投屏G0, type: _raop._tcp, host: null, port: 41951, txtRecord: txtvers=1 am=AppleTV2,1ch=2
06-18 17:23:12.768 505 612 D NsdService: cn=0,1,2,3da=trueet=0,3,5ft=0x527FFFF7,0x1Emd=0,1,2Cpk=b07727d6f6cd6e08b58ede525ec3cdeaa252ad9f683feb212ef8a205246554e7pw=falsesf=0x4sr=44100ss=16sv=falsetp=UDPvn=65537 vs=220.68vv=2 rhd=5.6.0.0
06-18 17:23:12.768 505 612 D NsdService: mdnssd [register, 7, b42f0315e8b9@当贝投屏G0, _raop._tcp, 41951, CXR4dHZlcnM9MQ1hbT1BcHBsZVRWMiwxBGNoPTIKY249MCwxLDIsMwdkYT10cnVlCGV0PTAsMyw1EmZ0PTB4NTI3RkZGRjcsMHgxRQhtZD0wLDEsMkNwaz1iMDc3MjdkNmY2Y2Q2ZTA4YjU4ZWRlNTI1ZWMzY2RlYWEyNTJhZDlmNjgzZmViMjEyZWY4YTIwNTI0NjU1NGU3CHB3PWZhbHNlBnNmPTB4NAhzcj00NDEwMAVzcz0xNghzdj1mYWxzZQZ0cD1VRFAIdm49NjU1MzcJdnM9MjIwLjY4BHZ2PTILcmhkPTUuNi4wLjA=]
06-18 17:23:12.770 505 612 D NsdService: Register 6 7
06-18 17:23:13.058 649 649 E WifiHAL : wifi_get_link_stats: requestResponse Error:-5
06-18 17:23:13.059 505 602 E WifiVendorHal: getWifiLinkLayerStats_1_5_Internal(l.1191) failed {.code = ERROR_INVALID_ARGS, .description = }
06-18 17:23:13.246 505 525 W IorapForwardingService: No service published for: iorapd
06-18 17:23:13.256 505 612 D NsdService: Register service
06-18 17:23:13.257 505 612 D NsdService: registerService: 8 name: 当贝投屏G0, type: _db_cast_screen._tcp, host: null, port: 46447, txtRecord: au=1cV=20830mV=100h265=1maxR=4096-3152model=DBBOX-A2deviceid=20:02:FE:19:C2:0E
06-18 17:23:13.257 505 612 D NsdService: mdnssd [register, 8, 当贝投屏G0, _db_cast_screen._tcp, 46447, BGF1PTEIY1Y9MjA4MzAGbVY9MTAwBmgyNjU9MQ5tYXhSPTQwOTYtMzE1Mg5tb2RlbD1EQkJPWC1BMhpkZXZpY2VpZD0yMDowMjpGRToxOTpDMjowRQ==]
06-18 17:23:13.258 505 612 D NsdService: Register 7 8
06-18 17:23:13.327 250 944 E bt_upio : upio_set : /proc/bluetooth/sleep/btwrite(-1) incorrent
06-18 17:23:13.404 505 844 D SntpClient: request time failed: java.net.SocketTimeoutException: Poll timed out
06-18 17:23:13.537 505 612 D NsdService: Native daemon message SERVICE_REGISTERED: 606 7 "b42f0315e8b9@当贝投屏G0"
06-18 17:23:13.538 505 612 D NsdService: Native daemon message SERVICE_REGISTERED: 606 6 "当贝投屏G0"
06-18 17:23:13.755 1859 2052 I UpnpServiceImpl: >>> Starting UPnP service...
06-18 17:23:13.755 1859 2052 I UpnpServiceImpl: Using configuration: org.fourthline.cling.android.AndroidUpnpServiceConfiguration
06-18 17:23:13.756 1859 2052 I Router : Creating Router: org.fourthline.cling.android.AndroidRouter
06-18 17:23:13.757 1859 2052 W Router : enable lock:org.fourthline.cling.android.AndroidRouter@544cda1_java.util.concurrent.locks.ReentrantReadWriteLock$WriteLock@78cbc6[Unlocked]
06-18 17:23:13.766 1859 2052 W tworkAddressFactoryImpl: Network interface may not be multicast capable: dummy0
06-18 17:23:13.770 1859 2052 I MulticastReceiver: Creating wildcard socket (for receiving multicast datagrams) on port: 1900
06-18 17:23:13.771 1859 2052 I MulticastReceiver: Joining multicast group: /239.255.255.250:1900 on network interface: wlan0
06-18 17:23:13.792 1859 2052 E accept : Adding connector try: 192.168.31.235/192.168.31.235:0
06-18 17:23:13.795 1859 2052 E accept : Adding connector result: 192.168.31.235/192.168.31.235:38563
06-18 17:23:13.897 1859 2052 I JettyServletContainer: Registering UPnP servlet under context path: /upnp
06-18 17:23:13.904 1859 2052 I DatagramIO: Creating bound socket (for datagram input/output) on: 192.168.31.235/192.168.31.235
06-18 17:23:13.905 1859 7251 E JettyServletContainer: gogogo
06-18 17:23:13.905 1859 7251 I JettyServletContainer: Starting Jetty server...
06-18 17:23:13.907 1859 7251 W System.err: 2025-06-18 17:23:13.906:INFO:lcaf.p:jetty-8.y.z-SNAPSHOT
06-18 17:23:13.910 1859 2052 I Router : WiFi multicast lock acquired
06-18 17:23:13.911 505 593 I WifiService: acquireMulticastLock uid=10019
06-18 17:23:13.913 1859 2052 I Router : WiFi lock acquired
06-18 17:23:13.914 505 593 I WifiService: acquireWifiLock uid=10019 lockMode=3
06-18 17:23:13.917 1859 2052 W Router : enable unlock:org.fourthline.cling.android.AndroidRouter@544cda1
06-18 17:23:13.918 1859 2052 I UpnpServiceImpl: <<< UPnP service started successfully
06-18 17:23:13.937 505 612 D NsdService: Native daemon message SERVICE_REGISTERED: 606 8 "当贝投屏G0"
06-18 17:23:13.956 1859 7251 W System.err: 2025-06-18 17:23:13.955:INFO:lcaf.a:Started @192.168.31.235:38563
06-18 17:23:14.247 505 525 W IorapForwardingService: No service published for: iorapd
06-18 17:23:14.400 2464 2644 I TDLog : [APP] New data found, Submitting...
06-18 17:23:14.415 2464 2644 I TDLog : [APP] Failed to submit data!
06-18 17:23:15.223 505 505 W WindowManager: removeWindowToken: Attempted to remove non-existing token: android.os.Binder@915fc72
06-18 17:23:15.249 505 525 W IorapForwardingService: No service published for: iorapd
06-18 17:23:16.068 649 649 E WifiHAL : wifi_get_link_stats: requestResponse Error:-5
06-18 17:23:16.068 505 602 E WifiVendorHal: getWifiLinkLayerStats_1_5_Internal(l.1191) failed {.code = ERROR_INVALID_ARGS, .description = }
06-18 17:23:16.251 505 525 W IorapForwardingService: No service published for: iorapd
06-18 17:23:16.946 319 6544 D XM_HIDREAD: poll ret=1, event=1
06-18 17:23:16.946 319 6544 D XM_HIDREAD: [9 bytes]:01 00 00 4F 00 00 00 00 00
06-18 17:23:16.947 505 587 D TvWindowManager: key event key = KEYCODE_DPAD_RIGHT down = true
06-18 17:23:16.948 505 586 D GpioService: mFlickerEnable = true
06-18 17:23:16.950 2976 2976 I SogouIME: onKeyDown: keyoCode=22
06-18 17:23:16.950 2976 2976 I DefaultIMS: onKeyDown: keyoCode=22
06-18 17:23:17.126 319 6544 D XM_HIDREAD: poll ret=1, event=1
06-18 17:23:17.126 319 6544 D XM_HIDREAD: [9 bytes]:01 00 00 00 00 00 00 00 00
06-18 17:23:17.127 505 587 D TvWindowManager: key event key = KEYCODE_DPAD_RIGHT down = false
06-18 17:23:17.129 2976 2976 I SogouIME: onKeyUp: keyoCode=22
06-18 17:23:17.129 2976 2976 I DefaultIMS: onKeyUp: keyoCode=22
06-18 17:23:17.252 505 525 W IorapForwardingService: No service published for: iorapd
06-18 17:23:17.361 361 788 I awplayer: : isPlaying
06-18 17:23:17.361 361 788 D awplayer: : reset
06-18 17:23:17.362 361 788 W awplayer: : reset...
06-18 17:23:17.363 361 7176 D awplayer: : ****** PlayerStop
06-18 17:23:17.363 361 7176 D awplayer: : audio render receive cmd: stop
06-18 17:23:17.363 361 7178 I awplayer: : audio render process stop message.
06-18 17:23:17.363 361 7178 D awplayer: : stop sound devide.
06-18 17:23:17.363 361 7178 D awplayer: <__SdStop:561>: : stop
06-18 17:23:17.364 361 7176 D awplayer: : audio decoder receive cmd: stop
06-18 17:23:17.365 361 7177 D awplayer: : destroy libadecoder...
06-18 17:23:17.365 361 7177 D Allwinner Audio Libs: ver : 2017-8-4-18-00 exit successs...
06-18 17:23:17.365 361 7177 D AllwinnerAlibs: ver : 2017-8-4-18-00 ----dlclose so success!
06-18 17:23:17.365 361 7176 D awplayer: : ****** PlayerStop end
06-18 17:23:17.365 361 7176 D awplayer: : audio render receive cmd: quit
06-18 17:23:17.365 361 7178 D awplayer: : audio render process quit message.
06-18 17:23:17.366 361 7178 D awplayer: : stop sound devide.
06-18 17:23:17.366 361 7178 D awplayer: <__SdStop:561>: : stop
06-18 17:23:17.366 361 7178 W awplayer: : Sound device already stopped.
06-18 17:23:17.366 361 7176 D awplayer: : audio decoder receive cmd: quit
06-18 17:23:17.366 361 7176 D awplayer: : libadecoder.so close success......
06-18 17:23:17.368 361 788 D awplayer: : reset
06-18 17:23:17.368 361 788 W awplayer: : reset...
06-18 17:23:17.369 361 7176 D awplayer: : ****** PlayerStop
06-18 17:23:17.369 361 7176 E awplayer: : invalid stop operation, player already in stopped status.
06-18 17:23:17.369 361 788 W awplayer: : XPlayerDestroy
06-18 17:23:17.369 361 788 W awplayer: : reset...
06-18 17:23:17.369 361 7176 D awplayer: : ****** PlayerStop
06-18 17:23:17.369 361 7176 E awplayer: : invalid stop operation, player already in stopped status.
06-18 17:23:17.370 361 788 D awplayer: <__SdDestroy:110>: : destroy
06-18 17:23:17.370 361 788 D awplayer: <~AwPlayer:344>: ~AwPlayer
06-18 17:23:17.370 899 899 V MediaPlayer: resetDrmState: mDrmInfo=null mDrmProvisioningThread=null mPrepareDrmInProgress=false mActiveDrmScheme=false
06-18 17:23:17.370 899 899 V MediaPlayer: cleanDrmObj: mDrmObj=null mDrmSessionId=null
06-18 17:23:17.371 899 899 V MediaPlayer: resetDrmState: mDrmInfo=null mDrmProvisioningThread=null mPrepareDrmInProgress=false mActiveDrmScheme=false
06-18 17:23:17.371 899 899 V MediaPlayer: cleanDrmObj: mDrmObj=null mDrmSessionId=null
06-18 17:23:17.380 1104 1418 W MediaProvider: Failed to fetch original file descriptor
06-18 17:23:17.380 1104 1418 W MediaProvider: java.io.FileNotFoundException: Input file descriptor is already original
06-18 17:23:17.380 1104 1418 W MediaProvider: at com.android.providers.media.MediaProvider.getOriginalMediaFormatFileDescriptor(MediaProvider.java:5774)
06-18 17:23:17.380 1104 1418 W MediaProvider: at com.android.providers.media.MediaProvider.openTypedAssetFileCommon(MediaProvider.java:7190)
06-18 17:23:17.380 1104 1418 W MediaProvider: at com.android.providers.media.MediaProvider.openTypedAssetFile(MediaProvider.java:7171)
06-18 17:23:17.380 1104 1418 W MediaProvider: at android.content.ContentProvider$Transport.openTypedAssetFile(ContentProvider.java:548)
06-18 17:23:17.380 1104 1418 W MediaProvider: at android.content.ContentProviderNative.onTransact(ContentProviderNative.java:327)
06-18 17:23:17.380 1104 1418 W MediaProvider: at android.os.Binder.execTransactInternal(Binder.java:1179)
06-18 17:23:17.380 1104 1418 W MediaProvider: at android.os.Binder.execTransact(Binder.java:1143)
06-18 17:23:17.382 361 788 D MediaPlayerFactory: Initialize getpersist = 0 value=
06-18 17:23:17.382 361 788 D awplayer: : AwPlayer construct.
06-18 17:23:17.382 361 788 D awplayer: : XPlayerCreate.
06-18 17:23:17.382 361 788 D awplayer: :
06-18 17:23:17.382 361 788 D awplayer: >>>>>>>>>>>>>>>>>>>>>>>>>>>>>>> CedarX <<<<<<<<<<<<<<<<<<<<<<<<<<<<<<<
06-18 17:23:17.382 361 788 D awplayer: tag : CedarX-2.8.0
06-18 17:23:17.382 361 788 D awplayer: branch: master
06-18 17:23:17.382 361 788 D awplayer: commit: 967535b8ff6a073cb4f38e85a4ae5fa6008014d8
06-18 17:23:17.382 361 788 D awplayer: date : Mon, 15 May 2017 01:30:22 +0000 (09:30 +0800)
06-18 17:23:17.382 361 788 D awplayer: author:
06-18 17:23:17.382 361 788 D awplayer: ----------------------------------------------------------------------
06-18 17:23:17.383 361 7278 D awplayer: : ==== process message XPLAYER_COMMAND_SET_SUBCTRL.
06-18 17:23:17.383 361 788 D awplayer: : set deinterlace
06-18 17:23:17.383 361 7278 D awplayer: : ==== process message XPLAYER_COMMAND_SET_SUBCTRL.
06-18 17:23:17.385 361 788 D awplayer: : : init
06-18 17:23:17.385 361 7278 I awplayer: : process message XPLAYER_COMMAND_SET_SOURCE.
06-18 17:23:17.386 361 788 D awplayer: : prepare
06-18 17:23:17.386 361 7278 D awplayer: : process message XPLAYER_COMMAND_PREPARE. mPriData->mStatus: 1
06-18 17:23:17.386 361 7277 D demuxComponent: : process message DEMUX_COMMAND_PREPARE.
06-18 17:23:17.386 361 7277 D awplayer: : source uri 'fd://7?offset=6820788&length=16758'
06-18 17:23:17.386 361 7277 D awplayer: <__FileStreamConnect:463>: (8/6820788/16758) path:'file:///system/priv-app/dangbei-boot-guide/dangbei-boot-guide.apk'
06-18 17:23:17.386 361 7277 E awplayer: <__FlacParserProbe:1096>: Flac probe failed.
06-18 17:23:17.386 361 7277 D awplayer: : Wav parser : skipped ID3 tag, new starting offset is 45 (0x000000000000002d)
06-18 17:23:17.386 361 7277 D awplayer: : Wav parser : this is ID3 first : 45
06-18 17:23:17.386 361 7277 D awplayer: <__WvParserProbe:575>: __WvParserProbe: I
06-18 17:23:17.386 361 7277 D awplayer: <__WvParserProbe:575>: __WvParserProbe: D
06-18 17:23:17.386 361 7277 D awplayer: <__WvParserProbe:575>: __WvParserProbe: 3
06-18 17:23:17.386 361 7277 D awplayer: <__WvParserProbe:575>: __WvParserProbe: 
06-18 17:23:17.387 361 7277 E awplayer: <__CafParserProbe:567>: Caf probe failed.
06-18 17:23:17.387 361 7277 E awplayer: <__G729ParserProbe:290>: g729 SYNC_WORD probe failed.
06-18 17:23:17.387 361 7277 W awplayer: : audio probe fail!!!
06-18 17:23:17.387 361 7277 I awplayer: <__AiffParserProbe:805>: wav probe failed.
06-18 17:23:17.387 361 7277 D awplayer: : Good, it's 'id3v2'
06-18 17:23:17.387 361 7277 E awplayer: <__FlacParserProbe:1096>: Flac probe failed.
06-18 17:23:17.387 361 7277 D awplayer: : Good, it's 'mp3'
06-18 17:23:17.387 361 7277 W awplayer: : not implement...(18)
06-18 17:23:17.387 361 7277 D awplayer: : *********PrintMediaInfo begin*********
06-18 17:23:17.387 361 7277 D awplayer: : fileSize = 16758, bSeekable = 1, duration = 5472, audioNum = 1, videoNum = 0, subtitleNum = 0
06-18 17:23:17.388 361 7277 D awplayer: : ***Audio[0]*** eCodecFormat = 0x3, eSubCodecFormat = 0x0, nChannelNum = 1, nBitsPerSample = 0, nSampleRate = 16000
06-18 17:23:17.388 361 7277 D awplayer: : *********PrintMediaInfo end*********
06-18 17:23:17.388 361 7277 D demuxComponent: : *********PrintMediaInfo begin*********
06-18 17:23:17.388 361 7277 D demuxComponent: : fileSize = 16758, bSeekable = 1, duration = 5472, audioNum = 1, videoNum = 0, subtitleNum = 0
06-18 17:23:17.388 361 7277 D demuxComponent: : ***Audio[0]*** eCodecFormat = 0x3, eSubCodecFormat = 0x0, nChannelNum = 1, nBitsPerSample = 0, nSampleRate = 16000
06-18 17:23:17.388 361 7277 D demuxComponent: : *********PrintMediaInfo end*********
06-18 17:23:17.389 361 7277 D awplayer: : audio render component setting AudioSink
06-18 17:23:17.390 361 788 D awplayer: : prepareAsync
06-18 17:23:17.390 361 788 D awplayer: : prepareAsync
06-18 17:23:17.390 361 7278 D awplayer: : process message XPLAYER_COMMAND_PREPARE. mPriData->mStatus: 4
06-18 17:23:17.451 2976 2976 I DefaultIMS: onStartInput attribute=android.view.inputmethod.EditorInfo@8cb7926 restarting=false inputType: 0
06-18 17:23:17.453 361 788 D awplayer: : setLooping
06-18 17:23:17.454 361 788 D awplayer: : setLooping
06-18 17:23:17.454 361 788 D awplayer: : start
06-18 17:23:17.455 361 788 W awplayer: : input invalid args.
06-18 17:23:17.455 361 788 D awplayer: : start
06-18 17:23:17.455 361 7278 D awplayer: : process message XPLAYER_COMMAND_START.
06-18 17:23:17.455 361 7278 D awplayer: : player start
06-18 17:23:17.455 361 7278 D awplayer: : audio decoder receive cmd: start
06-18 17:23:17.456 361 7279 D Allwinner Audio Middle Layer: ver : 2017-8-4-18-00 Create Decoder!!=====
06-18 17:23:17.456 361 7279 D awplayer: : Create libadecoder success...
06-18 17:23:17.456 361 7279 D Allwinner Audio Middle Layer: ver : 2017-8-4-18-00 AudioDec_Installaudiolib ok
06-18 17:23:17.456 361 7279 D Allwinner Audio Middle Layer: ver : 2017-8-4-18-00 audio decoder init start ...
06-18 17:23:17.456 361 7279 D AllwinnerAlibs: ver : 2017-8-4-18-00
06-18 17:23:17.456 361 7279 D AllwinnerAlibs: >>>>>>>>>>>>>>>>>>>>>>>>>>>>>>> Audio <<<<<<<<<<<<<<<<<<<<<<<<<<<<<<<
06-18 17:23:17.456 361 7279 D AllwinnerAlibs: tag : audiocodec-v1.2
06-18 17:23:17.456 361 7279 D AllwinnerAlibs: branch: new
06-18 17:23:17.456 361 7279 D AllwinnerAlibs: commit: 3ba65962c01cbf1280ddda19d843009b6ef8ce85
06-18 17:23:17.456 361 7279 D AllwinnerAlibs: date : Tue Jan 8 16:25:27 2019 +0800
06-18 17:23:17.456 361 7279 D AllwinnerAlibs: ----------------------------------------------------------------------
06-18 17:23:17.458 361 7279 D AllwinnerAlibs: ver : 2017-8-4-18-00 ----Loading so success!
06-18 17:23:17.458 361 7279 D AllwinnerAlibs: ver : 2017-8-4-18-00 *************pAudioStreamInfo start******************
06-18 17:23:17.458 361 7279 D AllwinnerAlibs: ver : 2017-8-4-18-00 eCodecFormat :id(3), name(mpeg layer-III)
06-18 17:23:17.458 361 7279 D AllwinnerAlibs: ver : 2017-8-4-18-00 eSubCodecFormat :0
06-18 17:23:17.458 361 7279 D AllwinnerAlibs: ver : 2017-8-4-18-00 nChannelNum :1
06-18 17:23:17.458 361 7279 D AllwinnerAlibs: ver : 2017-8-4-18-00 nBitsPerSample :16
06-18 17:23:17.458 361 7279 D AllwinnerAlibs: ver : 2017-8-4-18-00 nSampleRate :16000
06-18 17:23:17.458 361 7279 D AllwinnerAlibs: ver : 2017-8-4-18-00 nAvgBitrate :24000
06-18 17:23:17.458 361 7279 D AllwinnerAlibs: ver : 2017-8-4-18-00 nMaxBitRate :24000
06-18 17:23:17.458 361 7279 D AllwinnerAlibs: ver : 2017-8-4-18-00 nFileSize :0
06-18 17:23:17.458 361 7279 D AllwinnerAlibs: ver : 2017-8-4-18-00 eAudioBitstreamSource:0
06-18 17:23:17.458 361 7279 D AllwinnerAlibs: ver : 2017-8-4-18-00 eDataEncodeType :0
06-18 17:23:17.458 361 7279 D AllwinnerAlibs: ver : 2017-8-4-18-00 nCodecSpecificDataLen:0
06-18 17:23:17.458 361 7279 D AllwinnerAlibs: ver : 2017-8-4-18-00 pCodecSpecificData :0x0
06-18 17:23:17.458 361 7279 D AllwinnerAlibs: ver : 2017-8-4-18-00 nFlags :0
06-18 17:23:17.459 361 7279 D AllwinnerAlibs: ver : 2017-8-4-18-00 nBlockAlign :0
06-18 17:23:17.459 361 7279 D AllwinnerAlibs: ver : 2017-8-4-18-00 *************pAudioStreamInfo end ******************
06-18 17:23:17.459 361 7279 D Allwinner Audio Libs: ver : 2017-8-4-18-00 init successs...
06-18 17:23:17.459 361 7279 D Allwinner Audio Middle Layer: ver : 2017-8-4-18-00 AUDIO DECODE INIT OK...0
06-18 17:23:17.460 361 7278 D awplayer: : audio render receive cmd: start
06-18 17:23:17.460 361 7280 I awplayer: : audio render process start message.
06-18 17:23:17.460 361 7280 D awplayer: : init sound device.
06-18 17:23:17.460 361 7280 D awplayer: : set sound devide param, sample rate = 16000, channel num = 1.
06-18 17:23:17.460 361 7280 W awplayer: : message 0x40a not handled.
06-18 17:23:17.460 361 7277 D demuxComponent: : process message DEMUX_COMMAND_START.
06-18 17:23:17.461 361 7277 W awplayer: : eos...
06-18 17:23:17.461 361 7277 D awplayer: : audio decoder receive cmd: eos
06-18 17:23:17.470 361 7280 D awplayer: : start sound device.
06-18 17:23:17.470 361 7280 D awplayer: <__SdStart:279>: : start
06-18 17:23:17.471 361 7279 D awplayer: : audio render receive cmd: eos
06-18 17:23:17.481 270 270 D AudioFlinger: Client defaulted notificationFrames to 870 for frameCount 1740
06-18 17:23:17.484 270 270 D AF::TrackHandle: OpPlayAudio: track:60 usage:1 not muted
06-18 17:23:17.489 361 7280 D awplayer: : audio device start end
06-18 17:23:17.489 361 7280 D awplayer: : first audio pts = 0
06-18 17:23:17.490 361 7280 I awplayer: : audio render process set_eos message.
06-18 17:23:17.493 249 1011 D audio_hw_primary: start_output_stream out->format : 0x00000000
06-18 17:23:17.495 249 1011 V audio_hw_primary: start_output_stream, line: 1503
06-18 17:23:17.496 249 1011 V audio_hw_primary: use AUDIO_HDMI to playback audio
06-18 17:23:17.497 249 1011 D audio_hw_primary: open card=3, port=0
06-18 17:23:17.497 249 1011 D audio_hw_primary: config:2 44100 960 2 0 5760 1 0
06-18 17:23:17.497 249 1011 D audio_hw_primary: set_raw_flag(card=3, raw_flag=1)
06-18 17:23:17.498 249 1011 D audio_hw_primary: set_raw_flag control_name = audio data format control_value PCM)
06-18 17:23:17.499 249 1011 V audio_hw_primary: do not use out resampler
06-18 17:23:17.523 270 445 D AudioFlinger: mixer(0xf2492ac0) throttle end: throttle time(7)
06-18 17:23:18.254 505 525 W IorapForwardingService: No service published for: iorapd
06-18 17:23:18.412 505 844 D SntpClient: request time failed: java.net.SocketTimeoutException: Poll timed out
06-18 17:23:18.412 505 844 D SntpClient: request time failed
06-18 17:23:18.581 505 844 D SntpClient: round trip: 37ms, clock offset: 150372009ms
06-18 17:23:18.583 505 523 D AlarmManagerService: Setting time of day to sec=1750388970
06-20 11:09:30.644 505 582 E LazyAlarmStore: Removed TIME_TICK alarm
06-20 11:09:30.646 505 533 I DropBoxManagerService: add tag=system_server_wtf isTagEnabled=true flags=0x2
06-20 11:09:30.652 2195 2195 D bbb : onStartCommand begin !!!!!!! data分区剩余 24996MB
06-20 11:09:30.657 505 505 W SyncManager: Clock is valid now.
06-20 11:09:30.665 505 532 E DiscreteRegistry: Deleting file 1750238102504tl
06-20 11:09:30.672 505 505 D ConditionProviders.SCP: onReceive android.intent.action.TIME_SET
06-20 11:09:30.677 505 505 D ConditionProviders.SCP: evaluateSubscriptionLocked cal=ScheduleCalendar[mDays={1, 2, 3, 4, 5, 6, 7}, mSchedule=ScheduleInfo{days=[1, 2, 3, 4, 5, 6, 7], startHour=22, startMinute=0, endHour=7, endMinute=0, exitAtAlarm=true, nextAlarm=Thu Jan 01 08:00:00 GMT+08:00 1970 (0)}], now=Fri Jun 20 11:09:30 GMT+08:00 2025 (1750388970672), nextUserAlarmTime=Thu Jan 01 08:00:00 GMT+08:00 1970 (0)
06-20 11:09:30.677 505 505 D ConditionProviders.SCP: notifyCondition condition://android/schedule?days=1.2.3.4.5.6.7&start=22.0&end=7.0&exitAtAlarm=true STATE_FALSE reason=!meetsSchedule
06-20 11:09:30.678 505 505 D ConditionProviders.SCP: Scheduling evaluate for Fri Jun 20 22:00:00 GMT+08:00 2025 (1750428000000), in +10h50m29s328ms, now=Fri Jun 20 11:09:30 GMT+08:00 2025 (1750388970672)
06-20 11:09:30.692 505 615 D CompatibilityChangeReporter: Compat change id reported: 143231523; UID 1000; state: DISABLED
06-20 11:09:30.699 505 532 I UsageStatsService: User[0] Time changed in by 150372 seconds
06-20 11:09:30.699 505 532 I UsageStatsService: User[0] Flushing usage stats to disk
06-20 11:09:30.711 505 532 I UsageStatsDatabase: Time changed by +1d17h46m12s8ms. files deleted: 0 files moved: 4
06-20 11:09:30.717 505 532 I UsageStatsService: User[0] Rollover scheduled @ 2025-06-21 11:01:10(1750474870134)
06-20 11:09:31.085 649 649 E WifiHAL : wifi_get_link_stats: requestResponse Error:-5
06-20 11:09:31.086 505 602 E WifiVendorHal: getWifiLinkLayerStats_1_5_Internal(l.1191) failed {.code = ERROR_INVALID_ARGS, .description = }
06-20 11:09:31.264 505 525 W IorapForwardingService: No service published for: iorapd
06-20 11:09:32.266 505 525 W IorapForwardingService: No service published for: iorapd
06-20 11:09:32.904 265 280 D hdmi-cec: receive invalid cec message!
06-20 11:09:32.904 265 280 D hdmi-cec: receive poll message [04], skip!
06-20 11:09:33.268 505 525 W IorapForwardingService: No service published for: iorapd
06-20 11:09:33.316 2464 2647 D UtilLog : 日志批量上报 进行正常循环 !!!!!!本次有0次请求,共0条数据
06-20 11:09:33.355 319 6544 D XM_HIDREAD: poll ret=1, event=1
06-20 11:09:33.355 319 6544 D XM_HIDREAD: [9 bytes]:01 00 00 4F 00 00 00 00 00
06-20 11:09:33.355 505 587 D TvWindowManager: key event key = KEYCODE_DPAD_RIGHT down = true
06-20 11:09:33.356 505 586 D GpioService: mFlickerEnable = true
06-20 11:09:33.358 2976 2976 I SogouIME: onKeyDown: keyoCode=22
06-20 11:09:33.358 2976 2976 I DefaultIMS: onKeyDown: keyoCode=22
06-20 11:09:33.404 265 265 I EventThread: type=1400 audit(0.0:2880): avc: denied { search } for name="extcon" dev="sysfs" ino=18109 scontext=u:r:hal_tv_cec_default:s0 tcontext=u:object_r:sysfs_extcon:s0 tclass=dir permissive=1
06-20 11:09:33.514 319 6544 D XM_HIDREAD: poll ret=1, event=1
06-20 11:09:33.514 319 6544 D XM_HIDREAD: [9 bytes]:01 00 00 00 00 00 00 00 00
06-20 11:09:33.514 505 587 D TvWindowManager: key event key = KEYCODE_DPAD_RIGHT down = false
06-20 11:09:33.517 2976 2976 I SogouIME: onKeyUp: keyoCode=22
06-20 11:09:33.517 2976 2976 I DefaultIMS: onKeyUp: keyoCode=22
06-20 11:09:33.765 361 788 I awplayer: : isPlaying
06-20 11:09:33.766 361 788 D awplayer: : stop
06-20 11:09:33.766 361 7278 D awplayer: : ****** PlayerStop
06-20 11:09:33.766 361 7278 D awplayer: : audio render receive cmd: stop
06-20 11:09:33.766 361 7280 I awplayer: : audio render process stop message.
06-20 11:09:33.766 361 7280 D awplayer: : stop sound devide.
06-20 11:09:33.766 361 7280 D awplayer: <__SdStop:561>: : stop
06-20 11:09:33.767 361 7278 D awplayer: : audio decoder receive cmd: stop
06-20 11:09:33.768 361 7279 D awplayer: : destroy libadecoder...
06-20 11:09:33.768 361 7279 D Allwinner Audio Libs: ver : 2017-8-4-18-00 exit successs...
06-20 11:09:33.768 361 7279 D AllwinnerAlibs: ver : 2017-8-4-18-00 ----dlclose so success!
06-20 11:09:33.768 361 7278 D awplayer: : ****** PlayerStop end
06-20 11:09:33.768 361 7278 D awplayer: : audio render receive cmd: quit
06-20 11:09:33.768 361 7280 D awplayer: : audio render process quit message.
06-20 11:09:33.768 361 7280 D awplayer: : stop sound devide.
06-20 11:09:33.768 361 7280 D awplayer: <__SdStop:561>: : stop
06-20 11:09:33.768 361 7280 W awplayer: : Sound device already stopped.
06-20 11:09:33.769 361 7278 D awplayer: : audio decoder receive cmd: quit
06-20 11:09:33.769 361 7278 D awplayer: : libadecoder.so close success......
06-20 11:09:33.770 361 788 D awplayer: : reset
06-20 11:09:33.771 361 788 W awplayer: : reset...
06-20 11:09:33.771 361 7278 D awplayer: : invalid reset() call, player in stopped status.
06-20 11:09:33.771 361 2484 D awplayer: : reset
06-20 11:09:33.772 361 2484 W awplayer: : reset...
06-20 11:09:33.772 361 7278 D awplayer: : invalid reset() call, player in stopped status.
06-20 11:09:33.772 361 2484 W awplayer: : XPlayerDestroy
06-20 11:09:33.772 361 2484 W awplayer: : reset...
06-20 11:09:33.772 361 7278 D awplayer: : invalid reset() call, player in stopped status.
06-20 11:09:33.773 361 2484 D awplayer: <__SdDestroy:110>: : destroy
06-20 11:09:33.773 361 2484 D awplayer: <~AwPlayer:344>: ~AwPlayer
06-20 11:09:33.773 899 899 V MediaPlayer: resetDrmState: mDrmInfo=null mDrmProvisioningThread=null mPrepareDrmInProgress=false mActiveDrmScheme=false
06-20 11:09:33.773 899 899 V MediaPlayer: cleanDrmObj: mDrmObj=null mDrmSessionId=null
06-20 11:09:33.798 2976 2976 I DefaultIMS: onStartInput attribute=android.view.inputmethod.EditorInfo@dae86fe restarting=false inputType: 0
06-20 11:09:34.093 649 649 E WifiHAL : wifi_get_link_stats: requestResponse Error:-5
06-20 11:09:34.094 505 602 E WifiVendorHal: getWifiLinkLayerStats_1_5_Internal(l.1191) failed {.code = ERROR_INVALID_ARGS, .description = }
06-20 11:09:34.269 505 525 W IorapForwardingService: No service published for: iorapd
06-20 11:09:35.270 505 525 W IorapForwardingService: No service published for: iorapd
06-20 11:09:35.696 7009 7009 I rainbow_flow: type=1400 audit(0.0:2881): avc: denied { ioctl } for path="/dev/spidev1.0" dev="tmpfs" ino=6648 ioctlcmd=0x6b00 scontext=u:r:init:s0 tcontext=u:object_r:device:s0 tclass=chr_file permissive=1
06-20 11:09:36.271 505 525 W IorapForwardingService: No service published for: iorapd
06-20 11:09:36.758 249 450 D audio_hw_primary: out_standby
06-20 11:09:37.104 649 649 E WifiHAL : wifi_get_link_stats: requestResponse Error:-5
06-20 11:09:37.105 505 602 E WifiVendorHal: getWifiLinkLayerStats_1_5_Internal(l.1191) failed {.code = ERROR_INVALID_ARGS, .description = }
06-20 11:09:37.273 505 525 W IorapForwardingService: No service published for: iorapd
06-20 11:09:38.275 505 525 W IorapForwardingService: No service published for: iorapd
06-20 11:09:39.242 505 1054 W ZramWriteback: Writeback device is not set
06-20 11:09:39.243 505 1054 D ZramWriteback: wait to flush
06-20 11:09:39.276 505 525 W IorapForwardingService: No service published for: iorapd
06-20 11:09:40.112 649 649 E WifiHAL : wifi_get_link_stats: requestResponse Error:-5
06-20 11:09:40.113 505 602 E WifiVendorHal: getWifiLinkLayerStats_1_5_Internal(l.1191) failed {.code = ERROR_INVALID_ARGS, .description = }
06-20 11:09:40.277 505 525 W IorapForwardingService: No service published for: iorapd
06-20 11:09:40.374 319 6544 D XM_HIDREAD: poll ret=1, event=1
06-20 11:09:40.374 319 6544 D XM_HIDREAD: [9 bytes]:01 00 00 28 00 00 00 00 00
06-20 11:09:40.374 505 587 D TvWindowManager: key event key = KEYCODE_DPAD_CENTER down = true
06-20 11:09:40.375 505 586 D GpioService: mFlickerEnable = true
06-20 11:09:40.474 319 6544 D XM_HIDREAD: poll ret=1, event=1
06-20 11:09:40.474 319 6544 D XM_HIDREAD: [9 bytes]:01 00 00 00 00 00 00 00 00
06-20 11:09:40.474 505 587 D TvWindowManager: key event key = KEYCODE_DPAD_CENTER down = false
06-20 11:09:40.524 505 586 D GpioService: mFlickerEnable = true
06-20 11:09:40.526 2976 2976 I SogouIME: onKeyDown: keyoCode=23
06-20 11:09:40.526 2976 2976 I DefaultIMS: onKeyDown: keyoCode=23
06-20 11:09:40.529 2976 2976 I SogouIME: onKeyUp: keyoCode=23
06-20 11:09:40.529 2976 2976 I DefaultIMS: onKeyUp: keyoCode=23
06-20 11:09:40.532 899 899 V MediaPlayer: resetDrmState: mDrmInfo=null mDrmProvisioningThread=null mPrepareDrmInProgress=false mActiveDrmScheme=false
06-20 11:09:40.532 899 899 V MediaPlayer: cleanDrmObj: mDrmObj=null mDrmSessionId=null
06-20 11:09:40.549 505 524 D AutofillUI: destroySaveUiUiThread(): already destroyed
06-20 11:09:40.549 505 532 D AutofillManagerServiceImpl: Reset component for user 0:
06-20 11:09:40.550 1528 1528 D CompatibilityChangeReporter: Compat change id reported: 150939131; UID 1000; state: DISABLED
06-20 11:09:40.550 1528 1528 D RockyVoice: Far status onChange
06-20 11:09:40.551 505 532 D FieldClassificationStrategy: reset(): service is not bound. Do nothing.
06-20 11:09:40.551 1528 1528 D RockyManager: initFarWakeStatus isMainFarSwitch: false
06-20 11:09:40.551 667 667 D DeviceProvisionedControllerImpl: Setting change: content://settings/global/device_provisioned
06-20 11:09:40.553 667 667 D DeviceProvisionedControllerImpl: Setting change: content://settings/secure/user_setup_complete
06-20 11:09:40.554 505 593 D PackageManager: Instant App installer not found with android.intent.action.INSTALL_INSTANT_APP_PACKAGE
06-20 11:09:40.554 505 593 D PackageManager: Clear ephemeral installer activity
06-20 11:09:40.557 505 593 D PackageManager: Instant App installer not found with android.intent.action.INSTALL_INSTANT_APP_PACKAGE
06-20 11:09:40.557 505 593 D PackageManager: Clear ephemeral installer activity
06-20 11:09:40.563 505 532 D PinnerService: pinRangeStream: null
06-20 11:09:40.571 505 532 D PinnerService: pinRangeStream: null
06-20 11:09:40.571 505 532 D PinnerService: pinRangeStream: null
06-20 11:09:40.573 505 3058 I ActivityStarter: ---START u0 {act=android.intent.action.MAIN cat=[android.intent.category.HOME] flg=0x10000100 cmp=com.softwinner.provision/.DefaultActivity (has extras)} from uid 0
06-20 11:09:40.577 505 3058 D CompatibilityChangeReporter: Compat change id reported: 184838306; UID 10063; state: DISABLED
06-20 11:09:40.578 505 3058 D CompatibilityChangeReporter: Compat change id reported: 185004937; UID 10063; state: DISABLED
06-20 11:09:40.578 505 3058 D CompatibilityChangeReporter: Compat change id reported: 181136395; UID 10063; state: DISABLED
06-20 11:09:40.579 505 3058 D CompatibilityChangeReporter: Compat change id reported: 174042936; UID 10063; state: DISABLED
06-20 11:09:40.579 505 3058 D CompatibilityChangeReporter: Compat change id reported: 174042980; UID 10063; state: DISABLED
06-20 11:09:40.583 505 3058 D ActivityTaskManager: isHomeLauncher info= ActivityInfo{1af62af com.softwinner.provision.DefaultActivity}
06-20 11:09:40.592 505 3058 W System.err: java.io.IOException: Cannot run program "su": error=2, No such file or directory
06-20 11:09:40.593 505 3058 W System.err: at java.lang.ProcessBuilder.start(ProcessBuilder.java:1050)
06-20 11:09:40.593 505 3058 W System.err: at java.lang.Runtime.exec(Runtime.java:694)
06-20 11:09:40.593 505 3058 W System.err: at java.lang.Runtime.exec(Runtime.java:524)
06-20 11:09:40.593 505 3058 W System.err: at java.lang.Runtime.exec(Runtime.java:421)
06-20 11:09:40.593 505 3058 W System.err: at com.android.server.wm.ActivityRecord.executeCMD(ActivityRecord.java:5940)
06-20 11:09:40.593 505 3058 W System.err: at com.android.server.wm.ActivityRecord.isHomeLauncher(ActivityRecord.java:2431)
06-20 11:09:40.593 505 3058 W System.err: at com.android.server.wm.RootWindowContainer.startPowerModeLaunchIfNeeded(RootWindowContainer.java:3653)
06-20 11:09:40.593 505 3058 W System.err: at com.android.server.wm.ActivityStarter.startActivityInner(ActivityStarter.java:1786)
06-20 11:09:40.593 505 3058 W System.err: at com.android.server.wm.ActivityStarter.startActivityUnchecked(ActivityStarter.java:1579)
06-20 11:09:40.593 505 3058 W System.err: at com.android.server.wm.ActivityStarter.executeRequest(ActivityStarter.java:1186)
06-20 11:09:40.593 505 3058 W System.err: at com.android.server.wm.ActivityStarter.execute(ActivityStarter.java:667)
06-20 11:09:40.593 505 3058 W System.err: at com.android.server.wm.ActivityStartController.startHomeActivity(ActivityStartController.java:177)
06-20 11:09:40.593 505 3058 W System.err: at com.android.server.wm.RootWindowContainer.startHomeOnTaskDisplayArea(RootWindowContainer.java:1565)
06-20 11:09:40.593 505 3058 W System.err: at com.android.server.wm.RootWindowContainer.resumeHomeActivity(RootWindowContainer.java:1699)
06-20 11:09:40.594 505 3058 W System.err: at com.android.server.wm.Task.resumeNextFocusableActivityWhenRootTaskIsEmpty(Task.java:6574)
06-20 11:09:40.594 505 3058 W System.err: at com.android.server.wm.Task.resumeTopActivityInnerLocked(Task.java:6184)
06-20 11:09:40.594 505 3058 W System.err: at com.android.server.wm.Task.resumeTopActivityUncheckedLocked(Task.java:6112)
06-20 11:09:40.594 505 3058 W System.err: at com.android.server.wm.Task.resumeTopActivityUncheckedLocked(Task.java:6125)
06-20 11:09:40.594 505 3058 W System.err: at com.android.server.wm.Task.resumeTopActivityUncheckedLocked(Task.java:6157)
06-20 11:09:40.594 505 3058 W System.err: at com.android.server.wm.RootWindowContainer.resumeFocusedTasksTopActivities(RootWindowContainer.java:2387)
06-20 11:09:40.594 505 3058 W System.err: at com.android.server.wm.RootWindowContainer.resumeFocusedTasksTopActivities(RootWindowContainer.java:2334)
06-20 11:09:40.594 505 3058 W System.err: at com.android.server.wm.RootWindowContainer.resumeFocusedTasksTopActivities(RootWindowContainer.java:2329)
06-20 11:09:40.594 505 3058 W System.err: at com.android.server.wm.ActivityRecord.addToFinishingAndWaitForIdle(ActivityRecord.java:3293)
06-20 11:09:40.594 505 3058 W System.err: at com.android.server.wm.ActivityRecord.completeFinishing(ActivityRecord.java:3213)
06-20 11:09:40.594 505 3058 W System.err: at com.android.server.wm.Task.completePauseLocked(Task.java:5864)
06-20 11:09:40.594 505 3058 W System.err: at com.android.server.wm.ActivityRecord.activityPaused(ActivityRecord.java:5541)
06-20 11:09:40.594 505 3058 W System.err: at com.android.server.wm.ActivityClientController.activityPaused(ActivityClientController.java:165)
06-20 11:09:40.594 505 3058 W System.err: at android.app.IActivityClientController$Stub.onTransact(IActivityClientController.java:540)
06-20 11:09:40.594 505 3058 W System.err: at com.android.server.wm.ActivityClientController.onTransact(ActivityClientController.java:111)
06-20 11:09:40.594 505 3058 W System.err: at android.os.Binder.execTransactInternal(Binder.java:1179)
06-20 11:09:40.594 505 3058 W System.err: at android.os.Binder.execTransact(Binder.java:1143)
06-20 11:09:40.594 505 3058 W System.err: Caused by: java.io.IOException: error=2, No such file or directory
06-20 11:09:40.594 505 3058 W System.err: at java.lang.UNIXProcess.forkAndExec(Native Method)
06-20 11:09:40.594 505 3058 W System.err: at java.lang.UNIXProcess.(UNIXProcess.java:133)
06-20 11:09:40.594 505 3058 W System.err: at java.lang.ProcessImpl.start(ProcessImpl.java:141)
06-20 11:09:40.594 505 3058 W System.err: at java.lang.ProcessBuilder.start(ProcessBuilder.java:1029)
06-20 11:09:40.594 505 3058 W System.err: ... 30 more
06-20 11:09:40.595 264 264 I AW_PowerHAL: Power setMode: SUSTAINED_PERFORMANCE to: 1
06-20 11:09:40.596 264 264 W AW_PowerHAL: Could not open nsi-bw: No such file or directory
06-20 11:09:40.596 264 264 I AW_PowerHAL: cur-mode:PERFORMANCE
06-20 11:09:40.597 505 3058 D CompatibilityChangeReporter: Compat change id reported: 168419799; UID 10063; state: DISABLED
06-20 11:09:40.606 505 526 D CompatibilityChangeReporter: Compat change id reported: 135634846; UID 10063; state: DISABLED
06-20 11:09:40.606 505 526 D CompatibilityChangeReporter: Compat change id reported: 177438394; UID 10063; state: DISABLED
06-20 11:09:40.607 505 526 D CompatibilityChangeReporter: Compat change id reported: 135772972; UID 10063; state: DISABLED
06-20 11:09:40.607 505 526 D CompatibilityChangeReporter: Compat change id reported: 135754954; UID 10063; state: ENABLED
06-20 11:09:40.607 505 534 D CompatibilityChangeReporter: Compat change id reported: 143937733; UID 10063; state: ENABLED
06-20 11:09:40.609 278 278 I BpBinder: onLastStrongRef automatically unlinking death recipients:
06-20 11:09:40.624 244 244 D Zygote : Forked child process 7306
06-20 11:09:40.626 505 534 I ActivityManager: app.processName = com.softwinner.provision
06-20 11:09:40.626 505 534 I ActivityManager: Start proc 7306:com.softwinner.provision/u0a63 for top-activity {com.softwinner.provision/com.softwinner.provision.DefaultActivity}
06-20 11:09:40.636 7306 7306 I Zygote : seccomp disabled by setenforce 0
06-20 11:09:40.654 395 407 I adbd : jdwp connection from 7306
06-20 11:09:40.664 505 3058 D AW_CODE : rotation =0
06-20 11:09:40.666 505 3058 D CompatibilityChangeReporter: Compat change id reported: 174042980; UID 10026; state: DISABLED
06-20 11:09:40.667 505 3058 D CompatibilityChangeReporter: Compat change id reported: 184838306; UID 10026; state: DISABLED
06-20 11:09:40.667 505 3058 D CompatibilityChangeReporter: Compat change id reported: 185004937; UID 10026; state: DISABLED
06-20 11:09:40.679 505 532 I UsageStatsService: Time changed in by 150372 seconds
06-20 11:09:40.679 7306 7306 D CompatibilityChangeReporter: Compat change id reported: 171979766; UID 10063; state: ENABLED
06-20 11:09:40.688 7306 7306 I inner.provision: type=1400 audit(0.0:2882): avc: denied { getattr } for path="/data/data/com.softwinner.provision" dev="mmcblk0p25" ino=653 scontext=u:r:platform_app:s0:c512,c768 tcontext=u:object_r:app_data_file:s0:c512,c768 tclass=dir permissive=1 app=com.softwinner.provision
06-20 11:09:40.700 667 667 D TvPipController: onTaskStackChanged()
06-20 11:09:40.700 7306 7306 I inner.provision: type=1400 audit(0.0:2883): avc: denied { search } for name="com.softwinner.provision" dev="mmcblk0p25" ino=653 scontext=u:r:platform_app:s0:c512,c768 tcontext=u:object_r:app_data_file:s0:c512,c768 tclass=dir permissive=1 app=com.softwinner.provision
06-20 11:09:40.704 7306 7306 V GraphicsEnvironment: ANGLE Developer option for 'com.softwinner.provision' set to: 'default'
06-20 11:09:40.704 7306 7306 V GraphicsEnvironment: Neither updatable production driver nor prerelease driver is supported.
06-20 11:09:40.705 7306 7306 D NetworkSecurityConfig: No Network Security Config specified, using platform default
06-20 11:09:40.706 7306 7306 D NetworkSecurityConfig: No Network Security Config specified, using platform default
06-20 11:09:40.722 7306 7306 W Provision: Using value 0 for property tmp_provision_set_do
06-20 11:09:40.722 7306 7306 I Provision: Setting provisioning state
06-20 11:09:40.731 1528 1528 D RockyVoice: Far status onChange
06-20 11:09:40.731 505 532 D AutofillManagerServiceImpl: Reset component for user 0:
06-20 11:09:40.732 1528 1528 D RockyManager: initFarWakeStatus isMainFarSwitch: false
06-20 11:09:40.732 505 532 D AutofillManagerServiceImpl: Reset component for user 0:
06-20 11:09:40.732 505 532 D FieldClassificationStrategy: reset(): service is not bound. Do nothing.
06-20 11:09:40.733 505 524 D AutofillUI: destroySaveUiUiThread(): already destroyed
06-20 11:09:40.733 7306 7306 I Provision: Disabling itself (ComponentInfo{com.softwinner.provision/com.softwinner.provision.DefaultActivity})
06-20 11:09:40.733 505 524 D AutofillUI: destroySaveUiUiThread(): already destroyed
06-20 11:09:40.734 667 667 D DeviceProvisionedControllerImpl: Setting change: content://settings/global/device_provisioned
06-20 11:09:40.735 505 2448 D PackageManager: Instant App installer not found with android.intent.action.INSTALL_INSTANT_APP_PACKAGE
06-20 11:09:40.735 505 2448 D PackageManager: Clear ephemeral installer activity
06-20 11:09:40.737 667 667 D DeviceProvisionedControllerImpl: Setting change: content://settings/secure/user_setup_complete
06-20 11:09:40.739 505 532 D PinnerService: pinRangeStream: null
06-20 11:09:40.784 505 7012 I ActivityStarter: ---START u0 {act=android.intent.action.MAIN cat=[android.intent.category.HOME] flg=0x10000100 cmp=com.dangbei.leard.leradlauncher/com.dangbei.launcher.home.LauncherActivity (has extras)} from uid 0
06-20 11:09:40.788 505 532 D PinnerService: pinRangeStream: null
06-20 11:09:40.788 505 532 D PinnerService: pinRangeStream: null
06-20 11:09:40.789 505 7012 D CompatibilityChangeReporter: Compat change id reported: 174042980; UID 1000; state: DISABLED
06-20 11:09:40.794 505 7012 D ActivityTaskManager: isHomeLauncher info= ActivityInfo{9d9d687 com.dangbei.launcher.home.LauncherActivity}
06-20 11:09:40.803 505 7012 W System.err: java.io.IOException: Cannot run program "su": error=2, No such file or directory
06-20 11:09:40.803 505 7012 W System.err: at java.lang.ProcessBuilder.start(ProcessBuilder.java:1050)
06-20 11:09:40.803 505 7012 W System.err: at java.lang.Runtime.exec(Runtime.java:694)
06-20 11:09:40.803 505 7012 W System.err: at java.lang.Runtime.exec(Runtime.java:524)
06-20 11:09:40.803 505 7012 W System.err: at java.lang.Runtime.exec(Runtime.java:421)
06-20 11:09:40.803 505 7012 W System.err: at com.android.server.wm.ActivityRecord.executeCMD(ActivityRecord.java:5940)
06-20 11:09:40.803 505 7012 W System.err: at com.android.server.wm.ActivityRecord.isHomeLauncher(ActivityRecord.java:2431)
06-20 11:09:40.803 505 7012 W System.err: at com.android.server.wm.RootWindowContainer.startPowerModeLaunchIfNeeded(RootWindowContainer.java:3653)
06-20 11:09:40.803 505 7012 W System.err: at com.android.server.wm.ActivityStarter.startActivityInner(ActivityStarter.java:1786)
06-20 11:09:40.803 505 7012 W System.err: at com.android.server.wm.ActivityStarter.startActivityUnchecked(ActivityStarter.java:1579)
06-20 11:09:40.803 505 7012 W System.err: at com.android.server.wm.ActivityStarter.executeRequest(ActivityStarter.java:1186)
06-20 11:09:40.803 505 7012 W System.err: at com.android.server.wm.ActivityStarter.execute(ActivityStarter.java:667)
06-20 11:09:40.803 505 7012 W System.err: at com.android.server.wm.ActivityStartController.startHomeActivity(ActivityStartController.java:177)
06-20 11:09:40.803 505 7012 W System.err: at com.android.server.wm.RootWindowContainer.startHomeOnTaskDisplayArea(RootWindowContainer.java:1565)
06-20 11:09:40.804 505 7012 W System.err: at com.android.server.wm.RootWindowContainer.resumeHomeActivity(RootWindowContainer.java:1699)
06-20 11:09:40.804 505 7012 W System.err: at com.android.server.wm.Task.resumeNextFocusableActivityWhenRootTaskIsEmpty(Task.java:6574)
06-20 11:09:40.804 505 7012 W System.err: at com.android.server.wm.Task.resumeTopActivityInnerLocked(Task.java:6184)
06-20 11:09:40.804 505 7012 W System.err: at com.android.server.wm.Task.resumeTopActivityUncheckedLocked(Task.java:6112)
06-20 11:09:40.804 505 7012 W System.err: at com.android.server.wm.Task.resumeTopActivityUncheckedLocked(Task.java:6125)
06-20 11:09:40.804 505 7012 W System.err: at com.android.server.wm.Task.resumeTopActivityUncheckedLocked(Task.java:6157)
06-20 11:09:40.804 505 7012 W System.err: at com.android.server.wm.RootWindowContainer.resumeFocusedTasksTopActivities(RootWindowContainer.java:2387)
06-20 11:09:40.804 505 7012 W System.err: at com.android.server.wm.RootWindowContainer.resumeFocusedTasksTopActivities(RootWindowContainer.java:2334)
06-20 11:09:40.804 505 7012 W System.err: at com.android.server.wm.RootWindowContainer.resumeFocusedTasksTopActivities(RootWindowContainer.java:2329)
06-20 11:09:40.804 505 7012 W System.err: at com.android.server.wm.ActivityRecord.addToFinishingAndWaitForIdle(ActivityRecord.java:3293)
06-20 11:09:40.804 505 7012 W System.err: at com.android.server.wm.ActivityRecord.completeFinishing(ActivityRecord.java:3213)
06-20 11:09:40.804 505 7012 W System.err: at com.android.server.wm.Task.completePauseLocked(Task.java:5864)
06-20 11:09:40.804 505 7012 W System.err: at com.android.server.wm.ActivityRecord.activityPaused(ActivityRecord.java:5541)
06-20 11:09:40.804 505 7012 W System.err: at com.android.server.wm.ActivityClientController.activityPaused(ActivityClientController.java:165)
06-20 11:09:40.804 505 7012 W System.err: at android.app.IActivityClientController$Stub.onTransact(IActivityClientController.java:540)
