06-18 17:14:56.422 659 945 I bt_stack: [INFO:connection_handler.cc(219)] virtual bool bluetooth::avrcp::ConnectionHandler::AvrcpConnect(bool, const RawAddress &): handle=0000 status= 000000
06-18 17:14:56.424 265 265 D hdmi-cec: cec physical address: 2.0.0.0
06-18 17:14:56.426 659 659 E AvrcpTargetService: Please use AVRCP version 1.6 to enable cover art
06-18 17:14:56.438 659 659 V BluetoothHidDeviceServiceJni: classInitNative: done
06-18 17:14:56.438 659 659 V BluetoothHidDeviceServiceJni: initNative enter
06-18 17:14:56.438 659 659 I bt_btif : system/bt/btif/src/bluetooth.cc:417 get_profile_interface: get_profile_interface: id = hiddev
06-18 17:14:56.438 659 659 I bt_btif_storage: system/bt/btif/src/btif_storage.cc:661 btif_storage_get_adapter_property: btif_storage_get_adapter_property service_mask:0x60100048
06-18 17:14:56.439 659 659 V BluetoothHidDeviceServiceJni: initNative done
06-18 17:14:56.458 659 659 D BtOppService: setBluetoothOppService(): set to: com.android.bluetooth.opp.BluetoothOppService@12a55f0
06-18 17:14:56.464 659 659 I BluetoothPbapService: setCurrentUser(0)
06-18 17:14:56.478 667 667 D TvPipController: onTaskStackChanged()
06-18 17:14:56.486 505 639 W HdmiCecController: Failed to send 45:7D with errorCode=1
06-18 17:14:56.488 659 659 D BluetoothPbapService: setBluetoothPbapService(): set to: com.android.bluetooth.pbap.BluetoothPbapService@c7dc87
06-18 17:14:56.490 659 659 D AvrcpVolumeManager: onAudioDevicesAdded: Not expecting device changed
06-18 17:14:56.493 659 994 D ObexServerSockets: create(rfcomm = -2, l2capPsm = -2)
06-18 17:14:56.496 659 659 D CompatibilityChangeReporter: Compat change id reported: 150939131; UID 1002; state: ENABLED
06-18 17:14:56.497 659 995 W ActivityThread: Failed to find provider info for com.android.contacts (user not unlocked)
06-18 17:14:56.497 659 995 D BluetoothPbapUtils: Failed to fetch contacts data from database..
06-18 17:14:56.498 659 994 I bt_btif_sock_rfcomm: system/bt/btif/src/btif_sock_rfc.cc:303 btsock_rfc_listen: Adding listening socket service_name: (null) - channel: -2
06-18 17:14:56.499 659 945 I bt_stack: [INFO:port_api.cc(234)] RFCOMM_CreateConnection: bd_addr=ff:ff:ff:ff:ff:ff, scn=4, is_server=1, mtu=990, uuid=000000, dlci=8, signal_state=0x0b, p_port=0xc1969b84
06-18 17:14:56.503 659 659 D AdapterProperties: onBluetoothReady, state=TURNING_ON, ScanMode=20
06-18 17:14:56.506 659 994 I bluetooth: system/bt/btif/src/btif_sock_l2cap.cc:316 btsock_l2cap_alloc_l: Allocated l2cap socket structure socket_id:1
06-18 17:14:56.506 659 945 I bt_l2cap: system/bt/stack/l2cap/l2c_api.cc:134 L2CA_Register: L2CAP Registered service classic PSM: 0x1001
06-18 17:14:56.506 659 945 I bluetooth: system/bt/btif/src/btif_sock_l2cap.cc:341 send_app_psm_or_chan_l: Sending l2cap socket socket_id:1 channel:4097
06-18 17:14:56.507 659 994 D BluetoothAdapter: listenUsingL2capOn: set assigned channel to 4097
06-18 17:14:56.507 659 994 D ObexServerSockets: Succeed to create listening sockets
06-18 17:14:56.507 659 994 D ObexServerSockets0: startAccept()
06-18 17:14:56.509 659 659 D BluetoothAdapterService: updateUuids() - Updating UUIDs for bonded devices
06-18 17:14:56.512 659 659 I BluetoothAdapterService: initProfileServices: Initializing all bluetooth profile services
06-18 17:14:56.512 659 659 I BluetoothA2dpSinkServiceJni: classInitNative: succeeds
06-18 17:14:56.512 659 659 W HeadsetClientService: getHeadsetClientService(): service is null
06-18 17:14:56.513 659 659 W MapClientService: getMapClientService(): service is null
06-18 17:14:56.513 659 659 W PbapClientService: getPbapClientService(): service is null
06-18 17:14:56.513 659 659 W HearingAidService: getHearingAidService(): service is NULL
06-18 17:14:56.513 659 659 W SapService: getSapService(): service is null
06-18 17:14:56.514 659 759 I AdapterState: ON : entered
06-18 17:14:56.515 659 759 D AdapterProperties: Setting state to ON
06-18 17:14:56.516 659 759 D BluetoothAdapterService: updateAdapterState() - Broadcasting state ON to 1 receivers.
06-18 17:14:56.519 505 525 D BluetoothManagerService: MESSAGE_BLUETOOTH_STATE_CHANGE: TURNING_ON > ON
06-18 17:14:56.520 505 525 D BluetoothManagerService: Broadcasting onBluetoothStateChange(true) to 4 receivers.
06-18 17:14:56.520 505 525 D BluetoothHeadset: onBluetoothStateChange: up=true
06-18 17:14:56.521 505 525 D BluetoothManagerService: Creating new ProfileServiceConnections object for profile: 1
06-18 17:14:56.523 505 834 D PackageManager: Instant App installer not found with android.intent.action.INSTALL_INSTANT_APP_PACKAGE
06-18 17:14:56.523 659 769 D AdapterProperties: Scan Mode:21
06-18 17:14:56.523 659 994 D BluetoothSdpJni: sdpCreatePbapPseRecordNative
06-18 17:14:56.523 659 769 D AdapterProperties: Discoverable Timeout:120
06-18 17:14:56.524 659 769 D AdapterProperties: mLocalIOCapability set to 1
06-18 17:14:56.524 659 769 D AdapterProperties: mLocalIOCapabilityBLE set to 4
06-18 17:14:56.524 505 834 D PackageManager: Clear ephemeral installer activity
06-18 17:14:56.524 659 945 I bt_bta_dm: system/bt/bta/dm/bta_dm_act.cc:3191 bta_dm_eir_update_uuid: EIR Adding UUID=0x112F into extended inquiry response
06-18 17:14:56.524 659 945 I bt_bta_dm: system/bt/bta/dm/bta_dm_act.cc:2890 bta_dm_set_eir: Generating extended inquiry response packet EIR
06-18 17:14:56.524 659 998 D ObexServerSockets0: Accepting socket connection...
06-18 17:14:56.526 659 994 D BluetoothSdpJni: SDP Create record success - handle: 0
06-18 17:14:56.526 659 994 D BluetoothPbapService: created Sdp record, mSdpHandle=0
06-18 17:14:56.528 659 999 D ObexServerSockets0: Accepting socket connection...
06-18 17:14:56.532 505 525 D BluetoothManagerService: Sending BLE State Change: TURNING_ON > ON
06-18 17:14:56.534 505 525 D BluetoothManagerService: Sending State Change: TURNING_ON > ON
06-18 17:14:56.545 659 773 D BluetoothActiveDeviceManager: handleMessage(MESSAGE_ADAPTER_ACTION_STATE_CHANGED): newState=12
06-18 17:14:56.546 659 659 D BluetoothAdapterService: isQuetModeEnabled() - Enabled = false
06-18 17:14:56.546 659 659 I BluetoothPhonePolicy: autoConnect: Initiate auto connection on BT on...
06-18 17:14:56.546 659 659 D BluetoothDatabase: getMostRecentlyConnectedA2dpDevice: Invalid address for device LocalStorage
06-18 17:14:56.546 659 659 E BluetoothPhonePolicy: autoConnect: most recently active a2dp device is null
06-18 17:14:56.551 667 783 D LocalBluetoothProfileManager: Adding local A2DP profile
06-18 17:14:56.555 659 659 D BtOppService: start Socket Listeners
06-18 17:14:56.556 659 659 D BtOppService: stopListeners: mServerSocket is null
06-18 17:14:56.556 659 659 D ObexServerSockets: create(rfcomm = -2, l2capPsm = -2)
06-18 17:14:56.561 659 659 I bt_btif_sock_rfcomm: system/bt/btif/src/btif_sock_rfc.cc:303 btsock_rfc_listen: Adding listening socket service_name: (null) - channel: -2
06-18 17:14:56.561 659 945 I bt_stack: [INFO:port_api.cc(234)] RFCOMM_CreateConnection: bd_addr=ff:ff:ff:ff:ff:ff, scn=5, is_server=1, mtu=990, uuid=000000, dlci=10, signal_state=0x0b, p_port=0xc1969c0c
06-18 17:14:56.564 659 659 D BluetoothAdapter: listenUsingInsecureL2capOn: port=-2
06-18 17:14:56.566 659 659 I bluetooth: system/bt/btif/src/btif_sock_l2cap.cc:316 btsock_l2cap_alloc_l: Allocated l2cap socket structure socket_id:2
06-18 17:14:56.566 659 945 I bt_l2cap: system/bt/stack/l2cap/l2c_api.cc:134 L2CA_Register: L2CAP Registered service classic PSM: 0x1003
06-18 17:14:56.566 659 945 I bluetooth: system/bt/btif/src/btif_sock_l2cap.cc:341 send_app_psm_or_chan_l: Sending l2cap socket socket_id:2 channel:4099
06-18 17:14:56.566 659 659 D BluetoothAdapter: listenUsingInsecureL2capOn: set assigned channel to 4099
06-18 17:14:56.566 659 659 D ObexServerSockets: Succeed to create listening sockets
06-18 17:14:56.566 659 659 D ObexServerSockets1: startAccept()
06-18 17:14:56.569 659 1003 D ObexServerSockets1: Accepting socket connection...
06-18 17:14:56.571 659 659 D BluetoothSdpJni: sdpCreateOppOpsRecordNative
06-18 17:14:56.571 659 659 D BluetoothSdpJni: SDP Create record success - handle: 1
06-18 17:14:56.571 659 659 D BtOppService: mOppSdpHandle :1
06-18 17:14:56.571 659 945 I bt_bta_dm: system/bt/bta/dm/bta_dm_act.cc:3191 bta_dm_eir_update_uuid: EIR Adding UUID=0x1105 into extended inquiry response
06-18 17:14:56.571 659 945 I bt_bta_dm: system/bt/bta/dm/bta_dm_act.cc:2890 bta_dm_set_eir: Generating extended inquiry response packet EIR
06-18 17:14:56.573 667 783 D BluetoothA2dp: Binding service...
06-18 17:14:56.575 659 1004 D ObexServerSockets1: Accepting socket connection...
06-18 17:14:56.581 667 783 D LocalBluetoothProfileManager: Adding local HEADSET profile
06-18 17:14:56.581 667 667 D BluetoothA2dp: Proxy object connected
06-18 17:14:56.587 667 783 D LocalBluetoothProfileManager: Adding local MAP profile
06-18 17:14:56.588 667 783 D BluetoothMap: Create BluetoothMap proxy object
06-18 17:14:56.589 667 783 D BluetoothMap: Binding service...
06-18 17:14:56.594 667 667 D BluetoothMap: Proxy object connected
06-18 17:14:56.594 667 667 D BluetoothMap: getConnectedDevices()
06-18 17:14:56.596 667 783 D LocalBluetoothProfileManager: Adding local OPP profile
06-18 17:14:56.597 667 783 D LocalBluetoothProfileManager: Adding local HID_HOST profile
06-18 17:14:56.598 667 783 D BluetoothHidHost: Binding service...
06-18 17:14:56.603 667 783 D LocalBluetoothProfileManager: Adding local HID_DEVICE profile
06-18 17:14:56.603 667 667 D BluetoothHidHost: Proxy object connected
06-18 17:14:56.605 667 783 D BluetoothHidDevice: Binding service...
06-18 17:14:56.607 667 783 D LocalBluetoothProfileManager: Adding local PAN profile
06-18 17:14:56.608 667 667 D BluetoothHidDevice: Proxy object connected
06-18 17:14:56.609 667 783 D BluetoothPan: Binding service...
06-18 17:14:56.612 667 783 D LocalBluetoothProfileManager: Adding local PBAP profile
06-18 17:14:56.612 667 667 D BluetoothPan: Proxy object connected
06-18 17:14:56.632 505 525 D BluetoothHeadset: Proxy object connected
06-18 17:14:56.636 505 620 I AS.BtHelper: setBtScoActiveDevice: (null) -> (null)
06-18 17:14:56.638 667 667 D TvPipController: onTaskStackChanged()
06-18 17:14:56.671 505 750 W WindowManager: Failed looking up window session=Session{a762718 899:u0a10026} callers=com.android.server.wm.WindowManagerService.windowForClientLocked:5702 com.android.server.wm.Session.insetsModified:629 android.view.IWindowSession$Stub.onTransact:1151
06-18 17:14:56.686 361 788 D awplayer: : setLooping
06-18 17:14:56.688 361 361 D awplayer: : setLooping
06-18 17:14:56.688 361 361 D awplayer: : start
06-18 17:14:56.688 667 701 D BluetoothHeadset: Proxy object connected
06-18 17:14:56.689 361 361 W awplayer: : input invalid args.
06-18 17:14:56.689 361 361 D awplayer: : start
06-18 17:14:56.689 361 975 D awplayer: : process message XPLAYER_COMMAND_START.
06-18 17:14:56.689 361 975 D awplayer: : player start
06-18 17:14:56.690 361 975 D awplayer: : audio decoder receive cmd: start
06-18 17:14:56.690 361 976 D Allwinner Audio Middle Layer: ver : 2017-8-4-18-00 Create Decoder!!=====
06-18 17:14:56.690 361 976 D awplayer: : Create libadecoder success...
06-18 17:14:56.690 361 976 D Allwinner Audio Middle Layer: ver : 2017-8-4-18-00 AudioDec_Installaudiolib ok
06-18 17:14:56.690 361 976 D Allwinner Audio Middle Layer: ver : 2017-8-4-18-00 audio decoder init start ...
06-18 17:14:56.690 361 976 D AllwinnerAlibs: ver : 2017-8-4-18-00
06-18 17:14:56.690 361 976 D AllwinnerAlibs: >>>>>>>>>>>>>>>>>>>>>>>>>>>>>>> Audio <<<<<<<<<<<<<<<<<<<<<<<<<<<<<<<
06-18 17:14:56.690 361 976 D AllwinnerAlibs: tag : audiocodec-v1.2
06-18 17:14:56.690 361 976 D AllwinnerAlibs: branch: new
06-18 17:14:56.690 361 976 D AllwinnerAlibs: commit: 3ba65962c01cbf1280ddda19d843009b6ef8ce85
06-18 17:14:56.690 361 976 D AllwinnerAlibs: date : Tue Jan 8 16:25:27 2019 +0800
06-18 17:14:56.690 361 976 D AllwinnerAlibs: ----------------------------------------------------------------------
06-18 17:14:56.691 361 976 D AllwinnerAlibs: ver : 2017-8-4-18-00 ----Loading so success!
06-18 17:14:56.691 361 976 D AllwinnerAlibs: ver : 2017-8-4-18-00 *************pAudioStreamInfo start******************
06-18 17:14:56.691 361 976 D AllwinnerAlibs: ver : 2017-8-4-18-00 eCodecFormat :id(3), name(mpeg layer-III)
06-18 17:14:56.691 361 976 D AllwinnerAlibs: ver : 2017-8-4-18-00 eSubCodecFormat :0
06-18 17:14:56.691 361 976 D AllwinnerAlibs: ver : 2017-8-4-18-00 nChannelNum :1
06-18 17:14:56.691 361 976 D AllwinnerAlibs: ver : 2017-8-4-18-00 nBitsPerSample :16
06-18 17:14:56.691 361 976 D AllwinnerAlibs: ver : 2017-8-4-18-00 nSampleRate :16000
06-18 17:14:56.691 361 976 D AllwinnerAlibs: ver : 2017-8-4-18-00 nAvgBitrate :48000
06-18 17:14:56.691 361 976 D AllwinnerAlibs: ver : 2017-8-4-18-00 nMaxBitRate :48000
06-18 17:14:56.691 361 976 D AllwinnerAlibs: ver : 2017-8-4-18-00 nFileSize :0
06-18 17:14:56.691 361 976 D AllwinnerAlibs: ver : 2017-8-4-18-00 eAudioBitstreamSource:0
06-18 17:14:56.691 361 976 D AllwinnerAlibs: ver : 2017-8-4-18-00 eDataEncodeType :0
06-18 17:14:56.691 361 976 D AllwinnerAlibs: ver : 2017-8-4-18-00 nCodecSpecificDataLen:0
06-18 17:14:56.691 361 976 D AllwinnerAlibs: ver : 2017-8-4-18-00 pCodecSpecificData :0x0
06-18 17:14:56.691 361 976 D AllwinnerAlibs: ver : 2017-8-4-18-00 nFlags :0
06-18 17:14:56.691 361 976 D AllwinnerAlibs: ver : 2017-8-4-18-00 nBlockAlign :0
06-18 17:14:56.691 361 976 D AllwinnerAlibs: ver : 2017-8-4-18-00 *************pAudioStreamInfo end ******************
06-18 17:14:56.692 361 976 D Allwinner Audio Libs: ver : 2017-8-4-18-00 init successs...
06-18 17:14:56.692 361 976 D Allwinner Audio Middle Layer: ver : 2017-8-4-18-00 AUDIO DECODE INIT OK...0
06-18 17:14:56.692 361 975 D awplayer: : audio render receive cmd: start
06-18 17:14:56.692 361 977 I awplayer: : audio render process start message.
06-18 17:14:56.692 361 977 D awplayer: : init sound device.
06-18 17:14:56.692 361 977 D awplayer: : set sound devide param, sample rate = 16000, channel num = 1.
06-18 17:14:56.692 361 977 W awplayer: : message 0x40a not handled.
06-18 17:14:56.692 361 974 D demuxComponent: : process message DEMUX_COMMAND_START.
06-18 17:14:56.693 361 974 W awplayer: : eos...
06-18 17:14:56.693 361 974 D awplayer: : audio decoder receive cmd: eos
06-18 17:14:56.697 361 976 D awplayer: : audio render receive cmd: eos
06-18 17:14:56.697 361 977 I awplayer: : audio render process set_eos message.
06-18 17:14:56.697 361 977 D awplayer: : start sound device.
06-18 17:14:56.697 361 977 D awplayer: <__SdStart:279>: : start
06-18 17:14:56.704 899 899 I Thread-2: type=1400 audit(0.0:370): avc: denied { search } for name="net" dev="sysfs" ino=10442 scontext=u:r:platform_app:s0:c512,c768 tcontext=u:object_r:sysfs_net:s0 tclass=dir permissive=1 app=com.dangbei.hqguide
06-18 17:14:56.708 899 899 I Thread-2: type=1400 audit(0.0:371): avc: denied { read } for name="address" dev="sysfs" ino=16906 scontext=u:r:platform_app:s0:c512,c768 tcontext=u:object_r:sysfs_net:s0 tclass=file permissive=1 app=com.dangbei.hqguide
06-18 17:14:56.708 899 899 I Thread-2: type=1400 audit(0.0:372): avc: denied { open } for path="/sys/devices/virtual/net/dummy0/address" dev="sysfs" ino=16906 scontext=u:r:platform_app:s0:c512,c768 tcontext=u:object_r:sysfs_net:s0 tclass=file permissive=1 app=com.dangbei.hqguide
06-18 17:14:56.708 899 899 I Thread-2: type=1400 audit(0.0:373): avc: denied { getattr } for path="/sys/devices/virtual/net/dummy0/address" dev="sysfs" ino=16906 scontext=u:r:platform_app:s0:c512,c768 tcontext=u:object_r:sysfs_net:s0 tclass=file permissive=1 app=com.dangbei.hqguide
06-18 17:14:56.710 270 442 D AudioFlinger: Client defaulted notificationFrames to 870 for frameCount 1740
06-18 17:14:56.713 270 442 D AF::TrackHandle: OpPlayAudio: track:55 usage:1 not muted
06-18 17:14:56.717 899 899 D BluetoothAdapter: isLeEnabled(): ON
06-18 17:14:56.726 361 977 D awplayer: : audio device start end
06-18 17:14:56.726 361 977 D awplayer: : first audio pts = 0
06-18 17:14:56.726 659 945 I bluetooth: system/bt/stack/gatt/gatt_api.cc:1019 GATT_Register: Allocated name:GattClient uuid:b6bf6944-0676-2e30-5d43-1758163d56ee gatt_if:5 eatt_support:0
06-18 17:14:56.730 249 1011 D audio_hw_primary: start_output_stream out->format : 0x00000000
06-18 17:14:56.730 249 1011 V audio_hw_primary: start_output_stream, line: 1503
06-18 17:14:56.730 249 1011 V audio_hw_primary: use AUDIO_CODEC to playback audio
06-18 17:14:56.730 249 1011 D audio_route: Apply path: media-speaker-headphones
06-18 17:14:56.730 249 1011 D audio_route: Apply path: media-headset-mic
06-18 17:14:56.730 249 1011 D audio_hw_primary: open card=0, port=0
06-18 17:14:56.730 249 1011 D audio_hw_primary: config:2 44100 960 2 0 5760 1 0
06-18 17:14:56.730 249 1011 D audio_hw_primary: set_raw_flag(card=0, raw_flag=1)
06-18 17:14:56.728 249 249 I writer : type=1400 audit(0.0:374): avc: denied { read } for name="u:object_r:default_prop:s0" dev="tmpfs" ino=6319 scontext=u:r:hal_audio_default:s0 tcontext=u:object_r:default_prop:s0 tclass=file permissive=1
06-18 17:14:56.728 249 249 I writer : type=1400 audit(0.0:375): avc: denied { open } for path="/dev/__properties__/u:object_r:default_prop:s0" dev="tmpfs" ino=6319 scontext=u:r:hal_audio_default:s0 tcontext=u:object_r:default_prop:s0 tclass=file permissive=1
06-18 17:14:56.728 249 249 I writer : type=1400 audit(0.0:376): avc: denied { getattr } for path="/dev/__properties__/u:object_r:default_prop:s0" dev="tmpfs" ino=6319 scontext=u:r:hal_audio_default:s0 tcontext=u:object_r:default_prop:s0 tclass=file permissive=1
06-18 17:14:56.731 249 1011 V audio_hw_primary: do not use out resampler
06-18 17:14:56.728 249 249 I writer : type=1400 audit(0.0:377): avc: denied { map } for path="/dev/__properties__/u:object_r:default_prop:s0" dev="tmpfs" ino=6319 scontext=u:r:hal_audio_default:s0 tcontext=u:object_r:default_prop:s0 tclass=file permissive=1
06-18 17:14:56.731 899 923 D BluetoothLeScanner: onScannerRegistered() - status=0 scannerId=5 mScannerId=0
06-18 17:14:56.752 659 675 W UnsafeUtil: platform method missing - proto runtime falling back to safer methods: java.lang.NoSuchMethodException: sun.misc.Unsafe.copyMemory [class java.lang.Object, long, class java.lang.Object, long, long]
06-18 17:14:56.756 270 445 D AudioFlinger: mixer(0xf2492ac0) throttle end: throttle time(8)
06-18 17:14:56.828 505 505 I Binder:505_3: type=1400 audit(0.0:378): avc: denied { read } for name="u:object_r:vendor_default_prop:s0" dev="tmpfs" ino=6471 scontext=u:r:system_server:s0 tcontext=u:object_r:vendor_default_prop:s0 tclass=file permissive=1
06-18 17:14:56.828 505 505 I Binder:505_3: type=1400 audit(0.0:379): avc: denied { open } for path="/dev/__properties__/u:object_r:vendor_default_prop:s0" dev="tmpfs" ino=6471 scontext=u:r:system_server:s0 tcontext=u:object_r:vendor_default_prop:s0 tclass=file permissive=1
06-18 17:14:56.828 505 505 I Binder:505_3: type=1400 audit(0.0:380): avc: denied { getattr } for path="/dev/__properties__/u:object_r:vendor_default_prop:s0" dev="tmpfs" ino=6471 scontext=u:r:system_server:s0 tcontext=u:object_r:vendor_default_prop:s0 tclass=file permissive=1
06-18 17:14:56.828 505 505 I Binder:505_3: type=1400 audit(0.0:381): avc: denied { map } for path="/dev/__properties__/u:object_r:vendor_default_prop:s0" dev="tmpfs" ino=6471 scontext=u:r:system_server:s0 tcontext=u:object_r:vendor_default_prop:s0 tclass=file permissive=1
06-18 17:14:56.830 505 527 D CompatibilityChangeReporter: Compat change id reported: 158002302; UID 10026; state: ENABLED
06-18 17:14:56.835 278 595 W ServiceManager: Permission failure: android.permission.ACCESS_SURFACE_FLINGER from uid=10026 pid=899
06-18 17:14:56.835 278 595 D PermissionCache: checking android.permission.ACCESS_SURFACE_FLINGER for uid=10026 => denied (855 us)
06-18 17:14:56.836 278 595 W ServiceManager: Permission failure: android.permission.ROTATE_SURFACE_FLINGER from uid=10026 pid=899
06-18 17:14:56.836 278 595 D PermissionCache: checking android.permission.ROTATE_SURFACE_FLINGER for uid=10026 => denied (883 us)
06-18 17:14:56.849 182 182 I hwservicemanager: getTransport: Cannot find entry android.hardware.configstore@1.0::ISurfaceFlingerConfigs/default in either framework or device VINTF manifest.
06-18 17:14:56.866 278 595 E HWComposer: getSupportedContentTypes: getSupportedContentTypes failed for display 0: Unsupported (8)
06-18 17:14:56.868 182 182 I hwservicemanager: getTransport: Cannot find entry android.hardware.graphics.mapper@4.0::IMapper/default in either framework or device VINTF manifest.
06-18 17:14:56.868 899 1020 I Gralloc4: mapper 4.x is not supported
06-18 17:14:56.869 182 182 I hwservicemanager: getTransport: Cannot find entry android.hardware.graphics.mapper@3.0::IMapper/default in either framework or device VINTF manifest.
06-18 17:14:56.869 899 1020 W Gralloc3: mapper 3.x is not supported
06-18 17:14:56.875 899 1020 E gralloc : Arm Module v1.0
06-18 17:14:56.877 182 182 I hwservicemanager: getTransport: Cannot find entry android.hardware.graphics.allocator@4.0::IAllocator/default in either framework or device VINTF manifest.
06-18 17:14:56.877 899 1020 W Gralloc4: allocator 4.x is not supported
06-18 17:14:56.877 182 182 I hwservicemanager: getTransport: Cannot find entry android.hardware.graphics.allocator@3.0::IAllocator/default in either framework or device VINTF manifest.
06-18 17:14:56.877 899 1020 W Gralloc3: allocator 3.x is not supported
06-18 17:14:56.879 257 290 I gralloc : alloc buffer:W:1920 H:1080 S:1920 PL[1920 1080] SZ:8294400 fmt:1 if:0 af:1 usg:20000b00 fg:00000004
06-18 17:14:56.880 899 1020 E ion : ioctl c0044901 failed with code -1: Inappropriate ioctl for device
06-18 17:14:56.881 257 290 I gralloc : alloc buffer:W:1920 H:1080 S:1920 PL[1920 1080] SZ:8294400 fmt:1 if:0 af:1 usg:20000b00 fg:00000004
06-18 17:14:56.886 257 290 I gralloc : alloc buffer:W:1920 H:1080 S:1920 PL[1920 1080] SZ:8294400 fmt:1 if:0 af:1 usg:20000b00 fg:00000004
06-18 17:14:56.935 389 389 I update_engine: [INFO:cleanup_previous_update_action.cc(112)] Executing task 7
06-18 17:14:56.937 389 389 I update_engine: [INFO:cleanup_previous_update_action.cc(124)] CleanupPreviousUpdateAction scheduled task ID 8 for WaitBootCompleted
06-18 17:14:56.994 505 527 E ActivityRecord: real home.....com.dangbei.hqguide/.main.MainActivity
06-18 17:14:56.994 505 527 E +++ActivityRecord: pre led_switch = 1
06-18 17:14:56.992 1 1 I /system/bin/init: type=1107 audit(0.0:382): uid=0 auid=4294967295 ses=4294967295 subj=u:r:init:s0 msg='avc: denied { set } for property=vendor.led_switch pid=505 uid=1000 gid=1000 scontext=u:r:system_server:s0 tcontext=u:object_r:vendor_default_prop:s0 tclass=property_service permissive=1'
06-18 17:14:56.999 491 496 D BootAnimation: BootAnimationStopTiming start time: 19951ms
01-01 08:00:22.019 1 1 I init : processing action (vendor.led_switch=*) from (/vendor/etc/init/hw/init.oranth.rc:139)
01-01 08:00:22.020 1 1 I init : starting service 'exec 16 (/vendor/bin/led_switch.sh 5)'...
01-01 08:00:22.026 1 1 I init : SVC_EXEC service 'exec 16 (/vendor/bin/led_switch.sh 5)' pid 1030 (uid 0 gid 0+0 context default) started; waiting...
06-18 17:14:57.004 1030 1030 I init : type=1400 audit(0.0:383): avc: denied { execute } for name="led_switch.sh" dev="dm-1" ino=129 scontext=u:r:init:s0 tcontext=u:object_r:vendor_file:s0 tclass=file permissive=1
06-18 17:14:57.004 1030 1030 I init : type=1400 audit(0.0:384): avc: denied { execute_no_trans } for path="/vendor/bin/led_switch.sh" dev="dm-1" ino=129 scontext=u:r:init:s0 tcontext=u:object_r:vendor_file:s0 tclass=file permissive=1
06-18 17:14:57.014 505 527 W System.err: java.io.IOException: Cannot run program "su": error=2, No such file or directory
06-18 17:14:57.015 505 527 W System.err: at java.lang.ProcessBuilder.start(ProcessBuilder.java:1050)
06-18 17:14:57.015 505 527 W System.err: at java.lang.Runtime.exec(Runtime.java:694)
06-18 17:14:57.015 505 527 W System.err: at java.lang.Runtime.exec(Runtime.java:524)
06-18 17:14:57.015 505 527 W System.err: at java.lang.Runtime.exec(Runtime.java:421)
06-18 17:14:57.015 505 527 W System.err: at com.android.server.wm.ActivityRecord.executeCMD(ActivityRecord.java:5940)
06-18 17:14:57.015 505 527 W System.err: at com.android.server.wm.ActivityRecord.onWindowsDrawn(ActivityRecord.java:5992)
06-18 17:14:57.015 505 527 W System.err: at com.android.server.wm.ActivityRecord.updateReportedVisibilityLocked(ActivityRecord.java:6126)
06-18 17:14:57.015 505 527 W System.err: at com.android.server.wm.ActivityRecord.onFirstWindowDrawn(ActivityRecord.java:5913)
06-18 17:14:57.015 505 527 W System.err: at com.android.server.wm.WindowState.performShowLocked(WindowState.java:4693)
06-18 17:14:57.016 505 527 W System.err: at com.android.server.wm.WindowStateAnimator.commitFinishDrawingLocked(WindowStateAnimator.java:287)
06-18 17:14:57.016 505 527 W System.err: at com.android.server.wm.DisplayContent.lambda$new$8$DisplayContent(DisplayContent.java:960)
06-18 17:14:57.016 505 527 W System.err: at com.android.server.wm.DisplayContent$$ExternalSyntheticLambda28.accept(Unknown Source:4)
06-18 17:14:57.016 505 527 W System.err: at com.android.server.wm.WindowContainer$ForAllWindowsConsumerWrapper.apply(WindowContainer.java:2389)
06-18 17:14:57.016 505 527 W System.err: at com.android.server.wm.WindowContainer$ForAllWindowsConsumerWrapper.apply(WindowContainer.java:2379)
06-18 17:14:57.016 505 527 W System.err: at com.android.server.wm.WindowState.applyInOrderWithImeWindows(WindowState.java:4910)
06-18 17:14:57.016 505 527 W System.err: at com.android.server.wm.WindowState.forAllWindows(WindowState.java:4805)
06-18 17:14:57.016 505 527 W System.err: at com.android.server.wm.WindowContainer.forAllWindows(WindowContainer.java:1394)
06-18 17:14:57.016 505 527 W System.err: at com.android.server.wm.ActivityRecord.forAllWindowsUnchecked(ActivityRecord.java:4099)
06-18 17:14:57.016 505 527 W System.err: at com.android.server.wm.ActivityRecord.forAllWindows(ActivityRecord.java:4094)
06-18 17:14:57.016 505 527 W System.err: at com.android.server.wm.WindowContainer.forAllWindows(WindowContainer.java:1394)
06-18 17:14:57.016 505 527 W System.err: at com.android.server.wm.WindowContainer.forAllWindows(WindowContainer.java:1394)
06-18 17:14:57.016 505 527 W System.err: at com.android.server.wm.WindowContainer.forAllWindows(WindowContainer.java:1394)
06-18 17:14:57.016 505 527 W System.err: at com.android.server.wm.TaskDisplayArea.forAllWindows(TaskDisplayArea.java:682)
06-18 17:14:57.016 505 527 W System.err: at com.android.server.wm.WindowContainer.forAllWindows(WindowContainer.java:1394)
06-18 17:14:57.016 505 527 W System.err: at com.android.server.wm.WindowContainer.forAllWindows(WindowContainer.java:1394)
06-18 17:14:57.016 505 527 W System.err: at com.android.server.wm.WindowContainer.forAllWindows(WindowContainer.java:1394)
06-18 17:14:57.016 505 527 W System.err: at com.android.server.wm.WindowContainer.forAllWindows(WindowContainer.java:1394)
06-18 17:14:57.017 505 527 W System.err: at com.android.server.wm.WindowContainer.forAllWindows(WindowContainer.java:1394)
06-18 17:14:57.017 505 527 W System.err: at com.android.server.wm.WindowContainer.forAllWindows(WindowContainer.java:1411)
06-18 17:14:57.017 505 527 W System.err: at com.android.server.wm.DisplayContent.applySurfaceChangesTransaction(DisplayContent.java:4334)
06-18 17:14:57.017 505 527 W System.err: at com.android.server.wm.RootWindowContainer.applySurfaceChangesTransaction(RootWindowContainer.java:1091)
06-18 17:14:57.017 505 527 W System.err: at com.android.server.wm.RootWindowContainer.performSurfacePlacementNoTrace(RootWindowContainer.java:867)
06-18 17:14:57.017 505 527 W System.err: at com.android.server.wm.RootWindowContainer.performSurfacePlacement(RootWindowContainer.java:820)
06-18 17:14:57.017 505 527 W System.err: at com.android.server.wm.WindowSurfacePlacer.performSurfacePlacementLoop(WindowSurfacePlacer.java:177)
06-18 17:14:57.017 505 527 W System.err: at com.android.server.wm.WindowSurfacePlacer.performSurfacePlacement(WindowSurfacePlacer.java:126)
06-18 17:14:57.017 505 527 W System.err: at com.android.server.wm.WindowSurfacePlacer.performSurfacePlacement(WindowSurfacePlacer.java:115)
06-18 17:14:57.017 505 527 W System.err: at com.android.server.wm.WindowSurfacePlacer$Traverser.run(WindowSurfacePlacer.java:57)
06-18 17:14:57.017 505 527 W System.err: at android.os.Handler.handleCallback(Handler.java:938)
06-18 17:14:57.017 505 527 W System.err: at android.os.Handler.dispatchMessage(Handler.java:99)
06-18 17:14:57.017 505 527 W System.err: at android.os.Looper.loopOnce(Looper.java:201)
06-18 17:14:57.017 505 527 W System.err: at android.os.Looper.loop(Looper.java:288)
06-18 17:14:57.018 505 527 W System.err: at android.os.HandlerThread.run(HandlerThread.java:67)
06-18 17:14:57.018 505 527 W System.err: at com.android.server.ServiceThread.run(ServiceThread.java:44)
06-18 17:14:57.018 505 527 W System.err: Caused by: java.io.IOException: error=2, No such file or directory
06-18 17:14:57.018 505 527 W System.err: at java.lang.UNIXProcess.forkAndExec(Native Method)
06-18 17:14:57.018 505 527 W System.err: at java.lang.UNIXProcess.(UNIXProcess.java:133)
06-18 17:14:57.018 505 527 W System.err: at java.lang.ProcessImpl.start(ProcessImpl.java:141)
06-18 17:14:57.018 505 527 W System.err: at java.lang.ProcessBuilder.start(ProcessBuilder.java:1029)
06-18 17:14:57.018 505 527 W System.err: ... 42 more
06-18 17:14:57.027 505 527 W System.err: java.io.IOException: Cannot run program "su": error=2, No such file or directory
06-18 17:14:57.024 1030 1030 I led_switch.sh: type=1400 audit(0.0:385): avc: denied { write } for name="tmp" dev="mmcblk0p25" ino=85 scontext=u:r:init:s0 tcontext=u:object_r:shell_data_file:s0 tclass=dir permissive=1 bug=b/77873135
06-18 17:14:57.028 505 527 W System.err: at java.lang.ProcessBuilder.start(ProcessBuilder.java:1050)
06-18 17:14:57.028 505 527 W System.err: at java.lang.Runtime.exec(Runtime.java:694)
06-18 17:14:57.028 505 527 W System.err: at java.lang.Runtime.exec(Runtime.java:524)
06-18 17:14:57.028 505 527 W System.err: at java.lang.Runtime.exec(Runtime.java:421)
06-18 17:14:57.028 505 527 W System.err: at com.android.server.wm.ActivityRecord.executeCMD(ActivityRecord.java:5940)
06-18 17:14:57.028 505 527 W System.err: at com.android.server.wm.ActivityRecord.onWindowsDrawn(ActivityRecord.java:6001)
06-18 17:14:57.028 505 527 W System.err: at com.android.server.wm.ActivityRecord.updateReportedVisibilityLocked(ActivityRecord.java:6126)
06-18 17:14:57.028 505 527 W System.err: at com.android.server.wm.ActivityRecord.onFirstWindowDrawn(ActivityRecord.java:5913)
06-18 17:14:57.028 505 527 W System.err: at com.android.server.wm.WindowState.performShowLocked(WindowState.java:4693)
06-18 17:14:57.028 505 527 W System.err: at com.android.server.wm.WindowStateAnimator.commitFinishDrawingLocked(WindowStateAnimator.java:287)
06-18 17:14:57.028 505 527 W System.err: at com.android.server.wm.DisplayContent.lambda$new$8$DisplayContent(DisplayContent.java:960)
06-18 17:14:57.029 505 527 W System.err: at com.android.server.wm.DisplayContent$$ExternalSyntheticLambda28.accept(Unknown Source:4)
06-18 17:14:57.029 505 527 W System.err: at com.android.server.wm.WindowContainer$ForAllWindowsConsumerWrapper.apply(WindowContainer.java:2389)
06-18 17:14:57.029 505 527 W System.err: at com.android.server.wm.WindowContainer$ForAllWindowsConsumerWrapper.apply(WindowContainer.java:2379)
06-18 17:14:57.029 505 527 W System.err: at com.android.server.wm.WindowState.applyInOrderWithImeWindows(WindowState.java:4910)
06-18 17:14:57.029 505 527 W System.err: at com.android.server.wm.WindowState.forAllWindows(WindowState.java:4805)
06-18 17:14:57.028 1030 1030 I led_switch.sh: type=1400 audit(0.0:386): avc: denied { write } for name="led_swith.txt" dev="mmcblk0p25" ino=220 scontext=u:r:init:s0 tcontext=u:object_r:shell_data_file:s0 tclass=file permissive=1 bug=b/77873135
06-18 17:14:57.029 505 527 W System.err: at com.android.server.wm.WindowContainer.forAllWindows(WindowContainer.java:1394)
06-18 17:14:57.029 505 527 W System.err: at com.android.server.wm.ActivityRecord.forAllWindowsUnchecked(ActivityRecord.java:4099)
06-18 17:14:57.029 505 527 W System.err: at com.android.server.wm.ActivityRecord.forAllWindows(ActivityRecord.java:4094)
06-18 17:14:57.028 1030 1030 I led_switch.sh: type=1400 audit(0.0:387): avc: denied { open } for path="/data/local/tmp/led_swith.txt" dev="mmcblk0p25" ino=220 scontext=u:r:init:s0 tcontext=u:object_r:shell_data_file:s0 tclass=file permissive=1 bug=b/77873135
06-18 17:14:57.029 505 527 W System.err: at com.android.server.wm.WindowContainer.forAllWindows(WindowContainer.java:1394)
06-18 17:14:57.029 505 527 W System.err: at com.android.server.wm.WindowContainer.forAllWindows(WindowContainer.java:1394)
06-18 17:14:57.029 505 527 W System.err: at com.android.server.wm.WindowContainer.forAllWindows(WindowContainer.java:1394)
06-18 17:14:57.029 505 527 W System.err: at com.android.server.wm.TaskDisplayArea.forAllWindows(TaskDisplayArea.java:682)
06-18 17:14:57.029 505 527 W System.err: at com.android.server.wm.WindowContainer.forAllWindows(WindowContainer.java:1394)
06-18 17:14:57.029 505 527 W System.err: at com.android.server.wm.WindowContainer.forAllWindows(WindowContainer.java:1394)
06-18 17:14:57.029 505 527 W System.err: at com.android.server.wm.WindowContainer.forAllWindows(WindowContainer.java:1394)
06-18 17:14:57.029 505 527 W System.err: at com.android.server.wm.WindowContainer.forAllWindows(WindowContainer.java:1394)
06-18 17:14:57.029 505 527 W System.err: at com.android.server.wm.WindowContainer.forAllWindows(WindowContainer.java:1394)
06-18 17:14:57.029 505 527 W System.err: at com.android.server.wm.WindowContainer.forAllWindows(WindowContainer.java:1411)
06-18 17:14:57.029 505 527 W System.err: at com.android.server.wm.DisplayContent.applySurfaceChangesTransaction(DisplayContent.java:4334)
06-18 17:14:57.030 505 527 W System.err: at com.android.server.wm.RootWindowContainer.applySurfaceChangesTransaction(RootWindowContainer.java:1091)
06-18 17:14:57.030 505 527 W System.err: at com.android.server.wm.RootWindowContainer.performSurfacePlacementNoTrace(RootWindowContainer.java:867)
06-18 17:14:57.030 505 527 W System.err: at com.android.server.wm.RootWindowContainer.performSurfacePlacement(RootWindowContainer.java:820)
06-18 17:14:57.030 505 527 W System.err: at com.android.server.wm.WindowSurfacePlacer.performSurfacePlacementLoop(WindowSurfacePlacer.java:177)
06-18 17:14:57.030 505 527 W System.err: at com.android.server.wm.WindowSurfacePlacer.performSurfacePlacement(WindowSurfacePlacer.java:126)
06-18 17:14:57.030 505 527 W System.err: at com.android.server.wm.WindowSurfacePlacer.performSurfacePlacement(WindowSurfacePlacer.java:115)
06-18 17:14:57.030 505 527 W System.err: at com.android.server.wm.WindowSurfacePlacer$Traverser.run(WindowSurfacePlacer.java:57)
06-18 17:14:57.030 505 527 W System.err: at android.os.Handler.handleCallback(Handler.java:938)
06-18 17:14:57.030 505 527 W System.err: at android.os.Handler.dispatchMessage(Handler.java:99)
06-18 17:14:57.030 505 527 W System.err: at android.os.Looper.loopOnce(Looper.java:201)
06-18 17:14:57.030 505 527 W System.err: at android.os.Looper.loop(Looper.java:288)
06-18 17:14:57.030 505 527 W System.err: at android.os.HandlerThread.run(HandlerThread.java:67)
06-18 17:14:57.030 505 527 W System.err: at com.android.server.ServiceThread.run(ServiceThread.java:44)
06-18 17:14:57.030 505 527 W System.err: Caused by: java.io.IOException: error=2, No such file or directory
06-18 17:14:57.030 505 527 W System.err: at java.lang.UNIXProcess.forkAndExec(Native Method)
06-18 17:14:57.030 505 527 W System.err: at java.lang.UNIXProcess.(UNIXProcess.java:133)
06-18 17:14:57.030 505 527 W System.err: at java.lang.ProcessImpl.start(ProcessImpl.java:141)
06-18 17:14:57.030 505 527 W System.err: at java.lang.ProcessBuilder.start(ProcessBuilder.java:1029)
06-18 17:14:57.030 505 527 W System.err: ... 42 more
06-18 17:14:57.031 505 527 I WindowManager: ******* TELLING SURFACE FLINGER WE ARE BOOTED!
06-18 17:14:57.031 278 594 I SurfaceFlinger: Boot is finished (13056 ms)
06-18 17:14:57.028 1033 1033 I led_switch.sh: type=1400 audit(0.0:388): avc: denied { execute_no_trans } for path="/vendor/bin/toolbox" dev="dm-1" ino=229 scontext=u:r:init:s0 tcontext=u:object_r:vendor_toolbox_exec:s0 tclass=file permissive=1
06-18 17:14:57.046 181 181 I servicemanager: Found android.hardware.power.IPower/default in device VINTF manifest.
06-18 17:14:57.047 278 594 I PowerAdvisor: Loaded AIDL Power HAL service
06-18 17:14:57.047 264 264 I AW_PowerHAL: check: Mode 6 not Supported ,do nothing
06-18 17:14:57.047 264 264 I AW_PowerHAL: isBoostSupported: 1
06-18 17:14:57.049 264 264 I AW_PowerHAL: Power setMode: LAUNCH to: 0
06-18 17:14:57.049 264 264 I AW_PowerHAL: not completed yet, ignore mode request other
01-01 08:00:22.082 1 1 I init : Sending signal 9 to service 'rainbow_flow' (pid 324) process group...
06-18 17:14:57.066 505 526 I ActivityManagerTiming: FinishBooting
01-01 08:00:22.088 1 1 I libprocessgroup: Successfully killed process cgroup uid 0 pid 324 in 6ms
01-01 08:00:22.089 1 1 I init : Control message: Processed ctl.stop for 'rainbow_flow' from pid: 1033 (stop rainbow_flow voice breathe flow_led net_disconnect)
01-01 08:00:22.089 1 1 I init : Service 'rainbow_flow' (pid 324) received signal 9 oneshot service took 13.097000 seconds in background
01-01 08:00:22.091 1 1 I init : Control message: Processed ctl.stop for 'voice' from pid: 1033 (stop rainbow_flow voice breathe flow_led net_disconnect)
01-01 08:00:22.093 1 1 I init : Control message: Processed ctl.stop for 'breathe' from pid: 1033 (stop rainbow_flow voice breathe flow_led net_disconnect)
01-01 08:00:22.094 1 1 I init : Control message: Processed ctl.stop for 'flow_led' from pid: 1033 (stop rainbow_flow voice breathe flow_led net_disconnect)
06-18 17:14:57.111 505 526 I ActivityManagerTiming: FinishBooting
06-18 17:14:57.111 244 244 W Zygote : forkRepeatedly terminated due to non-simple command
06-18 17:14:57.112 244 244 D Zygote : mbuffer starts with 1 , nice name is , mEnd = 19, mNext = 19, mLinesLeft = 0, mFd = 4
06-18 17:14:57.115 505 526 I ActivityManager: About to commit checkpoint
06-18 17:14:57.116 505 526 I SystemServiceManager: Starting phase 1000
06-18 17:14:57.116 505 526 I ActivityManagerTiming: OnBootPhase_1000
06-18 17:14:57.116 505 526 E PowerStatsService: Failed to start PowerStatsService loggers
06-18 17:14:57.119 505 548 V DisplayPowerController[0]: Brightness [0.39763778] reason changing to: 'manual', previous reason: 'override'.
06-18 17:14:57.124 505 576 D RollbackManager: mRollbackLifetimeDurationInMillis=1209600000
06-18 17:14:57.140 505 572 D AppStandbyController: Loading headless system app cache. appIdleEnabled=false
06-18 17:14:57.140 505 526 D IorapForwardingService: BgJob Scheduled (jobId=283673059, interval: 86400000ms)
06-18 17:14:57.140 505 526 D TestHarnessModeService: Completing Test Harness Mode setup.
06-18 17:14:57.141 505 592 D StorageManagerService: Thinking about init, mBootCompleted=true, mDaemonConnected=true
06-18 17:14:57.141 505 592 D StorageManagerService: Setting up emulation state, initlocked=false
06-18 17:14:57.141 190 190 D vold : fscrypt_unlock_user_key 0 serial=0
06-18 17:14:57.142 190 190 E vold : Failed to chmod /data/system_ce/0: No such file or directory
06-18 17:14:57.142 190 190 E vold : Failed to chmod /data/misc_ce/0: No such file or directory
06-18 17:14:57.142 190 190 E vold : Failed to chmod /data/media/0: No such file or directory
06-18 17:14:57.142 505 592 D StorageManagerService: Thinking about reset, mBootCompleted=true, mDaemonConnected=true
06-18 17:14:57.143 505 592 I StorageSessionController: Started resetting external storage service...
06-18 17:14:57.143 505 592 I StorageSessionController: Finished resetting external storage service
06-18 17:14:57.143 505 592 I StorageManagerService: Resetting vold...
06-18 17:14:57.144 505 592 I StorageManagerService: Reset vold
06-18 17:14:57.144 190 190 I vold : onUserAdded: 0
06-18 17:14:57.155 505 602 D WifiService: Handle boot completed
06-18 17:14:57.156 505 523 D AdbService: boot completed
06-18 17:14:57.157 505 526 D SoundTriggerService: onBootPhase: 1000 : false
06-18 17:14:57.159 843 881 I Tethering: USB bcast connected:false configured:false rndis:false ncm:false
06-18 17:14:57.163 505 602 I WifiScoreCard: Installing MemoryStore
06-18 17:14:57.164 505 602 I WifiHealthMonitor: Installing MemoryStore
06-18 17:14:57.160 1044 1044 I rgb_led_ctl: type=1400 audit(0.0:389): avc: denied { write } for name="spidev1.0" dev="tmpfs" ino=6648 scontext=u:r:init:s0 tcontext=u:object_r:device:s0 tclass=chr_file permissive=1
06-18 17:14:57.160 1044 1044 I rgb_led_ctl: type=1400 audit(0.0:390): avc: denied { open } for path="/dev/spidev1.0" dev="tmpfs" ino=6648 scontext=u:r:init:s0 tcontext=u:object_r:device:s0 tclass=chr_file permissive=1
06-18 17:14:57.165 505 1048 I HibernationStateDiskStore: No hibernation file on disk for file /data/system/hibernation/states
06-18 17:14:57.165 505 526 D CompatibilityChangeReporter: Compat change id reported: 168936375; UID 1000; state: DISABLED
06-18 17:14:57.165 505 526 D CompatibilityChangeReporter: Compat change id reported: 168936375; UID 1000; state: ENABLED
06-18 17:14:57.176 505 602 D WifiNetworkFactory: Registering NetworkFactory
06-18 17:14:57.176 505 609 D ConnectivityService: Got NetworkProvider Messenger for WifiNetworkFactory
06-18 17:14:57.177 505 602 D UntrustedWifiNetworkFactory: Registering NetworkFactory
06-18 17:14:57.177 505 609 D ConnectivityService: Got NetworkProvider Messenger for UntrustedWifiNetworkFactory
06-18 17:14:57.177 505 602 D OemPaidWifiNetworkFactory: Registering NetworkFactory
06-18 17:14:57.177 505 609 D ConnectivityService: Got NetworkProvider Messenger for OemPaidWifiNetworkFactory
06-18 17:14:57.179 395 402 I adbd : adbd_auth: received a new framework connection
06-18 17:14:57.180 395 402 I adbd : adbd_auth: received new framework fd 31 (current = -1)
06-18 17:14:57.182 505 526 D CompatibilityChangeReporter: Compat change id reported: 73144566; UID 1000; state: DISABLED
06-18 17:14:57.183 505 526 D CompatibilityChangeReporter: Compat change id reported: 73144566; UID 1000; state: ENABLED
06-18 17:14:57.188 505 526 D GameManagerService: onBootCompleted
06-18 17:14:57.189 505 602 I WifiService: onDriverCountryCodeChanged CN
06-18 17:14:57.192 505 526 D AppSearchStatsCollector: atoms registered
06-18 17:14:57.192 505 523 I AdbDebuggingManager: Not connected to any wireless network. Not enabling adbwifi.
06-18 17:14:57.192 505 526 D ActivityManagerTiming: TotalBootTime took to complete: 9301ms
06-18 17:14:57.192 505 526 D SystemServerInitThreadPool: Shutdown requested
06-18 17:14:57.193 505 526 I SystemServerTiming: WaitInitThreadPoolShutdown
06-18 17:14:57.198 505 602 D WifiNetworkFactory: got request NetworkRequest [ REQUEST id=3, [ Transports: WIFI Capabilities: INTERNET&NOT_RESTRICTED&TRUSTED&NOT_VPN&NOT_VCN_MANAGED RequestorUid: 1000 RequestorPkg: android] ]
06-18 17:14:57.200 505 602 D WifiConnectivityHelper: Firmware supported feature set: d8108a801003d
06-18 17:14:57.200 505 602 D WifiConnectivityHelper: Firmware roaming is not supported
06-18 17:14:57.201 505 526 D SystemServerInitThreadPool: Shutdown successful
06-18 17:14:57.202 505 523 D AdbService: setAdbEnabled(true), mIsAdbUsbEnabled=true, mIsAdbWifiEnabled=true, transportType=1
06-18 17:14:57.203 505 526 D CompatibilityChangeReporter: Compat change id reported: 135634846; UID 10075; state: DISABLED
06-18 17:14:57.203 505 534 D CompatibilityChangeReporter: Compat change id reported: 143937733; UID 10075; state: ENABLED
06-18 17:14:57.204 649 649 E WifiHAL : wifi_get_link_stats: requestResponse Error:-5
06-18 17:14:57.205 505 525 W IorapForwardingService: No service published for: iorapd
06-18 17:14:57.205 505 526 D ActivityManager: refreshZramWriteback
06-18 17:14:57.205 505 526 D ActivityManager: real start flush
06-18 17:14:57.206 505 526 D ActivityManager: set persist.sys.boot.first to false
06-18 17:14:57.208 505 1054 W ZramWriteback: Writeback device is not set
06-18 17:14:57.208 505 1054 D ZramWriteback: wait to flush
06-18 17:14:57.209 505 602 E WifiVendorHal: getWifiLinkLayerStats_1_5_Internal(l.1191) failed {.code = ERROR_INVALID_ARGS, .description = }
06-18 17:14:57.211 505 602 E WifiScoringParams: Invalid frequency(-1), using 5G as default rssi array
06-18 17:14:57.219 505 526 I ActivityManager: User 0 state changed from BOOTING to RUNNING_LOCKED
06-18 17:14:57.219 505 526 W ActivityManager: UserLifecycleEvent 4 received without an active userJourneySession.
06-18 17:14:57.219 505 602 D WifiNetworkFactory: got request NetworkRequest [ REQUEST id=1, [ Capabilities: INTERNET&NOT_RESTRICTED&TRUSTED&NOT_VPN&NOT_VCN_MANAGED RequestorUid: 1000 RequestorPkg: android] ]
06-18 17:14:57.219 505 602 D WifiNetworkFactory: got request NetworkRequest [ REQUEST id=10, [ Capabilities: INTERNET&NOT_RESTRICTED&TRUSTED&NOT_VCN_MANAGED Uid: 1000 RequestorUid: 1000 RequestorPkg: android] ]
06-18 17:14:57.220 505 602 D WifiNetworkFactory: got request NetworkRequest [ REQUEST id=17, [ Capabilities: INTERNET&NOT_RESTRICTED&TRUSTED&NOT_VCN_MANAGED Uid: 1000 RequestorUid: 1000 RequestorPkg: android] ]
06-18 17:14:57.220 505 602 D WifiNetworkFactory: got request NetworkRequest [ REQUEST id=19, [ Capabilities: INTERNET&NOT_RESTRICTED&TRUSTED&NOT_VCN_MANAGED Uid: 1073 RequestorUid: 1073 RequestorPkg: com.android.networkstack] ]
06-18 17:14:57.220 505 602 D UntrustedWifiNetworkFactory: got request NetworkRequest [ REQUEST id=3, [ Transports: WIFI Capabilities: INTERNET&NOT_RESTRICTED&TRUSTED&NOT_VPN&NOT_VCN_MANAGED RequestorUid: 1000 RequestorPkg: android] ]
06-18 17:14:57.220 505 602 D UntrustedWifiNetworkFactory: got request NetworkRequest [ REQUEST id=1, [ Capabilities: INTERNET&NOT_RESTRICTED&TRUSTED&NOT_VPN&NOT_VCN_MANAGED RequestorUid: 1000 RequestorPkg: android] ]
06-18 17:14:57.220 505 602 D UntrustedWifiNetworkFactory: got request NetworkRequest [ REQUEST id=10, [ Capabilities: INTERNET&NOT_RESTRICTED&TRUSTED&NOT_VCN_MANAGED Uid: 1000 RequestorUid: 1000 RequestorPkg: android] ]
06-18 17:14:57.220 505 602 D UntrustedWifiNetworkFactory: got request NetworkRequest [ REQUEST id=17, [ Capabilities: INTERNET&NOT_RESTRICTED&TRUSTED&NOT_VCN_MANAGED Uid: 1000 RequestorUid: 1000 RequestorPkg: android] ]
06-18 17:14:57.220 505 602 D UntrustedWifiNetworkFactory: got request NetworkRequest [ REQUEST id=19, [ Capabilities: INTERNET&NOT_RESTRICTED&TRUSTED&NOT_VCN_MANAGED Uid: 1073 RequestorUid: 1073 RequestorPkg: com.android.networkstack] ]
06-18 17:14:57.220 505 602 D OemPaidWifiNetworkFactory: got request NetworkRequest [ REQUEST id=3, [ Transports: WIFI Capabilities: INTERNET&NOT_RESTRICTED&TRUSTED&NOT_VPN&NOT_VCN_MANAGED RequestorUid: 1000 RequestorPkg: android] ]
06-18 17:14:57.220 505 602 D OemPaidWifiNetworkFactory: got request NetworkRequest [ REQUEST id=1, [ Capabilities: INTERNET&NOT_RESTRICTED&TRUSTED&NOT_VPN&NOT_VCN_MANAGED RequestorUid: 1000 RequestorPkg: android] ]
06-18 17:14:57.221 505 602 D OemPaidWifiNetworkFactory: got request NetworkRequest [ REQUEST id=10, [ Capabilities: INTERNET&NOT_RESTRICTED&TRUSTED&NOT_VCN_MANAGED Uid: 1000 RequestorUid: 1000 RequestorPkg: android] ]
06-18 17:14:57.221 505 602 D OemPaidWifiNetworkFactory: got request NetworkRequest [ REQUEST id=17, [ Capabilities: INTERNET&NOT_RESTRICTED&TRUSTED&NOT_VCN_MANAGED Uid: 1000 RequestorUid: 1000 RequestorPkg: android] ]
06-18 17:14:57.221 505 602 D OemPaidWifiNetworkFactory: got request NetworkRequest [ REQUEST id=19, [ Capabilities: INTERNET&NOT_RESTRICTED&TRUSTED&NOT_VCN_MANAGED Uid: 1073 RequestorUid: 1073 RequestorPkg: com.android.networkstack] ]
06-18 17:14:57.224 505 526 D StorageManagerService: unlockUserKey: 0 isFileEncryptedNativeOrEmulated: false hasToken: false hasSecret: false
06-18 17:14:57.225 505 526 W ActivityManager: UserLifecycleEvent 5 received without an active userJourneySession.
06-18 17:14:57.226 505 526 D ActivityManager: Started unlocking user 0
06-18 17:14:57.226 505 526 D ActivityManager: Unlocking user 0 progress 0
06-18 17:14:57.226 505 526 D ActivityManager: Unlocking user 0 progress 5
06-18 17:14:57.227 190 190 D vold : fscrypt_prepare_user_storage for volume null, user 0, serial 0, flags 2
06-18 17:14:57.227 190 190 D vold : Preparing: /data/system_ce/0
06-18 17:14:57.227 190 190 D vold : Preparing: /data/misc_ce/0
06-18 17:14:57.227 190 190 D vold : Preparing: /data/vendor_ce/0
06-18 17:14:57.227 190 190 D vold : Preparing: /data/media/0
06-18 17:14:57.228 190 190 D vold : Preparing: /data/data
06-18 17:14:57.228 190 190 D vold : Starting restorecon of /data/system_ce/0
06-18 17:14:57.234 190 190 D vold : Finished restorecon of /data/system_ce/0
06-18 17:14:57.234 190 190 D vold : Starting restorecon of /data/vendor_ce/0
06-18 17:14:57.237 190 190 D vold : Finished restorecon of /data/vendor_ce/0
06-18 17:14:57.237 190 190 D vold : Starting restorecon of /data/misc_ce/0
06-18 17:14:57.239 244 244 D Zygote : Forked child process 1058
06-18 17:14:57.242 190 190 D vold : Finished restorecon of /data/misc_ce/0
06-18 17:14:57.242 190 190 D vold : /system/bin/vold_prepare_subdirs
06-18 17:14:57.242 190 190 D vold : prepare
06-18 17:14:57.242 190 190 D vold :
06-18 17:14:57.242 190 190 D vold : 0
06-18 17:14:57.242 190 190 D vold : 2
06-18 17:14:57.255 1058 1058 I Zygote : seccomp disabled by setenforce 0
06-18 17:14:57.274 395 407 I adbd : jdwp connection from 1058
06-18 17:14:57.286 1059 1059 D vold_prepare_subdirs: Setting up mode 771 uid 1000 gid 1000 context u:object_r:system_data_file:s0:c512,c768 on path: /data/data
06-18 17:14:57.287 1059 1059 I vold_prepare_subdirs: Relabelling from u:object_r:system_data_file:s0 to u:object_r:system_data_file:s0:c512,c768: /data/data
