01-01 08:00:13.379 505 505 D CompatConfig: Adding: com.android.server.compat.config.Change@1307b57
01-01 08:00:13.379 505 530 I SystemConfig: Reading permissions from /vendor/etc/permissions/android.hardware.usb.host.xml
01-01 08:00:13.381 505 505 D CompatConfig: No directory /system/system_ext/etc/compatconfig, skipping
01-01 08:00:13.382 505 530 I SystemConfig: Reading permissions from /vendor/etc/permissions/id.hardware.camera.xml
01-01 08:00:13.383 505 530 I SystemConfig: Reading permissions from /vendor/etc/permissions/android.software.vulkan.deqp.level.xml
01-01 08:00:13.383 505 505 D CompatConfig: No directory /apex/com.android.wifi/etc/compatconfig, skipping
01-01 08:00:13.385 505 505 D CompatConfig: No directory /apex/com.android.vndk.v31/etc/compatconfig, skipping
01-01 08:00:13.386 505 505 D CompatConfig: No directory /apex/com.android.tzdata/etc/compatconfig, skipping
01-01 08:00:13.386 505 530 I SystemConfig: Reading permissions from /vendor/etc/permissions/android.hardware.keystore.app_attest_key.xml
01-01 08:00:13.387 505 505 D CompatConfig: No directory /apex/com.android.tethering/etc/compatconfig, skipping
01-01 08:00:13.388 505 505 D CompatConfig: No directory /apex/com.android.sdkext/etc/compatconfig, skipping
01-01 08:00:13.389 505 505 D CompatConfig: No directory /apex/com.android.scheduling/etc/compatconfig, skipping
01-01 08:00:13.389 505 505 D CompatConfig: No directory /apex/com.android.runtime/etc/compatconfig, skipping
01-01 08:00:13.389 505 530 I SystemConfig: Reading permissions from /vendor/etc/permissions/android.hardware.opengles.aep.xml
01-01 08:00:13.390 505 505 D CompatConfig: No directory /apex/com.android.resolv/etc/compatconfig, skipping
01-01 08:00:13.390 505 505 D CompatConfig: No directory /apex/com.android.permission/etc/compatconfig, skipping
01-01 08:00:13.391 505 505 D CompatConfig: No directory /apex/com.android.os.statsd/etc/compatconfig, skipping
01-01 08:00:13.392 505 505 D CompatConfig: No directory /apex/com.android.neuralnetworks/etc/compatconfig, skipping
01-01 08:00:13.392 505 530 I SystemConfig: Reading permissions from /vendor/etc/permissions/android.hardware.reboot_escrow.xml
01-01 08:00:13.394 505 505 D CompatConfig: Found a config file: /apex/com.android.mediaprovider/etc/compatconfig/media-provider-platform-compat-config.xml
01-01 08:00:13.395 505 530 I SystemConfig: Reading permissions from /vendor/etc/permissions/android.hardware.bluetooth_le.xml
01-01 08:00:13.398 505 505 D CompatConfig: Adding: com.android.server.compat.config.Change@b6f79ba
01-01 08:00:13.399 505 530 I SystemConfig: Reading permissions from /vendor/etc/permissions/android.hardware.usb.accessory.xml
01-01 08:00:13.399 505 505 D CompatConfig: Adding: com.android.server.compat.config.Change@a0bd061
01-01 08:00:13.400 505 505 D CompatConfig: Adding: com.android.server.compat.config.Change@c8b7786
01-01 08:00:13.401 505 530 I SystemConfig: Reading permissions from /vendor/etc/permissions/android.hardware.wifi.passpoint.xml
01-01 08:00:13.401 505 505 D CompatConfig: Adding: com.android.server.compat.config.Change@dc2b874
01-01 08:00:13.402 505 505 D CompatConfig: Adding: com.android.server.compat.config.Change@dd4119d
01-01 08:00:13.402 505 505 D CompatConfig: Adding: com.android.server.compat.config.Change@d178612
01-01 08:00:13.403 505 505 D CompatConfig: Adding: com.android.server.compat.config.Change@1c9c1e3
01-01 08:00:13.404 505 505 D CompatConfig: No directory /apex/com.android.media.swcodec/etc/compatconfig, skipping
01-01 08:00:13.404 505 505 D CompatConfig: No directory /apex/com.android.media/etc/compatconfig, skipping
01-01 08:00:13.404 505 505 D CompatConfig: No directory /apex/com.android.ipsec/etc/compatconfig, skipping
01-01 08:00:13.404 505 505 D CompatConfig: No directory /apex/com.android.i18n/etc/compatconfig, skipping
01-01 08:00:13.404 505 505 D CompatConfig: No directory /apex/com.android.extservices/etc/compatconfig, skipping
01-01 08:00:13.404 505 505 D CompatConfig: No directory /apex/com.android.conscrypt/etc/compatconfig, skipping
01-01 08:00:13.405 505 530 I SystemConfig: Reading permissions from /vendor/etc/permissions/android.hardware.hardware_keystore.xml
01-01 08:00:13.406 505 505 D CompatConfig: Found a config file: /apex/com.android.art/etc/compatconfig/libcore-platform-compat-config.xml
01-01 08:00:13.407 505 530 I SystemConfig: Reading permissions from /vendor/etc/permissions/android.hardware.wifi.direct.xml
01-01 08:00:13.409 505 505 D CompatConfig: Adding: com.android.server.compat.config.Change@854d755
01-01 08:00:13.410 505 530 I SystemConfig: Reading permissions from /vendor/etc/permissions/android.hardware.ethernet.xml
01-01 08:00:13.410 505 505 D CompatConfig: Adding: com.android.server.compat.config.Change@da3d2f8
01-01 08:00:13.411 505 530 I SystemConfig: Reading permissions from /vendor/etc/permissions/android.software.verified_boot.xml
01-01 08:00:13.411 505 505 D CompatConfig: Adding: com.android.server.compat.config.Change@9e6ce36
01-01 08:00:13.412 505 505 D CompatConfig: Adding: com.android.server.compat.config.Change@dde7137
01-01 08:00:13.412 505 505 D CompatConfig: Adding: com.android.server.compat.config.Change@5bf26a4
01-01 08:00:13.413 505 505 D CompatConfig: No directory /apex/com.android.appsearch/etc/compatconfig, skipping
01-01 08:00:13.413 505 530 I SystemConfig: Reading permissions from /vendor/etc/permissions/tv_core_hardware.xml
01-01 08:00:13.413 505 505 D CompatConfig: No directory /apex/com.android.adbd/etc/compatconfig, skipping
01-01 08:00:13.416 505 530 I SystemConfig: Reading permissions from /vendor/etc/permissions/android.hardware.touchscreen.multitouch.xml
01-01 08:00:13.417 505 505 I SystemServerTiming: StartFileIntegrityService
01-01 08:00:13.417 505 505 I SystemServiceManager: Starting com.android.server.security.FileIntegrityService
01-01 08:00:13.419 505 530 I SystemConfig: Reading permissions from /vendor/etc/permissions/android.hardware.camera.external.xml
01-01 08:00:13.422 505 530 I SystemConfig: Reading permissions from /vendor/etc/permissions/android.hardware.bluetooth.xml
01-01 08:00:13.423 505 530 I SystemConfig: Reading permissions from /vendor/etc/permissions/android.hardware.vulkan.compute.xml
01-01 08:00:13.425 505 530 I SystemConfig: Reading permissions from /vendor/etc/permissions/android.software.pppoe.xml
01-01 08:00:13.428 505 530 I SystemConfig: Reading permissions from /vendor/etc/permissions/android.hardware.camera.flash-autofocus.xml
01-01 08:00:13.430 505 530 I SystemConfig: Reading permissions from /vendor/etc/permissions/android.hardware.vulkan.version.xml
01-01 08:00:13.431 505 505 I SystemServerTiming: StartInstaller
01-01 08:00:13.432 505 505 I SystemServiceManager: Starting com.android.server.pm.Installer
01-01 08:00:13.434 505 530 I SystemConfig: Reading permissions from /vendor/etc/permissions/android.software.backup.xml
01-01 08:00:13.437 357 372 D installd: Found quota mount /dev/block/by-name/userdata at /data
01-01 08:00:13.437 357 372 D installd: Found quota mount /dev/block/by-name/userdata at /data/user/0
01-01 08:00:13.437 505 530 I SystemConfig: Reading permissions from /vendor/etc/permissions/android.hardware.camera.front.xml
01-01 08:00:13.439 505 505 I SystemServerTiming: DeviceIdentifiersPolicyService
01-01 08:00:13.440 505 505 I SystemServiceManager: Starting com.android.server.os.DeviceIdentifiersPolicyService
01-01 08:00:13.442 505 505 I SystemServerTiming: UriGrantsManagerService
01-01 08:00:13.442 505 505 I SystemServiceManager: Starting com.android.server.uri.UriGrantsManagerService$Lifecycle
01-01 08:00:13.443 505 530 I SystemConfig: Reading permissions from /product/etc/sysconfig/preinstalled-packages-platform-handheld-product.xml
01-01 08:00:13.445 505 530 I SystemConfig: Reading permissions from /product/etc/sysconfig/preinstalled-packages-platform-overlays.xml
01-01 08:00:13.447 505 505 I SystemServerTiming: StartPowerStatsService
01-01 08:00:13.448 505 505 I SystemServiceManager: Starting com.android.server.powerstats.PowerStatsService
01-01 08:00:13.449 505 530 I SystemConfig: Reading permissions from /product/etc/permissions/com.android.settings.intelligence.xml
01-01 08:00:13.452 181 181 E servicemanager: Could not find android.hardware.power.stats.IPowerStats/default in the VINTF manifest.
01-01 08:00:13.456 505 530 I SystemConfig: Reading permissions from /product/etc/permissions/com.android.tv.xml
01-01 08:00:13.460 505 530 W SystemConfig: No directory /system_ext/etc/sysconfig, skipping
01-01 08:00:13.461 182 182 I hwservicemanager: getTransport: Cannot find entry android.hardware.power.stats@1.0::IPowerStats/default in either framework or device VINTF manifest.
01-01 08:00:13.462 505 505 E PowerStatsService: Unable to get power.stats HAL service.
01-01 08:00:13.462 505 505 E PowerStatsService: nativeInit failed to connect to power.stats HAL
01-01 08:00:13.463 505 530 I SystemConfig: Reading permissions from /system_ext/etc/permissions/com.android.tv.settings.xml
01-01 08:00:13.464 505 505 I SystemServerTiming: StartIStatsService
01-01 08:00:13.465 182 182 I hwservicemanager: getTransport: Cannot find entry android.frameworks.stats@1.0::IStats/default in either framework or device VINTF manifest.
01-01 08:00:13.465 505 505 E HidlServiceManagement: Service android.frameworks.stats@1.0::IStats/default must be in VINTF manifest in order to register/get.
01-01 08:00:13.465 505 505 W system_server: Cannot register HIDL android.frameworks.stats@1.0::IStats: -2147483648
01-01 08:00:13.465 505 530 I SystemConfig: Reading permissions from /system_ext/etc/permissions/provision-permissions.xml
01-01 08:00:13.466 181 181 I servicemanager: Found android.frameworks.stats.IStats/default in framework VINTF manifest.
01-01 08:00:13.466 505 505 I SystemServerTiming: MemtrackProxyService
01-01 08:00:13.467 505 530 I SystemConfig: Reading permissions from /system_ext/etc/permissions/com.android.systemui.xml
01-01 08:00:13.467 182 182 I hwservicemanager: getTransport: Cannot find entry android.hardware.memtrack@1.0::IMemtrack/default in either framework or device VINTF manifest.
01-01 08:00:13.468 181 181 E servicemanager: Could not find android.hardware.memtrack.IMemtrack/default in the VINTF manifest.
01-01 08:00:13.468 505 505 I Stability: Interface set with vintf stability wire protocol version 1 downgraded to system stability wire protocol version 1 stability
01-01 08:00:13.469 505 505 I SystemServerTiming: StartActivityManager
01-01 08:00:13.469 505 505 I SystemServiceManager: Starting com.android.server.wm.ActivityTaskManagerService$Lifecycle
01-01 08:00:13.471 505 530 I SystemConfig: Reading permissions from /system_ext/etc/permissions/privapp-settingssetup.xml
01-01 08:00:13.475 505 530 I SystemConfig: Reading permissions from /system_ext/etc/permissions/com.android.storagemanager.xml
01-01 08:00:13.478 505 530 I SystemConfig: Reading permissions from /system_ext/etc/permissions/com.softwinner.screenshot.xml
01-01 08:00:13.480 505 530 I SystemConfig: Reading permissions from /system_ext/etc/permissions/com.android.provision.xml
01-01 08:00:13.482 505 530 I SystemConfig: Reading permissions from /system_ext/etc/permissions/com.android.carrierconfig.xml
01-01 08:00:13.487 505 505 I SystemServiceManager: Starting com.android.server.am.ActivityManagerService$Lifecycle
01-01 08:00:13.488 505 530 I SystemConfig: Reading permissions from /apex/com.android.ipsec/etc/permissions/android.net.ipsec.ike.xml
01-01 08:00:13.498 505 530 W SystemConfig: Failed to read public libraries file /vendor/etc/public.libraries.txt
01-01 08:00:13.498 505 530 W SystemConfig: java.io.FileNotFoundException: /vendor/etc/public.libraries.txt: open failed: ENOENT (No such file or directory)
01-01 08:00:13.498 505 530 W SystemConfig: at libcore.io.IoBridge.open(IoBridge.java:575)
01-01 08:00:13.498 505 530 W SystemConfig: at java.io.FileInputStream.(FileInputStream.java:160)
01-01 08:00:13.498 505 530 W SystemConfig: at java.io.FileReader.(FileReader.java:72)
01-01 08:00:13.498 505 530 W SystemConfig: at com.android.server.SystemConfig.readPublicLibrariesListFile(SystemConfig.java:1601)
01-01 08:00:13.498 505 530 W SystemConfig: at com.android.server.SystemConfig.readPublicNativeLibrariesList(SystemConfig.java:1583)
01-01 08:00:13.498 505 530 W SystemConfig: at com.android.server.SystemConfig.(SystemConfig.java:484)
01-01 08:00:13.498 505 530 W SystemConfig: at com.android.server.SystemConfig.getInstance(SystemConfig.java:272)
01-01 08:00:13.498 505 530 W SystemConfig: at com.android.server.SystemServer$$ExternalSyntheticLambda7.run(Unknown Source:0)
01-01 08:00:13.498 505 530 W SystemConfig: at com.android.server.SystemServerInitThreadPool.lambda$submitTask$0$SystemServerInitThreadPool(SystemServerInitThreadPool.java:105)
01-01 08:00:13.498 505 530 W SystemConfig: at com.android.server.SystemServerInitThreadPool$$ExternalSyntheticLambda0.run(Unknown Source:6)
01-01 08:00:13.498 505 530 W SystemConfig: at java.util.concurrent.Executors$RunnableAdapter.call(Executors.java:462)
01-01 08:00:13.498 505 530 W SystemConfig: at java.util.concurrent.FutureTask.run(FutureTask.java:266)
01-01 08:00:13.498 505 530 W SystemConfig: at java.util.concurrent.ThreadPoolExecutor.runWorker(ThreadPoolExecutor.java:1167)
01-01 08:00:13.498 505 530 W SystemConfig: at java.util.concurrent.ThreadPoolExecutor$Worker.run(ThreadPoolExecutor.java:641)
01-01 08:00:13.498 505 530 W SystemConfig: at com.android.internal.util.ConcurrentUtils$1$1.run(ConcurrentUtils.java:65)
01-01 08:00:13.498 505 530 W SystemConfig: Caused by: android.system.ErrnoException: open failed: ENOENT (No such file or directory)
01-01 08:00:13.498 505 530 W SystemConfig: at libcore.io.Linux.open(Native Method)
01-01 08:00:13.498 505 530 W SystemConfig: at libcore.io.ForwardingOs.open(ForwardingOs.java:567)
01-01 08:00:13.498 505 530 W SystemConfig: at libcore.io.BlockGuardOs.open(BlockGuardOs.java:273)
01-01 08:00:13.498 505 530 W SystemConfig: at libcore.io.IoBridge.open(IoBridge.java:561)
01-01 08:00:13.498 505 530 W SystemConfig: ... 14 more
01-01 08:00:13.500 505 530 D SystemServerInitThreadPool: Finished executing ReadingSystemConfig
01-01 08:00:13.504 505 505 I ActivityManager: Memory class: 256
01-01 08:00:13.507 505 533 I Binder : Setting heavy hitter watcher config: false, 0, 0.0
01-01 08:00:13.557 505 505 D BatteryStatsImpl: Reading daily items from /data/system/batterystats-daily.xml
01-01 08:00:13.563 182 182 I hwservicemanager: getTransport: Cannot find entry android.hardware.power.stats@1.0::IPowerStats/default in either framework or device VINTF manifest.
01-01 08:00:13.563 505 540 E BatteryStatsService: Unable to load Power.Stats.HAL. Setting rail availability to false
01-01 08:00:13.565 505 540 E BluetoothAdapter: Bluetooth binder is null
01-01 08:00:13.566 505 540 I KernelCpuUidFreqTimeReader: mPerClusterTimesAvailable=false
01-01 08:00:13.569 505 540 W KernelCpuUidFreqTimeBpfMapReader: Failed to start tracking
01-01 08:00:13.570 505 540 W KernelCpuProcStringReader: File not found. It's normal if not implemented: /proc/uid_time_in_state
01-01 08:00:13.571 505 540 W KernelCpuUidActiveTimeBpfMapReader: Failed to start tracking
01-01 08:00:13.572 505 540 W KernelCpuProcStringReader: File not found. It's normal if not implemented: /proc/uid_concurrent_active_time
01-01 08:00:13.572 505 540 W KernelCpuUidClusterTimeBpfMapReader: Failed to start tracking
01-01 08:00:13.573 505 540 W KernelCpuProcStringReader: File not found. It's normal if not implemented: /proc/uid_concurrent_policy_time
01-01 08:00:13.573 505 540 E KernelCpuSpeedReader: Failed to read cpu-freq: /sys/devices/system/cpu/cpu0/cpufreq/stats/time_in_state: open failed: ENOENT (No such file or directory)
01-01 08:00:13.574 505 540 E system_server: Cannot read thread CPU times for PID 505
01-01 08:00:13.576 204 204 I Binder:204_2: type=1400 audit(0.0:303): avc: denied { read } for name="event_count" dev="sysfs" ino=22115 scontext=u:r:system_suspend:s0 tcontext=u:object_r:sysfs:s0 tclass=file permissive=1
01-01 08:00:13.576 204 204 I Binder:204_2: type=1400 audit(0.0:304): avc: denied { open } for path="/sys/devices/platform/soc@3000000/7040000.s_cir/wakeup/wakeup4/event_count" dev="sysfs" ino=22115 scontext=u:r:system_suspend:s0 tcontext=u:object_r:sysfs:s0 tclass=file permissive=1
01-01 08:00:13.576 204 204 I Binder:204_2: type=1400 audit(0.0:305): avc: denied { getattr } for path="/sys/devices/platform/soc@3000000/7040000.s_cir/wakeup/wakeup4/event_count" dev="sysfs" ino=22115 scontext=u:r:system_suspend:s0 tcontext=u:object_r:sysfs:s0 tclass=file permissive=1
01-01 08:00:13.594 505 540 W KernelMemoryBandwidthStats: No kernel memory bandwidth stats available
01-01 08:00:13.740 505 505 I AppOps : No existing app ops /data/system/appops.xml; starting empty
01-01 08:00:13.746 505 505 I IntentFirewall: Read new rules (A:0 B:0 S:0)
01-01 08:00:13.762 505 505 E libprocessgroup: Failed to open /dev/memcg/apps: Permission denied
01-01 08:00:13.766 505 505 D AppOps : AppOpsService published
01-01 08:00:13.770 505 505 I SystemServerTiming: StartDataLoaderManagerService
01-01 08:00:13.770 505 505 I SystemServiceManager: Starting com.android.server.pm.DataLoaderManagerService
01-01 08:00:13.777 505 505 I SystemServerTiming: StartIncrementalService
01-01 08:00:13.781 505 505 I incfs-mounts: [incfs] Loaded incremental-fs mount info: 0 instances, 0 mount points
01-01 08:00:13.782 505 505 I SystemServerTiming: StartPowerManager
01-01 08:00:13.782 505 505 I SystemServiceManager: Starting com.android.server.power.PowerManagerService
01-01 08:00:13.798 181 181 I servicemanager: Found android.hardware.power.IPower/default in device VINTF manifest.
01-01 08:00:13.808 182 182 I hw-BpHwBinder: onLastStrongRef automatically unlinking death recipients
01-01 08:00:13.810 264 264 I AW_PowerHAL: Power setMode: INTERACTIVE to: 1
01-01 08:00:13.810 264 264 I AW_PowerHAL: not completed yet, ignore mode request other
01-01 08:00:13.810 264 264 I AW_PowerHAL: check: Mode 0 not Supported ,do nothing
01-01 08:00:13.814 505 505 I SystemServerTiming: StartThermalManager
01-01 08:00:13.814 505 505 I SystemServiceManager: Starting com.android.server.power.ThermalManagerService
01-01 08:00:13.816 505 505 I SystemServerTiming: StartHintManager
01-01 08:00:13.817 505 505 I SystemServiceManager: Starting com.android.server.power.hint.HintManagerService
01-01 08:00:13.819 505 505 E PowerHalController: getHintSessionPreferredRate failed: Status(-129, EX_TRANSACTION_FAILED): 'UNKNOWN_TRANSACTION: '
01-01 08:00:13.821 505 505 I SystemServerTiming: InitPowerManagement
01-01 08:00:13.824 505 505 I SystemServerTiming: StartRecoverySystemService
01-01 08:00:13.824 505 505 I SystemServiceManager: Starting com.android.server.recoverysystem.RecoverySystemService$Lifecycle
01-01 08:00:13.830 505 505 I PackageWatchdog: Syncing state, reason: added new observer
01-01 08:00:13.830 505 505 I PackageWatchdog: Not pruning observers, elapsed time: 0ms
01-01 08:00:13.830 505 505 I PackageWatchdog: Cancelling state sync, nothing to sync
01-01 08:00:13.830 505 532 I PackageWatchdog: Saving observer state to file
01-01 08:00:13.839 505 505 I SystemServerTiming: StartLightsService
01-01 08:00:13.841 505 505 I SystemServiceManager: Starting com.android.server.lights.LightsService
01-01 08:00:13.845 181 181 I servicemanager: Found android.hardware.light.ILights/default in device VINTF manifest.
01-01 08:00:13.847 261 261 I android.hardware.lights-service: Lights reporting supported lights size=1
01-01 08:00:13.848 505 505 I SystemServerTiming: StartSidekickService
01-01 08:00:13.848 505 505 I SystemServerTiming: StartDisplayManager
01-01 08:00:13.848 505 505 I SystemServiceManager: Starting com.android.server.display.DisplayManagerService
01-01 08:00:13.866 278 326 E HWComposer: getSupportedContentTypes: getSupportedContentTypes failed for display 0: Unsupported (8)
01-01 08:00:13.868 505 505 I SystemServerTiming: WaitForDisplay
01-01 08:00:13.868 505 505 I SystemServiceManager: Starting phase 100
01-01 08:00:13.868 505 505 I SystemServerTiming: OnBootPhase_100
01-01 08:00:13.881 505 526 I DisplayDeviceRepository: Display device added: DisplayDeviceInfo{"内置屏幕": uniqueId="local:0", 1920 x 1080, modeId 1, defaultModeId 1, supportedModes [{id=1, width=1920, height=1080, fps=60.000004, alternativeRefreshRates=[]}], colorMode 0, supportedColorModes [0], hdrCapabilities HdrCapabilities{mSupportedHdrTypes=[2, 3], mMaxLuminance=500.0, mMaxAverageLuminance=500.0, mMinLuminance=0.0}, allmSupported false, gameContentTypeSupported false, density 240, 0.16 x 0.16 dpi, appVsyncOff 1000000, presDeadline 16666666, touch INTERNAL, rotation 0, type INTERNAL, address {port=0}, deviceProductInfo null, state UNKNOWN, frameRateOverride , brightnessMinimum 0.0, brightnessMaximum 1.0, brightnessDefault 0.39763778, FLAG_DEFAULT_DISPLAY, FLAG_ROTATES_WITH_CONTENT, FLAG_SECURE, FLAG_SUPPORTS_PROTECTED_BUFFERS}
01-01 08:00:13.883 505 526 I LogicalDisplayMapper: Applying layout: [{addr: {port=0}, dispId: 0(ON)}], Previous layout: null
01-01 08:00:13.885 505 526 I LogicalDisplayMapper: Adding new display: 0: DisplayInfo{"内置屏幕", displayId 0", displayGroupId -1, FLAG_SECURE, FLAG_SUPPORTS_PROTECTED_BUFFERS, FLAG_TRUSTED, real 1920 x 1080, largest app 1920 x 1080, smallest app 1920 x 1080, appVsyncOff 1000000, presDeadline 16666666, mode 1, defaultMode 1, modes [{id=1, width=1920, height=1080, fps=60.000004, alternativeRefreshRates=[]}], hdrCapabilities HdrCapabilities{mSupportedHdrTypes=[2, 3], mMaxLuminance=500.0, mMaxAverageLuminance=500.0, mMinLuminance=0.0}, userDisabledHdrTypes [], minimalPostProcessingSupported false, rotation 0, state UNKNOWN, type INTERNAL, uniqueId "local:0", app 1920 x 1080, density 240 (0.16 x 0.16) dpi, layerStack 0, colorMode 0, supportedColorModes [0], address {port=0}, deviceProductInfo null, removeMode 0, refreshRateOverride 0.0, brightnessMinimum 0.0, brightnessMaximum 1.0, brightnessDefault 0.39763778}
01-01 08:00:13.886 505 526 I LogicalDisplayMapper: Setting new display group 0 for display 0, from previous group: null
01-01 08:00:13.887 505 505 I SystemServerTiming: StartDomainVerificationService
01-01 08:00:13.911 505 505 I SystemServerTiming: StartPackageManagerService
01-01 08:00:13.911 505 505 I Watchdog: Pausing HandlerChecker: main thread for reason: packagemanagermain. Pause count: 1
01-01 08:00:13.920 505 505 I PackageManagerTiming: create package manager
01-01 08:00:13.930 505 505 E PackageManager: /oem/delete.txt not exist
01-01 08:00:13.930 505 505 I PackageManagerTiming: createSubComponents
01-01 08:00:13.934 389 389 I update_engine: [INFO:cleanup_previous_update_action.cc(112)] Executing task 3
01-01 08:00:13.935 389 389 I update_engine: [INFO:cleanup_previous_update_action.cc(124)] CleanupPreviousUpdateAction scheduled task ID 4 for WaitBootCompleted
01-01 08:00:13.973 505 505 I PackageManagerTiming: addSharedUsers
01-01 08:00:13.976 505 505 I PackageManagerTiming: get system config
01-01 08:00:13.980 505 505 D PackageManager: Directories scanned as system partitions: [/system:0, /vendor:524288, /odm:4194304, /oem:262144, /product:1048576, /system/system_ext:2097152, /apex/com.android.wifi:8388608, /apex/com.android.vndk.v31:8388608, /apex/com.android.tzdata:8388608, /apex/com.android.tethering:8388608, /apex/com.android.sdkext:8388608, /apex/com.android.scheduling:8388608, /apex/com.android.runtime:8388608, /apex/com.android.resolv:8388608, /apex/com.android.permission:8388608, /apex/com.android.os.statsd:8388608, /apex/com.android.neuralnetworks:8388608, /apex/com.android.mediaprovider:8388608, /apex/com.android.media.swcodec:8388608, /apex/com.android.media:8388608, /apex/com.android.ipsec:8388608, /apex/com.android.i18n:8388608, /apex/com.android.extservices:8388608, /apex/com.android.conscrypt:8388608, /apex/com.android.art:8388608, /apex/com.android.appsearch:8388608, /apex/com.android.adbd:8388608]
01-01 08:00:13.984 505 505 D SELinuxMMAC: Using policy file /system/etc/selinux/plat_mac_permissions.xml
01-01 08:00:13.990 505 505 D SELinuxMMAC: Using policy file /system_ext/etc/selinux/system_ext_mac_permissions.xml
01-01 08:00:13.991 505 505 D SELinuxMMAC: Using policy file /vendor/etc/selinux/vendor_mac_permissions.xml
01-01 08:00:13.992 505 505 I PackageManagerTiming: loadFallbacks
01-01 08:00:13.995 505 505 D FallbackCategoryProvider: Found 1 fallback categories
01-01 08:00:13.995 505 505 I PackageManagerTiming: read user settings
01-01 08:00:14.101 505 522 D SystemServerInitThreadPool: Finished executing loadPreinstalledSystemFontMap
01-01 08:00:14.203 505 505 W android.permission.PermissionManager: Missing ActivityManager; assuming 1000 holds android.permission.SET_PREFERRED_APPLICATIONS
01-01 08:00:14.205 505 505 W android.permission.PermissionManager: Missing ActivityManager; assuming 1000 holds android.permission.SET_PREFERRED_APPLICATIONS
01-01 08:00:14.205 505 505 W android.permission.PermissionManager: Missing ActivityManager; assuming 1000 holds android.permission.SET_PREFERRED_APPLICATIONS
01-01 08:00:14.205 505 505 W android.permission.PermissionManager: Missing ActivityManager; assuming 1000 holds android.permission.SET_PREFERRED_APPLICATIONS
01-01 08:00:14.205 505 505 W android.permission.PermissionManager: Missing ActivityManager; assuming 1000 holds android.permission.SET_PREFERRED_APPLICATIONS
01-01 08:00:14.206 505 505 W android.permission.PermissionManager: Missing ActivityManager; assuming 1000 holds android.permission.SET_PREFERRED_APPLICATIONS
01-01 08:00:14.206 505 505 W android.permission.PermissionManager: Missing ActivityManager; assuming 1000 holds android.permission.SET_PREFERRED_APPLICATIONS
01-01 08:00:14.206 505 505 W android.permission.PermissionManager: Missing ActivityManager; assuming 1000 holds android.permission.SET_PREFERRED_APPLICATIONS
01-01 08:00:14.206 505 505 W android.permission.PermissionManager: Missing ActivityManager; assuming 1000 holds android.permission.SET_PREFERRED_APPLICATIONS
01-01 08:00:14.206 505 505 W android.permission.PermissionManager: Missing ActivityManager; assuming 1000 holds android.permission.SET_PREFERRED_APPLICATIONS
01-01 08:00:14.207 505 505 W android.permission.PermissionManager: Missing ActivityManager; assuming 1000 holds android.permission.SET_PREFERRED_APPLICATIONS
01-01 08:00:14.207 505 505 W android.permission.PermissionManager: Missing ActivityManager; assuming 1000 holds android.permission.SET_PREFERRED_APPLICATIONS
01-01 08:00:14.207 505 505 W android.permission.PermissionManager: Missing ActivityManager; assuming 1000 holds android.permission.SET_PREFERRED_APPLICATIONS
01-01 08:00:14.208 505 505 W android.permission.PermissionManager: Missing ActivityManager; assuming 1000 holds android.permission.SET_PREFERRED_APPLICATIONS
01-01 08:00:14.208 505 505 W android.permission.PermissionManager: Missing ActivityManager; assuming 1000 holds android.permission.SET_PREFERRED_APPLICATIONS
01-01 08:00:14.209 505 505 W android.permission.PermissionManager: Missing ActivityManager; assuming 1000 holds android.permission.SET_PREFERRED_APPLICATIONS
01-01 08:00:14.211 505 505 W android.permission.PermissionManager: Missing ActivityManager; assuming 1000 holds android.permission.SET_PREFERRED_APPLICATIONS
01-01 08:00:14.212 505 505 W android.permission.PermissionManager: Missing ActivityManager; assuming 1000 holds android.permission.SET_PREFERRED_APPLICATIONS
01-01 08:00:14.214 505 505 W android.permission.PermissionManager: Missing ActivityManager; assuming 1000 holds android.permission.SET_PREFERRED_APPLICATIONS
01-01 08:00:14.215 505 505 W android.permission.PermissionManager: Missing ActivityManager; assuming 1000 holds android.permission.SET_PREFERRED_APPLICATIONS
01-01 08:00:14.217 505 505 W android.permission.PermissionManager: Missing ActivityManager; assuming 1000 holds android.permission.SET_PREFERRED_APPLICATIONS
01-01 08:00:14.218 505 505 W android.permission.PermissionManager: Missing ActivityManager; assuming 1000 holds android.permission.SET_PREFERRED_APPLICATIONS
01-01 08:00:14.219 505 505 W android.permission.PermissionManager: Missing ActivityManager; assuming 1000 holds android.permission.SET_PREFERRED_APPLICATIONS
01-01 08:00:14.220 505 505 W android.permission.PermissionManager: Missing ActivityManager; assuming 1000 holds android.permission.SET_PREFERRED_APPLICATIONS
01-01 08:00:14.220 505 505 W android.permission.PermissionManager: Missing ActivityManager; assuming 1000 holds android.permission.SET_PREFERRED_APPLICATIONS
01-01 08:00:14.220 505 505 W android.permission.PermissionManager: Missing ActivityManager; assuming 1000 holds android.permission.SET_PREFERRED_APPLICATIONS
01-01 08:00:14.220 505 505 W android.permission.PermissionManager: Missing ActivityManager; assuming 1000 holds android.permission.SET_PREFERRED_APPLICATIONS
01-01 08:00:14.220 505 505 W android.permission.PermissionManager: Missing ActivityManager; assuming 1000 holds android.permission.SET_PREFERRED_APPLICATIONS
01-01 08:00:14.221 505 505 W android.permission.PermissionManager: Missing ActivityManager; assuming 1000 holds android.permission.SET_PREFERRED_APPLICATIONS
01-01 08:00:14.221 505 505 W android.permission.PermissionManager: Missing ActivityManager; assuming 1000 holds android.permission.SET_PREFERRED_APPLICATIONS
01-01 08:00:14.221 505 505 W android.permission.PermissionManager: Missing ActivityManager; assuming 1000 holds android.permission.SET_PREFERRED_APPLICATIONS
01-01 08:00:14.221 505 505 W android.permission.PermissionManager: Missing ActivityManager; assuming 1000 holds android.permission.SET_PREFERRED_APPLICATIONS
01-01 08:00:14.222 505 505 W android.permission.PermissionManager: Missing ActivityManager; assuming 1000 holds android.permission.SET_PREFERRED_APPLICATIONS
01-01 08:00:14.222 505 505 W android.permission.PermissionManager: Missing ActivityManager; assuming 1000 holds android.permission.SET_PREFERRED_APPLICATIONS
01-01 08:00:14.222 505 505 W android.permission.PermissionManager: Missing ActivityManager; assuming 1000 holds android.permission.SET_PREFERRED_APPLICATIONS
01-01 08:00:14.222 505 505 W android.permission.PermissionManager: Missing ActivityManager; assuming 1000 holds android.permission.SET_PREFERRED_APPLICATIONS
01-01 08:00:14.222 505 505 W android.permission.PermissionManager: Missing ActivityManager; assuming 1000 holds android.permission.SET_PREFERRED_APPLICATIONS
01-01 08:00:14.223 505 505 W android.permission.PermissionManager: Missing ActivityManager; assuming 1000 holds android.permission.SET_PREFERRED_APPLICATIONS
01-01 08:00:14.223 505 505 W android.permission.PermissionManager: Missing ActivityManager; assuming 1000 holds android.permission.SET_PREFERRED_APPLICATIONS
01-01 08:00:14.223 505 505 W android.permission.PermissionManager: Missing ActivityManager; assuming 1000 holds android.permission.SET_PREFERRED_APPLICATIONS
01-01 08:00:14.223 505 505 W android.permission.PermissionManager: Missing ActivityManager; assuming 1000 holds android.permission.SET_PREFERRED_APPLICATIONS
01-01 08:00:14.225 505 505 W android.permission.PermissionManager: Missing ActivityManager; assuming 1000 holds android.permission.SET_PREFERRED_APPLICATIONS
01-01 08:00:14.226 505 505 W android.permission.PermissionManager: Missing ActivityManager; assuming 1000 holds android.permission.SET_PREFERRED_APPLICATIONS
01-01 08:00:14.226 505 505 W android.permission.PermissionManager: Missing ActivityManager; assuming 1000 holds android.permission.SET_PREFERRED_APPLICATIONS
01-01 08:00:14.226 505 505 W android.permission.PermissionManager: Missing ActivityManager; assuming 1000 holds android.permission.SET_PREFERRED_APPLICATIONS
01-01 08:00:14.227 505 505 W android.permission.PermissionManager: Missing ActivityManager; assuming 1000 holds android.permission.SET_PREFERRED_APPLICATIONS
01-01 08:00:14.227 505 505 W android.permission.PermissionManager: Missing ActivityManager; assuming 1000 holds android.permission.SET_PREFERRED_APPLICATIONS
01-01 08:00:14.227 505 505 W android.permission.PermissionManager: Missing ActivityManager; assuming 1000 holds android.permission.SET_PREFERRED_APPLICATIONS
01-01 08:00:14.227 505 505 W android.permission.PermissionManager: Missing ActivityManager; assuming 1000 holds android.permission.SET_PREFERRED_APPLICATIONS
01-01 08:00:14.228 505 505 W android.permission.PermissionManager: Missing ActivityManager; assuming 1000 holds android.permission.SET_PREFERRED_APPLICATIONS
01-01 08:00:14.228 505 505 W android.permission.PermissionManager: Missing ActivityManager; assuming 1000 holds android.permission.SET_PREFERRED_APPLICATIONS
01-01 08:00:14.228 505 505 W android.permission.PermissionManager: Missing ActivityManager; assuming 1000 holds android.permission.SET_PREFERRED_APPLICATIONS
01-01 08:00:14.228 505 505 W android.permission.PermissionManager: Missing ActivityManager; assuming 1000 holds android.permission.SET_PREFERRED_APPLICATIONS
01-01 08:00:14.228 505 505 W android.permission.PermissionManager: Missing ActivityManager; assuming 1000 holds android.permission.SET_PREFERRED_APPLICATIONS
01-01 08:00:14.229 505 505 W android.permission.PermissionManager: Missing ActivityManager; assuming 1000 holds android.permission.SET_PREFERRED_APPLICATIONS
01-01 08:00:14.229 505 505 W android.permission.PermissionManager: Missing ActivityManager; assuming 1000 holds android.permission.SET_PREFERRED_APPLICATIONS
01-01 08:00:14.229 505 505 W android.permission.PermissionManager: Missing ActivityManager; assuming 1000 holds android.permission.SET_PREFERRED_APPLICATIONS
01-01 08:00:14.229 505 505 W android.permission.PermissionManager: Missing ActivityManager; assuming 1000 holds android.permission.SET_PREFERRED_APPLICATIONS
01-01 08:00:14.230 505 505 W android.permission.PermissionManager: Missing ActivityManager; assuming 1000 holds android.permission.SET_PREFERRED_APPLICATIONS
01-01 08:00:14.230 505 505 W android.permission.PermissionManager: Missing ActivityManager; assuming 1000 holds android.permission.SET_PREFERRED_APPLICATIONS
01-01 08:00:14.230 505 505 W android.permission.PermissionManager: Missing ActivityManager; assuming 1000 holds android.permission.SET_PREFERRED_APPLICATIONS
01-01 08:00:14.231 505 505 W android.permission.PermissionManager: Missing ActivityManager; assuming 1000 holds android.permission.SET_PREFERRED_APPLICATIONS
01-01 08:00:14.231 505 505 W android.permission.PermissionManager: Missing ActivityManager; assuming 1000 holds android.permission.SET_PREFERRED_APPLICATIONS
01-01 08:00:14.231 505 505 W android.permission.PermissionManager: Missing ActivityManager; assuming 1000 holds android.permission.SET_PREFERRED_APPLICATIONS
01-01 08:00:14.231 505 505 W android.permission.PermissionManager: Missing ActivityManager; assuming 1000 holds android.permission.SET_PREFERRED_APPLICATIONS
01-01 08:00:14.232 505 505 W android.permission.PermissionManager: Missing ActivityManager; assuming 1000 holds android.permission.SET_PREFERRED_APPLICATIONS
01-01 08:00:14.232 505 505 W android.permission.PermissionManager: Missing ActivityManager; assuming 1000 holds android.permission.SET_PREFERRED_APPLICATIONS
01-01 08:00:14.232 505 505 W android.permission.PermissionManager: Missing ActivityManager; assuming 1000 holds android.permission.SET_PREFERRED_APPLICATIONS
01-01 08:00:14.232 505 505 W android.permission.PermissionManager: Missing ActivityManager; assuming 1000 holds android.permission.SET_PREFERRED_APPLICATIONS
01-01 08:00:14.232 505 505 W android.permission.PermissionManager: Missing ActivityManager; assuming 1000 holds android.permission.SET_PREFERRED_APPLICATIONS
01-01 08:00:14.233 505 505 W android.permission.PermissionManager: Missing ActivityManager; assuming 1000 holds android.permission.SET_PREFERRED_APPLICATIONS
01-01 08:00:14.233 505 505 W android.permission.PermissionManager: Missing ActivityManager; assuming 1000 holds android.permission.SET_PREFERRED_APPLICATIONS
01-01 08:00:14.233 505 505 W android.permission.PermissionManager: Missing ActivityManager; assuming 1000 holds android.permission.SET_PREFERRED_APPLICATIONS
01-01 08:00:14.234 505 505 W android.permission.PermissionManager: Missing ActivityManager; assuming 1000 holds android.permission.SET_PREFERRED_APPLICATIONS
01-01 08:00:14.234 505 505 W android.permission.PermissionManager: Missing ActivityManager; assuming 1000 holds android.permission.SET_PREFERRED_APPLICATIONS
01-01 08:00:14.235 505 505 W android.permission.PermissionManager: Missing ActivityManager; assuming 1000 holds android.permission.SET_PREFERRED_APPLICATIONS
01-01 08:00:14.235 505 505 W android.permission.PermissionManager: Missing ActivityManager; assuming 1000 holds android.permission.SET_PREFERRED_APPLICATIONS
01-01 08:00:14.236 505 505 W android.permission.PermissionManager: Missing ActivityManager; assuming 1000 holds android.permission.SET_PREFERRED_APPLICATIONS
01-01 08:00:14.237 505 505 W android.permission.PermissionManager: Missing ActivityManager; assuming 1000 holds android.permission.SET_PREFERRED_APPLICATIONS
01-01 08:00:14.237 505 505 W android.permission.PermissionManager: Missing ActivityManager; assuming 1000 holds android.permission.SET_PREFERRED_APPLICATIONS
01-01 08:00:14.237 505 505 W android.permission.PermissionManager: Missing ActivityManager; assuming 1000 holds android.permission.SET_PREFERRED_APPLICATIONS
01-01 08:00:14.238 505 505 W android.permission.PermissionManager: Missing ActivityManager; assuming 1000 holds android.permission.SET_PREFERRED_APPLICATIONS
01-01 08:00:14.238 505 505 W android.permission.PermissionManager: Missing ActivityManager; assuming 1000 holds android.permission.SET_PREFERRED_APPLICATIONS
01-01 08:00:14.238 505 505 W android.permission.PermissionManager: Missing ActivityManager; assuming 1000 holds android.permission.SET_PREFERRED_APPLICATIONS
01-01 08:00:14.238 505 505 W android.permission.PermissionManager: Missing ActivityManager; assuming 1000 holds android.permission.SET_PREFERRED_APPLICATIONS
01-01 08:00:14.239 505 505 W android.permission.PermissionManager: Missing ActivityManager; assuming 1000 holds android.permission.SET_PREFERRED_APPLICATIONS
01-01 08:00:14.239 505 505 W android.permission.PermissionManager: Missing ActivityManager; assuming 1000 holds android.permission.SET_PREFERRED_APPLICATIONS
01-01 08:00:14.239 505 505 W android.permission.PermissionManager: Missing ActivityManager; assuming 1000 holds android.permission.SET_PREFERRED_APPLICATIONS
01-01 08:00:14.239 505 505 W android.permission.PermissionManager: Missing ActivityManager; assuming 1000 holds android.permission.SET_PREFERRED_APPLICATIONS
01-01 08:00:14.239 505 505 W android.permission.PermissionManager: Missing ActivityManager; assuming 1000 holds android.permission.SET_PREFERRED_APPLICATIONS
01-01 08:00:14.240 505 505 W android.permission.PermissionManager: Missing ActivityManager; assuming 1000 holds android.permission.SET_PREFERRED_APPLICATIONS
01-01 08:00:14.240 505 505 W android.permission.PermissionManager: Missing ActivityManager; assuming 1000 holds android.permission.SET_PREFERRED_APPLICATIONS
01-01 08:00:14.240 505 505 W android.permission.PermissionManager: Missing ActivityManager; assuming 1000 holds android.permission.SET_PREFERRED_APPLICATIONS
01-01 08:00:14.240 505 505 W android.permission.PermissionManager: Missing ActivityManager; assuming 1000 holds android.permission.SET_PREFERRED_APPLICATIONS
01-01 08:00:14.241 505 505 W android.permission.PermissionManager: Missing ActivityManager; assuming 1000 holds android.permission.SET_PREFERRED_APPLICATIONS
01-01 08:00:14.241 505 505 W android.permission.PermissionManager: Missing ActivityManager; assuming 1000 holds android.permission.SET_PREFERRED_APPLICATIONS
01-01 08:00:14.241 505 505 W android.permission.PermissionManager: Missing ActivityManager; assuming 1000 holds android.permission.SET_PREFERRED_APPLICATIONS
01-01 08:00:14.241 505 505 W android.permission.PermissionManager: Missing ActivityManager; assuming 1000 holds android.permission.SET_PREFERRED_APPLICATIONS
01-01 08:00:14.241 505 505 W android.permission.PermissionManager: Missing ActivityManager; assuming 1000 holds android.permission.SET_PREFERRED_APPLICATIONS
01-01 08:00:14.242 505 505 W android.permission.PermissionManager: Missing ActivityManager; assuming 1000 holds android.permission.SET_PREFERRED_APPLICATIONS
01-01 08:00:14.242 505 505 W android.permission.PermissionManager: Missing ActivityManager; assuming 1000 holds android.permission.SET_PREFERRED_APPLICATIONS
01-01 08:00:14.242 505 505 W android.permission.PermissionManager: Missing ActivityManager; assuming 1000 holds android.permission.SET_PREFERRED_APPLICATIONS
01-01 08:00:14.242 505 505 W android.permission.PermissionManager: Missing ActivityManager; assuming 1000 holds android.permission.SET_PREFERRED_APPLICATIONS
01-01 08:00:14.243 505 505 W android.permission.PermissionManager: Missing ActivityManager; assuming 1000 holds android.permission.SET_PREFERRED_APPLICATIONS
01-01 08:00:14.243 505 505 W android.permission.PermissionManager: Missing ActivityManager; assuming 1000 holds android.permission.SET_PREFERRED_APPLICATIONS
01-01 08:00:14.243 505 505 W android.permission.PermissionManager: Missing ActivityManager; assuming 1000 holds android.permission.SET_PREFERRED_APPLICATIONS
01-01 08:00:14.243 505 505 W android.permission.PermissionManager: Missing ActivityManager; assuming 1000 holds android.permission.SET_PREFERRED_APPLICATIONS
01-01 08:00:14.243 505 505 W android.permission.PermissionManager: Missing ActivityManager; assuming 1000 holds android.permission.SET_PREFERRED_APPLICATIONS
01-01 08:00:14.244 505 505 W android.permission.PermissionManager: Missing ActivityManager; assuming 1000 holds android.permission.SET_PREFERRED_APPLICATIONS
01-01 08:00:14.244 505 505 W android.permission.PermissionManager: Missing ActivityManager; assuming 1000 holds android.permission.SET_PREFERRED_APPLICATIONS
01-01 08:00:14.244 505 505 W android.permission.PermissionManager: Missing ActivityManager; assuming 1000 holds android.permission.SET_PREFERRED_APPLICATIONS
01-01 08:00:14.244 505 505 W android.permission.PermissionManager: Missing ActivityManager; assuming 1000 holds android.permission.SET_PREFERRED_APPLICATIONS
01-01 08:00:14.265 505 505 W PackageSettings: Missing permission state for package: com.android.cts.priv.ctsshim
01-01 08:00:14.266 505 505 W PackageSettings: Missing permission state for package: com.android.internal.systemui.navbar.gestural_wide_back
01-01 08:00:14.266 505 505 W PackageSettings: Missing permission state for package: com.softwinner.awlogsettings
01-01 08:00:14.266 505 505 W PackageSettings: Missing permission state for package: com.android.htmlviewer
01-01 08:00:14.266 505 505 W PackageSettings: Missing permission state for package: com.android.internal.systemui.onehanded.gestural
01-01 08:00:14.266 505 505 W PackageSettings: Missing permission state for package: com.android.simappdialog
01-01 08:00:14.266 505 505 W PackageSettings: Missing permission state for package: com.android.connectivity.resources
01-01 08:00:14.266 505 505 W PackageSettings: Missing permission state for package: com.android.modulemetadata
01-01 08:00:14.266 505 505 W PackageSettings: Missing permission state for package: com.google.android.apps.searchlite.overlay
01-01 08:00:14.267 505 505 W PackageSettings: Missing permission state for package: com.android.internal.systemui.navbar.threebutton
01-01 08:00:14.267 505 505 W PackageSettings: Missing permission state for package: com.google.android.networkstackconfig
01-01 08:00:14.267 505 505 W PackageSettings: Missing permission state for package: com.android.internal.systemui.navbar.gestural_extra_wide_back
01-01 08:00:14.267 505 505 W PackageSettings: Missing permission state for package: com.android.dreams.basic
01-01 08:00:14.267 505 505 W PackageSettings: Missing permission state for package: android.ext.shared
01-01 08:00:14.267 505 505 W PackageSettings: Missing permission state for package: com.google.android.networkstack.tetheringconfig
01-01 08:00:14.268 505 505 W PackageSettings: Missing permission state for package: com.android.wifi.resources
01-01 08:00:14.268 505 505 W PackageSettings: Missing permission state for package: com.android.theme.font.notoserifsource
01-01 08:00:14.268 505 505 W PackageSettings: Missing permission state for package: com.allwinnertech.packageoverride
01-01 08:00:14.268 505 505 W PackageSettings: Missing permission state for package: com.android.bookmarkprovider
01-01 08:00:14.268 505 505 W PackageSettings: Missing permission state for package: com.android.cts.ctsshim
01-01 08:00:14.268 505 505 W PackageSettings: Missing permission state for package: com.softwinner.theme.icon
01-01 08:00:14.268 505 505 W PackageSettings: Missing permission state for package: com.softwinner.theme.color
01-01 08:00:14.268 505 505 W PackageSettings: Missing permission state for package: com.android.internal.systemui.navbar.gestural
01-01 08:00:14.269 505 505 W PackageSettings: Missing permission state for package: com.android.internal.systemui.navbar.gestural_narrow_back
01-01 08:00:14.269 505 505 W PackageSettings: Missing permission state for package: android.auto_generated_rro_vendor__
01-01 08:00:14.270 505 505 W PackageSettings: Missing permission state for shared user: android.uid.log
01-01 08:00:14.270 505 505 W PackageSettings: Missing permission state for shared user: android.uid.nfc
01-01 08:00:14.270 505 505 W PackageSettings: Missing permission state for shared user: android.uid.uwb
01-01 08:00:14.283 505 505 D PackageManager: Keeping known cache 2c68cd0c7194ff03cd9281093cb7e25367325b44
01-01 08:00:14.285 505 505 D PackageManager: No files in app dir /system/system_ext/overlay
01-01 08:00:14.299 505 505 I PackageBackwardCompatibility: Loaded android.content.pm.AndroidTestBaseUpdater
01-01 08:00:14.302 505 505 D CompatibilityChangeReporter: Compat change id reported: 143539591; UID -1; state: ENABLED
01-01 08:00:14.335 505 505 D PackageManager: No files in app dir /oem/overlay
01-01 08:00:14.335 505 505 D PackageManager: No files in app dir /odm/overlay
01-01 08:00:14.353 505 505 W PackageManager: Failed to parse /system/framework/arm: Missing base APK in /system/framework/arm
01-01 08:00:14.354 505 505 W PackageManager: Failed to parse /system/framework/oat: Missing base APK in /system/framework/oat/arm
01-01 08:00:14.442 505 559 D PackageParsing: homlet: force set orientation: 0
01-01 08:00:14.443 505 559 D PackageParsing: homlet: force set orientation: 0
01-01 08:00:14.443 505 559 D PackageParsing: homlet: force set orientation: 0
01-01 08:00:14.443 505 559 D PackageParsing: homlet: force set orientation: 0
01-01 08:00:14.444 505 559 D PackageParsing: homlet: force set orientation: 0
01-01 08:00:14.444 505 559 D PackageParsing: homlet: force set orientation: 0
01-01 08:00:14.444 505 559 D PackageParsing: homlet: force set orientation: 0
01-01 08:00:14.444 505 559 D PackageParsing: homlet: force set orientation: 0
01-01 08:00:14.444 505 559 D PackageParsing: homlet: force set orientation: 0
01-01 08:00:14.444 505 559 D PackageParsing: homlet: force set orientation: 0
01-01 08:00:14.444 505 559 D PackageParsing: homlet: force set orientation: 0
01-01 08:00:14.445 505 559 D PackageParsing: homlet: force set orientation: 0
01-01 08:00:14.445 505 559 D PackageParsing: homlet: force set orientation: 0
01-01 08:00:14.445 505 559 D PackageParsing: homlet: force set orientation: 0
01-01 08:00:14.445 505 559 D PackageParsing: homlet: force set orientation: 0
01-01 08:00:14.445 505 559 D PackageParsing: homlet: force set orientation: 0
01-01 08:00:14.445 505 559 D PackageParsing: homlet: force set orientation: 0
01-01 08:00:14.446 505 559 D PackageParsing: homlet: force set orientation: 0
01-01 08:00:14.446 505 559 D PackageParsing: homlet: force set orientation: 0
01-01 08:00:14.446 505 559 D PackageParsing: homlet: force set orientation: 0
01-01 08:00:14.446 505 559 D PackageParsing: homlet: force set orientation: 0
01-01 08:00:14.446 505 559 D PackageParsing: homlet: force set orientation: 0
01-01 08:00:14.446 505 559 D PackageParsing: homlet: force set orientation: 0
01-01 08:00:14.470 505 559 I PackageParsing: Parse times for '/system/framework/framework-res.apk': parse=97ms, update_cache=19 ms
01-01 08:00:14.499 505 558 D PackageParsing: homlet: force set orientation: 0
01-01 08:00:14.500 505 558 D PackageParsing: homlet: force set orientation: 0
01-01 08:00:14.500 505 558 D PackageParsing: homlet: force set orientation: 0
01-01 08:00:14.506 505 558 D PackageParsing: homlet: force set orientation: 0
01-01 08:00:14.507 505 558 D PackageParsing: homlet: force set orientation: 0
01-01 08:00:14.507 505 558 D PackageParsing: homlet: force set orientation: 0
01-01 08:00:14.507 505 558 D PackageParsing: homlet: force set orientation: 0
01-01 08:00:14.507 505 558 D PackageParsing: homlet: force set orientation: 0
01-01 08:00:14.508 505 558 D PackageParsing: homlet: force set orientation: 0
01-01 08:00:14.508 505 558 D PackageParsing: homlet: force set orientation: 0
01-01 08:00:14.508 505 558 D PackageParsing: homlet: force set orientation: 0
01-01 08:00:14.508 505 558 D PackageParsing: homlet: force set orientation: 0
01-01 08:00:14.509 505 557 D PackageParsing: homlet: force set orientation: 0
01-01 08:00:14.509 505 557 D PackageParsing: homlet: force set orientation: 0
01-01 08:00:14.509 505 557 D PackageParsing: homlet: force set orientation: 0
01-01 08:00:14.510 505 557 D PackageParsing: homlet: force set orientation: 0
01-01 08:00:14.510 505 557 D PackageParsing: homlet: force set orientation: 0
01-01 08:00:14.510 505 557 D PackageParsing: homlet: force set orientation: 0
01-01 08:00:14.510 505 557 D PackageParsing: homlet: force set orientation: 0
01-01 08:00:14.510 505 557 D PackageParsing: homlet: force set orientation: 0
