06-18 17:15:03.172 244 244 D Zygote : Forked child process 1914
06-18 17:15:03.174 505 532 W VoiceInteractionManager: no available voice recognition services found for user 0
06-18 17:15:03.188 505 534 W ActivityManager: Slow operation: 57ms so far, now at startProcess: done updating battery stats
06-18 17:15:03.188 505 534 W ActivityManager: Slow operation: 57ms so far, now at startProcess: building log message
06-18 17:15:03.188 505 534 I ActivityManager: app.processName = com.android.webview:webview_service
06-18 17:15:03.188 505 534 I ActivityManager: Start proc 1914:com.android.webview:webview_service/u0a60 for service {com.android.webview/org.chromium.android_webview.services.VariationsSeedServer}
06-18 17:15:03.188 505 534 W ActivityManager: Slow operation: 57ms so far, now at startProcess: starting to update pids map
06-18 17:15:03.189 505 534 W ActivityManager: Slow operation: 58ms so far, now at startProcess: done updating pids map
06-18 17:15:03.195 1914 1914 I Zygote : seccomp disabled by setenforce 0
06-18 17:15:03.219 505 525 W IorapForwardingService: No service published for: iorapd
06-18 17:15:03.222 1859 1859 D AndroidAutoSize: designWidthInDp = 360, designHeightInDp = 640, screenWidth = 1920, screenHeight = 1080
06-18 17:15:03.223 1859 1859 D AndroidAutoSize: initDensity = 1.5, initScaledDensity = 1.5
06-18 17:15:03.224 505 532 W Searchables: No global search activity found
06-18 17:15:03.231 505 532 W VoiceInteractionManager: no available voice recognition services found for user 0
06-18 17:15:03.251 395 407 I adbd : jdwp connection from 1914
06-18 17:15:03.329 505 519 D CompatibilityChangeReporter: Compat change id reported: 168419799; UID 10060; state: DISABLED
06-18 17:15:03.360 1545 1545 I nd.statics.boot: type=1400 audit(0.0:658): avc: denied { read } for name="address" dev="sysfs" ino=25879 scontext=u:r:system_app:s0 tcontext=u:object_r:sysfs:s0 tclass=file permissive=1
06-18 17:15:03.360 1545 1545 I nd.statics.boot: type=1400 audit(0.0:659): avc: denied { open } for path="/sys/devices/platform/unisoc_wifi/net/wlan1/address" dev="sysfs" ino=25879 scontext=u:r:system_app:s0 tcontext=u:object_r:sysfs:s0 tclass=file permissive=1
06-18 17:15:03.360 1545 1545 I nd.statics.boot: type=1400 audit(0.0:660): avc: denied { getattr } for path="/sys/devices/platform/unisoc_wifi/net/wlan1/address" dev="sysfs" ino=25879 scontext=u:r:system_app:s0 tcontext=u:object_r:sysfs:s0 tclass=file permissive=1
06-18 17:15:03.378 505 519 W ActivityManager: Slow operation: 56ms so far, now at attachApplicationLocked: after mServices.attachApplicationLocked
06-18 17:15:03.381 1914 1914 D CompatibilityChangeReporter: Compat change id reported: 171979766; UID 10060; state: ENABLED
06-18 17:15:03.407 505 519 D CompatibilityChangeReporter: Compat change id reported: 149924527; UID 10019; state: ENABLED
06-18 17:15:03.438 505 1347 D CompatibilityChangeReporter: Compat change id reported: 132649864; UID 10019; state: DISABLED
06-18 17:15:03.444 1545 1748 E FactoryResetOperateImpl: isFirstBoot 0
06-18 17:15:03.532 1936 1936 I ls : type=1400 audit(0.0:661): avc: denied { read } for name="thermal" dev="sysfs" ino=11238 scontext=u:r:system_app:s0 tcontext=u:object_r:sysfs_thermal:s0 tclass=dir permissive=1
06-18 17:15:03.536 1936 1936 I ls : type=1400 audit(0.0:662): avc: denied { open } for path="/sys/class/thermal" dev="sysfs" ino=11238 scontext=u:r:system_app:s0 tcontext=u:object_r:sysfs_thermal:s0 tclass=dir permissive=1
06-18 17:15:03.601 1545 1741 E hq : LookupControler:::startLookupControllerTimer
06-18 17:15:03.621 1545 1954 W ContextImpl: Calling a method in the system process without a qualified user: android.app.ContextImpl.bindService:1895 android.content.ContextWrapper.bindService:810 be.b.h:57 be.b$c.call:3 de.c$a.run:5
01-01 08:00:28.640 1953 1953 W audit : audit_lost=225 audit_rate_limit=5 audit_backlog_limit=64
01-01 08:00:28.640 1953 1953 E audit : rate limit exceeded
06-18 17:15:03.656 1125 1161 E ccc : cccccc etnaService addListener com.dangbei.lerad.etna.aidl.IEtnaAidlListener$Stub$Proxy@ee82898 com.dangbei.leard.leradlauncher
06-18 17:15:03.657 1545 1545 E hq : Etna:::etnaClient connectState=true
06-18 17:15:03.674 1914 1914 D nativeloader: classloader namespace configured for unbundled product apk. library_path=/product/app/webview/lib/arm:/product/app/webview/webview.apk!/lib/armeabi-v7a:/product/lib:/system/product/lib
06-18 17:15:03.694 676 862 W Role : Cannot get ApplicationInfo for default holder: com.android.dialer
06-18 17:15:03.830 1545 1742 D hq : NetWorkStateReceiver:::检查网络,并且持续更新 isConnect=false
06-18 17:15:03.838 1859 1859 I TDLog : setReportUncaughtExceptions: true
06-18 17:15:03.845 1859 1859 E Application: onCreate:Version:v2.8.3/20830/883432e
06-18 17:15:03.875 1859 1953 I crashsdk: version unique build id: 6230cced
06-18 17:15:03.876 1859 1980 I crashsdk: version unique build id: 6230cced
06-18 17:15:03.876 1914 1914 V GraphicsEnvironment: ANGLE Developer option for 'com.android.webview' set to: 'default'
06-18 17:15:03.877 1914 1914 V GraphicsEnvironment: Neither updatable production driver nor prerelease driver is supported.
06-18 17:15:03.899 1859 1980 I crashsdk: Is new version ('' -> 'v2.8.3/release/6230cced'), deleting old stats data!
06-18 17:15:03.933 1859 1992 D crashsdk: Native log stat thread 1992 setup, waiting
06-18 17:15:03.950 1528 1528 D RockyManager: switchWakeIsAllow isQuitBootGuide: true isBtMode: false
06-18 17:15:03.951 1528 1528 D RockyManager: switchWakeIsAllow isAllowFarWake: true
06-18 17:15:03.954 1859 1953 I crashsdk: begin hack android.os.Process
06-18 17:15:03.954 1859 1953 I crashsdk: end hack android.os.Process
06-18 17:15:03.955 505 581 I RoleService: Granting default roles...
06-18 17:15:03.956 1914 1914 D NetworkSecurityConfig: No Network Security Config specified, using platform default
06-18 17:15:03.957 1914 1914 D NetworkSecurityConfig: No Network Security Config specified, using platform default
06-18 17:15:04.001 505 533 I DropBoxManagerService: add tag=system_server_wtf isTagEnabled=true flags=0x2
06-18 17:15:04.003 505 1347 I ActivityManager: Background started FGS: Allowed [callingPackage: com.dangbei.screencast; callingUid: 10019; uidState: RCVR; intent: Intent { act=com.dangbei.screencast.STARTUP pkg=com.dangbei.screencast }; code:SYSTEM_ALERT_WINDOW_PERMISSION; tempAllowListReason:; targetSdkVersion:28; callerTargetSdkVersion:28; startForegroundCount:0; bindFromPackage:null]
06-18 17:15:04.033 1859 1859 I crashsdk: Catcher mask: 5000, 20480
06-18 17:15:04.034 1859 1859 I crashsdk: Catcher thread 1864
06-18 17:15:04.034 1859 1859 D crashsdk: Register ANR handler ...
06-18 17:15:04.065 1528 1528 D RockyVoice: RestartReceiver onReceive
06-18 17:15:04.073 505 784 W ActivityManager: Foreground service started from background can not have location/camera/microphone access: service com.dangbei.screencast/.startup.StartupService
06-18 17:15:04.075 676 862 W Role : Cannot get ApplicationInfo for default holder: com.android.messaging
06-18 17:15:04.079 505 533 I ActivityManager: Deferring FGS notification in legacy app com.dangbei.screencast/u0a19 : Notification(channel=channel_record shortcut=null contentView=null vibrate=null sound=null defaults=0x0 flags=0x60 color=0x00000000 category=transport vis=PUBLIC)
06-18 17:15:04.112 676 862 W Role : Cannot get ApplicationInfo for default holder: com.android.contacts
06-18 17:15:04.133 505 784 D ConnectivityService: requestNetwork for uid/pid:1000/505 asUid: 10060 activeRequest: null callbackRequest: 26 [NetworkRequest [ REQUEST id=27, [ Capabilities: INTERNET&NOT_RESTRICTED&TRUSTED&NOT_VCN_MANAGED Uid: 10060 RequestorUid: 1000 RequestorPkg: android] ]] callback flags: 0 priority: 2147483647
06-18 17:15:04.137 505 609 D ConnectivityService: NetReassign [no changes]
06-18 17:15:04.140 505 646 D PPPOE : got request NetworkRequest [ REQUEST id=27, [ Capabilities: INTERNET&NOT_RESTRICTED&TRUSTED&NOT_VCN_MANAGED Uid: 10060 RequestorUid: 1000 RequestorPkg: android] ]
06-18 17:15:04.144 505 645 D Ethernet: got request NetworkRequest [ REQUEST id=27, [ Capabilities: INTERNET&NOT_RESTRICTED&TRUSTED&NOT_VCN_MANAGED Uid: 10060 RequestorUid: 1000 RequestorPkg: android] ]
06-18 17:15:04.145 505 645 D EthernetNetworkFactory: acceptRequest, request: NetworkRequest [ REQUEST id=27, [ Capabilities: INTERNET&NOT_RESTRICTED&TRUSTED&NOT_VCN_MANAGED Uid: 10060 RequestorUid: 1000 RequestorPkg: android] ]
06-18 17:15:04.145 505 645 I EthernetNetworkFactory: networkForRequest, request: NetworkRequest [ REQUEST id=27, [ Capabilities: INTERNET&NOT_RESTRICTED&TRUSTED&NOT_VCN_MANAGED Uid: 10060 RequestorUid: 1000 RequestorPkg: android] ], network: null
06-18 17:15:04.148 676 862 W Role : Cannot get ApplicationInfo for default holder: com.android.gallery3d
06-18 17:15:04.149 505 602 D WifiNetworkFactory: got request NetworkRequest [ REQUEST id=27, [ Capabilities: INTERNET&NOT_RESTRICTED&TRUSTED&NOT_VCN_MANAGED Uid: 10060 RequestorUid: 1000 RequestorPkg: android] ]
06-18 17:15:04.149 1859 1953 E caisq : replace paconfig 0 159765887
06-18 17:15:04.151 505 602 D UntrustedWifiNetworkFactory: got request NetworkRequest [ REQUEST id=27, [ Capabilities: INTERNET&NOT_RESTRICTED&TRUSTED&NOT_VCN_MANAGED Uid: 10060 RequestorUid: 1000 RequestorPkg: android] ]
06-18 17:15:04.153 1859 1953 I Matrix.AnrTracer: anrTrace, final mAnrBeatTime:400, mAnrBeatRate:400
06-18 17:15:04.154 505 602 D OemPaidWifiNetworkFactory: got request NetworkRequest [ REQUEST id=27, [ Capabilities: INTERNET&NOT_RESTRICTED&TRUSTED&NOT_VCN_MANAGED Uid: 10060 RequestorUid: 1000 RequestorPkg: android] ]
06-18 17:15:04.169 1545 1850 I UtilCommon: bluetoothMac=B4:2F:03:15:73:2F
06-18 17:15:04.172 1859 1953 D LaunchConfigManager: random check in
06-18 17:15:04.182 1545 1850 E wangli : env: 0_false
06-18 17:15:04.227 505 525 W IorapForwardingService: No service published for: iorapd
06-18 17:15:04.297 1859 1953 I UMCrash : begin register common callback. key is umid.
06-18 17:15:04.306 1859 2040 I LaunchTrace: begin sendLaunchCache
06-18 17:15:04.312 505 784 E ConnectivityService: Exception = android.content.pm.PackageManager$NameNotFoundException: android.net.cts
06-18 17:15:04.336 1859 1859 E raop : *********************AirplayBroadcastServer+++++++++
06-18 17:15:04.392 1671 1671 I ranth.ledstatus: type=1400 audit(0.0:702): avc: denied { open } for path="/dev/__properties__/u:object_r:vendor_default_prop:s0" dev="tmpfs" ino=6471 scontext=u:r:system_app:s0 tcontext=u:object_r:vendor_default_prop:s0 tclass=file permissive=1
06-18 17:15:04.392 1671 1671 I ranth.ledstatus: type=1400 audit(0.0:703): avc: denied { getattr } for path="/dev/__properties__/u:object_r:vendor_default_prop:s0" dev="tmpfs" ino=6471 scontext=u:r:system_app:s0 tcontext=u:object_r:vendor_default_prop:s0 tclass=file permissive=1
06-18 17:15:04.392 1671 1671 I ranth.ledstatus: type=1400 audit(0.0:704): avc: denied { map } for path="/dev/__properties__/u:object_r:vendor_default_prop:s0" dev="tmpfs" ino=6471 scontext=u:r:system_app:s0 tcontext=u:object_r:vendor_default_prop:s0 tclass=file permissive=1
06-18 17:15:04.420 1859 1859 I Thread-4: type=1400 audit(0.0:705): avc: denied { watch watch_reads } for path="/data/user/0/com.dangbei.screencast/files/.envelope" dev="mmcblk0p25" ino=2255 scontext=u:r:platform_app:s0:c512,c768 tcontext=u:object_r:app_data_file:s0:c512,c768 tclass=dir permissive=1 app=com.dangbei.screencast
06-18 17:15:04.425 505 612 D NsdService: New client listening to asynchronous messages
06-18 17:15:04.425 505 612 D NsdService: New client, channel: com.android.internal.util.AsyncChannel@c65d46a messenger: android.os.Messenger@20fed5b
06-18 17:15:04.426 1859 2009 W efs.send_log: tryFileLock start!
06-18 17:15:04.441 1859 1859 D CompatibilityChangeReporter: Compat change id reported: 191844585; UID 10019; state: DISABLED
06-18 17:15:04.515 676 862 W Role : Cannot get ApplicationInfo for default holder: com.android.dialer
06-18 17:15:04.538 1859 1859 I ConnectAuthJNI: JNI_OnLoad begin load
06-18 17:15:04.539 1859 1859 I ConnectAuthJNI: RegisterNativeMethod begin
06-18 17:15:04.539 1859 1859 I ConnectAuthJNI: RegisterNativeMethod end
06-18 17:15:04.539 1859 1859 I ConnectAuthJNI: RegisterNativeMethod 1004 methodLen=10
06-18 17:15:04.539 1859 1859 I ConnectAuthJNI: RegisterNativeMethod 1007 RegisterNatives=0
06-18 17:15:04.539 1859 1859 I ConnectAuthJNI: InitArraylist 1013
06-18 17:15:04.540 1859 1859 I ConnectAuthJNI: InitConnectAuthStaticJNIMethod 1114 methodRet=0
06-18 17:15:04.540 1859 1859 E ConnectAuthJNI: JNI_OnLoad finish....1138
06-18 17:15:04.576 1859 2009 I efs.config: --->>> 删除旧的配置文件 false
06-18 17:15:04.614 505 1347 I ActivityManager: Background started FGS: Allowed [callingPackage: com.dangbei.screencast; callingUid: 10019; uidState: FGS ; intent: Intent { cmp=com.dangbei.screencast/.huaweicast.service.HuaweiCastService }; code:PROC_STATE_FGS; tempAllowListReason:; targetSdkVersion:28; callerTargetSdkVersion:28; startForegroundCount:0; bindFromPackage:null]
06-18 17:15:04.617 505 533 I DropBoxManagerService: add tag=system_server_wtf isTagEnabled=true flags=0x2
06-18 17:15:04.642 1859 1859 E H264FrameQueue: H264FrameQueue: mFullQueueCount:200
06-18 17:15:04.744 1859 1859 I Thread-17: type=1400 audit(0.0:706): avc: denied { lock } for path="/data/user/0/com.dangbei.screencast/app_UApm/sendlock" dev="mmcblk0p25" ino=2266 scontext=u:r:platform_app:s0:c512,c768 tcontext=u:object_r:app_data_file:s0:c512,c768 tclass=file permissive=1 app=com.dangbei.screencast
06-18 17:15:04.748 1859 2051 W efs.send_log: tryFileLock sendlock sucess! processname: com.dangbei.screencast
06-18 17:15:04.788 1859 2009 E caisq : replace Y29uZmlnXzVmYzYwYzIxMDk0ZDYzN2YzMTMwYWYxOQ 0 211810612
01-01 08:00:29.881 2009 2009 W audit : audit_lost=261 audit_rate_limit=5 audit_backlog_limit=64
01-01 08:00:29.881 2009 2009 E audit : rate limit exceeded
06-18 17:15:04.899 1859 2061 I efs.base: lt=event`ev_ct=efs_core`ev_ac=pvuv`tm=2025-06-18 17:15:56`dn=621a3548-e48a-4594-a43a-25a11eb72b20`ps=com.dangbei.screencast`um_os=android`stime=1750238103590`pid=1859`fr=android`pkg=com.dangbei.screencast`vcode=20830`dsp_w=1920`uid=621a3548-e48a-4594-a43a-25a11eb72b20`rom=12`wid=621a3548-e48a-4594-a43a-25a11eb72b20`um_app_carrier=`um_access=unknow`um_app_channel=os`um_crash_sdk_version=1.4.0`ctime=1750238104`model=dbbox-a2`lang=zh`net=disconnected`brand=dangbei`dsp_h=1080`um_network_type=0`ver=v2.8.3`build_model=DBBOX-A2`w_tm=1750238104`appid=5fc60c21094d637f3130af19`um_umid_header=null`sdk=31`tzone=Asia/Shanghai`sdk_ver=1.3.6.umeng
06-18 17:15:04.990 1859 2009 I efs.config: --->>> 一致
06-18 17:15:05.013 505 1347 W TelephonyPermissions: reportAccessDeniedToReadIdentifiers:com.dangbei.screencast:getSerial:-1
06-18 17:15:05.061 1859 1869 I gbei.screencas: Background young concurrent copying GC freed 32685(2242KB) AllocSpace objects, 27(1308KB) LOS objects, 86% free, 3947KB/27MB, paused 4.260ms total 434.386ms
06-18 17:15:05.081 1859 1987 V NFC : this device does not have NFC support
06-18 17:15:05.091 1859 1859 E HuaweiCastService: onCreate called().
06-18 17:15:05.094 1528 1528 D RockyVoice: RestartReceiver onReceive
06-18 17:15:05.094 1859 2075 E StartupService: onFailure: java.net.UnknownHostException: Unable to resolve host "tyapi.qun7.com": No address associated with hostname
06-18 17:15:05.102 1859 1859 E PlayerClient: registerCallback com.dangbei.screencast.huaweicast.service.HuaweiCastService$a@d4bc99b
06-18 17:15:05.104 1859 1859 D PlayerClient: registerCallback true
06-18 17:15:05.104 1859 1859 D PlayerClient: init.
06-18 17:15:05.107 1859 1859 W KIT_FWK_a: KitFwk is not installed, pls do not use related interfaces.
06-18 17:15:05.108 1859 1859 W KIT_FWK_a: KitFwk is not installed, pls do not use related interfaces.
06-18 17:15:05.108 1859 1859 E PlayerClient: bind player service by aar.
06-18 17:15:05.129 505 784 I WifiService: acquireMulticastLock uid=10019
06-18 17:15:05.129 505 519 I PreBootBroadcaster: Pre-boot of {com.android.providers.tv/com.android.providers.tv.TvProviderUpgradeReceiver} for user 0
06-18 17:15:05.138 1859 1859 D PlayerClient: bind player sink service true
06-18 17:15:05.147 505 784 I WifiService: acquireMulticastLock uid=10019
06-18 17:15:05.169 505 519 D CompatibilityChangeReporter: Compat change id reported: 135634846; UID 10029; state: DISABLED
06-18 17:15:05.174 505 519 D CompatibilityChangeReporter: Compat change id reported: 177438394; UID 10029; state: DISABLED
06-18 17:15:05.174 505 519 D CompatibilityChangeReporter: Compat change id reported: 135772972; UID 10029; state: DISABLED
06-18 17:15:05.174 505 519 D CompatibilityChangeReporter: Compat change id reported: 135754954; UID 10029; state: ENABLED
06-18 17:15:05.176 505 534 D CompatibilityChangeReporter: Compat change id reported: 143937733; UID 10029; state: ENABLED
06-18 17:15:05.178 1104 1216 I MediaUpgradeReceiver: ---> Start upgrade of media database external.db
06-18 17:15:05.192 505 1347 W ActivityManager: Foreground service started from background can not have location/camera/microphone access: service com.dangbei.screencast/.huaweicast.service.HuaweiCastService
06-18 17:15:05.201 1859 1859 E HuaweiCastService: startForeground!
06-18 17:15:05.209 244 244 D Zygote : Forked child process 2088
06-18 17:15:05.212 505 534 I ActivityManager: app.processName = com.android.providers.tv
06-18 17:15:05.212 505 534 I ActivityManager: Start proc 2088:com.android.providers.tv/u0a29 for broadcast {com.android.providers.tv/com.android.providers.tv.TvProviderUpgradeReceiver}
06-18 17:15:05.233 505 525 W IorapForwardingService: No service published for: iorapd
06-18 17:15:05.234 2088 2088 I Zygote : seccomp disabled by setenforce 0
06-18 17:15:05.260 270 445 D AudioFlinger: mixer(0xf2492ac0) throttle end: throttle time(1)
06-18 17:15:05.263 1859 1859 E HuaweiCastService: onStartCommand in 0
06-18 17:15:05.283 395 407 I adbd : jdwp connection from 2088
06-18 17:15:05.287 1104 1216 V MediaProvider: onConfigure() for external.db
06-18 17:15:05.298 1859 1859 D HiSight-SinkService: onCreate.
06-18 17:15:05.318 505 570 D CompatibilityChangeReporter: Compat change id reported: 168419799; UID 10029; state: DISABLED
06-18 17:15:05.330 1859 1859 D HiSight-ConnectionManager: start ConnectionManager
06-18 17:15:05.331 1104 1216 V MediaProvider: onOpen() for external.db
06-18 17:15:05.331 1104 1216 V MediaProvider: onOpen() finished for external.db
06-18 17:15:05.337 1859 1859 D HiSight-SinkService: onBind.
06-18 17:15:05.338 2088 2088 D CompatibilityChangeReporter: Compat change id reported: 171979766; UID 10029; state: ENABLED
06-18 17:15:05.346 1859 1859 D PlayerClient: service connected.
06-18 17:15:05.346 1859 1859 D HiSight-SinkService: ITaskBinder registerCallback: true
06-18 17:15:05.347 1859 1859 D HiSight-HiSightManager: ITaskBinder registerCallback.
06-18 17:15:05.347 1859 1859 D HiSight-CallbackManager: addNewCallback. com.dangbei.screencast.huaweicast.service.HuaweiCastService$a@d4bc99b
06-18 17:15:05.348 1859 1859 E HuaweiCastService: eventId: 4001
06-18 17:15:05.350 1859 1956 I TDLog : TalkingData SDK init...
06-18 17:15:05.350 1859 1956 I TDLog : SDK_VERSION is: Android+TD+V5.0.7 gp Type:Native Build_Num:2141
06-18 17:15:05.350 1859 1956 I TDLog : App ID is: B9D7815EC975466AB1332111FCE62DF5
06-18 17:15:05.350 1859 1956 I TDLog : App Channel is: os
06-18 17:15:05.350 1859 1956 I TDLog : App Custom is:
06-18 17:15:05.350 1859 1956 I TDLog : SDK_OVC is: TDOVC+a3bb7754719798526508b6caad480dd7+SaaS
06-18 17:15:05.360 1859 1859 E HuaweiCastService: mPlayerClient is null.
06-18 17:15:05.361 1104 1216 I MediaUpgradeReceiver: <--- Finished upgrade of media database external.db in 182ms
06-18 17:15:05.362 1859 1859 D HiSight-HiSightManager: check capability vbr range not setting, using default value
06-18 17:15:05.362 1859 1859 E HuaweiCastService: mPlayerClient is null.
06-18 17:15:05.366 1859 1859 D HiSight-SinkService: setAuthMode
06-18 17:15:05.366 1859 1859 W HiSight-ConnectionManager: mSinkId is empty
06-18 17:15:05.396 2088 2088 V GraphicsEnvironment: ANGLE Developer option for 'com.android.providers.tv' set to: 'default'
06-18 17:15:05.397 2088 2088 V GraphicsEnvironment: Neither updatable production driver nor prerelease driver is supported.
06-18 17:15:05.398 2088 2088 D NetworkSecurityConfig: No Network Security Config specified, using platform default
06-18 17:15:05.398 2088 2088 D NetworkSecurityConfig: No Network Security Config specified, using platform default
06-18 17:15:05.407 2088 2088 D CompatibilityChangeReporter: Compat change id reported: 160794467; UID 10029; state: ENABLED
06-18 17:15:05.435 505 1347 I PreBootBroadcaster: Pre-boot of {com.softwinner.settingssetup/com.softwinner.settingssetup.SettingsReceiver} for user 0
06-18 17:15:05.444 505 1347 D CompatibilityChangeReporter: Compat change id reported: 135634846; UID 10065; state: DISABLED
06-18 17:15:05.445 505 1347 D CompatibilityChangeReporter: Compat change id reported: 177438394; UID 10065; state: DISABLED
06-18 17:15:05.445 505 1347 D CompatibilityChangeReporter: Compat change id reported: 135772972; UID 10065; state: DISABLED
06-18 17:15:05.445 505 1347 D CompatibilityChangeReporter: Compat change id reported: 135754954; UID 10065; state: ENABLED
06-18 17:15:05.445 505 534 D CompatibilityChangeReporter: Compat change id reported: 143937733; UID 10065; state: ENABLED
06-18 17:15:05.464 1038 1038 I net_disconnect.: type=1400 audit(0.0:719): avc: denied { execute } for name="rgb_led_ctl" dev="dm-1" ino=188 scontext=u:r:init:s0 tcontext=u:object_r:vendor_file:s0 tclass=file permissive=1
06-18 17:15:05.474 244 244 D Zygote : Forked child process 2118
06-18 17:15:05.477 505 534 I ActivityManager: app.processName = com.softwinner.settingssetup
06-18 17:15:05.477 505 534 I ActivityManager: Start proc 2118:com.softwinner.settingssetup/u0a65 for broadcast {com.softwinner.settingssetup/com.softwinner.settingssetup.SettingsReceiver}
06-18 17:15:05.476 2117 2117 I net_disconnect.: type=1400 audit(0.0:720): avc: denied { execute_no_trans } for path="/vendor/bin/rgb_led_ctl" dev="dm-1" ino=188 scontext=u:r:init:s0 tcontext=u:object_r:vendor_file:s0 tclass=file permissive=1
06-18 17:15:05.482 505 1347 W ServiceManager: Permission failure: android.permission.HIGH_SAMPLING_RATE_SENSORS from uid=10019 pid=1859
06-18 17:15:05.488 1859 1859 I excHandlerThrea: type=1400 audit(0.0:721): avc: denied { read } for name="/" dev="dm-0" ino=2 scontext=u:r:platform_app:s0:c512,c768 tcontext=u:object_r:rootfs:s0 tclass=dir permissive=1 app=com.dangbei.screencast
06-18 17:15:05.488 1859 1859 I excHandlerThrea: type=1400 audit(0.0:722): avc: denied { open } for path="/" dev="dm-0" ino=2 scontext=u:r:platform_app:s0:c512,c768 tcontext=u:object_r:rootfs:s0 tclass=dir permissive=1 app=com.dangbei.screencast
06-18 17:15:05.488 1859 1859 I excHandlerThrea: type=1400 audit(0.0:723): avc: denied { getattr } for path="/vendor/ueventd.rc" dev="dm-1" ino=1158 scontext=u:r:platform_app:s0:c512,c768 tcontext=u:object_r:vendor_file:s0 tclass=file permissive=1 app=com.dangbei.screencast
06-18 17:15:05.497 2118 2118 I Zygote : seccomp disabled by setenforce 0
06-18 17:15:05.533 395 407 I adbd : jdwp connection from 2118
06-18 17:15:05.557 505 519 D CompatibilityChangeReporter: Compat change id reported: 168419799; UID 10065; state: DISABLED
06-18 17:15:05.573 2118 2118 D CompatibilityChangeReporter: Compat change id reported: 171979766; UID 10065; state: ENABLED
06-18 17:15:05.626 265 280 D hdmi-cec: receive invalid cec message!
06-18 17:15:05.626 265 280 D hdmi-cec: receive poll message [04], skip!
06-18 17:15:05.637 2118 2118 V GraphicsEnvironment: ANGLE Developer option for 'com.softwinner.settingssetup' set to: 'default'
06-18 17:15:05.638 2118 2118 V GraphicsEnvironment: Neither updatable production driver nor prerelease driver is supported.
06-18 17:15:05.643 2118 2118 D NetworkSecurityConfig: No Network Security Config specified, using platform default
06-18 17:15:05.644 2118 2118 D NetworkSecurityConfig: No Network Security Config specified, using platform default
06-18 17:15:05.647 2118 2118 I SettingsSetup: onReceive android.intent.action.PRE_BOOT_COMPLETED
06-18 17:15:05.648 2118 2118 I SettingsSetup: Settings put secure icon_blacklist rotate
06-18 17:15:05.660 505 570 D PackageManager: Instant App installer not found with android.intent.action.INSTALL_INSTANT_APP_PACKAGE
06-18 17:15:05.660 505 570 D PackageManager: Clear ephemeral installer activity
06-18 17:15:05.663 505 570 I ActivityManager: Posting BOOT_COMPLETED user #0
06-18 17:15:05.663 505 523 I AppWidgetServiceImpl: Processing of handleUserUnlocked u0 took 1 ms
06-18 17:15:05.663 505 533 I SystemServerTimingAsync: ssm.UnlockedUser-0
06-18 17:15:05.663 505 533 I SystemServiceManager: Calling onUnlockedUser 0
06-18 17:15:05.665 505 533 I LaunchParamsPersister: Didn't find launch param folder for user 0
06-18 17:15:05.677 505 533 W ActivityManager: UserLifecycleEvent 6 received without an active userJourneySession.
06-18 17:15:05.677 505 570 D CompatibilityChangeReporter: Compat change id reported: 135634846; UID 10031; state: DISABLED
06-18 17:15:05.677 505 570 D CompatibilityChangeReporter: Compat change id reported: 177438394; UID 10031; state: DISABLED
06-18 17:15:05.677 505 570 D CompatibilityChangeReporter: Compat change id reported: 135772972; UID 10031; state: DISABLED
06-18 17:15:05.678 505 570 D CompatibilityChangeReporter: Compat change id reported: 135754954; UID 10031; state: ENABLED
06-18 17:15:05.678 505 534 D CompatibilityChangeReporter: Compat change id reported: 143937733; UID 10031; state: ENABLED
06-18 17:15:05.692 505 2139 E TaskPersister: File error accessing recents directory (directory doesn't exist?).
06-18 17:15:05.692 505 2139 E TaskPersister: File error accessing recents directory (directory doesn't exist?).
06-18 17:15:05.703 505 533 D CompatibilityChangeReporter: Compat change id reported: 135634846; UID 10028; state: DISABLED
06-18 17:15:05.704 505 533 D CompatibilityChangeReporter: Compat change id reported: 177438394; UID 10028; state: DISABLED
06-18 17:15:05.704 505 533 D CompatibilityChangeReporter: Compat change id reported: 135772972; UID 10028; state: DISABLED
06-18 17:15:05.705 505 533 D CompatibilityChangeReporter: Compat change id reported: 135754954; UID 10028; state: DISABLED
06-18 17:15:05.709 505 505 D CompatibilityChangeReporter: Compat change id reported: 168419799; UID 1000; state: DISABLED
06-18 17:15:05.722 244 244 D Zygote : Forked child process 2142
06-18 17:15:05.724 505 534 W ActivityManager: Slow operation: 53ms so far, now at startProcess: returned from zygote!
06-18 17:15:05.742 505 534 W ActivityManager: Slow operation: 66ms so far, now at startProcess: done updating battery stats
06-18 17:15:05.742 505 534 W ActivityManager: Slow operation: 71ms so far, now at startProcess: building log message
06-18 17:15:05.742 505 534 I ActivityManager: app.processName = com.android.traceur
06-18 17:15:05.742 505 534 I ActivityManager: Start proc 2142:com.android.traceur/u0a31 for broadcast {com.android.traceur/com.android.traceur.Receiver}
06-18 17:15:05.742 505 534 W ActivityManager: Slow operation: 71ms so far, now at startProcess: starting to update pids map
06-18 17:15:05.742 505 534 W ActivityManager: Slow operation: 71ms so far, now at startProcess: done updating pids map
06-18 17:15:05.743 505 534 D CompatibilityChangeReporter: Compat change id reported: 143937733; UID 10028; state: DISABLED
06-18 17:15:05.743 2142 2142 I Zygote : seccomp disabled by setenforce 0
06-18 17:15:05.749 505 505 D CompatibilityChangeReporter: Compat change id reported: 175319604; UID 10075; state: DISABLED
06-18 17:15:05.757 505 505 D NetworkSecurityConfig: No Network Security Config specified, using platform default
06-18 17:15:05.783 244 244 D Zygote : Forked child process 2150
06-18 17:15:05.788 505 534 W ActivityManager: Slow operation: 86ms so far, now at startProcess: returned from zygote!
06-18 17:15:05.789 505 534 W ActivityManager: Slow operation: 87ms so far, now at startProcess: done updating battery stats
06-18 17:15:05.789 505 534 W ActivityManager: Slow operation: 87ms so far, now at startProcess: building log message
06-18 17:15:05.789 505 534 I ActivityManager: app.processName = com.android.statementservice
06-18 17:15:05.789 505 534 I ActivityManager: Start proc 2150:com.android.statementservice/u0a28 for broadcast {com.android.statementservice/com.android.statementservice.domain.DomainVerificationReceiverV1}
06-18 17:15:05.789 505 534 W ActivityManager: Slow operation: 87ms so far, now at startProcess: starting to update pids map
06-18 17:15:05.790 505 534 W ActivityManager: Slow operation: 87ms so far, now at startProcess: done updating pids map
06-18 17:15:05.798 2150 2150 I Zygote : seccomp disabled by setenforce 0
06-18 17:15:05.819 395 407 I adbd : jdwp connection from 2142
06-18 17:15:05.838 1545 1741 D hq : NetWorkStateReceiver:::检查网络,并且持续更新 isConnect=false
06-18 17:15:05.846 395 407 I adbd : jdwp connection from 2150
06-18 17:15:05.861 505 570 D CompatibilityChangeReporter: Compat change id reported: 172100307; UID 10074; state: DISABLED
06-18 17:15:05.865 1104 1244 W MediaProvider: isAppCloneUserPair for user 0: false
01-01 08:00:30.893 380 380 W hdr10p_Configure: 211 callbacks suppressed
01-01 08:00:30.893 380 380 I : DVI mode selected: packets not configured
01-01 08:00:30.893 380 380 W set_vsif_config: 211 callbacks suppressed
01-01 08:00:30.893 380 380 I : Error: set vsif failed
06-18 17:15:05.880 505 570 D CompatibilityChangeReporter: Compat change id reported: 168419799; UID 10031; state: DISABLED
01-01 08:00:30.910 380 380 I : DVI mode selected: packets not configured
01-01 08:00:30.910 380 380 I : Error: set vsif failed
06-18 17:15:05.882 1104 2144 I MediaProvider: Begin Intent { act=com.android.providers.media.action.SCAN_VOLUME (has extras) }
06-18 17:15:05.897 2142 2142 D CompatibilityChangeReporter: Compat change id reported: 171979766; UID 10031; state: ENABLED
01-01 08:00:30.927 380 380 I : DVI mode selected: packets not configured
01-01 08:00:30.927 380 380 I : Error: set vsif failed
01-01 08:00:30.943 380 380 I : DVI mode selected: packets not configured
01-01 08:00:30.943 380 380 I : Error: set vsif failed
01-01 08:00:30.960 380 380 I : DVI mode selected: packets not configured
01-01 08:00:30.960 380 380 I : Error: set vsif failed
01-01 08:00:30.968 1987 1987 W audit : audit_lost=402 audit_rate_limit=5 audit_backlog_limit=64
01-01 08:00:30.968 1987 1987 E audit : rate limit exceeded
01-01 08:00:30.976 380 380 I : DVI mode selected: packets not configured
01-01 08:00:30.976 380 380 I : Error: set vsif failed
06-18 17:15:05.958 505 519 D CompatibilityChangeReporter: Compat change id reported: 168419799; UID 10028; state: DISABLED
01-01 08:00:30.993 380 380 I : DVI mode selected: packets not configured
01-01 08:00:30.993 380 380 I : Error: set vsif failed
06-18 17:15:05.982 2150 2150 D CompatibilityChangeReporter: Compat change id reported: 171979766; UID 10028; state: DISABLED
01-01 08:00:31.010 380 380 I : DVI mode selected: packets not configured
01-01 08:00:31.010 380 380 I : Error: set vsif failed
01-01 08:00:31.027 380 380 I : DVI mode selected: packets not configured
01-01 08:00:31.027 380 380 I : Error: set vsif failed
06-18 17:15:06.017 1104 2144 V MediaProvider: onConfigure() for internal.db
06-18 17:15:06.026 2150 2150 D ApplicationLoaders: Returning zygote-cached class loader: /system/framework/android.test.base.jar
01-01 08:00:31.043 380 380 I : DVI mode selected: packets not configured
01-01 08:00:31.043 380 380 I : Error: set vsif failed
06-18 17:15:06.033 1104 2144 V MediaProvider: onCreate() for internal.db
06-18 17:15:06.058 2142 2142 V GraphicsEnvironment: ANGLE Developer option for 'com.android.traceur' set to: 'default'
06-18 17:15:06.059 2142 2142 V GraphicsEnvironment: Neither updatable production driver nor prerelease driver is supported.
06-18 17:15:06.081 2142 2142 D NetworkSecurityConfig: No Network Security Config specified, using platform default
06-18 17:15:06.082 2142 2142 D NetworkSecurityConfig: No Network Security Config specified, using platform default
06-18 17:15:06.130 2142 2142 I Traceur : Received BOOT_COMPLETE
06-18 17:15:06.147 2150 2150 V GraphicsEnvironment: ANGLE Developer option for 'com.android.statementservice' set to: 'default'
06-18 17:15:06.148 2150 2150 V GraphicsEnvironment: Neither updatable production driver nor prerelease driver is supported.
06-18 17:15:06.155 505 1347 D PackageManager: Instant App installer not found with android.intent.action.INSTALL_INSTANT_APP_PACKAGE
06-18 17:15:06.155 505 1347 D PackageManager: Clear ephemeral installer activity
06-18 17:15:06.158 2150 2150 D NetworkSecurityConfig: No Network Security Config specified, using platform default
06-18 17:15:06.159 2150 2150 D NetworkSecurityConfig: No Network Security Config specified, using platform default
06-18 17:15:06.165 505 1347 D PackageManager: Instant App installer not found with android.intent.action.INSTALL_INSTANT_APP_PACKAGE
06-18 17:15:06.165 505 1347 D PackageManager: Clear ephemeral installer activity
06-18 17:15:06.198 1671 1671 I aaa : BootCompleteService is start !!!
06-18 17:15:06.199 1671 1671 W ContextImpl: Calling a method in the system process without a qualified user: android.app.ContextImpl.startService:1816 android.content.ContextWrapper.startService:774 android.content.ContextWrapper.startService:774 com.oranth.ledstatus.BootCompletedReceiver.onReceive:15 android.app.ActivityThread.handleReceiver:4308
06-18 17:15:06.212 1671 1671 D aaa : LedStatusService onStartCommand begin
06-18 17:15:06.217 1671 2193 D aaa : topPkg is -------------- :com.dangbei.hqguide
06-18 17:15:06.221 505 519 I ActivityManager: com.oranth.storage is exempt from freezer
06-18 17:15:06.224 505 1347 D PackageManager: Instant App installer not found with android.intent.action.INSTALL_INSTANT_APP_PACKAGE
06-18 17:15:06.224 505 1347 D PackageManager: Clear ephemeral installer activity
06-18 17:15:06.228 505 519 D CompatibilityChangeReporter: Compat change id reported: 135634846; UID 1000; state: DISABLED
06-18 17:15:06.229 1104 2144 I MediaProvider: Changed schema version on internal from 0 to 1209, 0 items taking 195ms UUID 8d0fe4dd-ed1b-418d-9259-8eb0d6818c91
06-18 17:15:06.233 1104 2144 V MediaProvider: onOpen() for internal.db
06-18 17:15:06.239 505 525 W IorapForwardingService: No service published for: iorapd
06-18 17:15:06.260 244 244 D Zygote : Forked child process 2195
06-18 17:15:06.262 505 534 I ActivityManager: app.processName = com.oranth.storage
06-18 17:15:06.262 505 534 I ActivityManager: Start proc 2195:com.oranth.storage/1000 for broadcast {com.oranth.storage/com.oranth.storage.BootCompletedReceiver}
06-18 17:15:06.271 2195 2195 I Zygote : seccomp disabled by setenforce 0
06-18 17:15:06.282 2195 2195 I .oranth.storag: Late-enabling -Xcheck:jni
06-18 17:15:06.360 1104 2144 D MediaProvider: Starting migration from legacy provider
06-18 17:15:06.395 395 407 I adbd : jdwp connection from 2195
06-18 17:15:06.411 1278 1300 V MediaProvider: onConfigure() for internal.db
06-18 17:15:06.442 2150 2194 D CompatibilityChangeReporter: Compat change id reported: 160794467; UID 10028; state: DISABLED
06-18 17:15:06.447 505 519 D CompatibilityChangeReporter: Compat change id reported: 171306433; UID 10028; state: DISABLED
06-18 17:15:06.471 505 519 D PackageManager: Instant App installer not found with android.intent.action.INSTALL_INSTANT_APP_PACKAGE
06-18 17:15:06.471 505 519 D PackageManager: Clear ephemeral installer activity
06-18 17:15:06.472 1278 1300 V MediaProvider: onCreate() for internal.db
06-18 17:15:06.495 505 570 D ConnectivityService: requestNetwork for uid/pid:1000/505 asUid: 10028 activeRequest: null callbackRequest: 28 [NetworkRequest [ REQUEST id=29, [ Capabilities: INTERNET&NOT_RESTRICTED&TRUSTED&NOT_VCN_MANAGED Uid: 10028 RequestorUid: 1000 RequestorPkg: android] ]] callback flags: 0 priority: 2147483647
06-18 17:15:06.496 505 609 D ConnectivityService: NetReassign [no changes]
06-18 17:15:06.498 505 646 D PPPOE : got request NetworkRequest [ REQUEST id=29, [ Capabilities: INTERNET&NOT_RESTRICTED&TRUSTED&NOT_VCN_MANAGED Uid: 10028 RequestorUid: 1000 RequestorPkg: android] ]
06-18 17:15:06.499 505 645 D Ethernet: got request NetworkRequest [ REQUEST id=29, [ Capabilities: INTERNET&NOT_RESTRICTED&TRUSTED&NOT_VCN_MANAGED Uid: 10028 RequestorUid: 1000 RequestorPkg: android] ]
06-18 17:15:06.499 505 645 D EthernetNetworkFactory: acceptRequest, request: NetworkRequest [ REQUEST id=29, [ Capabilities: INTERNET&NOT_RESTRICTED&TRUSTED&NOT_VCN_MANAGED Uid: 10028 RequestorUid: 1000 RequestorPkg: android] ]
06-18 17:15:06.499 505 645 I EthernetNetworkFactory: networkForRequest, request: NetworkRequest [ REQUEST id=29, [ Capabilities: INTERNET&NOT_RESTRICTED&TRUSTED&NOT_VCN_MANAGED Uid: 10028 RequestorUid: 1000 RequestorPkg: android] ], network: null
06-18 17:15:06.502 505 602 D WifiNetworkFactory: got request NetworkRequest [ REQUEST id=29, [ Capabilities: INTERNET&NOT_RESTRICTED&TRUSTED&NOT_VCN_MANAGED Uid: 10028 RequestorUid: 1000 RequestorPkg: android] ]
06-18 17:15:06.504 505 602 D UntrustedWifiNetworkFactory: got request NetworkRequest [ REQUEST id=29, [ Capabilities: INTERNET&NOT_RESTRICTED&TRUSTED&NOT_VCN_MANAGED Uid: 10028 RequestorUid: 1000 RequestorPkg: android] ]
06-18 17:15:06.505 505 602 D OemPaidWifiNetworkFactory: got request NetworkRequest [ REQUEST id=29, [ Capabilities: INTERNET&NOT_RESTRICTED&TRUSTED&NOT_VCN_MANAGED Uid: 10028 RequestorUid: 1000 RequestorPkg: android] ]
06-18 17:15:06.528 1278 1300 W MediaProvider: No column annotation provided; not creating views
06-18 17:15:06.532 1859 1859 I excHandlerThrea: type=1400 audit(0.0:880): avc: denied { getattr } for path="/data/user/0/com.dangbei.screencast/files" dev="mmcblk0p25" ino=2210 scontext=u:r:platform_app:s0:c512,c768 tcontext=u:object_r:app_data_file:s0:c512,c768 tclass=dir permissive=1 app=com.dangbei.screencast
06-18 17:15:06.540 1859 1859 I excHandlerThrea: type=1400 audit(0.0:881): avc: denied { create } for name="__database_reborn_January_one__" scontext=u:r:platform_app:s0:c512,c768 tcontext=u:object_r:app_data_file:s0:c512,c768 tclass=dir permissive=1 app=com.dangbei.screencast
06-18 17:15:06.546 1278 1300 W MediaProvider: No column annotation provided; not creating views
06-18 17:15:06.555 2195 2195 D CompatibilityChangeReporter: Compat change id reported: 171979766; UID 1000; state: ENABLED
06-18 17:15:06.558 1278 1300 V MediaProvider: onOpen() for internal.db
06-18 17:15:06.558 1278 1300 V MediaProvider: onOpen() finished for internal.db
06-18 17:15:06.580 1104 2144 D MediaProvider: Finished migration from legacy provider
06-18 17:15:06.605 505 570 D ConnectivityService: requestNetwork for uid/pid:10028/2150 activeRequest: null callbackRequest: 30 [NetworkRequest [ REQUEST id=31, [ Capabilities: INTERNET&NOT_RESTRICTED&TRUSTED&NOT_VCN_MANAGED Uid: 10028 RequestorUid: 10028 RequestorPkg: com.android.statementservice] ]] callback flags: 0 priority: 2147483647
06-18 17:15:06.606 505 609 D ConnectivityService: NetReassign [no changes]
06-18 17:15:06.607 505 646 D PPPOE : got request NetworkRequest [ REQUEST id=31, [ Capabilities: INTERNET&NOT_RESTRICTED&TRUSTED&NOT_VCN_MANAGED Uid: 10028 RequestorUid: 10028 RequestorPkg: com.android.statementservice] ]
06-18 17:15:06.608 505 602 D WifiNetworkFactory: got request NetworkRequest [ REQUEST id=31, [ Capabilities: INTERNET&NOT_RESTRICTED&TRUSTED&NOT_VCN_MANAGED Uid: 10028 RequestorUid: 10028 RequestorPkg: com.android.statementservice] ]
06-18 17:15:06.608 505 602 D UntrustedWifiNetworkFactory: got request NetworkRequest [ REQUEST id=31, [ Capabilities: INTERNET&NOT_RESTRICTED&TRUSTED&NOT_VCN_MANAGED Uid: 10028 RequestorUid: 10028 RequestorPkg: com.android.statementservice] ]
06-18 17:15:06.608 505 602 D OemPaidWifiNetworkFactory: got request NetworkRequest [ REQUEST id=31, [ Capabilities: INTERNET&NOT_RESTRICTED&TRUSTED&NOT_VCN_MANAGED Uid: 10028 RequestorUid: 10028 RequestorPkg: com.android.statementservice] ]
06-18 17:15:06.609 505 645 D Ethernet: got request NetworkRequest [ REQUEST id=31, [ Capabilities: INTERNET&NOT_RESTRICTED&TRUSTED&NOT_VCN_MANAGED Uid: 10028 RequestorUid: 10028 RequestorPkg: com.android.statementservice] ]
06-18 17:15:06.609 505 645 D EthernetNetworkFactory: acceptRequest, request: NetworkRequest [ REQUEST id=31, [ Capabilities: INTERNET&NOT_RESTRICTED&TRUSTED&NOT_VCN_MANAGED Uid: 10028 RequestorUid: 10028 RequestorPkg: com.android.statementservice] ]
06-18 17:15:06.610 505 645 I EthernetNetworkFactory: networkForRequest, request: NetworkRequest [ REQUEST id=31, [ Capabilities: INTERNET&NOT_RESTRICTED&TRUSTED&NOT_VCN_MANAGED Uid: 10028 RequestorUid: 10028 RequestorPkg: com.android.statementservice] ], network: null
06-18 17:15:06.612 2216 2216 I rgb_led_ctl: type=1400 audit(0.0:882): avc: denied { write } for name="spidev1.0" dev="tmpfs" ino=6648 scontext=u:r:init:s0 tcontext=u:object_r:device:s0 tclass=chr_file permissive=1
06-18 17:15:06.616 2216 2216 I rgb_led_ctl: type=1400 audit(0.0:883): avc: denied { open } for path="/dev/spidev1.0" dev="tmpfs" ino=6648 scontext=u:r:init:s0 tcontext=u:object_r:device:s0 tclass=chr_file permissive=1
06-18 17:15:06.616 2216 2216 I rgb_led_ctl: type=1400 audit(0.0:884): avc: denied { ioctl } for path="/dev/spidev1.0" dev="tmpfs" ino=6648 ioctlcmd=0x6b01 scontext=u:r:init:s0 tcontext=u:object_r:device:s0 tclass=chr_file permissive=1
06-18 17:15:06.672 1104 2144 V MediaProvider: onOpen() finished for internal.db
06-18 17:15:06.697 2195 2195 V GraphicsEnvironment: ANGLE Developer option for 'com.oranth.storage' set to: 'default'
06-18 17:15:06.698 2195 2195 V GraphicsEnvironment: Neither updatable production driver nor prerelease driver is supported.
06-18 17:15:06.715 2195 2195 D NetworkSecurityConfig: No Network Security Config specified, using platform default
06-18 17:15:06.724 2195 2195 D NetworkSecurityConfig: No Network Security Config specified, using platform default
06-18 17:15:06.732 2195 2195 I aaa : low stroage service is start !!!
06-18 17:15:06.739 2195 2195 W ContextImpl: Calling a method in the system process without a qualified user: android.app.ContextImpl.startService:1816 android.content.ContextWrapper.startService:774 android.content.ContextWrapper.startService:774 com.oranth.storage.BootCompletedReceiver.onReceive:15 android.app.ActivityThread.handleReceiver:4308
06-18 17:15:06.750 667 667 V SystemUIService: BOOT_COMPLETED received
06-18 17:15:06.753 667 667 D SystemUIBootTiming: SystemUIService: bootcomplete com.android.systemui.util.NotificationChannels took 0 ms
06-18 17:15:06.753 667 667 D SystemUIService: loading: com.android.systemui.volume.VolumeUI
06-18 17:15:06.755 2195 2195 D bbb : onCreate()
06-18 17:15:06.758 2195 2195 D CompatibilityChangeReporter: Compat change id reported: 160794467; UID 1000; state: ENABLED
06-18 17:15:06.759 667 667 I vol.Events: writeEvent collection_started
06-18 17:15:06.777 2195 2195 D bbb : onStartCommand begin !!!!!!! data分区剩余 25006MB
06-18 17:15:06.781 505 1347 D CompatibilityChangeReporter: Compat change id reported: 171306433; UID 1000; state: ENABLED
06-18 17:15:06.831 667 667 D vol.VolumeDialogImpl: Adding row for stream 10
06-18 17:15:06.854 1104 2144 D ModernMediaScanner: Parsing date with millis failed for [2021-03-09 16:20]. We will retry without millis
06-18 17:15:06.858 1104 2144 D ModernMediaScanner: Parsing date without millis failed for [2021-03-09 16:20]
06-18 17:15:06.863 667 667 D vol.VolumeDialogImpl: Adding row for stream 3
06-18 17:15:06.877 667 667 D vol.VolumeDialogImpl: Adding row for stream 2
06-18 17:15:06.894 667 667 D vol.VolumeDialogImpl: Adding row for stream 4
06-18 17:15:06.901 667 667 D vol.VolumeDialogImpl: Adding row for stream 0
06-18 17:15:06.910 667 667 D vol.VolumeDialogImpl: Adding row for stream 6
06-18 17:15:06.917 667 667 D vol.VolumeDialogImpl: Adding row for stream 1
06-18 17:15:06.929 667 667 D vol.VolumeDialogImpl: mShowing = false
06-18 17:15:06.933 667 667 D vol.VolumeDialogImpl: mShowing = false
06-18 17:15:06.936 1104 2144 D ModernMediaScanner: Parsing date with millis failed for [2021-03-09 16:21]. We will retry without millis
06-18 17:15:06.937 1104 2144 D ModernMediaScanner: Parsing date without millis failed for [2021-03-09 16:21]
06-18 17:15:06.937 667 2222 I vol.Events: writeEvent level_changed STREAM_VOICE_CALL 15
06-18 17:15:06.941 667 2222 I vol.Events: writeEvent level_changed STREAM_SYSTEM 5
06-18 17:15:06.943 667 2222 I vol.Events: writeEvent level_changed STREAM_RING 5
06-18 17:15:06.946 667 2222 I vol.Events: writeEvent level_changed STREAM_MUSIC 6
06-18 17:15:06.947 667 667 D SystemUIService: running: com.android.systemui.volume.VolumeUI@d2c230d
06-18 17:15:06.949 667 2222 I vol.Events: writeEvent level_changed STREAM_ALARM 17
06-18 17:15:06.954 667 2222 I vol.Events: writeEvent level_changed STREAM_BLUETOOTH_SCO 7
06-18 17:15:06.955 667 667 D SystemUIBootTiming: SystemUIService: bootcomplete com.android.systemui.volume.VolumeUI took 202 ms
06-18 17:15:06.955 667 667 D SystemUIService: loading: com.android.systemui.privacy.television.TvOngoingPrivacyChip
06-18 17:15:06.965 667 2222 I vol.Events: writeEvent zen_mode_config_changed [disallowAlarms=false disallowMedia=false disallowSystem=true disallowRinger=false]
06-18 17:15:06.967 667 667 D SystemUIService: running: com.android.systemui.privacy.television.TvOngoingPrivacyChip@8229f2f
06-18 17:15:06.968 667 667 D SystemUIBootTiming: SystemUIService: bootcomplete com.android.systemui.privacy.television.TvOngoingPrivacyChip took 13 ms
06-18 17:15:06.968 667 667 D SystemUIService: loading: com.android.systemui.statusbar.tv.TvStatusBar
06-18 17:15:06.968 667 667 D SystemUIService: running: com.android.systemui.statusbar.tv.TvStatusBar@98493c
06-18 17:15:06.972 505 1347 I StatusBarManagerService: registerStatusBar bar=com.android.internal.statusbar.IStatusBar$Stub$Proxy@a0f6a47
06-18 17:15:06.975 667 667 D SystemUIBootTiming: SystemUIService: bootcomplete com.android.systemui.statusbar.tv.TvStatusBar took 6 ms
06-18 17:15:06.975 667 667 D SystemUIService: loading: com.android.systemui.statusbar.tv.notifications.TvNotificationPanel
06-18 17:15:06.975 667 667 D SystemUIService: running: com.android.systemui.statusbar.tv.notifications.TvNotificationPanel@78fa6c5
06-18 17:15:06.975 667 667 D SystemUIBootTiming: SystemUIService: bootcomplete com.android.systemui.statusbar.tv.notifications.TvNotificationPanel took 0 ms
06-18 17:15:06.975 667 667 D SystemUIService: loading: com.android.systemui.statusbar.tv.notifications.TvNotificationHandler
06-18 17:15:06.978 667 667 D SystemUIService: running: com.android.systemui.statusbar.tv.notifications.TvNotificationHandler@e58381a
06-18 17:15:06.979 1104 2144 D ModernMediaScanner: Parsing date with millis failed for [2021-03-09 16:21]. We will retry without millis
06-18 17:15:06.979 1104 2144 D ModernMediaScanner: Parsing date without millis failed for [2021-03-09 16:21]
06-18 17:15:06.982 667 667 D SystemUIBootTiming: SystemUIService: bootcomplete com.android.systemui.statusbar.tv.notifications.TvNotificationHandler took 7 ms
06-18 17:15:06.982 667 667 D SystemUIService: loading: com.android.systemui.statusbar.tv.VpnStatusObserver
06-18 17:15:06.995 505 609 D ConnectivityService: NetReassign [no changes]
06-18 17:15:07.003 667 667 D SystemUIService: running: com.android.systemui.statusbar.tv.VpnStatusObserver@cafa079
06-18 17:15:07.003 667 667 D SystemUIBootTiming: SystemUIService: bootcomplete com.android.systemui.statusbar.tv.VpnStatusObserver took 21 ms
06-18 17:15:07.003 667 667 D SystemUIService: loading: com.android.systemui.globalactions.GlobalActionsComponent
06-18 17:15:07.008 667 667 D SystemUIService: running: com.android.systemui.globalactions.GlobalActionsComponent@4261be
06-18 17:15:07.014 667 667 D SystemUIBootTiming: SystemUIService: bootcomplete com.android.systemui.globalactions.GlobalActionsComponent took 11 ms
06-18 17:15:07.014 667 667 D SystemUIService: loading: com.android.systemui.usb.StorageNotification
06-18 17:15:07.015 667 667 D SystemUIService: running: com.android.systemui.usb.StorageNotification@b77513b
06-18 17:15:07.024 667 667 D StorageNotification: Notifying about private volume: VolumeInfo{private}:
06-18 17:15:07.024 667 667 D StorageNotification: type=PRIVATE diskId=null partGuid=null mountFlags=0 mountUserId=-10000
06-18 17:15:07.024 667 667 D StorageNotification: state=MOUNTED
06-18 17:15:07.024 667 667 D StorageNotification: fsType=null fsUuid=null fsLabel=null
06-18 17:15:07.024 667 667 D StorageNotification: path=/data internalPath=null
06-18 17:15:07.026 667 667 D SystemUIBootTiming: SystemUIService: bootcomplete com.android.systemui.usb.StorageNotification took 12 ms
06-18 17:15:07.026 667 667 D SystemUIService: loading: com.android.systemui.power.PowerUI
06-18 17:15:07.027 667 667 D SystemUIService: running: com.android.systemui.power.PowerUI@bd6ea96
06-18 17:15:07.056 667 667 D SystemUIBootTiming: SystemUIService: bootcomplete com.android.systemui.power.PowerUI took 29 ms
06-18 17:15:07.056 667 667 D SystemUIService: loading: com.android.systemui.media.RingtonePlayer
06-18 17:15:07.058 667 667 D SystemUIService: running: com.android.systemui.media.RingtonePlayer@afbeba5
06-18 17:15:07.061 667 667 D SystemUIBootTiming: SystemUIService: bootcomplete com.android.systemui.media.RingtonePlayer took 5 ms
06-18 17:15:07.061 667 667 D SystemUIService: loading: com.android.systemui.keyboard.KeyboardUI
06-18 17:15:07.062 667 667 D SystemUIService: running: com.android.systemui.keyboard.KeyboardUI@95aff2b
06-18 17:15:07.064 667 667 D SystemUIBootTiming: SystemUIService: bootcomplete com.android.systemui.keyboard.KeyboardUI took 3 ms
06-18 17:15:07.064 667 667 D SystemUIService: loading: com.android.systemui.shortcut.ShortcutKeyDispatcher
