06-18 17:15:01.079 1514 1514 W System.err: at java.lang.reflect.Method.invoke(Native Method)
06-18 17:15:01.079 1514 1514 W System.err: at com.android.internal.os.RuntimeInit$MethodAndArgsCaller.run(RuntimeInit.java:548)
06-18 17:15:01.079 1514 1514 W System.err: at com.android.internal.os.ZygoteInit.main(ZygoteInit.java:1182)
01-01 08:00:26.110 380 380 I : DVI mode selected: packets not configured
01-01 08:00:26.110 380 380 I : Error: set vsif failed
01-01 08:00:26.126 380 380 I : DVI mode selected: packets not configured
01-01 08:00:26.126 380 380 I : Error: set vsif failed
06-18 17:15:01.109 1514 1647 W ContextImpl: Calling a method in the system process without a qualified user: android.app.ContextImpl.bindService:1895 android.content.ContextWrapper.bindService:810 com.dangbei.lerad.etna.lib.client.EtnaClient.bindServer:138 com.dangbei.lerad.etna.lib.client.EtnaClient.access$600:29 com.dangbei.lerad.etna.lib.client.EtnaClient$3.call:205
06-18 17:15:01.108 265 265 I EventThread: type=1400 audit(0.0:578): avc: denied { search } for name="extcon" dev="sysfs" ino=18109 scontext=u:r:hal_tv_cec_default:s0 tcontext=u:object_r:sysfs_extcon:s0 tclass=dir permissive=1
01-01 08:00:26.142 380 380 I : DVI mode selected: packets not configured
01-01 08:00:26.142 380 380 I : Error: set vsif failed
06-18 17:15:01.132 1651 1651 I rm : type=1400 audit(0.0:579): avc: denied { getattr } for path="/data/local/tmp/xapk" dev="mmcblk0p25" ino=2137 scontext=u:r:preinstall:s0 tcontext=u:object_r:preinstall_shell_file:s0 tclass=dir permissive=1
06-18 17:15:01.132 1651 1651 I rm : type=1400 audit(0.0:580): avc: denied { read } for name="xapk" dev="mmcblk0p25" ino=2137 scontext=u:r:preinstall:s0 tcontext=u:object_r:preinstall_shell_file:s0 tclass=dir permissive=1
06-18 17:15:01.132 1651 1651 I rm : type=1400 audit(0.0:581): avc: denied { open } for path="/data/local/tmp/xapk" dev="mmcblk0p25" ino=2137 scontext=u:r:preinstall:s0 tcontext=u:object_r:preinstall_shell_file:s0 tclass=dir permissive=1
06-18 17:15:01.132 1651 1651 I rm : type=1400 audit(0.0:582): avc: denied { search } for name="xapk" dev="mmcblk0p25" ino=2137 scontext=u:r:preinstall:s0 tcontext=u:object_r:preinstall_shell_file:s0 tclass=dir permissive=1
01-01 08:00:26.159 380 380 I : DVI mode selected: packets not configured
01-01 08:00:26.159 380 380 I : Error: set vsif failed
01-01 08:00:26.176 380 380 I : DVI mode selected: packets not configured
01-01 08:00:26.176 380 380 I : Error: set vsif failed
01-01 08:00:26.192 380 380 I : DVI mode selected: packets not configured
01-01 08:00:26.192 380 380 I : Error: set vsif failed
01-01 08:00:26.209 380 380 I : DVI mode selected: packets not configured
01-01 08:00:26.209 380 380 I : Error: set vsif failed
01-01 08:00:26.226 380 380 I : DVI mode selected: packets not configured
01-01 08:00:26.226 380 380 I : Error: set vsif failed
06-18 17:15:01.211 505 525 W IorapForwardingService: No service published for: iorapd
06-18 17:15:01.256 1595 1595 I MultiDex: Installing application
06-18 17:15:01.256 1595 1595 I MultiDex: VM has multidex support, MultiDex support library is disabled.
06-18 17:15:01.263 1595 1595 W .filemanager.o: Accessing hidden field Landroid/app/ActivityThread;->mHiddenApiWarningShown:Z (max-target-o, reflection, denied)
06-18 17:15:01.264 1595 1595 W System.err: java.lang.NoSuchFieldException: No field mHiddenApiWarningShown in class Landroid/app/ActivityThread; (declaration of 'android.app.ActivityThread' appears in /system/framework/framework.jar)
06-18 17:15:01.264 1595 1595 W System.err: at java.lang.Class.getDeclaredField(Native Method)
06-18 17:15:01.264 1595 1595 W System.err: at com.dangbei.lerad.filemanager.application.App.disableAPIDialog(App.java:166)
06-18 17:15:01.264 1595 1595 W System.err: at com.dangbei.lerad.filemanager.application.App.onCreate(App.java:95)
06-18 17:15:01.264 1595 1595 W System.err: at android.app.Instrumentation.callApplicationOnCreate(Instrumentation.java:1211)
06-18 17:15:01.264 1595 1595 W System.err: at android.app.ActivityThread.handleBindApplication(ActivityThread.java:6740)
06-18 17:15:01.264 1595 1595 W System.err: at android.app.ActivityThread.access$1500(ActivityThread.java:247)
06-18 17:15:01.264 1595 1595 W System.err: at android.app.ActivityThread$H.handleMessage(ActivityThread.java:2053)
06-18 17:15:01.264 1595 1595 W System.err: at android.os.Handler.dispatchMessage(Handler.java:106)
06-18 17:15:01.264 1595 1595 W System.err: at android.os.Looper.loopOnce(Looper.java:201)
06-18 17:15:01.264 1595 1595 W System.err: at android.os.Looper.loop(Looper.java:288)
06-18 17:15:01.264 1595 1595 W System.err: at android.app.ActivityThread.main(ActivityThread.java:7854)
06-18 17:15:01.264 1595 1595 W System.err: at java.lang.reflect.Method.invoke(Native Method)
06-18 17:15:01.264 1595 1595 W System.err: at com.android.internal.os.RuntimeInit$MethodAndArgsCaller.run(RuntimeInit.java:548)
06-18 17:15:01.264 1595 1595 W System.err: at com.android.internal.os.ZygoteInit.main(ZygoteInit.java:1182)
06-18 17:15:01.312 181 181 E SELinux : avc: denied { find } for pid=1666 uid=0 name=activity scontext=u:r:preinstall:s0 tcontext=u:object_r:activity_service:s0 tclass=service_manager permissive=1
06-18 17:15:01.325 505 520 I ActivityManager: com.oranth.ledstatus is exempt from freezer
06-18 17:15:01.326 505 520 D CompatibilityChangeReporter: Compat change id reported: 135634846; UID 1000; state: DISABLED
06-18 17:15:01.347 1595 1595 E ActivityThread: Failed to find provider info for lerad.provider.etna
06-18 17:15:01.359 244 244 D Zygote : Forked child process 1671
06-18 17:15:01.369 1528 1628 I UtilCommon: bluetoothMac=B4:2F:03:15:73:2F
06-18 17:15:01.373 505 1099 I ActivityManager: com.android.localtransport is exempt from freezer
06-18 17:15:01.374 505 534 I ActivityManager: app.processName = com.oranth.ledstatus
06-18 17:15:01.374 505 534 I ActivityManager: Start proc 1671:com.oranth.ledstatus/1000 for service {com.oranth.ledstatus/com.oranth.ledstatus.LedStatusService}
06-18 17:15:01.375 505 534 W ActivityManager: Slow operation: 51ms so far, now at startProcess: done updating pids map
06-18 17:15:01.377 1671 1671 I Zygote : seccomp disabled by setenforce 0
06-18 17:15:01.400 244 244 D Zygote : Forked child process 1680
06-18 17:15:01.402 1671 1671 I ranth.ledstatu: Late-enabling -Xcheck:jni
06-18 17:15:01.403 505 534 I ActivityManager: app.processName = com.android.localtransport
06-18 17:15:01.403 505 534 I ActivityManager: Start proc 1680:com.android.localtransport/1000 for service {com.android.localtransport/com.android.localtransport.LocalTransportService}
06-18 17:15:01.411 1125 1505 E dangbei111: cccccc 开始扫描
06-18 17:15:01.413 1125 1505 D BluetoothAdapter: isLeEnabled(): ON
06-18 17:15:01.414 1595 1595 D USBReceiver: usb > onReceive: action = android.intent.action.MEDIA_MOUNTED
06-18 17:15:01.416 1680 1680 I Zygote : seccomp disabled by setenforce 0
06-18 17:15:01.427 659 945 I bluetooth: system/bt/stack/gatt/gatt_api.cc:1019 GATT_Register: Allocated name:GattClient uuid:13bb7165-d57f-6aea-2caf-6d2ef6bdb3ac gatt_if:6 eatt_support:0
06-18 17:15:01.430 1125 1161 D BluetoothLeScanner: onScannerRegistered() - status=0 scannerId=6 mScannerId=0
06-18 17:15:01.439 395 407 I adbd : jdwp connection from 1680
06-18 17:15:01.489 1528 1696 W System.err: java.net.UnknownHostException: Unable to resolve host "tyapi.qun7.com": No address associated with hostname
06-18 17:15:01.489 1528 1696 W System.err: at java.net.Inet6AddressImpl.lookupHostByName(Inet6AddressImpl.java:156)
06-18 17:15:01.489 1528 1696 W System.err: at java.net.Inet6AddressImpl.lookupAllHostAddr(Inet6AddressImpl.java:103)
06-18 17:15:01.489 1528 1696 W System.err: at java.net.InetAddress.getAllByName(InetAddress.java:1152)
06-18 17:15:01.489 1528 1696 W System.err: at com.android.okhttp.Dns$1.lookup(Dns.java:41)
06-18 17:15:01.489 1528 1696 W System.err: at com.android.okhttp.internal.http.RouteSelector.resetNextInetSocketAddress(RouteSelector.java:178)
06-18 17:15:01.489 1528 1696 W System.err: at com.android.okhttp.internal.http.RouteSelector.nextProxy(RouteSelector.java:144)
06-18 17:15:01.489 1528 1696 W System.err: at com.android.okhttp.internal.http.RouteSelector.next(RouteSelector.java:86)
06-18 17:15:01.489 1528 1696 W System.err: at com.android.okhttp.internal.http.StreamAllocation.findConnection(StreamAllocation.java:176)
06-18 17:15:01.489 1528 1696 W System.err: at com.android.okhttp.internal.http.StreamAllocation.findHealthyConnection(StreamAllocation.java:128)
06-18 17:15:01.489 1528 1696 W System.err: at com.android.okhttp.internal.http.StreamAllocation.newStream(StreamAllocation.java:97)
06-18 17:15:01.489 1528 1696 W System.err: at com.android.okhttp.internal.http.HttpEngine.connect(HttpEngine.java:289)
06-18 17:15:01.489 1528 1696 W System.err: at com.android.okhttp.internal.http.HttpEngine.sendRequest(HttpEngine.java:232)
06-18 17:15:01.489 1528 1696 W System.err: at com.android.okhttp.internal.huc.HttpURLConnectionImpl.execute(HttpURLConnectionImpl.java:465)
06-18 17:15:01.489 1528 1696 W System.err: at com.android.okhttp.internal.huc.HttpURLConnectionImpl.getResponse(HttpURLConnectionImpl.java:411)
06-18 17:15:01.489 1528 1696 W System.err: at com.android.okhttp.internal.huc.HttpURLConnectionImpl.getResponseCode(HttpURLConnectionImpl.java:542)
06-18 17:15:01.489 1528 1696 W System.err: at com.dangbei.statistics.UtilCommon.networkGetIp(UtilCommon.java:826)
06-18 17:15:01.489 1528 1696 W System.err: at com.dangbei.statistics.UtilCommon$1.accept(UtilCommon.java:807)
06-18 17:15:01.490 1528 1696 W System.err: at com.dangbei.statistics.UtilCommon$1.accept(UtilCommon.java:803)
06-18 17:15:01.490 1528 1696 W System.err: at io.reactivex.internal.operators.observable.ObservableDoOnEach$DoOnEachObserver.onNext(ObservableDoOnEach.java:93)
06-18 17:15:01.490 1528 1696 W System.err: at io.reactivex.internal.operators.observable.ObservableObserveOn$ObserveOnObserver.drainNormal(ObservableObserveOn.java:201)
06-18 17:15:01.490 1528 1696 W System.err: at io.reactivex.internal.operators.observable.ObservableObserveOn$ObserveOnObserver.run(ObservableObserveOn.java:255)
06-18 17:15:01.490 1528 1696 W System.err: at io.reactivex.internal.schedulers.ScheduledRunnable.run(ScheduledRunnable.java:66)
06-18 17:15:01.490 1528 1696 W System.err: at io.reactivex.internal.schedulers.ScheduledRunnable.call(ScheduledRunnable.java:57)
06-18 17:15:01.490 1528 1696 W System.err: at java.util.concurrent.FutureTask.run(FutureTask.java:266)
06-18 17:15:01.490 1528 1696 W System.err: at java.util.concurrent.ScheduledThreadPoolExecutor$ScheduledFutureTask.run(ScheduledThreadPoolExecutor.java:301)
06-18 17:15:01.490 1528 1696 W System.err: at java.util.concurrent.ThreadPoolExecutor.runWorker(ThreadPoolExecutor.java:1167)
06-18 17:15:01.490 1528 1696 W System.err: at java.util.concurrent.ThreadPoolExecutor$Worker.run(ThreadPoolExecutor.java:641)
06-18 17:15:01.490 1528 1696 W System.err: at java.lang.Thread.run(Thread.java:920)
06-18 17:15:01.490 1528 1696 W System.err: Caused by: android.system.GaiException: android_getaddrinfo failed: EAI_NODATA (No address associated with hostname)
06-18 17:15:01.490 1528 1696 W System.err: at libcore.io.Linux.android_getaddrinfo(Native Method)
06-18 17:15:01.490 1528 1696 W System.err: at libcore.io.ForwardingOs.android_getaddrinfo(ForwardingOs.java:136)
06-18 17:15:01.490 1528 1696 W System.err: at libcore.io.BlockGuardOs.android_getaddrinfo(BlockGuardOs.java:221)
06-18 17:15:01.494 505 834 D CompatibilityChangeReporter: Compat change id reported: 168419799; UID 10014; state: DISABLED
06-18 17:15:01.498 1278 1278 D NetworkSecurityConfig: No Network Security Config specified, using platform default
06-18 17:15:01.504 1680 1680 D CompatibilityChangeReporter: Compat change id reported: 171979766; UID 1000; state: ENABLED
06-18 17:15:01.490 1528 1696 W System.err: at libcore.io.ForwardingOs.android_getaddrinfo(ForwardingOs.java:136)
06-18 17:15:01.511 1528 1696 W System.err: at java.net.Inet6AddressImpl.lookupHostByName(Inet6AddressImpl.java:135)
06-18 17:15:01.511 1528 1696 W System.err: ... 27 more
06-18 17:15:01.545 505 526 D ColorDisplayService: NightDisplayTintController Animation cancelled: false to matrix:
06-18 17:15:01.545 505 526 D ColorDisplayService: 1.000000 0.000000 0.000000 0.000000 0.000000 1.000000 0.000000 0.000000 0.000000 0.000000 1.000000 0.000000 0.000000 0.000000 0.000000 1.000000 min matrix coefficients:
06-18 17:15:01.545 505 526 D ColorDisplayService: 1.000000 0.000000 0.000000 0.000000 0.000000 1.000000 0.000000 0.000000 0.000000 0.000000 1.000000 0.000000 0.000000 0.000000 0.000000 1.000000 max matrix coefficients:
06-18 17:15:01.545 505 526 D ColorDisplayService: 1.000000 0.000000 0.000000 0.000000 0.000000 1.000000 0.000000 0.000000 0.000000 0.000000 1.000000 0.000000 0.000000 0.000000 0.000000 1.000000
06-18 17:15:01.546 395 407 I adbd : jdwp connection from 1671
01-01 08:00:26.586 1715 1715 W audit : audit_lost=180 audit_rate_limit=5 audit_backlog_limit=64
01-01 08:00:26.586 1715 1715 E audit : rate limit exceeded
06-18 17:15:01.600 505 784 D CompatibilityChangeReporter: Compat change id reported: 168419799; UID 1000; state: DISABLED
06-18 17:15:01.671 1528 1528 W bei.lerad.rock: Class com.iflytek.aiui.AIUIAgent failed lock verification and will run slower.
06-18 17:15:01.671 1528 1528 W bei.lerad.rock: Common causes for lock verification issues are non-optimized dex code
06-18 17:15:01.671 1528 1528 W bei.lerad.rock: and incorrect proguard optimizations.
06-18 17:15:01.681 1680 1680 V GraphicsEnvironment: ANGLE Developer option for 'com.android.localtransport' set to: 'default'
06-18 17:15:01.682 1680 1680 V GraphicsEnvironment: Neither updatable production driver nor prerelease driver is supported.
06-18 17:15:01.682 1528 1528 I AiuiEngine: create aiui agent
06-18 17:15:01.682 1528 1528 D RockyVoice_AiUiDelegate: 初始化成功
06-18 17:15:01.687 1680 1680 D NetworkSecurityConfig: No Network Security Config specified, using platform default
06-18 17:15:01.688 1545 1545 I FrameWorkHelper: userHttps:
06-18 17:15:01.690 1528 1528 D RockyNetMessageUtil: initTipsList tipEntity = null isRequestTipSuccess = false
06-18 17:15:01.693 1680 1680 D NetworkSecurityConfig: No Network Security Config specified, using platform default
06-18 17:15:01.697 1545 1574 I hq : getCurrentUser: visitorBean=Users{userId=-1, nickName='游客', avatarUrl='null', wxToken='null', vip='null', mobile='null', sex=null, description='null', city='null', province='null', country='null', launcherMode=null, token='null', token='null'}
06-18 17:15:01.714 1528 1737 W bei.lerad.rock: Class com.iflytek.aiui.utils.c failed lock verification and will run slower.
06-18 17:15:01.725 1125 1125 D WanCommander: handleConnection:
06-18 17:15:01.727 1125 1125 E EtnaListener: onServerConnected
06-18 17:15:01.727 1125 1125 E ccc : cccccc etnaService addListener com.dangbei.lerad.etna.lib.client.EtnaServerListener@134ddac com.dangbei.etna.update
06-18 17:15:01.728 1125 1125 E ccc : cccccc UpdateHelper onServerConnected
06-18 17:15:01.731 1125 1161 E ccc : cccccc etnaService addListener com.dangbei.lerad.etna.aidl.IEtnaAidlListener$Stub$Proxy@ebc7a0a com.dangbei.haqusetting
06-18 17:15:01.742 505 505 I TransportClient: LocalTransportService#0: Notifying [TransportManager.registerTransport()] transport = IBackupTransport
06-18 17:15:01.745 1528 1737 W bei.lerad.rock: Class com.iflytek.aiui.utils.l failed lock verification and will run slower.
06-18 17:15:01.750 1514 1514 E ccc : cccccc etna-haqu-connected
06-18 17:15:01.768 1671 1671 D CompatibilityChangeReporter: Compat change id reported: 171979766; UID 1000; state: DISABLED
06-18 17:15:01.783 1528 1528 D RockyNetMessageUtil: initMediaControlPage pageEntity = null isRequestPageControlSuccess = false
06-18 17:15:01.790 505 1099 D BackupTransportManager: Transport com.android.localtransport/.LocalTransportService registered
06-18 17:15:01.790 505 1099 D BackupManagerService: [UserID:0] Transport com.android.localtransport/.LocalTransport registered 3505ms after first request (delay = 3000ms)
06-18 17:15:01.799 1545 1545 E hq : USBReceiver:::USBReceiver onReceive: list=1
06-18 17:15:01.805 1528 1751 D XHttpObservable: handleRequest: start https://tyapi.qun7.com/v1/voice/getsoundshowmsg ,,, isCache = false
06-18 17:15:01.817 1545 1742 D hq : NetWorkStateReceiver:::检查网络,并且持续更新 isConnect=false
06-18 17:15:01.830 1528 1755 D XHttpObservable: handleRequest: start https://tyapi.qun7.com/v1/voice/getResponseControlPage ,,, isCache = false
06-18 17:15:01.840 1528 1759 I AIUI : start save id
06-18 17:15:01.849 361 361 D awplayer: : reset
06-18 17:15:01.852 361 361 W awplayer: : reset...
06-18 17:15:01.853 361 975 D awplayer: : ****** PlayerStop
06-18 17:15:01.853 361 975 D awplayer: : audio render receive cmd: stop
06-18 17:15:01.853 361 977 I awplayer: : audio render process stop message.
06-18 17:15:01.853 361 977 D awplayer: : stop sound devide.
06-18 17:15:01.853 361 977 D awplayer: <__SdStop:561>: : stop
06-18 17:15:01.862 249 450 D audio_hw_primary: out_standby
06-18 17:15:01.871 1545 1545 E DispatcherManager: publishMode=DBBOX-A2 piDispatcher=com.dangbei.launcher.dispatcher.function.BOXAXDispatcher@fc2cadb
06-18 17:15:01.898 1671 1671 D ApplicationLoaders: Returning zygote-cached class loader: /system/framework/android.test.base.jar
06-18 17:15:01.898 1671 1671 D ApplicationLoaders: Returning zygote-cached class loader: /system/framework/android.hidl.manager-V1.0-java.jar
06-18 17:15:01.898 1671 1671 D ApplicationLoaders: Returning zygote-cached class loader: /system/framework/android.hidl.base-V1.0-java.jar
06-18 17:15:01.920 1545 1742 I hq : 当前的服务模式是,serviceMode=0
06-18 17:15:01.931 361 975 D awplayer: : audio decoder receive cmd: stop
06-18 17:15:01.931 361 976 D awplayer: : destroy libadecoder...
06-18 17:15:01.932 361 976 D Allwinner Audio Libs: ver : 2017-8-4-18-00 exit successs...
06-18 17:15:01.932 361 976 D AllwinnerAlibs: ver : 2017-8-4-18-00 ----dlclose so success!
06-18 17:15:01.932 361 975 D awplayer: : ****** PlayerStop end
06-18 17:15:01.932 361 975 D awplayer: : audio render receive cmd: quit
06-18 17:15:01.932 361 977 D awplayer: : audio render process quit message.
06-18 17:15:01.932 361 977 D awplayer: : stop sound devide.
06-18 17:15:01.932 361 977 D awplayer: <__SdStop:561>: : stop
06-18 17:15:01.932 361 977 W awplayer: : Sound device already stopped.
06-18 17:15:01.933 361 975 D awplayer: : audio decoder receive cmd: quit
06-18 17:15:01.933 361 975 D awplayer: : libadecoder.so close success......
06-18 17:15:01.934 361 361 D awplayer: : reset
06-18 17:15:01.935 361 361 W awplayer: : reset...
06-18 17:15:01.935 361 975 D awplayer: : ****** PlayerStop
06-18 17:15:01.935 361 975 E awplayer: : invalid stop operation, player already in stopped status.
06-18 17:15:01.935 361 361 W awplayer: : XPlayerDestroy
06-18 17:15:01.935 361 361 W awplayer: : reset...
06-18 17:15:01.936 361 975 D awplayer: : ****** PlayerStop
06-18 17:15:01.936 361 975 E awplayer: : invalid stop operation, player already in stopped status.
06-18 17:15:01.937 361 361 D awplayer: <__SdDestroy:110>: : destroy
06-18 17:15:01.937 361 361 D awplayer: <~AwPlayer:344>: ~AwPlayer
06-18 17:15:01.945 1528 1759 I AIUI : save id end
06-18 17:15:01.984 1528 1528 W SoundPool: Use of stream types is deprecated for operations other than volume control
06-18 17:15:01.985 899 899 V MediaPlayer: resetDrmState: mDrmInfo=null mDrmProvisioningThread=null mPrepareDrmInProgress=false mActiveDrmScheme=false
06-18 17:15:01.985 899 899 V MediaPlayer: cleanDrmObj: mDrmObj=null mDrmSessionId=null
06-18 17:15:01.992 1528 1528 W SoundPool: See the documentation of SoundPool() for what to use instead with android.media.AudioAttributes to qualify your playback use case
06-18 17:15:02.066 1104 1418 W MediaProvider: Failed to fetch original file descriptor
06-18 17:15:02.066 1104 1418 W MediaProvider: java.io.FileNotFoundException: Input file descriptor is already original
06-18 17:15:02.066 1104 1418 W MediaProvider: at com.android.providers.media.MediaProvider.getOriginalMediaFormatFileDescriptor(MediaProvider.java:5774)
06-18 17:15:02.066 1104 1418 W MediaProvider: at com.android.providers.media.MediaProvider.openTypedAssetFileCommon(MediaProvider.java:7190)
06-18 17:15:02.066 1104 1418 W MediaProvider: at com.android.providers.media.MediaProvider.openTypedAssetFile(MediaProvider.java:7171)
06-18 17:15:02.066 1104 1418 W MediaProvider: at android.content.ContentProvider$Transport.openTypedAssetFile(ContentProvider.java:548)
06-18 17:15:02.066 1104 1418 W MediaProvider: at android.content.ContentProviderNative.onTransact(ContentProviderNative.java:327)
06-18 17:15:02.066 1104 1418 W MediaProvider: at android.os.Binder.execTransactInternal(Binder.java:1179)
06-18 17:15:02.066 1104 1418 W MediaProvider: at android.os.Binder.execTransact(Binder.java:1143)
06-18 17:15:02.068 1528 1528 D RockyReceiver: action: android.net.wifi.WIFI_STATE_CHANGED
06-18 17:15:02.071 361 788 D MediaPlayerFactory: Initialize getpersist = 0 value=
06-18 17:15:02.071 361 788 D awplayer: : AwPlayer construct.
06-18 17:15:02.071 361 788 D awplayer: : XPlayerCreate.
06-18 17:15:02.071 361 788 D awplayer: :
06-18 17:15:02.071 361 788 D awplayer: >>>>>>>>>>>>>>>>>>>>>>>>>>>>>>> CedarX <<<<<<<<<<<<<<<<<<<<<<<<<<<<<<<
06-18 17:15:02.071 361 788 D awplayer: tag : CedarX-2.8.0
06-18 17:15:02.071 361 788 D awplayer: branch: master
06-18 17:15:02.071 361 788 D awplayer: commit: 967535b8ff6a073cb4f38e85a4ae5fa6008014d8
06-18 17:15:02.071 361 788 D awplayer: date : Mon, 15 May 2017 01:30:22 +0000 (09:30 +0800)
06-18 17:15:02.071 361 788 D awplayer: author:
06-18 17:15:02.071 361 788 D awplayer: ----------------------------------------------------------------------
06-18 17:15:02.080 505 593 E ConnectivityService: Exception = android.content.pm.PackageManager$NameNotFoundException: android.net.cts
06-18 17:15:02.084 361 1806 D awplayer: : ==== process message XPLAYER_COMMAND_SET_SUBCTRL.
06-18 17:15:02.084 361 788 D awplayer: : set deinterlace
06-18 17:15:02.084 361 1806 D awplayer: : ==== process message XPLAYER_COMMAND_SET_SUBCTRL.
06-18 17:15:02.094 361 788 D awplayer: : : init
06-18 17:15:02.094 361 1806 I awplayer: : process message XPLAYER_COMMAND_SET_SOURCE.
06-18 17:15:02.095 361 788 D awplayer: : prepare
06-18 17:15:02.095 361 1806 D awplayer: : process message XPLAYER_COMMAND_PREPARE. mPriData->mStatus: 1
06-18 17:15:02.095 361 1805 D demuxComponent: : process message DEMUX_COMMAND_PREPARE.
06-18 17:15:02.095 361 1805 D awplayer: : source uri 'fd://7?offset=6722000&length=17190'
06-18 17:15:02.095 361 1805 D awplayer: <__FileStreamConnect:463>: (8/6722000/17190) path:'file:///system/priv-app/dangbei-boot-guide/dangbei-boot-guide.apk'
06-18 17:15:02.096 361 1805 E awplayer: <__FlacParserProbe:1096>: Flac probe failed.
06-18 17:15:02.096 361 1805 D awplayer: : Wav parser : skipped ID3 tag, new starting offset is 45 (0x000000000000002d)
06-18 17:15:02.096 361 1805 D awplayer: : Wav parser : this is ID3 first : 45
06-18 17:15:02.096 361 1805 D awplayer: <__WvParserProbe:575>: __WvParserProbe: I
06-18 17:15:02.096 361 1805 D awplayer: <__WvParserProbe:575>: __WvParserProbe: D
06-18 17:15:02.096 361 1805 D awplayer: <__WvParserProbe:575>: __WvParserProbe: 3
06-18 17:15:02.096 361 1805 D awplayer: <__WvParserProbe:575>: __WvParserProbe: 
06-18 17:15:02.097 361 1805 E awplayer: <__CafParserProbe:567>: Caf probe failed.
06-18 17:15:02.097 361 1805 E awplayer: <__G729ParserProbe:290>: g729 SYNC_WORD probe failed.
06-18 17:15:02.097 361 1805 W awplayer: : audio probe fail!!!
06-18 17:15:02.097 361 1805 I awplayer: <__AiffParserProbe:805>: wav probe failed.
06-18 17:15:02.097 361 1805 D awplayer: : Good, it's 'id3v2'
06-18 17:15:02.097 361 1805 E awplayer: <__FlacParserProbe:1096>: Flac probe failed.
06-18 17:15:02.097 361 1805 D awplayer: : Good, it's 'mp3'
06-18 17:15:02.097 361 1805 W awplayer: : not implement...(18)
06-18 17:15:02.098 361 1805 D awplayer: : *********PrintMediaInfo begin*********
06-18 17:15:02.098 361 1805 D awplayer: : fileSize = 17190, bSeekable = 1, duration = 5616, audioNum = 1, videoNum = 0, subtitleNum = 0
06-18 17:15:02.098 361 1805 D awplayer: : ***Audio[0]*** eCodecFormat = 0x3, eSubCodecFormat = 0x0, nChannelNum = 1, nBitsPerSample = 0, nSampleRate = 16000
06-18 17:15:02.098 361 1805 D awplayer: : *********PrintMediaInfo end*********
06-18 17:15:02.098 361 1805 D demuxComponent: : *********PrintMediaInfo begin*********
06-18 17:15:02.098 361 1805 D demuxComponent: : fileSize = 17190, bSeekable = 1, duration = 5616, audioNum = 1, videoNum = 0, subtitleNum = 0
06-18 17:15:02.098 361 1805 D demuxComponent: : ***Audio[0]*** eCodecFormat = 0x3, eSubCodecFormat = 0x0, nChannelNum = 1, nBitsPerSample = 0, nSampleRate = 16000
06-18 17:15:02.098 361 1805 D demuxComponent: : *********PrintMediaInfo end*********
06-18 17:15:02.101 361 1805 D awplayer: : audio render component setting AudioSink
06-18 17:15:02.111 361 361 D awplayer: : prepareAsync
06-18 17:15:02.111 361 361 D awplayer: : prepareAsync
06-18 17:15:02.111 361 1806 D awplayer: : process message XPLAYER_COMMAND_PREPARE. mPriData->mStatus: 4
06-18 17:15:02.113 1671 1671 W ranth.ledstatu: ClassLoaderContext shared library size mismatch. Expected=0, found=4 (PCL[] | PCL[]{PCL[/system/framework/android.test.base.jar*3790657674]#PCL[/system/framework/android.hidl.manager-V1.0-java.jar*1809561547]#PCL[/system/framework/android.hidl.base-V1.0-java.jar*2233032481]#PCL[/system/framework/org.apache.http.legacy.jar*2058259660]})
06-18 17:15:02.171 505 593 D CompatibilityChangeReporter: Compat change id reported: 168419799; UID 10074; state: DISABLED
06-18 17:15:02.184 505 593 I ActivityManager: com.oranth.usbopenft is exempt from freezer
06-18 17:15:02.188 505 593 D CompatibilityChangeReporter: Compat change id reported: 135634846; UID 1000; state: DISABLED
06-18 17:15:02.200 1545 1545 E hq : 检查user:::switchDao id=-1
06-18 17:15:02.212 505 525 W IorapForwardingService: No service published for: iorapd
01-01 08:00:27.253 1 1 I init : Service 'appsdisable' (pid 1079) exited with status 0 oneshot service took 4.593000 seconds in background
01-01 08:00:27.253 1 1 I init : Sending signal 9 to service 'appsdisable' (pid 1079) process group...
01-01 08:00:27.253 1 1 I libprocessgroup: Successfully killed process cgroup uid 0 pid 1079 in 0ms
06-18 17:15:02.233 244 244 D Zygote : Forked child process 1823
06-18 17:15:02.237 505 534 W ActivityManager: Slow operation: 54ms so far, now at startProcess: returned from zygote!
06-18 17:15:02.240 505 534 W ActivityManager: Slow operation: 57ms so far, now at startProcess: done updating battery stats
06-18 17:15:02.241 505 534 W ActivityManager: Slow operation: 57ms so far, now at startProcess: building log message
06-18 17:15:02.245 1823 1823 I Zygote : seccomp disabled by setenforce 0
06-18 17:15:02.248 505 534 I ActivityManager: app.processName = com.oranth.usbopenft
06-18 17:15:02.248 505 534 I ActivityManager: Start proc 1823:com.oranth.usbopenft/1000 for broadcast {com.oranth.usbopenft/com.oranth.usbopenft.UsbReceiver}
06-18 17:15:02.249 505 534 W ActivityManager: Slow operation: 65ms so far, now at startProcess: starting to update pids map
06-18 17:15:02.260 505 534 W ActivityManager: Slow operation: 77ms so far, now at startProcess: done updating pids map
06-18 17:15:02.264 1671 1671 V GraphicsEnvironment: ANGLE Developer option for 'com.oranth.ledstatus' set to: 'default'
06-18 17:15:02.265 1671 1671 V GraphicsEnvironment: Neither updatable production driver nor prerelease driver is supported.
06-18 17:15:02.270 395 407 I adbd : jdwp connection from 1823
06-18 17:15:02.270 1420 1432 I d.process.acor: Background young concurrent copying GC freed 32654(2148KB) AllocSpace objects, 8(344KB) LOS objects, 94% free, 1501KB/25MB, paused 194us total 394.290ms
06-18 17:15:02.278 1671 1671 D NetworkSecurityConfig: No Network Security Config specified, using platform default
06-18 17:15:02.285 1671 1671 D NetworkSecurityConfig: No Network Security Config specified, using platform default
06-18 17:15:02.297 505 593 D CompatibilityChangeReporter: Compat change id reported: 168419799; UID 1000; state: DISABLED
06-18 17:15:02.300 1038 1038 I net_disconnect.: type=1400 audit(0.0:629): avc: denied { execute } for name="rgb_led_ctl" dev="dm-1" ino=188 scontext=u:r:init:s0 tcontext=u:object_r:vendor_file:s0 tclass=file permissive=1
06-18 17:15:02.306 1823 1823 D CompatibilityChangeReporter: Compat change id reported: 171979766; UID 1000; state: ENABLED
06-18 17:15:02.338 1671 1671 D aaa : onCreate()
06-18 17:15:02.339 181 181 E SELinux : avc: denied { find } for pid=1671 uid=1000 name=MyLedService scontext=u:r:system_app:s0 tcontext=u:object_r:default_android_service:s0 tclass=service_manager permissive=1
06-18 17:15:02.341 181 181 E SELinux : avc: denied { add } for pid=1671 uid=1000 name=MyLedService scontext=u:r:system_app:s0 tcontext=u:object_r:default_android_service:s0 tclass=service_manager permissive=1
06-18 17:15:02.343 1545 1545 D AdHelper: ad server environment is official? false
06-18 17:15:02.343 1545 1545 D AdHelper: ad server environment is official? false
06-18 17:15:02.344 1545 1545 D AdHelper: ad server environment is official? false
06-18 17:15:02.344 1545 1545 D AdHelper: ad server environment is official? false
06-18 17:15:02.308 1841 1841 I net_disconnect.: type=1400 audit(0.0:630): avc: denied { execute_no_trans } for path="/vendor/bin/rgb_led_ctl" dev="dm-1" ino=188 scontext=u:r:init:s0 tcontext=u:object_r:vendor_file:s0 tclass=file permissive=1
06-18 17:15:02.324 1841 1841 I rgb_led_ctl: type=1400 audit(0.0:631): avc: denied { write } for name="spidev1.0" dev="tmpfs" ino=6648 scontext=u:r:init:s0 tcontext=u:object_r:device:s0 tclass=chr_file permissive=1
06-18 17:15:02.328 1841 1841 I rgb_led_ctl: type=1400 audit(0.0:632): avc: denied { open } for path="/dev/spidev1.0" dev="tmpfs" ino=6648 scontext=u:r:init:s0 tcontext=u:object_r:device:s0 tclass=chr_file permissive=1
06-18 17:15:02.328 1841 1841 I rgb_led_ctl: type=1400 audit(0.0:633): avc: denied { ioctl } for path="/dev/spidev1.0" dev="tmpfs" ino=6648 ioctlcmd=0x6b01 scontext=u:r:init:s0 tcontext=u:object_r:device:s0 tclass=chr_file permissive=1
06-18 17:15:02.368 1671 1671 D aaa : LedStatusService onStartCommand begin
06-18 17:15:02.371 1545 1545 D AdHelper: AdHelper init: end
06-18 17:15:02.374 1671 1847 D aaa : topPkg is -------------- :com.dangbei.hqguide
01-01 08:00:27.466 1 1 I init : Service 'gmsopt' (pid 1083) exited with status 0 oneshot service took 4.774000 seconds in background
01-01 08:00:27.466 1 1 I init : Sending signal 9 to service 'gmsopt' (pid 1083) process group...
01-01 08:00:27.466 1 1 I libprocessgroup: Successfully killed process cgroup uid 0 pid 1083 in 0ms
06-18 17:15:02.450 1545 1545 E xxxxxxxxxxxxxxx: onConfigurationChanged2===>{1.0 ?mcc?mnc [zh_CN] ldltr sw720dp w1280dp h696dp 240dpi xlrg long land television -touch qwerty/v/v dpad/v winConfig={ mBounds=Rect(0, 0 - 1920, 1080) mAppBounds=Rect(0, 0 - 1920, 1080) mMaxBounds=Rect(0, 0 - 1920, 1080) mWindowingMode=fullscreen mDisplayWindowingMode=fullscreen mActivityType=undefined mAlwaysOnTop=undefined mRotation=ROTATION_0} s.6 fontWeightAdjustment=0}
06-18 17:15:02.461 1545 1545 E memInfo.totalMem: memInfo.totalMem=2055442432 1073741824
06-18 17:15:02.464 1545 1545 I Choreographer: Skipped 47 frames! The application may be doing too much work on its main thread.
06-18 17:15:02.466 1545 1545 E xxxxxxxxxxxxxxx: onReceive:mIsHDMIPlugged = false
06-18 17:15:02.474 1823 1823 V GraphicsEnvironment: ANGLE Developer option for 'com.oranth.usbopenft' set to: 'default'
06-18 17:15:02.475 1823 1823 V GraphicsEnvironment: Neither updatable production driver nor prerelease driver is supported.
06-18 17:15:02.489 1545 1741 I WebViewFactory: Loading com.android.webview version 91.0.4472.114 (code 447211450)
06-18 17:15:02.491 1545 1850 D getEthernetMacAddr: getEthernetMacAddr use eth0
06-18 17:15:02.495 1823 1823 D NetworkSecurityConfig: No Network Security Config specified, using platform default
06-18 17:15:02.496 1823 1823 D NetworkSecurityConfig: No Network Security Config specified, using platform default
06-18 17:15:02.525 505 1347 D CompatibilityChangeReporter: Compat change id reported: 135634846; UID 10019; state: DISABLED
06-18 17:15:02.526 505 534 D CompatibilityChangeReporter: Compat change id reported: 143937733; UID 10019; state: DISABLED
06-18 17:15:02.562 244 244 D Zygote : Forked child process 1859
06-18 17:15:02.562 1545 1741 D nativeloader: classloader namespace configured for unbundled product apk. library_path=/product/app/webview/lib/arm:/product/app/webview/webview.apk!/lib/armeabi-v7a:/product/lib:/system/product/lib
06-18 17:15:02.563 505 534 I ActivityManager: app.processName = com.dangbei.screencast
06-18 17:15:02.563 505 534 I ActivityManager: Start proc 1859:com.dangbei.screencast/u0a19 for broadcast {com.dangbei.screencast/com.dangbei.screencast.startup.BootReceiver}
06-18 17:15:02.574 1859 1859 I Zygote : seccomp disabled by setenforce 0
06-18 17:15:02.613 395 407 I adbd : jdwp connection from 1859
01-01 08:00:27.637 280 280 W audit : audit_lost=204 audit_rate_limit=5 audit_backlog_limit=64
01-01 08:00:27.637 280 280 E audit : rate limit exceeded
06-18 17:15:02.666 505 1347 D CompatibilityChangeReporter: Compat change id reported: 168419799; UID 10019; state: DISABLED
06-18 17:15:02.690 361 1812 D awplayer: : setLooping
06-18 17:15:02.690 361 1812 D awplayer: : setLooping
06-18 17:15:02.690 361 1812 D awplayer: : start
06-18 17:15:02.693 361 1812 W awplayer: : input invalid args.
06-18 17:15:02.694 361 1812 D awplayer: : start
06-18 17:15:02.694 1859 1859 D CompatibilityChangeReporter: Compat change id reported: 171979766; UID 10019; state: DISABLED
06-18 17:15:02.694 361 1806 D awplayer: : process message XPLAYER_COMMAND_START.
06-18 17:15:02.694 361 1806 D awplayer: : player start
06-18 17:15:02.694 361 1806 D awplayer: : audio decoder receive cmd: start
06-18 17:15:02.695 361 1810 D Allwinner Audio Middle Layer: ver : 2017-8-4-18-00 Create Decoder!!=====
06-18 17:15:02.696 361 1810 D awplayer: : Create libadecoder success...
06-18 17:15:02.696 361 1810 D Allwinner Audio Middle Layer: ver : 2017-8-4-18-00 AudioDec_Installaudiolib ok
06-18 17:15:02.696 361 1810 D Allwinner Audio Middle Layer: ver : 2017-8-4-18-00 audio decoder init start ...
06-18 17:15:02.696 361 1810 D AllwinnerAlibs: ver : 2017-8-4-18-00
06-18 17:15:02.696 361 1810 D AllwinnerAlibs: >>>>>>>>>>>>>>>>>>>>>>>>>>>>>>> Audio <<<<<<<<<<<<<<<<<<<<<<<<<<<<<<<
06-18 17:15:02.696 361 1810 D AllwinnerAlibs: tag : audiocodec-v1.2
06-18 17:15:02.696 361 1810 D AllwinnerAlibs: branch: new
06-18 17:15:02.696 361 1810 D AllwinnerAlibs: commit: 3ba65962c01cbf1280ddda19d843009b6ef8ce85
06-18 17:15:02.696 361 1810 D AllwinnerAlibs: date : Tue Jan 8 16:25:27 2019 +0800
06-18 17:15:02.696 361 1810 D AllwinnerAlibs: ----------------------------------------------------------------------
06-18 17:15:02.697 361 1810 D AllwinnerAlibs: ver : 2017-8-4-18-00 ----Loading so success!
06-18 17:15:02.697 361 1810 D AllwinnerAlibs: ver : 2017-8-4-18-00 *************pAudioStreamInfo start******************
06-18 17:15:02.697 361 1810 D AllwinnerAlibs: ver : 2017-8-4-18-00 eCodecFormat :id(3), name(mpeg layer-III)
06-18 17:15:02.697 361 1810 D AllwinnerAlibs: ver : 2017-8-4-18-00 eSubCodecFormat :0
06-18 17:15:02.697 361 1810 D AllwinnerAlibs: ver : 2017-8-4-18-00 nChannelNum :1
06-18 17:15:02.697 361 1810 D AllwinnerAlibs: ver : 2017-8-4-18-00 nBitsPerSample :16
06-18 17:15:02.697 361 1810 D AllwinnerAlibs: ver : 2017-8-4-18-00 nSampleRate :16000
06-18 17:15:02.697 361 1810 D AllwinnerAlibs: ver : 2017-8-4-18-00 nAvgBitrate :24000
06-18 17:15:02.697 361 1810 D AllwinnerAlibs: ver : 2017-8-4-18-00 nMaxBitRate :24000
06-18 17:15:02.697 361 1810 D AllwinnerAlibs: ver : 2017-8-4-18-00 nFileSize :0
06-18 17:15:02.697 361 1810 D AllwinnerAlibs: ver : 2017-8-4-18-00 eAudioBitstreamSource:0
06-18 17:15:02.697 361 1810 D AllwinnerAlibs: ver : 2017-8-4-18-00 eDataEncodeType :0
06-18 17:15:02.697 361 1810 D AllwinnerAlibs: ver : 2017-8-4-18-00 nCodecSpecificDataLen:0
06-18 17:15:02.697 361 1810 D AllwinnerAlibs: ver : 2017-8-4-18-00 pCodecSpecificData :0x0
06-18 17:15:02.697 361 1810 D AllwinnerAlibs: ver : 2017-8-4-18-00 nFlags :0
06-18 17:15:02.697 361 1810 D AllwinnerAlibs: ver : 2017-8-4-18-00 nBlockAlign :0
06-18 17:15:02.697 361 1810 D AllwinnerAlibs: ver : 2017-8-4-18-00 *************pAudioStreamInfo end ******************
06-18 17:15:02.698 361 1810 D Allwinner Audio Libs: ver : 2017-8-4-18-00 init successs...
06-18 17:15:02.698 361 1810 D Allwinner Audio Middle Layer: ver : 2017-8-4-18-00 AUDIO DECODE INIT OK...0
06-18 17:15:02.698 361 1806 D awplayer: : audio render receive cmd: start
06-18 17:15:02.699 361 1811 I awplayer: : audio render process start message.
06-18 17:15:02.699 361 1811 D awplayer: : init sound device.
06-18 17:15:02.699 361 1811 D awplayer: : set sound devide param, sample rate = 16000, channel num = 1.
06-18 17:15:02.699 361 1811 W awplayer: : message 0x40a not handled.
06-18 17:15:02.704 361 1805 D demuxComponent: : process message DEMUX_COMMAND_START.
06-18 17:15:02.708 361 1805 W awplayer: : eos...
06-18 17:15:02.708 361 1805 D awplayer: : audio decoder receive cmd: eos
06-18 17:15:02.709 361 1811 D awplayer: : start sound device.
06-18 17:15:02.709 361 1811 D awplayer: <__SdStart:279>: : start
06-18 17:15:02.724 1859 1859 D ApplicationLoaders: Returning zygote-cached class loader: /system/framework/android.test.base.jar
06-18 17:15:02.725 1859 1859 D ApplicationLoaders: Returning zygote-cached class loader: /system/framework/android.hidl.manager-V1.0-java.jar
06-18 17:15:02.725 1859 1859 D ApplicationLoaders: Returning zygote-cached class loader: /system/framework/android.hidl.base-V1.0-java.jar
06-18 17:15:02.736 270 623 D AudioFlinger: Client defaulted notificationFrames to 870 for frameCount 1740
06-18 17:15:02.737 361 1810 D awplayer: : audio render receive cmd: eos
06-18 17:15:02.752 270 623 D AF::TrackHandle: OpPlayAudio: track:56 usage:1 not muted
06-18 17:15:02.773 361 1811 D awplayer: : audio device start end
06-18 17:15:02.773 361 1811 D awplayer: : first audio pts = 0
06-18 17:15:02.774 361 1811 I awplayer: : audio render process set_eos message.
06-18 17:15:02.776 249 1011 D audio_hw_primary: start_output_stream out->format : 0x00000000
06-18 17:15:02.776 249 1011 V audio_hw_primary: start_output_stream, line: 1503
06-18 17:15:02.776 249 1011 V audio_hw_primary: use AUDIO_CODEC to playback audio
06-18 17:15:02.776 249 1011 D audio_route: Apply path: media-speaker-headphones
06-18 17:15:02.776 249 1011 D audio_route: Apply path: media-headset-mic
06-18 17:15:02.776 249 1011 D audio_hw_primary: open card=0, port=0
06-18 17:15:02.776 249 1011 D audio_hw_primary: config:2 44100 960 2 0 5760 1 0
06-18 17:15:02.776 249 1011 D audio_hw_primary: set_raw_flag(card=0, raw_flag=1)
06-18 17:15:02.777 249 1011 V audio_hw_primary: do not use out resampler
06-18 17:15:02.800 270 445 D AudioFlinger: mixer(0xf2492ac0) throttle end: throttle time(9)
06-18 17:15:02.801 505 515 I system_server: Background concurrent copying GC freed 174100(9213KB) AllocSpace objects, 121(2916KB) LOS objects, 49% free, 8423KB/16MB, paused 425us total 1.291s
06-18 17:15:02.821 505 517 W System : A resource failed to call close.
06-18 17:15:02.821 505 517 W System : A resource failed to call close.
06-18 17:15:02.836 1859 1859 V GraphicsEnvironment: ANGLE Developer option for 'com.dangbei.screencast' set to: 'default'
06-18 17:15:02.837 1859 1859 V GraphicsEnvironment: Neither updatable production driver nor prerelease driver is supported.
06-18 17:15:02.840 1859 1859 D NetworkSecurityConfig: Using Network Security Config from resource network_security_config debugBuild: false
06-18 17:15:02.860 1859 1859 D NetworkSecurityConfig: Using Network Security Config from resource network_security_config debugBuild: false
06-18 17:15:02.905 1859 1859 I MultiDex: VM with version 2.1.0 has multidex support
06-18 17:15:02.905 1859 1859 I MultiDex: Installing application
06-18 17:15:02.905 1859 1859 I MultiDex: VM has multidex support, MultiDex support library is disabled.
06-18 17:15:02.938 659 659 V MediaPlayerList: mPackageChangedBroadcastReceiver: action: android.intent.action.PACKAGE_CHANGED
06-18 17:15:02.938 659 659 D MediaPlayerList: Name of package changed: com.android.tv.settings
06-18 17:15:02.947 505 505 W AppWidgetServiceImpl: Failed to read state: java.io.FileNotFoundException: /data/system/users/0/appwidgets.xml: open failed: ENOENT (No such file or directory)
06-18 17:15:02.947 505 505 V AppWidgetServiceImpl: Upgrading widget database from 0 to 1
06-18 17:15:02.954 505 581 I RoleService: Granting default roles...
06-18 17:15:02.962 505 505 D DeviceIdleController: find package null
06-18 17:15:02.962 505 587 I InputReader: Reconfiguring input devices, changes=KEYBOARD_LAYOUTS |
06-18 17:15:02.968 659 659 V MediaPlayerList: mPackageChangedBroadcastReceiver: action: android.intent.action.PACKAGE_CHANGED
06-18 17:15:02.968 659 659 D MediaPlayerList: Name of package changed: com.android.systemui
06-18 17:15:02.973 676 1201 I PermissionControllerServiceImpl: Updating user sensitive for uid 1000
06-18 17:15:02.982 505 587 I InputReader: Reconfiguring input devices, changes=KEYBOARD_LAYOUTS |
06-18 17:15:02.988 505 505 D DeviceIdleController: find package null
06-18 17:15:02.990 676 862 W Role : Cannot get ApplicationInfo for default holder: com.android.messaging
06-18 17:15:02.990 505 532 W Searchables: No global search activity found
06-18 17:15:02.993 676 1201 I PermissionControllerServiceImpl: Updating user sensitive for uid 10061
06-18 17:15:02.997 1859 1859 E PartsInfoProvider: onCreate:
06-18 17:15:03.014 505 505 D DeviceIdleController: find package null
06-18 17:15:03.015 676 862 W Role : Cannot get ApplicationInfo for default holder: com.android.contacts
06-18 17:15:03.015 676 1201 I PermissionControllerServiceImpl: Updating user sensitive for uid 10073
06-18 17:15:03.026 659 659 V MediaPlayerList: mPackageChangedBroadcastReceiver: action: android.intent.action.PACKAGE_CHANGED
06-18 17:15:03.026 659 659 D MediaPlayerList: Name of package changed: com.android.permissioncontroller
06-18 17:15:03.026 1545 1850 D CompatibilityChangeReporter: Compat change id reported: 147600208; UID 1000; state: DISABLED
06-18 17:15:03.028 505 587 I InputReader: Reconfiguring input devices, changes=KEYBOARD_LAYOUTS |
06-18 17:15:03.046 505 532 W VoiceInteractionManager: no available voice recognition services found for user 0
06-18 17:15:03.051 505 532 W Searchables: No global search activity found
06-18 17:15:03.057 505 1347 W ActivityManager: Background start not allowed: service Intent { act=com.dangbei.screencast.STARTUP pkg=com.dangbei.screencast } to com.dangbei.screencast/.startup.StartupService from pid=1859 uid=10019 pkg=com.dangbei.screencast startFg?=false
06-18 17:15:03.059 1859 1859 W System.err: android.app.BackgroundServiceStartNotAllowedException: Not allowed to start service Intent { act=com.dangbei.screencast.STARTUP pkg=com.dangbei.screencast }: app is in background uid UidRecord{74d51c3 u0a19 RCVR idle change:idle|uncached procs:0 seq(0,0,0)}
06-18 17:15:03.061 1859 1859 W System.err: at android.app.ContextImpl.startServiceCommon(ContextImpl.java:1861)
06-18 17:15:03.061 1859 1859 W System.err: at android.app.ContextImpl.startService(ContextImpl.java:1817)
06-18 17:15:03.061 1859 1859 W System.err: at android.content.ContextWrapper.startService(ContextWrapper.java:774)
06-18 17:15:03.061 1859 1859 W System.err: at b.f.f.h.g.k.a(Unknown Source:20)
06-18 17:15:03.061 1859 1859 W System.err: at com.dangbei.screencast.provider.PartsInfoProvider.onCreate(:2)
06-18 17:15:03.061 1859 1859 W System.err: at android.content.ContentProvider.attachInfo(ContentProvider.java:2404)
06-18 17:15:03.061 1859 1859 W System.err: at android.content.ContentProvider.attachInfo(ContentProvider.java:2374)
06-18 17:15:03.062 1859 1859 W System.err: at android.app.ActivityThread.installProvider(ActivityThread.java:7437)
06-18 17:15:03.062 1859 1859 W System.err: at android.app.ActivityThread.installContentProviders(ActivityThread.java:6954)
06-18 17:15:03.062 1859 1859 W System.err: at android.app.ActivityThread.handleBindApplication(ActivityThread.java:6725)
06-18 17:15:03.062 1859 1859 W System.err: at android.app.ActivityThread.access$1500(ActivityThread.java:247)
06-18 17:15:03.062 1859 1859 W System.err: at android.app.ActivityThread$H.handleMessage(ActivityThread.java:2053)
06-18 17:15:03.062 1859 1859 W System.err: at android.os.Handler.dispatchMessage(Handler.java:106)
06-18 17:15:03.062 1859 1859 W System.err: at android.os.Looper.loopOnce(Looper.java:201)
06-18 17:15:03.062 1859 1859 W System.err: at android.os.Looper.loop(Looper.java:288)
06-18 17:15:03.062 1859 1859 W System.err: at android.app.ActivityThread.main(ActivityThread.java:7854)
06-18 17:15:03.062 1859 1859 W System.err: at java.lang.reflect.Method.invoke(Native Method)
06-18 17:15:03.062 1859 1859 W System.err: at com.android.internal.os.RuntimeInit$MethodAndArgsCaller.run(RuntimeInit.java:548)
06-18 17:15:03.062 1859 1859 W System.err: at com.android.internal.os.ZygoteInit.main(ZygoteInit.java:1182)
06-18 17:15:03.070 1545 1905 W ContextImpl: Calling a method in the system process without a qualified user: android.app.ContextImpl.bindService:1895 android.content.ContextWrapper.bindService:810 android.content.ContextWrapper.bindService:810 Am0.run:15 java.lang.Thread.run:920
06-18 17:15:03.072 676 862 W Role : Cannot get ApplicationInfo for default holder: com.android.gallery3d
06-18 17:15:03.078 505 505 D DeviceIdleController: find package null
06-18 17:15:03.078 505 532 W VoiceInteractionManager: no available voice recognition services found for user 0
06-18 17:15:03.081 676 1201 I PermissionControllerServiceImpl: Updating user sensitive for uid 1002
06-18 17:15:03.082 505 570 D CompatibilityChangeReporter: Compat change id reported: 149924527; UID 10074; state: ENABLED
06-18 17:15:03.089 505 587 I InputReader: Reconfiguring input devices, changes=KEYBOARD_LAYOUTS |
06-18 17:15:03.091 659 659 V MediaPlayerList: mPackageChangedBroadcastReceiver: action: android.intent.action.PACKAGE_CHANGED
06-18 17:15:03.091 659 659 D MediaPlayerList: Name of package changed: com.android.bluetooth
06-18 17:15:03.097 505 840 D CompatibilityChangeReporter: Compat change id reported: 132649864; UID 10074; state: DISABLED
06-18 17:15:03.113 505 532 W Searchables: No global search activity found
06-18 17:15:03.134 505 784 D CompatibilityChangeReporter: Compat change id reported: 135634846; UID 10060; state: DISABLED
06-18 17:15:03.137 505 534 D CompatibilityChangeReporter: Compat change id reported: 143937733; UID 10060; state: ENABLED
06-18 17:15:03.140 505 1347 W ActivityManager: Background start not allowed: service Intent { act=com.dangbei.screencast.STARTUP pkg=com.dangbei.screencast } to com.dangbei.screencast/.startup.StartupService from pid=1859 uid=10019 pkg=com.dangbei.screencast startFg?=false
06-18 17:15:03.143 1859 1859 W System.err: android.app.BackgroundServiceStartNotAllowedException: Not allowed to start service Intent { act=com.dangbei.screencast.STARTUP pkg=com.dangbei.screencast }: app is in background uid UidRecord{74d51c3 u0a19 RCVR idle change:idle|uncached procs:0 seq(0,0,0)}
06-18 17:15:03.143 1859 1859 W System.err: at android.app.ContextImpl.startServiceCommon(ContextImpl.java:1861)
06-18 17:15:03.143 1859 1859 W System.err: at android.app.ContextImpl.startService(ContextImpl.java:1817)
06-18 17:15:03.143 1859 1859 W System.err: at android.content.ContextWrapper.startService(ContextWrapper.java:774)
06-18 17:15:03.143 1859 1859 W System.err: at b.f.f.h.g.k.a(Unknown Source:20)
06-18 17:15:03.143 1859 1859 W System.err: at com.dangbei.screencast.common.utils.remotepreferences.ScreenCastPreferenceProvider.onCreate(Unknown Source:11)
06-18 17:15:03.143 1859 1859 W System.err: at android.content.ContentProvider.attachInfo(ContentProvider.java:2404)
06-18 17:15:03.143 1859 1859 W System.err: at android.content.ContentProvider.attachInfo(ContentProvider.java:2374)
06-18 17:15:03.143 1859 1859 W System.err: at android.app.ActivityThread.installProvider(ActivityThread.java:7437)
06-18 17:15:03.143 1859 1859 W System.err: at android.app.ActivityThread.installContentProviders(ActivityThread.java:6954)
06-18 17:15:03.143 1859 1859 W System.err: at android.app.ActivityThread.handleBindApplication(ActivityThread.java:6725)
06-18 17:15:03.143 1859 1859 W System.err: at android.app.ActivityThread.access$1500(ActivityThread.java:247)
06-18 17:15:03.143 1859 1859 W System.err: at android.app.ActivityThread$H.handleMessage(ActivityThread.java:2053)
06-18 17:15:03.143 1859 1859 W System.err: at android.os.Handler.dispatchMessage(Handler.java:106)
06-18 17:15:03.143 1859 1859 W System.err: at android.os.Looper.loopOnce(Looper.java:201)
06-18 17:15:03.143 1859 1859 W System.err: at android.os.Looper.loop(Looper.java:288)
06-18 17:15:03.143 1859 1859 W System.err: at android.app.ActivityThread.main(ActivityThread.java:7854)
06-18 17:15:03.143 1859 1859 W System.err: at java.lang.reflect.Method.invoke(Native Method)
06-18 17:15:03.143 1859 1859 W System.err: at com.android.internal.os.RuntimeInit$MethodAndArgsCaller.run(RuntimeInit.java:548)
06-18 17:15:03.144 1859 1859 W System.err: at com.android.internal.os.ZygoteInit.main(ZygoteInit.java:1182)
06-18 17:15:03.163 1545 1905 W ContextImpl: Calling a method in the system process without a qualified user: android.app.ContextImpl.bindService:1895 android.content.ContextWrapper.bindService:810 android.content.ContextWrapper.bindService:810 Am0.run:22 java.lang.Thread.run:920
