06-18 17:14:54.828 505 505 W System.err: at com.android.server.SystemServer.startOtherServices(SystemServer.java:2798)
06-18 17:14:54.828 505 505 W System.err: at com.android.server.SystemServer.run(SystemServer.java:928)
06-18 17:14:54.828 505 505 W System.err: at com.android.server.SystemServer.main(SystemServer.java:628)
06-18 17:14:54.828 505 505 W System.err: at java.lang.reflect.Method.invoke(Native Method)
06-18 17:14:54.828 505 505 W System.err: at com.android.internal.os.RuntimeInit$MethodAndArgsCaller.run(RuntimeInit.java:548)
06-18 17:14:54.828 505 505 W System.err: at com.android.internal.os.ZygoteInit.main(ZygoteInit.java:1160)
06-18 17:14:54.834 505 505 W System.err: Caused by: java.io.IOException: error=2, No such file or directory
06-18 17:14:54.834 505 505 W System.err: at java.lang.UNIXProcess.forkAndExec(Native Method)
06-18 17:14:54.834 505 505 W System.err: at java.lang.UNIXProcess.(UNIXProcess.java:133)
06-18 17:14:54.834 505 505 W System.err: at java.lang.ProcessImpl.start(ProcessImpl.java:141)
06-18 17:14:54.834 505 505 W System.err: at java.lang.ProcessBuilder.start(ProcessBuilder.java:1029)
06-18 17:14:54.834 505 505 W System.err: ... 32 more
06-18 17:14:54.835 264 264 I AW_PowerHAL: Power setMode: SUSTAINED_PERFORMANCE to: 1
06-18 17:14:54.836 505 515 I system_server: Background concurrent copying GC freed 66420(4096KB) AllocSpace objects, 13(876KB) LOS objects, 49% free, 9564KB/18MB, paused 337us total 656.938ms
06-18 17:14:54.836 264 264 W AW_PowerHAL: Could not open nsi-bw: No such file or directory
06-18 17:14:54.836 264 264 I AW_PowerHAL: cur-mode:PERFORMANCE
06-18 17:14:54.837 505 505 D CompatibilityChangeReporter: Compat change id reported: 168419799; UID 10026; state: DISABLED
06-18 17:14:54.842 505 505 I SystemServerTiming: showSystemReadyErrorDialogs
06-18 17:14:54.844 505 505 I system_server: getFrameworkHalManifest: Reading VINTF information.
06-18 17:14:54.848 505 505 I system_server: getDeviceHalManifest: Reading VINTF information.
06-18 17:14:54.856 505 505 I system_server: getDeviceHalManifest: Successfully processed VINTF information
06-18 17:14:54.856 505 505 I system_server: getFrameworkHalManifest: Successfully processed VINTF information
06-18 17:14:54.856 505 505 I system_server: getFrameworkCompatibilityMatrix: Reading VINTF information.
06-18 17:14:54.931 389 389 I update_engine: [INFO:cleanup_previous_update_action.cc(112)] Executing task 6
06-18 17:14:54.933 389 389 I update_engine: [INFO:cleanup_previous_update_action.cc(124)] CleanupPreviousUpdateAction scheduled task ID 7 for WaitBootCompleted
06-18 17:14:54.943 505 505 I system_server: getFrameworkCompatibilityMatrix: Successfully processed VINTF information
06-18 17:14:54.943 505 505 I system_server: getDeviceCompatibilityMatrix: Reading VINTF information.
06-18 17:14:54.944 505 505 I system_server: getDeviceCompatibilityMatrix: Successfully processed VINTF information
06-18 17:14:54.955 505 505 I SystemServerTiming: sendUserStartBroadcast
06-18 17:14:54.956 505 505 I SystemServerTiming: resumeTopActivities
06-18 17:14:54.958 505 505 I SystemServerTiming: sendUserSwitchBroadcasts
06-18 17:14:54.958 505 505 I SystemServerTiming: setBinderProxies
06-18 17:14:54.959 505 505 I SystemServerTiming: StartSystemUI
06-18 17:14:54.959 505 534 W ActivityManager: Slow operation: 182ms so far, now at startProcess: done updating battery stats
06-18 17:14:54.959 505 534 W ActivityManager: Slow operation: 182ms so far, now at startProcess: building log message
06-18 17:14:54.959 505 534 I ActivityManager: app.processName = com.android.se
06-18 17:14:54.959 505 534 I ActivityManager: Start proc 882:com.android.se/1068 for added application com.android.se
06-18 17:14:54.959 505 534 W ActivityManager: Slow operation: 182ms so far, now at startProcess: starting to update pids map
06-18 17:14:54.959 505 534 W ActivityManager: Slow operation: 182ms so far, now at startProcess: done updating pids map
06-18 17:14:54.963 505 526 D CompatibilityChangeReporter: Compat change id reported: 135634846; UID 10026; state: DISABLED
06-18 17:14:54.963 505 526 D CompatibilityChangeReporter: Compat change id reported: 177438394; UID 10026; state: DISABLED
06-18 17:14:54.963 505 526 D CompatibilityChangeReporter: Compat change id reported: 135772972; UID 10026; state: DISABLED
06-18 17:14:54.963 505 526 D CompatibilityChangeReporter: Compat change id reported: 135754954; UID 10026; state: ENABLED
06-18 17:14:54.965 505 534 D CompatibilityChangeReporter: Compat change id reported: 143937733; UID 10026; state: ENABLED
06-18 17:14:54.965 843 843 D CompatibilityChangeReporter: Compat change id reported: 147600208; UID 1073; state: ENABLED
06-18 17:14:54.966 667 667 V SystemUIService: Starting SystemUI services for user 0.
06-18 17:14:54.967 667 667 D SystemUIService: loading: com.android.systemui.util.NotificationChannels
06-18 17:14:54.968 505 570 D CompatibilityChangeReporter: Compat change id reported: 168419799; UID 1068; state: DISABLED
06-18 17:14:54.968 505 782 D CompatibilityChangeReporter: Compat change id reported: 182478738; UID 1073; state: DISABLED
06-18 17:14:54.976 667 667 D SystemUIService: running: com.android.systemui.util.NotificationChannels@4411f51
06-18 17:14:54.982 244 244 D Zygote : Forked child process 899
06-18 17:14:54.986 505 609 D ConnectivityService: Got NetworkProvider Messenger for VpnNetworkProvider:0
06-18 17:14:54.990 882 882 D CompatibilityChangeReporter: Compat change id reported: 171979766; UID 1068; state: ENABLED
06-18 17:14:54.995 899 899 I Zygote : seccomp disabled by setenforce 0
06-18 17:14:54.999 505 526 I InputManager: Enabling motion classifier because user switched: feature enabled, long press timeout = 400
06-18 17:14:54.999 505 526 I InputClassifier: Enabling motion classifier
06-18 17:14:55.000 505 534 I ActivityManager: app.processName = com.dangbei.hqguide
06-18 17:14:55.000 505 534 I ActivityManager: Start proc 899:com.dangbei.hqguide/u0a26 for top-activity {com.dangbei.hqguide/com.dangbei.hqguide.main.MainActivity}
06-18 17:14:55.003 182 182 I hwservicemanager: getTransport: Cannot find entry android.hardware.input.classifier@1.0::IInputClassifier/default in either framework or device VINTF manifest.
06-18 17:14:55.004 505 900 I InputClassifier: Could not obtain InputClassifier HAL
06-18 17:14:55.004 899 899 I dangbei.hqguid: Late-enabling -Xcheck:jni
06-18 17:14:55.004 324 324 I rainbow_flow: type=1400 audit(0.0:353): avc: denied { ioctl } for path="/dev/spidev1.0" dev="tmpfs" ino=6648 ioctlcmd=0x6b00 scontext=u:r:init:s0 tcontext=u:object_r:device:s0 tclass=chr_file permissive=1
06-18 17:14:55.010 843 843 V WifiManager: registerSoftApCallback: callback=com.android.networkstack.tethering.Tethering$TetheringSoftApCallback@82e96cf, executor=com.android.networkstack.tethering.Tethering$TetheringThreadExecutor@e3785c
06-18 17:14:55.016 505 782 D ConnectivityService: requestNetwork for uid/pid:1073/843 activeRequest: null callbackRequest: 21 [NetworkRequest [ TRACK_SYSTEM_DEFAULT id=21, [ Capabilities: INTERNET&NOT_RESTRICTED&TRUSTED&NOT_VPN&NOT_VCN_MANAGED RequestorUid: 1073 RequestorPkg: com.android.networkstack.tethering] ]] callback flags: 0 priority: 2147483647
06-18 17:14:55.017 505 609 D ConnectivityService: NetReassign [no changes]
06-18 17:14:55.022 667 667 D SystemUIService: loading: com.android.systemui.oranth.ManagerService
06-18 17:14:55.024 181 181 E SELinux : avc: denied { find } for pid=667 uid=10061 name=oranth_manager scontext=u:r:platform_app:s0:c512,c768 tcontext=u:object_r:default_android_service:s0 tclass=service_manager permissive=1
06-18 17:14:55.026 667 667 D SystemUIService: running: com.android.systemui.oranth.ManagerService@7275f8d
06-18 17:14:55.027 667 667 I ManagerService: -------------------- oranth manager service ---------
06-18 17:14:55.048 505 505 D JNIMultiir: Multiir JNI_OnLoad()
06-18 17:14:55.048 505 505 D JNIMultiir: init
06-18 17:14:55.050 667 667 W AlarmManager: Unrecognized alarm listener com.android.systemui.keyguard.KeyguardSliceProvider$$ExternalSyntheticLambda0@8f3d256
06-18 17:14:55.051 882 882 V GraphicsEnvironment: ANGLE Developer option for 'com.android.se' set to: 'default'
06-18 17:14:55.052 667 667 D MediaResumeListener: loaded resume components []
06-18 17:14:55.052 882 882 V GraphicsEnvironment: Neither updatable production driver nor prerelease driver is supported.
06-18 17:14:55.055 667 667 I FalsingManager: xdpi, ydpi: 0.16, 0.16
06-18 17:14:55.055 667 667 I FalsingManager: width, height: 1920, 1080
06-18 17:14:55.057 882 882 D NetworkSecurityConfig: No Network Security Config specified, using platform default
06-18 17:14:55.056 667 667 I ndroid.systemui: type=1400 audit(0.0:354): avc: denied { search } for name="com.android.systemui" dev="mmcblk0p25" ino=483 scontext=u:r:platform_app:s0:c512,c768 tcontext=u:object_r:app_data_file:s0:c512,c768 tclass=dir permissive=1 app=com.softwinner.screenshot
06-18 17:14:55.057 882 882 D NetworkSecurityConfig: No Network Security Config specified, using platform default
06-18 17:14:55.064 505 505 D SystemServer: VMRuntime.setVerifierEnabled(true)
06-18 17:14:55.065 395 407 I adbd : jdwp connection from 899
06-18 17:14:55.067 505 505 W Looper : Slow delivery took 6082ms main h=android.app.PropertyInvalidatedCache$AutoCorker$1 c=null m=0
06-18 17:14:55.072 882 882 I SecureElementService: main onCreate
06-18 17:14:55.076 882 882 I SecureElementService: Check if terminal eSE1 is available.
06-18 17:14:55.079 182 182 I hwservicemanager: getTransport: Cannot find entry android.hardware.secure_element@1.2::ISecureElement/eSE1 in either framework or device VINTF manifest.
06-18 17:14:55.080 882 882 D SecureElement-Terminal-eSE1: SE Hal V1.2 is not supported
06-18 17:14:55.080 182 182 I hwservicemanager: getTransport: Cannot find entry android.hardware.secure_element@1.1::ISecureElement/eSE1 in either framework or device VINTF manifest.
06-18 17:14:55.081 882 882 D SecureElement-Terminal-eSE1: SE Hal V1.1 is not supported
06-18 17:14:55.082 182 182 I hwservicemanager: getTransport: Cannot find entry android.hardware.secure_element@1.0::ISecureElement/eSE1 in either framework or device VINTF manifest.
06-18 17:14:55.082 882 882 I SecureElementService: No HAL implementation for eSE1
06-18 17:14:55.082 882 882 I SecureElementService: Check if terminal SIM1 is available.
06-18 17:14:55.083 182 182 I hwservicemanager: getTransport: Cannot find entry android.hardware.secure_element@1.2::ISecureElement/SIM1 in either framework or device VINTF manifest.
06-18 17:14:55.083 882 882 D SecureElement-Terminal-SIM1: SE Hal V1.2 is not supported
06-18 17:14:55.084 505 505 D ConditionProviders.SCP: onConnected
06-18 17:14:55.084 182 182 I hwservicemanager: getTransport: Cannot find entry android.hardware.secure_element@1.1::ISecureElement/SIM1 in either framework or device VINTF manifest.
06-18 17:14:55.085 882 882 D SecureElement-Terminal-SIM1: SE Hal V1.1 is not supported
06-18 17:14:55.086 182 182 I hwservicemanager: getTransport: Cannot find entry android.hardware.secure_element@1.0::ISecureElement/SIM1 in either framework or device VINTF manifest.
06-18 17:14:55.087 882 882 I SecureElementService: No HAL implementation for SIM1
06-18 17:14:55.089 505 523 W QuotaTracker: Alarm not scheduled because boot isn't completed
06-18 17:14:55.091 505 505 D ConditionProviders: Subscribing to condition://android/event?userId=-10000&calendar=&reply=1 with ComponentInfo{android/com.android.server.notification.EventConditionProvider}
06-18 17:14:55.091 505 505 D ConditionProviders: Subscribing to condition://android/schedule?days=1.2.3.4.5.6.7&start=22.0&end=7.0&exitAtAlarm=true with ComponentInfo{android/com.android.server.notification.ScheduleConditionProvider}
06-18 17:14:55.096 505 619 D CompatibilityChangeReporter: Compat change id reported: 150939131; UID 1000; state: ENABLED
06-18 17:14:55.098 265 265 D hdmi-cec: reset logical address to broadcast
06-18 17:14:55.111 505 782 W ServiceManager: Permission failure: android.permission.HIGH_SAMPLING_RATE_SENSORS from uid=10061 pid=667
06-18 17:14:55.135 667 667 D NavigationModeController: getCurrentUserContext: contextUser=0 currentUser=0
06-18 17:14:55.135 667 667 D NavigationModeController: getCurrentInteractionMode: mode=0 contextUser=0
06-18 17:14:55.135 667 667 D NavigationModeController: updateCurrentInteractionMode: mode=0
06-18 17:14:55.135 667 667 D NavigationModeController: contextUser=0
06-18 17:14:55.135 667 667 D NavigationModeController: assetPaths=
06-18 17:14:55.136 667 667 D NavigationModeController: and /system/framework/framework-res.apk
06-18 17:14:55.136 667 667 D NavigationModeController: /vendor/overlay/framework-res__auto_generated_rro_vendor.apk
06-18 17:14:55.136 667 667 D NavigationModeController: /product/overlay/AwAccentColor/AwAccentColorOverlay.apk
06-18 17:14:55.136 667 667 D NavigationModeController: /product/overlay/AwIconShape/AwIconShapeOverlay.apk
06-18 17:14:55.136 667 667 D NavigationModeController: and /system/system_ext/priv-app/SystemUI/SystemUI.apk
06-18 17:14:55.139 667 667 D NavigationModeController: getCurrentInteractionMode: mode=0 contextUser=0
06-18 17:14:55.146 667 928 V MediaRouter: Selecting route: RouteInfo{ name=手机, description=null, status=null, category=RouteCategory{ name=系统 types=ROUTE_TYPE_LIVE_AUDIO ROUTE_TYPE_LIVE_VIDEO groupable=false }, supportedTypes=ROUTE_TYPE_LIVE_AUDIO ROUTE_TYPE_LIVE_VIDEO , presentationDisplay=null }
06-18 17:14:55.144 667 667 I ndroid.systemui: type=1400 audit(0.0:355): avc: denied { write } for name="shared_prefs" dev="mmcblk0p25" ino=1800 scontext=u:r:platform_app:s0:c512,c768 tcontext=u:object_r:app_data_file:s0:c512,c768 tclass=dir permissive=1 app=com.softwinner.screenshot
06-18 17:14:55.144 667 667 I ndroid.systemui: type=1400 audit(0.0:356): avc: denied { add_name } for name="plugin_prefs.xml" scontext=u:r:platform_app:s0:c512,c768 tcontext=u:object_r:app_data_file:s0:c512,c768 tclass=dir permissive=1 app=com.softwinner.screenshot
06-18 17:14:55.148 667 928 I MediaRouter: Skip setBluetoothA2dpOn(): types=8388615, isPlaybackActive()=false, BT route=null
06-18 17:14:55.148 667 667 I ndroid.systemui: type=1400 audit(0.0:357): avc: denied { create } for name="plugin_prefs.xml" scontext=u:r:platform_app:s0:c512,c768 tcontext=u:object_r:app_data_file:s0:c512,c768 tclass=file permissive=1 app=com.softwinner.screenshot
06-18 17:14:55.148 667 667 I ndroid.systemui: type=1400 audit(0.0:358): avc: denied { open } for path="/data/user_de/0/com.android.systemui/shared_prefs/plugin_prefs.xml" dev="mmcblk0p25" ino=1810 scontext=u:r:platform_app:s0:c512,c768 tcontext=u:object_r:app_data_file:s0:c512,c768 tclass=file permissive=1 app=com.softwinner.screenshot
06-18 17:14:55.148 667 667 I ndroid.systemui: type=1400 audit(0.0:359): avc: denied { setattr } for name="plugin_prefs.xml" dev="mmcblk0p25" ino=1810 scontext=u:r:platform_app:s0:c512,c768 tcontext=u:object_r:app_data_file:s0:c512,c768 tclass=file permissive=1 app=com.softwinner.screenshot
06-18 17:14:55.148 667 667 I ndroid.systemui: type=1400 audit(0.0:360): avc: denied { remove_name } for name="plugin_prefs.xml" dev="mmcblk0p25" ino=1810 scontext=u:r:platform_app:s0:c512,c768 tcontext=u:object_r:app_data_file:s0:c512,c768 tclass=dir permissive=1 app=com.softwinner.screenshot
06-18 17:14:55.148 667 667 I ndroid.systemui: type=1400 audit(0.0:361): avc: denied { rename } for name="plugin_prefs.xml" dev="mmcblk0p25" ino=1810 scontext=u:r:platform_app:s0:c512,c768 tcontext=u:object_r:app_data_file:s0:c512,c768 tclass=file permissive=1 app=com.softwinner.screenshot
06-18 17:14:55.152 667 667 I ndroid.systemui: type=1400 audit(0.0:362): avc: denied { unlink } for name="plugin_prefs.xml.bak" dev="mmcblk0p25" ino=1810 scontext=u:r:platform_app:s0:c512,c768 tcontext=u:object_r:app_data_file:s0:c512,c768 tclass=file permissive=1 app=com.softwinner.screenshot
06-18 17:14:55.157 899 899 D CompatibilityChangeReporter: Compat change id reported: 171979766; UID 10026; state: ENABLED
06-18 17:14:55.168 356 356 D incidentd: WorkDirectory::getReports
06-18 17:14:55.188 265 265 I EventThread: type=1400 audit(0.0:363): avc: denied { search } for name="extcon" dev="sysfs" ino=18109 scontext=u:r:hal_tv_cec_default:s0 tcontext=u:object_r:sysfs_extcon:s0 tclass=dir permissive=1
06-18 17:14:55.196 899 899 I dangbei.hqguide: type=1400 audit(0.0:364): avc: denied { getattr } for path="/data/data/com.dangbei.hqguide" dev="mmcblk0p25" ino=998 scontext=u:r:platform_app:s0:c512,c768 tcontext=u:object_r:app_data_file:s0:c512,c768 tclass=dir permissive=1 app=com.dangbei.hqguide
06-18 17:14:55.202 505 525 W IorapForwardingService: No service published for: iorapd
06-18 17:14:55.223 505 523 D AdbService: setAdbEnabled(true), mIsAdbUsbEnabled=true, mIsAdbWifiEnabled=true, transportType=0
06-18 17:14:55.224 505 523 D AdbService: setAdbEnabled(true), mIsAdbUsbEnabled=true, mIsAdbWifiEnabled=true, transportType=1
06-18 17:14:55.241 899 899 V GraphicsEnvironment: ANGLE Developer option for 'com.dangbei.hqguide' set to: 'default'
06-18 17:14:55.242 899 899 V GraphicsEnvironment: Neither updatable production driver nor prerelease driver is supported.
06-18 17:14:55.247 899 899 D NetworkSecurityConfig: No Network Security Config specified, using platform default
06-18 17:14:55.249 899 899 D NetworkSecurityConfig: No Network Security Config specified, using platform default
06-18 17:14:55.250 505 505 D BluetoothManagerService: BluetoothServiceConnection: com.android.bluetooth.btservice.AdapterService
06-18 17:14:55.250 505 525 D BluetoothManagerService: MESSAGE_BLUETOOTH_SERVICE_CONNECTED: 1
06-18 17:14:55.252 505 505 D WifiP2pService: Wifi enabled=false
06-18 17:14:55.258 505 525 D BluetoothManagerService: Broadcasting onBluetoothServiceUp() to 3 receivers.
06-18 17:14:55.260 667 708 D BluetoothAdapter: onBluetoothServiceUp: android.bluetooth.IBluetooth$Stub$Proxy@409fc6
06-18 17:14:55.263 505 525 D BluetoothAdapter: onBluetoothServiceUp: android.bluetooth.IBluetooth$Stub$Proxy@cd5fb37
06-18 17:14:55.266 659 685 D BluetoothAdapter: onBluetoothServiceUp: com.android.bluetooth.btservice.AdapterService$AdapterServiceBinder@61c0e60
06-18 17:14:55.269 659 675 D BluetoothAdapterService: enable() - Enable called with quiet mode status = false
06-18 17:14:55.270 505 525 D BluetoothManagerService: MESSAGE_GET_NAME_AND_ADDRESS
06-18 17:14:55.271 659 759 I AdapterState: BLE_TURNING_ON : entered
06-18 17:14:55.271 659 759 D AdapterProperties: Setting state to BLE_TURNING_ON
06-18 17:14:55.272 659 759 D BluetoothAdapterService: updateAdapterState() - Broadcasting state BLE_TURNING_ON to 1 receivers.
06-18 17:14:55.280 659 759 D BluetoothAdapterService: bleOnProcessStart()
06-18 17:14:55.281 659 759 I AdapterProperties: init(), maxConnectedAudioDevices, default=5, propertyOverlayed=5, finalValue=5
06-18 17:14:55.281 505 525 D BluetoothManagerService: MESSAGE_BLUETOOTH_STATE_CHANGE: OFF > BLE_TURNING_ON
06-18 17:14:55.281 505 525 D BluetoothManagerService: Sending BLE State Change: OFF > BLE_TURNING_ON
06-18 17:14:55.288 659 759 D BluetoothAdapterService: bleOnProcessStart() - Make Bond State Machine
06-18 17:14:55.289 505 505 I PackageWatchdog: Syncing health check requests for packages: {}
06-18 17:14:55.290 505 505 I ExplicitHealthCheckController: Service not ready to get health check supported packages. Binding...
06-18 17:14:55.292 659 759 D BluetoothBondStateMachine: make
06-18 17:14:55.292 505 505 I ExplicitHealthCheckController: Explicit health check service is bound
06-18 17:14:55.296 659 932 I BluetoothBondStateMachine: StableState(): Entering Off State
06-18 17:14:55.310 659 659 I BtGatt.JNI: classInitNative(L1073): classInitNative: Success!
06-18 17:14:55.314 659 659 D BtGatt.DebugUtils: handleDebugAction() action=null
06-18 17:14:55.319 659 659 I bt_btif : system/bt/btif/src/bluetooth.cc:417 get_profile_interface: get_profile_interface: id = gatt
06-18 17:14:55.321 505 505 D NetworkSecurityConfig: No Network Security Config specified, using platform default
06-18 17:14:55.322 505 505 D NetworkSecurityConfig: No Network Security Config specified, using platform default
06-18 17:14:55.327 505 523 I ServiceWatcher: [fused] connected to {com.android.location.fused/com.android.location.fused.FusedLocationService}
06-18 17:14:55.330 277 294 E cutils-trace: Error opening trace file: No such file or directory (2)
06-18 17:14:55.335 659 659 D CompatibilityChangeReporter: Compat change id reported: 160794467; UID 1002; state: ENABLED
06-18 17:14:55.360 505 505 D WifiP2pService: Wifi enabled=true
06-18 17:14:55.361 659 764 I bt_stack_manager: system/bt/btif/src/stack_manager.cc:246 event_start_up_stack: event_start_up_stack is bringing up the stack
06-18 17:14:55.361 659 764 I bt_core_module: system/bt/btcore/src/module.cc:85 module_start_up: module_start_up Starting module "btif_config_module"
06-18 17:14:55.362 659 764 I bt_core_module: system/bt/btcore/src/module.cc:90 module_start_up: module_start_up Started module "btif_config_module"
06-18 17:14:55.362 659 764 I bt_core_module: system/bt/btcore/src/module.cc:85 module_start_up: module_start_up Starting module "btsnoop_module"
06-18 17:14:55.362 659 764 I droid.bluetoot: [0618/171455.362583:INFO:btsnoop.cc(209)] start_up: Snoop Logs disabled
06-18 17:14:55.362 659 764 I droid.bluetoot: [0618/171455.362852:INFO:btsnoop.cc(356)] delete_btsnoop_files: Deleting snoop logs if they exist. filtered = 1
06-18 17:14:55.363 659 764 I droid.bluetoot: [0618/171455.363172:INFO:btsnoop.cc(356)] delete_btsnoop_files: Deleting snoop logs if they exist. filtered = 0
06-18 17:14:55.363 659 764 I bt_core_module: system/bt/btcore/src/module.cc:90 module_start_up: module_start_up Started module "btsnoop_module"
06-18 17:14:55.363 659 764 I bt_core_module: system/bt/btcore/src/module.cc:85 module_start_up: module_start_up Starting module "hci_module"
06-18 17:14:55.363 659 764 I bt_hci : system/bt/hci/src/hci_layer.cc:200 hci_module_start_up: hci_module_start_up
06-18 17:14:55.372 659 941 I droid.bluetoot: [0618/171455.372437:INFO:message_loop_thread.cc(224)] Run: message loop starting for thread bt_hci_thread
06-18 17:14:55.373 659 764 I bt_hci : system/bt/hci/src/hci_layer.cc:257 hci_module_start_up: hci_module_start_up starting async portion
06-18 17:14:55.373 659 941 I bt_hci : system/bt/hci/src/hci_layer_android.cc:159 hci_initialize: hci_initialize
06-18 17:14:55.374 182 182 I hwservicemanager: getTransport: Cannot find entry android.hardware.bluetooth@1.1::IBluetoothHci/default in either framework or device VINTF manifest.
06-18 17:14:55.375 659 941 I bt_hci : system/bt/hci/src/hci_layer_android.cc:178 hci_initialize: hci_initialize: IBluetoothHci::getService() returned 0xed1ba1a0 (remote)
06-18 17:14:55.376 659 941 E cutils-trace: Error opening trace file: No such file or directory (2)
06-18 17:14:55.376 250 260 I android.hardware.bluetooth@1.0-impl: BluetoothHci::initialize()
06-18 17:14:55.378 250 260 D android.hardware.bluetooth@1.0-service: get_local_address: Trying /sys/class/addr_mgt/addr_bt
06-18 17:14:55.379 250 260 D android.hardware.bluetooth@1.0-service: get_local_address: Got Factory BDA 8B:66:39:99:6E:AE
06-18 17:14:55.379 250 260 D WifiHWInfo: Start to load wireless module hardware info table...
06-18 17:14:55.379 250 260 D WifiHWInfo: Entry [01], BUS: SDIO, ID: 0x024C8179, Name: rtl8189es.
06-18 17:14:55.379 250 260 D WifiHWInfo: Entry [02], BUS: SDIO, ID: 0x024CB723, Name: rtl8723bs_vq0.
06-18 17:14:55.379 250 260 D WifiHWInfo: Entry [03], BUS: SDIO, ID: 0x024CB703, Name: rtl8723cs.
06-18 17:14:55.379 250 260 D WifiHWInfo: Entry [04], BUS: SDIO, ID: 0x024CD723, Name: rtl8723ds.
06-18 17:14:55.379 250 260 D WifiHWInfo: Entry [05], BUS: SDIO, ID: 0x024CF179, Name: rtl8189fs.
06-18 17:14:55.379 250 260 D WifiHWInfo: Entry [06], BUS: SDIO, ID: 0x024CB822, Name: rtl88x2bs.
06-18 17:14:55.379 250 260 D WifiHWInfo: Entry [07], BUS: USB, ID: 0x0BDAD723, Name: rtl8723du.
06-18 17:14:55.379 250 260 D WifiHWInfo: Entry [08], BUS: USB, ID: 0x0BDA8179, Name: rtl8188etv.
06-18 17:14:55.379 250 260 D WifiHWInfo: Entry [09], BUS: USB, ID: 0x0BDA0179, Name: rtl8188eu.
06-18 17:14:55.379 250 260 D WifiHWInfo: Entry [10], BUS: USB, ID: 0x0BDA818B, Name: rtl8192eu.
06-18 17:14:55.379 250 260 D WifiHWInfo: Entry [11], BUS: USB, ID: 0x0BDAB720, Name: rtl8723bu.
06-18 17:14:55.379 250 260 D WifiHWInfo: Entry [12], BUS: USB, ID: 0x0BDAC82C, Name: rtl8822cu.
06-18 17:14:55.379 250 260 D WifiHWInfo: Entry [13], BUS: USB, ID: 0x0BDAF179, Name: rtl8188fu.
06-18 17:14:55.379 250 260 D WifiHWInfo: Entry [14], BUS: SDIO, ID: 0x02D0A9A6, Name: ap6212.
06-18 17:14:55.379 250 260 D WifiHWInfo: Entry [15], BUS: SDIO, ID: 0x02D04330, Name: ap6330.
06-18 17:14:55.379 250 260 D WifiHWInfo: Entry [16], BUS: SDIO, ID: 0x02D04356, Name: ap6356s.
06-18 17:14:55.379 250 260 D WifiHWInfo: Entry [17], BUS: SDIO, ID: 0x02D0A9BF, Name: ap6255.
06-18 17:14:55.379 250 260 D WifiHWInfo: Entry [18], BUS: SDIO, ID: 0x02D04334, Name: bcm43342.
06-18 17:14:55.379 250 260 D WifiHWInfo: Entry [19], BUS: SDIO, ID: 0x00202281, Name: xr819.
06-18 17:14:55.379 250 260 D WifiHWInfo: Entry [20], BUS: SDIO, ID: 0x0A9E2282, Name: xr829.
06-18 17:14:55.379 250 260 D WifiHWInfo: Entry [21], BUS: SDIO, ID: 0x0271050A, Name: qca6174a.
06-18 17:14:55.379 250 260 D WifiHWInfo: Entry [22], BUS: SDIO, ID: 0x30303030, Name: ssv6x5x.
06-18 17:14:55.379 250 260 D WifiHWInfo: Entry [23], BUS: SDIO, ID: 0x00000000, Name: uwe5621.
06-18 17:14:55.379 250 260 D WifiHWInfo: Entry [24], BUS: SDIO, ID: 0x54490145, Name: aic8800.
06-18 17:14:55.379 250 260 D WifiHWInfo: Entry [25], BUS: SDIO, ID: 0xC8A1C08D, Name: aic8800.
06-18 17:14:55.379 250 260 D WifiHWInfo: Entry [26], BUS: USB, ID: 0xA69C8800, Name: aic8800.
06-18 17:14:55.379 250 260 D WifiHWInfo: Entry [27], BUS: USB, ID: 0x007A8888, Name: atbm6023is.
06-18 17:14:55.379 250 260 D WifiHWInfo: Entry [28], BUS: SDIO, ID: 0x02E79086, Name: 9012p.
06-18 17:14:55.379 250 260 D WifiHWInfo: Entry [29], BUS: SDIO, ID: 0x007A6011, Name: atbm613x_wifi_sdio.
06-18 17:14:55.379 250 260 D WifiHWInfo: Entry [30], BUS: SDIO, ID: 0x024CC822, Name: 88x2cs.
06-18 17:14:55.379 250 260 D WifiHWInfo: Entry [31], BUS: SDIO, ID: 0x000018F0, Name: dummy.
06-18 17:14:55.379 250 260 D libbt-auto-detect: init, get libbt name: libbt-sprd.so.
06-18 17:14:55.382 250 260 I bt_vendor: init
06-18 17:14:55.380 1 1 I /system/bin/init: type=1107 audit(0.0:365): uid=0 auid=4294967295 ses=4294967295 subj=u:r:init:s0 msg='avc: denied { set } for property=vendor.driver.lpm.load pid=250 uid=1002 gid=1002 scontext=u:r:hal_bluetooth_default:s0 tcontext=u:object_r:vendor_wireless_prop:s0 tclass=property_service permissive=1'
06-18 17:14:55.384 250 260 D bt_vnd_hci: sprd_vendor_hci_init
01-01 08:00:20.409 1 1 I init : processing action (vendor.driver.lpm.load=1) from (/vendor/etc/init/init.bluetooth.common.rc:68)
01-01 08:00:20.411 1 1 I init : processing action (vendor.init.lpm.load=1) from (/vendor/etc/init/init.bluetooth.common.rc:71)
01-01 08:00:20.412 260 260 I : mtty_open probe is success!
01-01 08:00:20.412 260 260 E bluetooth_set_power: start_block=0
01-01 08:00:20.418 260 260 I WCN : start_marlin [MARLIN_BLUETOOTH]
01-01 08:00:20.418 260 260 D : CPU: 0 PID: 260 Comm: HwBinder:250_1 Tainted: G O 5.4.125+ #22
01-01 08:00:20.418 260 260 D Hardware name: sun50iw9 (DT)
01-01 08:00:20.418 260 260 D Call trace:
01-01 08:00:20.418 260 260 D : dump_backtrace.cfi_jt+0x0/0x4
01-01 08:00:20.418 260 260 D : dump_stack+0xbc/0x104
01-01 08:00:20.418 260 260 D : marlin_set_power+0x2c/0x78c [uwe5621_bsp_sdio]
01-01 08:00:20.418 260 260 D : start_marlin+0xbc/0x14c [uwe5621_bsp_sdio]
01-01 08:00:20.418 260 260 D : bluetooth_set_power+0x44/0x70 [sprdbt_tty]
01-01 08:00:20.418 260 260 D : mtty_open+0xb0/0x150 [sprdbt_tty]
01-01 08:00:20.418 260 260 D : tty_open+0x350/0x550
01-01 08:00:20.418 260 260 D : chrdev_open+0x1d8/0x254
01-01 08:00:20.418 260 260 D : do_dentry_open+0x270/0x3ac
01-01 08:00:20.418 260 260 D : vfs_open+0x2c/0x38
01-01 08:00:20.418 260 260 D : path_openat+0x6a8/0xf78
01-01 08:00:20.418 260 260 D : do_filp_open+0x78/0x124
01-01 08:00:20.418 260 260 D : do_sys_open+0x13c/0x290
01-01 08:00:20.418 260 260 D : __arm64_compat_sys_openat+0x24/0x30
01-01 08:00:20.418 260 260 D : el0_svc_common+0xb8/0x1cc
01-01 08:00:20.418 260 260 D : el0_svc_compat_handler+0x1c/0x28
01-01 08:00:20.418 260 260 D : el0_svc_compat+0x8/0x24
01-01 08:00:20.418 260 260 I WCN : marlin power state:4, subsys: [MARLIN_BLUETOOTH] power 1
01-01 08:00:20.418 260 260 I WCN : marlin have open, GNSS is closed
01-01 08:00:20.418 260 260 E bluetooth_set_power: end_block=0
06-18 17:14:55.384 250 260 I bt_chip_vendor: marlin3_init
06-18 17:14:55.384 250 260 I bt_vnd_conf: Attempt to load conf from /vendor/etc/bt_configure_pskey.ini
06-18 17:14:55.386 250 260 D bt_vnd_conf: device_class -> 0x001F00
06-18 17:14:55.386 250 260 D bt_vnd_conf: feature_set -> 0xBF, 0xFE, 0x8D, 0xFE, 0xDB, 0x3D, 0x7B, 0x87, 0xFF, 0xA7, 0xFF, 0x7F, 0x00, 0xE0, 0xF7, 0x3E
06-18 17:14:55.386 250 260 D bt_vnd_conf: device_addr -> 0x6D, 0x6D, 0x8E, 0x8E, 0x8F, 0x8F
06-18 17:14:55.386 250 260 D bt_vnd_conf: comp_id -> 0x01EC
06-18 17:14:55.386 250 260 D bt_vnd_conf: g_sys_uart0_communication_supported -> 1
06-18 17:14:55.386 250 260 D bt_vnd_conf: cp2_log_mode -> 1
06-18 17:14:55.386 250 260 D bt_vnd_conf: LogLevel -> 0xFF
06-18 17:14:55.386 250 260 D bt_vnd_conf: g_central_or_perpheral -> 0
06-18 17:14:55.386 250 260 D bt_vnd_conf: Log_BitMask -> 0xFFFF
06-18 17:14:55.386 250 260 D bt_vnd_conf: super_ssp_enable -> 0
06-18 17:14:55.386 250 260 D bt_vnd_conf: common_rfu_b3 -> 2
06-18 17:14:55.386 250 260 D bt_vnd_conf: common_rfu_w -> 0x00000000, 0x00000000
06-18 17:14:55.386 250 260 D bt_vnd_conf: le_rfu_w -> 0x00000000, 0x000000000
06-18 17:14:55.386 250 260 D bt_vnd_conf: lmp_rfu_w -> 0x00000000, 0x000000000
06-18 17:14:55.386 250 260 D bt_vnd_conf: lc_rfu_w -> 0x00000000, 0x000000000
06-18 17:14:55.386 250 260 D bt_vnd_conf: g_wbs_nv_117 -> 0x004D
06-18 17:14:55.386 250 260 D bt_vnd_conf: g_wbs_nv_118 -> 0x0066
06-18 17:14:55.386 250 260 D bt_vnd_conf: g_nbv_nv_117 -> 0x009B
06-18 17:14:55.386 250 260 D bt_vnd_conf: g_nbv_nv_118 -> 0x0066
06-18 17:14:55.386 250 260 D bt_vnd_conf: g_sys_sco_transmit_mode -> 0
06-18 17:14:55.386 250 260 D bt_vnd_conf: audio_rfu_b1 -> 0
06-18 17:14:55.386 250 260 D bt_vnd_conf: audio_rfu_b2 -> 0
06-18 17:14:55.386 250 260 D bt_vnd_conf: audio_rfu_b3 -> 0
06-18 17:14:55.386 250 260 D bt_vnd_conf: audio_rfu_w -> 0x00000000, 0x00000000
06-18 17:14:55.386 250 260 D bt_vnd_conf: g_sys_sleep_in_standby_supported -> 1
06-18 17:14:55.386 250 260 D bt_vnd_conf: g_sys_sleep_master_supported -> 1
06-18 17:14:55.386 250 260 D bt_vnd_conf: g_sys_sleep_slave_supported -> 1
06-18 17:14:55.386 250 260 D bt_vnd_conf: power_rfu_b1 -> 0
06-18 17:14:55.386 250 260 D bt_vnd_conf: power_rfu_w -> 0x00000000, 0x00000000
06-18 17:14:55.386 250 260 D bt_vnd_conf: win_ext -> 40
06-18 17:14:55.386 250 260 D bt_vnd_conf: edr_tx_edr_delay -> 6
06-18 17:14:55.386 250 260 D bt_vnd_conf: edr_rx_edr_delay -> 8
06-18 17:14:55.386 250 260 D bt_vnd_conf: tx_delay -> 12
06-18 17:14:55.386 250 260 D bt_vnd_conf: rx_delay -> 34
06-18 17:14:55.386 250 260 D bt_vnd_conf: bb_rfu_w -> 0x00000000, 0x00000000
06-18 17:14:55.386 250 260 D bt_vnd_conf: agc_mode -> 0
06-18 17:14:55.386 250 260 D bt_vnd_conf: diff_or_eq -> 0xFF
06-18 17:14:55.386 250 260 D bt_vnd_conf: ramp_mode -> 0
06-18 17:14:55.386 250 260 D bt_vnd_conf: modem_rfu_b1 -> 0
06-18 17:14:55.386 250 943 D bt_vnd_hci: hci_server_thread
06-18 17:14:55.386 250 260 D bt_vnd_conf: modem_rfu_w -> 0x00000000, 0x00000000
06-18 17:14:55.386 250 260 D bt_vnd_conf: BQB_BitMask_1 -> 0x00000000
06-18 17:14:55.386 250 260 D bt_vnd_conf: BQB_BitMask_2 -> 0x00000000
06-18 17:14:55.386 250 943 D bt_vnd_hci: name: bt_vendor_sprd_hci
06-18 17:14:55.386 250 260 D bt_vnd_conf: bt_coex_threshold -> 0x04E2, 0x1F40, 0x0020, 0x00C8, 0x000A, 0x0000, 0x0000, 0x0000
06-18 17:14:55.386 250 260 D bt_vnd_conf: other_rfu_w -> 0x00000000, 0x00000000
06-18 17:14:55.386 250 943 D bt_vnd_hci: listen socket: bt_vendor_sprd_hci, fd: 6
06-18 17:14:55.386 250 943 D bt_vnd_hci: hci_server_thread wati for btools
06-18 17:14:55.386 250 260 I bt_vnd_conf: Attempt to load conf from /vendor/etc/bt_configure_rf.ini
06-18 17:14:55.387 250 260 D bt_vnd_conf: g_GainValue_A -> 0xE000, 0xE000, 0xE000, 0xE000, 0xE000, 0xE000
06-18 17:14:55.387 667 667 D Tonal : Tonal Palette - index: 4. Main color: ff1e447a
06-18 17:14:55.387 667 667 D Tonal : Colors: ff060d1a, ff0b162e, ff102343, ff17305c, ff1e447a, ff254a99, ff2d58b7, ff6180c3, ff6f8adc, ff889ce2, ffa5b0e9, ffced4f3, ffeaedfa
06-18 17:14:55.387 250 260 D bt_vnd_conf: g_ClassicPowerValue_A -> 0x4115, 0x3A15, 0x3415, 0x2E15, 0x2715, 0x2115, 0x1A15, 0x1315, 0x0D15, 0x0715
06-18 17:14:55.387 250 260 D bt_vnd_conf: g_LEPowerValue_A -> 0x3B15, 0x3715, 0x3315, 0x2F15, 0x2B15, 0x2715, 0x2315, 0x1F15, 0x1B15, 0x1715, 0x1315, 0x0F15, 0x0B15, 0x0815, 0x0415, 0x0015
06-18 17:14:55.387 250 260 D bt_vnd_conf: g_BRChannelpwrvalue_A -> 0x0915, 0x0915, 0x0815, 0x0815, 0x0815, 0x0815, 0x0715, 0x0715
06-18 17:14:55.387 250 260 D bt_vnd_conf: g_EDRChannelpwrvalue_A -> 0x0D15, 0x0D15, 0x0C15, 0x0C15, 0x0B15, 0x0B15, 0x0B15, 0x0B15
06-18 17:14:55.387 250 260 D bt_vnd_conf: g_LEChannelpwrvalue_A -> 0x1015,0x1015,0x0F15,0x0F15,0x0F15,0x0F15,0x0F15,0x0F15
06-18 17:14:55.387 250 260 D bt_vnd_conf: g_GainValue_B -> 0xE000, 0xE000, 0xE000, 0xE000, 0xE000, 0xE000
06-18 17:14:55.387 250 260 D bt_vnd_conf: g_ClassicPowerValue_B -> 0x4D15, 0x4615, 0x3D15, 0x3615, 0x2D15, 0x2615, 0x1F15, 0x1815, 0x0F15, 0x0815
06-18 17:14:55.387 250 260 D bt_vnd_conf: g_LEPowerValue_B -> 0x4B15, 0x4B15, 0x4B15, 0x4B15, 0x4B15, 0x4615, 0x4015, 0x3B15, 0x3615, 0x3015, 0x2B15, 0x2615, 0x2015, 0x1A15, 0x1415, 0x0E15
06-18 17:14:55.387 250 260 D bt_vnd_conf: g_BRChannelpwrvalue_B -> 0x0915, 0x0915, 0x0815, 0x0815, 0x0815, 0x0815, 0x0715, 0x0715
06-18 17:14:55.387 250 260 D bt_vnd_conf: g_EDRChannelpwrvalue_B -> 0x0D15, 0x0D15, 0x0C15, 0x0C15, 0x0B15, 0x0B15, 0x0B15, 0x0B15
06-18 17:14:55.387 250 260 D bt_vnd_conf: g_LEChannelpwrvalue_B -> 0x1015,0x1015,0x0F15,0x0F15,0x0F15,0x0F15,0x0F15,0x0F15
06-18 17:14:55.387 250 260 D bt_vnd_conf: LE_fix_powerword -> 0x00
06-18 17:14:55.387 667 667 D Tonal : Gradients:
06-18 17:14:55.387 667 667 D Tonal : Normal GradientColors(ff1e447a, ff1e447a)
06-18 17:14:55.387 667 667 D Tonal : Dark GradientColors(ff17305c, ff17305c)
06-18 17:14:55.387 667 667 D Tonal : Extra dark: GradientColors(ff102343, ff102343)
06-18 17:14:55.387 250 260 D bt_vnd_conf: Classic_pc_by_channel -> 0xFF
06-18 17:14:55.387 250 260 D bt_vnd_conf: LE_pc_by_channel -> 0xFF
06-18 17:14:55.387 250 260 D bt_vnd_conf: RF_switch_mode -> 0x01
06-18 17:14:55.387 250 260 D bt_vnd_conf: Data_Capture_Mode -> 0x00
06-18 17:14:55.387 250 260 D bt_vnd_conf: Analog_IQ_Debug_Mode -> 0x00
06-18 17:14:55.387 250 260 D bt_vnd_conf: RF_common_rfu_b3 -> 0x55
06-18 17:14:55.387 250 260 D bt_vnd_conf: RF_common_rfu_w -> 0x555F4344, 0x5555C855, 0x55555555, 0x55555555, 0x55555555
06-18 17:14:55.387 250 260 I bt_vnd_conf: set_mac_address
06-18 17:14:55.387 667 667 D Tonal : Tonal Palette - index: 4. Main color: ff1e447a
06-18 17:14:55.387 667 667 D Tonal : Colors: ff060d1a, ff0b162e, ff102343, ff17305c, ff1e447a, ff254a99, ff2d58b7, ff6180c3, ff6f8adc, ff889ce2, ffa5b0e9, ffced4f3, ffeaedfa
06-18 17:14:55.388 667 667 D Tonal : Gradients:
06-18 17:14:55.388 667 667 D Tonal : Normal GradientColors(ff1e447a, ff1e447a)
06-18 17:14:55.388 667 667 D Tonal : Dark GradientColors(ff17305c, ff17305c)
06-18 17:14:55.388 667 667 D Tonal : Extra dark: GradientColors(ff102343, ff102343)
06-18 17:14:55.388 250 260 D bt_vendor: marlin3 start up
06-18 17:14:55.388 250 260 D android.hardware.bluetooth@1.0-impl: Open vendor library loaded
06-18 17:14:55.388 250 260 E bt_upio : init_rfkill: No rfkill control node found
06-18 17:14:55.388 250 260 I bt_userial_vendor: userial vendor open: opening /dev/ttyBT0, baud 14
06-18 17:14:55.388 250 260 D bt_vendor: check_access, /dev/ttyBT0 R/W access OK after wait 0ms
06-18 17:14:55.400 250 260 I bt_userial_vendor: device fd = 7 open
06-18 17:14:55.401 250 260 I bt_chip_vendor: marlin3_pskey_preload
06-18 17:14:55.401 250 260 D bt_vnd_hci: sprd_vnd_send_hci_vsc a0 fc b0 00 1f 00 00 bf fe 8d fe db 3d 7b 87 ff a7 ff 7f 00 e0 f7 3e ae 6e 99 39 66 8b ec 01 01 01 ff 00 ff ff 00 02 00 00 00 00 00 00 00 00 00 00 00 00 00 00 00 00 00 00 00 00 00 00 00 00 00 00 00 00 00 00 00 00 4d 00 66 00 9b 00 66 00 00 00 00 00 00 00 00 00 00 00 00 00 01 01 01 00 00 00 00 00 00 00 00 00 28 00 00 00 06 08 0c 22 00 00 00 00 00 00 00 00 00 ff 00 00 00 00 00 00 00 00 00 00 00 00 00 00 00 00 00 00 e2 04 40 1f 20 00 c8 00 0a 00 00 00 00 00 00 00 00 00 00 00 00 00 00 00 00 00 00 00 00 00 00 00 00 00 00 00 00 00 00 00
06-18 17:14:55.401 250 260 E bt_upio : upio_set : /proc/bluetooth/sleep/btwrite(-1) incorrent
06-18 17:14:55.404 250 944 I bt_chip_vendor: Bluetooth Firmware Node: 4069 Date: 2015-04-08
06-18 17:14:55.404 1 1 I /system/bin/init: type=1107 audit(0.0:366): uid=0 auid=4294967295 ses=4294967295 subj=u:r:init:s0 msg='avc: denied { set } for property=rw.vendor.bluetooth.fw.ver pid=250 uid=1002 gid=1002 scontext=u:r:hal_bluetooth_default:s0 tcontext=u:object_r:default_prop:s0 tclass=property_service permissive=1'
06-18 17:14:55.405 250 944 I bt_chip_vendor: yujian.qin marlin3_rf_preload
06-18 17:14:55.405 250 944 D bt_vnd_hci: sprd_vnd_send_hci_vsc a2 fc fc 00 e0 00 e0 00 e0 00 e0 00 e0 00 e0 15 41 15 3a 15 34 15 2e 15 27 15 21 15 1a 15 13 15 0d 15 07 15 3b 15 37 15 33 15 2f 15 2b 15 27 15 23 15 1f 15 1b 15 17 15 13 15 0f 15 0b 15 08 15 04 15 00 15 09 15 09 15 08 15 08 15 08 15 08 15 07 15 07 15 0d 15 0d 15 0c 15 0c 15 0b 15 0b 15 0b 15 0b 15 10 15 10 15 0f 15 0f 15 0f 15 0f 15 0f 15 0f 00 e0 00 e0 00 e0 00 e0 00 e0 00 e0 15 4d 15 46 15 3d 15 36 15 2d 15 26 15 1f 15 18 15 0f 15 08 15 4b 15 4b 15 4b 15 4b 15 4b 15 46 15 40 15 3b 15 36 15 30 15 2b 15 26 15 20 15 1a 15 14 15 0e 15 09 15 09 15 08 15 08 15 08 15 08 15 07 15 07 15 0d 15 0d 15 0c 15 0c 15 0b 15 0b 15 0b 15 0b 15 10 15 10 15 0f 15 0f 15 0f 15 0f 15 0f 15 0f 00 00 ff ff 01 00 00 55 44 43 5f 55 55 c8 55 55 55 55 55 55 55 55 55 55 55 55 55 55
06-18 17:14:55.409 505 505 E WiredAccessoryManager: No state change.
06-18 17:14:55.409 505 505 W WiredAccessoryManager: Both input event and extcon are used for audio jack, please just choose one.
06-18 17:14:55.424 505 505 I ConnectivityModuleConnector: Networking module service connected
06-18 17:14:55.425 505 505 I ConnectivityModuleConnector: Networking module service connected
06-18 17:14:55.425 505 505 I NetworkStackClient: Network stack service connected
06-18 17:14:55.426 250 944 I bt_chip_vendor: hw_rf_cback hw_core_cback response: [0xFCA2, 0x0000, 0x00]
06-18 17:14:55.426 250 944 I bt_chip_vendor: hw_core_enable
06-18 17:14:55.426 250 944 I bt_chip_vendor: hw_core_enable : 1
06-18 17:14:55.426 250 944 E bt_upio : upio_set : /proc/bluetooth/sleep/btwrite(-1) incorrent
06-18 17:14:55.429 667 667 E libEGL : validate_display:538 error 3001 (EGL_NOT_INITIALIZED)
06-18 17:14:55.429 250 944 I bt_chip_vendor: hw_core_cback hw_core_cback response: [0xFCA1, 0x0000, 0x01]
06-18 17:14:55.429 250 944 D android.hardware.bluetooth@1.0-impl: OnFirmwareConfigured result: 0
06-18 17:14:55.429 250 944 I android.hardware.bluetooth@1.0-impl: Firmware configured in 0.029s
06-18 17:14:55.430 659 941 I bt_hci : system/bt/hci/src/hci_layer.cc:367 event_finish_startup: event_finish_startup
06-18 17:14:55.430 250 944 I android.hardware.bluetooth@1.0-impl: OnFirmwareConfigured: lpm_timeout_ms 1500
06-18 17:14:55.430 250 944 D android.hardware.bluetooth@1.0-impl: low_power_mode_cb result: 0
06-18 17:14:55.430 250 944 D android.hardware.bluetooth@1.0-impl: OnFirmwareConfigured Calling StartLowPowerWatchdog()
06-18 17:14:55.430 659 764 I bt_core_module: system/bt/btcore/src/module.cc:90 module_start_up: module_start_up Started module "hci_module"
06-18 17:14:55.430 659 764 I bt_l2cap: system/bt/stack/l2cap/l2c_api.cc:134 L2CA_Register: L2CAP Registered service classic PSM: 0x0001
06-18 17:14:55.430 659 764 I bt_l2cap: system/bt/stack/l2cap/l2c_api.cc:134 L2CA_Register: L2CAP Registered service classic PSM: 0x001f
06-18 17:14:55.430 659 764 I bluetooth: system/bt/stack/gatt/gatt_api.cc:1019 GATT_Register: Allocated name:GattProfileDb uuid:81818181-8181-8181-8181-818181818181 gatt_if:1 eatt_support:0
06-18 17:14:55.431 659 764 I droid.bluetoot: [0618/171455.431638:INFO:gatt_api.cc(179)] GATTS_AddService
06-18 17:14:55.432 659 764 I droid.bluetoot: [0618/171455.432245:INFO:gatt_api.cc(288)] GATTS_AddService: service parsed correctly, now starting
06-18 17:14:55.432 505 505 D BluetoothA2dp: Binding service...
06-18 17:14:55.432 659 764 I droid.bluetoot: [0618/171455.432738:INFO:gatt_sr_hash.cc(124)] gatts_calculate_database_hash: hash=80AEB10BC70DCCEFA207489DCED98FED
06-18 17:14:55.432 659 764 I bt_l2cap: system/bt/stack/l2cap/l2c_api.cc:434 L2CA_RegisterLECoc: Registered service LE COC PSM: 0x0027
06-18 17:14:55.433 659 764 I bt_l2cap: system/bt/stack/l2cap/l2c_api.cc:134 L2CA_Register: L2CAP Registered service classic PSM: 0x0003
06-18 17:14:55.438 659 764 I bluetooth: system/bt/stack/gatt/gatt_api.cc:1019 GATT_Register: Allocated name:Gap uuid:82828282-8282-8282-8282-828282828282 gatt_if:2 eatt_support:0
06-18 17:14:55.439 659 764 I droid.bluetoot: [0618/171455.438964:INFO:gatt_api.cc(179)] GATTS_AddService
06-18 17:14:55.439 659 764 I droid.bluetoot: [0618/171455.439191:INFO:gatt_api.cc(288)] GATTS_AddService: service parsed correctly, now starting
06-18 17:14:55.439 659 764 I droid.bluetoot: [0618/171455.439335:INFO:gatt_sr_hash.cc(124)] gatts_calculate_database_hash: hash=8991C462EBE9D90B9EA0DA3E16D0F513
06-18 17:14:55.439 505 505 W TrustManagerService: EXTRA_USER_HANDLE missing or invalid, value=0
06-18 17:14:55.439 659 764 I bt_bte : system/bt/main/bte_logmsg.cc:248 load_levels_from_config: BTE_InitTraceLevels -- TRC_HCI : Level 2
06-18 17:14:55.439 659 764 I bt_bte : system/bt/main/bte_logmsg.cc:248 load_levels_from_config: BTE_InitTraceLevels -- TRC_L2CAP : Level 2
06-18 17:14:55.439 659 764 I bt_bte : system/bt/main/bte_logmsg.cc:248 load_levels_from_config: BTE_InitTraceLevels -- TRC_RFCOMM : Level 2
06-18 17:14:55.440 659 764 I bt_bte : system/bt/main/bte_logmsg.cc:248 load_levels_from_config: BTE_InitTraceLevels -- TRC_AVDT : Level 2
06-18 17:14:55.440 659 764 I bt_bte : system/bt/main/bte_logmsg.cc:248 load_levels_from_config: BTE_InitTraceLevels -- TRC_AVRC : Level 2
06-18 17:14:55.440 659 764 I bt_bte : system/bt/main/bte_logmsg.cc:248 load_levels_from_config: BTE_InitTraceLevels -- TRC_A2D : Level 2
06-18 17:14:55.440 659 764 I bt_bte : system/bt/main/bte_logmsg.cc:248 load_levels_from_config: BTE_InitTraceLevels -- TRC_BNEP : Level 2
06-18 17:14:55.440 659 764 I bt_bte : system/bt/main/bte_logmsg.cc:248 load_levels_from_config: BTE_InitTraceLevels -- TRC_BTM : Level 2
06-18 17:14:55.440 659 764 I bt_bte : system/bt/main/bte_logmsg.cc:248 load_levels_from_config: BTE_InitTraceLevels -- TRC_HID_HOST : Level 2
06-18 17:14:55.440 659 764 I bt_bte : system/bt/main/bte_logmsg.cc:248 load_levels_from_config: BTE_InitTraceLevels -- TRC_PAN : Level 2
06-18 17:14:55.440 659 764 I bt_bte : system/bt/main/bte_logmsg.cc:248 load_levels_from_config: BTE_InitTraceLevels -- TRC_SDP : Level 2
06-18 17:14:55.440 659 764 I bt_bte : system/bt/main/bte_logmsg.cc:248 load_levels_from_config: BTE_InitTraceLevels -- TRC_SMP : Level 2
06-18 17:14:55.440 659 764 I bt_bte : system/bt/main/bte_logmsg.cc:248 load_levels_from_config: BTE_InitTraceLevels -- TRC_HID_DEV : Level 2
06-18 17:14:55.440 659 764 I bt_bte : system/bt/main/bte_logmsg.cc:248 load_levels_from_config: BTE_InitTraceLevels -- TRC_BTAPP : Level 2
06-18 17:14:55.440 659 764 I bt_bte : system/bt/main/bte_logmsg.cc:248 load_levels_from_config: BTE_InitTraceLevels -- TRC_BTIF : Level 2
06-18 17:14:55.448 659 945 I bt_stack: [INFO:message_loop_thread.cc(224)] Run: message loop starting for thread bt_main_thread
06-18 17:14:55.449 659 764 I bt_core_module: system/bt/btcore/src/module.cc:85 module_start_up: module_start_up Starting module "controller_module"
06-18 17:14:55.451 505 505 I SystemServerTiming: ManagedServices.unbindOtherUserServices_current0
06-18 17:14:55.451 505 505 I SystemServerTiming: ManagedServices.unbindOtherUserServices_current0
06-18 17:14:55.452 505 505 I SystemServerTiming: ManagedServices.unbindOtherUserServices_current0
06-18 17:14:55.452 505 505 V NotificationAssistants: enabling notification assistant for 0: ComponentInfo{android.ext.services/android.ext.services.notification.Assistant}
06-18 17:14:55.452 505 505 V NotificationAssistants: binding: Intent { act=android.service.notification.NotificationAssistantService cmp=android.ext.services/.notification.Assistant (has extras) }
01-01 08:00:20.497 344 344 E : recv_kernel_event address b4:2f:03:15:73:2f
06-18 17:14:55.509 843 946 E IpClient.wlan0: Failed to set accept_ra to 2
06-18 17:14:55.511 505 602 I WifiClientModeImpl[wlan0]: disconnectedstate enter
06-18 17:14:55.513 505 602 D WifiClientModeImpl[wlan0]: setupClientMode() ifacename = wlan0
06-18 17:14:55.520 649 649 E WifiHAL : wifi_start_pkt_fate_monitoring: packet fate logging feature not supported 0
06-18 17:14:55.521 505 602 E WifiVendorHal: startPktFateMonitoring(l.2352) failed {.code = ERROR_NOT_SUPPORTED, .description = }
06-18 17:14:55.521 505 602 W WifiDiags: Failed to start packet fate monitoring
06-18 17:14:55.522 649 649 E WifiHAL : wifi_get_driver_version: Error -5 happened.
06-18 17:14:55.522 649 649 E android.hardware.wifi@1.0-service-lazy: Failed to get driver version: INVALID_ARGS
06-18 17:14:55.523 505 602 E WifiVendorHal: requestChipDebugInfo(l.2167) failed {.code = ERROR_INVALID_ARGS, .description = failed to get driver version}
06-18 17:14:55.523 505 602 I WifiVendorHal: Driver: null Firmware: null
06-18 17:14:55.524 649 649 E WifiHAL : wifi_get_driver_version: Error -5 happened.
06-18 17:14:55.524 649 649 E android.hardware.wifi@1.0-service-lazy: Failed to get driver version: INVALID_ARGS
06-18 17:14:55.525 505 602 E WifiVendorHal: requestChipDebugInfo(l.2167) failed {.code = ERROR_INVALID_ARGS, .description = failed to get driver version}
06-18 17:14:55.525 505 602 I WifiVendorHal: Driver: null Firmware: null
06-18 17:14:55.526 649 649 E WifiHAL : wifi_get_ring_buffers_status: Ring buffer logging feature not supported 0
06-18 17:14:55.527 505 602 E WifiVendorHal: getRingBufferStatus(l.2244) failed {.code = ERROR_NOT_SUPPORTED, .description = }
06-18 17:14:55.527 505 602 W WifiDiags: no ring buffers found
06-18 17:14:55.527 505 602 D WifiDiags: startLogging() iface list is {wlan0} after adding wlan0
06-18 17:14:55.544 249 249 V audio_hw_primary: adev_set_parameters, A2dpSuspended=false
06-18 17:14:55.547 249 249 V audio_hw_primary: adev_set_parameters, BT_SCO=off
06-18 17:14:55.550 505 620 I AS.AudioDeviceInventory: removePreferredDevicesForStrategySync, strategy: 14
06-18 17:14:55.588 505 527 D CompatibilityChangeReporter: Compat change id reported: 158002302; UID 10061; state: ENABLED
06-18 17:14:55.589 667 667 V WallpaperService: Setting wallpaper dimming: 0
06-18 17:14:55.591 505 505 W Looper : Slow dispatch took 137ms main h=android.app.ActivityThread$H c=android.app.LoadedApk$ReceiverDispatcher$Args$$ExternalSyntheticLambda0@af79418 m=0
06-18 17:14:55.598 505 505 I ConnectivityModuleConnector: Networking module service connected
06-18 17:14:55.598 505 505 I ConnectivityModuleConnector: Networking module service connected
06-18 17:14:55.607 182 182 I hwservicemanager: getTransport: Cannot find entry android.hardware.configstore@1.0::ISurfaceFlingerConfigs/default in either framework or device VINTF manifest.
06-18 17:14:55.608 667 877 D EglHelper: createEglContext start
06-18 17:14:55.616 667 877 D EglHelper: createEglContext done
06-18 17:14:55.616 667 877 D EglHelper: createEglSurface start
06-18 17:14:55.625 667 877 D EglHelper: createEglSurface done
06-18 17:14:55.626 667 667 D CompatibilityChangeReporter: Compat change id reported: 150939131; UID 10061; state: ENABLED
06-18 17:14:55.628 505 505 D ConditionProviders.SCP: onSubscribe condition://android/schedule?days=1.2.3.4.5.6.7&start=22.0&end=7.0&exitAtAlarm=true
06-18 17:14:55.630 505 505 D ConditionProviders.SCP: setRegistered true
06-18 17:14:55.636 667 667 I ImageWallpaper: type=1400 audit(0.0:367): avc: denied { search } for name="com.android.systemui" dev="mmcblk0p25" ino=483 scontext=u:r:platform_app:s0:c512,c768 tcontext=u:object_r:app_data_file:s0:c512,c768 tclass=dir permissive=1 app=com.softwinner.screenshot
06-18 17:14:55.638 505 615 W ActivityThread: Failed to find provider info for com.android.calendar (user not unlocked)
06-18 17:14:55.639 505 615 W ActivityThread: Failed to find provider info for com.android.calendar (user not unlocked)
06-18 17:14:55.644 505 505 D ConditionProviders.SCP: evaluateSubscriptionLocked cal=ScheduleCalendar[mDays={1, 2, 3, 4, 5, 6, 7}, mSchedule=ScheduleInfo{days=[1, 2, 3, 4, 5, 6, 7], startHour=22, startMinute=0, endHour=7, endMinute=0, exitAtAlarm=true, nextAlarm=Thu Jan 01 08:00:00 GMT+08:00 1970 (0)}], now=Wed Jun 18 17:14:55 GMT+08:00 2025 (1750238095630), nextUserAlarmTime=Thu Jan 01 08:00:00 GMT+08:00 1970 (0)
06-18 17:14:55.645 505 505 D ConditionProviders.SCP: notifyCondition condition://android/schedule?days=1.2.3.4.5.6.7&start=22.0&end=7.0&exitAtAlarm=true STATE_FALSE reason=!meetsSchedule
06-18 17:14:55.647 505 505 D ConditionProviders.SCP: Scheduling evaluate for Wed Jun 18 22:00:00 GMT+08:00 2025 (1750255200000), in +4h45m4s370ms, now=Wed Jun 18 17:14:55 GMT+08:00 2025 (1750238095630)
06-18 17:14:55.652 265 265 D hdmi-cec: cec physical address: 2.0.0.0
06-18 17:14:55.652 265 265 D hdmi-cec: cec physical address: 2.0.0.0
