06-18 17:23:01.224 505 525 W IorapForwardingService: No service published for: iorapd
06-18 17:23:01.277 2447 2587 D nStackXCoAP: IsInSameNetwork:[276] :IsInSameNetwork exec
06-18 17:23:01.277 2447 2587 I nStackXDFinder: GetLocalInterfaceDetail:[461] :GetLocalInterfaceDetail in
06-18 17:23:01.277 2447 2587 E nStackXCoAP: IsInSameNetwork:[281] :IsInSameNetwork: not priority process
06-18 17:23:01.277 2447 2587 D nStackXCoAP: IsInSameNetwork:[276] :IsInSameNetwork exec
06-18 17:23:01.277 2447 2587 I nStackXDFinder: GetLocalInterfaceDetail:[461] :GetLocalInterfaceDetail in
06-18 17:23:01.277 2447 2587 E nStackXCoAP: IsInSameNetwork:[281] :IsInSameNetwork: not priority process
06-18 17:23:01.278 2447 2587 D nStackXCoAP: IsInSameNetwork:[276] :IsInSameNetwork exec
06-18 17:23:01.278 2447 2587 I nStackXDFinder: GetLocalInterfaceDetail:[461] :GetLocalInterfaceDetail in
06-18 17:23:01.278 2447 2587 E nStackXCoAP: IsInSameNetwork:[281] :IsInSameNetwork: not priority process
06-18 17:23:01.278 2447 2587 D nStackXCoAP: IsInSameNetwork:[276] :IsInSameNetwork exec
06-18 17:23:01.278 2447 2587 I nStackXDFinder: GetLocalInterfaceDetail:[461] :GetLocalInterfaceDetail in
06-18 17:23:01.278 2447 2587 E nStackXCoAP: IsInSameNetwork:[281] :IsInSameNetwork: not priority process
06-18 17:23:01.326 2464 2647 D UtilLog : 日志批量上报 进行正常循环 !!!!!!本次有0次请求,共0条数据
06-18 17:23:01.666 2447 2587 E nStackXDFinder: GetLocalIp:[401] :GetLocalIp exec
06-18 17:23:01.666 2447 2587 E nStackXDFinder: GetLocalIp:[401] :GetLocalIp exec
06-18 17:23:01.666 2447 2587 E nStackXDFinder: GetLocalIp:[401] :GetLocalIp exec
06-18 17:23:01.667 2447 2587 I nStackXCoAP: CoapServiceDiscoverTimerHandle:[524] :the 9 times for device discover.
06-18 17:23:01.681 2447 2587 D nStackXCoAP: IsInSameNetwork:[276] :IsInSameNetwork exec
06-18 17:23:01.681 2447 2587 I nStackXDFinder: GetLocalInterfaceDetail:[461] :GetLocalInterfaceDetail in
06-18 17:23:01.681 2447 2587 E nStackXCoAP: IsInSameNetwork:[281] :IsInSameNetwork: not priority process
06-18 17:23:01.683 2447 2587 D nStackXCoAP: IsInSameNetwork:[276] :IsInSameNetwork exec
06-18 17:23:01.683 2447 2587 I nStackXDFinder: GetLocalInterfaceDetail:[461] :GetLocalInterfaceDetail in
06-18 17:23:01.683 2447 2587 E nStackXCoAP: IsInSameNetwork:[281] :IsInSameNetwork: not priority process
06-18 17:23:01.687 2447 2587 D nStackXCoAP: IsInSameNetwork:[276] :IsInSameNetwork exec
06-18 17:23:01.687 2447 2587 I nStackXDFinder: GetLocalInterfaceDetail:[461] :GetLocalInterfaceDetail in
06-18 17:23:01.687 2447 2587 E nStackXCoAP: IsInSameNetwork:[281] :IsInSameNetwork: not priority process
06-18 17:23:01.690 2447 2587 D nStackXCoAP: IsInSameNetwork:[276] :IsInSameNetwork exec
06-18 17:23:01.690 2447 2587 I nStackXDFinder: GetLocalInterfaceDetail:[461] :GetLocalInterfaceDetail in
06-18 17:23:01.690 2447 2587 E nStackXCoAP: IsInSameNetwork:[281] :IsInSameNetwork: not priority process
06-18 17:23:02.007 319 6544 D XM_HIDREAD: poll ret=1, event=1
06-18 17:23:02.008 319 6544 D XM_HIDREAD: [9 bytes]:01 00 00 4F 00 00 00 00 00
06-18 17:23:02.008 505 587 D TvWindowManager: key event key = KEYCODE_DPAD_RIGHT down = true
06-18 17:23:02.009 505 586 D GpioService: mFlickerEnable = true
06-18 17:23:02.011 2976 2976 I SogouIME: onKeyDown: keyoCode=22
06-18 17:23:02.011 2976 2976 I DefaultIMS: onKeyDown: keyoCode=22
06-18 17:23:02.167 2447 2587 E nStackXDFinder: GetLocalIp:[401] :GetLocalIp exec
06-18 17:23:02.167 2447 2587 E nStackXDFinder: GetLocalIp:[401] :GetLocalIp exec
06-18 17:23:02.167 2447 2587 E nStackXDFinder: GetLocalIp:[401] :GetLocalIp exec
06-18 17:23:02.168 2447 2587 I nStackXCoAP: CoapServiceDiscoverTimerHandle:[524] :the 10 times for device discover.
06-18 17:23:02.200 2447 2587 D nStackXCoAP: IsInSameNetwork:[276] :IsInSameNetwork exec
06-18 17:23:02.200 2447 2587 I nStackXDFinder: GetLocalInterfaceDetail:[461] :GetLocalInterfaceDetail in
06-18 17:23:02.200 2447 2587 E nStackXCoAP: IsInSameNetwork:[281] :IsInSameNetwork: not priority process
06-18 17:23:02.201 2447 2587 D nStackXCoAP: IsInSameNetwork:[276] :IsInSameNetwork exec
06-18 17:23:02.201 2447 2587 I nStackXDFinder: GetLocalInterfaceDetail:[461] :GetLocalInterfaceDetail in
06-18 17:23:02.201 2447 2587 E nStackXCoAP: IsInSameNetwork:[281] :IsInSameNetwork: not priority process
06-18 17:23:02.201 2447 2587 D nStackXCoAP: IsInSameNetwork:[276] :IsInSameNetwork exec
06-18 17:23:02.201 2447 2587 I nStackXDFinder: GetLocalInterfaceDetail:[461] :GetLocalInterfaceDetail in
06-18 17:23:02.201 2447 2587 E nStackXCoAP: IsInSameNetwork:[281] :IsInSameNetwork: not priority process
06-18 17:23:02.209 2447 2587 D nStackXCoAP: IsInSameNetwork:[276] :IsInSameNetwork exec
06-18 17:23:02.209 2447 2587 I nStackXDFinder: GetLocalInterfaceDetail:[461] :GetLocalInterfaceDetail in
06-18 17:23:02.209 2447 2587 E nStackXCoAP: IsInSameNetwork:[281] :IsInSameNetwork: not priority process
06-18 17:23:02.226 505 525 W IorapForwardingService: No service published for: iorapd
06-18 17:23:02.247 319 6544 D XM_HIDREAD: poll ret=1, event=1
06-18 17:23:02.247 319 6544 D XM_HIDREAD: [9 bytes]:01 00 00 00 00 00 00 00 00
06-18 17:23:02.247 505 587 D TvWindowManager: key event key = KEYCODE_DPAD_RIGHT down = false
06-18 17:23:02.250 2976 2976 I SogouIME: onKeyUp: keyoCode=22
06-18 17:23:02.250 2976 2976 I DefaultIMS: onKeyUp: keyoCode=22
06-18 17:23:02.420 361 788 I awplayer: : isPlaying
06-18 17:23:02.421 361 788 D awplayer: : reset
06-18 17:23:02.422 361 788 W awplayer: : reset...
06-18 17:23:02.422 361 6570 D awplayer: : ****** PlayerStop
06-18 17:23:02.422 361 6570 D awplayer: : audio render receive cmd: stop
06-18 17:23:02.422 361 6572 I awplayer: : audio render process stop message.
06-18 17:23:02.422 361 6572 D awplayer: : stop sound devide.
06-18 17:23:02.422 361 6572 D awplayer: <__SdStop:561>: : stop
06-18 17:23:02.423 361 6570 D awplayer: : audio decoder receive cmd: stop
06-18 17:23:02.424 361 6571 D awplayer: : destroy libadecoder...
06-18 17:23:02.424 361 6571 D Allwinner Audio Libs: ver : 2017-8-4-18-00 exit successs...
06-18 17:23:02.424 361 6571 D AllwinnerAlibs: ver : 2017-8-4-18-00 ----dlclose so success!
06-18 17:23:02.425 361 6570 D awplayer: : ****** PlayerStop end
06-18 17:23:02.425 361 6570 D awplayer: : audio render receive cmd: quit
06-18 17:23:02.425 361 6572 D awplayer: : audio render process quit message.
06-18 17:23:02.425 361 6572 D awplayer: : stop sound devide.
06-18 17:23:02.425 361 6572 D awplayer: <__SdStop:561>: : stop
06-18 17:23:02.425 361 6572 W awplayer: : Sound device already stopped.
06-18 17:23:02.425 361 6570 D awplayer: : audio decoder receive cmd: quit
06-18 17:23:02.426 361 6570 D awplayer: : libadecoder.so close success......
06-18 17:23:02.426 361 788 D awplayer: : reset
06-18 17:23:02.427 361 788 W awplayer: : reset...
06-18 17:23:02.427 361 6570 D awplayer: : ****** PlayerStop
06-18 17:23:02.427 361 6570 E awplayer: : invalid stop operation, player already in stopped status.
06-18 17:23:02.427 361 788 W awplayer: : XPlayerDestroy
06-18 17:23:02.427 361 788 W awplayer: : reset...
06-18 17:23:02.427 361 6570 D awplayer: : ****** PlayerStop
06-18 17:23:02.427 361 6570 E awplayer: : invalid stop operation, player already in stopped status.
06-18 17:23:02.428 361 788 D awplayer: <__SdDestroy:110>: : destroy
06-18 17:23:02.428 361 788 D awplayer: <~AwPlayer:344>: ~AwPlayer
06-18 17:23:02.428 899 899 V MediaPlayer: resetDrmState: mDrmInfo=null mDrmProvisioningThread=null mPrepareDrmInProgress=false mActiveDrmScheme=false
06-18 17:23:02.428 899 899 V MediaPlayer: cleanDrmObj: mDrmObj=null mDrmSessionId=null
06-18 17:23:02.431 899 899 V MediaPlayer: resetDrmState: mDrmInfo=null mDrmProvisioningThread=null mPrepareDrmInProgress=false mActiveDrmScheme=false
06-18 17:23:02.431 899 899 V MediaPlayer: cleanDrmObj: mDrmObj=null mDrmSessionId=null
06-18 17:23:02.442 1104 1418 W MediaProvider: Failed to fetch original file descriptor
06-18 17:23:02.442 1104 1418 W MediaProvider: java.io.FileNotFoundException: Input file descriptor is already original
06-18 17:23:02.442 1104 1418 W MediaProvider: at com.android.providers.media.MediaProvider.getOriginalMediaFormatFileDescriptor(MediaProvider.java:5774)
06-18 17:23:02.442 1104 1418 W MediaProvider: at com.android.providers.media.MediaProvider.openTypedAssetFileCommon(MediaProvider.java:7190)
06-18 17:23:02.442 1104 1418 W MediaProvider: at com.android.providers.media.MediaProvider.openTypedAssetFile(MediaProvider.java:7171)
06-18 17:23:02.442 1104 1418 W MediaProvider: at android.content.ContentProvider$Transport.openTypedAssetFile(ContentProvider.java:548)
06-18 17:23:02.442 1104 1418 W MediaProvider: at android.content.ContentProviderNative.onTransact(ContentProviderNative.java:327)
06-18 17:23:02.442 1104 1418 W MediaProvider: at android.os.Binder.execTransactInternal(Binder.java:1179)
06-18 17:23:02.442 1104 1418 W MediaProvider: at android.os.Binder.execTransact(Binder.java:1143)
06-18 17:23:02.444 361 788 D MediaPlayerFactory: Initialize getpersist = 0 value=
06-18 17:23:02.444 361 788 D awplayer: : AwPlayer construct.
06-18 17:23:02.444 361 788 D awplayer: : XPlayerCreate.
06-18 17:23:02.444 361 788 D awplayer: :
06-18 17:23:02.444 361 788 D awplayer: >>>>>>>>>>>>>>>>>>>>>>>>>>>>>>> CedarX <<<<<<<<<<<<<<<<<<<<<<<<<<<<<<<
06-18 17:23:02.444 361 788 D awplayer: tag : CedarX-2.8.0
06-18 17:23:02.444 361 788 D awplayer: branch: master
06-18 17:23:02.444 361 788 D awplayer: commit: 967535b8ff6a073cb4f38e85a4ae5fa6008014d8
06-18 17:23:02.444 361 788 D awplayer: date : Mon, 15 May 2017 01:30:22 +0000 (09:30 +0800)
06-18 17:23:02.444 361 788 D awplayer: author:
06-18 17:23:02.444 361 788 D awplayer: ----------------------------------------------------------------------
06-18 17:23:02.445 361 7176 D awplayer: : ==== process message XPLAYER_COMMAND_SET_SUBCTRL.
06-18 17:23:02.445 361 788 D awplayer: : set deinterlace
06-18 17:23:02.445 361 7176 D awplayer: : ==== process message XPLAYER_COMMAND_SET_SUBCTRL.
06-18 17:23:02.448 361 788 D awplayer: : : init
06-18 17:23:02.448 361 7176 I awplayer: : process message XPLAYER_COMMAND_SET_SOURCE.
06-18 17:23:02.448 361 788 D awplayer: : prepare
06-18 17:23:02.448 361 7176 D awplayer: : process message XPLAYER_COMMAND_PREPARE. mPriData->mStatus: 1
06-18 17:23:02.448 361 7175 D demuxComponent: : process message DEMUX_COMMAND_PREPARE.
06-18 17:23:02.448 361 7175 D awplayer: : source uri 'fd://7?offset=6782476&length=22539'
06-18 17:23:02.448 361 7175 D awplayer: <__FileStreamConnect:463>: (8/6782476/22539) path:'file:///system/priv-app/dangbei-boot-guide/dangbei-boot-guide.apk'
06-18 17:23:02.449 361 7175 E awplayer: <__FlacParserProbe:1096>: Flac probe failed.
06-18 17:23:02.449 361 7175 D awplayer: : Wav parser : skipped ID3 tag, new starting offset is 291 (0x0000000000000123)
06-18 17:23:02.449 361 7175 D awplayer: : Wav parser : this is ID3 first : 291
06-18 17:23:02.449 361 7175 D awplayer: <__WvParserProbe:575>: __WvParserProbe: I
06-18 17:23:02.449 361 7175 D awplayer: <__WvParserProbe:575>: __WvParserProbe: D
06-18 17:23:02.449 361 7175 D awplayer: <__WvParserProbe:575>: __WvParserProbe: 3
06-18 17:23:02.449 361 7175 D awplayer: <__WvParserProbe:575>: __WvParserProbe: 
06-18 17:23:02.449 361 7175 E awplayer: <__CafParserProbe:567>: Caf probe failed.
06-18 17:23:02.449 361 7175 E awplayer: <__G729ParserProbe:290>: g729 SYNC_WORD probe failed.
06-18 17:23:02.449 361 7175 W awplayer: : audio probe fail!!!
06-18 17:23:02.449 361 7175 I awplayer: <__AiffParserProbe:805>: wav probe failed.
06-18 17:23:02.450 361 7175 D awplayer: : Good, it's 'id3v2'
06-18 17:23:02.450 361 7175 E awplayer: <__FlacParserProbe:1096>: Flac probe failed.
06-18 17:23:02.450 361 7175 D awplayer: : Good, it's 'mp3'
06-18 17:23:02.450 361 7175 W awplayer: : not implement...(18)
06-18 17:23:02.450 361 7175 D awplayer: : *********PrintMediaInfo begin*********
06-18 17:23:02.450 361 7175 D awplayer: : fileSize = 22539, bSeekable = 1, duration = 3672, audioNum = 1, videoNum = 0, subtitleNum = 0
06-18 17:23:02.450 361 7175 D awplayer: : ***Audio[0]*** eCodecFormat = 0x3, eSubCodecFormat = 0x0, nChannelNum = 1, nBitsPerSample = 0, nSampleRate = 16000
06-18 17:23:02.450 361 7175 D awplayer: : *********PrintMediaInfo end*********
06-18 17:23:02.450 361 7175 D demuxComponent: : *********PrintMediaInfo begin*********
06-18 17:23:02.451 361 7175 D demuxComponent: : fileSize = 22539, bSeekable = 1, duration = 3672, audioNum = 1, videoNum = 0, subtitleNum = 0
06-18 17:23:02.451 361 7175 D demuxComponent: : ***Audio[0]*** eCodecFormat = 0x3, eSubCodecFormat = 0x0, nChannelNum = 1, nBitsPerSample = 0, nSampleRate = 16000
06-18 17:23:02.451 361 7175 D demuxComponent: : *********PrintMediaInfo end*********
06-18 17:23:02.452 361 7175 D awplayer: : audio render component setting AudioSink
06-18 17:23:02.453 361 788 D awplayer: : prepareAsync
06-18 17:23:02.453 361 788 D awplayer: : prepareAsync
06-18 17:23:02.453 361 7176 D awplayer: : process message XPLAYER_COMMAND_PREPARE. mPriData->mStatus: 4
06-18 17:23:02.456 899 899 I Thread-4: type=1400 audit(0.0:2859): avc: denied { search } for name="net" dev="sysfs" ino=10442 scontext=u:r:platform_app:s0:c512,c768 tcontext=u:object_r:sysfs_net:s0 tclass=dir permissive=1 app=com.dangbei.hqguide
06-18 17:23:02.460 899 899 I Thread-4: type=1400 audit(0.0:2860): avc: denied { read } for name="address" dev="sysfs" ino=25791 scontext=u:r:platform_app:s0:c512,c768 tcontext=u:object_r:sysfs:s0 tclass=file permissive=1 app=com.dangbei.hqguide
06-18 17:23:02.460 899 899 I Thread-4: type=1400 audit(0.0:2861): avc: denied { open } for path="/sys/devices/platform/unisoc_wifi/net/wlan0/address" dev="sysfs" ino=25791 scontext=u:r:platform_app:s0:c512,c768 tcontext=u:object_r:sysfs:s0 tclass=file permissive=1 app=com.dangbei.hqguide
06-18 17:23:02.460 899 899 I Thread-4: type=1400 audit(0.0:2862): avc: denied { getattr } for path="/sys/devices/platform/unisoc_wifi/net/wlan0/address" dev="sysfs" ino=25791 scontext=u:r:platform_app:s0:c512,c768 tcontext=u:object_r:sysfs:s0 tclass=file permissive=1 app=com.dangbei.hqguide
06-18 17:23:02.486 361 788 D awplayer: : setLooping
06-18 17:23:02.486 361 788 D awplayer: : setLooping
06-18 17:23:02.486 361 788 D awplayer: : start
06-18 17:23:02.488 361 788 W awplayer: : input invalid args.
06-18 17:23:02.488 361 788 D awplayer: : start
06-18 17:23:02.488 361 7176 D awplayer: : process message XPLAYER_COMMAND_START.
06-18 17:23:02.488 361 7176 D awplayer: : player start
06-18 17:23:02.488 361 7176 D awplayer: : audio decoder receive cmd: start
06-18 17:23:02.491 361 7177 D Allwinner Audio Middle Layer: ver : 2017-8-4-18-00 Create Decoder!!=====
06-18 17:23:02.493 361 7177 D awplayer: : Create libadecoder success...
06-18 17:23:02.493 361 7177 D Allwinner Audio Middle Layer: ver : 2017-8-4-18-00 AudioDec_Installaudiolib ok
06-18 17:23:02.493 361 7177 D Allwinner Audio Middle Layer: ver : 2017-8-4-18-00 audio decoder init start ...
06-18 17:23:02.493 361 7177 D AllwinnerAlibs: ver : 2017-8-4-18-00
06-18 17:23:02.493 361 7177 D AllwinnerAlibs: >>>>>>>>>>>>>>>>>>>>>>>>>>>>>>> Audio <<<<<<<<<<<<<<<<<<<<<<<<<<<<<<<
06-18 17:23:02.493 361 7177 D AllwinnerAlibs: tag : audiocodec-v1.2
06-18 17:23:02.493 361 7177 D AllwinnerAlibs: branch: new
06-18 17:23:02.493 361 7177 D AllwinnerAlibs: commit: 3ba65962c01cbf1280ddda19d843009b6ef8ce85
06-18 17:23:02.493 361 7177 D AllwinnerAlibs: date : Tue Jan 8 16:25:27 2019 +0800
06-18 17:23:02.493 361 7177 D AllwinnerAlibs: ----------------------------------------------------------------------
06-18 17:23:02.494 361 7177 D AllwinnerAlibs: ver : 2017-8-4-18-00 ----Loading so success!
06-18 17:23:02.494 361 7177 D AllwinnerAlibs: ver : 2017-8-4-18-00 *************pAudioStreamInfo start******************
06-18 17:23:02.494 361 7177 D AllwinnerAlibs: ver : 2017-8-4-18-00 eCodecFormat :id(3), name(mpeg layer-III)
06-18 17:23:02.494 361 7177 D AllwinnerAlibs: ver : 2017-8-4-18-00 eSubCodecFormat :0
06-18 17:23:02.494 361 7177 D AllwinnerAlibs: ver : 2017-8-4-18-00 nChannelNum :1
06-18 17:23:02.494 361 7177 D AllwinnerAlibs: ver : 2017-8-4-18-00 nBitsPerSample :16
06-18 17:23:02.494 361 7177 D AllwinnerAlibs: ver : 2017-8-4-18-00 nSampleRate :16000
06-18 17:23:02.494 361 7177 D AllwinnerAlibs: ver : 2017-8-4-18-00 nAvgBitrate :48000
06-18 17:23:02.494 361 7177 D AllwinnerAlibs: ver : 2017-8-4-18-00 nMaxBitRate :48000
06-18 17:23:02.494 361 7177 D AllwinnerAlibs: ver : 2017-8-4-18-00 nFileSize :0
06-18 17:23:02.494 361 7177 D AllwinnerAlibs: ver : 2017-8-4-18-00 eAudioBitstreamSource:0
06-18 17:23:02.494 361 7177 D AllwinnerAlibs: ver : 2017-8-4-18-00 eDataEncodeType :0
06-18 17:23:02.494 361 7177 D AllwinnerAlibs: ver : 2017-8-4-18-00 nCodecSpecificDataLen:0
06-18 17:23:02.494 361 7177 D AllwinnerAlibs: ver : 2017-8-4-18-00 pCodecSpecificData :0x0
06-18 17:23:02.494 361 7177 D AllwinnerAlibs: ver : 2017-8-4-18-00 nFlags :0
06-18 17:23:02.494 361 7177 D AllwinnerAlibs: ver : 2017-8-4-18-00 nBlockAlign :0
06-18 17:23:02.494 361 7177 D AllwinnerAlibs: ver : 2017-8-4-18-00 *************pAudioStreamInfo end ******************
06-18 17:23:02.495 361 7177 D Allwinner Audio Libs: ver : 2017-8-4-18-00 init successs...
06-18 17:23:02.495 361 7177 D Allwinner Audio Middle Layer: ver : 2017-8-4-18-00 AUDIO DECODE INIT OK...0
06-18 17:23:02.495 361 7176 D awplayer: : audio render receive cmd: start
06-18 17:23:02.495 361 7178 I awplayer: : audio render process start message.
06-18 17:23:02.495 361 7178 D awplayer: : init sound device.
06-18 17:23:02.495 361 7178 D awplayer: : set sound devide param, sample rate = 16000, channel num = 1.
06-18 17:23:02.495 361 7178 W awplayer: : message 0x40a not handled.
06-18 17:23:02.496 361 7175 D demuxComponent: : process message DEMUX_COMMAND_START.
06-18 17:23:02.497 361 7175 W awplayer: : eos...
06-18 17:23:02.497 361 7175 D awplayer: : audio decoder receive cmd: eos
06-18 17:23:02.505 361 7178 D awplayer: : start sound device.
06-18 17:23:02.506 361 7178 D awplayer: <__SdStart:279>: : start
06-18 17:23:02.506 361 7177 D awplayer: : audio render receive cmd: eos
06-18 17:23:02.511 270 623 D AudioFlinger: Client defaulted notificationFrames to 870 for frameCount 1740
06-18 17:23:02.513 270 623 D AF::TrackHandle: OpPlayAudio: track:59 usage:1 not muted
06-18 17:23:02.518 361 7178 D awplayer: : audio device start end
06-18 17:23:02.519 361 7178 D awplayer: : first audio pts = 0
06-18 17:23:02.520 361 7178 I awplayer: : audio render process set_eos message.
06-18 17:23:02.522 249 1011 D audio_hw_primary: start_output_stream out->format : 0x00000000
06-18 17:23:02.522 249 1011 V audio_hw_primary: start_output_stream, line: 1503
06-18 17:23:02.522 249 1011 V audio_hw_primary: use AUDIO_HDMI to playback audio
06-18 17:23:02.522 249 1011 D audio_hw_primary: open card=3, port=0
06-18 17:23:02.522 249 1011 D audio_hw_primary: config:2 44100 960 2 0 5760 1 0
06-18 17:23:02.522 249 1011 D audio_hw_primary: set_raw_flag(card=3, raw_flag=1)
06-18 17:23:02.522 249 1011 D audio_hw_primary: set_raw_flag control_name = audio data format control_value PCM)
06-18 17:23:02.523 249 1011 V audio_hw_primary: do not use out resampler
06-18 17:23:02.546 270 445 D AudioFlinger: mixer(0xf2492ac0) throttle end: throttle time(9)
06-18 17:23:02.668 2447 2587 E nStackXDFinder: GetLocalIp:[401] :GetLocalIp exec
06-18 17:23:02.668 2447 2587 E nStackXDFinder: GetLocalIp:[401] :GetLocalIp exec
06-18 17:23:02.668 2447 2587 E nStackXDFinder: GetLocalIp:[401] :GetLocalIp exec
06-18 17:23:02.669 2447 2587 I nStackXCoAP: CoapServiceDiscoverTimerHandle:[524] :the 11 times for device discover.
06-18 17:23:02.713 2447 2587 D nStackXCoAP: IsInSameNetwork:[276] :IsInSameNetwork exec
06-18 17:23:02.713 2447 2587 I nStackXDFinder: GetLocalInterfaceDetail:[461] :GetLocalInterfaceDetail in
06-18 17:23:02.713 2447 2587 E nStackXCoAP: IsInSameNetwork:[281] :IsInSameNetwork: not priority process
06-18 17:23:02.713 2447 2587 D nStackXCoAP: IsInSameNetwork:[276] :IsInSameNetwork exec
06-18 17:23:02.713 2447 2587 I nStackXDFinder: GetLocalInterfaceDetail:[461] :GetLocalInterfaceDetail in
06-18 17:23:02.713 2447 2587 E nStackXCoAP: IsInSameNetwork:[281] :IsInSameNetwork: not priority process
06-18 17:23:02.714 2447 2587 D nStackXCoAP: IsInSameNetwork:[276] :IsInSameNetwork exec
06-18 17:23:02.714 2447 2587 I nStackXDFinder: GetLocalInterfaceDetail:[461] :GetLocalInterfaceDetail in
06-18 17:23:02.714 2447 2587 E nStackXCoAP: IsInSameNetwork:[281] :IsInSameNetwork: not priority process
06-18 17:23:02.766 2447 2587 D nStackXCoAP: IsInSameNetwork:[276] :IsInSameNetwork exec
06-18 17:23:02.766 2447 2587 I nStackXDFinder: GetLocalInterfaceDetail:[461] :GetLocalInterfaceDetail in
06-18 17:23:02.766 2447 2587 E nStackXCoAP: IsInSameNetwork:[281] :IsInSameNetwork: not priority process
06-18 17:23:03.169 2447 2587 E nStackXDFinder: GetLocalIp:[401] :GetLocalIp exec
06-18 17:23:03.169 2447 2587 E nStackXDFinder: GetLocalIp:[401] :GetLocalIp exec
06-18 17:23:03.169 2447 2587 E nStackXDFinder: GetLocalIp:[401] :GetLocalIp exec
06-18 17:23:03.170 2447 2587 I nStackXCoAP: CoapServiceDiscoverTimerHandle:[524] :the 12 times for device discover.
06-18 17:23:03.227 505 525 W IorapForwardingService: No service published for: iorapd
06-18 17:23:03.392 505 844 D SntpClient: request time failed: java.net.SocketTimeoutException: Poll timed out
06-18 17:23:03.592 1545 6917 E hq : Etna:::sendInspectLauncherUpdate
06-18 17:23:03.597 1125 1161 E ccc : cccccc SystemUpdateHelper launcherUpdate {"launcherCodeLocal":102942,"launcherCodeNet":0,"launcherVersionLocal":"2.9.4.2","launcherVersionNet":"","otaCodeLocal":0,"otaCodeNet":0,"remoteNeedUpdate":false,"updateType":""}
06-18 17:23:03.599 1545 6917 D etnaManager: 不需要更新桌面
06-18 17:23:03.670 2447 2587 W nStackXCoAP: CoapServiceDiscoverTimerHandle:[512] :clear device list backup
06-18 17:23:03.685 2447 2587 D nStackXCoAP: IsInSameNetwork:[276] :IsInSameNetwork exec
06-18 17:23:03.685 2447 2587 I nStackXDFinder: GetLocalInterfaceDetail:[461] :GetLocalInterfaceDetail in
06-18 17:23:03.685 2447 2587 E nStackXCoAP: IsInSameNetwork:[281] :IsInSameNetwork: not priority process
06-18 17:23:03.685 2447 2587 D nStackXCoAP: IsInSameNetwork:[276] :IsInSameNetwork exec
06-18 17:23:03.685 2447 2587 I nStackXDFinder: GetLocalInterfaceDetail:[461] :GetLocalInterfaceDetail in
06-18 17:23:03.685 2447 2587 E nStackXCoAP: IsInSameNetwork:[281] :IsInSameNetwork: not priority process
06-18 17:23:03.686 2447 2587 D nStackXCoAP: IsInSameNetwork:[276] :IsInSameNetwork exec
06-18 17:23:03.686 2447 2587 I nStackXDFinder: GetLocalInterfaceDetail:[461] :GetLocalInterfaceDetail in
06-18 17:23:03.686 2447 2587 E nStackXCoAP: IsInSameNetwork:[281] :IsInSameNetwork: not priority process
06-18 17:23:03.686 2447 2587 D nStackXCoAP: IsInSameNetwork:[276] :IsInSameNetwork exec
06-18 17:23:03.686 2447 2587 I nStackXDFinder: GetLocalInterfaceDetail:[461] :GetLocalInterfaceDetail in
06-18 17:23:03.686 2447 2587 E nStackXCoAP: IsInSameNetwork:[281] :IsInSameNetwork: not priority process
06-18 17:23:04.030 649 649 E WifiHAL : wifi_get_link_stats: requestResponse Error:-5
06-18 17:23:04.031 505 602 E WifiVendorHal: getWifiLinkLayerStats_1_5_Internal(l.1191) failed {.code = ERROR_INVALID_ARGS, .description = }
06-18 17:23:04.229 505 525 W IorapForwardingService: No service published for: iorapd
06-18 17:23:04.505 505 785 W InputManager-JNI: Input channel object 'f84c26e Toast (client)' was disposed without first being removed with the input manager!
06-18 17:23:04.509 505 785 W NotificationService: Toast already killed. pkg=com.dangbei.hqguide token=android.os.BinderProxy@b9ac664
06-18 17:23:04.737 505 612 D NsdService: unregister service
06-18 17:23:04.738 505 612 D NsdService: mdnssd [stop-register, 3]
06-18 17:23:04.739 243 302 W netd : dnssd_clientstub DNSServiceProcessResult called with NULL DNSServiceRef
06-18 17:23:04.741 505 612 D NsdService: unregister service
06-18 17:23:04.741 505 612 D NsdService: mdnssd [stop-register, 2]
06-18 17:23:04.741 1859 2619 W System.err: java.net.SocketException: Socket closed
06-18 17:23:04.742 243 302 W netd : dnssd_clientstub DNSServiceProcessResult called with NULL DNSServiceRef
06-18 17:23:04.743 505 612 D NsdService: unregister service
06-18 17:23:04.743 505 612 D NsdService: mdnssd [stop-register, 4]
06-18 17:23:04.744 243 302 W netd : dnssd_clientstub DNSServiceProcessResult called with NULL DNSServiceRef
06-18 17:23:04.747 1859 2619 W System.err: at java.net.PlainSocketImpl.socketAccept(PlainSocketImpl.java:213)
06-18 17:23:04.748 1859 2619 W System.err: at java.net.AbstractPlainSocketImpl.accept(AbstractPlainSocketImpl.java:451)
06-18 17:23:04.748 1859 2619 W System.err: at java.net.ServerSocket.implAccept(ServerSocket.java:547)
06-18 17:23:04.748 1859 2619 W System.err: at java.net.ServerSocket.accept(ServerSocket.java:515)
06-18 17:23:04.748 1859 2619 W System.err: at b.f.f.t.f.run(Unknown Source:40)
06-18 17:23:04.749 1859 2619 W System.err: at java.lang.Thread.run(Thread.java:920)
06-18 17:23:04.750 1859 1859 E StartupService: showToast: app is background
06-18 17:23:04.752 1859 1859 D HiSight-SinkService: setDiscoverable true
06-18 17:23:04.753 1859 1859 D HiSight-Discovery: set deviceInfo type:46
06-18 17:23:04.753 1859 1859 D HiSight-Discovery: startAdvertise 3
06-18 17:23:04.753 1859 1859 D HiSight-Discovery: stopAdvertise.
06-18 17:23:04.753 1859 1859 D NearFieldManager: StopListen moduleId: CastPlusDiscoveryModule
06-18 17:23:04.754 2447 2563 D NearFieldManagerImpl: stopListen: moduleId: CastPlusDiscoveryModule
06-18 17:23:04.754 2447 2563 D NearFieldManagerImpl: registerCapability() called with: capabilityBitmapNum = 1, capabilityBitmap = [0]
06-18 17:23:04.754 2447 2563 I HicomNf_java_to_c: registerCapability, capabilityBitmapNum: 1
06-18 17:23:04.754 2447 2563 I HicomNfMainCtrlManager: RegisterCapability: 1, 0
06-18 17:23:04.754 2447 2563 D NearFieldManagerImpl: Register capability succeed with capabilityBitmapNum = 1, capabilityBitmap = [0]
06-18 17:23:04.755 1859 1859 D HiSight-Discovery: nearFieldStartListen deviceType 46
06-18 17:23:04.755 1859 7195 W UpnpServiceImpl: >>> Shutting down UPnP service...
06-18 17:23:04.756 2447 2563 D NearFieldManagerImpl: setServiceData, sServiceData=[32], serviceData=[32]
06-18 17:23:04.756 2447 2563 E NearFieldManagerImpl: setServiceData, serviceData exists
06-18 17:23:04.756 1859 1859 E NearFieldManager: setIdnNetworkPriority: networkPortPriority is empty
06-18 17:23:04.756 1859 1859 D NearFieldManager: StartListen moduleId: CastPlusDiscoveryModule
06-18 17:23:04.756 2447 2563 D NearFieldManagerImpl: startListen: moduleId: CastPlusDiscoveryModule
06-18 17:23:04.757 2447 2563 D NearFieldUtils: getPreferredIpAddress exec
06-18 17:23:04.757 1859 7195 W Router : disable lock:org.fourthline.cling.android.AndroidRouter@2537cb1_java.util.concurrent.locks.ReentrantReadWriteLock$WriteLock@f703596[Unlocked]
06-18 17:23:04.757 2447 2563 D NearFieldUtils: getPreferredIpAddress by custom priority
06-18 17:23:04.757 2447 2563 D NearFieldUtils: getIpByInterfaceSetting customIdnNetworkPriority:[]
06-18 17:23:04.757 2447 2563 D NearFieldUtils: getPreferredIpAddress by default priority
06-18 17:23:04.757 1859 7195 W Router : disable unlock:org.fourthline.cling.android.AndroidRouter@2537cb1
06-18 17:23:04.758 1859 7195 W UpnpServiceImpl: <<< UPnP service shutdown completed
06-18 17:23:04.770 1859 2779 W AbstractChannel: Can't invoke task later as EventLoop rejected it
06-18 17:23:04.770 1859 2779 W AbstractChannel: java.util.concurrent.RejectedExecutionException: event executor terminated
06-18 17:23:04.770 1859 2779 W AbstractChannel: at io.netty.util.concurrent.SingleThreadEventExecutor.reject(Unknown Source:4)
06-18 17:23:04.770 1859 2779 W AbstractChannel: at io.netty.util.concurrent.SingleThreadEventExecutor.offerTask(Unknown Source:6)
06-18 17:23:04.770 1859 2779 W AbstractChannel: at io.netty.util.concurrent.SingleThreadEventExecutor.addTask(Unknown Source:5)
06-18 17:23:04.770 1859 2779 W AbstractChannel: at io.netty.util.concurrent.SingleThreadEventExecutor.execute(Unknown Source:4)
06-18 17:23:04.770 1859 2779 W AbstractChannel: at io.netty.util.concurrent.SingleThreadEventExecutor.execute(Unknown Source:18)
06-18 17:23:04.770 1859 2779 W AbstractChannel: at io.netty.channel.AbstractChannel$AbstractUnsafe.invokeLater(Unknown Source:6)
06-18 17:23:04.770 1859 2779 W AbstractChannel: at io.netty.channel.AbstractChannel$AbstractUnsafe.deregister(Unknown Source:24)
06-18 17:23:04.770 1859 2779 W AbstractChannel: at io.netty.channel.AbstractChannel$AbstractUnsafe.fireChannelInactiveAndDeregister(Unknown Source:17)
06-18 17:23:04.770 1859 2779 W AbstractChannel: at io.netty.channel.AbstractChannel$AbstractUnsafe.close(Unknown Source:112)
06-18 17:23:04.770 1859 2779 W AbstractChannel: at io.netty.channel.AbstractChannel$AbstractUnsafe.close(Unknown Source:12)
06-18 17:23:04.770 1859 2779 W AbstractChannel: at io.netty.channel.nio.NioEventLoop.closeAll(Unknown Source:86)
06-18 17:23:04.770 1859 2779 W AbstractChannel: at io.netty.channel.nio.NioEventLoop.run(Unknown Source:202)
06-18 17:23:04.770 1859 2779 W AbstractChannel: at io.netty.util.concurrent.SingleThreadEventExecutor$4.run(Unknown Source:41)
06-18 17:23:04.770 1859 2779 W AbstractChannel: at io.netty.util.internal.ThreadExecutorMap$2.run(Unknown Source:8)
06-18 17:23:04.770 1859 2779 W AbstractChannel: at io.netty.util.concurrent.FastThreadLocalRunnable.run(Unknown Source:2)
06-18 17:23:04.770 1859 2779 W AbstractChannel: at java.lang.Thread.run(Thread.java:920)
06-18 17:23:04.771 1859 2013 E raop : httpd_stop running 1 joined 0
06-18 17:23:04.771 1859 2013 E raop : httpd_stop connection->socket_fd=0
06-18 17:23:04.771 1859 2013 E raop : httpd_stop connection->socket_fd=0
06-18 17:23:04.771 1859 2013 E raop : httpd_stop connection->socket_fd=0
06-18 17:23:04.771 1859 2013 E raop : httpd_stop connection->socket_fd=0
06-18 17:23:04.771 1859 2013 E raop : httpd_stop connection->socket_fd=0
06-18 17:23:04.771 1859 2013 E raop : httpd_stop connection->socket_fd=0
06-18 17:23:04.771 1859 2013 E raop : httpd_stop connection->socket_fd=0
06-18 17:23:04.771 1859 2013 E raop : httpd_stop connection->socket_fd=0
06-18 17:23:04.771 1859 2013 E raop : httpd_stop connection->socket_fd=0
06-18 17:23:04.771 1859 2013 E raop : httpd_stop connection->socket_fd=0
06-18 17:23:04.777 2447 2563 D NearFieldUtils: to get wlan0 ip address
06-18 17:23:04.777 2447 2563 D NearFieldUtils: get wlan0 IP succeed.
06-18 17:23:04.777 2447 2563 D NearFieldManagerImpl: sDeviceType: 46
06-18 17:23:04.777 2447 2563 D NearFieldManagerImpl: registerDevice() is called.
06-18 17:23:04.777 2447 2563 I HicomNfMainCtrlManager: NSTACKX_RegisterDevice is called
06-18 17:23:04.777 2447 2563 D NearFieldManagerImpl: Register device success.
06-18 17:23:04.777 2447 2587 I nStackXDFinder: UpdateLocalNetworkInterface:[472] :UpdateLocalNetworkInterface exec,initerfaceName:wlan0
06-18 17:23:04.777 2447 2587 E nStackXDFinder: GetLocalIp:[401] :GetLocalIp exec
06-18 17:23:04.777 2447 2563 I NearFieldManagerImpl: serviceName is castPlus
06-18 17:23:04.778 2447 2587 I nStackXDFinder: UpdateLocalNetworkInterface:[498] :UpdateLocalNetworkInterface copy ip value in default process
06-18 17:23:04.778 2447 2587 E nStackXDFinder: GetLocalIp:[401] :GetLocalIp exec
06-18 17:23:04.778 2447 2587 I nStackXDFinder: UpdateLocalNetworkInterface:[505] :UpdateLocalNetworkInterface: ip not change
06-18 17:23:04.778 2447 2563 D NearFieldManagerImpl: registerCapability() called with: capabilityBitmapNum = 1, capabilityBitmap = [8]
06-18 17:23:04.778 2447 2563 I HicomNf_java_to_c: registerCapability, capabilityBitmapNum: 1
06-18 17:23:04.778 2447 2563 I HicomNfMainCtrlManager: RegisterCapability: 1, 8
06-18 17:23:04.778 2447 2563 D NearFieldManagerImpl: Register capability succeed with capabilityBitmapNum = 1, capabilityBitmap = [8]
06-18 17:23:04.778 2447 2563 D NearFieldManagerImpl: registerServiceData() called with: serviceData = 32
06-18 17:23:04.778 2447 2587 I nStackXDFinder: RegisterServiceData:[728] :RegisterServiceData, serviceData=[32]
06-18 17:23:04.778 2447 2563 D NearFieldManagerImpl: registerModule() called with: packageModuleName = com.huawei.connection+CastPlusDiscoveryModule
06-18 17:23:04.778 2447 2563 D NearFieldManagerImpl: registerModule, registered before
06-18 17:23:04.778 2447 2563 I HicomNf_java_to_c: registerModule, moduleName: com.huawei.connection+CastPlusDiscoveryModule
06-18 17:23:04.778 2447 2563 I HicomNfMainCtrlManager: Enter RegisterModule
06-18 17:23:04.778 2447 2563 I HicomNfRegManager: RegisterModule OK, already registered com.huawei.connection+CastPlusDiscoveryModule
06-18 17:23:04.776 1859 1859 I gbei.screencast: type=1400 audit(0.0:2863): avc: denied { search } for name="com.dangbei.screencast" dev="mmcblk0p25" ino=889 scontext=u:r:platform_app:s0:c512,c768 tcontext=u:object_r:app_data_file:s0:c512,c768 tclass=dir permissive=1 app=com.dangbei.screencast
06-18 17:23:04.783 1859 1859 E HuaweiCastService: onStartCommand in 0
06-18 17:23:04.785 505 520 I WifiService: acquireMulticastLock uid=10019
06-18 17:23:04.785 505 785 I WifiService: acquireMulticastLock uid=10019
06-18 17:23:04.847 659 945 W bt_btm : system/bt/main/bte_logmsg.cc:194 LogMsg: btm_sec_pairing_timeout not processed state: IDLE
06-18 17:23:05.231 505 525 W IorapForwardingService: No service published for: iorapd
06-18 17:23:05.350 1859 2013 E raop : httpd_stop running 0 joined 1
06-18 17:23:05.873 265 280 D hdmi-cec: receive invalid cec message!
06-18 17:23:05.874 265 280 D hdmi-cec: receive poll message [04], skip!
06-18 17:23:06.034 361 7178 D awplayer: : we have 91 ms
06-18 17:23:06.034 361 7178 D awplayer: <__SdControl:260>: __SdControll : unknown command (101)...
06-18 17:23:06.039 361 7178 D awplayer: : we still have 91 ms and pass 5 ms
06-18 17:23:06.044 361 7178 D awplayer: : we still have 91 ms and pass 10 ms
06-18 17:23:06.049 361 7178 D awplayer: : we still have 91 ms and pass 15 ms
06-18 17:23:06.055 361 7178 D awplayer: : we still have 69 ms and pass 20 ms
06-18 17:23:06.060 361 7178 D awplayer: : we still have 69 ms and pass 25 ms
06-18 17:23:06.065 361 7178 D awplayer: : we still have 69 ms and pass 30 ms
06-18 17:23:06.070 361 7178 D awplayer: : we still have 69 ms and pass 35 ms
06-18 17:23:06.075 361 7178 D awplayer: : we still have 48 ms and pass 40 ms
06-18 17:23:06.080 361 7178 D awplayer: : we still have 48 ms and pass 45 ms
06-18 17:23:06.085 361 7178 D awplayer: : we still have 48 ms and pass 51 ms
06-18 17:23:06.090 361 7178 D awplayer: : we still have 48 ms and pass 56 ms
06-18 17:23:06.095 361 7178 D awplayer: : we still have 26 ms and pass 61 ms
06-18 17:23:06.101 361 7178 D awplayer: : we still have 26 ms and pass 66 ms
06-18 17:23:06.106 361 7178 D awplayer: : we still have 26 ms and pass 71 ms
06-18 17:23:06.111 361 7178 D awplayer: : we still have 26 ms and pass 76 ms
06-18 17:23:06.116 361 7178 D awplayer: : we still have 4 ms and pass 81 ms
06-18 17:23:06.116 361 7178 W awplayer: : we quit but still have 4 ms
06-18 17:23:06.233 505 525 W IorapForwardingService: No service published for: iorapd
06-18 17:23:06.688 270 445 I AudioFlinger: BUFFER TIMEOUT: remove(59) from active list on thread 0xf2492ac0
06-18 17:23:06.716 1859 1859 I efs-base: type=1400 audit(0.0:2864): avc: denied { getattr } for path="/data/user/0/com.dangbei.screencast/app_UApm/5fc60c21094d637f3130af19/ready" dev="mmcblk0p25" ino=2271 scontext=u:r:platform_app:s0:c512,c768 tcontext=u:object_r:app_data_file:s0:c512,c768 tclass=dir permissive=1 app=com.dangbei.screencast
06-18 17:23:06.716 1859 1859 I efs-base: type=1400 audit(0.0:2865): avc: denied { read } for name="ready" dev="mmcblk0p25" ino=2271 scontext=u:r:platform_app:s0:c512,c768 tcontext=u:object_r:app_data_file:s0:c512,c768 tclass=dir permissive=1 app=com.dangbei.screencast
06-18 17:23:06.716 1859 1859 I efs-base: type=1400 audit(0.0:2866): avc: denied { open } for path="/data/user/0/com.dangbei.screencast/app_UApm/5fc60c21094d637f3130af19/ready" dev="mmcblk0p25" ino=2271 scontext=u:r:platform_app:s0:c512,c768 tcontext=u:object_r:app_data_file:s0:c512,c768 tclass=dir permissive=1 app=com.dangbei.screencast
06-18 17:23:06.720 1859 2061 I efs.base: lt=event`ev_ct=efs_core`ev_ac=log_lag`tm=2025-06-18 17:23:71`dn=621a3548-e48a-4594-a43a-25a11eb72b20`ps=com.dangbei.screencast`um_os=android`stime=1750238103590`pid=1859`fr=android`pkg=com.dangbei.screencast`vcode=20830`dsp_w=1920`uid=621a3548-e48a-4594-a43a-25a11eb72b20`rom=12`wid=621a3548-e48a-4594-a43a-25a11eb72b20`um_app_carrier=`um_access=unknow`um_app_channel=os`um_crash_sdk_version=1.4.0`ctime=1750238586`model=dbbox-a2`lang=zh`net=wifi`brand=dangbei`dsp_h=1080`um_network_type=0`ver=v2.8.3`cnt=2`build_model=DBBOX-A2`w_tm=1750238586`appid=5fc60c21094d637f3130af19`um_umid_header=ai8fad9bed83199d5266c08444825c87d2`sdk=31`tzone=Asia/Shanghai`sdk_ver=1.3.6.umeng
01-01 08:08:31.745 2009 2009 W audit : audit_lost=2308 audit_rate_limit=5 audit_backlog_limit=64
01-01 08:08:31.745 2009 2009 E audit : rate limit exceeded
06-18 17:23:06.720 1859 1859 I efs-base: type=1400 audit(0.0:2867): avc: denied { write } for name="1859" dev="mmcblk0p25" ino=2272 scontext=u:r:platform_app:s0:c512,c768 tcontext=u:object_r:app_data_file:s0:c512,c768 tclass=dir permissive=1 app=com.dangbei.screencast
06-18 17:23:06.720 1859 1859 I efs-base: type=1400 audit(0.0:2868): avc: denied { add_name } for name="wa_none_1_1_1859_8712_1750238586721" scontext=u:r:platform_app:s0:c512,c768 tcontext=u:object_r:app_data_file:s0:c512,c768 tclass=dir permissive=1 app=com.dangbei.screencast
06-18 17:23:06.837 2195 2195 D bbb : onStartCommand begin !!!!!!! data分区剩余 24996MB
06-18 17:23:06.923 1859 2061 I efs.base: wa upload succ, HttpResponse {succ=true, code=200, data='暂不支持该服务', extra={req_url=https://errlog.umeng.com/api/crashsdk/logcollect}}
06-18 17:23:07.040 649 649 E WifiHAL : wifi_get_link_stats: requestResponse Error:-5
06-18 17:23:07.041 505 602 E WifiVendorHal: getWifiLinkLayerStats_1_5_Internal(l.1191) failed {.code = ERROR_INVALID_ARGS, .description = }
06-18 17:23:07.235 505 525 W IorapForwardingService: No service published for: iorapd
06-18 17:23:07.277 1859 2072 I efs.base: wa upload succ, HttpResponse {succ=true, code=200, data='暂不支持该服务', extra={req_url=https://errlog.umeng.com/api/crashsdk/logcollect}}
06-18 17:23:08.237 505 525 W IorapForwardingService: No service published for: iorapd
06-18 17:23:08.400 505 844 D SntpClient: request time failed: java.net.SocketTimeoutException: Poll timed out
06-18 17:23:09.020 1125 1125 I DefaultDispatch: type=1400 audit(0.0:2874): avc: denied { read } for name="devices" dev="proc" ino=4026532014 scontext=u:r:system_app:s0 tcontext=u:object_r:proc:s0 tclass=file permissive=1
06-18 17:23:09.020 1125 1125 I DefaultDispatch: type=1400 audit(0.0:2875): avc: denied { open } for path="/proc/bus/input/devices" dev="proc" ino=4026532014 scontext=u:r:system_app:s0 tcontext=u:object_r:proc:s0 tclass=file permissive=1
06-18 17:23:09.020 1125 1125 I DefaultDispatch: type=1400 audit(0.0:2876): avc: denied { getattr } for path="/proc/bus/input/devices" dev="proc" ino=4026532014 scontext=u:r:system_app:s0 tcontext=u:object_r:proc:s0 tclass=file permissive=1
06-18 17:23:09.024 1125 7001 E RCInfo : vid:000d
06-18 17:23:09.024 1125 7001 E RCInfo : pid:3838
06-18 17:23:09.024 1125 7001 E RCInfo : vid:000d
06-18 17:23:09.024 1125 7001 E RCInfo : pid:3838
06-18 17:23:09.030 1125 7001 D BluetoothGatt: connect() - device: E4:BB:D3:57:C0:18, auto: true
06-18 17:23:09.030 1125 7001 D BluetoothGatt: registerApp()
06-18 17:23:09.030 1125 7001 D BluetoothGatt: registerApp() - UUID=91df3959-d5eb-42d3-a4ea-ff19fd042a44
06-18 17:23:09.032 659 945 I bluetooth: system/bt/stack/gatt/gatt_api.cc:1019 GATT_Register: Allocated name:GattClient uuid:5bc0c518-1551-5a1a-e2be-f5634be54ed3 gatt_if:7 eatt_support:0
06-18 17:23:09.032 659 945 I bt_bta_gattc: system/bt/bta/gatt/bta_gattc_act.cc:1110 bta_gattc_conn_cback: Connected att_id:7 transport:le reason:GATT_CONN_OK
06-18 17:23:09.033 1125 1161 D BluetoothGatt: onClientRegistered() - status=0 clientIf=7
06-18 17:23:09.034 659 769 I bt_btif_config: system/bt/btif/src/btif_config.cc:137 btif_get_device_type: Device [e4:bb:d3:57:c0:18] device type 2
06-18 17:23:09.034 1125 1161 D BluetoothGatt: onClientConnectionState() - status=0 clientIf=7 device=E4:BB:D3:57:C0:18
06-18 17:23:09.034 1125 1161 D BluetoothGatt: discoverServices() - device: E4:BB:D3:57:C0:18
06-18 17:23:09.036 659 769 I bt_bta_gattc: system/bt/bta/gatt/bta_gattc_cache.cc:902 bta_gattc_get_gatt_db: bta_gattc_get_gatt_db
06-18 17:23:09.040 1125 1161 D BluetoothGatt: onSearchComplete() = Device=E4:BB:D3:57:C0:18 Status=0
06-18 17:23:09.042 250 260 E bt_upio : upio_set : /proc/bluetooth/sleep/btwrite(-1) incorrent
06-18 17:23:09.163 249 450 D audio_hw_primary: out_standby
06-18 17:23:09.238 505 525 W IorapForwardingService: No service published for: iorapd
06-18 17:23:09.405 205 6876 I keystore2: keystore2::watchdog: Watchdog thread idle -> terminating. Have a great day.
06-18 17:23:09.741 505 593 I WifiService: releaseMulticastLock uid=10019
06-18 17:23:09.743 505 593 I WifiService: releaseMulticastLock uid=10019
06-18 17:23:09.757 1859 1859 D HiSight-SinkService: setDiscoverable true
06-18 17:23:09.758 1859 1859 D HiSight-Discovery: set deviceInfo type:46
06-18 17:23:09.758 1859 1859 D HiSight-Discovery: startAdvertise 3
06-18 17:23:09.758 1859 1859 D HiSight-Discovery: stopAdvertise.
06-18 17:23:09.758 1859 1859 D NearFieldManager: StopListen moduleId: CastPlusDiscoveryModule
06-18 17:23:09.758 2447 2563 D NearFieldManagerImpl: stopListen: moduleId: CastPlusDiscoveryModule
06-18 17:23:09.758 2447 2563 D NearFieldManagerImpl: registerCapability() called with: capabilityBitmapNum = 1, capabilityBitmap = [0]
06-18 17:23:09.758 2447 2563 I HicomNf_java_to_c: registerCapability, capabilityBitmapNum: 1
06-18 17:23:09.758 2447 2563 I HicomNfMainCtrlManager: RegisterCapability: 1, 0
06-18 17:23:09.758 2447 2563 D NearFieldManagerImpl: Register capability succeed with capabilityBitmapNum = 1, capabilityBitmap = [0]
06-18 17:23:09.759 1859 1859 D HiSight-Discovery: nearFieldStartListen deviceType 46
06-18 17:23:09.759 2447 2563 I NearFieldManagerImpl: setDeviceInfo, sDeviceName changes
06-18 17:23:09.759 2447 2563 D NearFieldManagerImpl: setServiceData, sServiceData=[32], serviceData=[32]
06-18 17:23:09.759 2447 2563 E NearFieldManagerImpl: setServiceData, serviceData exists
06-18 17:23:09.759 1859 1859 E NearFieldManager: setIdnNetworkPriority: networkPortPriority is empty
06-18 17:23:09.759 1859 1859 D NearFieldManager: StartListen moduleId: CastPlusDiscoveryModule
06-18 17:23:09.759 2447 2563 D NearFieldManagerImpl: startListen: moduleId: CastPlusDiscoveryModule
06-18 17:23:09.759 2447 2563 D NearFieldUtils: getPreferredIpAddress exec
06-18 17:23:09.759 2447 2563 D NearFieldUtils: getPreferredIpAddress by custom priority
06-18 17:23:09.759 2447 2563 D NearFieldUtils: getIpByInterfaceSetting customIdnNetworkPriority:[]
06-18 17:23:09.759 2447 2563 D NearFieldUtils: getPreferredIpAddress by default priority
06-18 17:23:09.774 2447 2563 D NearFieldUtils: to get wlan0 ip address
06-18 17:23:09.774 2447 2563 D NearFieldUtils: get wlan0 IP succeed.
06-18 17:23:09.774 2447 2563 D NearFieldManagerImpl: sDeviceType: 46
06-18 17:23:09.774 2447 2563 D NearFieldManagerImpl: registerDevice() is called.
06-18 17:23:09.774 2447 2563 I HicomNfMainCtrlManager: NSTACKX_RegisterDevice is called
06-18 17:23:09.774 2447 2563 D NearFieldManagerImpl: Register device success.
06-18 17:23:09.774 2447 2563 I NearFieldManagerImpl: serviceName is castPlus
06-18 17:23:09.774 2447 2587 I nStackXDFinder: UpdateLocalNetworkInterface:[472] :UpdateLocalNetworkInterface exec,initerfaceName:wlan0
06-18 17:23:09.774 2447 2587 E nStackXDFinder: GetLocalIp:[401] :GetLocalIp exec
06-18 17:23:09.774 2447 2587 I nStackXDFinder: UpdateLocalNetworkInterface:[498] :UpdateLocalNetworkInterface copy ip value in default process
06-18 17:23:09.774 2447 2587 E nStackXDFinder: GetLocalIp:[401] :GetLocalIp exec
06-18 17:23:09.774 2447 2587 I nStackXDFinder: UpdateLocalNetworkInterface:[505] :UpdateLocalNetworkInterface: ip not change
06-18 17:23:09.774 2447 2563 D NearFieldManagerImpl: registerCapability() called with: capabilityBitmapNum = 1, capabilityBitmap = [8]
06-18 17:23:09.774 2447 2563 I HicomNf_java_to_c: registerCapability, capabilityBitmapNum: 1
06-18 17:23:09.774 2447 2563 I HicomNfMainCtrlManager: RegisterCapability: 1, 8
06-18 17:23:09.774 2447 2563 D NearFieldManagerImpl: Register capability succeed with capabilityBitmapNum = 1, capabilityBitmap = [8]
06-18 17:23:09.774 2447 2563 D NearFieldManagerImpl: registerServiceData() called with: serviceData = 32
06-18 17:23:09.774 2447 2587 I nStackXDFinder: RegisterServiceData:[728] :RegisterServiceData, serviceData=[32]
06-18 17:23:09.774 2447 2563 D NearFieldManagerImpl: registerModule() called with: packageModuleName = com.huawei.connection+CastPlusDiscoveryModule
06-18 17:23:09.775 2447 2563 D NearFieldManagerImpl: registerModule, registered before
06-18 17:23:09.775 2447 2563 I HicomNf_java_to_c: registerModule, moduleName: com.huawei.connection+CastPlusDiscoveryModule
06-18 17:23:09.775 2447 2563 I HicomNfMainCtrlManager: Enter RegisterModule
06-18 17:23:09.775 2447 2563 I HicomNfRegManager: RegisterModule OK, already registered com.huawei.connection+CastPlusDiscoveryModule
06-18 17:23:09.775 1859 1859 D HiSight-Discovery: startAdvertise 3
06-18 17:23:09.775 1859 1859 D HiSight-Discovery: stopAdvertise.
06-18 17:23:09.775 1859 1859 D NearFieldManager: StopListen moduleId: CastPlusDiscoveryModule
06-18 17:23:09.775 2447 2563 D NearFieldManagerImpl: stopListen: moduleId: CastPlusDiscoveryModule
06-18 17:23:09.775 2447 2563 D NearFieldManagerImpl: registerCapability() called with: capabilityBitmapNum = 1, capabilityBitmap = [0]
06-18 17:23:09.775 2447 2563 I HicomNf_java_to_c: registerCapability, capabilityBitmapNum: 1
06-18 17:23:09.776 2447 2563 I HicomNfMainCtrlManager: RegisterCapability: 1, 0
06-18 17:23:09.776 2447 2563 D NearFieldManagerImpl: Register capability succeed with capabilityBitmapNum = 1, capabilityBitmap = [0]
06-18 17:23:09.776 1859 1859 D HiSight-Discovery: nearFieldStartListen deviceType 46
06-18 17:23:09.776 2447 2563 D NearFieldManagerImpl: setServiceData, sServiceData=[32], serviceData=[32]
06-18 17:23:09.776 2447 2563 E NearFieldManagerImpl: setServiceData, serviceData exists
06-18 17:23:09.776 1859 1859 E NearFieldManager: setIdnNetworkPriority: networkPortPriority is empty
06-18 17:23:09.776 1859 1859 D NearFieldManager: StartListen moduleId: CastPlusDiscoveryModule
06-18 17:23:09.776 2447 2563 D NearFieldManagerImpl: startListen: moduleId: CastPlusDiscoveryModule
06-18 17:23:09.776 2447 2563 D NearFieldUtils: getPreferredIpAddress exec
06-18 17:23:09.776 2447 2563 D NearFieldUtils: getPreferredIpAddress by custom priority
06-18 17:23:09.776 2447 2563 D NearFieldUtils: getIpByInterfaceSetting customIdnNetworkPriority:[]
06-18 17:23:09.776 2447 2563 D NearFieldUtils: getPreferredIpAddress by default priority
06-18 17:23:09.791 2447 2563 D NearFieldUtils: to get wlan0 ip address
06-18 17:23:09.791 2447 2563 D NearFieldUtils: get wlan0 IP succeed.
06-18 17:23:09.791 2447 2563 D NearFieldManagerImpl: sDeviceType: 46
06-18 17:23:09.791 2447 2563 D NearFieldManagerImpl: registerDevice() is called.
06-18 17:23:09.791 2447 2563 I HicomNfMainCtrlManager: NSTACKX_RegisterDevice is called
06-18 17:23:09.791 2447 2563 D NearFieldManagerImpl: Register device success.
06-18 17:23:09.791 2447 2563 I NearFieldManagerImpl: serviceName is castPlus
06-18 17:23:09.791 2447 2587 I nStackXDFinder: UpdateLocalNetworkInterface:[472] :UpdateLocalNetworkInterface exec,initerfaceName:wlan0
06-18 17:23:09.791 2447 2587 E nStackXDFinder: GetLocalIp:[401] :GetLocalIp exec
06-18 17:23:09.791 2447 2587 I nStackXDFinder: UpdateLocalNetworkInterface:[498] :UpdateLocalNetworkInterface copy ip value in default process
06-18 17:23:09.791 2447 2587 E nStackXDFinder: GetLocalIp:[401] :GetLocalIp exec
06-18 17:23:09.791 2447 2587 I nStackXDFinder: UpdateLocalNetworkInterface:[505] :UpdateLocalNetworkInterface: ip not change
06-18 17:23:09.791 2447 2563 D NearFieldManagerImpl: registerCapability() called with: capabilityBitmapNum = 1, capabilityBitmap = [8]
06-18 17:23:09.791 2447 2563 I HicomNf_java_to_c: registerCapability, capabilityBitmapNum: 1
06-18 17:23:09.791 2447 2563 I HicomNfMainCtrlManager: RegisterCapability: 1, 8
06-18 17:23:09.791 2447 2563 D NearFieldManagerImpl: Register capability succeed with capabilityBitmapNum = 1, capabilityBitmap = [8]
06-18 17:23:09.791 2447 2563 D NearFieldManagerImpl: registerServiceData() called with: serviceData = 32
06-18 17:23:09.791 2447 2587 I nStackXDFinder: RegisterServiceData:[728] :RegisterServiceData, serviceData=[32]
06-18 17:23:09.791 2447 2563 D NearFieldManagerImpl: registerModule() called with: packageModuleName = com.huawei.connection+CastPlusDiscoveryModule
06-18 17:23:09.791 2447 2563 D NearFieldManagerImpl: registerModule, registered before
06-18 17:23:09.791 2447 2563 I HicomNf_java_to_c: registerModule, moduleName: com.huawei.connection+CastPlusDiscoveryModule
06-18 17:23:09.791 2447 2563 I HicomNfMainCtrlManager: Enter RegisterModule
06-18 17:23:09.791 2447 2563 I HicomNfRegManager: RegisterModule OK, already registered com.huawei.connection+CastPlusDiscoveryModule
06-18 17:23:09.840 1859 1859 I queued-work-loo: type=1400 audit(0.0:2877): avc: denied { rename } for name="screencast.xml" dev="mmcblk0p25" ino=2539 scontext=u:r:platform_app:s0:c512,c768 tcontext=u:object_r:app_data_file:s0:c512,c768 tclass=file permissive=1 app=com.dangbei.screencast
