01-01 08:00:08.512 256 256 D Module_SUNXI: hardware/aw/gatekeeper/teeGateKeeper/module_sunxi.cpp 34, trusty_gatekeeper_open
01-01 08:00:08.512 256 256 V SUNXI_TrustyGateKeeper: Gatekeeper_Initialize
01-01 08:00:08.512 208 208 D tee_supplicant: Spawning a new thread
01-01 08:00:08.513 208 208 D tee_supplicant: failed to open the ta /vendor/lib/optee_armtz/2233b43b-cec6-449a-9509-469f5023e425.ta TA-file
01-01 08:00:08.514 208 208 D tee_supplicant: looping
01-01 08:00:08.519 208 208 D tee_supplicant: looping
01-01 08:00:08.519 208 208 D tee_supplicant: failed to open the ta /vendor/lib/optee_armtz/2233b43b-cec6-449a-9509-469f5023e425.ta TA-file
01-01 08:00:08.520 208 271 D tee_supplicant: looping
01-01 08:00:08.523 208 208 D tee_supplicant: looping
01-01 08:00:08.527 252 252 E cutils-trace: Error opening trace file: No such file or directory (2)
01-01 08:00:08.532 264 264 I AW_PowerHAL: AW Power HAL AIDL Service is starting.
01-01 08:00:08.534 264 264 I AW_PowerHAL: PowerHAL initiated
01-01 08:00:08.540 261 261 I android.hardware.lights-service: Light Hal current version V2.0.0
01-01 08:00:08.541 261 261 D lights_device: success open disp device type=0.
01-01 08:00:08.545 259 259 W healthd : No battery devices found
01-01 08:00:08.543 181 181 I servicemanager: Found android.hardware.power.IPower/default in device VINTF manifest.
01-01 08:00:08.552 181 181 I servicemanager: Found android.hardware.light.ILights/default in device VINTF manifest.
01-01 08:00:08.557 259 259 I android.hardware.health@2.1-service: default instance initializing with healthd_config...
01-01 08:00:08.560 208 271 D tee_supplicant: looping
01-01 08:00:08.563 252 252 I HidlServiceManagement: Registered android.hardware.cas@1.2::IMediaCasService/default
01-01 08:00:08.563 252 252 I HidlServiceManagement: Removing namespace from process name android.hardware.cas@1.2-service to cas@1.2-service.
01-01 08:00:08.576 265 265 E cutils-trace: Error opening trace file: No such file or directory (2)
01-01 08:00:08.599 1 1 I init : starting service 'pqd'...
01-01 08:00:08.592 259 259 I HidlServiceManagement: Registered android.hardware.health@2.1::IHealth/default
01-01 08:00:08.593 259 259 I HidlServiceManagement: Removing namespace from process name android.hardware.health@2.1-service to health@2.1-service.
01-01 08:00:08.594 259 259 I android.hardware.health@2.1-service: default: Hal init done
01-01 08:00:08.600 259 259 W healthd : battery none chg=
01-01 08:00:08.589 267 267 I display.output-service: DisplayOutputManagerService is started
01-01 08:00:08.602 267 267 I display.output-service: DisplayOutputManagerService current version V2.2.0
01-01 08:00:08.603 267 267 E cutils-trace: Error opening trace file: No such file or directory (2)
01-01 08:00:08.606 265 265 D hdmi-cec: Loading: sunxi HDMI CEC module
01-01 08:00:08.613 1 1 I init : Command 'class_start core' action=boot (/system/etc/init/hw/init.rc:1087) took 98ms and succeeded
01-01 08:00:08.613 1 1 I init : processing action (persist.sys.usb.config=* && boot) from (/system/etc/init/hw/init.usb.rc:108)
01-01 08:00:08.614 1 1 I init : processing action (boot) from (/vendor/etc/init/hw/init.sun50iw9p1.rc:62)
01-01 08:00:08.610 266 266 E android.hardware.usb.gadget@1.1-service.aw: configfs setup not done yet
01-01 08:00:08.615 258 258 I sunxihwc: open: Loading: sunxi hwcomposer module
01-01 08:00:08.616 256 256 I HidlServiceManagement: Registered android.hardware.gatekeeper@1.0::IGatekeeper/default
01-01 08:00:08.616 256 256 I HidlServiceManagement: Removing namespace from process name android.hardware.gatekeeper@1.0-service-aw to gatekeeper@1.0-service-aw.
01-01 08:00:08.616 256 256 I LegacySupport: Registration complete for android.hardware.gatekeeper@1.0::IGatekeeper/default.
01-01 08:00:08.621 1 1 I init : processing action (boot) from (/vendor/etc/init/hw/init.sun50iw9p1.rc:92)
01-01 08:00:08.618 258 258 E cutils-trace: Error opening trace file: No such file or directory (2)
01-01 08:00:08.618 266 266 E cutils-trace: Error opening trace file: No such file or directory (2)
01-01 08:00:08.620 165 165 I init : type=1400 audit(0.0:14): avc: denied { add_name } for name="runtime_enable" scontext=u:r:vendor_init:s0 tcontext=u:object_r:sysfs_disp:s0 tclass=dir permissive=1
01-01 08:00:08.620 165 165 I init : type=1400 audit(0.0:15): avc: denied { create } for name="runtime_enable" scontext=u:r:vendor_init:s0 tcontext=u:object_r:sysfs_disp:s0 tclass=file permissive=1
01-01 08:00:08.623 265 280 I hdmi-cec: HDMI-CEC EventThread start
01-01 08:00:08.633 1 1 I init : processing action (boot) from (/vendor/etc/init/hw/init.ram.rc:1)
01-01 08:00:08.635 1 1 I init : processing action (boot) from (/vendor/etc/init/hw/init.sun50iw9p1.usb.rc:1)
01-01 08:00:08.630 243 243 I netd : Enabling bandwidth control: 119304us
01-01 08:00:08.636 1 1 I init : Command 'mount configfs none /config' action=boot (/vendor/etc/init/hw/init.sun50iw9p1.usb.rc:2) took 0ms and failed: mount() failed: Device or resource busy
01-01 08:00:08.638 243 243 I netd : Initializing RouteController: 7663us
01-01 08:00:08.638 243 243 D XfrmController: XfrmController::ipSecAddXfrmInterface, line=1479
01-01 08:00:08.640 243 243 D XfrmController: XfrmController::ipSecRemoveTunnelInterface, line=1692
01-01 08:00:08.643 182 182 I hwservicemanager: Since vendor.display.config@1.0::IDisplayConfig/default is not registered, trying to start it as a lazy HAL.
01-01 08:00:08.647 243 243 D XfrmController: deviceName=ipsec_test
01-01 08:00:08.651 257 257 E gralloc : Arm Module v1.0
01-01 08:00:08.653 181 181 I servicemanager: Found android.hardware.rebootescrow.IRebootEscrow/default in device VINTF manifest.
01-01 08:00:08.654 265 265 I HidlServiceManagement: Registered android.hardware.tv.cec@1.0::IHdmiCec/default
01-01 08:00:08.654 265 265 I HidlServiceManagement: Removing namespace from process name android.hardware.tv.cec@1.0-service to cec@1.0-service.
01-01 08:00:08.655 265 265 I LegacySupport: Registration complete for android.hardware.tv.cec@1.0::IHdmiCec/default.
01-01 08:00:08.662 279 279 D Sunxi_PQ: ic_id=2, de_version=201 0x2
01-01 08:00:08.663 279 279 D Sunxi_PQ: /vendor/lib/libde201.so
01-01 08:00:08.666 258 258 I HidlServiceManagement: Registered android.hardware.graphics.composer@2.2::IComposer/default
01-01 08:00:08.666 258 258 I HidlServiceManagement: Removing namespace from process name android.hardware.graphics.composer@2.2-service to composer@2.2-service.
01-01 08:00:08.665 279 279 D Sunxi_PQ: maybe /vendor/etc/firmware/disp_firmware, fd:-1 @O_RDONLY.
01-01 08:00:08.675 266 266 I HidlServiceManagement: Registered android.hardware.usb@1.0::IUsb/default
01-01 08:00:08.675 266 266 I HidlServiceManagement: Removing namespace from process name android.hardware.usb@1.0-service.aw to usb@1.0-service.aw.
01-01 08:00:08.676 182 182 I hwservicemanager: Since vendor.display.config@1.0::IDisplayConfig/default is not registered, trying to start it as a lazy HAL.
01-01 08:00:08.676 267 267 I HidlServiceManagement: getService: Trying again for vendor.display.config@1.0::IDisplayConfig/default...
01-01 08:00:08.678 249 249 I HidlServiceManagement: Registered android.hardware.audio@7.0::IDevicesFactory/default
01-01 08:00:08.678 249 249 I HidlServiceManagement: Removing namespace from process name android.hardware.audio.service to audio.service.
01-01 08:00:08.678 257 257 I HidlServiceManagement: Registered android.hardware.graphics.allocator@2.0::IAllocator/default
01-01 08:00:08.679 257 257 I HidlServiceManagement: Removing namespace from process name android.hardware.graphics.allocator@2.0-service to allocator@2.0-service.
01-01 08:00:08.679 249 249 I LegacySupport: Registration complete for android.hardware.audio@7.0::IDevicesFactory/default.
01-01 08:00:08.679 257 257 I LegacySupport: Registration complete for android.hardware.graphics.allocator@2.0::IAllocator/default.
01-01 08:00:08.680 266 266 I HidlServiceManagement: Registered android.hardware.usb.gadget@1.1::IUsbGadget/default
01-01 08:00:08.680 266 266 I android.hardware.usb@1.0-service: USB HAL Ready.
01-01 08:00:08.673 1 1 E init : Control message: Could not find 'vendor.display.config@1.0::IDisplayConfig/default' for ctl.interface_start from pid: 182 (/system/bin/hwservicemanager)
01-01 08:00:08.685 182 281 W libc : Unable to set property "ctl.interface_start" to "vendor.display.config@1.0::IDisplayConfig/default": error code: 0x20
01-01 08:00:08.686 182 281 I hwservicemanager: Tried to start vendor.display.config@1.0::IDisplayConfig/default as a lazy service, but was unable to. Usually this happens when a service is not installed, but if the service is intended to be used as a lazy service, then it may be configured incorrectly.
01-01 08:00:08.684 279 279 I pqd : type=1400 audit(0.0:16): avc: denied { read write } for name="disp_firmware" dev="mmcblk0p25" ino=219 scontext=u:r:pqd:s0 tcontext=u:object_r:system_data_root_file:s0 tclass=file permissive=1
01-01 08:00:08.684 279 279 I pqd : type=1400 audit(0.0:17): avc: denied { open } for path="/data/disp_firmware" dev="mmcblk0p25" ino=219 scontext=u:r:pqd:s0 tcontext=u:object_r:system_data_root_file:s0 tclass=file permissive=1
01-01 08:00:08.684 279 279 I pqd : type=1400 audit(0.0:18): avc: denied { map } for path="/data/disp_firmware" dev="mmcblk0p25" ino=219 scontext=u:r:pqd:s0 tcontext=u:object_r:system_data_root_file:s0 tclass=file permissive=1
01-01 08:00:08.687 279 279 D Sunxi_PQ: config display firmware completed...
01-01 08:00:08.687 279 279 D Sunxi_PQ: There is not the /vendor/etc/firmware/disp_firmware, creat it.
01-01 08:00:08.687 279 279 D Sunxi_PQ: sunxi PQ wait for client connect from tcp port:5005...
01-01 08:00:08.688 277 293 E GpuMem : Failed to retrieve pinned program from /sys/fs/bpf/prog_gpu_mem_tracepoint_gpu_mem_gpu_mem_total [2(No such file or directory)]
01-01 08:00:08.689 279 292 D Sunxi_PQ: creat a connect thread to deal the socket.
01-01 08:00:08.689 277 293 E GpuMemTracer: Cannot initialize GpuMemTracer before GpuMem
01-01 08:00:08.689 279 291 D Sunxi_PQ: Sunxi PQ entry tanslate thread.
01-01 08:00:08.702 274 274 I credstore: Registered binder service
01-01 08:00:08.706 182 288 W libc : Unable to set property "ctl.interface_start" to "vendor.display.config@1.0::IDisplayConfig/default": error code: 0x20
01-01 08:00:08.706 243 243 D XfrmController: Sending Netlink XFRM Message: XFRM_MSG_FLUSHSA
01-01 08:00:08.706 243 243 D XfrmController: Sending Netlink XFRM Message: XFRM_MSG_FLUSHPOLICY
01-01 08:00:08.706 182 288 I hwservicemanager: Tried to start vendor.display.config@1.0::IDisplayConfig/default as a lazy service, but was unable to. Usually this happens when a service is not installed, but if the service is intended to be used as a lazy service, then it may be configured incorrectly.
01-01 08:00:08.706 243 243 I netd : Initializing XfrmController: 68216us
01-01 08:00:08.694 1 1 E init : Control message: Could not find 'vendor.display.config@1.0::IDisplayConfig/default' for ctl.interface_start from pid: 182 (/system/bin/hwservicemanager)
01-01 08:00:08.716 165 165 I : file system registered
01-01 08:00:08.728 243 243 E cutils-trace: Error opening trace file: No such file or directory (2)
01-01 08:00:08.741 249 249 I HidlServiceManagement: Registered android.hardware.audio.effect@7.0::IEffectsFactory/default
01-01 08:00:08.742 249 249 I LegacySupport: Registration complete for android.hardware.audio.effect@7.0::IEffectsFactory/default.
01-01 08:00:08.743 182 182 I hwservicemanager: getTransport: Cannot find entry android.hardware.soundtrigger@2.3::ISoundTriggerHw/default in either framework or device VINTF manifest.
01-01 08:00:08.747 249 249 E LegacySupport: Could not get passthrough implementation for android.hardware.soundtrigger@2.3::ISoundTriggerHw/default.
01-01 08:00:08.748 182 182 I hwservicemanager: getTransport: Cannot find entry android.hardware.soundtrigger@2.2::ISoundTriggerHw/default in either framework or device VINTF manifest.
01-01 08:00:08.749 249 249 E LegacySupport: Could not get passthrough implementation for android.hardware.soundtrigger@2.2::ISoundTriggerHw/default.
01-01 08:00:08.750 182 182 I hwservicemanager: getTransport: Cannot find entry android.hardware.soundtrigger@2.1::ISoundTriggerHw/default in either framework or device VINTF manifest.
01-01 08:00:08.751 249 249 E LegacySupport: Could not get passthrough implementation for android.hardware.soundtrigger@2.1::ISoundTriggerHw/default.
01-01 08:00:08.751 182 182 I hwservicemanager: getTransport: Cannot find entry android.hardware.soundtrigger@2.0::ISoundTriggerHw/default in either framework or device VINTF manifest.
01-01 08:00:08.752 249 249 E LegacySupport: Could not get passthrough implementation for android.hardware.soundtrigger@2.0::ISoundTriggerHw/default.
01-01 08:00:08.752 249 249 W audiohalservice: Could not register Soundtrigger API
01-01 08:00:08.753 182 182 I hwservicemanager: getTransport: Cannot find entry android.hardware.bluetooth.audio@2.1::IBluetoothAudioProvidersFactory/default in either framework or device VINTF manifest.
01-01 08:00:08.753 249 249 E LegacySupport: Could not get passthrough implementation for android.hardware.bluetooth.audio@2.1::IBluetoothAudioProvidersFactory/default.
01-01 08:00:08.754 182 182 I hwservicemanager: getTransport: Cannot find entry android.hardware.bluetooth.audio@2.0::IBluetoothAudioProvidersFactory/default in either framework or device VINTF manifest.
01-01 08:00:08.755 249 249 E LegacySupport: Could not get passthrough implementation for android.hardware.bluetooth.audio@2.0::IBluetoothAudioProvidersFactory/default.
01-01 08:00:08.756 249 249 W audiohalservice: Could not register Bluetooth Audio API
01-01 08:00:08.756 182 182 I hwservicemanager: getTransport: Cannot find entry android.hardware.bluetooth.a2dp@1.0::IBluetoothAudioOffload/default in either framework or device VINTF manifest.
01-01 08:00:08.758 249 249 E LegacySupport: Could not get passthrough implementation for android.hardware.bluetooth.a2dp@1.0::IBluetoothAudioOffload/default.
01-01 08:00:08.758 249 249 W audiohalservice: Could not register Bluetooth Audio Offload API
01-01 08:00:08.756 308 308 I init : type=1400 audit(0.0:19): avc: denied { execute_no_trans } for path="/system/bin/xiriservice.sh" dev="dm-0" ino=1296 scontext=u:r:init:s0 tcontext=u:object_r:system_file:s0 tclass=file permissive=1
01-01 08:00:08.768 1 1 I init : type=1400 audit(0.0:20): avc: denied { setattr } for name="ext_csd" dev="debugfs" ino=6217 scontext=u:r:init:s0 tcontext=u:object_r:debugfs_mmc:s0 tclass=file permissive=1
01-01 08:00:08.780 309 309 I check_xm_hidraw: type=1400 audit(0.0:21): avc: denied { write } for name="tmp" dev="mmcblk0p25" ino=85 scontext=u:r:init:s0 tcontext=u:object_r:shell_data_file:s0 tclass=dir permissive=1 bug=b/77873135
01-01 08:00:08.784 307 307 I onstartup.sh: type=1400 audit(0.0:22): avc: denied { write search } for name="tmp" dev="mmcblk0p25" ino=85 scontext=u:r:onstartup:s0 tcontext=u:object_r:shell_data_file:s0 tclass=dir permissive=1
01-01 08:00:08.784 307 307 I onstartup.sh: type=1400 audit(0.0:23): avc: denied { getattr } for path="/data/local/tmp" dev="mmcblk0p25" ino=85 scontext=u:r:onstartup:s0 tcontext=u:object_r:shell_data_file:s0 tclass=dir permissive=1
01-01 08:00:08.791 251 251 I ExtCamUtils@3.4: loadFromCfg: load external camera config succeed!
01-01 08:00:08.792 251 251 I ExtCamUtils@3.4: loadFromCfg: no internal ignored device specified
01-01 08:00:08.792 251 251 V CamPrvdr@2.4-external: Preferred HAL 3 minor version is 4
01-01 08:00:08.800 165 165 I sunxi-rfkill soc@3000000: rfkill: set block: 0
01-01 08:00:08.800 165 165 I sunxi-rfkill soc@3000000: rfkill: bt power on success
01-01 08:00:08.799 251 251 I HidlServiceManagement: Registered android.hardware.camera.provider@2.4::ICameraProvider/external/0
01-01 08:00:08.799 251 251 I HidlServiceManagement: Removing namespace from process name android.hardware.camera.provider@2.4-external-service to provider@2.4-external-service.
01-01 08:00:08.800 251 251 I LegacySupport: Registration complete for android.hardware.camera.provider@2.4::ICameraProvider/external/0.
01-01 08:00:08.802 251 311 I CamPrvdr@2.4-external: threadLoop start monitoring new V4L2 devices
01-01 08:00:08.816 316 316 I init : type=1400 audit(0.0:24): avc: denied { write } for name="kmsg_debug" dev="tmpfs" ino=2186 scontext=u:r:init:s0 tcontext=u:object_r:kmsg_debug_device:s0 tclass=chr_file permissive=1
01-01 08:00:08.816 316 316 I init : type=1400 audit(0.0:25): avc: denied { open } for path="/dev/kmsg_debug" dev="tmpfs" ino=2186 scontext=u:r:init:s0 tcontext=u:object_r:kmsg_debug_device:s0 tclass=chr_file permissive=1
01-01 08:00:08.850 315 315 D XiriService: XiriService version 2.5.0.11258
01-01 08:00:08.848 307 307 I onstartup.sh: type=1400 audit(0.0:26): avc: denied { getattr } for path="/data/local/fast_apks_installed" dev="mmcblk0p25" ino=222 scontext=u:r:onstartup:s0 tcontext=u:object_r:onstartup_system_file:s0 tclass=file permissive=1
01-01 08:00:08.848 314 314 I pgrep : type=1400 audit(0.0:27): avc: denied { read } for scontext=u:r:toolbox:s0 tcontext=u:r:init:s0 tclass=file permissive=1
01-01 08:00:08.848 314 314 I pgrep : type=1400 audit(0.0:28): avc: denied { read } for scontext=u:r:toolbox:s0 tcontext=u:r:kernel:s0 tclass=file permissive=1
01-01 08:00:08.852 314 314 I pgrep : type=1400 audit(0.0:29): avc: denied { read } for scontext=u:r:toolbox:s0 tcontext=u:r:vendor_init:s0 tclass=file permissive=1
01-01 08:00:08.852 314 314 I pgrep : type=1400 audit(0.0:30): avc: denied { sys_ptrace } for capability=19 scontext=u:r:toolbox:s0 tcontext=u:r:toolbox:s0 tclass=capability permissive=1
01-01 08:00:08.852 314 314 I pgrep : type=1400 audit(0.0:31): avc: denied { read } for scontext=u:r:toolbox:s0 tcontext=u:r:ueventd:s0 tclass=file permissive=1
01-01 08:00:08.852 314 314 I pgrep : type=1400 audit(0.0:32): avc: denied { read } for scontext=u:r:toolbox:s0 tcontext=u:r:logd:s0 tclass=file permissive=1
01-01 08:00:08.852 314 314 I pgrep : type=1400 audit(0.0:33): avc: denied { read } for scontext=u:r:toolbox:s0 tcontext=u:r:lmkd:s0 tclass=file permissive=1
01-01 08:00:08.852 314 314 I pgrep : type=1400 audit(0.0:34): avc: denied { getattr } for path="/proc/1" dev="proc" ino=2200 scontext=u:r:toolbox:s0 tcontext=u:r:init:s0 tclass=dir permissive=1
01-01 08:00:08.852 314 314 I pgrep : type=1400 audit(0.0:35): avc: denied { search } for name="1" dev="proc" ino=2200 scontext=u:r:toolbox:s0 tcontext=u:r:init:s0 tclass=dir permissive=1
01-01 08:00:08.852 314 314 I pgrep : type=1400 audit(0.0:36): avc: denied { open } for path="/proc/1/stat" dev="proc" ino=8727 scontext=u:r:toolbox:s0 tcontext=u:r:init:s0 tclass=file permissive=1
01-01 08:00:08.852 314 314 I pgrep : type=1400 audit(0.0:37): avc: denied { getattr } for path="/proc/2" dev="proc" ino=8641 scontext=u:r:toolbox:s0 tcontext=u:r:kernel:s0 tclass=dir permissive=1
01-01 08:00:08.852 314 314 I pgrep : type=1400 audit(0.0:38): avc: denied { search } for name="2" dev="proc" ino=8641 scontext=u:r:toolbox:s0 tcontext=u:r:kernel:s0 tclass=dir permissive=1
01-01 08:00:08.852 314 314 I pgrep : type=1400 audit(0.0:39): avc: denied { open } for path="/proc/2/stat" dev="proc" ino=8728 scontext=u:r:toolbox:s0 tcontext=u:r:kernel:s0 tclass=file permissive=1
01-01 08:00:08.862 310 310 I gsid : no DSU: No such file or directory
01-01 08:00:08.864 315 315 I xiriservice_All: type=1400 audit(0.0:40): avc: denied { search } for name="com.android.connectivity.resources" dev="mmcblk0p25" ino=500 scontext=u:r:init:s0 tcontext=u:object_r:privapp_data_file:s0:c512,c768 tclass=dir permissive=1
01-01 08:00:08.864 315 315 I xiriservice_All: type=1400 audit(0.0:41): avc: denied { search } for name="android" dev="mmcblk0p25" ino=504 scontext=u:r:init:s0 tcontext=u:object_r:system_app_data_file:s0 tclass=dir permissive=1
01-01 08:00:08.868 315 315 I xiriservice_All: type=1400 audit(0.0:42): avc: denied { read } for name="lib" dev="mmcblk0p25" ino=507 scontext=u:r:init:s0 tcontext=u:object_r:system_app_data_file:s0 tclass=lnk_file permissive=1
01-01 08:00:08.872 315 315 I xiriservice_All: type=1400 audit(0.0:43): avc: denied { search } for name="android.ext.shared" dev="mmcblk0p25" ino=521 scontext=u:r:init:s0 tcontext=u:object_r:app_data_file:s0:c512,c768 tclass=dir permissive=1
01-01 08:00:08.876 318 318 I init : type=1400 audit(0.0:44): avc: denied { execute } for name="led_switch.sh" dev="dm-1" ino=129 scontext=u:r:init:s0 tcontext=u:object_r:vendor_file:s0 tclass=file permissive=1
01-01 08:00:08.876 318 318 I init : type=1400 audit(0.0:45): avc: denied { execute_no_trans } for path="/vendor/bin/led_switch.sh" dev="dm-1" ino=129 scontext=u:r:init:s0 tcontext=u:object_r:vendor_file:s0 tclass=file permissive=1
01-01 08:00:08.876 315 315 I xiriservice_All: type=1400 audit(0.0:46): avc: denied { read } for name="lib" dev="mmcblk0p25" ino=526 scontext=u:r:init:s0 tcontext=u:object_r:app_data_file:s0:c512,c768 tclass=lnk_file permissive=1
01-01 08:00:08.880 314 314 I pgrep : type=1400 audit(0.0:47): avc: denied { getattr } for path="/proc/165" dev="proc" ino=2274 scontext=u:r:toolbox:s0 tcontext=u:r:vendor_init:s0 tclass=dir permissive=1
01-01 08:00:08.880 314 314 I pgrep : type=1400 audit(0.0:48): avc: denied { search } for name="165" dev="proc" ino=2274 scontext=u:r:toolbox:s0 tcontext=u:r:vendor_init:s0 tclass=dir permissive=1
01-01 08:00:08.880 314 314 I pgrep : type=1400 audit(0.0:49): avc: denied { open } for path="/proc/165/stat" dev="proc" ino=8827 scontext=u:r:toolbox:s0 tcontext=u:r:vendor_init:s0 tclass=file permissive=1
01-01 08:00:08.880 314 314 I pgrep : type=1400 audit(0.0:50): avc: denied { getattr } for path="/proc/168" dev="proc" ino=2316 scontext=u:r:toolbox:s0 tcontext=u:r:ueventd:s0 tclass=dir permissive=1
01-01 08:00:08.880 314 314 I pgrep : type=1400 audit(0.0:51): avc: denied { search } for name="168" dev="proc" ino=2316 scontext=u:r:toolbox:s0 tcontext=u:r:ueventd:s0 tclass=dir permissive=1
01-01 08:00:08.880 314 314 I pgrep : type=1400 audit(0.0:52): avc: denied { open } for path="/proc/168/stat" dev="proc" ino=8828 scontext=u:r:toolbox:s0 tcontext=u:r:ueventd:s0 tclass=file permissive=1
01-01 08:00:08.880 314 314 I pgrep : type=1400 audit(0.0:53): avc: denied { getattr } for path="/proc/179" dev="proc" ino=2406 scontext=u:r:toolbox:s0 tcontext=u:r:logd:s0 tclass=dir permissive=1
01-01 08:00:08.880 314 314 I pgrep : type=1400 audit(0.0:54): avc: denied { search } for name="179" dev="proc" ino=2406 scontext=u:r:toolbox:s0 tcontext=u:r:logd:s0 tclass=dir permissive=1
01-01 08:00:08.880 314 314 I pgrep : type=1400 audit(0.0:55): avc: denied { open } for path="/proc/179/stat" dev="proc" ino=8830 scontext=u:r:toolbox:s0 tcontext=u:r:logd:s0 tclass=file permissive=1
01-01 08:00:08.880 314 314 I pgrep : type=1400 audit(0.0:56): avc: denied { read } for scontext=u:r:toolbox:s0 tcontext=u:r:servicemanager:s0 tclass=file permissive=1
01-01 08:00:08.880 314 314 I pgrep : type=1400 audit(0.0:57): avc: denied { read } for scontext=u:r:toolbox:s0 tcontext=u:r:hwservicemanager:s0 tclass=file permissive=1
01-01 08:00:08.880 314 314 I pgrep : type=1400 audit(0.0:58): avc: denied { read } for scontext=u:r:toolbox:s0 tcontext=u:r:vndservicemanager:s0 tclass=file permissive=1
01-01 08:00:08.880 314 314 I pgrep : type=1400 audit(0.0:59): avc: denied { read } for scontext=u:r:toolbox:s0 tcontext=u:r:shell:s0 tclass=file permissive=1
01-01 08:00:08.880 314 314 I pgrep : type=1400 audit(0.0:60): avc: denied { read } for scontext=u:r:toolbox:s0 tcontext=u:r:vold:s0 tclass=file permissive=1
01-01 08:00:08.880 314 314 I pgrep : type=1400 audit(0.0:61): avc: denied { read } for scontext=u:r:toolbox:s0 tcontext=u:r:system_suspend:s0 tclass=file permissive=1
01-01 08:00:08.880 314 314 I pgrep : type=1400 audit(0.0:62): avc: denied { read } for scontext=u:r:toolbox:s0 tcontext=u:r:keystore:s0 tclass=file permissive=1
01-01 08:00:08.880 314 314 I pgrep : type=1400 audit(0.0:63): avc: denied { read } for scontext=u:r:toolbox:s0 tcontext=u:r:hal_bootctl_default:s0 tclass=file permissive=1
01-01 08:00:08.880 314 314 I pgrep : type=1400 audit(0.0:64): avc: denied { read } for scontext=u:r:toolbox:s0 tcontext=u:r:hal_keymint_default:s0 tclass=file permissive=1
01-01 08:00:08.880 314 314 I pgrep : type=1400 audit(0.0:65): avc: denied { read } for scontext=u:r:toolbox:s0 tcontext=u:r:tee:s0 tclass=file permissive=1
01-01 08:00:08.880 314 314 I pgrep : type=1400 audit(0.0:66): avc: denied { read } for scontext=u:r:toolbox:s0 tcontext=u:r:tombstoned:s0 tclass=file permissive=1
01-01 08:00:08.880 314 314 I pgrep : type=1400 audit(0.0:67): avc: denied { read } for scontext=u:r:toolbox:s0 tcontext=u:r:statsd:s0 tclass=file permissive=1
01-01 08:00:08.880 314 314 I pgrep : type=1400 audit(0.0:68): avc: denied { read } for scontext=u:r:toolbox:s0 tcontext=u:r:netd:s0 tclass=file permissive=1
01-01 08:00:08.880 314 314 I pgrep : type=1400 audit(0.0:69): avc: denied { read } for scontext=u:r:toolbox:s0 tcontext=u:r:zygote:s0 tclass=file permissive=1
01-01 08:00:08.880 314 314 I pgrep : type=1400 audit(0.0:70): avc: denied { read } for scontext=u:r:toolbox:s0 tcontext=u:r:hal_allocator_default:s0 tclass=file permissive=1
01-01 08:00:08.880 314 314 I pgrep : type=1400 audit(0.0:71): avc: denied { read } for scontext=u:r:toolbox:s0 tcontext=u:r:hal_audio_default:s0 tclass=file permissive=1
01-01 08:00:08.880 314 314 I pgrep : type=1400 audit(0.0:72): avc: denied { read } for scontext=u:r:toolbox:s0 tcontext=u:r:hal_bluetooth_default:s0 tclass=file permissive=1
01-01 08:00:08.880 314 314 I pgrep : type=1400 audit(0.0:73): avc: denied { read } for scontext=u:r:toolbox:s0 tcontext=u:r:hal_camera_default:s0 tclass=file permissive=1
01-01 08:00:08.880 314 314 I pgrep : type=1400 audit(0.0:74): avc: denied { read } for scontext=u:r:toolbox:s0 tcontext=u:r:hal_cas_default:s0 tclass=file permissive=1
01-01 08:00:08.880 314 314 I pgrep : type=1400 audit(0.0:75): avc: denied { read } for scontext=u:r:toolbox:s0 tcontext=u:r:hal_gatekeeper_default:s0 tclass=file permissive=1
01-01 08:00:08.880 314 314 I pgrep : type=1400 audit(0.0:76): avc: denied { read } for scontext=u:r:toolbox:s0 tcontext=u:r:hal_graphics_allocator_default:s0 tclass=file permissive=1
01-01 08:00:08.880 314 314 I pgrep : type=1400 audit(0.0:77): avc: denied { read } for scontext=u:r:toolbox:s0 tcontext=u:r:hal_graphics_composer_default:s0 tclass=file permissive=1
01-01 08:00:08.880 314 314 I pgrep : type=1400 audit(0.0:78): avc: denied { read } for scontext=u:r:toolbox:s0 tcontext=u:r:hal_health_default:s0 tclass=file permissive=1
01-01 08:00:08.880 314 314 I pgrep : type=1400 audit(0.0:79): avc: denied { read } for scontext=u:r:toolbox:s0 tcontext=u:r:hal_light_default:s0 tclass=file permissive=1
01-01 08:00:08.880 314 314 I pgrep : type=1400 audit(0.0:80): avc: denied { read } for scontext=u:r:toolbox:s0 tcontext=u:r:hal_power_default:s0 tclass=file permissive=1
01-01 08:00:08.880 314 314 I pgrep : type=1400 audit(0.0:81): avc: denied { read } for scontext=u:r:toolbox:s0 tcontext=u:r:hal_tv_cec_default:s0 tclass=file permissive=1
01-01 08:00:08.880 314 314 I pgrep : type=1400 audit(0.0:82): avc: denied { read } for scontext=u:r:toolbox:s0 tcontext=u:r:hal_usb_impl:s0 tclass=file permissive=1
01-01 08:00:08.880 314 314 I pgrep : type=1400 audit(0.0:83): avc: denied { read } for scontext=u:r:toolbox:s0 tcontext=u:r:hal_awdisplayoutput_default:s0 tclass=file permissive=1
01-01 08:00:08.880 314 314 I pgrep : type=1400 audit(0.0:84): avc: denied { read } for scontext=u:r:toolbox:s0 tcontext=u:r:hal_rebootescrow_default:s0 tclass=file permissive=1
01-01 08:00:08.880 314 314 I pgrep : type=1400 audit(0.0:85): avc: denied { read } for scontext=u:r:toolbox:s0 tcontext=u:r:audioserver:s0 tclass=file permissive=1
01-01 08:00:08.880 314 314 I pgrep : type=1400 audit(0.0:86): avc: denied { read } for scontext=u:r:toolbox:s0 tcontext=u:r:credstore:s0 tclass=file permissive=1
01-01 08:00:08.880 314 314 I pgrep : type=1400 audit(0.0:87): avc: denied { read } for scontext=u:r:toolbox:s0 tcontext=u:r:gpuservice:s0 tclass=file permissive=1
01-01 08:00:08.880 314 314 I pgrep : type=1400 audit(0.0:88): avc: denied { read } for scontext=u:r:toolbox:s0 tcontext=u:r:surfaceflinger:s0 tclass=file permissive=1
01-01 08:00:08.880 314 314 I pgrep : type=1400 audit(0.0:89): avc: denied { read } for scontext=u:r:toolbox:s0 tcontext=u:r:pqd:s0 tclass=file permissive=1
01-01 08:00:08.880 314 314 I pgrep : type=1400 audit(0.0:90): avc: denied { read } for scontext=u:r:toolbox:s0 tcontext=u:r:onstartup:s0 tclass=file permissive=1
01-01 08:00:08.880 314 314 I pgrep : type=1400 audit(0.0:91): avc: denied { read } for scontext=u:r:toolbox:s0 tcontext=u:r:gsid:s0 tclass=file permissive=1
01-01 08:00:08.880 314 314 I pgrep : type=1400 audit(0.0:92): avc: denied { getattr } for path="/proc/180" dev="proc" ino=1611 scontext=u:r:toolbox:s0 tcontext=u:r:lmkd:s0 tclass=dir permissive=1
01-01 08:00:08.880 314 314 I pgrep : type=1400 audit(0.0:93): avc: denied { search } for name="180" dev="proc" ino=1611 scontext=u:r:toolbox:s0 tcontext=u:r:lmkd:s0 tclass=dir permissive=1
01-01 08:00:08.880 314 314 I pgrep : type=1400 audit(0.0:94): avc: denied { open } for path="/proc/180/stat" dev="proc" ino=8841 scontext=u:r:toolbox:s0 tcontext=u:r:lmkd:s0 tclass=file permissive=1
01-01 08:00:08.880 314 314 I pgrep : type=1400 audit(0.0:95): avc: denied { getattr } for path="/proc/181" dev="proc" ino=2412 scontext=u:r:toolbox:s0 tcontext=u:r:servicemanager:s0 tclass=dir permissive=1
01-01 08:00:08.880 314 314 I pgrep : type=1400 audit(0.0:96): avc: denied { search } for name="181" dev="proc" ino=2412 scontext=u:r:toolbox:s0 tcontext=u:r:servicemanager:s0 tclass=dir permissive=1
01-01 08:00:08.880 314 314 I pgrep : type=1400 audit(0.0:97): avc: denied { open } for path="/proc/181/stat" dev="proc" ino=8842 scontext=u:r:toolbox:s0 tcontext=u:r:servicemanager:s0 tclass=file permissive=1
01-01 08:00:08.880 314 314 I pgrep : type=1400 audit(0.0:98): avc: denied { getattr } for path="/proc/182" dev="proc" ino=2416 scontext=u:r:toolbox:s0 tcontext=u:r:hwservicemanager:s0 tclass=dir permissive=1
01-01 08:00:08.880 314 314 I pgrep : type=1400 audit(0.0:99): avc: denied { search } for name="182" dev="proc" ino=2416 scontext=u:r:toolbox:s0 tcontext=u:r:hwservicemanager:s0 tclass=dir permissive=1
01-01 08:00:08.880 314 314 I pgrep : type=1400 audit(0.0:100): avc: denied { open } for path="/proc/182/stat" dev="proc" ino=8843 scontext=u:r:toolbox:s0 tcontext=u:r:hwservicemanager:s0 tclass=file permissive=1
01-01 08:00:08.880 314 314 I pgrep : type=1400 audit(0.0:101): avc: denied { getattr } for path="/proc/183" dev="proc" ino=6763 scontext=u:r:toolbox:s0 tcontext=u:r:vndservicemanager:s0 tclass=dir permissive=1
01-01 08:00:08.880 314 314 I pgrep : type=1400 audit(0.0:102): avc: denied { search } for name="183" dev="proc" ino=6763 scontext=u:r:toolbox:s0 tcontext=u:r:vndservicemanager:s0 tclass=dir permissive=1
01-01 08:00:08.880 314 314 I pgrep : type=1400 audit(0.0:103): avc: denied { open } for path="/proc/183/stat" dev="proc" ino=8844 scontext=u:r:toolbox:s0 tcontext=u:r:vndservicemanager:s0 tclass=file permissive=1
01-01 08:00:08.884 314 314 I pgrep : type=1400 audit(0.0:104): avc: denied { getattr } for path="/proc/184" dev="proc" ino=8831 scontext=u:r:toolbox:s0 tcontext=u:r:kernel:s0 tclass=dir permissive=1
01-01 08:00:08.884 314 314 I pgrep : type=1400 audit(0.0:105): avc: denied { search } for name="184" dev="proc" ino=8831 scontext=u:r:toolbox:s0 tcontext=u:r:kernel:s0 tclass=dir permissive=1
01-01 08:00:08.884 314 314 I pgrep : type=1400 audit(0.0:106): avc: denied { getattr } for path="/proc/185" dev="proc" ino=367 scontext=u:r:toolbox:s0 tcontext=u:r:shell:s0 tclass=dir permissive=1
01-01 08:00:08.884 314 314 I pgrep : type=1400 audit(0.0:107): avc: denied { search } for name="185" dev="proc" ino=367 scontext=u:r:toolbox:s0 tcontext=u:r:shell:s0 tclass=dir permissive=1
01-01 08:00:08.884 314 314 I pgrep : type=1400 audit(0.0:108): avc: denied { open } for path="/proc/185/stat" dev="proc" ino=8846 scontext=u:r:toolbox:s0 tcontext=u:r:shell:s0 tclass=file permissive=1
01-01 08:00:08.884 314 314 I pgrep : type=1400 audit(0.0:109): avc: denied { getattr } for path="/proc/190" dev="proc" ino=6789 scontext=u:r:toolbox:s0 tcontext=u:r:vold:s0 tclass=dir permissive=1
01-01 08:00:08.884 314 314 I pgrep : type=1400 audit(0.0:110): avc: denied { search } for name="190" dev="proc" ino=6789 scontext=u:r:toolbox:s0 tcontext=u:r:vold:s0 tclass=dir permissive=1
01-01 08:00:08.884 314 314 I pgrep : type=1400 audit(0.0:111): avc: denied { open } for path="/proc/190/stat" dev="proc" ino=8848 scontext=u:r:toolbox:s0 tcontext=u:r:vold:s0 tclass=file permissive=1
01-01 08:00:08.884 314 314 I pgrep : type=1400 audit(0.0:112): avc: denied { getattr } for path="/proc/204" dev="proc" ino=6839 scontext=u:r:toolbox:s0 tcontext=u:r:system_suspend:s0 tclass=dir permissive=1
01-01 08:00:08.884 314 314 I pgrep : type=1400 audit(0.0:113): avc: denied { search } for name="204" dev="proc" ino=6839 scontext=u:r:toolbox:s0 tcontext=u:r:system_suspend:s0 tclass=dir permissive=1
01-01 08:00:08.884 314 314 I pgrep : type=1400 audit(0.0:114): avc: denied { open } for path="/proc/204/stat" dev="proc" ino=8853 scontext=u:r:toolbox:s0 tcontext=u:r:system_suspend:s0 tclass=file permissive=1
01-01 08:00:08.884 314 314 I pgrep : type=1400 audit(0.0:115): avc: denied { getattr } for path="/proc/205" dev="proc" ino=2501 scontext=u:r:toolbox:s0 tcontext=u:r:keystore:s0 tclass=dir permissive=1
01-01 08:00:08.884 314 314 I pgrep : type=1400 audit(0.0:116): avc: denied { search } for name="205" dev="proc" ino=2501 scontext=u:r:toolbox:s0 tcontext=u:r:keystore:s0 tclass=dir permissive=1
01-01 08:00:08.884 314 314 I pgrep : type=1400 audit(0.0:117): avc: denied { open } for path="/proc/205/stat" dev="proc" ino=8854 scontext=u:r:toolbox:s0 tcontext=u:r:keystore:s0 tclass=file permissive=1
01-01 08:00:08.884 314 314 I pgrep : type=1400 audit(0.0:118): avc: denied { getattr } for path="/proc/206" dev="proc" ino=1746 scontext=u:r:toolbox:s0 tcontext=u:r:hal_bootctl_default:s0 tclass=dir permissive=1
01-01 08:00:08.884 314 314 I pgrep : type=1400 audit(0.0:119): avc: denied { search } for name="206" dev="proc" ino=1746 scontext=u:r:toolbox:s0 tcontext=u:r:hal_bootctl_default:s0 tclass=dir permissive=1
01-01 08:00:08.884 314 314 I pgrep : type=1400 audit(0.0:120): avc: denied { open } for path="/proc/206/stat" dev="proc" ino=8855 scontext=u:r:toolbox:s0 tcontext=u:r:hal_bootctl_default:s0 tclass=file permissive=1
01-01 08:00:08.884 314 314 I pgrep : type=1400 audit(0.0:121): avc: denied { getattr } for path="/proc/207" dev="proc" ino=437 scontext=u:r:toolbox:s0 tcontext=u:r:hal_keymint_default:s0 tclass=dir permissive=1
01-01 08:00:08.884 314 314 I pgrep : type=1400 audit(0.0:122): avc: denied { search } for name="207" dev="proc" ino=437 scontext=u:r:toolbox:s0 tcontext=u:r:hal_keymint_default:s0 tclass=dir permissive=1
01-01 08:00:08.884 314 314 I pgrep : type=1400 audit(0.0:123): avc: denied { open } for path="/proc/207/stat" dev="proc" ino=8856 scontext=u:r:toolbox:s0 tcontext=u:r:hal_keymint_default:s0 tclass=file permissive=1
01-01 08:00:08.884 314 314 I pgrep : type=1400 audit(0.0:124): avc: denied { getattr } for path="/proc/208" dev="proc" ino=1761 scontext=u:r:toolbox:s0 tcontext=u:r:tee:s0 tclass=dir permissive=1
01-01 08:00:08.884 314 314 I pgrep : type=1400 audit(0.0:125): avc: denied { search } for name="208" dev="proc" ino=1761 scontext=u:r:toolbox:s0 tcontext=u:r:tee:s0 tclass=dir permissive=1
01-01 08:00:08.884 314 314 I pgrep : type=1400 audit(0.0:126): avc: denied { open } for path="/proc/208/stat" dev="proc" ino=8857 scontext=u:r:toolbox:s0 tcontext=u:r:tee:s0 tclass=file permissive=1
01-01 08:00:08.884 314 314 I pgrep : type=1400 audit(0.0:127): avc: denied { getattr } for path="/proc/221" dev="proc" ino=1800 scontext=u:r:toolbox:s0 tcontext=u:r:tombstoned:s0 tclass=dir permissive=1
01-01 08:00:08.884 314 314 I pgrep : type=1400 audit(0.0:128): avc: denied { search } for name="221" dev="proc" ino=1800 scontext=u:r:toolbox:s0 tcontext=u:r:tombstoned:s0 tclass=dir permissive=1
01-01 08:00:08.884 314 314 I pgrep : type=1400 audit(0.0:129): avc: denied { open } for path="/proc/221/stat" dev="proc" ino=8862 scontext=u:r:toolbox:s0 tcontext=u:r:tombstoned:s0 tclass=file permissive=1
01-01 08:00:08.884 314 314 I pgrep : type=1400 audit(0.0:130): avc: denied { getattr } for path="/proc/242" dev="proc" ino=1881 scontext=u:r:toolbox:s0 tcontext=u:r:statsd:s0 tclass=dir permissive=1
01-01 08:00:08.884 314 314 I pgrep : type=1400 audit(0.0:131): avc: denied { search } for name="242" dev="proc" ino=1881 scontext=u:r:toolbox:s0 tcontext=u:r:statsd:s0 tclass=dir permissive=1
01-01 08:00:08.884 314 314 I pgrep : type=1400 audit(0.0:132): avc: denied { open } for path="/proc/242/stat" dev="proc" ino=8863 scontext=u:r:toolbox:s0 tcontext=u:r:statsd:s0 tclass=file permissive=1
01-01 08:00:08.884 314 314 I pgrep : type=1400 audit(0.0:133): avc: denied { getattr } for path="/proc/243" dev="proc" ino=2832 scontext=u:r:toolbox:s0 tcontext=u:r:netd:s0 tclass=dir permissive=1
01-01 08:00:08.884 314 314 I pgrep : type=1400 audit(0.0:134): avc: denied { search } for name="243" dev="proc" ino=2832 scontext=u:r:toolbox:s0 tcontext=u:r:netd:s0 tclass=dir permissive=1
01-01 08:00:08.884 314 314 I pgrep : type=1400 audit(0.0:135): avc: denied { open } for path="/proc/243/stat" dev="proc" ino=8864 scontext=u:r:toolbox:s0 tcontext=u:r:netd:s0 tclass=file permissive=1
01-01 08:00:08.884 314 314 I pgrep : type=1400 audit(0.0:136): avc: denied { getattr } for path="/proc/244" dev="proc" ino=542 scontext=u:r:toolbox:s0 tcontext=u:r:zygote:s0 tclass=dir permissive=1
01-01 08:00:08.884 314 314 I pgrep : type=1400 audit(0.0:137): avc: denied { search } for name="244" dev="proc" ino=542 scontext=u:r:toolbox:s0 tcontext=u:r:zygote:s0 tclass=dir permissive=1
01-01 08:00:08.884 314 314 I pgrep : type=1400 audit(0.0:138): avc: denied { open } for path="/proc/244/stat" dev="proc" ino=8865 scontext=u:r:toolbox:s0 tcontext=u:r:zygote:s0 tclass=file permissive=1
01-01 08:00:08.884 314 314 I pgrep : type=1400 audit(0.0:139): avc: denied { getattr } for path="/proc/248" dev="proc" ino=553 scontext=u:r:toolbox:s0 tcontext=u:r:hal_allocator_default:s0 tclass=dir permissive=1
01-01 08:00:08.884 314 314 I pgrep : type=1400 audit(0.0:140): avc: denied { search } for name="248" dev="proc" ino=553 scontext=u:r:toolbox:s0 tcontext=u:r:hal_allocator_default:s0 tclass=dir permissive=1
01-01 08:00:08.884 314 314 I pgrep : type=1400 audit(0.0:141): avc: denied { open } for path="/proc/248/stat" dev="proc" ino=8866 scontext=u:r:toolbox:s0 tcontext=u:r:hal_allocator_default:s0 tclass=file permissive=1
01-01 08:00:08.884 314 314 I pgrep : type=1400 audit(0.0:142): avc: denied { getattr } for path="/proc/249" dev="proc" ino=557 scontext=u:r:toolbox:s0 tcontext=u:r:hal_audio_default:s0 tclass=dir permissive=1
01-01 08:00:08.884 314 314 I pgrep : type=1400 audit(0.0:143): avc: denied { search } for name="249" dev="proc" ino=557 scontext=u:r:toolbox:s0 tcontext=u:r:hal_audio_default:s0 tclass=dir permissive=1
01-01 08:00:08.884 314 314 I pgrep : type=1400 audit(0.0:144): avc: denied { open } for path="/proc/249/stat" dev="proc" ino=8867 scontext=u:r:toolbox:s0 tcontext=u:r:hal_audio_default:s0 tclass=file permissive=1
01-01 08:00:08.888 314 314 I pgrep : type=1400 audit(0.0:145): avc: denied { getattr } for path="/proc/250" dev="proc" ino=1935 scontext=u:r:toolbox:s0 tcontext=u:r:hal_bluetooth_default:s0 tclass=dir permissive=1
01-01 08:00:08.888 314 314 I pgrep : type=1400 audit(0.0:146): avc: denied { search } for name="250" dev="proc" ino=1935 scontext=u:r:toolbox:s0 tcontext=u:r:hal_bluetooth_default:s0 tclass=dir permissive=1
01-01 08:00:08.892 314 314 I pgrep : type=1400 audit(0.0:147): avc: denied { open } for path="/proc/250/stat" dev="proc" ino=8869 scontext=u:r:toolbox:s0 tcontext=u:r:hal_bluetooth_default:s0 tclass=file permissive=1
01-01 08:00:08.892 314 314 I pgrep : type=1400 audit(0.0:148): avc: denied { getattr } for path="/proc/251" dev="proc" ino=1938 scontext=u:r:toolbox:s0 tcontext=u:r:hal_camera_default:s0 tclass=dir permissive=1
01-01 08:00:08.892 314 314 I pgrep : type=1400 audit(0.0:149): avc: denied { search } for name="251" dev="proc" ino=1938 scontext=u:r:toolbox:s0 tcontext=u:r:hal_camera_default:s0 tclass=dir permissive=1
01-01 08:00:08.892 314 314 I pgrep : type=1400 audit(0.0:150): avc: denied { open } for path="/proc/251/stat" dev="proc" ino=8870 scontext=u:r:toolbox:s0 tcontext=u:r:hal_camera_default:s0 tclass=file permissive=1
01-01 08:00:08.892 314 314 I pgrep : type=1400 audit(0.0:151): avc: denied { getattr } for path="/proc/252" dev="proc" ino=582 scontext=u:r:toolbox:s0 tcontext=u:r:hal_cas_default:s0 tclass=dir permissive=1
01-01 08:00:08.892 314 314 I pgrep : type=1400 audit(0.0:152): avc: denied { search } for name="252" dev="proc" ino=582 scontext=u:r:toolbox:s0 tcontext=u:r:hal_cas_default:s0 tclass=dir permissive=1
01-01 08:00:08.892 314 314 I pgrep : type=1400 audit(0.0:153): avc: denied { open } for path="/proc/252/stat" dev="proc" ino=8871 scontext=u:r:toolbox:s0 tcontext=u:r:hal_cas_default:s0 tclass=file permissive=1
01-01 08:00:08.892 314 314 I pgrep : type=1400 audit(0.0:154): avc: denied { getattr } for path="/proc/256" dev="proc" ino=579 scontext=u:r:toolbox:s0 tcontext=u:r:hal_gatekeeper_default:s0 tclass=dir permissive=1
01-01 08:00:08.892 314 314 I pgrep : type=1400 audit(0.0:155): avc: denied { search } for name="256" dev="proc" ino=579 scontext=u:r:toolbox:s0 tcontext=u:r:hal_gatekeeper_default:s0 tclass=dir permissive=1
01-01 08:00:08.892 314 314 I pgrep : type=1400 audit(0.0:156): avc: denied { open } for path="/proc/256/stat" dev="proc" ino=8874 scontext=u:r:toolbox:s0 tcontext=u:r:hal_gatekeeper_default:s0 tclass=file permissive=1
01-01 08:00:08.892 314 314 I pgrep : type=1400 audit(0.0:157): avc: denied { getattr } for path="/proc/257" dev="proc" ino=7255 scontext=u:r:toolbox:s0 tcontext=u:r:hal_graphics_allocator_default:s0 tclass=dir permissive=1
01-01 08:00:08.892 314 314 I pgrep : type=1400 audit(0.0:158): avc: denied { search } for name="257" dev="proc" ino=7255 scontext=u:r:toolbox:s0 tcontext=u:r:hal_graphics_allocator_default:s0 tclass=dir permissive=1
01-01 08:00:08.892 314 314 I pgrep : type=1400 audit(0.0:159): avc: denied { open } for path="/proc/257/stat" dev="proc" ino=8875 scontext=u:r:toolbox:s0 tcontext=u:r:hal_graphics_allocator_default:s0 tclass=file permissive=1
01-01 08:00:08.892 314 314 I pgrep : type=1400 audit(0.0:160): avc: denied { getattr } for path="/proc/258" dev="proc" ino=1973 scontext=u:r:toolbox:s0 tcontext=u:r:hal_graphics_composer_default:s0 tclass=dir permissive=1
01-01 08:00:08.892 314 314 I pgrep : type=1400 audit(0.0:161): avc: denied { search } for name="258" dev="proc" ino=1973 scontext=u:r:toolbox:s0 tcontext=u:r:hal_graphics_composer_default:s0 tclass=dir permissive=1
01-01 08:00:08.892 314 314 I pgrep : type=1400 audit(0.0:162): avc: denied { open } for path="/proc/258/stat" dev="proc" ino=8876 scontext=u:r:toolbox:s0 tcontext=u:r:hal_graphics_composer_default:s0 tclass=file permissive=1
01-01 08:00:08.892 314 314 I pgrep : type=1400 audit(0.0:163): avc: denied { getattr } for path="/proc/259" dev="proc" ino=7282 scontext=u:r:toolbox:s0 tcontext=u:r:hal_health_default:s0 tclass=dir permissive=1
01-01 08:00:08.892 314 314 I pgrep : type=1400 audit(0.0:164): avc: denied { search } for name="259" dev="proc" ino=7282 scontext=u:r:toolbox:s0 tcontext=u:r:hal_health_default:s0 tclass=dir permissive=1
01-01 08:00:08.892 314 314 I pgrep : type=1400 audit(0.0:165): avc: denied { open } for path="/proc/259/stat" dev="proc" ino=8877 scontext=u:r:toolbox:s0 tcontext=u:r:hal_health_default:s0 tclass=file permissive=1
01-01 08:00:08.892 314 314 I pgrep : type=1400 audit(0.0:166): avc: denied { getattr } for path="/proc/261" dev="proc" ino=597 scontext=u:r:toolbox:s0 tcontext=u:r:hal_light_default:s0 tclass=dir permissive=1
01-01 08:00:08.892 314 314 I pgrep : type=1400 audit(0.0:167): avc: denied { search } for name="261" dev="proc" ino=597 scontext=u:r:toolbox:s0 tcontext=u:r:hal_light_default:s0 tclass=dir permissive=1
01-01 08:00:08.892 314 314 I pgrep : type=1400 audit(0.0:168): avc: denied { open } for path="/proc/261/stat" dev="proc" ino=8878 scontext=u:r:toolbox:s0 tcontext=u:r:hal_light_default:s0 tclass=file permissive=1
01-01 08:00:08.892 314 314 I pgrep : type=1400 audit(0.0:169): avc: denied { getattr } for path="/proc/264" dev="proc" ino=7290 scontext=u:r:toolbox:s0 tcontext=u:r:hal_power_default:s0 tclass=dir permissive=1
01-01 08:00:08.892 314 314 I pgrep : type=1400 audit(0.0:170): avc: denied { search } for name="264" dev="proc" ino=7290 scontext=u:r:toolbox:s0 tcontext=u:r:hal_power_default:s0 tclass=dir permissive=1
01-01 08:00:08.892 314 314 I pgrep : type=1400 audit(0.0:171): avc: denied { open } for path="/proc/264/stat" dev="proc" ino=8879 scontext=u:r:toolbox:s0 tcontext=u:r:hal_power_default:s0 tclass=file permissive=1
01-01 08:00:08.892 314 314 I pgrep : type=1400 audit(0.0:172): avc: denied { getattr } for path="/proc/265" dev="proc" ino=623 scontext=u:r:toolbox:s0 tcontext=u:r:hal_tv_cec_default:s0 tclass=dir permissive=1
01-01 08:00:08.892 314 314 I pgrep : type=1400 audit(0.0:173): avc: denied { search } for name="265" dev="proc" ino=623 scontext=u:r:toolbox:s0 tcontext=u:r:hal_tv_cec_default:s0 tclass=dir permissive=1
01-01 08:00:08.896 314 314 I pgrep : type=1400 audit(0.0:174): avc: denied { open } for path="/proc/265/stat" dev="proc" ino=8880 scontext=u:r:toolbox:s0 tcontext=u:r:hal_tv_cec_default:s0 tclass=file permissive=1
01-01 08:00:08.896 314 314 I pgrep : type=1400 audit(0.0:175): avc: denied { getattr } for path="/proc/266" dev="proc" ino=647 scontext=u:r:toolbox:s0 tcontext=u:r:hal_usb_impl:s0 tclass=dir permissive=1
01-01 08:00:08.896 314 314 I pgrep : type=1400 audit(0.0:176): avc: denied { read } for scontext=u:r:toolbox:s0 tcontext=u:r:hal_usb_impl:s0 tclass=file permissive=1
01-01 08:00:08.896 314 314 I pgrep : type=1400 audit(0.0:177): avc: denied { search } for name="266" dev="proc" ino=647 scontext=u:r:toolbox:s0 tcontext=u:r:hal_usb_impl:s0 tclass=dir permissive=1
01-01 08:00:08.896 314 314 I pgrep : type=1400 audit(0.0:178): avc: denied { open } for path="/proc/266/stat" dev="proc" ino=8881 scontext=u:r:toolbox:s0 tcontext=u:r:hal_usb_impl:s0 tclass=file permissive=1
01-01 08:00:08.896 314 314 I pgrep : type=1400 audit(0.0:179): avc: denied { getattr } for path="/proc/267" dev="proc" ino=8323 scontext=u:r:toolbox:s0 tcontext=u:r:hal_awdisplayoutput_default:s0 tclass=dir permissive=1
01-01 08:00:08.896 314 314 I pgrep : type=1400 audit(0.0:180): avc: denied { read } for scontext=u:r:toolbox:s0 tcontext=u:r:hal_awdisplayoutput_default:s0 tclass=file permissive=1
01-01 08:00:08.896 314 314 I pgrep : type=1400 audit(0.0:181): avc: denied { search } for name="267" dev="proc" ino=8323 scontext=u:r:toolbox:s0 tcontext=u:r:hal_awdisplayoutput_default:s0 tclass=dir permissive=1
01-01 08:00:08.896 314 314 I pgrep : type=1400 audit(0.0:182): avc: denied { open } for path="/proc/267/stat" dev="proc" ino=8882 scontext=u:r:toolbox:s0 tcontext=u:r:hal_awdisplayoutput_default:s0 tclass=file permissive=1
01-01 08:00:08.896 314 314 I pgrep : type=1400 audit(0.0:183): avc: denied { getattr } for path="/proc/268" dev="proc" ino=677 scontext=u:r:toolbox:s0 tcontext=u:r:hal_rebootescrow_default:s0 tclass=dir permissive=1
01-01 08:00:08.896 314 314 I pgrep : type=1400 audit(0.0:184): avc: denied { search } for name="268" dev="proc" ino=677 scontext=u:r:toolbox:s0 tcontext=u:r:hal_rebootescrow_default:s0 tclass=dir permissive=1
01-01 08:00:08.896 314 314 I pgrep : type=1400 audit(0.0:185): avc: denied { open } for path="/proc/268/stat" dev="proc" ino=8883 scontext=u:r:toolbox:s0 tcontext=u:r:hal_rebootescrow_default:s0 tclass=file permissive=1
01-01 08:00:08.896 314 314 I pgrep : type=1400 audit(0.0:186): avc: denied { getattr } for path="/proc/270" dev="proc" ino=9333 scontext=u:r:toolbox:s0 tcontext=u:r:audioserver:s0 tclass=dir permissive=1
01-01 08:00:08.896 314 314 I pgrep : type=1400 audit(0.0:187): avc: denied { read } for scontext=u:r:toolbox:s0 tcontext=u:r:audioserver:s0 tclass=file permissive=1
01-01 08:00:08.896 314 314 I pgrep : type=1400 audit(0.0:188): avc: denied { search } for name="270" dev="proc" ino=9333 scontext=u:r:toolbox:s0 tcontext=u:r:audioserver:s0 tclass=dir permissive=1
01-01 08:00:08.896 314 314 I pgrep : type=1400 audit(0.0:189): avc: denied { open } for path="/proc/270/stat" dev="proc" ino=8884 scontext=u:r:toolbox:s0 tcontext=u:r:audioserver:s0 tclass=file permissive=1
01-01 08:00:08.896 314 314 I pgrep : type=1400 audit(0.0:190): avc: denied { getattr } for path="/proc/274" dev="proc" ino=7460 scontext=u:r:toolbox:s0 tcontext=u:r:credstore:s0 tclass=dir permissive=1
01-01 08:00:08.896 314 314 I pgrep : type=1400 audit(0.0:191): avc: denied { read } for scontext=u:r:toolbox:s0 tcontext=u:r:credstore:s0 tclass=file permissive=1
01-01 08:00:08.896 314 314 I pgrep : type=1400 audit(0.0:192): avc: denied { search } for name="274" dev="proc" ino=7460 scontext=u:r:toolbox:s0 tcontext=u:r:credstore:s0 tclass=dir permissive=1
01-01 08:00:08.896 314 314 I pgrep : type=1400 audit(0.0:193): avc: denied { open } for path="/proc/274/stat" dev="proc" ino=8885 scontext=u:r:toolbox:s0 tcontext=u:r:credstore:s0 tclass=file permissive=1
01-01 08:00:08.896 314 314 I pgrep : type=1400 audit(0.0:194): avc: denied { getattr } for path="/proc/277" dev="proc" ino=8403 scontext=u:r:toolbox:s0 tcontext=u:r:gpuservice:s0 tclass=dir permissive=1
