06-18 17:18:36.703 505 525 W IorapForwardingService: No service published for: iorapd
06-18 17:18:37.287 505 2448 D WifiNl80211Manager: Scan result ready event
06-18 17:18:37.287 505 2448 D WifiNative: Scan result ready event
06-18 17:18:37.326 1545 1545 E hq : NetWorkStateReceiver:::NetWorkStateReceiver onReceive: 网络变化广播 >>>> intent.action=android.net.wifi.SCAN_RESULTS
06-18 17:18:37.330 505 602 D PasspointManager: ANQP entry not found for: 10:7c:61:1a:4b:94:<5G>
06-18 17:18:37.338 649 649 E WifiHAL : wifi_get_link_stats: requestResponse Error:-5
06-18 17:18:37.340 505 602 E WifiVendorHal: getWifiLinkLayerStats_1_5_Internal(l.1191) failed {.code = ERROR_INVALID_ARGS, .description = }
06-18 17:18:37.364 1545 1545 W eventbuscore: post Event:com.dangbei.leard.base.entity.event.NetWifiRssiEvent
06-18 17:18:37.705 505 525 W IorapForwardingService: No service published for: iorapd
06-18 17:18:38.052 1545 1742 D hq : NetWorkStateReceiver:::检查网络,并且持续更新 isConnect=false
06-18 17:18:38.707 505 525 W IorapForwardingService: No service published for: iorapd
06-18 17:18:39.468 2976 2976 I DefaultIMS: onStartInput attribute=android.view.inputmethod.EditorInfo@becbfdd restarting=false inputType: 0
06-18 17:18:39.708 505 525 W IorapForwardingService: No service published for: iorapd
06-18 17:18:40.054 1545 1742 D hq : NetWorkStateReceiver:::检查网络,并且持续更新 isConnect=false
06-18 17:18:40.710 505 525 W IorapForwardingService: No service published for: iorapd
06-18 17:18:41.324 2464 2647 D UtilLog : 日志批量上报 进行正常循环 !!!!!!本次有0次请求,共0条数据
06-18 17:18:41.712 505 525 W IorapForwardingService: No service published for: iorapd
06-18 17:18:42.056 1545 1742 D hq : NetWorkStateReceiver:::检查网络,并且持续更新 isConnect=false
06-18 17:18:42.714 505 525 W IorapForwardingService: No service published for: iorapd
06-18 17:18:43.716 505 525 W IorapForwardingService: No service published for: iorapd
06-18 17:18:44.058 1545 1742 D hq : NetWorkStateReceiver:::检查网络,并且持续更新 isConnect=false
06-18 17:18:44.717 505 525 W IorapForwardingService: No service published for: iorapd
06-18 17:18:45.580 1859 2009 I efs.send_log: log cann't be send because net status is disconnected
06-18 17:18:45.719 505 525 W IorapForwardingService: No service published for: iorapd
06-18 17:18:46.059 1545 1742 D hq : NetWorkStateReceiver:::检查网络,并且持续更新 isConnect=false
06-18 17:18:46.722 505 525 W IorapForwardingService: No service published for: iorapd
06-18 17:18:47.724 505 525 W IorapForwardingService: No service published for: iorapd
06-18 17:18:48.061 1545 1742 D hq : NetWorkStateReceiver:::检查网络,并且持续更新 isConnect=false
06-18 17:18:48.726 505 525 W IorapForwardingService: No service published for: iorapd
06-18 17:18:49.728 505 525 W IorapForwardingService: No service published for: iorapd
06-18 17:18:50.063 1545 1742 D hq : NetWorkStateReceiver:::检查网络,并且持续更新 isConnect=false
06-18 17:18:50.730 505 525 W IorapForwardingService: No service published for: iorapd
06-18 17:18:50.979 265 280 D hdmi-cec: receive invalid cec message!
06-18 17:18:50.979 265 280 D hdmi-cec: receive poll message [04], skip!
06-18 17:18:51.324 2464 2647 D UtilLog : 日志批量上报 进行正常循环 !!!!!!本次有0次请求,共0条数据
06-18 17:18:51.731 505 525 W IorapForwardingService: No service published for: iorapd
06-18 17:18:52.064 1545 1742 D hq : NetWorkStateReceiver:::检查网络,并且持续更新 isConnect=false
06-18 17:18:52.733 505 525 W IorapForwardingService: No service published for: iorapd
06-18 17:18:53.735 505 525 W IorapForwardingService: No service published for: iorapd
06-18 17:18:54.066 1545 1742 D hq : NetWorkStateReceiver:::检查网络,并且持续更新 isConnect=false
06-18 17:18:54.737 505 525 W IorapForwardingService: No service published for: iorapd
06-18 17:18:55.628 1859 2009 I efs.send_log: log cann't be send because net status is disconnected
06-18 17:18:55.739 505 525 W IorapForwardingService: No service published for: iorapd
06-18 17:18:56.068 1545 1742 D hq : NetWorkStateReceiver:::检查网络,并且持续更新 isConnect=false
06-18 17:18:56.741 505 525 W IorapForwardingService: No service published for: iorapd
06-18 17:18:57.221 505 1054 W ZramWriteback: Writeback device is not set
06-18 17:18:57.221 505 1054 D ZramWriteback: wait to flush
06-18 17:18:57.741 505 525 W IorapForwardingService: No service published for: iorapd
06-18 17:18:58.070 1545 1745 D hq : NetWorkStateReceiver:::检查网络,并且持续更新 isConnect=false
06-18 17:18:58.744 505 525 W IorapForwardingService: No service published for: iorapd
06-18 17:18:59.746 505 525 W IorapForwardingService: No service published for: iorapd
06-18 17:19:00.072 1545 1745 D hq : NetWorkStateReceiver:::检查网络,并且持续更新 isConnect=false
06-18 17:19:00.748 505 525 W IorapForwardingService: No service published for: iorapd
06-18 17:19:01.324 2464 2647 D UtilLog : 日志批量上报 进行正常循环 !!!!!!本次有0次请求,共0条数据
06-18 17:19:01.750 505 525 W IorapForwardingService: No service published for: iorapd
06-18 17:19:02.073 1545 1745 D hq : NetWorkStateReceiver:::检查网络,并且持续更新 isConnect=false
06-18 17:19:02.233 505 602 E WifiScoringParams: Invalid frequency(-1), using 5G as default rssi array
06-18 17:19:02.752 505 525 W IorapForwardingService: No service published for: iorapd
06-18 17:19:03.323 505 2448 D WifiNl80211Manager: Scan result ready event
06-18 17:19:03.324 505 2448 D WifiNative: Scan result ready event
06-18 17:19:03.332 250 944 E bt_upio : upio_set : /proc/bluetooth/sleep/btwrite(-1) incorrent
06-18 17:19:03.364 505 606 D WificondScannerImpl: Filtering out 9 scan results.
06-18 17:19:03.379 1545 1545 E hq : NetWorkStateReceiver:::NetWorkStateReceiver onReceive: 网络变化广播 >>>> intent.action=android.net.wifi.SCAN_RESULTS
06-18 17:19:03.384 649 649 E WifiHAL : wifi_get_link_stats: requestResponse Error:-5
06-18 17:19:03.386 505 602 E WifiVendorHal: getWifiLinkLayerStats_1_5_Internal(l.1191) failed {.code = ERROR_INVALID_ARGS, .description = }
06-18 17:19:03.408 1545 1545 W eventbuscore: post Event:com.dangbei.leard.base.entity.event.NetWifiRssiEvent
06-18 17:19:03.754 505 525 W IorapForwardingService: No service published for: iorapd
06-18 17:19:04.075 1545 1745 D hq : NetWorkStateReceiver:::检查网络,并且持续更新 isConnect=false
06-18 17:19:04.756 505 525 W IorapForwardingService: No service published for: iorapd
06-18 17:19:05.668 1859 2009 I efs.send_log: log cann't be send because net status is disconnected
06-18 17:19:05.758 505 525 W IorapForwardingService: No service published for: iorapd
06-18 17:19:06.002 265 280 D hdmi-cec: receive invalid cec message!
06-18 17:19:06.002 265 280 D hdmi-cec: receive poll message [04], skip!
06-18 17:19:06.076 1545 1745 D hq : NetWorkStateReceiver:::检查网络,并且持续更新 isConnect=false
06-18 17:19:06.760 505 525 W IorapForwardingService: No service published for: iorapd
06-18 17:19:06.815 2195 2195 D bbb : onStartCommand begin !!!!!!! data分区剩余 24997MB
06-18 17:19:07.449 505 784 I WifiService: startScan uid=10026
06-18 17:19:07.762 505 525 W IorapForwardingService: No service published for: iorapd
06-18 17:19:08.078 1545 1745 D hq : NetWorkStateReceiver:::检查网络,并且持续更新 isConnect=false
06-18 17:19:08.543 505 784 D WifiNl80211Manager: Scan result ready event
06-18 17:19:08.543 505 784 D WifiNative: Scan result ready event
06-18 17:19:08.577 505 606 D WificondScannerImpl: Filtering out 15 scan results.
06-18 17:19:08.590 1545 1545 E hq : NetWorkStateReceiver:::NetWorkStateReceiver onReceive: 网络变化广播 >>>> intent.action=android.net.wifi.SCAN_RESULTS
06-18 17:19:08.594 649 649 E WifiHAL : wifi_get_link_stats: requestResponse Error:-5
06-18 17:19:08.595 505 602 E WifiVendorHal: getWifiLinkLayerStats_1_5_Internal(l.1191) failed {.code = ERROR_INVALID_ARGS, .description = }
06-18 17:19:08.621 1545 1545 W eventbuscore: post Event:com.dangbei.leard.base.entity.event.NetWifiRssiEvent
06-18 17:19:08.735 505 515 I system_server: Background young concurrent copying GC freed 257684(8217KB) AllocSpace objects, 0(0B) LOS objects, 46% free, 9492KB/17MB, paused 352us total 132.393ms
06-18 17:19:08.765 505 525 W IorapForwardingService: No service published for: iorapd
06-18 17:19:09.767 505 525 W IorapForwardingService: No service published for: iorapd
06-18 17:19:10.079 1545 1745 D hq : NetWorkStateReceiver:::检查网络,并且持续更新 isConnect=false
06-18 17:19:10.716 2976 2976 I DefaultIMS: onStartInput attribute=android.view.inputmethod.EditorInfo@8313752 restarting=false inputType: 0
06-18 17:19:10.769 505 525 W IorapForwardingService: No service published for: iorapd
06-18 17:19:11.324 2464 2647 D UtilLog : 日志批量上报 进行正常循环 !!!!!!本次有0次请求,共0条数据
06-18 17:19:11.771 505 525 W IorapForwardingService: No service published for: iorapd
06-18 17:19:12.081 1545 1745 D hq : NetWorkStateReceiver:::检查网络,并且持续更新 isConnect=false
06-18 17:19:12.773 505 525 W IorapForwardingService: No service published for: iorapd
06-18 17:19:13.775 505 525 W IorapForwardingService: No service published for: iorapd
06-18 17:19:14.083 1545 1745 D hq : NetWorkStateReceiver:::检查网络,并且持续更新 isConnect=false
06-18 17:19:14.777 505 525 W IorapForwardingService: No service published for: iorapd
06-18 17:19:15.716 1859 2009 I efs.send_log: log cann't be send because net status is disconnected
06-18 17:19:15.779 505 525 W IorapForwardingService: No service published for: iorapd
06-18 17:19:16.085 1545 1742 D hq : NetWorkStateReceiver:::检查网络,并且持续更新 isConnect=false
06-18 17:19:16.780 505 525 W IorapForwardingService: No service published for: iorapd
06-18 17:19:17.781 505 525 W IorapForwardingService: No service published for: iorapd
06-18 17:19:18.087 1545 1742 D hq : NetWorkStateReceiver:::检查网络,并且持续更新 isConnect=false
06-18 17:19:18.784 505 525 W IorapForwardingService: No service published for: iorapd
06-18 17:19:19.787 505 525 W IorapForwardingService: No service published for: iorapd
06-18 17:19:20.089 1545 1742 D hq : NetWorkStateReceiver:::检查网络,并且持续更新 isConnect=false
06-18 17:19:20.789 505 525 W IorapForwardingService: No service published for: iorapd
06-18 17:19:21.025 265 280 D hdmi-cec: receive invalid cec message!
06-18 17:19:21.025 265 280 D hdmi-cec: receive poll message [04], skip!
06-18 17:19:21.324 2464 2647 D UtilLog : 日志批量上报 进行正常循环 !!!!!!本次有0次请求,共0条数据
06-18 17:19:21.790 505 525 W IorapForwardingService: No service published for: iorapd
06-18 17:19:22.090 1545 1742 D hq : NetWorkStateReceiver:::检查网络,并且持续更新 isConnect=false
06-18 17:19:22.792 505 525 W IorapForwardingService: No service published for: iorapd
06-18 17:19:23.794 505 525 W IorapForwardingService: No service published for: iorapd
06-18 17:19:24.092 1545 1742 D hq : NetWorkStateReceiver:::检查网络,并且持续更新 isConnect=false
06-18 17:19:24.796 505 525 W IorapForwardingService: No service published for: iorapd
06-18 17:19:25.764 1859 2009 I efs.send_log: log cann't be send because net status is disconnected
06-18 17:19:25.798 505 525 W IorapForwardingService: No service published for: iorapd
06-18 17:19:26.093 1545 1742 D hq : NetWorkStateReceiver:::检查网络,并且持续更新 isConnect=false
06-18 17:19:26.800 505 525 W IorapForwardingService: No service published for: iorapd
06-18 17:19:27.223 505 1054 W ZramWriteback: Writeback device is not set
06-18 17:19:27.223 505 1054 D ZramWriteback: wait to flush
06-18 17:19:27.802 505 525 W IorapForwardingService: No service published for: iorapd
06-18 17:19:28.095 1545 1742 D hq : NetWorkStateReceiver:::检查网络,并且持续更新 isConnect=false
06-18 17:19:28.805 505 525 W IorapForwardingService: No service published for: iorapd
06-18 17:19:29.807 505 525 W IorapForwardingService: No service published for: iorapd
06-18 17:19:30.097 1545 1742 D hq : NetWorkStateReceiver:::检查网络,并且持续更新 isConnect=false
06-18 17:19:30.808 505 525 W IorapForwardingService: No service published for: iorapd
06-18 17:19:31.324 2464 2647 D UtilLog : 日志批量上报 进行正常循环 !!!!!!本次有0次请求,共0条数据
06-18 17:19:31.810 505 525 W IorapForwardingService: No service published for: iorapd
06-18 17:19:32.098 1545 1742 D hq : NetWorkStateReceiver:::检查网络,并且持续更新 isConnect=false
06-18 17:19:32.812 505 525 W IorapForwardingService: No service published for: iorapd
06-18 17:19:33.814 505 525 W IorapForwardingService: No service published for: iorapd
06-18 17:19:34.100 1545 1742 D hq : NetWorkStateReceiver:::检查网络,并且持续更新 isConnect=false
06-18 17:19:34.816 505 525 W IorapForwardingService: No service published for: iorapd
06-18 17:19:35.814 1859 2009 I efs.send_log: log cann't be send because net status is disconnected
06-18 17:19:35.819 505 525 W IorapForwardingService: No service published for: iorapd
06-18 17:19:36.047 265 280 D hdmi-cec: receive invalid cec message!
06-18 17:19:36.047 265 280 D hdmi-cec: receive poll message [04], skip!
06-18 17:19:36.103 1545 1742 D hq : NetWorkStateReceiver:::检查网络,并且持续更新 isConnect=false
06-18 17:19:36.821 505 525 W IorapForwardingService: No service published for: iorapd
06-18 17:19:37.823 505 525 W IorapForwardingService: No service published for: iorapd
06-18 17:19:38.106 1545 1742 D hq : NetWorkStateReceiver:::检查网络,并且持续更新 isConnect=false
06-18 17:19:38.699 505 784 I WifiService: startScan uid=10026
06-18 17:19:38.824 505 525 W IorapForwardingService: No service published for: iorapd
06-18 17:19:39.812 505 784 D WifiNl80211Manager: Scan result ready event
06-18 17:19:39.812 505 784 D WifiNative: Scan result ready event
06-18 17:19:39.826 505 525 W IorapForwardingService: No service published for: iorapd
06-18 17:19:39.856 1545 1545 E hq : NetWorkStateReceiver:::NetWorkStateReceiver onReceive: 网络变化广播 >>>> intent.action=android.net.wifi.SCAN_RESULTS
06-18 17:19:39.861 649 649 E WifiHAL : wifi_get_link_stats: requestResponse Error:-5
06-18 17:19:39.862 505 602 E WifiVendorHal: getWifiLinkLayerStats_1_5_Internal(l.1191) failed {.code = ERROR_INVALID_ARGS, .description = }
06-18 17:19:39.884 1545 1545 W eventbuscore: post Event:com.dangbei.leard.base.entity.event.NetWifiRssiEvent
06-18 17:19:40.107 1545 1742 D hq : NetWorkStateReceiver:::检查网络,并且持续更新 isConnect=false
06-18 17:19:40.827 505 525 W IorapForwardingService: No service published for: iorapd
06-18 17:19:41.324 2464 2647 D UtilLog : 日志批量上报 进行正常循环 !!!!!!本次有0次请求,共0条数据
06-18 17:19:41.828 505 525 W IorapForwardingService: No service published for: iorapd
06-18 17:19:41.983 2976 2976 I DefaultIMS: onStartInput attribute=android.view.inputmethod.EditorInfo@73bba23 restarting=false inputType: 0
06-18 17:19:42.109 1545 1742 D hq : NetWorkStateReceiver:::检查网络,并且持续更新 isConnect=false
06-18 17:19:42.830 505 525 W IorapForwardingService: No service published for: iorapd
06-18 17:19:43.831 505 525 W IorapForwardingService: No service published for: iorapd
06-18 17:19:44.110 1545 1742 D hq : NetWorkStateReceiver:::检查网络,并且持续更新 isConnect=false
06-18 17:19:44.832 505 525 W IorapForwardingService: No service published for: iorapd
06-18 17:19:45.835 505 525 W IorapForwardingService: No service published for: iorapd
06-18 17:19:45.864 1859 2009 I efs.send_log: log cann't be send because net status is disconnected
06-18 17:19:46.112 1545 1742 D hq : NetWorkStateReceiver:::检查网络,并且持续更新 isConnect=false
06-18 17:19:46.838 505 525 W IorapForwardingService: No service published for: iorapd
06-18 17:19:47.840 505 525 W IorapForwardingService: No service published for: iorapd
06-18 17:19:48.113 1545 1742 D hq : NetWorkStateReceiver:::检查网络,并且持续更新 isConnect=false
06-18 17:19:48.842 505 525 W IorapForwardingService: No service published for: iorapd
06-18 17:19:49.844 505 525 W IorapForwardingService: No service published for: iorapd
06-18 17:19:50.115 1545 1742 D hq : NetWorkStateReceiver:::检查网络,并且持续更新 isConnect=false
06-18 17:19:50.571 265 280 D hdmi-cec: receive invalid cec message!
06-18 17:19:50.571 265 280 D hdmi-cec: receive poll message [04], skip!
06-18 17:19:50.846 505 525 W IorapForwardingService: No service published for: iorapd
06-18 17:19:51.324 2464 2647 D UtilLog : 日志批量上报 进行正常循环 !!!!!!本次有0次请求,共0条数据
06-18 17:19:51.848 505 525 W IorapForwardingService: No service published for: iorapd
06-18 17:19:52.116 1545 1742 D hq : NetWorkStateReceiver:::检查网络,并且持续更新 isConnect=false
06-18 17:19:52.850 505 525 W IorapForwardingService: No service published for: iorapd
06-18 17:19:53.853 505 525 W IorapForwardingService: No service published for: iorapd
06-18 17:19:54.118 1545 1742 D hq : NetWorkStateReceiver:::检查网络,并且持续更新 isConnect=false
06-18 17:19:54.856 505 525 W IorapForwardingService: No service published for: iorapd
06-18 17:19:55.858 505 525 W IorapForwardingService: No service published for: iorapd
06-18 17:19:55.912 1859 2009 I efs.send_log: log cann't be send because net status is disconnected
06-18 17:19:56.120 1545 1742 D hq : NetWorkStateReceiver:::检查网络,并且持续更新 isConnect=false
06-18 17:19:56.860 505 525 W IorapForwardingService: No service published for: iorapd
06-18 17:19:57.225 505 1054 W ZramWriteback: Writeback device is not set
06-18 17:19:57.225 505 1054 D ZramWriteback: wait to flush
06-18 17:19:57.242 505 533 W ProcessCpuTracker: Failed to stat(/proc/5228): android.system.ErrnoException: stat failed: ENOENT (No such file or directory)
06-18 17:19:57.242 505 533 W ProcessCpuTracker: Skipping unknown process pid 5228
06-18 17:19:57.460 5230 5230 I rgb_led_ctl: type=1400 audit(0.0:2752): avc: denied { write } for name="spidev1.0" dev="tmpfs" ino=6648 scontext=u:r:init:s0 tcontext=u:object_r:device:s0 tclass=chr_file permissive=1
06-18 17:19:57.460 5230 5230 I rgb_led_ctl: type=1400 audit(0.0:2753): avc: denied { open } for path="/dev/spidev1.0" dev="tmpfs" ino=6648 scontext=u:r:init:s0 tcontext=u:object_r:device:s0 tclass=chr_file permissive=1
06-18 17:19:57.460 5230 5230 I rgb_led_ctl: type=1400 audit(0.0:2754): avc: denied { ioctl } for path="/dev/spidev1.0" dev="tmpfs" ino=6648 ioctlcmd=0x6b01 scontext=u:r:init:s0 tcontext=u:object_r:device:s0 tclass=chr_file permissive=1
06-18 17:19:57.688 1038 1038 I net_disconnect.: type=1400 audit(0.0:2755): avc: denied { execute } for name="rgb_led_ctl" dev="dm-1" ino=188 scontext=u:r:init:s0 tcontext=u:object_r:vendor_file:s0 tclass=file permissive=1
06-18 17:19:57.688 5232 5232 I net_disconnect.: type=1400 audit(0.0:2756): avc: denied { execute_no_trans } for path="/vendor/bin/rgb_led_ctl" dev="dm-1" ino=188 scontext=u:r:init:s0 tcontext=u:object_r:vendor_file:s0 tclass=file permissive=1
06-18 17:19:57.862 505 525 W IorapForwardingService: No service published for: iorapd
06-18 17:19:58.122 1545 1742 D hq : NetWorkStateReceiver:::检查网络,并且持续更新 isConnect=false
06-18 17:19:58.864 505 525 W IorapForwardingService: No service published for: iorapd
06-18 17:19:59.866 505 525 W IorapForwardingService: No service published for: iorapd
06-18 17:20:00.124 1545 1742 D hq : NetWorkStateReceiver:::检查网络,并且持续更新 isConnect=false
06-18 17:20:00.869 505 525 W IorapForwardingService: No service published for: iorapd
06-18 17:20:01.324 2464 2647 D UtilLog : 日志批量上报 进行正常循环 !!!!!!本次有0次请求,共0条数据
06-18 17:20:01.764 1545 1545 E CrashHandler: clear CrashInfo
06-18 17:20:01.764 1545 1545 I FrameWorkHelper: setLastCrashInfo:
06-18 17:20:01.871 505 525 W IorapForwardingService: No service published for: iorapd
06-18 17:20:02.126 1545 1742 D hq : NetWorkStateReceiver:::检查网络,并且持续更新 isConnect=false
06-18 17:20:02.873 505 525 W IorapForwardingService: No service published for: iorapd
06-18 17:20:03.873 505 525 W IorapForwardingService: No service published for: iorapd
06-18 17:20:04.127 1545 1742 D hq : NetWorkStateReceiver:::检查网络,并且持续更新 isConnect=false
06-18 17:20:04.875 505 525 W IorapForwardingService: No service published for: iorapd
06-18 17:20:05.595 265 280 D hdmi-cec: receive invalid cec message!
06-18 17:20:05.595 265 280 D hdmi-cec: receive poll message [04], skip!
06-18 17:20:05.877 505 525 W IorapForwardingService: No service published for: iorapd
06-18 17:20:05.953 1859 2009 I efs.send_log: log cann't be send because net status is disconnected
06-18 17:20:06.129 1545 1742 D hq : NetWorkStateReceiver:::检查网络,并且持续更新 isConnect=false
06-18 17:20:06.822 2195 2195 D bbb : onStartCommand begin !!!!!!! data分区剩余 24997MB
06-18 17:20:06.877 505 525 W IorapForwardingService: No service published for: iorapd
06-18 17:20:07.880 505 525 W IorapForwardingService: No service published for: iorapd
06-18 17:20:08.131 1545 1742 D hq : NetWorkStateReceiver:::检查网络,并且持续更新 isConnect=false
06-18 17:20:08.882 505 525 W IorapForwardingService: No service published for: iorapd
06-18 17:20:09.884 505 525 W IorapForwardingService: No service published for: iorapd
06-18 17:20:09.966 505 784 I WifiService: startScan uid=10026
06-18 17:20:10.132 1545 1742 D hq : NetWorkStateReceiver:::检查网络,并且持续更新 isConnect=false
06-18 17:20:10.886 505 525 W IorapForwardingService: No service published for: iorapd
06-18 17:20:11.078 505 784 D WifiNl80211Manager: Scan result ready event
06-18 17:20:11.078 505 784 D WifiNative: Scan result ready event
06-18 17:20:11.118 1545 1545 E hq : NetWorkStateReceiver:::NetWorkStateReceiver onReceive: 网络变化广播 >>>> intent.action=android.net.wifi.SCAN_RESULTS
06-18 17:20:11.121 649 649 E WifiHAL : wifi_get_link_stats: requestResponse Error:-5
06-18 17:20:11.122 505 602 E WifiVendorHal: getWifiLinkLayerStats_1_5_Internal(l.1191) failed {.code = ERROR_INVALID_ARGS, .description = }
06-18 17:20:11.142 1545 1545 W eventbuscore: post Event:com.dangbei.leard.base.entity.event.NetWifiRssiEvent
06-18 17:20:11.324 2464 2647 D UtilLog : 日志批量上报 进行正常循环 !!!!!!本次有0次请求,共0条数据
06-18 17:20:11.888 505 525 W IorapForwardingService: No service published for: iorapd
06-18 17:20:12.136 1545 1742 D hq : NetWorkStateReceiver:::检查网络,并且持续更新 isConnect=false
06-18 17:20:12.890 505 525 W IorapForwardingService: No service published for: iorapd
06-18 17:20:13.234 2976 2976 I DefaultIMS: onStartInput attribute=android.view.inputmethod.EditorInfo@1371b20 restarting=false inputType: 0
06-18 17:20:13.893 505 525 W IorapForwardingService: No service published for: iorapd
06-18 17:20:14.138 1545 1742 D hq : NetWorkStateReceiver:::检查网络,并且持续更新 isConnect=false
06-18 17:20:14.895 505 525 W IorapForwardingService: No service published for: iorapd
06-18 17:20:15.897 505 525 W IorapForwardingService: No service published for: iorapd
06-18 17:20:16.000 1859 2009 I efs.send_log: log cann't be send because net status is disconnected
06-18 17:20:16.140 1545 1742 D hq : NetWorkStateReceiver:::检查网络,并且持续更新 isConnect=false
06-18 17:20:16.899 505 525 W IorapForwardingService: No service published for: iorapd
06-18 17:20:17.901 505 525 W IorapForwardingService: No service published for: iorapd
06-18 17:20:18.142 1545 1742 D hq : NetWorkStateReceiver:::检查网络,并且持续更新 isConnect=false
06-18 17:20:18.903 505 525 W IorapForwardingService: No service published for: iorapd
06-18 17:20:19.905 505 525 W IorapForwardingService: No service published for: iorapd
06-18 17:20:20.143 1545 1742 D hq : NetWorkStateReceiver:::检查网络,并且持续更新 isConnect=false
06-18 17:20:20.618 265 280 D hdmi-cec: receive invalid cec message!
06-18 17:20:20.618 265 280 D hdmi-cec: receive poll message [04], skip!
06-18 17:20:20.907 505 525 W IorapForwardingService: No service published for: iorapd
06-18 17:20:21.324 2464 2647 D UtilLog : 日志批量上报 进行正常循环 !!!!!!本次有0次请求,共0条数据
06-18 17:20:21.908 505 525 W IorapForwardingService: No service published for: iorapd
06-18 17:20:22.145 1545 1742 D hq : NetWorkStateReceiver:::检查网络,并且持续更新 isConnect=false
06-18 17:20:22.910 505 525 W IorapForwardingService: No service published for: iorapd
06-18 17:20:23.912 505 525 W IorapForwardingService: No service published for: iorapd
06-18 17:20:24.146 1545 1742 D hq : NetWorkStateReceiver:::检查网络,并且持续更新 isConnect=false
06-18 17:20:24.914 505 525 W IorapForwardingService: No service published for: iorapd
06-18 17:20:25.916 505 525 W IorapForwardingService: No service published for: iorapd
06-18 17:20:26.048 1859 2009 I efs.send_log: log cann't be send because net status is disconnected
06-18 17:20:26.148 1545 1742 D hq : NetWorkStateReceiver:::检查网络,并且持续更新 isConnect=false
06-18 17:20:26.919 505 525 W IorapForwardingService: No service published for: iorapd
06-18 17:20:27.226 505 1054 W ZramWriteback: Writeback device is not set
06-18 17:20:27.226 505 1054 D ZramWriteback: wait to flush
06-18 17:20:27.921 505 525 W IorapForwardingService: No service published for: iorapd
06-18 17:20:28.149 1545 1742 D hq : NetWorkStateReceiver:::检查网络,并且持续更新 isConnect=false
06-18 17:20:28.923 505 525 W IorapForwardingService: No service published for: iorapd
06-18 17:20:29.924 505 525 W IorapForwardingService: No service published for: iorapd
06-18 17:20:30.151 1545 1742 D hq : NetWorkStateReceiver:::检查网络,并且持续更新 isConnect=false
06-18 17:20:30.926 505 525 W IorapForwardingService: No service published for: iorapd
06-18 17:20:31.326 2464 2647 D UtilLog : 日志批量上报 进行正常循环 !!!!!!本次有0次请求,共0条数据
06-18 17:20:31.928 505 525 W IorapForwardingService: No service published for: iorapd
06-18 17:20:32.153 1545 1742 D hq : NetWorkStateReceiver:::检查网络,并且持续更新 isConnect=false
06-18 17:20:32.930 505 525 W IorapForwardingService: No service published for: iorapd
06-18 17:20:33.931 505 525 W IorapForwardingService: No service published for: iorapd
06-18 17:20:34.155 1545 1742 D hq : NetWorkStateReceiver:::检查网络,并且持续更新 isConnect=false
06-18 17:20:34.933 505 525 W IorapForwardingService: No service published for: iorapd
06-18 17:20:35.642 265 280 D hdmi-cec: receive invalid cec message!
06-18 17:20:35.642 265 280 D hdmi-cec: receive poll message [04], skip!
06-18 17:20:35.935 505 525 W IorapForwardingService: No service published for: iorapd
06-18 17:20:36.096 1859 2009 I efs.send_log: log cann't be send because net status is disconnected
06-18 17:20:36.157 1545 1742 D hq : NetWorkStateReceiver:::检查网络,并且持续更新 isConnect=false
06-18 17:20:36.937 505 525 W IorapForwardingService: No service published for: iorapd
06-18 17:20:37.939 505 525 W IorapForwardingService: No service published for: iorapd
06-18 17:20:38.158 1545 1742 D hq : NetWorkStateReceiver:::检查网络,并且持续更新 isConnect=false
06-18 17:20:38.940 505 525 W IorapForwardingService: No service published for: iorapd
06-18 17:20:39.942 505 525 W IorapForwardingService: No service published for: iorapd
06-18 17:20:40.160 1545 1742 D hq : NetWorkStateReceiver:::检查网络,并且持续更新 isConnect=false
06-18 17:20:40.944 505 525 W IorapForwardingService: No service published for: iorapd
06-18 17:20:41.232 505 784 I WifiService: startScan uid=10026
06-18 17:20:41.324 2464 2647 D UtilLog : 日志批量上报 进行正常循环 !!!!!!本次有0次请求,共0条数据
06-18 17:20:41.946 505 525 W IorapForwardingService: No service published for: iorapd
06-18 17:20:42.161 1545 1742 D hq : NetWorkStateReceiver:::检查网络,并且持续更新 isConnect=false
06-18 17:20:42.347 505 784 D WifiNl80211Manager: Scan result ready event
06-18 17:20:42.347 505 784 D WifiNative: Scan result ready event
06-18 17:20:42.386 1545 1545 E hq : NetWorkStateReceiver:::NetWorkStateReceiver onReceive: 网络变化广播 >>>> intent.action=android.net.wifi.SCAN_RESULTS
06-18 17:20:42.391 649 649 E WifiHAL : wifi_get_link_stats: requestResponse Error:-5
06-18 17:20:42.392 505 602 E WifiVendorHal: getWifiLinkLayerStats_1_5_Internal(l.1191) failed {.code = ERROR_INVALID_ARGS, .description = }
06-18 17:20:42.411 1545 1545 W eventbuscore: post Event:com.dangbei.leard.base.entity.event.NetWifiRssiEvent
06-18 17:20:42.948 505 525 W IorapForwardingService: No service published for: iorapd
06-18 17:20:43.950 505 525 W IorapForwardingService: No service published for: iorapd
06-18 17:20:44.163 1545 1741 D hq : NetWorkStateReceiver:::检查网络,并且持续更新 isConnect=false
06-18 17:20:44.501 2976 2976 I DefaultIMS: onStartInput attribute=android.view.inputmethod.EditorInfo@97a7cd9 restarting=false inputType: 0
06-18 17:20:44.953 505 525 W IorapForwardingService: No service published for: iorapd
06-18 17:20:45.955 505 525 W IorapForwardingService: No service published for: iorapd
06-18 17:20:46.144 1859 2009 I efs.send_log: log cann't be send because net status is disconnected
06-18 17:20:46.164 1545 1741 D hq : NetWorkStateReceiver:::检查网络,并且持续更新 isConnect=false
06-18 17:20:46.956 505 525 W IorapForwardingService: No service published for: iorapd
06-18 17:20:47.958 505 525 W IorapForwardingService: No service published for: iorapd
06-18 17:20:48.166 1545 1741 D hq : NetWorkStateReceiver:::检查网络,并且持续更新 isConnect=false
06-18 17:20:48.960 505 525 W IorapForwardingService: No service published for: iorapd
06-18 17:20:49.962 505 525 W IorapForwardingService: No service published for: iorapd
06-18 17:20:50.168 1545 1741 D hq : NetWorkStateReceiver:::检查网络,并且持续更新 isConnect=false
06-18 17:20:50.664 265 280 D hdmi-cec: receive invalid cec message!
06-18 17:20:50.664 265 280 D hdmi-cec: receive poll message [04], skip!
06-18 17:20:50.964 505 525 W IorapForwardingService: No service published for: iorapd
06-18 17:20:51.324 2464 2647 D UtilLog : 日志批量上报 进行正常循环 !!!!!!本次有0次请求,共0条数据
06-18 17:20:51.965 505 525 W IorapForwardingService: No service published for: iorapd
06-18 17:20:52.170 1545 1741 D hq : NetWorkStateReceiver:::检查网络,并且持续更新 isConnect=false
06-18 17:20:52.968 505 525 W IorapForwardingService: No service published for: iorapd
06-18 17:20:53.970 505 525 W IorapForwardingService: No service published for: iorapd
06-18 17:20:54.172 1545 1741 D hq : NetWorkStateReceiver:::检查网络,并且持续更新 isConnect=false
06-18 17:20:54.972 505 525 W IorapForwardingService: No service published for: iorapd
06-18 17:20:55.974 505 525 W IorapForwardingService: No service published for: iorapd
06-18 17:20:56.174 1545 1741 D hq : NetWorkStateReceiver:::检查网络,并且持续更新 isConnect=false
06-18 17:20:56.192 1859 2009 I efs.send_log: log cann't be send because net status is disconnected
06-18 17:20:56.976 505 525 W IorapForwardingService: No service published for: iorapd
06-18 17:20:57.228 505 1054 W ZramWriteback: Writeback device is not set
06-18 17:20:57.228 505 1054 D ZramWriteback: wait to flush
06-18 17:20:57.978 505 525 W IorapForwardingService: No service published for: iorapd
06-18 17:20:58.175 1545 1741 D hq : NetWorkStateReceiver:::检查网络,并且持续更新 isConnect=false
06-18 17:20:58.980 505 525 W IorapForwardingService: No service published for: iorapd
06-18 17:20:59.982 505 525 W IorapForwardingService: No service published for: iorapd
06-18 17:21:00.177 1545 1741 D hq : NetWorkStateReceiver:::检查网络,并且持续更新 isConnect=false
06-18 17:21:00.672 1125 1513 E ccc : cccccc sendCycleCheckBroadcast
06-18 17:21:00.673 1125 1513 W ContextImpl: Calling a method in the system process without a qualified user: android.app.ContextImpl.sendBroadcast:1173 android.content.ContextWrapper.sendBroadcast:479 com.dangbei.etna.setting.core.SettingHelper.sendCycleToProjector:250 com.dangbei.etna.setting.core.SettingHelper.sendCycleCheckBroadcast:219 com.dangbei.etna.setting.core.SettingHelper.startLoop$lambda-0:177
06-18 17:21:00.674 1125 1513 W ContextImpl: Calling a method in the system process without a qualified user: android.app.ContextImpl.sendBroadcast:1173 android.content.ContextWrapper.sendBroadcast:479 com.dangbei.etna.setting.core.SettingHelper.sendCycleToVoice:235 com.dangbei.etna.setting.core.SettingHelper.sendCycleCheckBroadcast:220 com.dangbei.etna.setting.core.SettingHelper.startLoop$lambda-0:177
06-18 17:21:00.677 505 2448 E ActivityManager: Sending non-protected broadcast com.dangbei.etna.setting.action_cycle_check_broadcast from system 1125:com.dangbei.lerad.etna.haqu/1000 pkg com.dangbei.lerad.etna.haqu
06-18 17:21:00.677 505 2448 E ActivityManager: java.lang.Throwable
06-18 17:21:00.677 505 2448 E ActivityManager: at com.android.server.am.ActivityManagerService.checkBroadcastFromSystem(ActivityManagerService.java:12816)
06-18 17:21:00.677 505 2448 E ActivityManager: at com.android.server.am.ActivityManagerService.broadcastIntentLocked(ActivityManagerService.java:13513)
06-18 17:21:00.677 505 2448 E ActivityManager: at com.android.server.am.ActivityManagerService.broadcastIntentLocked(ActivityManagerService.java:12833)
06-18 17:21:00.677 505 2448 E ActivityManager: at com.android.server.am.ActivityManagerService.broadcastIntentWithFeature(ActivityManagerService.java:13670)
06-18 17:21:00.677 505 2448 E ActivityManager: at android.app.IActivityManager$Stub.onTransact(IActivityManager.java:2326)
06-18 17:21:00.677 505 2448 E ActivityManager: at com.android.server.am.ActivityManagerService.onTransact(ActivityManagerService.java:2509)
06-18 17:21:00.677 505 2448 E ActivityManager: at android.os.Binder.execTransactInternal(Binder.java:1179)
06-18 17:21:00.677 505 2448 E ActivityManager: at android.os.Binder.execTransact(Binder.java:1143)
06-18 17:21:00.679 505 533 I DropBoxManagerService: add tag=system_server_wtf isTagEnabled=true flags=0x2
06-18 17:21:00.699 1528 1528 D RockyVoice: RestartReceiver onReceive
06-18 17:21:00.985 505 525 W IorapForwardingService: No service published for: iorapd
06-18 17:21:01.324 2464 2647 D UtilLog : 日志批量上报 进行正常循环 !!!!!!本次有0次请求,共0条数据
06-18 17:21:01.405 1125 1505 E dangbei111: cccccc 开始扫描
06-18 17:21:01.406 1125 1505 D BluetoothAdapter: isLeEnabled(): ON
06-18 17:21:01.987 505 525 W IorapForwardingService: No service published for: iorapd
06-18 17:21:02.178 1545 1741 D hq : NetWorkStateReceiver:::检查网络,并且持续更新 isConnect=false
06-18 17:21:02.989 505 525 W IorapForwardingService: No service published for: iorapd
06-18 17:21:03.991 505 525 W IorapForwardingService: No service published for: iorapd
06-18 17:21:04.180 1545 1741 D hq : NetWorkStateReceiver:::检查网络,并且持续更新 isConnect=false
06-18 17:21:04.992 505 525 W IorapForwardingService: No service published for: iorapd
06-18 17:21:05.687 265 280 D hdmi-cec: receive invalid cec message!
06-18 17:21:05.687 265 280 D hdmi-cec: receive poll message [04], skip!
06-18 17:21:05.994 505 525 W IorapForwardingService: No service published for: iorapd
06-18 17:21:06.181 1545 1741 D hq : NetWorkStateReceiver:::检查网络,并且持续更新 isConnect=false
06-18 17:21:06.232 1859 2009 I efs.send_log: log cann't be send because net status is disconnected
06-18 17:21:06.828 2195 2195 D bbb : onStartCommand begin !!!!!!! data分区剩余 24997MB
06-18 17:21:06.996 505 525 W IorapForwardingService: No service published for: iorapd
06-18 17:21:07.998 505 525 W IorapForwardingService: No service published for: iorapd
06-18 17:21:08.182 1545 1741 D hq : NetWorkStateReceiver:::检查网络,并且持续更新 isConnect=false
06-18 17:21:09.002 505 525 W IorapForwardingService: No service published for: iorapd
06-18 17:21:10.005 505 525 W IorapForwardingService: No service published for: iorapd
06-18 17:21:10.187 1545 1741 D hq : NetWorkStateReceiver:::检查网络,并且持续更新 isConnect=false
06-18 17:21:11.007 505 525 W IorapForwardingService: No service published for: iorapd
06-18 17:21:11.324 2464 2647 D UtilLog : 日志批量上报 进行正常循环 !!!!!!本次有0次请求,共0条数据
06-18 17:21:12.008 505 525 W IorapForwardingService: No service published for: iorapd
06-18 17:21:12.189 1545 1741 D hq : NetWorkStateReceiver:::检查网络,并且持续更新 isConnect=false
06-18 17:21:12.482 505 784 I WifiService: startScan uid=10026
06-18 17:21:13.010 505 525 W IorapForwardingService: No service published for: iorapd
06-18 17:21:13.598 505 784 D WifiNl80211Manager: Scan result ready event
06-18 17:21:13.598 505 784 D WifiNative: Scan result ready event
06-18 17:21:13.633 1545 1545 E hq : NetWorkStateReceiver:::NetWorkStateReceiver onReceive: 网络变化广播 >>>> intent.action=android.net.wifi.SCAN_RESULTS
06-18 17:21:13.637 649 649 E WifiHAL : wifi_get_link_stats: requestResponse Error:-5
06-18 17:21:13.639 505 602 E WifiVendorHal: getWifiLinkLayerStats_1_5_Internal(l.1191) failed {.code = ERROR_INVALID_ARGS, .description = }
06-18 17:21:13.660 1545 1545 W eventbuscore: post Event:com.dangbei.leard.base.entity.event.NetWifiRssiEvent
06-18 17:21:14.012 505 525 W IorapForwardingService: No service published for: iorapd
06-18 17:21:14.191 1545 1741 D hq : NetWorkStateReceiver:::检查网络,并且持续更新 isConnect=false
06-18 17:21:15.014 505 525 W IorapForwardingService: No service published for: iorapd
06-18 17:21:15.750 2976 2976 I DefaultIMS: onStartInput attribute=android.view.inputmethod.EditorInfo@407769e restarting=false inputType: 0
06-18 17:21:16.016 505 525 W IorapForwardingService: No service published for: iorapd
06-18 17:21:16.192 1545 1741 D hq : NetWorkStateReceiver:::检查网络,并且持续更新 isConnect=false
06-18 17:21:16.280 1859 2009 I efs.send_log: log cann't be send because net status is disconnected
06-18 17:21:17.019 505 525 W IorapForwardingService: No service published for: iorapd
06-18 17:21:18.021 505 525 W IorapForwardingService: No service published for: iorapd
06-18 17:21:18.194 1545 1741 D hq : NetWorkStateReceiver:::检查网络,并且持续更新 isConnect=false
06-18 17:21:19.023 505 525 W IorapForwardingService: No service published for: iorapd
06-18 17:21:20.024 505 525 W IorapForwardingService: No service published for: iorapd
06-18 17:21:20.195 1545 1741 D hq : NetWorkStateReceiver:::检查网络,并且持续更新 isConnect=false
06-18 17:21:20.710 265 280 D hdmi-cec: receive invalid cec message!
06-18 17:21:20.710 265 280 D hdmi-cec: receive poll message [04], skip!
06-18 17:21:21.026 505 525 W IorapForwardingService: No service published for: iorapd
06-18 17:21:21.324 2464 2647 D UtilLog : 日志批量上报 进行正常循环 !!!!!!本次有0次请求,共0条数据
06-18 17:21:22.028 505 525 W IorapForwardingService: No service published for: iorapd
06-18 17:21:22.197 1545 1741 D hq : NetWorkStateReceiver:::检查网络,并且持续更新 isConnect=false
06-18 17:21:23.030 505 525 W IorapForwardingService: No service published for: iorapd
06-18 17:21:24.032 505 525 W IorapForwardingService: No service published for: iorapd
06-18 17:21:24.198 1545 1741 D hq : NetWorkStateReceiver:::检查网络,并且持续更新 isConnect=false
06-18 17:21:25.036 505 525 W IorapForwardingService: No service published for: iorapd
06-18 17:21:26.038 505 525 W IorapForwardingService: No service published for: iorapd
06-18 17:21:26.201 1545 1741 D hq : NetWorkStateReceiver:::检查网络,并且持续更新 isConnect=false
06-18 17:21:26.328 1859 2009 I efs.send_log: log cann't be send because net status is disconnected
06-18 17:21:27.040 505 525 W IorapForwardingService: No service published for: iorapd
06-18 17:21:27.229 505 1054 W ZramWriteback: Writeback device is not set
06-18 17:21:27.229 505 1054 D ZramWriteback: wait to flush
06-18 17:21:28.042 505 525 W IorapForwardingService: No service published for: iorapd
06-18 17:21:28.203 1545 1742 D hq : NetWorkStateReceiver:::检查网络,并且持续更新 isConnect=false
06-18 17:21:29.044 505 525 W IorapForwardingService: No service published for: iorapd
06-18 17:21:30.046 505 525 W IorapForwardingService: No service published for: iorapd
06-18 17:21:30.204 1545 1741 D hq : NetWorkStateReceiver:::检查网络,并且持续更新 isConnect=false
06-18 17:21:31.048 505 525 W IorapForwardingService: No service published for: iorapd
06-18 17:21:31.324 2464 2647 D UtilLog : 日志批量上报 进行正常循环 !!!!!!本次有0次请求,共0条数据
06-18 17:21:32.050 505 525 W IorapForwardingService: No service published for: iorapd
06-18 17:21:32.206 1545 1741 D hq : NetWorkStateReceiver:::检查网络,并且持续更新 isConnect=false
06-18 17:21:33.053 505 525 W IorapForwardingService: No service published for: iorapd
06-18 17:21:34.055 505 525 W IorapForwardingService: No service published for: iorapd
06-18 17:21:34.208 1545 1741 D hq : NetWorkStateReceiver:::检查网络,并且持续更新 isConnect=false
06-18 17:21:35.056 505 525 W IorapForwardingService: No service published for: iorapd
06-18 17:21:35.734 265 280 D hdmi-cec: receive invalid cec message!
06-18 17:21:35.734 265 280 D hdmi-cec: receive poll message [04], skip!
06-18 17:21:36.058 505 525 W IorapForwardingService: No service published for: iorapd
06-18 17:21:36.209 1545 1741 D hq : NetWorkStateReceiver:::检查网络,并且持续更新 isConnect=false
06-18 17:21:36.378 1859 2009 I efs.send_log: log cann't be send because net status is disconnected
06-18 17:21:37.060 505 525 W IorapForwardingService: No service published for: iorapd
06-18 17:21:38.062 505 525 W IorapForwardingService: No service published for: iorapd
06-18 17:21:38.211 1545 1741 D hq : NetWorkStateReceiver:::检查网络,并且持续更新 isConnect=false
06-18 17:21:39.064 505 525 W IorapForwardingService: No service published for: iorapd
06-18 17:21:40.067 505 525 W IorapForwardingService: No service published for: iorapd
06-18 17:21:40.212 1545 1742 D hq : NetWorkStateReceiver:::检查网络,并且持续更新 isConnect=false
06-18 17:21:41.069 505 525 W IorapForwardingService: No service published for: iorapd
06-18 17:21:41.326 2464 2647 D UtilLog : 日志批量上报 进行正常循环 !!!!!!本次有0次请求,共0条数据
06-18 17:21:42.071 505 525 W IorapForwardingService: No service published for: iorapd
06-18 17:21:43.073 505 525 W IorapForwardingService: No service published for: iorapd
06-18 17:21:43.732 505 2448 I WifiService: startScan uid=10026
06-18 17:21:44.075 505 525 W IorapForwardingService: No service published for: iorapd
06-18 17:21:44.867 505 2448 D WifiNl80211Manager: Scan result ready event
06-18 17:21:44.867 505 2448 D WifiNative: Scan result ready event
06-18 17:21:44.926 1545 1545 E hq : NetWorkStateReceiver:::NetWorkStateReceiver onReceive: 网络变化广播 >>>> intent.action=android.net.wifi.SCAN_RESULTS
06-18 17:21:44.927 649 649 E WifiHAL : wifi_get_link_stats: requestResponse Error:-5
06-18 17:21:44.929 505 602 E WifiVendorHal: getWifiLinkLayerStats_1_5_Internal(l.1191) failed {.code = ERROR_INVALID_ARGS, .description = }
06-18 17:21:44.963 1545 1545 W eventbuscore: post Event:com.dangbei.leard.base.entity.event.NetWifiRssiEvent
06-18 17:21:45.068 505 515 I system_server: Background young concurrent copying GC freed 240348(7938KB) AllocSpace objects, 0(0B) LOS objects, 45% free, 9705KB/17MB, paused 293us total 124.615ms
06-18 17:21:45.077 505 525 W IorapForwardingService: No service published for: iorapd
06-18 17:21:46.079 505 525 W IorapForwardingService: No service published for: iorapd
06-18 17:21:46.428 1859 2009 I efs.send_log: log cann't be send because net status is disconnected
06-18 17:21:47.050 2976 2976 I DefaultIMS: onStartInput attribute=android.view.inputmethod.EditorInfo@985d57f restarting=false inputType: 0
06-18 17:21:47.081 505 525 W IorapForwardingService: No service published for: iorapd
06-18 17:21:48.083 505 525 W IorapForwardingService: No service published for: iorapd
06-18 17:21:49.084 505 525 W IorapForwardingService: No service published for: iorapd
06-18 17:21:50.086 505 525 W IorapForwardingService: No service published for: iorapd
06-18 17:21:50.756 265 280 D hdmi-cec: receive invalid cec message!
06-18 17:21:50.756 265 280 D hdmi-cec: receive poll message [04], skip!
06-18 17:21:51.088 505 525 W IorapForwardingService: No service published for: iorapd
06-18 17:21:51.324 2464 2647 D UtilLog : 日志批量上报 进行正常循环 !!!!!!本次有0次请求,共0条数据
06-18 17:21:52.090 505 525 W IorapForwardingService: No service published for: iorapd
06-18 17:21:53.092 505 525 W IorapForwardingService: No service published for: iorapd
06-18 17:21:54.093 505 525 W IorapForwardingService: No service published for: iorapd
06-18 17:21:55.095 505 525 W IorapForwardingService: No service published for: iorapd
06-18 17:21:56.096 505 525 W IorapForwardingService: No service published for: iorapd
06-18 17:21:56.476 1859 2009 I efs.send_log: log cann't be send because net status is disconnected
06-18 17:21:57.098 505 525 W IorapForwardingService: No service published for: iorapd
06-18 17:21:57.231 505 1054 W ZramWriteback: Writeback device is not set
06-18 17:21:57.231 505 1054 D ZramWriteback: wait to flush
06-18 17:21:58.101 505 525 W IorapForwardingService: No service published for: iorapd
06-18 17:21:59.103 505 525 W IorapForwardingService: No service published for: iorapd
06-18 17:22:00.105 505 525 W IorapForwardingService: No service published for: iorapd
06-18 17:22:01.107 505 525 W IorapForwardingService: No service published for: iorapd
06-18 17:22:01.324 2464 2647 D UtilLog : 日志批量上报 进行正常循环 !!!!!!本次有0次请求,共0条数据
06-18 17:22:02.108 505 525 W IorapForwardingService: No service published for: iorapd
06-18 17:22:03.109 505 525 W IorapForwardingService: No service published for: iorapd
06-18 17:22:04.111 505 525 W IorapForwardingService: No service published for: iorapd
06-18 17:22:05.112 505 525 W IorapForwardingService: No service published for: iorapd
06-18 17:22:05.778 265 280 D hdmi-cec: receive invalid cec message!
06-18 17:22:05.779 265 280 D hdmi-cec: receive poll message [04], skip!
06-18 17:22:06.114 505 525 W IorapForwardingService: No service published for: iorapd
06-18 17:22:06.516 1859 2009 I efs.send_log: log cann't be send because net status is disconnected
06-18 17:22:06.833 2195 2195 D bbb : onStartCommand begin !!!!!!! data分区剩余 24997MB
06-18 17:22:07.116 505 525 W IorapForwardingService: No service published for: iorapd
06-18 17:22:08.119 505 525 W IorapForwardingService: No service published for: iorapd
06-18 17:22:09.121 505 525 W IorapForwardingService: No service published for: iorapd
06-18 17:22:10.123 505 525 W IorapForwardingService: No service published for: iorapd
06-18 17:22:11.124 505 525 W IorapForwardingService: No service published for: iorapd
06-18 17:22:11.324 2464 2647 D UtilLog : 日志批量上报 进行正常循环 !!!!!!本次有0次请求,共0条数据
06-18 17:22:12.126 505 525 W IorapForwardingService: No service published for: iorapd
06-18 17:22:13.128 505 525 W IorapForwardingService: No service published for: iorapd
06-18 17:22:14.130 505 525 W IorapForwardingService: No service published for: iorapd
06-18 17:22:15.032 505 2448 I WifiService: startScan uid=10026
06-18 17:22:15.132 505 525 W IorapForwardingService: No service published for: iorapd
06-18 17:22:16.134 505 525 W IorapForwardingService: No service published for: iorapd
06-18 17:22:16.165 505 2448 D WifiNl80211Manager: Scan result ready event
06-18 17:22:16.165 505 2448 D WifiNative: Scan result ready event
06-18 17:22:16.207 1545 1545 E hq : NetWorkStateReceiver:::NetWorkStateReceiver onReceive: 网络变化广播 >>>> intent.action=android.net.wifi.SCAN_RESULTS
06-18 17:22:16.210 649 649 E WifiHAL : wifi_get_link_stats: requestResponse Error:-5
06-18 17:22:16.211 505 602 E WifiVendorHal: getWifiLinkLayerStats_1_5_Internal(l.1191) failed {.code = ERROR_INVALID_ARGS, .description = }
06-18 17:22:16.230 1545 1545 W eventbuscore: post Event:com.dangbei.leard.base.entity.event.NetWifiRssiEvent
06-18 17:22:16.564 1859 2009 I efs.send_log: log cann't be send because net status is disconnected
06-18 17:22:17.137 505 525 W IorapForwardingService: No service published for: iorapd
06-18 17:22:18.139 505 525 W IorapForwardingService: No service published for: iorapd
06-18 17:22:18.316 2976 2976 I DefaultIMS: onStartInput attribute=android.view.inputmethod.EditorInfo@442c94c restarting=false inputType: 0
06-18 17:22:19.141 505 525 W IorapForwardingService: No service published for: iorapd
06-18 17:22:20.143 505 525 W IorapForwardingService: No service published for: iorapd
06-18 17:22:20.804 265 265 D hdmi-cec: cec physical address: 2.0.0.0
06-18 17:22:20.804 265 265 D hdmi-cec: cec physical address: 2.0.0.0
06-18 17:22:20.804 265 265 D hdmi-cec: cec physical address: 2.0.0.0
06-18 17:22:20.806 265 265 D hdmi-cec: cec physical address: 2.0.0.0
06-18 17:22:20.807 265 265 D hdmi-cec: cec physical address: 2.0.0.0
06-18 17:22:21.144 505 525 W IorapForwardingService: No service published for: iorapd
06-18 17:22:21.302 265 280 D hdmi-cec: receive invalid cec message!
06-18 17:22:21.302 265 280 D hdmi-cec: receive poll message [04], skip!
06-18 17:22:21.324 2464 2647 D UtilLog : 日志批量上报 进行正常循环 !!!!!!本次有0次请求,共0条数据
06-18 17:22:22.146 505 525 W IorapForwardingService: No service published for: iorapd
06-18 17:22:23.148 505 525 W IorapForwardingService: No service published for: iorapd
06-18 17:22:24.149 505 525 W IorapForwardingService: No service published for: iorapd
06-18 17:22:25.152 505 525 W IorapForwardingService: No service published for: iorapd
06-18 17:22:26.154 505 525 W IorapForwardingService: No service published for: iorapd
06-18 17:22:26.612 1859 2009 I efs.send_log: log cann't be send because net status is disconnected
06-18 17:22:27.156 505 525 W IorapForwardingService: No service published for: iorapd
06-18 17:22:27.232 505 1054 W ZramWriteback: Writeback device is not set
06-18 17:22:27.232 505 1054 D ZramWriteback: wait to flush
06-18 17:22:28.158 505 525 W IorapForwardingService: No service published for: iorapd
06-18 17:22:29.160 505 525 W IorapForwardingService: No service published for: iorapd
06-18 17:22:29.815 659 769 I bt_btif_dm: system/bt/btif/src/btif_dm.cc:548 btif_update_remote_properties: cod from storage is also unclassified
06-18 17:22:29.827 1125 1125 E dangbei111: cccccc scan 得到的设备和状态 Dangbei E4:BB:D3:57:C0:18 10
06-18 17:22:29.829 1125 1125 E dangbei111: cccccc 扫描到了设备 Dangbei E4:BB:D3:57:C0:18
06-18 17:22:29.830 1125 1125 E dangbei111: cccccc cancelDiscovery begin
06-18 17:22:29.831 1125 1125 E dangbei111: cccccc 停止扫描,开始配对或者连接
06-18 17:22:29.831 1125 1125 D BluetoothAdapter: isLeEnabled(): ON
06-18 17:22:29.840 659 945 I bt_stack: [INFO:gatt_api.cc(1042)] GATT_Deregister gatt_if=6
06-18 17:22:29.840 1125 1125 E dangbei111: bondOrConnect state=10
06-18 17:22:29.842 1125 1125 E dangbei111: cccccc 开始配对 Dangbei E4:BB:D3:57:C0:18
06-18 17:22:29.845 659 945 I bt_btif_dm: system/bt/btif/src/btif_dm.cc:1884 btif_dm_cancel_discovery: Cancel search
06-18 17:22:29.846 659 932 I BluetoothBondStateMachine: Bond address is:E4:BB:D3:57:C0:18
06-18 17:22:29.846 659 945 I bt_btif_config: system/bt/btif/src/btif_config.cc:137 btif_get_device_type: Device [e4:bb:d3:57:c0:18] device type 2
06-18 17:22:29.847 659 945 I bt_btif_dm: system/bt/btif/src/btif_dm.cc:384 get_cod: get_cod remote_cod = 0x00001f00
06-18 17:22:29.847 1125 1125 E dangbei111: cccccc 配对结果 true Dangbei E4:BB:D3:57:C0:18
06-18 17:22:29.847 659 945 I bt_btif_dm: system/bt/btif/src/btif_dm.cc:384 get_cod: get_cod remote_cod = 0x00001f00
06-18 17:22:29.847 659 945 I bt_btif_config: system/bt/btif/src/btif_config.cc:137 btif_get_device_type: Device [e4:bb:d3:57:c0:18] device type 2
06-18 17:22:29.847 659 945 I bt_btif_dm: system/bt/btif/src/btif_dm.cc:384 get_cod: get_cod remote_cod = 0x00001f00
06-18 17:22:29.847 659 945 I bt_btif_dm: system/bt/btif/src/btif_dm.cc:451 bond_state_changed: Bond state changed to state=1 [0:none, 1:bonding, 2:bonded], prev_state=0, sdp_attempts = 0
06-18 17:22:29.847 659 945 I bt_btif_config: system/bt/btif/src/btif_config.cc:137 btif_get_device_type: Device [e4:bb:d3:57:c0:18] device type 2
