06-18 17:14:57.287 1059 1059 D vold_prepare_subdirs: Setting up mode 700 uid 0 gid 0 context u:object_r:vold_data_file:s0 on path: /data/misc_ce/0/vold
06-18 17:14:57.288 1059 1059 D vold_prepare_subdirs: Setting up mode 700 uid 0 gid 0 context u:object_r:storaged_data_file:s0 on path: /data/misc_ce/0/storaged
06-18 17:14:57.289 1059 1059 D vold_prepare_subdirs: Setting up mode 700 uid 0 gid 0 context u:object_r:rollback_data_file:s0 on path: /data/misc_ce/0/rollback
06-18 17:14:57.290 1059 1059 D vold_prepare_subdirs: Setting up mode 700 uid 0 gid 0 context u:object_r:apex_rollback_data_file:s0 on path: /data/misc_ce/0/apexrollback
06-18 17:14:57.290 1059 1059 D vold_prepare_subdirs: Setting up mode 711 uid 0 gid 0 context u:object_r:apex_module_data_file:s0 on path: /data/misc_ce/0/apexdata
06-18 17:14:57.291 1059 1059 D vold_prepare_subdirs: Setting up mode 771 uid 0 gid 1000 context u:object_r:apex_wifi_data_file:s0 on path: /data/misc_ce/0/apexdata/com.android.wifi
06-18 17:14:57.292 1059 1059 D vold_prepare_subdirs: Setting up mode 771 uid 0 gid 1000 context u:object_r:apex_module_data_file:s0 on path: /data/misc_ce/0/apexdata/com.android.vndk.v31
06-18 17:14:57.292 1059 1059 D vold_prepare_subdirs: Setting up mode 771 uid 0 gid 1000 context u:object_r:apex_module_data_file:s0 on path: /data/misc_ce/0/apexdata/com.android.tzdata
06-18 17:14:57.293 1059 1059 D vold_prepare_subdirs: Setting up mode 771 uid 0 gid 1000 context u:object_r:apex_module_data_file:s0 on path: /data/misc_ce/0/apexdata/com.android.tethering
06-18 17:14:57.294 1059 1059 D vold_prepare_subdirs: Setting up mode 771 uid 0 gid 1000 context u:object_r:apex_module_data_file:s0 on path: /data/misc_ce/0/apexdata/com.android.sdkext
06-18 17:14:57.294 1059 1059 D vold_prepare_subdirs: Setting up mode 771 uid 0 gid 1000 context u:object_r:apex_module_data_file:s0 on path: /data/misc_ce/0/apexdata/com.android.scheduling
06-18 17:14:57.295 1059 1059 D vold_prepare_subdirs: Setting up mode 771 uid 0 gid 1000 context u:object_r:apex_module_data_file:s0 on path: /data/misc_ce/0/apexdata/com.android.runtime
06-18 17:14:57.295 1059 1059 D vold_prepare_subdirs: Setting up mode 771 uid 0 gid 1000 context u:object_r:apex_module_data_file:s0 on path: /data/misc_ce/0/apexdata/com.android.resolv
06-18 17:14:57.296 1059 1059 D vold_prepare_subdirs: Setting up mode 771 uid 0 gid 1000 context u:object_r:apex_permission_data_file:s0 on path: /data/misc_ce/0/apexdata/com.android.permission
06-18 17:14:57.296 1059 1059 D vold_prepare_subdirs: Setting up mode 771 uid 0 gid 1000 context u:object_r:apex_module_data_file:s0 on path: /data/misc_ce/0/apexdata/com.android.os.statsd
06-18 17:14:57.297 1059 1059 D vold_prepare_subdirs: Setting up mode 771 uid 0 gid 1000 context u:object_r:apex_module_data_file:s0 on path: /data/misc_ce/0/apexdata/com.android.neuralnetworks
06-18 17:14:57.297 1059 1059 D vold_prepare_subdirs: Setting up mode 771 uid 0 gid 1000 context u:object_r:apex_module_data_file:s0 on path: /data/misc_ce/0/apexdata/com.android.mediaprovider
06-18 17:14:57.298 1059 1059 D vold_prepare_subdirs: Setting up mode 771 uid 0 gid 1000 context u:object_r:apex_module_data_file:s0 on path: /data/misc_ce/0/apexdata/com.android.media.swcodec
06-18 17:14:57.299 1059 1059 D vold_prepare_subdirs: Setting up mode 771 uid 0 gid 1000 context u:object_r:apex_module_data_file:s0 on path: /data/misc_ce/0/apexdata/com.android.media
06-18 17:14:57.299 1059 1059 D vold_prepare_subdirs: Setting up mode 771 uid 0 gid 1000 context u:object_r:apex_module_data_file:s0 on path: /data/misc_ce/0/apexdata/com.android.ipsec
06-18 17:14:57.300 1059 1059 D vold_prepare_subdirs: Setting up mode 771 uid 0 gid 1000 context u:object_r:apex_module_data_file:s0 on path: /data/misc_ce/0/apexdata/com.android.i18n
06-18 17:14:57.300 1059 1059 D vold_prepare_subdirs: Setting up mode 771 uid 0 gid 1000 context u:object_r:apex_module_data_file:s0 on path: /data/misc_ce/0/apexdata/com.android.extservices
06-18 17:14:57.301 1059 1059 D vold_prepare_subdirs: Setting up mode 771 uid 0 gid 1000 context u:object_r:apex_module_data_file:s0 on path: /data/misc_ce/0/apexdata/com.android.conscrypt
06-18 17:14:57.302 1059 1059 D vold_prepare_subdirs: Setting up mode 771 uid 0 gid 1000 context u:object_r:apex_module_data_file:s0 on path: /data/misc_ce/0/apexdata/com.android.art
06-18 17:14:57.302 1059 1059 D vold_prepare_subdirs: Setting up mode 771 uid 0 gid 1000 context u:object_r:apex_appsearch_data_file:s0 on path: /data/misc_ce/0/apexdata/com.android.appsearch
06-18 17:14:57.303 1059 1059 D vold_prepare_subdirs: Setting up mode 771 uid 0 gid 1000 context u:object_r:apex_module_data_file:s0 on path: /data/misc_ce/0/apexdata/com.android.adbd
06-18 17:14:57.303 1059 1059 D vold_prepare_subdirs: Setting up mode 700 uid 1000 gid 1000 context u:object_r:backup_data_file:s0 on path: /data/system_ce/0/backup
06-18 17:14:57.304 1059 1059 D vold_prepare_subdirs: Setting up mode 700 uid 1000 gid 1000 context u:object_r:backup_data_file:s0 on path: /data/system_ce/0/backup_stage
06-18 17:14:57.305 1059 1059 D vold_prepare_subdirs: Setting up mode 700 uid 1000 gid 1000 context u:object_r:face_vendor_data_file:s0 on path: /data/vendor_ce/0/facedata
06-18 17:14:57.307 505 526 V UserDataPreparer: Found /data/user/0 with serial number 0
06-18 17:14:57.308 505 526 V UserDataPreparer: Found /data/system_ce/0 with serial number -1
06-18 17:14:57.308 505 526 D UserDataPreparer: Serial number missing on /data/system_ce/0; assuming current is valid
06-18 17:14:57.309 505 526 D UserDataPreparer: Setting property: sys.user.0.ce_available=true
06-18 17:14:57.310 505 526 V PackageManager: reconcileAppsData for null u0 0x2 migrateAppData=true
01-01 08:00:22.340 127 127 I binder : undelivered transaction 22218, process died.
06-18 17:14:57.374 505 519 D WifiNl80211Manager: Scan result ready event
06-18 17:14:57.375 505 519 D WifiNative: Scan result ready event
06-18 17:14:57.404 1038 1038 I net_disconnect.: type=1400 audit(0.0:391): avc: denied { execute } for name="rgb_led_ctl" dev="dm-1" ino=188 scontext=u:r:init:s0 tcontext=u:object_r:vendor_file:s0 tclass=file permissive=1
06-18 17:14:57.408 1076 1076 I net_disconnect.: type=1400 audit(0.0:392): avc: denied { execute_no_trans } for path="/vendor/bin/rgb_led_ctl" dev="dm-1" ino=188 scontext=u:r:init:s0 tcontext=u:object_r:vendor_file:s0 tclass=file permissive=1
06-18 17:14:57.448 1076 1076 I rgb_led_ctl: type=1400 audit(0.0:393): avc: denied { write } for name="spidev1.0" dev="tmpfs" ino=6648 scontext=u:r:init:s0 tcontext=u:object_r:device:s0 tclass=chr_file permissive=1
06-18 17:14:57.448 1076 1076 I rgb_led_ctl: type=1400 audit(0.0:394): avc: denied { open } for path="/dev/spidev1.0" dev="tmpfs" ino=6648 scontext=u:r:init:s0 tcontext=u:object_r:device:s0 tclass=chr_file permissive=1
06-18 17:14:57.448 1076 1076 I rgb_led_ctl: type=1400 audit(0.0:395): avc: denied { ioctl } for path="/dev/spidev1.0" dev="tmpfs" ino=6648 ioctlcmd=0x6b01 scontext=u:r:init:s0 tcontext=u:object_r:device:s0 tclass=chr_file permissive=1
01-01 08:00:22.583 165 165 I init (165): drop_caches: 3
06-18 17:14:57.560 165 165 I init : type=1400 audit(0.0:396): avc: denied { write } for name="dirty_expire_centisecs" dev="proc" ino=16652 scontext=u:r:vendor_init:s0 tcontext=u:object_r:proc_dirty:s0 tclass=file permissive=1
06-18 17:14:57.568 332 332 I xiriservice_All: type=1400 audit(0.0:397): avc: denied { read } for scontext=u:r:init:s0 tcontext=u:r:init:s0 tclass=netlink_kobject_uevent_socket permissive=1
06-18 17:14:57.571 319 321 D XM_HIDREAD: add@ add@/kernel/slab/:0000008
01-01 08:00:22.595 1 1 I zram0 : detected capacity change from 0 to 1541578752
06-18 17:14:57.590 315 315 D XiriService: check file name: /data/data/com.android.cts.priv.ctsshim/lib
06-18 17:14:57.588 315 315 I xiriservice_All: type=1400 audit(0.0:398): avc: denied { search } for name="com.android.cts.priv.ctsshim" dev="mmcblk0p25" ino=566 scontext=u:r:init:s0 tcontext=u:object_r:privapp_data_file:s0:c512,c768 tclass=dir permissive=1
06-18 17:14:57.588 315 315 I xiriservice_All: type=1400 audit(0.0:399): avc: denied { read } for name="lib" dev="mmcblk0p25" ino=1709 scontext=u:r:init:s0 tcontext=u:object_r:privapp_data_file:s0:c512,c768 tclass=lnk_file permissive=1
06-18 17:14:57.591 315 315 D XiriService: check file name: /data/data/com.android.cts.priv.ctsshim/lib
06-18 17:14:57.595 315 315 D XiriService: check file name: /data/data/com.android.cts.priv.ctsshim/lib
06-18 17:14:57.595 315 315 D XiriService: check file name: /data/data/com.android.cts.priv.ctsshim/lib
06-18 17:14:57.595 315 315 D XiriService: check file name: /data/data/com.android.cts.priv.ctsshim/lib
06-18 17:14:57.595 315 315 D XiriService: check file name: /data/data/com.android.cts.priv.ctsshim/lib
06-18 17:14:57.596 315 315 D XiriService: check file name: /data/data/com.android.dynsystem/lib
06-18 17:14:57.596 315 315 I xiriservice_All: type=1400 audit(0.0:400): avc: denied { search } for name="com.android.dynsystem" dev="mmcblk0p25" ino=574 scontext=u:r:init:s0 tcontext=u:object_r:system_app_data_file:s0 tclass=dir permissive=1
06-18 17:14:57.596 315 315 I xiriservice_All: type=1400 audit(0.0:401): avc: denied { read } for name="lib" dev="mmcblk0p25" ino=1711 scontext=u:r:init:s0 tcontext=u:object_r:system_app_data_file:s0 tclass=lnk_file permissive=1
06-18 17:14:57.597 315 315 D XiriService: check file name: /data/data/com.android.dynsystem/lib
06-18 17:14:57.601 315 315 D XiriService: check file name: /data/data/com.android.dynsystem/lib
06-18 17:14:57.601 315 315 D XiriService: check file name: /data/data/com.android.dynsystem/lib
06-18 17:14:57.601 315 315 D XiriService: check file name: /data/data/com.android.dynsystem/lib
06-18 17:14:57.601 315 315 D XiriService: check file name: /data/data/com.android.dynsystem/lib
06-18 17:14:57.602 315 315 D XiriService: check file name: /data/data/com.dangbei.lerad.rocky/lib
01-01 08:00:22.626 1 1 I mkswap : Swapspace size: 1505444k, UUID=b07bef0b-8a43-4c9c-b68b-dabb75274999
06-18 17:14:57.600 265 265 I EventThread: type=1400 audit(0.0:402): avc: denied { search } for name="extcon" dev="sysfs" ino=18109 scontext=u:r:hal_tv_cec_default:s0 tcontext=u:object_r:sysfs_extcon:s0 tclass=dir permissive=1
06-18 17:14:57.605 315 315 D XiriService: check file name: /data/data/com.dangbei.lerad.rocky/lib
06-18 17:14:57.607 315 315 D XiriService: check file name: /data/data/com.dangbei.lerad.rocky/lib
06-18 17:14:57.607 315 315 D XiriService: check file name: /data/data/com.dangbei.lerad.rocky/lib
06-18 17:14:57.607 315 315 D XiriService: check file name: /data/data/com.dangbei.lerad.rocky/lib
06-18 17:14:57.607 315 315 D XiriService: check file name: /data/data/com.dangbei.lerad.rocky/lib
06-18 17:14:57.611 315 315 D XiriService: check file name: /data/data/com.android.tv.settings/lib
06-18 17:14:57.612 315 315 D XiriService: check file name: /data/data/com.android.tv.settings/lib
06-18 17:14:57.615 315 315 D XiriService: check file name: /data/data/com.android.tv.settings/lib
06-18 17:14:57.615 315 315 D XiriService: check file name: /data/data/com.android.tv.settings/lib
06-18 17:14:57.615 315 315 D XiriService: check file name: /data/data/com.android.tv.settings/lib
06-18 17:14:57.615 315 315 D XiriService: check file name: /data/data/com.android.tv.settings/lib
06-18 17:14:57.618 315 315 D XiriService: check file name: /data/data/com.oranth.factory/lib
06-18 17:14:57.619 315 315 D XiriService: check file name: /data/data/com.oranth.factory/lib
06-18 17:14:57.622 315 315 D XiriService: check file name: /data/data/com.oranth.factory/lib
06-18 17:14:57.622 315 315 D XiriService: check file name: /data/data/com.oranth.factory/lib
06-18 17:14:57.622 315 315 D XiriService: check file name: /data/data/com.oranth.factory/lib
06-18 17:14:57.622 315 315 D XiriService: check file name: /data/data/com.oranth.factory/lib
06-18 17:14:57.626 315 315 D XiriService: check file name: /data/data/com.dangbei.zhushou.os/lib
06-18 17:14:57.626 315 315 D XiriService: check file name: /data/data/com.dangbei.zhushou.os/lib
06-18 17:14:57.629 315 315 D XiriService: check file name: /data/data/com.dangbei.zhushou.os/lib
06-18 17:14:57.629 315 315 D XiriService: check file name: /data/data/com.dangbei.zhushou.os/lib
06-18 17:14:57.630 315 315 D XiriService: check file name: /data/data/com.dangbei.zhushou.os/lib
06-18 17:14:57.630 315 315 D XiriService: check file name: /data/data/com.dangbei.zhushou.os/lib
01-01 08:00:22.656 1 1 I : Adding 1505444k swap on /dev/block/zram0. Priority:-2 extents:1 across:1505444k SS
06-18 17:14:57.636 1079 1079 I init : type=1400 audit(0.0:403): avc: denied { entrypoint } for path="/system/bin/appsdisable" dev="dm-0" ino=892 scontext=u:r:shell:s0 tcontext=u:object_r:system_file:s0 tclass=file permissive=1
06-18 17:14:57.654 315 315 D XiriService: check file name: /data/data/com.sohu.inputmethod.sogou.tv/lib
06-18 17:14:57.652 315 315 I xiriservice_All: type=1400 audit(0.0:404): avc: denied { search } for name="com.sohu.inputmethod.sogou.tv" dev="mmcblk0p25" ino=1406 scontext=u:r:init:s0 tcontext=u:object_r:app_data_file:s0:c33,c256,c512,c768 tclass=dir permissive=1
06-18 17:14:57.652 315 315 I xiriservice_All: type=1400 audit(0.0:405): avc: denied { read } for name="lib" dev="mmcblk0p25" ino=1722 scontext=u:r:init:s0 tcontext=u:object_r:app_data_file:s0:c33,c256,c512,c768 tclass=lnk_file permissive=1
06-18 17:14:57.656 315 315 D XiriService: check file name: /data/data/com.sohu.inputmethod.sogou.tv/lib
06-18 17:14:57.666 315 315 D XiriService: check file name: /data/data/com.sohu.inputmethod.sogou.tv/lib
06-18 17:14:57.705 315 315 D XiriService: check file name: /data/data/com.oranth.ledstatus/lib
06-18 17:14:57.706 315 315 D XiriService: check file name: /data/data/com.oranth.ledstatus/lib
06-18 17:14:57.706 315 315 D XiriService: check file name: /data/data/com.oranth.ledstatus/lib
06-18 17:14:57.706 1080 1080 I bootstat: Service started: /system/bin/bootstat --record_boot_complete --record_boot_reason --record_time_since_factory_reset -l
06-18 17:14:57.710 1080 1080 E bootstat: Failed to read /data/misc/bootstat/last_boot_time_utc: No such file or directory
06-18 17:14:57.711 1080 1080 E bootstat: Failed to parse boot time record: /data/misc/bootstat/last_boot_time_utc
06-18 17:14:57.711 315 315 D XiriService: check file name: /data/data/com.oranth.ledstatus/lib
06-18 17:14:57.711 315 315 D XiriService: check file name: /data/data/com.oranth.ledstatus/lib
06-18 17:14:57.711 1080 1080 E bootstat: Failed to read /data/misc/bootstat/build_date: No such file or directory
06-18 17:14:57.711 1080 1080 E bootstat: Failed to parse boot time record: /data/misc/bootstat/build_date
06-18 17:14:57.711 1080 1080 I bootstat: Canonical boot reason: reboot,factory_reset
06-18 17:14:57.711 315 315 D XiriService: check file name: /data/data/com.oranth.ledstatus/lib
06-18 17:14:57.712 315 315 D XiriService: check file name: /data/data/com.oranth.ledstatus/lib
06-18 17:14:57.712 315 315 I xiriservice_All: type=1400 audit(0.0:406): avc: denied { search } for name="com.dangbei.lerad.videoposter" dev="mmcblk0p25" ino=746 scontext=u:r:init:s0 tcontext=u:object_r:app_data_file:s0:c512,c768 tclass=dir permissive=1
06-18 17:14:57.714 315 315 D XiriService: check file name: /data/data/com.dangbei.lerad.videoposter/lib
06-18 17:14:57.712 315 315 I xiriservice_All: type=1400 audit(0.0:407): avc: denied { read } for name="lib" dev="mmcblk0p25" ino=1726 scontext=u:r:init:s0 tcontext=u:object_r:app_data_file:s0:c512,c768 tclass=lnk_file permissive=1
06-18 17:14:57.717 1080 1080 E bootstat: Failed to read /data/misc/bootstat/post_decrypt_time_elapsed: No such file or directory
06-18 17:14:57.717 1080 1080 E bootstat: Failed to parse boot time record: /data/misc/bootstat/post_decrypt_time_elapsed
06-18 17:14:57.717 315 315 D XiriService: check file name: /data/data/com.dangbei.lerad.videoposter/lib
06-18 17:14:57.723 1080 1080 E bootstat: Failed to read /data/misc/bootstat/factory_reset: No such file or directory
06-18 17:14:57.723 1080 1080 E bootstat: Failed to parse boot time record: /data/misc/bootstat/factory_reset
06-18 17:14:57.724 1080 1080 W bootstat: LogBootEvents, atomInfo not defined for events:last_boot_time_utc,build_date,ro.boottime.init.cold_boot_wait,boot_reason,system_boot_reason
06-18 17:14:57.725 315 315 D XiriService: check file name: /data/data/com.dangbei.lerad.videoposter/lib
06-18 17:14:57.725 315 315 D XiriService: check file name: /data/data/com.dangbei.lerad.videoposter/lib
06-18 17:14:57.726 315 315 D XiriService: check file name: /data/data/com.dangbei.lerad.videoposter/lib
06-18 17:14:57.728 315 315 D XiriService: check file name: /data/data/com.dangbei.lerad.videoposter/lib
06-18 17:14:57.750 315 315 D XiriService: check file name: /data/data/com.android.networkstack/lib
06-18 17:14:57.748 315 315 I xiriservice_All: type=1400 audit(0.0:408): avc: denied { read } for name="lib" dev="mmcblk0p25" ino=1728 scontext=u:r:init:s0 tcontext=u:object_r:radio_data_file:s0 tclass=lnk_file permissive=1
06-18 17:14:57.752 315 315 D XiriService: check file name: /data/data/com.android.networkstack/lib
06-18 17:14:57.752 315 315 D XiriService: check file name: /data/data/com.android.networkstack/lib
06-18 17:14:57.757 315 315 D XiriService: check file name: /data/data/com.android.networkstack/lib
06-18 17:14:57.757 315 315 D XiriService: check file name: /data/data/com.android.networkstack/lib
06-18 17:14:57.757 315 315 D XiriService: check file name: /data/data/com.android.networkstack/lib
06-18 17:14:57.758 315 315 D XiriService: check file name: /data/data/com.android.networkstack/lib
06-18 17:14:57.766 319 321 D XM_HIDREAD: add@ add@/class/hci_reg
06-18 17:14:57.766 319 321 D XM_HIDREAD: add@ add@/module/sunxi_hci
06-18 17:14:57.764 332 332 I xiriservice_All: type=1400 audit(0.0:409): avc: denied { read } for scontext=u:r:init:s0 tcontext=u:r:init:s0 tclass=netlink_kobject_uevent_socket permissive=1
06-18 17:14:57.780 1088 1088 I runin.sh: type=1400 audit(0.0:410): avc: denied { dac_read_search } for capability=2 scontext=u:r:shell:s0 tcontext=u:r:shell:s0 tclass=capability permissive=1
06-18 17:14:57.788 315 315 D XiriService: check file name: /data/data/android/lib
06-18 17:14:57.788 315 315 D XiriService: check file name: /data/data/android/lib
06-18 17:14:57.789 315 315 D XiriService: check file name: /data/data/android/lib
06-18 17:14:57.789 315 315 D XiriService: check file name: /data/data/android/lib
06-18 17:14:57.793 315 315 D XiriService: check file name: /data/data/android/lib
06-18 17:14:57.793 315 315 D XiriService: check file name: /data/data/android/lib
06-18 17:14:57.793 315 315 D XiriService: check file name: /data/data/android/lib
06-18 17:14:57.794 315 315 D XiriService: check file name: /data/data/android/lib
06-18 17:14:57.806 319 321 D XM_HIDREAD: add@ add@/devices/virtual/devlink/regulator.8--5101000.ehci0-controller
01-01 08:00:22.828 165 165 W sunxi-ehci: EHCI SUNXI driver
01-01 08:00:22.829 165 165 W : sunxi ehci0-controller don't init wakeup source
01-01 08:00:22.829 165 165 W [sunxi-ehci0]: probe, pdev->name: 5101000.ehci0-controller, sunxi_ehci: 0xffffffc008f81018, 0x:ffffffc012205000, irq_no:32
01-01 08:00:22.831 165 165 I sunxi-ehci 5101000.ehci0-controller: EHCI Host Controller
01-01 08:00:22.831 165 165 I sunxi-ehci 5101000.ehci0-controller: new USB bus registered, assigned bus number 1
01-01 08:00:22.831 165 165 I sunxi-ehci 5101000.ehci0-controller: irq 50, io mem 0x05101000
06-18 17:14:57.825 315 315 D XiriService: check file name: /data/data/com.dangbei.screencast/lib
06-18 17:14:57.825 319 321 D XM_HIDREAD: add@ add@/devices/platform/soc@3000000/5101000.ehci0-controller/usb1
06-18 17:14:57.826 315 315 D XiriService: check file name: /data/data/com.dangbei.screencast/lib
01-01 08:00:22.848 165 165 I sunxi-ehci 5101000.ehci0-controller: USB 2.0 started, EHCI 1.00
01-01 08:00:22.848 165 165 I usb1 : New USB device found, idVendor=1d6b, idProduct=0002, bcdDevice= 5.04
01-01 08:00:22.848 165 165 I usb1 : New USB device strings: Mfr=3, Product=2, SerialNumber=1
01-01 08:00:22.848 165 165 I usb1 : Product: EHCI Host Controller
01-01 08:00:22.848 165 165 I usb1 : Manufacturer: Linux 5.4.125+ ehci_hcd
01-01 08:00:22.848 165 165 I usb1 : SerialNumber: sunxi-ehci
06-18 17:14:57.830 315 315 D XiriService: check file name: /data/data/com.dangbei.screencast/lib
06-18 17:14:57.830 315 315 D XiriService: check file name: /data/data/com.dangbei.screencast/lib
06-18 17:14:57.831 319 321 D XM_HIDREAD: add@ add@/devices/platform/soc@3000000/5101000.ehci0-controller/usb1/1-0:1.0
06-18 17:14:57.831 315 315 D XiriService: check file name: /data/data/com.dangbei.screencast/lib
06-18 17:14:57.831 315 315 D XiriService: check file name: /data/data/com.dangbei.screencast/lib
01-01 08:00:22.855 165 165 I hub 1-0 : 1.0: USB hub found
01-01 08:00:22.855 165 165 I hub 1-0 : 1.0: 1 port detected
06-18 17:14:57.835 319 321 D XM_HIDREAD: add@ add@/devices/virtual/devlink/regulator.8--5200000.ehci1-controller
01-01 08:00:22.857 165 165 W : sunxi ehci1-controller don't init wakeup source
01-01 08:00:22.857 165 165 W [sunxi-ehci1]: probe, pdev->name: 5200000.ehci1-controller, sunxi_ehci: 0xffffffc008f816d8, 0x:ffffffc01341f000, irq_no:34
01-01 08:00:22.858 165 165 I sunxi-ehci 5200000.ehci1-controller: EHCI Host Controller
01-01 08:00:22.858 165 165 I sunxi-ehci 5200000.ehci1-controller: new USB bus registered, assigned bus number 2
01-01 08:00:22.859 165 165 I sunxi-ehci 5200000.ehci1-controller: irq 52, io mem 0x05200000
06-18 17:14:57.842 315 315 D XiriService: check file name: /data/data/com.dangbei.leard.leradlauncher/lib
06-18 17:14:57.843 315 315 D XiriService: check file name: /data/data/com.dangbei.leard.leradlauncher/lib
06-18 17:14:57.846 315 315 D XiriService: check file name: /data/data/com.dangbei.leard.leradlauncher/lib
06-18 17:14:57.846 315 315 D XiriService: check file name: /data/data/com.dangbei.leard.leradlauncher/lib
06-18 17:14:57.846 315 315 D XiriService: check file name: /data/data/com.dangbei.leard.leradlauncher/lib
06-18 17:14:57.846 315 315 D XiriService: check file name: /data/data/com.dangbei.leard.leradlauncher/lib
06-18 17:14:57.847 315 315 D XiriService: check file name: /data/data/com.android.providers.settings/lib
06-18 17:14:57.848 315 315 D XiriService: check file name: /data/data/com.android.providers.settings/lib
06-18 17:14:57.851 315 315 D XiriService: check file name: /data/data/com.android.providers.settings/lib
06-18 17:14:57.851 315 315 D XiriService: check file name: /data/data/com.android.providers.settings/lib
06-18 17:14:57.851 315 315 D XiriService: check file name: /data/data/com.android.providers.settings/lib
06-18 17:14:57.851 315 315 D XiriService: check file name: /data/data/com.android.providers.settings/lib
06-18 17:14:57.855 315 315 D XiriService: check file name: /data/data/com.android.printspooler/lib
06-18 17:14:57.852 315 315 I xiriservice_All: type=1400 audit(0.0:411): avc: denied { search } for name="com.android.printspooler" dev="mmcblk0p25" ino=934 scontext=u:r:init:s0 tcontext=u:object_r:app_data_file:s0:c50,c256,c512,c768 tclass=dir permissive=1
06-18 17:14:57.852 315 315 I xiriservice_All: type=1400 audit(0.0:412): avc: denied { read } for name="lib" dev="mmcblk0p25" ino=1734 scontext=u:r:init:s0 tcontext=u:object_r:app_data_file:s0:c50,c256,c512,c768 tclass=lnk_file permissive=1
06-18 17:14:57.856 315 315 D XiriService: check file name: /data/data/com.android.printspooler/lib
01-01 08:00:22.872 165 165 I sunxi-ehci 5200000.ehci1-controller: USB 2.0 started, EHCI 1.00
01-01 08:00:22.872 165 165 E debugfs : Directory 'sunxi-ehci' with parent 'ehci' already present!
06-18 17:14:57.858 319 321 D XM_HIDREAD: add@ add@/devices/platform/soc@3000000/5200000.ehci1-controller/usb2
06-18 17:14:57.859 319 321 D XM_HIDREAD: add@ add@/devices/platform/soc@3000000/5200000.ehci1-controller/usb2/2-0:1.0
06-18 17:14:57.860 315 315 D XiriService: check file name: /data/data/com.android.printspooler/lib
06-18 17:14:57.860 315 315 D XiriService: check file name: /data/data/com.android.printspooler/lib
06-18 17:14:57.860 315 315 D XiriService: check file name: /data/data/com.android.printspooler/lib
06-18 17:14:57.860 315 315 D XiriService: check file name: /data/data/com.android.printspooler/lib
01-01 08:00:22.881 165 165 I usb2 : New USB device found, idVendor=1d6b, idProduct=0002, bcdDevice= 5.04
01-01 08:00:22.881 165 165 I usb2 : New USB device strings: Mfr=3, Product=2, SerialNumber=1
01-01 08:00:22.881 165 165 I usb2 : Product: EHCI Host Controller
01-01 08:00:22.881 165 165 I usb2 : Manufacturer: Linux 5.4.125+ ehci_hcd
01-01 08:00:22.881 165 165 I usb2 : SerialNumber: sunxi-ehci
01-01 08:00:22.883 165 165 I hub 2-0 : 1.0: USB hub found
01-01 08:00:22.883 165 165 I hub 2-0 : 1.0: 1 port detected
06-18 17:14:57.863 319 321 D XM_HIDREAD: add@ add@/devices/virtual/devlink/regulator.8--5310000.ehci2-controller
01-01 08:00:22.886 165 165 W : sunxi ehci2-controller don't init wakeup source
01-01 08:00:22.886 165 165 W [sunxi-ehci2]: probe, pdev->name: 5310000.ehci2-controller, sunxi_ehci: 0xffffffc008f81d98, 0x:ffffffc01349d000, irq_no:36
01-01 08:00:22.887 165 165 I sunxi-ehci 5310000.ehci2-controller: EHCI Host Controller
01-01 08:00:22.887 165 165 I sunxi-ehci 5310000.ehci2-controller: new USB bus registered, assigned bus number 3
01-01 08:00:22.887 165 165 I sunxi-ehci 5310000.ehci2-controller: irq 54, io mem 0x05310000
06-18 17:14:57.866 315 315 D XiriService: check file name: /data/data/com.android.webview/lib
06-18 17:14:57.864 315 315 I xiriservice_All: type=1400 audit(0.0:413): avc: denied { search } for name="com.android.webview" dev="mmcblk0p25" ino=950 scontext=u:r:init:s0 tcontext=u:object_r:app_data_file:s0:c60,c256,c512,c768 tclass=dir permissive=1
06-18 17:14:57.864 315 315 I xiriservice_All: type=1400 audit(0.0:414): avc: denied { read } for name="lib" dev="mmcblk0p25" ino=1736 scontext=u:r:init:s0 tcontext=u:object_r:app_data_file:s0:c60,c256,c512,c768 tclass=lnk_file permissive=1
06-18 17:14:57.867 315 315 D XiriService: check file name: /data/data/com.android.webview/lib
06-18 17:14:57.871 315 315 D XiriService: check file name: /data/data/com.android.webview/lib
06-18 17:14:57.871 315 315 D XiriService: check file name: /data/data/com.android.webview/lib
06-18 17:14:57.871 315 315 D XiriService: check file name: /data/data/com.android.webview/lib
06-18 17:14:57.871 315 315 D XiriService: check file name: /data/data/com.android.webview/lib
06-18 17:14:57.878 315 315 D XiriService: check file name: /data/data/com.android.inputdevices/lib
06-18 17:14:57.878 315 315 D XiriService: check file name: /data/data/com.android.inputdevices/lib
06-18 17:14:57.881 315 315 D XiriService: check file name: /data/data/com.android.inputdevices/lib
06-18 17:14:57.882 315 315 D XiriService: check file name: /data/data/com.android.inputdevices/lib
06-18 17:14:57.882 315 315 D XiriService: check file name: /data/data/com.android.inputdevices/lib
06-18 17:14:57.882 315 315 D XiriService: check file name: /data/data/com.android.inputdevices/lib
06-18 17:14:57.882 315 315 D XiriService: check file name: /data/data/com.android.bips/lib
06-18 17:14:57.884 315 315 D XiriService: check file name: /data/data/com.android.bips/lib
06-18 17:14:57.886 315 315 D XiriService: check file name: /data/data/com.android.bips/lib
06-18 17:14:57.886 315 315 D XiriService: check file name: /data/data/com.android.bips/lib
06-18 17:14:57.886 315 315 D XiriService: check file name: /data/data/com.android.bips/lib
06-18 17:14:57.887 315 315 D XiriService: check file name: /data/data/com.android.bips/lib
06-18 17:14:57.887 315 315 D XiriService: check file name: /data/data/com.oranth.inputmacsn/lib
06-18 17:14:57.888 315 315 D XiriService: check file name: /data/data/com.oranth.inputmacsn/lib
01-01 08:00:22.905 165 165 I sunxi-ehci 5310000.ehci2-controller: USB 2.0 started, EHCI 1.00
01-01 08:00:22.905 165 165 E debugfs : Directory 'sunxi-ehci' with parent 'ehci' already present!
06-18 17:14:57.891 319 321 D XM_HIDREAD: add@ add@/devices/platform/soc@3000000/5310000.ehci2-controller/usb3
06-18 17:14:57.891 319 321 D XM_HIDREAD: add@ add@/devices/platform/soc@3000000/5310000.ehci2-controller/usb3/3-0:1.0
01-01 08:00:22.914 165 165 I usb3 : New USB device found, idVendor=1d6b, idProduct=0002, bcdDevice= 5.04
01-01 08:00:22.914 165 165 I usb3 : New USB device strings: Mfr=3, Product=2, SerialNumber=1
01-01 08:00:22.914 165 165 I usb3 : Product: EHCI Host Controller
01-01 08:00:22.914 165 165 I usb3 : Manufacturer: Linux 5.4.125+ ehci_hcd
01-01 08:00:22.914 165 165 I usb3 : SerialNumber: sunxi-ehci
01-01 08:00:22.915 165 165 I hub 3-0 : 1.0: USB hub found
01-01 08:00:22.915 165 165 I hub 3-0 : 1.0: 1 port detected
06-18 17:14:57.892 315 315 D XiriService: check file name: /data/data/com.oranth.inputmacsn/lib
06-18 17:14:57.894 319 321 D XM_HIDREAD: add@ add@/devices/virtual/devlink/regulator.8--5311000.ehci3-controller
01-01 08:00:22.918 165 165 W : sunxi ehci3-controller don't init wakeup source
01-01 08:00:22.918 165 165 W [sunxi-ehci3]: probe, pdev->name: 5311000.ehci3-controller, sunxi_ehci: 0xffffffc008f82458, 0x:ffffffc0134fd000, irq_no:38
01-01 08:00:22.918 165 165 I sunxi-ehci 5311000.ehci3-controller: EHCI Host Controller
01-01 08:00:22.918 165 165 I sunxi-ehci 5311000.ehci3-controller: new USB bus registered, assigned bus number 4
01-01 08:00:22.918 165 165 I sunxi-ehci 5311000.ehci3-controller: irq 56, io mem 0x05311000
06-18 17:14:57.907 315 315 D XiriService: check file name: /data/data/com.android.keychain/lib
06-18 17:14:57.908 315 315 D XiriService: check file name: /data/data/com.android.keychain/lib
01-01 08:00:22.932 165 165 I sunxi-ehci 5311000.ehci3-controller: USB 2.0 started, EHCI 1.00
01-01 08:00:22.932 165 165 E debugfs : Directory 'sunxi-ehci' with parent 'ehci' already present!
06-18 17:14:57.918 319 321 D XM_HIDREAD: add@ add@/devices/platform/soc@3000000/5311000.ehci3-controller/usb4
06-18 17:14:57.920 319 321 D XM_HIDREAD: add@ add@/devices/platform/soc@3000000/5311000.ehci3-controller/usb4/4-0:1.0
06-18 17:14:57.921 315 315 D XiriService: check file name: /data/data/com.android.keychain/lib
01-01 08:00:22.941 165 165 I usb4 : New USB device found, idVendor=1d6b, idProduct=0002, bcdDevice= 5.04
01-01 08:00:22.941 165 165 I usb4 : New USB device strings: Mfr=3, Product=2, SerialNumber=1
01-01 08:00:22.941 165 165 I usb4 : Product: EHCI Host Controller
01-01 08:00:22.941 165 165 I usb4 : Manufacturer: Linux 5.4.125+ ehci_hcd
01-01 08:00:22.941 165 165 I usb4 : SerialNumber: sunxi-ehci
01-01 08:00:22.944 165 165 I hub 4-0 : 1.0: USB hub found
01-01 08:00:22.944 165 165 I hub 4-0 : 1.0: 1 port detected
06-18 17:14:57.923 319 321 D XM_HIDREAD: add@ add@/bus/platform/drivers/sunxi-ehci
06-18 17:14:57.923 319 321 D XM_HIDREAD: add@ add@/module/ehci_sunxi
06-18 17:14:57.930 315 315 D XiriService: check file name: /data/data/android.ext.services/lib
06-18 17:14:57.932 315 315 D XiriService: check file name: /data/data/android.ext.services/lib
06-18 17:14:57.932 315 315 D XiriService: check file name: /data/data/android.ext.services/lib
06-18 17:14:57.935 315 315 D XiriService: check file name: /data/data/android.ext.services/lib
06-18 17:14:57.935 315 315 D XiriService: check file name: /data/data/android.ext.services/lib
06-18 17:14:57.935 315 315 D XiriService: check file name: /data/data/android.ext.services/lib
06-18 17:14:57.935 315 315 D XiriService: check file name: /data/data/android.ext.services/lib
06-18 17:14:57.939 315 315 D XiriService: check file name: /data/data/com.android.localtransport/lib
06-18 17:14:57.940 315 315 D XiriService: check file name: /data/data/com.android.localtransport/lib
06-18 17:14:57.940 315 315 D XiriService: check file name: /data/data/com.android.localtransport/lib
06-18 17:14:57.942 315 315 D XiriService: check file name: /data/data/com.android.localtransport/lib
06-18 17:14:57.942 315 315 D XiriService: check file name: /data/data/com.android.localtransport/lib
06-18 17:14:57.943 315 315 D XiriService: check file name: /data/data/com.android.localtransport/lib
06-18 17:14:57.943 315 315 D XiriService: check file name: /data/data/com.android.localtransport/lib
06-18 17:14:57.943 315 315 D XiriService: check file name: /data/data/com.android.packageinstaller/lib
06-18 17:14:57.945 315 315 D XiriService: check file name: /data/data/com.android.packageinstaller/lib
06-18 17:14:57.947 315 315 D XiriService: check file name: /data/data/com.android.packageinstaller/lib
06-18 17:14:57.947 315 315 D XiriService: check file name: /data/data/com.android.packageinstaller/lib
06-18 17:14:57.947 315 315 D XiriService: check file name: /data/data/com.android.packageinstaller/lib
06-18 17:14:57.947 315 315 D XiriService: check file name: /data/data/com.android.packageinstaller/lib
06-18 17:14:57.959 315 315 D XiriService: check file name: /data/data/com.oranth.usbopenft/lib
06-18 17:14:57.960 315 315 D XiriService: check file name: /data/data/com.oranth.usbopenft/lib
06-18 17:14:57.961 319 321 D XM_HIDREAD: add@ add@/devices/virtual/devlink/regulator.8--5101400.ohci0-controller
06-18 17:14:57.963 315 315 D XiriService: check file name: /data/data/com.oranth.usbopenft/lib
06-18 17:14:57.964 315 315 D XiriService: check file name: /data/data/com.oranth.usbopenft/lib
01-01 08:00:22.984 165 165 W sunxi-ohci: OHCI SUNXI driver
01-01 08:00:22.985 165 165 W : sunxi ohci0-controller don't init wakeup source
01-01 08:00:22.985 165 165 W [sunxi-ohci0]: probe, pdev->name: 5101400.ohci0-controller, sunxi_ohci: 0xffffffc008f81378
01-01 08:00:22.985 165 165 I sunxi-ohci 5101400.ohci0-controller: OHCI Host Controller
01-01 08:00:22.985 165 165 I sunxi-ohci 5101400.ohci0-controller: new USB bus registered, assigned bus number 5
06-18 17:14:57.964 315 315 D XiriService: check file name: /data/data/com.oranth.usbopenft/lib
01-01 08:00:22.986 165 165 I sunxi-ohci 5101400.ohci0-controller: irq 51, io mem 0x05101400
06-18 17:14:57.964 315 315 D XiriService: check file name: /data/data/com.oranth.usbopenft/lib
06-18 17:14:57.965 315 315 D XiriService: check file name: /data/data/com.android.networkstack.tethering/lib
06-18 17:14:57.965 315 315 D XiriService: check file name: /data/data/com.android.networkstack.tethering/lib
06-18 17:14:57.968 315 315 D XiriService: check file name: /data/data/com.android.networkstack.tethering/lib
06-18 17:14:57.968 315 315 D XiriService: check file name: /data/data/com.android.networkstack.tethering/lib
06-18 17:14:57.969 315 315 D XiriService: check file name: /data/data/com.android.networkstack.tethering/lib
06-18 17:14:57.969 315 315 D XiriService: check file name: /data/data/com.android.networkstack.tethering/lib
06-18 17:14:57.973 315 315 D XiriService: check file name: /data/data/com.dangbei.lerad.etna.haqu/lib
06-18 17:14:57.974 315 315 D XiriService: check file name: /data/data/com.dangbei.lerad.etna.haqu/lib
06-18 17:14:57.977 315 315 D XiriService: check file name: /data/data/com.dangbei.lerad.etna.haqu/lib
06-18 17:14:57.977 315 315 D XiriService: check file name: /data/data/com.dangbei.lerad.etna.haqu/lib
06-18 17:14:57.978 315 315 D XiriService: check file name: /data/data/com.dangbei.lerad.etna.haqu/lib
06-18 17:14:57.978 315 315 D XiriService: check file name: /data/data/com.dangbei.lerad.etna.haqu/lib
06-18 17:14:57.984 1094 1094 I rgb_led_ctl: type=1400 audit(0.0:415): avc: denied { write } for name="spidev1.0" dev="tmpfs" ino=6648 scontext=u:r:init:s0 tcontext=u:object_r:device:s0 tclass=chr_file permissive=1
06-18 17:14:57.984 1094 1094 I rgb_led_ctl: type=1400 audit(0.0:416): avc: denied { open } for path="/dev/spidev1.0" dev="tmpfs" ino=6648 scontext=u:r:init:s0 tcontext=u:object_r:device:s0 tclass=chr_file permissive=1
01-01 08:00:23.010 1094 1094 W audit : audit_lost=1 audit_rate_limit=5 audit_backlog_limit=64
01-01 08:00:23.010 1094 1094 E audit : rate limit exceeded
06-18 17:14:57.992 315 315 D XiriService: check file name: /data/data/com.oranth.powerwindow/lib
06-18 17:14:57.993 315 315 D XiriService: check file name: /data/data/com.oranth.powerwindow/lib
06-18 17:14:57.996 315 315 D XiriService: check file name: /data/data/com.oranth.powerwindow/lib
06-18 17:14:57.996 315 315 D XiriService: check file name: /data/data/com.oranth.powerwindow/lib
06-18 17:14:57.997 315 315 D XiriService: check file name: /data/data/com.oranth.powerwindow/lib
06-18 17:14:57.997 315 315 D XiriService: check file name: /data/data/com.oranth.powerwindow/lib
06-18 17:14:58.005 315 315 D XiriService: check file name: /data/data/com.android.networkstack.permissionconfig/lib
06-18 17:14:58.005 315 315 D XiriService: check file name: /data/data/com.android.networkstack.permissionconfig/lib
06-18 17:14:58.009 315 315 D XiriService: check file name: /data/data/com.android.networkstack.permissionconfig/lib
06-18 17:14:58.009 315 315 D XiriService: check file name: /data/data/com.android.networkstack.permissionconfig/lib
06-18 17:14:58.010 315 315 D XiriService: check file name: /data/data/com.android.networkstack.permissionconfig/lib
06-18 17:14:58.010 315 315 D XiriService: check file name: /data/data/com.android.networkstack.permissionconfig/lib
06-18 17:14:58.014 315 315 D XiriService: check file name: /data/data/com.dangbei.lerad.screensaver/lib
06-18 17:14:58.015 315 315 D XiriService: check file name: /data/data/com.dangbei.lerad.screensaver/lib
06-18 17:14:58.019 315 315 D XiriService: check file name: /data/data/com.dangbei.lerad.screensaver/lib
06-18 17:14:58.019 315 315 D XiriService: check file name: /data/data/com.dangbei.lerad.screensaver/lib
06-18 17:14:58.025 319 321 D XM_HIDREAD: add@ add@/devices/platform/soc@3000000/5101400.ohci0-controller/usb5
06-18 17:14:58.026 319 321 D XM_HIDREAD: add@ add@/devices/platform/soc@3000000/5101400.ohci0-controller/usb5/5-0:1.0
01-01 08:00:23.048 165 165 I usb5 : New USB device found, idVendor=1d6b, idProduct=0001, bcdDevice= 5.04
01-01 08:00:23.048 165 165 I usb5 : New USB device strings: Mfr=3, Product=2, SerialNumber=1
01-01 08:00:23.048 165 165 I usb5 : Product: OHCI Host Controller
01-01 08:00:23.048 165 165 I usb5 : Manufacturer: Linux 5.4.125+ ohci_hcd
01-01 08:00:23.048 165 165 I usb5 : SerialNumber: sunxi-ohci
01-01 08:00:23.050 165 165 I hub 5-0 : 1.0: USB hub found
01-01 08:00:23.050 165 165 I hub 5-0 : 1.0: 1 port detected
06-18 17:14:58.029 319 321 D XM_HIDREAD: add@ add@/devices/virtual/devlink/regulator.8--5200400.ohci1-controller
01-01 08:00:23.053 165 165 W : sunxi ohci1-controller don't init wakeup source
01-01 08:00:23.053 165 165 W [sunxi-ohci1]: probe, pdev->name: 5200400.ohci1-controller, sunxi_ohci: 0xffffffc008f81a38
01-01 08:00:23.053 165 165 I sunxi-ohci 5200400.ohci1-controller: OHCI Host Controller
01-01 08:00:23.053 165 165 I sunxi-ohci 5200400.ohci1-controller: new USB bus registered, assigned bus number 6
01-01 08:00:23.054 165 165 E debugfs : Directory 'sunxi-ohci' with parent 'ohci' already present!
01-01 08:00:23.063 165 165 I sunxi-ohci 5200400.ohci1-controller: irq 53, io mem 0x05200400
06-18 17:14:58.041 315 315 D XiriService: check file name: /data/data/com.android.wallpaperbackup/lib
06-18 17:14:58.041 315 315 D XiriService: check file name: /data/data/com.android.wallpaperbackup/lib
06-18 17:14:58.044 315 315 D XiriService: check file name: /data/data/com.android.wallpaperbackup/lib
06-18 17:14:58.044 315 315 D XiriService: check file name: /data/data/com.android.wallpaperbackup/lib
06-18 17:14:58.044 315 315 D XiriService: check file name: /data/data/com.android.wallpaperbackup/lib
06-18 17:14:58.044 315 315 D XiriService: check file name: /data/data/com.android.wallpaperbackup/lib
06-18 17:14:58.051 315 315 D XiriService: check file name: /data/data/com.android.providers.media.module/lib
06-18 17:14:58.052 315 315 D XiriService: check file name: /data/data/com.android.providers.media.module/lib
06-18 17:14:58.054 315 315 D XiriService: check file name: /data/data/com.android.providers.media.module/lib
06-18 17:14:58.054 315 315 D XiriService: check file name: /data/data/com.android.providers.media.module/lib
06-18 17:14:58.054 315 315 D XiriService: check file name: /data/data/com.android.providers.media.module/lib
06-18 17:14:58.054 315 315 D XiriService: check file name: /data/data/com.android.providers.media.module/lib
06-18 17:14:58.058 315 315 D XiriService: check file name: /data/data/com.oranth.storage/lib
06-18 17:14:58.059 315 315 D XiriService: check file name: /data/data/com.oranth.storage/lib
06-18 17:14:58.061 315 315 D XiriService: check file name: /data/data/com.oranth.storage/lib
06-18 17:14:58.061 315 315 D XiriService: check file name: /data/data/com.oranth.storage/lib
06-18 17:14:58.062 315 315 D XiriService: check file name: /data/data/com.oranth.storage/lib
06-18 17:14:58.062 315 315 D XiriService: check file name: /data/data/com.oranth.storage/lib
06-18 17:14:58.068 315 315 D XiriService: check file name: /data/data/com.android.location.fused/lib
06-18 17:14:58.069 315 315 D XiriService: check file name: /data/data/com.android.location.fused/lib
06-18 17:14:58.072 315 315 D XiriService: check file name: /data/data/com.android.location.fused/lib
06-18 17:14:58.072 315 315 D XiriService: check file name: /data/data/com.android.location.fused/lib
06-18 17:14:58.072 315 315 D XiriService: check file name: /data/data/com.android.location.fused/lib
06-18 17:14:58.072 315 315 D XiriService: check file name: /data/data/com.android.location.fused/lib
06-18 17:14:58.076 315 315 D XiriService: check file name: /data/data/com.dangbei.haqusetting/lib
06-18 17:14:58.076 315 315 D XiriService: check file name: /data/data/com.dangbei.haqusetting/lib
06-18 17:14:58.079 315 315 D XiriService: check file name: /data/data/com.dangbei.haqusetting/lib
06-18 17:14:58.079 315 315 D XiriService: check file name: /data/data/com.dangbei.haqusetting/lib
06-18 17:14:58.079 315 315 D XiriService: check file name: /data/data/com.dangbei.haqusetting/lib
06-18 17:14:58.079 315 315 D XiriService: check file name: /data/data/com.dangbei.haqusetting/lib
06-18 17:14:58.089 315 315 D XiriService: check file name: /data/data/com.softwinner.miracastReceiver/lib
06-18 17:14:58.090 315 315 D XiriService: check file name: /data/data/com.softwinner.miracastReceiver/lib
06-18 17:14:58.092 315 315 D XiriService: check file name: /data/data/com.softwinner.miracastReceiver/lib
06-18 17:14:58.092 315 315 D XiriService: check file name: /data/data/com.softwinner.miracastReceiver/lib
06-18 17:14:58.092 315 315 D XiriService: check file name: /data/data/com.softwinner.miracastReceiver/lib
06-18 17:14:58.092 315 315 D XiriService: check file name: /data/data/com.softwinner.miracastReceiver/lib
06-18 17:14:58.095 315 315 D XiriService: check file name: /data/data/com.android.bluetooth/lib
06-18 17:14:58.096 315 315 D XiriService: check file name: /data/data/com.android.bluetooth/lib
06-18 17:14:58.098 315 315 D XiriService: check file name: /data/data/com.android.bluetooth/lib
06-18 17:14:58.098 315 315 D XiriService: check file name: /data/data/com.android.bluetooth/lib
06-18 17:14:58.098 315 315 D XiriService: check file name: /data/data/com.android.bluetooth/lib
06-18 17:14:58.098 315 315 D XiriService: check file name: /data/data/com.android.bluetooth/lib
06-18 17:14:58.101 319 321 D XM_HIDREAD: add@ add@/devices/platform/soc@3000000/5200400.ohci1-controller/usb6
06-18 17:14:58.101 319 321 D XM_HIDREAD: add@ add@/devices/platform/soc@3000000/5200400.ohci1-controller/usb6/6-0:1.0
01-01 08:00:23.124 165 165 I usb6 : New USB device found, idVendor=1d6b, idProduct=0001, bcdDevice= 5.04
01-01 08:00:23.124 165 165 I usb6 : New USB device strings: Mfr=3, Product=2, SerialNumber=1
01-01 08:00:23.124 165 165 I usb6 : Product: OHCI Host Controller
01-01 08:00:23.124 165 165 I usb6 : Manufacturer: Linux 5.4.125+ ohci_hcd
01-01 08:00:23.124 165 165 I usb6 : SerialNumber: sunxi-ohci
01-01 08:00:23.125 165 165 I hub 6-0 : 1.0: USB hub found
01-01 08:00:23.125 165 165 I hub 6-0 : 1.0: 1 port detected
01-01 08:00:23.127 165 165 W : sunxi ohci2-controller don't init wakeup source
01-01 08:00:23.127 165 165 W [sunxi-ohci2]: probe, pdev->name: 5310400.ohci2-controller, sunxi_ohci: 0xffffffc008f820f8
06-18 17:14:58.104 319 321 D XM_HIDREAD: add@ add@/devices/virtual/devlink/regulator.8--5310400.ohci2-controller
06-18 17:14:58.110 505 526 V PackageManager: reconcileAppsData finished 112 packages
06-18 17:14:58.111 505 526 I ActivityManager: User 0 state changed from RUNNING_LOCKED to RUNNING_UNLOCKING
06-18 17:14:58.112 505 526 D ActivityManager: Unlocking user 0 progress 20
01-01 08:00:23.128 165 165 I sunxi-ohci 5310400.ohci2-controller: OHCI Host Controller
01-01 08:00:23.128 165 165 I sunxi-ohci 5310400.ohci2-controller: new USB bus registered, assigned bus number 7
01-01 08:00:23.128 165 165 E debugfs : Directory 'sunxi-ohci' with parent 'ohci' already present!
06-18 17:14:58.116 505 533 I SystemServerTimingAsync: ssm.UnlockingUser-0
06-18 17:14:58.116 505 534 W ActivityManager: Slow operation: 915ms so far, now at startProcess: done updating battery stats
06-18 17:14:58.116 505 533 I SystemServiceManager: Calling onUnlockingUser 0
01-01 08:00:23.138 165 165 I sunxi-ohci 5310400.ohci2-controller: irq 55, io mem 0x05310400
06-18 17:14:58.117 505 534 W ActivityManager: Slow operation: 915ms so far, now at startProcess: building log message
06-18 17:14:58.117 505 534 I ActivityManager: app.processName = android.ext.services
06-18 17:14:58.117 505 534 I ActivityManager: Start proc 1058:android.ext.services/u0a75 for on-hold
06-18 17:14:58.117 505 534 W ActivityManager: Slow operation: 916ms so far, now at startProcess: starting to update pids map
06-18 17:14:58.117 505 534 W ActivityManager: Slow operation: 916ms so far, now at startProcess: done updating pids map
06-18 17:14:58.119 505 750 D CompatibilityChangeReporter: Compat change id reported: 168419799; UID 10075; state: DISABLED
06-18 17:14:58.120 505 533 D BluetoothManagerService: User 0 unlocked
06-18 17:14:58.120 505 533 D StorageManagerService: onUnlockUser 0
06-18 17:14:58.121 505 533 I StorageSessionController: On user unlock 0
06-18 17:14:58.121 505 533 I StorageSessionController: Initialialising...
06-18 17:14:58.121 190 190 I vold : onUserStarted: 0
06-18 17:14:58.123 505 532 I UsageStatsService: Starting migration to system CE for user 0
06-18 17:14:58.123 505 525 D BluetoothManagerService: MESSAGE_USER_UNLOCKED
06-18 17:14:58.124 505 532 I UsageStatsService: Finished migration to system CE for user 0
06-18 17:14:58.125 667 667 D SystemUIService: Starting Wifi now
06-18 17:14:58.128 505 533 W TextServicesManagerService: no available spell checker services found
06-18 17:14:58.129 505 532 I UsageStatsDatabase: Upgrading from version 0 to 5
06-18 17:14:58.130 505 532 I UsageStatsDatabase: Deleting all usage stats files
06-18 17:14:58.132 505 533 D WifiService: Handle user unlock 0
06-18 17:14:58.133 505 533 I WallpaperManagerService: on-unlock-user-0
06-18 17:14:58.133 505 519 V StorageManagerService: Found primary storage at VolumeInfo{emulated;0}:
06-18 17:14:58.133 505 519 V StorageManagerService: type=EMULATED diskId=null partGuid= mountFlags=0 mountUserId=0
06-18 17:14:58.133 505 519 V StorageManagerService: state=UNMOUNTED
06-18 17:14:58.133 505 519 V StorageManagerService: fsType=null fsUuid=null fsLabel=null
06-18 17:14:58.133 505 519 V StorageManagerService: path=null internalPath=null
06-18 17:14:58.134 505 532 I UsageStatsService: User[0] Rollover scheduled @ 2025-06-19 17:14:58(1750324498126)
06-18 17:14:58.134 505 532 D AppStandbyController: Initializing defaults for system apps on user 0, appIdleEnabled=false
06-18 17:14:58.135 505 592 I StorageManagerService: Mounting volume VolumeInfo{emulated;0}:
06-18 17:14:58.135 505 592 I StorageManagerService: type=EMULATED diskId=null partGuid= mountFlags=PRIMARY|VISIBLE
06-18 17:14:58.135 505 592 I StorageManagerService: mountUserId=0 state=UNMOUNTED
06-18 17:14:58.135 505 592 I StorageManagerService: fsType=null fsUuid=null fsLabel=null
06-18 17:14:58.135 505 592 I StorageManagerService: path=null internalPath=null
06-18 17:14:58.136 190 190 I vold : Mounting emulated fuse volume
06-18 17:14:58.147 505 505 W InputMethodUtils: Found no fallback locale. imis=[InputMethodInfo{com.sohu.inputmethod.sogou.tv/.SogouIME, settings: com.sohu.inputmethod.sogou.SogouIMESettingsLauncher}]
06-18 17:14:58.147 505 532 I UsageStatsService: Time changed in by 1750238074 seconds
06-18 17:14:58.147 505 526 D AW_CODE : rotation =0
06-18 17:14:58.148 505 505 W InputMethodUtils: No software keyboard is found. imis=[InputMethodInfo{com.sohu.inputmethod.sogou.tv/.SogouIME, settings: com.sohu.inputmethod.sogou.SogouIMESettingsLauncher}] systemLocale=zh_CN fallbackLocale=null
06-18 17:14:58.148 505 532 W AppHibernationService: Attempt to call setHibernatingForUser before states have been read from disk
06-18 17:14:58.149 505 632 I BackupManagerService: Starting service for user: 0
06-18 17:14:58.150 505 632 V BackupManagerService: [UserID:0] Starting with transport com.android.localtransport/.LocalTransport
06-18 17:14:58.150 505 505 I NotificationHistory: Attempted to unlock gone/disabled user 0
06-18 17:14:58.152 505 632 D BackupManagerService: [UserID:0] Started thread backup-0
06-18 17:14:58.152 505 532 W AppHibernationService: Attempt to call setHibernatingForUser before states have been read from disk
06-18 17:14:58.153 505 533 W VoiceInteractionManager: no available voice recognition services found for user 0
06-18 17:14:58.154 505 526 D AW_CODE : rotation =0
06-18 17:14:58.154 319 321 D XM_HIDREAD: add@ add@/devices/virtual/bdi/0:52
06-18 17:14:58.154 505 532 W AppHibernationService: Attempt to call setHibernatingForUser before states have been read from disk
