06-18 17:14:52.828 367 422 E omx_vdec: : erro: pParamData->nIndex > m_sPortFormatType.nIndex
06-18 17:14:52.828 367 422 W omx_vdec: <__AwOmxVdecGetExtensionIndex:1737>: GetExtensionIndex OMX.google.android.index.describeColorFormat, err [0x80001001].
06-18 17:14:52.828 367 422 W omx_vdec: <__AwOmxVdecGetExtensionIndex:1737>: GetExtensionIndex OMX.google.android.index.describeColorFormat2, err [0x80001001].
06-18 17:14:52.829 367 422 E omx_vdec: : erro: pParamData->nIndex > m_sPortFormatType.nIndex
06-18 17:14:52.829 367 422 W omx_vdec: <__AwOmxVdecGetExtensionIndex:1737>: GetExtensionIndex OMX.google.android.index.describeColorFormat, err [0x80001001].
06-18 17:14:52.829 367 422 W omx_vdec: <__AwOmxVdecGetExtensionIndex:1737>: GetExtensionIndex OMX.google.android.index.describeColorFormat2, err [0x80001001].
06-18 17:14:52.829 367 422 E omx_vdec: : erro: pParamData->nIndex > m_sPortFormatType.nIndex
06-18 17:14:52.829 367 422 W omx_vdec: <__AwOmxVdecGetExtensionIndex:1737>: GetExtensionIndex OMX.google.android.index.describeColorFormat, err [0x80001001].
06-18 17:14:52.829 367 422 W omx_vdec: <__AwOmxVdecGetExtensionIndex:1737>: GetExtensionIndex OMX.google.android.index.describeColorFormat2, err [0x80001001].
06-18 17:14:52.829 367 422 E omx_vdec: : erro: pParamData->nIndex > m_sPortFormatType.nIndex
06-18 17:14:52.829 367 422 W omx_vdec: <__AwOmxVdecGetExtensionIndex:1737>: GetExtensionIndex OMX.google.android.index.describeColorFormat, err [0x80001001].
06-18 17:14:52.829 367 422 W omx_vdec: <__AwOmxVdecGetExtensionIndex:1737>: GetExtensionIndex OMX.google.android.index.describeColorFormat2, err [0x80001001].
06-18 17:14:52.830 361 468 W ACodec : [OMX.allwinner.video.decoder.vp9] stopping checking formats after 32: COLOR_FormatYUV420Planar(13)
06-18 17:14:52.830 367 422 W omx_vdec: <__AwOmxVdecGetExtensionIndex:1737>: GetExtensionIndex OMX.google.android.index.configureVideoTunnelMode, err [0x80001001].
06-18 17:14:52.830 367 422 E OMXNodeInstance: getExtensionIndex(0xe849d000:allwinner.decoder.vp9, OMX.google.android.index.configureVideoTunnelMode) ERROR: Undefined(0x80001001)
06-18 17:14:52.830 361 468 D MediaCodecInfo: detail feature-tunneled-playback wasn't present to remove
06-18 17:14:52.830 367 422 W omx_vdec: <__AwOmxVdecGetExtensionIndex:1737>: GetExtensionIndex OMX.google.android.index.storeANWBufferInMetadata, err [0x80001001].
06-18 17:14:52.830 367 422 W omx_vdec_aw: <__anSetExtPara:3011>: Setparameter: unknown param 2131755011
06-18 17:14:52.830 367 422 W OMXNodeInstance: [0xe849d000:allwinner.decoder.vp9] component does not support metadata mode; using fallback
06-18 17:14:52.830 367 735 W libc : invalid pthread_t (0) passed to pthread_join
06-18 17:14:52.830 367 735 W libc : invalid pthread_t (0) passed to pthread_join
06-18 17:14:52.830 367 735 W libc : invalid pthread_t (0) passed to pthread_join
06-18 17:14:52.832 361 468 I OMXClient: IOmx service obtained
06-18 17:14:52.833 367 422 I OMXStore: makeComponentInstance(OMX.allwinner.video.decoder.vp9.secure) in android.hardwar process
06-18 17:14:52.834 367 422 E omx_vdec: : This platform does not support secure video playback
06-18 17:14:52.834 367 422 E omx_sem : : handle is null
06-18 17:14:52.834 367 422 E omx_sem : : handle is null
06-18 17:14:52.834 367 422 E omx_sem : : handle is null
06-18 17:14:52.834 367 422 E omx_sem : : handle is null
06-18 17:14:52.834 367 422 E omx_sem : : handle is null
06-18 17:14:52.834 367 422 W omx_vdec_aw: : pdec is null
06-18 17:14:52.834 367 422 E android.hardware.media.omx@1.0-service: Failed to allocate omx component 'OMX.allwinner.video.decoder.vp9.secure' err=InvalidComponentName(0x80001002)
06-18 17:14:52.834 361 468 W OmxInfoBuilder: Fail to add media type video/x-vnd.on2.vp9 to codec OMX.allwinner.video.decoder.vp9.secure
01-01 08:00:17.856 35 35 I WCN : marlin_write_cali_data sync init_state:0x0
06-18 17:14:52.836 505 570 W StorageManagerService: No primary storage defined yet; hacking together a stub
06-18 17:14:52.836 361 468 I OMXClient: IOmx service obtained
06-18 17:14:52.836 367 422 I OMXStore: makeComponentInstance(OMX.allwinner.video.encoder.avc) in android.hardwar process
06-18 17:14:52.844 367 422 W cedarc : : cannot open /dev/sunxi_soc_info, it maybe ok!
06-18 17:14:52.844 367 422 I cedarc : : *** ic_version = 0x3301000012011,
06-18 17:14:52.846 367 422 E OMXNodeInstance: getParameter(0xe849b000:allwinner.encoder.avc, ParamVideoProfileLevelQuerySupported(0x600000f)) ERROR: BadParameter(0x80001005)
06-18 17:14:52.847 361 468 W OMXUtils: do not know color format 0x7f000789 = 2130708361
06-18 17:14:52.847 361 468 W OMXUtils: do not know color format 0x7f000001 = 2130706433
06-18 17:14:52.847 367 422 E omx_venc: <__AwOmxVencGetParameter:882>: get_parameter erro: pParamData->nIndex > m_sInPortFormatType.nIndex, param index 3. impl in->index 2.
06-18 17:14:52.847 367 422 E OMXNodeInstance: getConfig(0xe849b000:allwinner.encoder.avc, ConfigAndroidIntraRefresh(0x6f60000a)) ERROR: UnsupportedIndex(0x8000101a)
06-18 17:14:52.847 367 422 E omx_venc: : get_parameter: unknown param 0xe85abd00
06-18 17:14:52.847 367 422 E omx_venc: 
06-18 17:14:52.847 367 422 E OMXNodeInstance: getParameter(0xe849b000:allwinner.encoder.avc, ParamVideoIntraRefresh(0x6000006)) ERROR: UnsupportedIndex(0x8000101a)
06-18 17:14:52.847 361 468 D MediaCodecInfo: detail feature-frame-parsing wasn't present to remove
01-01 08:00:17.868 422 422 D : enable_cedar_hw_clk,516
06-18 17:14:52.848 367 422 I cedarc : : not malloc locks
01-01 08:00:17.872 422 422 D : disable_cedar_hw_clk,546
06-18 17:14:52.855 361 468 I Codec2Client: Available Codec2 services: "software"
06-18 17:14:52.857 378 378 V C2Store : in init
06-18 17:14:52.857 378 378 V C2Store : loading dll
06-18 17:14:52.859 676 676 W Role : Cannot get ApplicationInfo for default holder: com.android.messaging
01-01 08:00:17.884 35 35 I WCN : marlin_write_cali_data sync init_state:0x0
06-18 17:14:52.865 505 593 D PackageManager: Instant App installer not found with android.intent.action.INSTALL_INSTANT_APP_PACKAGE
06-18 17:14:52.865 505 593 D PackageManager: Clear ephemeral installer activity
06-18 17:14:52.866 659 659 V AdapterServiceConfig: Adding HeadsetService
06-18 17:14:52.867 659 659 V AdapterServiceConfig: Adding A2dpService
06-18 17:14:52.867 659 659 V AdapterServiceConfig: Adding HidHostService
06-18 17:14:52.867 659 659 V AdapterServiceConfig: Adding PanService
06-18 17:14:52.867 659 659 V AdapterServiceConfig: Adding GattService
06-18 17:14:52.867 659 659 V AdapterServiceConfig: Adding BluetoothMapService
06-18 17:14:52.867 659 659 V AdapterServiceConfig: Adding AvrcpTargetService
06-18 17:14:52.867 659 659 V AdapterServiceConfig: Adding HidDeviceService
06-18 17:14:52.867 659 659 V AdapterServiceConfig: Adding BluetoothOppService
06-18 17:14:52.867 659 659 V AdapterServiceConfig: Adding BluetoothPbapService
06-18 17:14:52.871 378 378 V C2Store : in ~ComponentModule
06-18 17:14:52.871 378 378 V C2Store : unloading dll
06-18 17:14:52.871 378 378 V C2Store : in init
06-18 17:14:52.871 378 378 V C2Store : loading dll
06-18 17:14:52.881 378 378 V C2Store : in ~ComponentModule
06-18 17:14:52.882 378 378 V C2Store : unloading dll
06-18 17:14:52.882 378 378 V C2Store : in init
06-18 17:14:52.882 378 378 V C2Store : loading dll
01-01 08:00:17.912 35 35 I WCN : marlin_write_cali_data sync init_state:0xf0f0f0f1
01-01 08:00:17.912 35 35 I WCN : sdio_config bt_wake_host trigger:[high]
01-01 08:00:17.912 35 35 I WCN : sdio_config irq:[inband]
01-01 08:00:17.912 35 35 I WCN : sdio_config wake_host_level_duration_time:[20ms]
01-01 08:00:17.912 35 35 I WCN : sdio_config wake_host_data_separation:[bt/wifi reuse]
01-01 08:00:17.912 35 35 I WCN : marlin_send_sdio_config_to_cp sdio_config:0x80f01 (enable config)
01-01 08:00:17.912 35 35 I WCN : marlin_write_cali_data finish
01-01 08:00:17.912 35 35 I WCN : check_cp_ready sync val:0xf0f0f0f2, prj_type val:0xe0e0e0e0
06-18 17:14:52.893 378 378 V C2Store : in ~ComponentModule
06-18 17:14:52.894 676 742 I RuntimePermissions: observing UserPackageInfoLiveData for 0 in RuntimePermissionsUpgradeController
06-18 17:14:52.894 378 378 V C2Store : unloading dll
06-18 17:14:52.894 378 378 V C2Store : in init
06-18 17:14:52.894 378 378 V C2Store : loading dll
06-18 17:14:52.900 378 378 V C2Store : in ~ComponentModule
06-18 17:14:52.900 378 378 V C2Store : unloading dll
06-18 17:14:52.900 378 378 V C2Store : in init
06-18 17:14:52.900 378 378 V C2Store : loading dll
06-18 17:14:52.906 378 378 V C2Store : in ~ComponentModule
06-18 17:14:52.906 378 378 V C2Store : unloading dll
06-18 17:14:52.906 378 378 V C2Store : in init
06-18 17:14:52.906 378 378 V C2Store : loading dll
06-18 17:14:52.913 378 378 V C2Store : in ~ComponentModule
06-18 17:14:52.913 378 378 V C2Store : unloading dll
06-18 17:14:52.914 378 378 V C2Store : in init
06-18 17:14:52.914 378 378 V C2Store : loading dll
01-01 08:00:17.940 35 35 I WCN : check_cp_ready sync val:0xf0f0f0f2, prj_type val:0xe0e0e0e0
06-18 17:14:52.921 378 378 V C2Store : in ~ComponentModule
06-18 17:14:52.922 378 378 V C2Store : unloading dll
06-18 17:14:52.922 378 378 V C2Store : in init
06-18 17:14:52.922 378 378 V C2Store : loading dll
06-18 17:14:52.924 389 389 I update_engine: [INFO:cleanup_previous_update_action.cc(112)] Executing task 5
06-18 17:14:52.928 389 389 I update_engine: [INFO:cleanup_previous_update_action.cc(124)] CleanupPreviousUpdateAction scheduled task ID 6 for WaitBootCompleted
06-18 17:14:52.937 378 378 V C2Store : in ~ComponentModule
06-18 17:14:52.937 378 378 V C2Store : unloading dll
06-18 17:14:52.937 378 378 V C2Store : in init
06-18 17:14:52.938 378 378 V C2Store : loading dll
06-18 17:14:52.946 378 378 I mediaswcodec: missing struct descriptor #Param::CoreIndex(--004) for field values of struct #Param::CoreIndex(F-12004)
06-18 17:14:52.947 378 378 I mediaswcodec: missing struct descriptor #Param::CoreIndex(--1812) for field values of struct #Param::CoreIndex(F-11812)
01-01 08:00:17.968 35 35 I WCN : check_cp_ready sync val:0xf0f0f0f2, prj_type val:0xe0e0e0e0
06-18 17:14:52.951 378 378 V C2Store : in ~ComponentModule
06-18 17:14:52.951 378 378 V C2Store : unloading dll
06-18 17:14:52.951 378 378 V C2Store : in init
06-18 17:14:52.951 378 378 V C2Store : loading dll
06-18 17:14:52.958 378 378 V C2Store : in ~ComponentModule
06-18 17:14:52.958 676 676 I RuntimePermissions: observing PreinstalledUserPackageInfoLiveData for 0 in RuntimePermissionsUpgradeController
06-18 17:14:52.959 378 378 V C2Store : unloading dll
06-18 17:14:52.959 378 378 V C2Store : in init
06-18 17:14:52.959 378 378 V C2Store : loading dll
06-18 17:14:52.966 378 378 V C2Store : in ~ComponentModule
06-18 17:14:52.966 378 378 V C2Store : unloading dll
06-18 17:14:52.966 378 378 V C2Store : in init
06-18 17:14:52.966 378 378 V C2Store : loading dll
06-18 17:14:52.973 378 378 V C2Store : in ~ComponentModule
06-18 17:14:52.973 378 378 V C2Store : unloading dll
06-18 17:14:52.973 378 378 V C2Store : in init
06-18 17:14:52.973 378 378 V C2Store : loading dll
06-18 17:14:52.972 667 667 I ndroid.systemui: type=1400 audit(0.0:334): avc: denied { write } for name="com.android.systemui" dev="mmcblk0p25" ino=483 scontext=u:r:platform_app:s0:c512,c768 tcontext=u:object_r:app_data_file:s0:c512,c768 tclass=dir permissive=1 app=com.softwinner.screenshot
06-18 17:14:52.972 667 667 I ndroid.systemui: type=1400 audit(0.0:335): avc: denied { add_name } for name="files" scontext=u:r:platform_app:s0:c512,c768 tcontext=u:object_r:app_data_file:s0:c512,c768 tclass=dir permissive=1 app=com.softwinner.screenshot
06-18 17:14:52.972 667 667 I ndroid.systemui: type=1400 audit(0.0:336): avc: denied { create } for name="files" scontext=u:r:platform_app:s0:c512,c768 tcontext=u:object_r:app_data_file:s0:c512,c768 tclass=dir permissive=1 app=com.softwinner.screenshot
06-18 17:14:52.972 667 667 I ndroid.systemui: type=1400 audit(0.0:337): avc: denied { setattr } for name="files" dev="mmcblk0p25" ino=1781 scontext=u:r:platform_app:s0:c512,c768 tcontext=u:object_r:app_data_file:s0:c512,c768 tclass=dir permissive=1 app=com.softwinner.screenshot
01-01 08:00:17.996 35 35 I WCN : check_cp_ready sync val:0xf0f0f0f2, prj_type val:0xe0e0e0e0
06-18 17:14:52.979 378 378 V C2Store : in ~ComponentModule
06-18 17:14:52.979 378 378 V C2Store : unloading dll
06-18 17:14:52.979 378 378 V C2Store : in init
06-18 17:14:52.979 378 378 V C2Store : loading dll
06-18 17:14:52.983 378 378 V C2Store : in ~ComponentModule
06-18 17:14:52.983 378 378 V C2Store : unloading dll
06-18 17:14:52.983 378 378 V C2Store : in init
06-18 17:14:52.983 378 378 V C2Store : loading dll
06-18 17:14:52.985 659 659 E droid.bluetoot: [0618/171452.985199:ERROR:hal_version_manager.h(125)] HalVersionManager No supported HAL version
06-18 17:14:52.989 659 659 I droid.bluetoot: [0618/171452.988815:INFO:btif_config_cache.cc(61)] BtifConfigCache, capacity: 10000
06-18 17:14:52.989 378 378 V C2Store : in ~ComponentModule
06-18 17:14:52.989 378 378 V C2Store : unloading dll
06-18 17:14:52.989 378 378 V C2Store : in init
06-18 17:14:52.989 378 378 V C2Store : loading dll
06-18 17:14:52.995 378 378 V C2Store : in ~ComponentModule
06-18 17:14:52.996 378 378 V C2Store : unloading dll
06-18 17:14:52.996 378 378 V C2Store : in init
06-18 17:14:52.996 378 378 V C2Store : loading dll
01-01 08:00:18.025 35 35 I WCN : check_cp_ready sync val:0xf0f0f0ff, prj_type val:0xe0e0e0e0
01-01 08:00:18.025 35 35 I sdiohal : sdiohal_runtime_get entry
01-01 08:00:18.025 35 35 D : [xw] before reg = 0x1
01-01 08:00:18.025 35 35 D : [xw] after reg = 0x3
01-01 08:00:18.025 35 35 I WCN : get_cp2_version entry!
01-01 08:00:18.026 344 344 I WCN : WCND at cmd read:WCN_VER:Platform Version:MARLIN3E_20A_W25.16.1~Project Version:uwe5623_marlin3E_ott~04-14-2025 17:37:38~
01-01 08:00:18.026 35 35 I WCN : switch_cp2_log - close entry!
01-01 08:00:18.027 344 344 I WCN : WCND at cmd read:OK
01-01 08:00:18.028 649 649 I WCN : then marlin download finished and run ok
06-18 17:14:53.004 649 649 I wifi@1.0-servic: type=1400 audit(0.0:338): avc: denied { search } for name="wifi" dev="mmcblk0p25" ino=54 scontext=u:r:hal_wifi_default:s0 tcontext=u:object_r:wifi_data_file:s0 tclass=dir permissive=1
06-18 17:14:53.006 319 321 D XM_HIDREAD: add@ add@/devices/platform/unisoc_wifi/wakeup/wakeup25
06-18 17:14:53.006 378 378 V C2Store : in ~ComponentModule
06-18 17:14:53.006 378 378 V C2Store : unloading dll
06-18 17:14:53.006 378 378 V C2Store : in init
06-18 17:14:53.006 378 378 V C2Store : loading dll
06-18 17:14:53.009 676 745 I RuntimePermissionsUpgradeController: Grandfathering SMS and CallLog permissions
06-18 17:14:53.013 676 745 I RuntimePermissionsUpgradeController: Grandfathering location background permissions
06-18 17:14:53.014 378 378 I mediaswcodec: missing struct descriptor #Param::CoreIndex(--004) for field values of struct #Param::CoreIndex(F-12004)
06-18 17:14:53.015 676 745 I RuntimePermissionsUpgradeController: Grandfathering Storage permissions
06-18 17:14:53.016 378 378 D C2SoftHevcEnc: Given level 6000 does not cover current configuration: adjusting to 6001
06-18 17:14:53.017 378 378 V C2Store : in ~ComponentModule
06-18 17:14:53.017 378 378 V C2Store : unloading dll
06-18 17:14:53.017 378 378 V C2Store : in init
06-18 17:14:53.017 378 378 V C2Store : loading dll
06-18 17:14:53.017 676 745 I RuntimePermissionsUpgradeController: Not expanding location permissions as this is not an upgrade from Android P
06-18 17:14:53.018 676 745 I RuntimePermissionsUpgradeController: Not expanding read storage to access media location as this is a new user
06-18 17:14:53.024 378 378 V C2Store : in ~ComponentModule
06-18 17:14:53.024 378 378 V C2Store : unloading dll
06-18 17:14:53.024 378 378 V C2Store : in init
06-18 17:14:53.024 378 378 V C2Store : loading dll
01-01 08:00:18.049 649 649 E sprdwl : __sprdwl_cmd_getbuf cant't get vif, ctx_id: 0
06-18 17:14:53.038 659 659 I BluetoothServiceJni: hal_util_load_bt_library: loaded Bluetooth library successfully
01-01 08:00:18.062 344 344 I WCN : WCND at cmd read:3
06-18 17:14:53.042 378 378 V C2Store : in ~ComponentModule
06-18 17:14:53.042 378 378 V C2Store : unloading dll
06-18 17:14:53.042 378 378 V C2Store : in init
06-18 17:14:53.042 378 378 V C2Store : loading dll
06-18 17:14:53.044 659 659 D BluetoothAdapterService: onCreate()
06-18 17:14:53.049 378 378 V C2Store : in ~ComponentModule
06-18 17:14:53.049 378 378 V C2Store : unloading dll
06-18 17:14:53.049 378 378 V C2Store : in init
06-18 17:14:53.049 378 378 V C2Store : loading dll
06-18 17:14:53.054 278 595 D PermissionCache: checking android.permission.ACCESS_SURFACE_FLINGER for uid=10061 => granted (3964 us)
06-18 17:14:53.057 378 378 V C2Store : in ~ComponentModule
06-18 17:14:53.057 378 378 V C2Store : unloading dll
06-18 17:14:53.057 378 378 V C2Store : in init
06-18 17:14:53.057 378 378 V C2Store : loading dll
01-01 08:00:18.079 649 649 I WCN : get_board_ant_num [three_ant]
01-01 08:00:18.080 649 649 E : wifi ini path = /vendor/etc/wifi_56630001_3ant.ini
06-18 17:14:53.066 378 378 V C2Store : in ~ComponentModule
06-18 17:14:53.066 378 378 V C2Store : unloading dll
06-18 17:14:53.068 378 378 V C2Store : in init
06-18 17:14:53.068 378 378 V C2Store : loading dll
06-18 17:14:53.069 659 659 D AdapterState: make() - Creating AdapterState
06-18 17:14:53.073 378 378 V C2Store : in ~ComponentModule
06-18 17:14:53.073 378 378 V C2Store : unloading dll
06-18 17:14:53.074 378 378 V C2Store : in init
06-18 17:14:53.074 378 378 V C2Store : loading dll
01-01 08:00:18.090 649 649 E sprdwl : __sprdwl_cmd_getbuf cant't get vif, ctx_id: 0
06-18 17:14:53.078 659 759 I AdapterState: OFF : entered
06-18 17:14:53.078 659 759 D AdapterProperties: Setting state to OFF
06-18 17:14:53.078 659 659 D BluetoothKeystoreService: new BluetoothKeystoreService isCommonCriteriaMode: false
06-18 17:14:53.079 659 659 D BluetoothKeystoreService: start
06-18 17:14:53.081 659 659 I droid.bluetoot: [0618/171453.081427:INFO:com_android_bluetooth_btservice_BluetoothKeystore.cpp(97)] classInitNative: succeeds
06-18 17:14:53.081 659 659 D BluetoothKeystoreService: setBluetoothKeystoreService(): set to: com.android.bluetooth.btservice.bluetoothkeystore.BluetoothKeystoreService@f19fd71
06-18 17:14:53.086 378 378 V C2Store : in ~ComponentModule
06-18 17:14:53.086 378 378 V C2Store : unloading dll
06-18 17:14:53.086 378 378 V C2Store : in init
06-18 17:14:53.086 378 378 V C2Store : loading dll
01-01 08:00:18.105 649 649 E sprdwl : __sprdwl_cmd_getbuf cant't get vif, ctx_id: 0
06-18 17:14:53.092 378 378 V C2Store : in ~ComponentModule
06-18 17:14:53.092 378 378 V C2Store : unloading dll
06-18 17:14:53.093 378 378 V C2Store : in init
06-18 17:14:53.093 378 378 V C2Store : loading dll
06-18 17:14:53.093 659 659 D BluetoothKeystoreService: loadConfigData
06-18 17:14:53.103 378 378 V C2Store : in ~ComponentModule
06-18 17:14:53.103 378 378 V C2Store : unloading dll
06-18 17:14:53.103 378 378 V C2Store : in init
06-18 17:14:53.103 378 378 V C2Store : loading dll
06-18 17:14:53.118 659 659 I droid.bluetoot: [0618/171453.118441:INFO:com_android_bluetooth_btservice_ActivityAttribution.cpp(96)] classInitNative: succeeds
01-01 08:00:18.127 649 649 E sprdwl : sprdwl_get_fw_info, drv_version=1, fw_version=2, compat_ver=0
01-01 08:00:18.136 649 649 E sprdwl : chip_model:0x2355, chip_ver:0x0
06-18 17:14:53.119 659 659 D BluetoothKeystoreService: getCompareResult: 0
01-01 08:00:18.145 649 649 E sprdwl : fw_ver:0, fw_std:0x53, fw_capa:0x120f4f
06-18 17:14:53.130 667 667 D CompatibilityChangeReporter: Compat change id reported: 160794467; UID 10061; state: ENABLED
06-18 17:14:53.132 378 378 I C2SoftVp8Enc: setting temporal layering 0 + 0
06-18 17:14:53.134 378 378 V C2Store : in ~ComponentModule
06-18 17:14:53.134 378 378 V C2Store : unloading dll
01-01 08:00:18.152 649 649 E sprdwl : mac_addr:b4:2f:03:15:e8:b9
06-18 17:14:53.134 378 378 V C2Store : in init
06-18 17:14:53.134 378 378 V C2Store : loading dll
01-01 08:00:18.159 649 649 E sprdwl : credit_capa:TX_WITH_CREDIT, extend_feature:0x1
01-01 08:00:18.167 649 649 E sprdwl : ott support:1
06-18 17:14:53.146 659 659 I bt_btif : system/bt/btif/src/bluetooth.cc:162 init: init: start restricted = 0 ; common criteria mode = 0, config compare result = 0
06-18 17:14:53.149 667 667 D TvPipMenuController: onMediaActionsChanged()
06-18 17:14:53.151 659 659 I bt : bt_common::init_flags: Flags loaded: gd_core=false gd_advertising=false gd_scanning=false gd_security=false gd_acl=false gd_l2cap=false gd_hci=false gd_controller=false gatt_robust_caching=false btaa_hci=false gd_rust=false gd_link_policy=false
06-18 17:14:53.151 659 764 I droid.bluetoot: [0618/171453.151789:INFO:message_loop_thread.cc(224)] Run: message loop starting for thread bt_stack_manager_thread
06-18 17:14:53.153 378 378 V C2Store : in ~ComponentModule
06-18 17:14:53.153 378 378 V C2Store : unloading dll
06-18 17:14:53.153 378 378 V C2Store : in init
06-18 17:14:53.153 378 378 V C2Store : loading dll
06-18 17:14:53.154 659 764 I bt_stack_manager: system/bt/btif/src/stack_manager.cc:200 event_init_stack: is initializing the stack
06-18 17:14:53.155 659 764 E droid.bluetoot: [0618/171453.155798:ERROR:config.cc(104)] config_new: unable to open file '/data/misc/bluedroid/bt_config.conf': No such file or directory
06-18 17:14:53.156 659 764 W bt_btif_config: system/bt/btif/src/btif_config.cc:272 init: init unable to load config file: /data/misc/bluedroid/bt_config.conf; using backup.
06-18 17:14:53.156 659 764 E droid.bluetoot: [0618/171453.156182:ERROR:config.cc(104)] config_new: unable to open file '/data/misc/bluedroid/bt_config.bak': No such file or directory
06-18 17:14:53.156 659 764 W bt_btif_config: system/bt/btif/src/btif_config.cc:281 init: init unable to load backup; attempting to transcode legacy file.
06-18 17:14:53.156 659 764 E bt_btif_config_transcode: system/bt/btif/src/btif_config_transcode.cc:33 btif_config_transcode: btif_config_transcode unable to load XML file '/data/misc/bluedroid/bt_config.xml': 3
06-18 17:14:53.156 659 764 E bt_btif_config: system/bt/btif/src/btif_config.cc:288 init: init unable to transcode legacy file; creating empty config.
06-18 17:14:53.156 659 764 W droid.bluetoot: [0618/171453.156883:WARNING:btif_config.cc(166)] read_or_set_metrics_salt: Failed to read metrics salt from config
06-18 17:14:53.156 659 764 I droid.bluetoot: [0618/171453.156963:INFO:btif_config.cc(177)] read_or_set_metrics_salt: Metrics salt is not invalid, creating new one
06-18 17:14:53.158 659 767 I bt_osi_thread: system/bt/osi/src/thread.cc:209 run_thread: run_thread: thread id 767, thread name alarm_default_ca started
06-18 17:14:53.158 667 667 D TvPipNotification: setDelegate(), delegate=com.android.wm.shell.pip.tv.TvPipController@2a3a932
06-18 17:14:53.158 659 768 I bt_osi_thread: system/bt/osi/src/thread.cc:209 run_thread: run_thread: thread id 768, thread name alarm_dispatcher started
06-18 17:14:53.158 667 667 D TvPipMenuController: setDelegate(), delegate=com.android.wm.shell.pip.tv.TvPipController@2a3a932
06-18 17:14:53.158 659 764 I bt_btif_core: system/bt/btif/src/btif_core.cc:235 btif_init_bluetooth: btif_init_bluetooth entered
06-18 17:14:53.158 659 769 I droid.bluetoot: [0618/171453.158903:INFO:message_loop_thread.cc(224)] Run: message loop starting for thread bt_jni_thread
06-18 17:14:53.159 659 764 I bt_btif_core: system/bt/btif/src/btif_core.cc:239 btif_init_bluetooth: btif_init_bluetooth finished
06-18 17:14:53.159 659 764 I bt_stack_config: system/bt/main/stack_config.cc:51 init: init attempt to load stack conf from /etc/bluetooth/bt_stack.conf
06-18 17:14:53.159 378 378 I C2SoftVp9Enc: setting temporal layering 0 + 0
06-18 17:14:53.160 659 764 I bt_stack_manager: system/bt/btif/src/stack_manager.cc:223 event_init_stack: finished
06-18 17:14:53.161 659 659 I bt_osi_wakelock: system/bt/osi/src/wakelock.cc:98 wakelock_set_os_callouts: wakelock_set_os_callouts set to non-native
06-18 17:14:53.161 659 659 I bt_btif : system/bt/btif/src/bluetooth.cc:417 get_profile_interface: get_profile_interface: id = socket
06-18 17:14:53.162 378 378 V C2Store : in ~ComponentModule
06-18 17:14:53.162 378 378 V C2Store : unloading dll
06-18 17:14:53.163 659 659 E droid.bluetoot: [0618/171453.163265:ERROR:message_loop_thread.cc(102)] DoInThreadDelayed: message loop is null for thread bt_main_thread(-1), from pc:0xc14d02fb
06-18 17:14:53.163 659 659 E droid.bluetoot: [0618/171453.163513:ERROR:btu_task.cc(94)] do_in_main_thread: failed from pc:0xc14d02fb
06-18 17:14:53.163 361 468 D MediaCodecsXmlParser: parsing /apex/com.android.media.swcodec/etc/media_codecs.xml...
06-18 17:14:53.163 659 659 E droid.bluetoot: [0618/171453.163595:ERROR:message_loop_thread.cc(102)] DoInThreadDelayed: message loop is null for thread bt_main_thread(-1), from pc:0xc14d02fb
06-18 17:14:53.163 659 659 E droid.bluetoot: [0618/171453.163657:ERROR:btu_task.cc(94)] do_in_main_thread: failed from pc:0xc14d02fb
06-18 17:14:53.163 659 659 E droid.bluetoot: [0618/171453.163717:ERROR:message_loop_thread.cc(102)] DoInThreadDelayed: message loop is null for thread bt_main_thread(-1), from pc:0xc14d02fb
06-18 17:14:53.163 659 659 E droid.bluetoot: [0618/171453.163778:ERROR:btu_task.cc(94)] do_in_main_thread: failed from pc:0xc14d02fb
06-18 17:14:53.165 667 667 W OneHandedController: Device doesn't support OneHanded feature
06-18 17:14:53.165 361 468 D MediaCodecsXmlParser: disabling c2.android.gsm.decoder
06-18 17:14:53.166 361 468 D MediaCodecsXmlParser: disabling c2.android.mpeg2.decoder
06-18 17:14:53.167 659 659 D BluetoothKeystoreService: initJni()
06-18 17:14:53.168 659 659 I bt_btif : system/bt/btif/src/bluetooth.cc:417 get_profile_interface: get_profile_interface: id = bluetooth_keystore
06-18 17:14:53.168 361 468 I MediaCodecsXmlParser: Did not find media_codecs_performance.xml in search path
06-18 17:14:53.168 361 468 I MediaCodecsXmlParser: Did not find media_codecs_c2.xml in search path
06-18 17:14:53.168 659 659 I bt_btif : system/bt/btif/src/bluetooth.cc:417 get_profile_interface: get_profile_interface: id = sdp
06-18 17:14:53.168 361 468 I MediaCodecsXmlParser: Did not find media_codecs_performance_c2.xml in search path
06-18 17:14:53.169 361 468 D MediaCodecsXmlParser: parsing /vendor/etc/media_codecs.xml...
06-18 17:14:53.169 361 468 D MediaCodecsXmlParser: parsing /vendor/etc/media_codecs_google_audio.xml...
06-18 17:14:53.169 361 468 D MediaCodecsXmlParser: unable to open media codecs configuration xml file: /vendor/etc/media_codecs_google_audio.xml
06-18 17:14:53.169 361 468 D MediaCodecsXmlParser: Setting: updating existing setting at line 97 of /vendor/etc/media_codecs.xml
06-18 17:14:53.173 361 468 D MediaCodecsXmlParser: parsing /vendor/etc/media_codecs_google_video.xml...
06-18 17:14:53.173 361 468 D MediaCodecsXmlParser: unable to open media codecs configuration xml file: /vendor/etc/media_codecs_google_video.xml
06-18 17:14:53.173 361 468 D MediaCodecsXmlParser: parsing /vendor/etc/media_codecs_performance.xml...
06-18 17:14:53.173 361 468 D MediaCodecsXmlParser: MediaCodec: cannot update non-existing codec: OMX.google.h264.encoder at line 25 of /vendor/etc/media_codecs_performance.xml
06-18 17:14:53.173 361 468 D MediaCodecsXmlParser: MediaCodec: cannot update non-existing codec: OMX.google.h263.encoder at line 31 of /vendor/etc/media_codecs_performance.xml
06-18 17:14:53.173 361 468 D MediaCodecsXmlParser: MediaCodec: cannot update non-existing codec: OMX.google.mpeg4.encoder at line 34 of /vendor/etc/media_codecs_performance.xml
06-18 17:14:53.173 361 468 D MediaCodecsXmlParser: MediaCodec: cannot update non-existing codec: OMX.google.vp8.encoder at line 37 of /vendor/etc/media_codecs_performance.xml
06-18 17:14:53.174 361 468 D MediaCodecsXmlParser: MediaCodec: cannot update non-existing codec: OMX.allwinner.video.decoder.h263 at line 59 of /vendor/etc/media_codecs_performance.xml
06-18 17:14:53.174 361 468 D MediaCodecsXmlParser: MediaCodec: cannot update non-existing codec: OMX.google.mpeg4.decoder at line 80 of /vendor/etc/media_codecs_performance.xml
06-18 17:14:53.174 361 468 D MediaCodecsXmlParser: MediaCodec: cannot update non-existing codec: OMX.google.h264.decoder at line 83 of /vendor/etc/media_codecs_performance.xml
06-18 17:14:53.174 361 468 D MediaCodecsXmlParser: MediaCodec: cannot update non-existing codec: OMX.google.h263.decoder at line 89 of /vendor/etc/media_codecs_performance.xml
06-18 17:14:53.174 361 468 D MediaCodecsXmlParser: MediaCodec: cannot update non-existing codec: OMX.google.hevc.decoder at line 93 of /vendor/etc/media_codecs_performance.xml
06-18 17:14:53.174 361 468 D MediaCodecsXmlParser: MediaCodec: cannot update non-existing codec: OMX.google.vp8.decoder at line 101 of /vendor/etc/media_codecs_performance.xml
06-18 17:14:53.174 361 468 D MediaCodecsXmlParser: MediaCodec: cannot update non-existing codec: OMX.google.vp9.decoder at line 107 of /vendor/etc/media_codecs_performance.xml
06-18 17:14:53.174 361 468 I MediaCodecsXmlParser: Did not find media_codecs_shaping.xml in search path
06-18 17:14:53.175 361 468 I MediaCodecsXmlParser: Did not find media_codecs_shaping.xml in search path
06-18 17:14:53.175 378 378 V C2Store : in init
06-18 17:14:53.175 378 378 V C2Store : loading dll
06-18 17:14:53.182 361 468 I Codec2InfoBuilder: adding type 'audio/mp4a-latm'
06-18 17:14:53.182 659 659 D BluetoothDatabase: start()
06-18 17:14:53.184 659 659 D BluetoothDatabase: Load Database
06-18 17:14:53.185 659 659 I BluetoothAdapterService: Phone policy enabled
06-18 17:14:53.187 659 659 D BluetoothActiveDeviceManager: start()
06-18 17:14:53.188 378 413 V C2Store : in init
06-18 17:14:53.188 378 413 V C2Store : loading dll
06-18 17:14:53.193 378 411 V C2Store : in ~ComponentModule
06-18 17:14:53.193 378 411 V C2Store : unloading dll
06-18 17:14:53.194 361 468 I Codec2InfoBuilder: adding type 'audio/mp4a-latm'
06-18 17:14:53.197 659 773 D BluetoothActiveDeviceManager: onAudioDevicesAdded
06-18 17:14:53.199 659 773 D BluetoothActiveDeviceManager: Audio device added: DBBOX-A2 type: 2
06-18 17:14:53.199 659 773 D BluetoothActiveDeviceManager: Audio device added: DBBOX-A2 type: 15
06-18 17:14:53.199 659 773 D BluetoothActiveDeviceManager: Audio device added: DBBOX-A2 type: 25
06-18 17:14:53.199 378 411 V C2Store : in init
06-18 17:14:53.199 378 411 V C2Store : loading dll
06-18 17:14:53.199 505 525 W IorapForwardingService: No service published for: iorapd
06-18 17:14:53.204 659 659 D BluetoothAdapterService: setAdapterService() - trying to set service to com.android.bluetooth.btservice.AdapterService@2a3a932
06-18 17:14:53.205 361 468 I Codec2InfoBuilder: adding type 'audio/3gpp'
06-18 17:14:53.205 378 775 V C2Store : in init
06-18 17:14:53.206 378 775 V C2Store : loading dll
06-18 17:14:53.206 378 413 V C2Store : in ~ComponentModule
06-18 17:14:53.206 378 413 V C2Store : unloading dll
06-18 17:14:53.212 361 468 I Codec2InfoBuilder: adding type 'audio/3gpp'
06-18 17:14:53.212 378 378 V C2Store : in init
06-18 17:14:53.212 378 378 V C2Store : loading dll
06-18 17:14:53.216 378 775 V C2Store : in ~ComponentModule
06-18 17:14:53.216 378 775 V C2Store : unloading dll
06-18 17:14:53.217 378 775 V C2Store : in ~ComponentModule
06-18 17:14:53.217 378 775 V C2Store : unloading dll
06-18 17:14:53.217 361 468 I Codec2InfoBuilder: adding type 'audio/amr-wb'
06-18 17:14:53.218 378 775 V C2Store : in init
06-18 17:14:53.218 378 775 V C2Store : loading dll
06-18 17:14:53.223 378 378 V C2Store : in ~ComponentModule
06-18 17:14:53.223 378 378 V C2Store : unloading dll
06-18 17:14:53.224 361 468 I Codec2InfoBuilder: adding type 'audio/amr-wb'
06-18 17:14:53.224 378 776 V C2Store : in init
06-18 17:14:53.224 378 776 V C2Store : loading dll
06-18 17:14:53.225 378 378 V C2Store : in ~ComponentModule
06-18 17:14:53.225 378 378 V C2Store : unloading dll
06-18 17:14:53.230 659 659 D BluetoothAdapterService: onBind()
06-18 17:14:53.231 361 468 D Codec2InfoBuilder: component 'c2.android.av1.decoder' not found in xml
06-18 17:14:53.232 378 411 V C2Store : in init
06-18 17:14:53.232 378 411 V C2Store : loading dll
06-18 17:14:53.233 378 776 V C2Store : in ~ComponentModule
06-18 17:14:53.233 378 776 V C2Store : unloading dll
06-18 17:14:53.238 361 468 I Codec2InfoBuilder: adding type 'video/avc'
06-18 17:14:53.243 378 779 V C2Store : in init
06-18 17:14:53.244 378 779 V C2Store : loading dll
06-18 17:14:53.244 378 411 V C2Store : in ~ComponentModule
06-18 17:14:53.244 378 411 V C2Store : unloading dll
06-18 17:14:53.245 659 772 D BluetoothDatabase: compactLastConnectionTime: Compacting metadata after load
06-18 17:14:53.245 659 772 I BluetoothDatabase: cacheMetadata
06-18 17:14:53.245 378 779 I mediaswcodec: missing struct descriptor #Param::CoreIndex(--004) for field values of struct #Param::CoreIndex(F-12004)
06-18 17:14:53.246 378 779 I mediaswcodec: missing struct descriptor #Param::CoreIndex(--1812) for field values of struct #Param::CoreIndex(F-11812)
06-18 17:14:53.251 378 779 I mediaswcodec: missing struct descriptor #Param::CoreIndex(--004) for field values of struct #Param::CoreIndex(F-12004)
06-18 17:14:53.251 378 779 I mediaswcodec: missing struct descriptor #Param::CoreIndex(--1812) for field values of struct #Param::CoreIndex(F-11812)
06-18 17:14:53.254 361 468 I Codec2InfoBuilder: adding type 'video/avc'
06-18 17:14:53.257 378 776 V C2Store : in init
06-18 17:14:53.257 378 776 V C2Store : loading dll
06-18 17:14:53.257 378 779 V C2Store : in ~ComponentModule
06-18 17:14:53.257 378 779 V C2Store : unloading dll
06-18 17:14:53.261 361 468 I Codec2InfoBuilder: adding type 'audio/flac'
06-18 17:14:53.261 378 411 V C2Store : in init
06-18 17:14:53.261 378 411 V C2Store : loading dll
06-18 17:14:53.261 378 776 V C2Store : in ~ComponentModule
06-18 17:14:53.261 378 776 V C2Store : unloading dll
06-18 17:14:53.265 361 468 I Codec2InfoBuilder: adding type 'audio/flac'
06-18 17:14:53.266 378 775 V C2Store : in init
06-18 17:14:53.266 378 775 V C2Store : loading dll
06-18 17:14:53.266 378 411 V C2Store : in ~ComponentModule
06-18 17:14:53.266 378 411 V C2Store : unloading dll
06-18 17:14:53.270 361 468 I Codec2InfoBuilder: adding type 'audio/g711-alaw'
06-18 17:14:53.270 378 411 V C2Store : in init
06-18 17:14:53.270 378 411 V C2Store : loading dll
06-18 17:14:53.270 378 779 V C2Store : in ~ComponentModule
06-18 17:14:53.270 378 779 V C2Store : unloading dll
01-01 08:00:18.297 243 243 I libphy : 5030000.eth: probed
01-01 08:00:18.298 243 243 E : get_key_map_info()187 - Failed to find "oe" in dts.
06-18 17:14:53.274 361 468 I Codec2InfoBuilder: adding type 'audio/g711-mlaw'
06-18 17:14:53.274 378 413 V C2Store : in init
06-18 17:14:53.274 378 413 V C2Store : loading dll
06-18 17:14:53.274 378 779 V C2Store : in ~ComponentModule
06-18 17:14:53.274 378 779 V C2Store : unloading dll
06-18 17:14:53.278 361 468 D Codec2InfoBuilder: codec entry for 'c2.android.gsm.decoder' is disabled
06-18 17:14:53.278 378 411 V C2Store : in init
06-18 17:14:53.278 378 411 V C2Store : loading dll
06-18 17:14:53.278 378 413 V C2Store : in ~ComponentModule
06-18 17:14:53.278 378 413 V C2Store : unloading dll
06-18 17:14:53.285 319 321 D XM_HIDREAD: add@ add@/devices/platform/soc@3000000/5030000.eth/mdio_bus/5030000.eth-0/5030000.eth-0:00
06-18 17:14:53.286 361 468 I Codec2InfoBuilder: adding type 'video/3gpp'
06-18 17:14:53.291 378 775 V C2Store : in init
06-18 17:14:53.292 378 775 V C2Store : loading dll
01-01 08:00:18.313 243 243 I : sunxi-gmac 5030000.eth eth0: eth0: Type(7) PHY ID 00441400 at 0 IRQ poll (5030000.eth-0:00)
06-18 17:14:53.296 378 413 V C2Store : in ~ComponentModule
06-18 17:14:53.296 378 413 V C2Store : unloading dll
06-18 17:14:53.299 361 468 I Codec2InfoBuilder: adding type 'video/3gpp'
06-18 17:14:53.303 319 321 D XM_HIDREAD: add@ add@/devices/platform/unisoc_wifi/ieee80211/phy0
06-18 17:14:53.304 378 411 V C2Store : in init
06-18 17:14:53.304 378 411 V C2Store : loading dll
06-18 17:14:53.307 319 321 D XM_HIDREAD: add@ add@/devices/platform/unisoc_wifi/ieee80211/phy0/rfkill2
06-18 17:14:53.311 361 468 I Codec2InfoBuilder: adding type 'video/hevc'
06-18 17:14:53.314 676 713 I PermissionControllerServiceImpl: Updating user sensitive for user 0
01-01 08:00:18.331 649 649 E sprdwl : __sprdwl_cmd_getbuf cant't get vif, ctx_id: 0
06-18 17:14:53.320 378 413 V C2Store : in ~ComponentModule
06-18 17:14:53.320 378 413 V C2Store : unloading dll
06-18 17:14:53.320 378 411 V C2Store : in init
06-18 17:14:53.321 378 411 V C2Store : loading dll
06-18 17:14:53.321 378 775 V C2Store : in ~ComponentModule
06-18 17:14:53.321 378 775 V C2Store : unloading dll
06-18 17:14:53.322 378 411 I mediaswcodec: missing struct descriptor #Param::CoreIndex(--004) for field values of struct #Param::CoreIndex(F-12004)
06-18 17:14:53.322 505 523 W PppoeNetworkFactory: interfaceLinkStateChanged
06-18 17:14:53.322 505 523 D PppoeNetworkFactory: updateInterface: mIface: mPhyIface:eth0 iface:eth0 link:down
06-18 17:14:53.323 505 523 I EthernetTracker: interfaceLinkStateChanged, iface: eth0, up: false
06-18 17:14:53.323 378 411 D C2SoftHevcEnc: Given level 6000 does not cover current configuration: adjusting to 6001
06-18 17:14:53.323 505 523 W PppoeNetworkFactory: interfaceLinkStateChanged
06-18 17:14:53.324 505 523 D PppoeNetworkFactory: updateInterface: mIface: mPhyIface:eth0 iface:eth0 link:down
06-18 17:14:53.324 505 523 I EthernetTracker: interfaceLinkStateChanged, iface: eth0, up: false
06-18 17:14:53.327 378 411 I mediaswcodec: missing struct descriptor #Param::CoreIndex(--004) for field values of struct #Param::CoreIndex(F-12004)
06-18 17:14:53.329 378 411 D C2SoftHevcEnc: Given level 6000 does not cover current configuration: adjusting to 6001
06-18 17:14:53.332 319 321 D XM_HIDREAD: add@ add@/devices/platform/unisoc_wifi/net/wlan0
06-18 17:14:53.332 319 321 D XM_HIDREAD: add@ add@/devices/platform/unisoc_wifi/net/wlan0/queues/rx-0
06-18 17:14:53.332 319 321 D XM_HIDREAD: add@ add@/devices/platform/unisoc_wifi/net/wlan0/queues/tx-0
06-18 17:14:53.335 505 523 W PppoeNetworkFactory: interfaceLinkStateChanged
06-18 17:14:53.335 505 523 D PppoeNetworkFactory: updateInterface: mIface: mPhyIface:eth0 iface:wlan0 link:down
06-18 17:14:53.335 505 523 D PppoeNetworkFactory: not tracker interface
06-18 17:14:53.335 505 523 I EthernetTracker: interfaceLinkStateChanged, iface: wlan0, up: false
06-18 17:14:53.336 505 523 W PppoeNetworkFactory: interfaceAdded
01-01 08:00:18.356 649 649 W unisoc_wifi wlan0: mixed HW and IP checksum settings.
06-18 17:14:53.337 319 321 D XM_HIDREAD: add@ add@/devices/platform/unisoc_wifi/net/wlan1
06-18 17:14:53.337 319 321 D XM_HIDREAD: add@ add@/devices/platform/unisoc_wifi/net/wlan1/queues/rx-0
06-18 17:14:53.337 319 321 D XM_HIDREAD: add@ add@/devices/platform/unisoc_wifi/net/wlan1/queues/tx-0
06-18 17:14:53.338 505 523 W PppoeNetworkFactory: interfaceLinkStateChanged
06-18 17:14:53.338 505 523 D PppoeNetworkFactory: updateInterface: mIface: mPhyIface:eth0 iface:wlan1 link:down
06-18 17:14:53.338 505 523 D PppoeNetworkFactory: not tracker interface
06-18 17:14:53.338 505 523 I EthernetTracker: interfaceLinkStateChanged, iface: wlan1, up: false
06-18 17:14:53.345 361 468 D Codec2InfoBuilder: codec entry for 'c2.android.hevc.encoder' is disabled
06-18 17:14:53.346 378 775 V C2Store : in ~ComponentModule
06-18 17:14:53.347 505 645 D EthernetTracker: Tracking interface in client mode: eth0
06-18 17:14:53.348 378 775 V C2Store : unloading dll
06-18 17:14:53.348 505 645 D EthernetNetworkFactory: addInterface, iface: eth0, capabilities: [ Transports: ETHERNET Capabilities: NOT_METERED&INTERNET&NOT_RESTRICTED&TRUSTED&NOT_VPN&NOT_ROAMING&NOT_CONGESTED&NOT_SUSPENDED&NOT_VCN_MANAGED LinkUpBandwidth>=100000Kbps LinkDnBandwidth>=100000Kbps]
01-01 08:00:18.361 649 649 W unisoc_wifi wlan1: mixed HW and IP checksum settings.
01-01 08:00:18.361 649 649 E unisoc_wifi wlan1: netif_napi_add() called with weight 128
06-18 17:14:53.349 505 645 D EthernetNetworkFactory: updateCapabilityFilter: [ Transports: ETHERNET Capabilities: NOT_METERED&INTERNET&NOT_RESTRICTED&TRUSTED&NOT_VPN&NOT_ROAMING&NOT_CONGESTED&NOT_SUSPENDED&NOT_VCN_MANAGED]
06-18 17:14:53.350 505 523 W PppoeNetworkFactory: interfaceAdded
06-18 17:14:53.350 505 645 D EthernetNetworkFactory: updateInterfaceLinkState, iface: eth0, up: false
06-18 17:14:53.350 505 645 D EthernetNetworkFactory: updateInterfaceLinkState, iface: eth0, up: false
06-18 17:14:53.352 378 776 V C2Store : in init
06-18 17:14:53.352 378 776 V C2Store : loading dll
06-18 17:14:53.355 505 645 D Ethernet: got request NetworkRequest [ REQUEST id=4, [ Transports: ETHERNET Capabilities: INTERNET&NOT_RESTRICTED&TRUSTED&NOT_VPN&NOT_VCN_MANAGED RequestorUid: 1000 RequestorPkg: android] ]
06-18 17:14:53.355 505 645 D EthernetNetworkFactory: acceptRequest, request: NetworkRequest [ REQUEST id=4, [ Transports: ETHERNET Capabilities: INTERNET&NOT_RESTRICTED&TRUSTED&NOT_VPN&NOT_VCN_MANAGED RequestorUid: 1000 RequestorPkg: android] ]
06-18 17:14:53.355 505 645 I EthernetNetworkFactory: networkForRequest, request: NetworkRequest [ REQUEST id=4, [ Transports: ETHERNET Capabilities: INTERNET&NOT_RESTRICTED&TRUSTED&NOT_VPN&NOT_VCN_MANAGED RequestorUid: 1000 RequestorPkg: android] ], network: null
06-18 17:14:53.355 505 645 D Ethernet: got request NetworkRequest [ REQUEST id=1, [ Capabilities: INTERNET&NOT_RESTRICTED&TRUSTED&NOT_VPN&NOT_VCN_MANAGED RequestorUid: 1000 RequestorPkg: android] ]
06-18 17:14:53.355 505 645 D EthernetNetworkFactory: acceptRequest, request: NetworkRequest [ REQUEST id=1, [ Capabilities: INTERNET&NOT_RESTRICTED&TRUSTED&NOT_VPN&NOT_VCN_MANAGED RequestorUid: 1000 RequestorPkg: android] ]
06-18 17:14:53.356 505 645 I EthernetNetworkFactory: networkForRequest, request: NetworkRequest [ REQUEST id=1, [ Capabilities: INTERNET&NOT_RESTRICTED&TRUSTED&NOT_VPN&NOT_VCN_MANAGED RequestorUid: 1000 RequestorPkg: android] ], network: null
06-18 17:14:53.356 505 645 D Ethernet: got request NetworkRequest [ REQUEST id=10, [ Capabilities: INTERNET&NOT_RESTRICTED&TRUSTED&NOT_VCN_MANAGED Uid: 1000 RequestorUid: 1000 RequestorPkg: android] ]
06-18 17:14:53.356 505 645 D EthernetNetworkFactory: acceptRequest, request: NetworkRequest [ REQUEST id=10, [ Capabilities: INTERNET&NOT_RESTRICTED&TRUSTED&NOT_VCN_MANAGED Uid: 1000 RequestorUid: 1000 RequestorPkg: android] ]
06-18 17:14:53.356 505 645 I EthernetNetworkFactory: networkForRequest, request: NetworkRequest [ REQUEST id=10, [ Capabilities: INTERNET&NOT_RESTRICTED&TRUSTED&NOT_VCN_MANAGED Uid: 1000 RequestorUid: 1000 RequestorPkg: android] ], network: null
06-18 17:14:53.358 649 649 D wifi_hal-auto-detect: libwifi hal name: libwifi-hal-sprd.so
06-18 17:14:53.360 319 321 D XM_HIDREAD: add@ add@/module/sprdwl_ng
06-18 17:14:53.361 361 468 I Codec2InfoBuilder: adding type 'audio/mpeg'
06-18 17:14:53.365 378 411 V C2Store : in init
06-18 17:14:53.365 378 411 V C2Store : loading dll
06-18 17:14:53.364 649 649 I wifi@1.0-servic: type=1400 audit(0.0:339): avc: denied { read } for name="u:object_r:persist_vendor_debug_wifi_prop:s0" dev="tmpfs" ino=6410 scontext=u:r:hal_wifi_default:s0 tcontext=u:object_r:persist_vendor_debug_wifi_prop:s0 tclass=file permissive=1
06-18 17:14:53.364 649 649 I wifi@1.0-servic: type=1400 audit(0.0:340): avc: denied { open } for path="/dev/__properties__/u:object_r:persist_vendor_debug_wifi_prop:s0" dev="tmpfs" ino=6410 scontext=u:r:hal_wifi_default:s0 tcontext=u:object_r:persist_vendor_debug_wifi_prop:s0 tclass=file permissive=1
06-18 17:14:53.364 649 649 I wifi@1.0-servic: type=1400 audit(0.0:341): avc: denied { getattr } for path="/dev/__properties__/u:object_r:persist_vendor_debug_wifi_prop:s0" dev="tmpfs" ino=6410 scontext=u:r:hal_wifi_default:s0 tcontext=u:object_r:persist_vendor_debug_wifi_prop:s0 tclass=file permissive=1
06-18 17:14:53.364 649 649 I wifi@1.0-servic: type=1400 audit(0.0:342): avc: denied { map } for path="/dev/__properties__/u:object_r:persist_vendor_debug_wifi_prop:s0" dev="tmpfs" ino=6410 scontext=u:r:hal_wifi_default:s0 tcontext=u:object_r:persist_vendor_debug_wifi_prop:s0 tclass=file permissive=1
06-18 17:14:53.368 378 775 V C2Store : in ~ComponentModule
06-18 17:14:53.368 378 775 V C2Store : unloading dll
06-18 17:14:53.370 649 649 I android.hardware.wifi@1.0-service-lazy: Wifi HAL started
06-18 17:14:53.371 505 602 I WifiVendorHal: Vendor Hal started successfully
06-18 17:14:53.373 505 505 V StorageManagerService: Package null has legacy storage
06-18 17:14:53.373 505 505 V StorageManagerService: Package null has legacy storage
06-18 17:14:53.373 505 505 V StorageManagerService: Package null has legacy storage
06-18 17:14:53.374 505 505 V StorageManagerService: Package null has legacy storage
06-18 17:14:53.374 505 505 V StorageManagerService: Package null has legacy storage
06-18 17:14:53.374 505 505 V StorageManagerService: Package null does not have legacy storage
06-18 17:14:53.374 505 505 V StorageManagerService: Package null does not have legacy storage
06-18 17:14:53.375 505 505 V StorageManagerService: Package null does not have legacy storage
06-18 17:14:53.376 505 505 V StorageManagerService: Package null does not have legacy storage
06-18 17:14:53.376 505 505 V StorageManagerService: Package null does not have legacy storage
06-18 17:14:53.376 505 505 V StorageManagerService: Package null does not have legacy storage
06-18 17:14:53.376 505 505 V StorageManagerService: Package null does not have legacy storage
06-18 17:14:53.376 505 505 V StorageManagerService: Package null does not have legacy storage
06-18 17:14:53.377 505 505 V StorageManagerService: Package null does not have legacy storage
06-18 17:14:53.377 361 468 D Codec2InfoBuilder: codec entry for 'c2.android.mpeg2.decoder' is disabled
06-18 17:14:53.377 505 505 V StorageManagerService: Package null does not have legacy storage
06-18 17:14:53.377 505 505 V StorageManagerService: Package null does not have legacy storage
06-18 17:14:53.377 505 505 V StorageManagerService: Package null does not have legacy storage
06-18 17:14:53.377 378 776 V C2Store : in init
06-18 17:14:53.377 378 776 V C2Store : loading dll
06-18 17:14:53.379 378 411 V C2Store : in ~ComponentModule
06-18 17:14:53.379 649 649 W android.hardware.wifi@1.0-service-lazy: No active wlan interfaces in use! Using default
06-18 17:14:53.379 649 649 E android.hardware.wifi@1.0-service-lazy: Unknown iface name: wlan0
06-18 17:14:53.379 378 411 V C2Store : unloading dll
06-18 17:14:53.379 649 649 E android.hardware.wifi@1.0-service-lazy: Unknown iface name: wlan0
06-18 17:14:53.384 505 505 V StorageManagerService: Package null does not have legacy storage
06-18 17:14:53.385 505 505 V StorageManagerService: Package null does not have legacy storage
06-18 17:14:53.385 505 505 I PackageManager: Permission ownership changed. Updating all permissions.
06-18 17:14:53.388 361 468 I Codec2InfoBuilder: adding type 'video/mp4v-es'
06-18 17:14:53.389 649 649 I WifiHAL : Initializing wifi
06-18 17:14:53.389 505 523 W PppoeNetworkFactory: interfaceLinkStateChanged
06-18 17:14:53.389 505 523 D PppoeNetworkFactory: updateInterface: mIface: mPhyIface:eth0 iface:wlan0 link:up
06-18 17:14:53.389 505 523 D PppoeNetworkFactory: not tracker interface
06-18 17:14:53.389 505 523 I EthernetTracker: interfaceLinkStateChanged, iface: wlan0, up: true
06-18 17:14:53.395 649 649 E WifiHAL : wifi_get_logger_supported_feature_set: Error -5 happened.
06-18 17:14:53.395 649 649 E WifiHAL : Failed to get supported logger feature set: -5
06-18 17:14:53.396 649 649 E WifiHAL : wifi_get_firmware_version: Error -5 happened.
06-18 17:14:53.396 649 649 E WifiHAL : Failed to get supported logger feature set: -5
01-01 08:00:18.418 649 649 I ieee80211 phy0: sprdwl_vendor_get_support_feature
06-18 17:14:53.396 649 649 E WifiHAL : get_firmware_bus_max_size_supported: requestResponse Error:-3
06-18 17:14:53.396 649 649 E WifiHAL : Failed to get supported bus size, error : -3
06-18 17:14:53.396 649 649 E WifiHAL : wifi_logger_ring_buffers_init: Ring buffer logging feature not supported 0
06-18 17:14:53.396 649 649 E WifiHAL : Wifi Logger Ring Initialization Failed
06-18 17:14:53.397 649 649 E WifiHAL : wifiGetCapabilities: Failed to send request, Error:-5
06-18 17:14:53.397 649 649 E WifiHAL : Failed to get wifi Capabilities, error: -5
06-18 17:14:53.397 649 649 I android.hardware.wifi@1.0-service-lazy: Adding interface handle for wlan1
06-18 17:14:53.397 649 649 I android.hardware.wifi@1.0-service-lazy: Adding interface handle for wlan0
06-18 17:14:53.397 649 649 W android.hardware.wifi@1.0-service-lazy: No active wlan interfaces in use! Using default
06-18 17:14:53.398 649 649 W android.hardware.wifi@1.0-service-lazy: No active wlan interfaces in use! Using default
06-18 17:14:53.398 649 649 E WifiHAL : wifi_get_driver_version: Error -5 happened.
06-18 17:14:53.398 649 649 E android.hardware.wifi@1.0-service-lazy: Failed to get driver version: INVALID_ARGS
06-18 17:14:53.398 649 649 I android.hardware.wifi@1.0-service-lazy: Configured chip in mode 3
06-18 17:14:53.398 649 649 W android.hardware.wifi@1.0-service-lazy: No active wlan interfaces in use! Using default
06-18 17:14:53.399 505 602 D HalDevMgr: updateRttController: no one is interested in RTT controllers
06-18 17:14:53.400 649 649 D WifiHAL : wifi_virtual_interface_create: ifname=wlan0 create
06-18 17:14:53.400 649 649 I android.hardware.wifi@1.0-service-lazy: Adding interface handle for wlan1
06-18 17:14:53.400 649 649 I android.hardware.wifi@1.0-service-lazy: Adding interface handle for wlan0
06-18 17:14:53.401 649 649 E android.hardware.wifi@1.0-service-lazy: Failed to set DFS flag; DFS channels may be unavailable.
06-18 17:14:53.406 378 775 V C2Store : in init
06-18 17:14:53.406 378 775 V C2Store : loading dll
06-18 17:14:53.406 378 776 V C2Store : in ~ComponentModule
06-18 17:14:53.406 378 776 V C2Store : unloading dll
