06-18 17:15:12.910 505 612 D NsdService: mdnssd [register, 3, b42f0315e8b9@当贝投屏F4, _raop._tcp, 39709, CXR4dHZlcnM9MQ1hbT1BcHBsZVRWMiwxBGNoPTIKY249MCwxLDIsMwdkYT10cnVlCGV0PTAsMyw1EmZ0PTB4NTI3RkZGRjcsMHgxRQhtZD0wLDEsMkNwaz1iMDc3MjdkNmY2Y2Q2ZTA4YjU4ZWRlNTI1ZWMzY2RlYWEyNTJhZDlmNjgzZmViMjEyZWY4YTIwNTI0NjU1NGU3CHB3PWZhbHNlBnNmPTB4NAhzcj00NDEwMAVzcz0xNghzdj1mYWxzZQZ0cD1VRFAIdm49NjU1MzcJdnM9MjIwLjY4BHZ2PTILcmhkPTUuNi4wLjA=]
06-18 17:15:12.914 505 612 D NsdService: Register 3 3
06-18 17:15:13.128 505 612 D NsdService: Register service
06-18 17:15:13.128 505 612 D NsdService: registerService: 4 name: 当贝投屏F4, type: _db_cast_screen._tcp, host: null, port: 36457, txtRecord: au=1cV=20830mV=100h265=1maxR=4096-3152model=DBBOX-A2deviceid=20:02:FE:19:C2:0E
06-18 17:15:13.128 505 612 D NsdService: mdnssd [register, 4, 当贝投屏F4, _db_cast_screen._tcp, 36457, BGF1PTEIY1Y9MjA4MzAGbVY9MTAwBmgyNjU9MQ5tYXhSPTQwOTYtMzE1Mg5tb2RlbD1EQkJPWC1BMhpkZXZpY2VpZD0yMDowMjpGRToxOTpDMjowRQ==]
06-18 17:15:13.128 2447 2447 I CrashSDKNormalH: type=1400 audit(0.0:1858): avc: denied { search } for name="com.dangbei.screencast" dev="mmcblk0p25" ino=889 scontext=u:r:platform_app:s0:c512,c768 tcontext=u:object_r:app_data_file:s0:c512,c768 tclass=dir permissive=1 app=com.dangbei.screencast
06-18 17:15:13.131 505 612 D NsdService: Register 4 4
06-18 17:15:13.264 1104 2144 W ModernMediaScanner: Failed to apply ContentProviderOperation(type=insert uri=content://media/internal/file values={instance_id=null, compilation=null, disc_number=0, duration=4383, is_ringtone=0, album_artist=null, resolution=null, orientation=null, artist=Unknown, author=null, height=null, is_drm=0, is_audiobook=0, date_modified=1750238091, writer=null, composer=null, _modifier=3, is_recording=0, datetaken=null, mime_type=audio/ogg, is_notification=1, bitrate=96000, cd_track_number=null, xmp=[], year=null, _data=/product/media/audio/notifications/Vega.ogg, _size=29310, album=notifications, genre=null, is_alarm=0, title=Vega, track=null, width=null, is_music=0, document_id=null, is_podcast=0, capture_framerate=null, num_tracks=1, original_document_id=null, media_type=2} exceptionAllowed)
06-18 17:15:13.264 1104 2144 W ModernMediaScanner: android.database.sqlite.SQLiteConstraintException: UNIQUE constraint failed: files._data (code 2067 SQLITE_CONSTRAINT_UNIQUE)
06-18 17:15:13.264 1104 2144 W ModernMediaScanner: at android.database.sqlite.SQLiteConnection.nativeExecuteForLastInsertedRowId(Native Method)
06-18 17:15:13.264 1104 2144 W ModernMediaScanner: at android.database.sqlite.SQLiteConnection.executeForLastInsertedRowId(SQLiteConnection.java:940)
06-18 17:15:13.264 1104 2144 W ModernMediaScanner: at android.database.sqlite.SQLiteSession.executeForLastInsertedRowId(SQLiteSession.java:790)
06-18 17:15:13.264 1104 2144 W ModernMediaScanner: at android.database.sqlite.SQLiteStatement.executeInsert(SQLiteStatement.java:89)
06-18 17:15:13.264 1104 2144 W ModernMediaScanner: at com.android.providers.media.util.DatabaseUtils.executeInsert(DatabaseUtils.java:457)
06-18 17:15:13.264 1104 2144 W ModernMediaScanner: at com.android.providers.media.util.SQLiteQueryBuilder.insert(SQLiteQueryBuilder.java:611)
06-18 17:15:13.264 1104 2144 W ModernMediaScanner: at com.android.providers.media.util.SQLiteQueryBuilder.lambda$insert$1(SQLiteQueryBuilder.java:575)
06-18 17:15:13.264 1104 2144 W ModernMediaScanner: at com.android.providers.media.util.SQLiteQueryBuilder.$r8$lambda$J8sHyRt4f9G-jpErUkeO-jG4Hmw(Unknown Source:0)
06-18 17:15:13.264 1104 2144 W ModernMediaScanner: at com.android.providers.media.util.SQLiteQueryBuilder$$ExternalSyntheticLambda1.apply(Unknown Source:6)
06-18 17:15:13.264 1104 2144 W ModernMediaScanner: at com.android.providers.media.DatabaseHelper.runWithTransaction(DatabaseHelper.java:574)
06-18 17:15:13.264 1104 2144 W ModernMediaScanner: at com.android.providers.media.util.SQLiteQueryBuilder.insert(SQLiteQueryBuilder.java:574)
06-18 17:15:13.264 1104 2144 W ModernMediaScanner: at com.android.providers.media.MediaProvider.lambda$insertAllowingUpsert$16(MediaProvider.java:3959)
06-18 17:15:13.264 1104 2144 W ModernMediaScanner: at com.android.providers.media.MediaProvider.$r8$lambda$D66PPVN7oPbfQ5uf1pNwLJSEApc(Unknown Source:0)
06-18 17:15:13.264 1104 2144 W ModernMediaScanner: at com.android.providers.media.MediaProvider$$ExternalSyntheticLambda26.apply(Unknown Source:13)
06-18 17:15:13.264 1104 2144 W ModernMediaScanner: at com.android.providers.media.DatabaseHelper.runWithTransaction(DatabaseHelper.java:574)
06-18 17:15:13.264 1104 2144 W ModernMediaScanner: at com.android.providers.media.MediaProvider.insertAllowingUpsert(MediaProvider.java:3949)
06-18 17:15:13.264 1104 2144 W ModernMediaScanner: at com.android.providers.media.MediaProvider.insertFile(MediaProvider.java:3931)
06-18 17:15:13.264 1104 2144 W ModernMediaScanner: at com.android.providers.media.MediaProvider.insertInternal(MediaProvider.java:4391)
06-18 17:15:13.264 1104 2144 W ModernMediaScanner: at com.android.providers.media.MediaProvider.insert(MediaProvider.java:4091)
06-18 17:15:13.264 1104 2144 W ModernMediaScanner: at android.content.ContentProviderOperation.applyInternal(ContentProviderOperation.java:375)
06-18 17:15:13.264 1104 2144 W ModernMediaScanner: at android.content.ContentProviderOperation.apply(ContentProviderOperation.java:347)
06-18 17:15:13.264 1104 2144 W ModernMediaScanner: at android.content.ContentProvider.applyBatch(ContentProvider.java:2438)
06-18 17:15:13.264 1104 2144 W ModernMediaScanner: at com.android.providers.media.MediaProvider.applyBatch(MediaProvider.java:4443)
06-18 17:15:13.264 1104 2144 W ModernMediaScanner: at android.content.ContentProvider.applyBatch(ContentProvider.java:2429)
06-18 17:15:13.264 1104 2144 W ModernMediaScanner: at android.content.ContentResolver.applyBatch(ContentResolver.java:2230)
06-18 17:15:13.264 1104 2144 W ModernMediaScanner: at com.android.providers.media.scan.ModernMediaScanner$Scan.applyPending(ModernMediaScanner.java:924)
06-18 17:15:13.264 1104 2144 W ModernMediaScanner: at com.android.providers.media.scan.ModernMediaScanner$Scan.maybeApplyPending(ModernMediaScanner.java:914)
06-18 17:15:13.264 1104 2144 W ModernMediaScanner: at com.android.providers.media.scan.ModernMediaScanner$Scan.visitFile(ModernMediaScanner.java:820)
06-18 17:15:13.264 1104 2144 W ModernMediaScanner: at com.android.providers.media.scan.ModernMediaScanner$Scan.visitFile(ModernMediaScanner.java:320)
06-18 17:15:13.264 1104 2144 W ModernMediaScanner: at java.nio.file.Files.walkFileTree(Files.java:2670)
06-18 17:15:13.264 1104 2144 W ModernMediaScanner: at java.nio.file.Files.walkFileTree(Files.java:2742)
06-18 17:15:13.264 1104 2144 W ModernMediaScanner: at com.android.providers.media.scan.ModernMediaScanner$Scan.walkFileTree(ModernMediaScanner.java:439)
06-18 17:15:13.264 1104 2144 W ModernMediaScanner: at com.android.providers.media.scan.ModernMediaScanner$Scan.runInternal(ModernMediaScanner.java:402)
06-18 17:15:13.264 1104 2144 W ModernMediaScanner: at com.android.providers.media.scan.ModernMediaScanner$Scan.run(ModernMediaScanner.java:391)
06-18 17:15:13.264 1104 2144 W ModernMediaScanner: at com.android.providers.media.scan.ModernMediaScanner.scanDirectory(ModernMediaScanner.java:248)
06-18 17:15:13.264 1104 2144 W ModernMediaScanner: at com.android.providers.media.MediaProvider.scanDirectory(MediaProvider.java:1271)
06-18 17:15:13.264 1104 2144 W ModernMediaScanner: at com.android.providers.media.MediaService.onScanVolume(MediaService.java:194)
06-18 17:15:13.264 1104 2144 W ModernMediaScanner: at com.android.providers.media.MediaService.onScanVolume(MediaService.java:162)
06-18 17:15:13.264 1104 2144 W ModernMediaScanner: at com.android.providers.media.MediaService.onHandleWork(MediaService.java:95)
06-18 17:15:13.264 1104 2144 W ModernMediaScanner: at androidx.core.app.JobIntentService$CommandProcessor.doInBackground(JobIntentService.java:396)
06-18 17:15:13.264 1104 2144 W ModernMediaScanner: at androidx.core.app.JobIntentService$CommandProcessor.doInBackground(JobIntentService.java:387)
06-18 17:15:13.264 1104 2144 W ModernMediaScanner: at android.os.AsyncTask$3.call(AsyncTask.java:394)
06-18 17:15:13.264 1104 2144 W ModernMediaScanner: at java.util.concurrent.FutureTask.run(FutureTask.java:266)
06-18 17:15:13.264 1104 2144 W ModernMediaScanner: at java.util.concurrent.ThreadPoolExecutor.runWorker(ThreadPoolExecutor.java:1167)
06-18 17:15:13.264 1104 2144 W ModernMediaScanner: at java.util.concurrent.ThreadPoolExecutor$Worker.run(ThreadPoolExecutor.java:641)
06-18 17:15:13.264 1104 2144 W ModernMediaScanner: at java.lang.Thread.run(Thread.java:920)
06-18 17:15:13.284 1859 1859 I queued-work-loo: type=1400 audit(0.0:1859): avc: denied { write } for name="shared_prefs" dev="mmcblk0p25" ino=2219 scontext=u:r:platform_app:s0:c512,c768 tcontext=u:object_r:app_data_file:s0:c512,c768 tclass=dir permissive=1 app=com.dangbei.screencast
06-18 17:15:13.284 1859 1859 I queued-work-loo: type=1400 audit(0.0:1860): avc: denied { remove_name } for name="screencast.xml" dev="mmcblk0p25" ino=2373 scontext=u:r:platform_app:s0:c512,c768 tcontext=u:object_r:app_data_file:s0:c512,c768 tclass=dir permissive=1 app=com.dangbei.screencast
06-18 17:15:13.284 1859 1859 I queued-work-loo: type=1400 audit(0.0:1861): avc: denied { rename } for name="screencast.xml" dev="mmcblk0p25" ino=2373 scontext=u:r:platform_app:s0:c512,c768 tcontext=u:object_r:app_data_file:s0:c512,c768 tclass=file permissive=1 app=com.dangbei.screencast
06-18 17:15:13.304 505 525 W IorapForwardingService: No service published for: iorapd
06-18 17:15:13.440 2464 2624 I TDLog : TalkingData App Analytics SDK init...
06-18 17:15:13.440 2464 2624 I TDLog : SDK_VERSION is: Android+TD+V4.0.22 gp Type:Native Build_Num:712
06-18 17:15:13.440 2464 2624 I TDLog : App ID is: 219DEBE67C3B47D799EED1190DEACA09
06-18 17:15:13.440 2464 2624 I TDLog : App Channel is: statisticSDK
06-18 17:15:13.440 2464 2624 I TDLog : SDK_OVC is: TDOVC+a004ba0d7e569531a3ac013fd19b4443+SaaS
06-18 17:15:13.455 2653 2664 I droid.tv.commo: Background young concurrent copying GC freed 5119(454KB) AllocSpace objects, 4(80KB) LOS objects, 95% free, 1200KB/25MB, paused 211us total 107.219ms
06-18 17:15:13.525 1859 2052 I UpnpServiceImpl: >>> Starting UPnP service...
06-18 17:15:13.525 1859 2052 I UpnpServiceImpl: Using configuration: org.fourthline.cling.android.AndroidUpnpServiceConfiguration
06-18 17:15:13.528 1859 2052 I Router : Creating Router: org.fourthline.cling.android.AndroidRouter
06-18 17:15:13.531 1859 2052 I NetworkUtils: Could not find any connected network...
06-18 17:15:13.531 1859 2052 W Router : enable lock:org.fourthline.cling.android.AndroidRouter@2537cb1_java.util.concurrent.locks.ReentrantReadWriteLock$WriteLock@f703596[Unlocked]
06-18 17:15:13.544 2676 2694 W System : A resource failed to call close.
06-18 17:15:13.546 2676 2694 W System : A resource failed to call close.
06-18 17:15:13.547 2676 2694 W System : A resource failed to call close.
06-18 17:15:13.547 2676 2694 W System : A resource failed to call close.
01-01 08:00:38.572 2052 2052 W audit : audit_lost=1385 audit_rate_limit=5 audit_backlog_limit=64
01-01 08:00:38.572 2052 2052 E audit : rate limit exceeded
06-18 17:15:13.588 1859 2052 W tworkAddressFactoryImpl: Network interface may not be multicast capable: dummy0
06-18 17:15:13.592 1859 2052 W tworkAddressFactoryImpl: No usable network interface or addresses found
06-18 17:15:13.594 1859 2052 I Router : Unable to initialize network router, no network found.
06-18 17:15:13.594 1859 2052 W Router : enable unlock:org.fourthline.cling.android.AndroidRouter@2537cb1
06-18 17:15:13.595 1859 2052 I UpnpServiceImpl: <<< UPnP service started successfully
06-18 17:15:13.611 1545 1742 E hq : Etna:::getFindLookupControllerState isConnect=true
06-18 17:15:13.611 1545 1742 E Etna : getFindLookupControllerState1111111
06-18 17:15:13.624 1545 1742 E hq : Etna:::getFindLookupControllerState valueStr=1
06-18 17:15:13.626 1545 1742 E hq : LookupControler:::isLookupController=true
06-18 17:15:13.627 1545 1742 I hq : LookupControler:::time=110000
06-18 17:15:13.693 505 612 D NsdService: Native daemon message SERVICE_REGISTERED: 606 3 "b42f0315e8b9@当贝投屏F4"
06-18 17:15:13.694 505 612 D NsdService: Native daemon message SERVICE_REGISTERED: 606 2 "当贝投屏F4"
06-18 17:15:13.729 1859 2052 E g : channel :os
06-18 17:15:13.824 505 533 I ActivityManager: Waited long enough for: ServiceRecord{3ae0938 u0 com.android.tv.settings/.users.UserSwitchListenerService}
06-18 17:15:13.833 505 612 D NsdService: Native daemon message SERVICE_REGISTERED: 606 4 "当贝投屏F4"
06-18 17:15:13.862 1545 1742 D hq : NetWorkStateReceiver:::检查网络,并且持续更新 isConnect=false
06-18 17:15:13.896 2805 2805 I getprop : type=1400 audit(0.0:2151): avc: denied { open } for path="/dev/__properties__/u:object_r:provisioned_prop:s0" dev="tmpfs" ino=6417 scontext=u:r:system_app:s0 tcontext=u:object_r:provisioned_prop:s0 tclass=file permissive=1
06-18 17:15:13.896 2805 2805 I getprop : type=1400 audit(0.0:2152): avc: denied { getattr } for path="/dev/__properties__/u:object_r:provisioned_prop:s0" dev="tmpfs" ino=6417 scontext=u:r:system_app:s0 tcontext=u:object_r:provisioned_prop:s0 tclass=file permissive=1
06-18 17:15:13.896 2805 2805 I getprop : type=1400 audit(0.0:2153): avc: denied { map } for path="/dev/__properties__/u:object_r:provisioned_prop:s0" dev="tmpfs" ino=6417 scontext=u:r:system_app:s0 tcontext=u:object_r:provisioned_prop:s0 tclass=file permissive=1
06-18 17:15:13.896 2805 2805 I getprop : type=1400 audit(0.0:2154): avc: denied { open } for path="/dev/__properties__/u:object_r:qemu_hw_prop:s0" dev="tmpfs" ino=6418 scontext=u:r:system_app:s0 tcontext=u:object_r:qemu_hw_prop:s0 tclass=file permissive=1
06-18 17:15:13.896 2805 2805 I getprop : type=1400 audit(0.0:2155): avc: denied { getattr } for path="/dev/__properties__/u:object_r:qemu_hw_prop:s0" dev="tmpfs" ino=6418 scontext=u:r:system_app:s0 tcontext=u:object_r:qemu_hw_prop:s0 tclass=file permissive=1
06-18 17:15:14.293 505 505 W NotificationHistory: Attempted to add notif for locked/gone/disabled user 0
06-18 17:15:14.297 667 667 V TvNotificationHandler: Notification not added because it isn't relevant for tv
06-18 17:15:14.309 505 525 W IorapForwardingService: No service published for: iorapd
06-18 17:15:14.596 1859 2009 I efs.send_log: log cann't be send because net status is disconnected
06-18 17:15:14.866 1104 2144 W ModernMediaScanner: Failed to apply ContentProviderOperation(type=insert uri=content://media/internal/file values={instance_id=null, compilation=null, disc_number=null, duration=1000, is_ringtone=0, album_artist=null, resolution=null, orientation=null, artist=pdx, author=null, height=null, is_drm=0, is_audiobook=0, date_modified=1750238091, writer=null, composer=null, _modifier=3, is_recording=0, datetaken=null, mime_type=audio/ogg, is_notification=1, bitrate=80000, cd_track_number=2dB214a, xmp=[], year=null, _data=/product/media/audio/notifications/arcturus.ogg, _size=7908, album=notifications, genre=null, is_alarm=0, title=Arcturus, track=null, width=null, is_music=0, document_id=null, is_podcast=0, capture_framerate=null, num_tracks=1, original_document_id=null, media_type=2} exceptionAllowed)
06-18 17:15:14.866 1104 2144 W ModernMediaScanner: android.database.sqlite.SQLiteConstraintException: UNIQUE constraint failed: files._data (code 2067 SQLITE_CONSTRAINT_UNIQUE)
06-18 17:15:14.866 1104 2144 W ModernMediaScanner: at android.database.sqlite.SQLiteConnection.nativeExecuteForLastInsertedRowId(Native Method)
06-18 17:15:14.866 1104 2144 W ModernMediaScanner: at android.database.sqlite.SQLiteConnection.executeForLastInsertedRowId(SQLiteConnection.java:940)
06-18 17:15:14.866 1104 2144 W ModernMediaScanner: at android.database.sqlite.SQLiteSession.executeForLastInsertedRowId(SQLiteSession.java:790)
06-18 17:15:14.866 1104 2144 W ModernMediaScanner: at android.database.sqlite.SQLiteStatement.executeInsert(SQLiteStatement.java:89)
06-18 17:15:14.866 1104 2144 W ModernMediaScanner: at com.android.providers.media.util.DatabaseUtils.executeInsert(DatabaseUtils.java:457)
06-18 17:15:14.866 1104 2144 W ModernMediaScanner: at com.android.providers.media.util.SQLiteQueryBuilder.insert(SQLiteQueryBuilder.java:611)
06-18 17:15:14.866 1104 2144 W ModernMediaScanner: at com.android.providers.media.util.SQLiteQueryBuilder.lambda$insert$1(SQLiteQueryBuilder.java:575)
06-18 17:15:14.866 1104 2144 W ModernMediaScanner: at com.android.providers.media.util.SQLiteQueryBuilder.$r8$lambda$J8sHyRt4f9G-jpErUkeO-jG4Hmw(Unknown Source:0)
06-18 17:15:14.866 1104 2144 W ModernMediaScanner: at com.android.providers.media.util.SQLiteQueryBuilder$$ExternalSyntheticLambda1.apply(Unknown Source:6)
06-18 17:15:14.866 1104 2144 W ModernMediaScanner: at com.android.providers.media.DatabaseHelper.runWithTransaction(DatabaseHelper.java:574)
06-18 17:15:14.866 1104 2144 W ModernMediaScanner: at com.android.providers.media.util.SQLiteQueryBuilder.insert(SQLiteQueryBuilder.java:574)
06-18 17:15:14.866 1104 2144 W ModernMediaScanner: at com.android.providers.media.MediaProvider.lambda$insertAllowingUpsert$16(MediaProvider.java:3959)
06-18 17:15:14.866 1104 2144 W ModernMediaScanner: at com.android.providers.media.MediaProvider.$r8$lambda$D66PPVN7oPbfQ5uf1pNwLJSEApc(Unknown Source:0)
06-18 17:15:14.866 1104 2144 W ModernMediaScanner: at com.android.providers.media.MediaProvider$$ExternalSyntheticLambda26.apply(Unknown Source:13)
06-18 17:15:14.866 1104 2144 W ModernMediaScanner: at com.android.providers.media.DatabaseHelper.runWithTransaction(DatabaseHelper.java:574)
06-18 17:15:14.866 1104 2144 W ModernMediaScanner: at com.android.providers.media.MediaProvider.insertAllowingUpsert(MediaProvider.java:3949)
06-18 17:15:14.866 1104 2144 W ModernMediaScanner: at com.android.providers.media.MediaProvider.insertFile(MediaProvider.java:3931)
06-18 17:15:14.866 1104 2144 W ModernMediaScanner: at com.android.providers.media.MediaProvider.insertInternal(MediaProvider.java:4391)
06-18 17:15:14.866 1104 2144 W ModernMediaScanner: at com.android.providers.media.MediaProvider.insert(MediaProvider.java:4091)
06-18 17:15:14.866 1104 2144 W ModernMediaScanner: at android.content.ContentProviderOperation.applyInternal(ContentProviderOperation.java:375)
06-18 17:15:14.866 1104 2144 W ModernMediaScanner: at android.content.ContentProviderOperation.apply(ContentProviderOperation.java:347)
06-18 17:15:14.866 1104 2144 W ModernMediaScanner: at android.content.ContentProvider.applyBatch(ContentProvider.java:2438)
06-18 17:15:14.866 1104 2144 W ModernMediaScanner: at com.android.providers.media.MediaProvider.applyBatch(MediaProvider.java:4443)
06-18 17:15:14.866 1104 2144 W ModernMediaScanner: at android.content.ContentProvider.applyBatch(ContentProvider.java:2429)
06-18 17:15:14.866 1104 2144 W ModernMediaScanner: at android.content.ContentResolver.applyBatch(ContentResolver.java:2230)
06-18 17:15:14.866 1104 2144 W ModernMediaScanner: at com.android.providers.media.scan.ModernMediaScanner$Scan.applyPending(ModernMediaScanner.java:924)
06-18 17:15:14.866 1104 2144 W ModernMediaScanner: at com.android.providers.media.scan.ModernMediaScanner$Scan.maybeApplyPending(ModernMediaScanner.java:914)
06-18 17:15:14.866 1104 2144 W ModernMediaScanner: at com.android.providers.media.scan.ModernMediaScanner$Scan.visitFile(ModernMediaScanner.java:820)
06-18 17:15:14.866 1104 2144 W ModernMediaScanner: at com.android.providers.media.scan.ModernMediaScanner$Scan.visitFile(ModernMediaScanner.java:320)
06-18 17:15:14.866 1104 2144 W ModernMediaScanner: at java.nio.file.Files.walkFileTree(Files.java:2670)
06-18 17:15:14.866 1104 2144 W ModernMediaScanner: at java.nio.file.Files.walkFileTree(Files.java:2742)
06-18 17:15:14.866 1104 2144 W ModernMediaScanner: at com.android.providers.media.scan.ModernMediaScanner$Scan.walkFileTree(ModernMediaScanner.java:439)
06-18 17:15:14.866 1104 2144 W ModernMediaScanner: at com.android.providers.media.scan.ModernMediaScanner$Scan.runInternal(ModernMediaScanner.java:402)
06-18 17:15:14.866 1104 2144 W ModernMediaScanner: at com.android.providers.media.scan.ModernMediaScanner$Scan.run(ModernMediaScanner.java:391)
06-18 17:15:14.866 1104 2144 W ModernMediaScanner: at com.android.providers.media.scan.ModernMediaScanner.scanDirectory(ModernMediaScanner.java:248)
06-18 17:15:14.866 1104 2144 W ModernMediaScanner: at com.android.providers.media.MediaProvider.scanDirectory(MediaProvider.java:1271)
06-18 17:15:14.866 1104 2144 W ModernMediaScanner: at com.android.providers.media.MediaService.onScanVolume(MediaService.java:194)
06-18 17:15:14.866 1104 2144 W ModernMediaScanner: at com.android.providers.media.MediaService.onScanVolume(MediaService.java:162)
06-18 17:15:14.866 1104 2144 W ModernMediaScanner: at com.android.providers.media.MediaService.onHandleWork(MediaService.java:95)
06-18 17:15:14.866 1104 2144 W ModernMediaScanner: at androidx.core.app.JobIntentService$CommandProcessor.doInBackground(JobIntentService.java:396)
06-18 17:15:14.866 1104 2144 W ModernMediaScanner: at androidx.core.app.JobIntentService$CommandProcessor.doInBackground(JobIntentService.java:387)
06-18 17:15:14.866 1104 2144 W ModernMediaScanner: at android.os.AsyncTask$3.call(AsyncTask.java:394)
06-18 17:15:14.866 1104 2144 W ModernMediaScanner: at java.util.concurrent.FutureTask.run(FutureTask.java:266)
06-18 17:15:14.866 1104 2144 W ModernMediaScanner: at java.util.concurrent.ThreadPoolExecutor.runWorker(ThreadPoolExecutor.java:1167)
06-18 17:15:14.866 1104 2144 W ModernMediaScanner: at java.util.concurrent.ThreadPoolExecutor$Worker.run(ThreadPoolExecutor.java:641)
06-18 17:15:14.866 1104 2144 W ModernMediaScanner: at java.lang.Thread.run(Thread.java:920)
06-18 17:15:15.310 505 525 W IorapForwardingService: No service published for: iorapd
06-18 17:15:15.371 659 769 I bt_btif_dm: system/bt/btif/src/btif_dm.cc:548 btif_update_remote_properties: cod from storage is also unclassified
06-18 17:15:15.396 2826 2826 I getprop : type=1400 audit(0.0:2286): avc: denied { open } for path="/dev/__properties__/u:object_r:aac_drc_prop:s0" dev="tmpfs" ino=6248 scontext=u:r:platform_app:s0:c512,c768 tcontext=u:object_r:aac_drc_prop:s0 tclass=file permissive=1 app=com.dangbei.screencast
06-18 17:15:15.396 2826 2826 I getprop : type=1400 audit(0.0:2287): avc: denied { getattr } for path="/dev/__properties__/u:object_r:aac_drc_prop:s0" dev="tmpfs" ino=6248 scontext=u:r:platform_app:s0:c512,c768 tcontext=u:object_r:aac_drc_prop:s0 tclass=file permissive=1 app=com.dangbei.screencast
06-18 17:15:15.396 2826 2826 I getprop : type=1400 audit(0.0:2288): avc: denied { map } for path="/dev/__properties__/u:object_r:aac_drc_prop:s0" dev="tmpfs" ino=6248 scontext=u:r:platform_app:s0:c512,c768 tcontext=u:object_r:aac_drc_prop:s0 tclass=file permissive=1 app=com.dangbei.screencast
06-18 17:15:15.404 2826 2826 I getprop : type=1400 audit(0.0:2289): avc: denied { open } for path="/dev/__properties__/u:object_r:ab_update_gki_prop:s0" dev="tmpfs" ino=6250 scontext=u:r:platform_app:s0:c512,c768 tcontext=u:object_r:ab_update_gki_prop:s0 tclass=file permissive=1 app=com.dangbei.screencast
06-18 17:15:15.408 2826 2826 I getprop : type=1400 audit(0.0:2290): avc: denied { getattr } for path="/dev/__properties__/u:object_r:ab_update_gki_prop:s0" dev="tmpfs" ino=6250 scontext=u:r:platform_app:s0:c512,c768 tcontext=u:object_r:ab_update_gki_prop:s0 tclass=file permissive=1 app=com.dangbei.screencast
01-01 08:00:40.433 2826 2826 W audit : audit_lost=1795 audit_rate_limit=5 audit_backlog_limit=64
01-01 08:00:40.433 2826 2826 E audit : rate limit exceeded
06-18 17:15:15.711 659 659 V MediaPlayerList: mPackageChangedBroadcastReceiver: action: android.intent.action.PACKAGE_CHANGED
06-18 17:15:15.711 659 659 D MediaPlayerList: Name of package changed: com.softwinner.settingssetup
06-18 17:15:15.721 505 587 I InputReader: Reconfiguring input devices, changes=KEYBOARD_LAYOUTS |
06-18 17:15:15.722 505 505 D DeviceIdleController: find package null
06-18 17:15:15.725 505 532 W Searchables: No global search activity found
06-18 17:15:15.727 676 1201 I PermissionControllerServiceImpl: Updating user sensitive for uid 10065
06-18 17:15:15.733 505 505 D DeviceIdleController: find package null
06-18 17:15:15.733 659 659 V MediaPlayerList: mPackageChangedBroadcastReceiver: action: android.intent.action.PACKAGE_CHANGED
06-18 17:15:15.733 659 659 D MediaPlayerList: Name of package changed: com.android.statementservice
06-18 17:15:15.739 505 587 I InputReader: Reconfiguring input devices, changes=KEYBOARD_LAYOUTS |
06-18 17:15:15.740 505 532 W VoiceInteractionManager: no available voice recognition services found for user 0
06-18 17:15:15.741 676 1201 I PermissionControllerServiceImpl: Updating user sensitive for uid 10028
06-18 17:15:15.746 505 532 W Searchables: No global search activity found
06-18 17:15:15.753 505 505 D DeviceIdleController: find package null
06-18 17:15:15.754 659 659 V MediaPlayerList: mPackageChangedBroadcastReceiver: action: android.intent.action.PACKAGE_CHANGED
06-18 17:15:15.754 659 659 D MediaPlayerList: Name of package changed: com.android.traceur
06-18 17:15:15.756 505 587 I InputReader: Reconfiguring input devices, changes=KEYBOARD_LAYOUTS |
06-18 17:15:15.757 505 532 W VoiceInteractionManager: no available voice recognition services found for user 0
06-18 17:15:15.757 676 1201 I PermissionControllerServiceImpl: Updating user sensitive for uid 10031
06-18 17:15:15.787 505 532 W Searchables: No global search activity found
06-18 17:15:15.791 505 532 W VoiceInteractionManager: no available voice recognition services found for user 0
06-18 17:15:15.866 1545 1742 D hq : NetWorkStateReceiver:::检查网络,并且持续更新 isConnect=false
06-18 17:15:16.029 899 899 D BluetoothAdapter: isLeEnabled(): ON
06-18 17:15:16.312 505 525 W IorapForwardingService: No service published for: iorapd
01-01 08:00:42.233 1 1 I init : processing action (debug.launcher3.exit=1) from (/vendor/etc/init/init.scheduler.rc:1)
06-18 17:15:17.275 1104 1120 I FuseDaemon: Background concurrent copying GC freed 492206(20MB) AllocSpace objects, 163(3336KB) LOS objects, 49% free, 3073KB/6146KB, paused 106us total 109.447ms
06-18 17:15:17.314 505 525 W IorapForwardingService: No service published for: iorapd
06-18 17:15:17.523 361 2246 D mediaserver: Time zone APEX ICU file found: /apex/com.android.tzdata/etc/icu/icu_tzdata.dat
06-18 17:15:17.523 361 2246 D mediaserver: I18n APEX ICU file found: /apex/com.android.i18n/etc/icu/icudt68l.dat
06-18 17:15:17.870 1545 1742 D hq : NetWorkStateReceiver:::检查网络,并且持续更新 isConnect=false
06-18 17:15:18.315 505 525 W IorapForwardingService: No service published for: iorapd
06-18 17:15:18.682 1104 1209 W MediaProvider: getVolumePath for unknown volume: internal
06-18 17:15:18.689 1104 1209 W MediaProvider: getVolumePath for unknown volume: internal
06-18 17:15:18.691 1104 1209 W MediaProvider: getVolumePath for unknown volume: internal
06-18 17:15:18.692 1104 1209 W MediaProvider: getVolumePath for unknown volume: internal
06-18 17:15:18.993 1859 1980 I crashsdk: crashsdk uploading logs
06-18 17:15:19.318 505 525 W IorapForwardingService: No service published for: iorapd
06-18 17:15:19.397 505 533 W ActivityManager: Ignoring remove of inactive process: ProcessRecord{b96f313 0:com.android.tv.common/u0a57}
06-18 17:15:19.685 505 598 W BestClock: java.time.DateTimeException: Missing NTP fix
06-18 17:15:19.709 2088 2873 D EpgDataCleanupService: Received intent: Intent { act=com.android.providers.tv.intent.CLEAN_UP_EPG_DATA cmp=com.android.providers.tv/.EpgDataCleanupService }
06-18 17:15:19.716 505 505 D CompatibilityChangeReporter: Compat change id reported: 168419799; UID 10057; state: DISABLED
06-18 17:15:19.722 505 598 W BestClock: java.time.DateTimeException: Missing NTP fix
06-18 17:15:19.724 243 243 I Binder:243_4: type=1400 audit(0.0:2728): avc: denied { add_name } for name="globalAlert" scontext=u:r:netd:s0 tcontext=u:object_r:proc_net:s0 tclass=dir permissive=1
06-18 17:15:19.724 243 243 I Binder:243_4: type=1400 audit(0.0:2729): avc: denied { create } for name="globalAlert" scontext=u:r:netd:s0 tcontext=u:object_r:proc_net:s0 tclass=file permissive=1
06-18 17:15:19.733 505 505 W NotificationHistory: Attempted to add notif for locked/gone/disabled user 0
06-18 17:15:19.736 505 599 W BestClock: java.time.DateTimeException: Missing NTP fix
06-18 17:15:19.738 505 599 W BestClock: java.time.DateTimeException: Missing NTP fix
06-18 17:15:19.745 2571 2571 I EpgFetcherImpl: Cannot start routine service: country not supported: CN
06-18 17:15:19.746 667 667 V TvNotificationHandler: Notification not added because it isn't relevant for tv
01-01 08:00:44.850 721 721 I logd : start watching /data/system/packages.list ...
01-01 08:00:44.853 721 721 I logd : ReadPackageList, total packages: 82
06-18 17:15:19.873 1545 1742 D hq : NetWorkStateReceiver:::检查网络,并且持续更新 isConnect=false
06-18 17:15:19.892 1038 1038 I net_disconnect.: type=1400 audit(0.0:2730): avc: denied { execute } for name="rgb_led_ctl" dev="dm-1" ino=188 scontext=u:r:init:s0 tcontext=u:object_r:vendor_file:s0 tclass=file permissive=1
06-18 17:15:19.892 2874 2874 I net_disconnect.: type=1400 audit(0.0:2731): avc: denied { execute_no_trans } for path="/vendor/bin/rgb_led_ctl" dev="dm-1" ino=188 scontext=u:r:init:s0 tcontext=u:object_r:vendor_file:s0 tclass=file permissive=1
06-18 17:15:20.127 1104 1209 W MediaProvider: getVolumePath for unknown volume: internal
06-18 17:15:20.130 1104 2144 I MediaProvider: Scanned internal due to REASON_MOUNTED, found 230 items in 13031ms, 225 inserts 5 updates 0 deletes
06-18 17:15:20.141 2464 2510 D UtilLog : 日志批量上报 进行正常循环 !!!!!!本次有0次请求,共0条数据
06-18 17:15:20.176 1104 2144 W MediaProvider: Didn't find any volume for getVolume(/product/media/audio/ringtones/Ring_Synth_04.ogg)
06-18 17:15:20.178 1104 2144 I MediaProvider: Open with lower FS for /product/media/audio/ringtones/Ring_Synth_04.ogg. Uid: 10074
06-18 17:15:20.212 1104 2144 W MediaProvider: Didn't find any volume for getVolume(/product/media/audio/notifications/OnTheHunt.ogg)
06-18 17:15:20.215 1104 2144 I MediaProvider: Open with lower FS for /product/media/audio/notifications/OnTheHunt.ogg. Uid: 10074
06-18 17:15:20.248 1104 2144 W MediaProvider: Didn't find any volume for getVolume(/product/media/audio/alarms/Alarm_Classic.ogg)
06-18 17:15:20.251 1104 2144 I MediaProvider: Open with lower FS for /product/media/audio/alarms/Alarm_Classic.ogg. Uid: 10074
06-18 17:15:20.281 1104 2144 W MediaProvider: isAppCloneUserPair for user 0: false
06-18 17:15:20.287 1104 2144 W MediaProvider: isAppCloneUserPair for user 0: false
06-18 17:15:20.292 1104 2144 W MediaProvider: isAppCloneUserPair for user 0: false
06-18 17:15:20.309 1104 1209 E StorageManager: Failed to set extended attributes for /storage/emulated/0/Android to set project id.: Permission denied
06-18 17:15:20.309 1104 1209 W MediaProvider: Failed to update quota type for /storage/emulated/0/Android
06-18 17:15:20.309 1104 1209 W MediaProvider: java.io.IOException: Failed to update quota type for /storage/emulated/0/Android
06-18 17:15:20.309 1104 1209 W MediaProvider: at android.os.storage.StorageManager.updateExternalStorageFileQuotaType(StorageManager.java:2596)
06-18 17:15:20.309 1104 1209 W MediaProvider: at com.android.providers.media.MediaProvider.updateQuotaTypeForFileInternal(MediaProvider.java:647)
06-18 17:15:20.309 1104 1209 W MediaProvider: at com.android.providers.media.MediaProvider.updateQuotaTypeForUri(MediaProvider.java:621)
06-18 17:15:20.309 1104 1209 W MediaProvider: at com.android.providers.media.MediaProvider.access$1000(MediaProvider.java:257)
06-18 17:15:20.309 1104 1209 W MediaProvider: at com.android.providers.media.MediaProvider$3.lambda$onInsert$0(MediaProvider.java:673)
06-18 17:15:20.309 1104 1209 W MediaProvider: at com.android.providers.media.MediaProvider$3.$r8$lambda$tVGVTcDpunhoNiUjwQEahD_I1Jc(Unknown Source:0)
06-18 17:15:20.309 1104 1209 W MediaProvider: at com.android.providers.media.MediaProvider$3$$ExternalSyntheticLambda2.run(Unknown Source:10)
06-18 17:15:20.309 1104 1209 W MediaProvider: at android.os.Handler.handleCallback(Handler.java:938)
06-18 17:15:20.309 1104 1209 W MediaProvider: at android.os.Handler.dispatchMessage(Handler.java:99)
06-18 17:15:20.309 1104 1209 W MediaProvider: at android.os.Looper.loopOnce(Looper.java:201)
06-18 17:15:20.309 1104 1209 W MediaProvider: at android.os.Looper.loop(Looper.java:288)
06-18 17:15:20.309 1104 1209 W MediaProvider: at android.os.HandlerThread.run(HandlerThread.java:67)
06-18 17:15:20.310 1104 2144 W MediaProvider: isAppCloneUserPair for user 0: false
06-18 17:15:20.313 1104 1209 E StorageManager: Failed to set extended attributes for /storage/emulated/0/Android/media to set project id.: Permission denied
06-18 17:15:20.314 1104 1209 W MediaProvider: Failed to update quota type for /storage/emulated/0/Android/media
06-18 17:15:20.314 1104 1209 W MediaProvider: java.io.IOException: Failed to update quota type for /storage/emulated/0/Android/media
06-18 17:15:20.314 1104 1209 W MediaProvider: at android.os.storage.StorageManager.updateExternalStorageFileQuotaType(StorageManager.java:2596)
06-18 17:15:20.314 1104 1209 W MediaProvider: at com.android.providers.media.MediaProvider.updateQuotaTypeForFileInternal(MediaProvider.java:647)
06-18 17:15:20.314 1104 1209 W MediaProvider: at com.android.providers.media.MediaProvider.updateQuotaTypeForUri(MediaProvider.java:621)
06-18 17:15:20.314 1104 1209 W MediaProvider: at com.android.providers.media.MediaProvider.access$1000(MediaProvider.java:257)
06-18 17:15:20.314 1104 1209 W MediaProvider: at com.android.providers.media.MediaProvider$3.lambda$onInsert$0(MediaProvider.java:673)
06-18 17:15:20.314 1104 1209 W MediaProvider: at com.android.providers.media.MediaProvider$3.$r8$lambda$tVGVTcDpunhoNiUjwQEahD_I1Jc(Unknown Source:0)
06-18 17:15:20.314 1104 1209 W MediaProvider: at com.android.providers.media.MediaProvider$3$$ExternalSyntheticLambda2.run(Unknown Source:10)
06-18 17:15:20.314 1104 1209 W MediaProvider: at android.os.Handler.handleCallback(Handler.java:938)
06-18 17:15:20.314 1104 1209 W MediaProvider: at android.os.Handler.dispatchMessage(Handler.java:99)
06-18 17:15:20.314 1104 1209 W MediaProvider: at android.os.Looper.loopOnce(Looper.java:201)
06-18 17:15:20.314 1104 1209 W MediaProvider: at android.os.Looper.loop(Looper.java:288)
06-18 17:15:20.314 1104 1209 W MediaProvider: at android.os.HandlerThread.run(HandlerThread.java:67)
06-18 17:15:20.321 505 525 W IorapForwardingService: No service published for: iorapd
06-18 17:15:20.324 1104 2144 W MediaProvider: isAppCloneUserPair for user 0: false
06-18 17:15:20.345 1104 2144 W MediaProvider: isAppCloneUserPair for user 0: false
06-18 17:15:20.349 1104 2144 W MediaProvider: isAppCloneUserPair for user 0: false
06-18 17:15:20.356 1104 2144 W MediaProvider: isAppCloneUserPair for user 0: false
06-18 17:15:20.361 1104 2144 W MediaProvider: isAppCloneUserPair for user 0: false
06-18 17:15:20.374 1104 2144 W MediaProvider: isAppCloneUserPair for user 0: false
06-18 17:15:20.430 1104 2144 W MediaProvider: isAppCloneUserPair for user 0: false
06-18 17:15:20.437 1104 2144 W MediaProvider: isAppCloneUserPair for user 0: false
06-18 17:15:20.443 1104 2144 W MediaProvider: isAppCloneUserPair for user 0: false
06-18 17:15:20.448 1104 2144 W MediaProvider: isAppCloneUserPair for user 0: false
06-18 17:15:20.473 1104 2144 W MediaProvider: isAppCloneUserPair for user 0: false
06-18 17:15:20.479 1104 2144 W MediaProvider: isAppCloneUserPair for user 0: false
06-18 17:15:20.484 1104 2144 W MediaProvider: isAppCloneUserPair for user 0: false
06-18 17:15:20.491 1104 2144 W MediaProvider: isAppCloneUserPair for user 0: false
06-18 17:15:20.511 1104 2144 W MediaProvider: isAppCloneUserPair for user 0: false
06-18 17:15:20.515 1104 2144 W MediaProvider: isAppCloneUserPair for user 0: false
06-18 17:15:20.523 1104 2144 W MediaProvider: isAppCloneUserPair for user 0: false
06-18 17:15:20.528 1104 2144 W MediaProvider: isAppCloneUserPair for user 0: false
06-18 17:15:20.533 1104 2144 W MediaProvider: isAppCloneUserPair for user 0: false
06-18 17:15:20.565 1104 2144 W MediaProvider: isAppCloneUserPair for user 0: false
06-18 17:15:20.570 1104 2144 W MediaProvider: isAppCloneUserPair for user 0: false
06-18 17:15:20.576 1104 2144 W MediaProvider: isAppCloneUserPair for user 0: false
06-18 17:15:20.590 1104 2144 I MediaProvider: Scanned external_primary due to REASON_MOUNTED, found 39 items in 326ms, 26 inserts 1 updates 0 deletes
06-18 17:15:20.593 1104 2144 I MediaProvider: End Intent { act=com.android.providers.media.action.SCAN_VOLUME (has extras) }
06-18 17:15:20.594 1104 2144 I MediaProvider: Begin Intent { act=android.intent.action.MEDIA_MOUNTED dat=file:///storage/emulated/0 flg=0x5000010 cmp=com.android.providers.media.module/com.android.providers.media.MediaService (has extras) }
06-18 17:15:20.595 1104 2144 I MediaProvider: Volume MediaVolume name: [external_primary] id: [emulated;0] user: [UserHandle{0}] path: [/storage/emulated/0] already attached
06-18 17:15:20.595 1104 2144 I MediaProvider: End Intent { act=android.intent.action.MEDIA_MOUNTED dat=file:///storage/emulated/0 flg=0x5000010 cmp=com.android.providers.media.module/com.android.providers.media.MediaService (has extras) }
06-18 17:15:20.654 265 280 D hdmi-cec: receive invalid cec message!
06-18 17:15:20.654 265 280 D hdmi-cec: receive poll message [04], skip!
06-18 17:15:21.266 205 762 I keystore2: keystore2::watchdog: Watchdog thread idle -> terminating. Have a great day.
06-18 17:15:21.322 505 525 W IorapForwardingService: No service published for: iorapd
06-18 17:15:21.324 2464 2647 D UtilLog : 日志批量上报 进行正常循环 !!!!!!本次有0次请求,共0条数据
06-18 17:15:21.748 505 533 I ActivityManager: Waited long enough for: ServiceRecord{6a7cd4e u0 com.oranth.storage/.MainService}
06-18 17:15:21.874 1545 1741 D hq : NetWorkStateReceiver:::检查网络,并且持续更新 isConnect=false
06-18 17:15:22.324 505 525 W IorapForwardingService: No service published for: iorapd
06-18 17:15:22.574 667 667 I vol.VolumeDialogImpl: updateVolumeRowH s=10
06-18 17:15:22.575 667 667 I vol.VolumeDialogImpl: updateVolumeRowH s=3
06-18 17:15:22.577 667 667 I vol.VolumeDialogImpl: updateVolumeRowH s=2
06-18 17:15:22.579 667 667 I vol.VolumeDialogImpl: updateVolumeRowH s=4
06-18 17:15:22.579 667 2222 I vol.Events: writeEvent level_changed STREAM_MUSIC 5
06-18 17:15:22.580 667 667 I vol.VolumeDialogImpl: updateVolumeRowH s=0
06-18 17:15:22.581 667 667 I vol.VolumeDialogImpl: updateVolumeRowH s=6
06-18 17:15:22.581 667 667 I vol.VolumeDialogImpl: updateVolumeRowH s=1
06-18 17:15:22.585 667 667 I vol.VolumeDialogImpl: updateVolumeRowH s=10
06-18 17:15:22.588 667 667 D vol.VolumeDialogImpl: STREAM_ACCESSIBILITY onProgressChanged 600 fromUser=false
06-18 17:15:22.589 667 667 I vol.VolumeDialogImpl: updateVolumeRowH s=3
06-18 17:15:22.590 667 667 I vol.VolumeDialogImpl: updateVolumeRowH s=2
06-18 17:15:22.590 667 667 I vol.VolumeDialogImpl: updateVolumeRowH s=4
06-18 17:15:22.591 667 667 I vol.VolumeDialogImpl: updateVolumeRowH s=0
06-18 17:15:22.592 667 667 I vol.VolumeDialogImpl: updateVolumeRowH s=6
06-18 17:15:22.592 667 667 I vol.VolumeDialogImpl: updateVolumeRowH s=1
06-18 17:15:22.593 667 667 I vol.VolumeDialogImpl: updateVolumeRowH s=10
06-18 17:15:22.593 667 667 I vol.VolumeDialogImpl: updateVolumeRowH s=3
06-18 17:15:22.593 667 667 I vol.VolumeDialogImpl: updateVolumeRowH s=2
06-18 17:15:22.593 667 667 I vol.VolumeDialogImpl: updateVolumeRowH s=4
06-18 17:15:22.593 667 667 I vol.VolumeDialogImpl: updateVolumeRowH s=0
06-18 17:15:22.594 667 667 I vol.VolumeDialogImpl: updateVolumeRowH s=6
06-18 17:15:22.594 667 667 I vol.VolumeDialogImpl: updateVolumeRowH s=1
06-18 17:15:22.594 667 667 I vol.VolumeDialogImpl: updateVolumeRowH s=10
06-18 17:15:22.594 667 667 I vol.VolumeDialogImpl: updateVolumeRowH s=3
06-18 17:15:22.595 667 667 D vol.VolumeDialogImpl: STREAM_MUSIC onProgressChanged 500 fromUser=false
06-18 17:15:22.595 667 667 I vol.VolumeDialogImpl: updateVolumeRowH s=2
06-18 17:15:22.595 667 667 I vol.VolumeDialogImpl: updateVolumeRowH s=4
06-18 17:15:22.595 667 667 I vol.VolumeDialogImpl: updateVolumeRowH s=0
06-18 17:15:22.595 667 667 I vol.VolumeDialogImpl: updateVolumeRowH s=6
06-18 17:15:22.595 667 667 I vol.VolumeDialogImpl: updateVolumeRowH s=1
06-18 17:15:23.326 505 525 W IorapForwardingService: No service published for: iorapd
06-18 17:15:23.491 1545 1758 E hq : ErrorCoroutineExceptionHandler:::runTry error:kotlinx.coroutines.CompletionHandlerException: Exception in invokeOnCancellation handler for CancellableContinuation(DispatchedContinuation[Dispatchers.Default, Continuation
at com.dangbei.leard.base.proider.weather.WeatherInterfaceImpl$requestLocation$2.invokeSuspend(WeatherInterfaceImpl.kt:22)@b2fc058]){Cancelled}@bffe5b1 from=
06-18 17:15:23.876 1545 1741 D hq : NetWorkStateReceiver:::检查网络,并且持续更新 isConnect=false
06-18 17:15:24.328 505 525 W IorapForwardingService: No service published for: iorapd
06-18 17:15:24.644 1859 2009 I efs.send_log: log cann't be send because net status is disconnected
06-18 17:15:25.330 505 525 W IorapForwardingService: No service published for: iorapd
06-18 17:15:25.793 505 784 I ActivityManager: Killing 1680:com.android.localtransport/1000 (adj 975): empty #17
06-18 17:15:25.797 505 535 I libprocessgroup: Successfully killed process cgroup uid 1000 pid 1680 in 0ms
06-18 17:15:25.826 244 244 I Zygote : Process 1680 exited due to signal 9 (Killed)
06-18 17:15:25.877 1545 1741 D hq : NetWorkStateReceiver:::检查网络,并且持续更新 isConnect=false
06-18 17:15:26.332 505 525 W IorapForwardingService: No service published for: iorapd
06-18 17:15:27.209 505 1054 W ZramWriteback: Writeback device is not set
06-18 17:15:27.209 505 1054 D ZramWriteback: wait to flush
06-18 17:15:27.335 505 525 W IorapForwardingService: No service published for: iorapd
06-18 17:15:27.879 1545 1741 D hq : NetWorkStateReceiver:::检查网络,并且持续更新 isConnect=false
06-18 17:15:28.337 505 525 W IorapForwardingService: No service published for: iorapd
06-18 17:15:28.521 505 784 I WifiService: startScan uid=10026
06-18 17:15:29.339 505 525 W IorapForwardingService: No service published for: iorapd
06-18 17:15:29.615 505 784 D WifiNl80211Manager: Scan result ready event
06-18 17:15:29.615 505 784 D WifiNative: Scan result ready event
06-18 17:15:29.665 1545 1545 E hq : NetWorkStateReceiver:::NetWorkStateReceiver onReceive: 网络变化广播 >>>> intent.action=android.net.wifi.SCAN_RESULTS
06-18 17:15:29.680 505 602 D PasspointManager: ANQP entry not found for: 10:7c:61:1a:4b:94:<5G>
06-18 17:15:29.682 649 649 E WifiHAL : wifi_get_link_stats: requestResponse Error:-5
06-18 17:15:29.684 505 602 E WifiVendorHal: getWifiLinkLayerStats_1_5_Internal(l.1191) failed {.code = ERROR_INVALID_ARGS, .description = }
06-18 17:15:29.712 1545 1545 W eventbuscore: post Event:com.dangbei.leard.base.entity.event.NetWifiRssiEvent
06-18 17:15:29.881 1545 1741 D hq : NetWorkStateReceiver:::检查网络,并且持续更新 isConnect=false
06-18 17:15:30.340 505 525 W IorapForwardingService: No service published for: iorapd
06-18 17:15:31.324 2464 2647 D UtilLog : 日志批量上报 进行正常循环 !!!!!!本次有0次请求,共0条数据
06-18 17:15:31.343 505 525 W IorapForwardingService: No service published for: iorapd
06-18 17:15:31.822 505 784 D CompatibilityChangeReporter: Compat change id reported: 135634846; UID 10033; state: DISABLED
06-18 17:15:31.823 505 534 D CompatibilityChangeReporter: Compat change id reported: 143937733; UID 10033; state: DISABLED
06-18 17:15:31.845 244 244 D Zygote : Forked child process 2976
06-18 17:15:31.847 505 534 I ActivityManager: app.processName = com.sohu.inputmethod.sogou.tv
06-18 17:15:31.847 505 534 I ActivityManager: Start proc 2976:com.sohu.inputmethod.sogou.tv/u0a33 for service {com.sohu.inputmethod.sogou.tv/com.sohu.inputmethod.sogou.tv.SogouIME}
06-18 17:15:31.856 2976 2976 I Zygote : seccomp disabled by setenforce 0
06-18 17:15:31.877 395 407 I adbd : jdwp connection from 2976
06-18 17:15:31.883 1545 1741 D hq : NetWorkStateReceiver:::检查网络,并且持续更新 isConnect=false
06-18 17:15:31.905 505 840 D CompatibilityChangeReporter: Compat change id reported: 168419799; UID 10033; state: DISABLED
06-18 17:15:31.922 2976 2976 D CompatibilityChangeReporter: Compat change id reported: 171979766; UID 10033; state: DISABLED
06-18 17:15:31.933 2976 2976 D ApplicationLoaders: Returning zygote-cached class loader: /system/framework/android.test.base.jar
06-18 17:15:31.934 2976 2976 D ApplicationLoaders: Returning zygote-cached class loader: /system/framework/android.hidl.manager-V1.0-java.jar
06-18 17:15:31.934 2976 2976 D ApplicationLoaders: Returning zygote-cached class loader: /system/framework/android.hidl.base-V1.0-java.jar
06-18 17:15:31.990 2976 2976 V GraphicsEnvironment: ANGLE Developer option for 'com.sohu.inputmethod.sogou.tv' set to: 'default'
06-18 17:15:31.991 2976 2976 V GraphicsEnvironment: Neither updatable production driver nor prerelease driver is supported.
06-18 17:15:31.992 2976 2976 D NetworkSecurityConfig: Using Network Security Config from resource network_security_config debugBuild: false
06-18 17:15:31.995 2976 2976 D NetworkSecurityConfig: Using Network Security Config from resource network_security_config debugBuild: false
06-18 17:15:31.997 2976 2976 I MultiDex: VM with version 2.1.0 has multidex support
06-18 17:15:31.997 2976 2976 I MultiDex: Installing application
06-18 17:15:31.997 2976 2976 I MultiDex: VM has multidex support, MultiDex support library is disabled.
06-18 17:15:32.059 2976 2976 E SogouIME: setupInputSurface
06-18 17:15:32.128 2996 2996 I rgb_led_ctl: type=1400 audit(0.0:2732): avc: denied { write } for name="spidev1.0" dev="tmpfs" ino=6648 scontext=u:r:init:s0 tcontext=u:object_r:device:s0 tclass=chr_file permissive=1
06-18 17:15:32.128 2996 2996 I rgb_led_ctl: type=1400 audit(0.0:2733): avc: denied { open } for path="/dev/spidev1.0" dev="tmpfs" ino=6648 scontext=u:r:init:s0 tcontext=u:object_r:device:s0 tclass=chr_file permissive=1
06-18 17:15:32.128 2996 2996 I rgb_led_ctl: type=1400 audit(0.0:2734): avc: denied { ioctl } for path="/dev/spidev1.0" dev="tmpfs" ino=6648 ioctlcmd=0x6b01 scontext=u:r:init:s0 tcontext=u:object_r:device:s0 tclass=chr_file permissive=1
06-18 17:15:32.159 2976 2976 I DefaultIMS: DefaultIMS::onCreate()
06-18 17:15:32.159 2976 2976 I DefaultIMS: DefaultIMS::onCreate() finish
06-18 17:15:32.168 265 265 I EventThread: type=1400 audit(0.0:2735): avc: denied { search } for name="extcon" dev="sysfs" ino=18109 scontext=u:r:hal_tv_cec_default:s0 tcontext=u:object_r:sysfs_extcon:s0 tclass=dir permissive=1
06-18 17:15:32.223 505 840 W ActivityTaskManager: Current config: {1.0 ?mcc?mnc [zh_CN] ldltr sw720dp w1280dp h696dp 240dpi xlrg long land television -touch qwerty/v/v dpad/v winConfig={ mBounds=Rect(0, 0 - 1920, 1080) mAppBounds=Rect(0, 0 - 1920, 1080) mMaxBounds=Rect(0, 0 - 1920, 1080) mWindowingMode=fullscreen mDisplayWindowingMode=fullscreen mActivityType=undefined mAlwaysOnTop=undefined mRotation=ROTATION_0} s.6 fontWeightAdjustment=0} unchanged for IME proc com.sohu.inputmethod.sogou.tv
06-18 17:15:32.224 505 840 W ActivityTaskManager: Current config: {1.0 ?mcc?mnc [zh_CN] ldltr sw720dp w1280dp h696dp 240dpi xlrg long land television -touch qwerty/v/v dpad/v winConfig={ mBounds=Rect(0, 0 - 1920, 1080) mAppBounds=Rect(0, 0 - 1920, 1080) mMaxBounds=Rect(0, 0 - 1920, 1080) mWindowingMode=fullscreen mDisplayWindowingMode=fullscreen mActivityType=undefined mAlwaysOnTop=undefined mRotation=ROTATION_0} s.6 fontWeightAdjustment=0} unchanged for IME proc com.sohu.inputmethod.sogou.tv
06-18 17:15:32.229 505 515 I system_server: Background concurrent copying GC freed 137352(6075KB) AllocSpace objects, 30(1912KB) LOS objects, 49% free, 8864KB/17MB, paused 535us total 405.810ms
06-18 17:15:32.231 505 602 E WifiScoringParams: Invalid frequency(-1), using 5G as default rssi array
06-18 17:15:32.238 2976 2976 I DefaultIMS: onInitializeInterface:
06-18 17:15:32.252 505 602 E WifiHealthMonitor: Hit PackageManager exception
06-18 17:15:32.252 505 602 E WifiHealthMonitor: android.content.pm.PackageManager$NameNotFoundException: No module info for package: com.android.wifi
06-18 17:15:32.252 505 602 E WifiHealthMonitor: at android.app.ApplicationPackageManager.getModuleInfo(ApplicationPackageManager.java:1079)
06-18 17:15:32.252 505 602 E WifiHealthMonitor: at com.android.server.wifi.WifiHealthMonitor.getWifiStackVersion(WifiHealthMonitor.java:366)
06-18 17:15:32.252 505 602 E WifiHealthMonitor: at com.android.server.wifi.WifiHealthMonitor.extractCurrentSoftwareBuildInfo(WifiHealthMonitor.java:587)
06-18 17:15:32.252 505 602 E WifiHealthMonitor: at com.android.server.wifi.WifiHealthMonitor.postBootSwBuildCheck(WifiHealthMonitor.java:522)
06-18 17:15:32.252 505 602 E WifiHealthMonitor: at com.android.server.wifi.WifiHealthMonitor.postBootDetectionHandler(WifiHealthMonitor.java:513)
06-18 17:15:32.252 505 602 E WifiHealthMonitor: at com.android.server.wifi.WifiHealthMonitor.access$500(WifiHealthMonitor.java:71)
06-18 17:15:32.252 505 602 E WifiHealthMonitor: at com.android.server.wifi.WifiHealthMonitor$2.onAlarm(WifiHealthMonitor.java:190)
06-18 17:15:32.252 505 602 E WifiHealthMonitor: at android.app.AlarmManager$ListenerWrapper.run(AlarmManager.java:323)
06-18 17:15:32.252 505 602 E WifiHealthMonitor: at android.os.Handler.handleCallback(Handler.java:938)
06-18 17:15:32.252 505 602 E WifiHealthMonitor: at android.os.Handler.dispatchMessage(Handler.java:99)
06-18 17:15:32.252 505 602 E WifiHealthMonitor: at android.os.Looper.loopOnce(Looper.java:201)
06-18 17:15:32.252 505 602 E WifiHealthMonitor: at android.os.Looper.loop(Looper.java:288)
06-18 17:15:32.252 505 602 E WifiHealthMonitor: at android.os.HandlerThread.run(HandlerThread.java:67)
