06-18 17:14:53.409 649 649 I WifiHAL : mpdu_size_threshold : 128, aggressive_statistics_gathering : 0
06-18 17:14:53.409 649 649 E WifiHAL : wifi_set_link_stats: requestResponse Error:-5
06-18 17:14:53.411 505 602 E WifiVendorHal: enableLinkLayerStats(l.1461) failed {.code = ERROR_INVALID_ARGS, .description = }
06-18 17:14:53.412 505 602 E WifiVendorHal: unable to enable link layer stats collection
06-18 17:14:53.413 505 602 D WifiNl80211Manager: Setting up interface for client mode: wlan0
06-18 17:14:53.414 365 365 I wificond: createClientInterface: wiphy_index 0 iface_name wlan0
06-18 17:14:53.419 365 365 I wificond: create scanner for interface with index: 14
06-18 17:14:53.419 365 365 I wificond: subscribe scan result for interface with index: 14
06-18 17:14:53.423 365 365 I wificond: add channel type 0 support at wiphy index: 0
06-18 17:14:53.423 365 365 I wificond: add channel type 1 support at wiphy index: 0
06-18 17:14:53.423 361 468 I Codec2InfoBuilder: adding type 'video/mp4v-es'
06-18 17:14:53.426 378 411 V C2Store : in init
06-18 17:14:53.426 378 411 V C2Store : loading dll
06-18 17:14:53.426 378 776 V C2Store : in ~ComponentModule
06-18 17:14:53.426 378 776 V C2Store : unloading dll
06-18 17:14:53.428 505 602 I WifiNative: Interface state changed on Iface:{Name=wlan0,Id=0,Type=STA_SCAN}, isUp=true
06-18 17:14:53.428 505 602 I WifiNative: Successfully setup Iface:{Name=wlan0,Id=0,Type=STA_SCAN}
06-18 17:14:53.429 505 602 E SupplicantStaIfaceHal: checkHalVersionByInterfaceName: called but mServiceManager is null
06-18 17:14:53.429 505 602 E SupplicantStaIfaceHal: checkHalVersionByInterfaceName: called but mServiceManager is null
06-18 17:14:53.429 505 602 E SupplicantStaIfaceHal: Method getKeyMgmtCapabilities is not supported in existing HAL
06-18 17:14:53.429 505 602 E SupplicantStaIfaceHal: checkHalVersionByInterfaceName: called but mServiceManager is null
06-18 17:14:53.431 649 649 E WifiHAL : wifi_get_logger_supported_feature_set: Error -5 happened.
01-01 08:00:18.454 649 649 I ieee80211 phy0: sprdwl_vendor_get_support_feature
06-18 17:14:53.433 649 649 E WifiHAL : wifi_get_logger_supported_feature_set: Error -5 happened.
06-18 17:14:53.434 361 468 I Codec2InfoBuilder: adding type 'audio/opus'
06-18 17:14:53.435 378 413 V C2Store : in init
06-18 17:14:53.435 378 413 V C2Store : loading dll
01-01 08:00:18.456 649 649 I ieee80211 phy0: sprdwl_vendor_get_support_feature
06-18 17:14:53.440 378 775 V C2Store : in ~ComponentModule
06-18 17:14:53.441 361 468 I Codec2InfoBuilder: adding type 'audio/opus'
06-18 17:14:53.441 378 775 V C2Store : unloading dll
06-18 17:14:53.442 649 649 E WifiHAL : wifi_get_logger_supported_feature_set: Error -5 happened.
06-18 17:14:53.443 378 411 V C2Store : in init
06-18 17:14:53.443 378 413 V C2Store : in ~ComponentModule
06-18 17:14:53.443 378 411 V C2Store : loading dll
06-18 17:14:53.443 378 413 V C2Store : unloading dll
01-01 08:00:18.465 649 649 I ieee80211 phy0: sprdwl_vendor_get_support_feature
06-18 17:14:53.447 505 602 E SupplicantStaIfaceHal: checkHalVersionByInterfaceName: called but mServiceManager is null
06-18 17:14:53.447 505 602 E SupplicantStaIfaceHal: checkHalVersionByInterfaceName: called but mServiceManager is null
06-18 17:14:53.447 505 602 I SupplicantStaIfaceHal: Method getWpaDriverFeatureSet is not supported in existing HAL
06-18 17:14:53.449 361 468 I Codec2InfoBuilder: adding type 'audio/raw'
06-18 17:14:53.450 378 413 V C2Store : in init
06-18 17:14:53.450 378 413 V C2Store : loading dll
06-18 17:14:53.450 378 775 V C2Store : in ~ComponentModule
06-18 17:14:53.450 378 775 V C2Store : unloading dll
06-18 17:14:53.452 505 602 D WifiClientModeManager[wlan0]: entering StartedState
06-18 17:14:53.456 361 468 I Codec2InfoBuilder: adding type 'audio/vorbis'
06-18 17:14:53.457 378 776 V C2Store : in ~ComponentModule
06-18 17:14:53.457 378 776 V C2Store : unloading dll
06-18 17:14:53.457 378 378 V C2Store : in init
06-18 17:14:53.457 378 378 V C2Store : loading dll
06-18 17:14:53.463 361 468 I Codec2InfoBuilder: adding type 'video/x-vnd.on2.vp8'
06-18 17:14:53.464 378 776 V C2Store : in init
06-18 17:14:53.464 378 776 V C2Store : loading dll
06-18 17:14:53.466 378 776 I C2SoftVp8Enc: setting temporal layering 0 + 0
06-18 17:14:53.467 378 411 V C2Store : in ~ComponentModule
06-18 17:14:53.467 378 411 V C2Store : unloading dll
06-18 17:14:53.469 378 776 I C2SoftVp8Enc: setting temporal layering 0 + 0
06-18 17:14:53.471 361 468 I Codec2InfoBuilder: adding type 'video/x-vnd.on2.vp8'
06-18 17:14:53.474 378 787 V C2Store : in init
06-18 17:14:53.474 378 787 V C2Store : loading dll
06-18 17:14:53.475 378 413 V C2Store : in ~ComponentModule
06-18 17:14:53.475 378 413 V C2Store : unloading dll
06-18 17:14:53.480 361 468 D Codec2InfoBuilder: component 'c2.android.vp9.decoder' not found in xml
06-18 17:14:53.480 378 378 V C2Store : in init
06-18 17:14:53.481 378 378 V C2Store : loading dll
06-18 17:14:53.482 378 787 V C2Store : in ~ComponentModule
06-18 17:14:53.482 378 787 V C2Store : unloading dll
06-18 17:14:53.482 378 378 I C2SoftVp9Enc: setting temporal layering 0 + 0
06-18 17:14:53.485 505 593 D PackageManager: Instant App installer not found with android.intent.action.INSTALL_INSTANT_APP_PACKAGE
06-18 17:14:53.485 505 593 D PackageManager: Clear ephemeral installer activity
06-18 17:14:53.485 505 505 W SystemServiceManager: Service com.android.server.policy.PermissionPolicyService took 947 ms in onBootPhase
06-18 17:14:53.486 378 378 I C2SoftVp9Enc: setting temporal layering 0 + 0
06-18 17:14:53.488 361 468 D Codec2InfoBuilder: codec entry for 'c2.android.vp9.encoder' is disabled
06-18 17:14:53.491 505 677 D MediaCodecList: codecHandlesFormat: no format, so no extra checks
06-18 17:14:53.492 505 678 D MediaCodecList: codecHandlesFormat: no format, so no extra checks
06-18 17:14:53.492 378 378 V C2Store : in ~ComponentModule
06-18 17:14:53.492 378 378 V C2Store : unloading dll
06-18 17:14:53.493 505 505 I SystemServerTiming: StartObservingNativeCrashes
06-18 17:14:53.493 505 602 I android_os_HwBinder: HwBinder: Starting thread pool for getting: android.hidl.manager@1.0::IServiceManager/default
06-18 17:14:53.497 505 602 I SupplicantStaIfaceHal: Starting supplicant using HIDL
06-18 17:14:53.497 505 505 I SystemServerTiming: RegisterAppOpsPolicy
06-18 17:14:53.500 182 182 I hwservicemanager: Since android.hardware.wifi.supplicant@1.0::ISupplicant/default is not registered, trying to start it as a lazy HAL.
06-18 17:14:53.500 505 716 D CCodec : allocate(c2.android.vorbis.decoder)
06-18 17:14:53.500 505 711 D CCodec : allocate(c2.android.vorbis.decoder)
06-18 17:14:53.502 505 602 D SupplicantStaIfaceHal: Successfully triggered start of supplicant using HIDL
06-18 17:14:53.504 505 716 I Codec2Client: Available Codec2 services: "software"
06-18 17:14:53.505 505 530 I SystemServerTimingAsync: InitThreadPoolExec:WebViewFactoryPreparation
06-18 17:14:53.506 505 530 D SystemServerInitThreadPool: Started executing WebViewFactoryPreparation
06-18 17:14:53.506 505 530 I SystemServer: WebViewFactoryPreparation
06-18 17:14:53.506 505 530 I SystemServerTimingAsync: WebViewFactoryPreparation
06-18 17:14:53.506 505 505 I SystemServerTiming: MakeNetworkManagementServiceReady
06-18 17:14:53.506 505 515 I system_server: Background young concurrent copying GC freed 88304(4148KB) AllocSpace objects, 14(472KB) LOS objects, 35% free, 7564KB/11MB, paused 888us total 186.935ms
06-18 17:14:53.507 505 505 W NetworkManagement: setDataSaverMode(): already false
01-01 08:00:18.530 1 1 I init : starting service 'wpa_supplicant'...
06-18 17:14:53.508 505 517 W System : A resource failed to call release.
06-18 17:14:53.509 505 517 W System : A resource failed to call release.
06-18 17:14:53.510 505 505 I SystemServerTiming: MakeIpSecServiceReady
06-18 17:14:53.511 378 378 V C2Store : in init
06-18 17:14:53.511 505 505 D IpSecService: IpSecService is ready
06-18 17:14:53.511 378 378 V C2Store : loading dll
06-18 17:14:53.512 505 505 I SystemServerTiming: MakeNetworkStatsServiceReady
01-01 08:00:18.532 1 1 I init : Created socket '/dev/socket/wpa_wlan0', mode 660, user 1010, group 1010
06-18 17:14:53.508 667 667 I ndroid.systemui: type=1400 audit(0.0:343): avc: denied { search } for name="com.android.systemui" dev="mmcblk0p25" ino=483 scontext=u:r:platform_app:s0:c512,c768 tcontext=u:object_r:app_data_file:s0:c512,c768 tclass=dir permissive=1 app=com.softwinner.screenshot
06-18 17:14:53.514 505 505 W BestClock: java.time.DateTimeException: Missing NTP fix
06-18 17:14:53.517 505 716 I CCodec : Created component [c2.android.vorbis.decoder]
06-18 17:14:53.518 505 716 D CCodecConfig: read media type: audio/vorbis
06-18 17:14:53.518 667 667 W SystemServiceRegistry: No service published for: fingerprint
06-18 17:14:53.518 505 530 D CompatibilityChangeReporter: Compat change id reported: 135634846; UID 1000; state: DISABLED
06-18 17:14:53.519 505 530 D CompatibilityChangeReporter: Compat change id reported: 177438394; UID 1000; state: DISABLED
06-18 17:14:53.519 505 530 D CompatibilityChangeReporter: Compat change id reported: 135772972; UID 1000; state: DISABLED
06-18 17:14:53.519 505 530 D CompatibilityChangeReporter: Compat change id reported: 178038272; UID 1000; state: DISABLED
01-01 08:00:18.541 1 1 I init : Control message: Processed ctl.interface_start for 'android.hardware.wifi.supplicant@1.0::ISupplicant/default' from pid: 182 (/system/bin/hwservicemanager)
06-18 17:14:53.520 667 667 W SystemServiceRegistry: No service published for: face
06-18 17:14:53.520 505 530 D SystemServerInitThreadPool: Finished executing WebViewFactoryPreparation
06-18 17:14:53.522 505 716 D ReflectedParamUpdater: extent() != 1 for single value type: algo.buffers.max-count.values
06-18 17:14:53.523 505 716 D ReflectedParamUpdater: extent() != 1 for single value type: output.subscribed-indices.values
06-18 17:14:53.523 505 716 D ReflectedParamUpdater: extent() != 1 for single value type: input.buffers.allocator-ids.values
06-18 17:14:53.523 505 716 D ReflectedParamUpdater: extent() != 1 for single value type: output.buffers.allocator-ids.values
06-18 17:14:53.523 505 716 D ReflectedParamUpdater: extent() != 1 for single value type: algo.buffers.allocator-ids.values
06-18 17:14:53.523 505 716 D ReflectedParamUpdater: extent() != 1 for single value type: output.buffers.pool-ids.values
06-18 17:14:53.523 505 716 D ReflectedParamUpdater: extent() != 1 for single value type: algo.buffers.pool-ids.values
06-18 17:14:53.527 505 716 I CCodecConfig: query failed after returning 7 values (BAD_INDEX)
06-18 17:14:53.527 505 716 D CCodecConfig: c2 config diff is Dict {
06-18 17:14:53.527 505 716 D CCodecConfig: c2::u32 coded.bitrate.value = 64000
06-18 17:14:53.527 505 716 D CCodecConfig: c2::u32 input.buffers.max-size.value = 32768
06-18 17:14:53.527 505 716 D CCodecConfig: c2::u32 input.delay.value = 0
06-18 17:14:53.527 505 716 D CCodecConfig: string input.media-type.value = "audio/vorbis"
06-18 17:14:53.527 505 716 D CCodecConfig: string output.media-type.value = "audio/raw"
06-18 17:14:53.527 505 716 D CCodecConfig: c2::u32 raw.channel-count.value = 1
06-18 17:14:53.527 505 716 D CCodecConfig: c2::u32 raw.sample-rate.value = 48000
06-18 17:14:53.527 505 716 D CCodecConfig: }
06-18 17:14:53.533 505 599 W NetworkPolicy: setRestrictBackgroundUL: already false
06-18 17:14:53.537 505 716 D CCodec : [c2.android.vorbis.decoder] buffers are bound to CCodec for this session
06-18 17:14:53.537 505 716 D CCodecConfig: no c2 equivalents for durationUs
06-18 17:14:53.537 505 716 D CCodecConfig: no c2 equivalents for track-id
06-18 17:14:53.537 505 716 D CCodecConfig: no c2 equivalents for csd-1
06-18 17:14:53.537 505 716 D CCodecConfig: no c2 equivalents for channel-mask
06-18 17:14:53.537 505 716 D CCodecConfig: no c2 equivalents for flags
06-18 17:14:53.538 505 711 I CCodec : Created component [c2.android.vorbis.decoder]
06-18 17:14:53.539 505 716 D CCodecConfig: c2 config diff is c2::u32 raw.channel-count.value = 2
06-18 17:14:53.539 505 716 D CCodecConfig: c2::u32 raw.sample-rate.value = 44100
06-18 17:14:53.541 505 711 D CCodecConfig: read media type: audio/vorbis
06-18 17:14:53.541 244 244 D Zygote : Forked child process 798
06-18 17:14:53.542 505 716 W Codec2Client: query -- param skipped: index = 1107298332.
06-18 17:14:53.542 505 716 D CCodec : setup formats input: AMessage(what = 0x00000000) = {
06-18 17:14:53.542 505 716 D CCodec : int32_t bitrate = 64000
06-18 17:14:53.542 505 716 D CCodec : int32_t channel-count = 2
06-18 17:14:53.542 505 716 D CCodec : int32_t max-input-size = 32768
06-18 17:14:53.542 505 716 D CCodec : string mime = "audio/vorbis"
06-18 17:14:53.542 505 716 D CCodec : int32_t sample-rate = 44100
06-18 17:14:53.542 505 716 D CCodec : }
06-18 17:14:53.542 505 716 D CCodec : setup formats output: AMessage(what = 0x00000000) = {
06-18 17:14:53.542 505 716 D CCodec : int32_t channel-count = 2
06-18 17:14:53.542 505 716 D CCodec : string mime = "audio/raw"
06-18 17:14:53.542 505 716 D CCodec : int32_t sample-rate = 44100
06-18 17:14:53.542 505 716 D CCodec : int32_t channel-mask = 3
06-18 17:14:53.542 505 716 D CCodec : }
06-18 17:14:53.542 505 716 I CCodecConfig: query failed after returning 7 values (BAD_INDEX)
06-18 17:14:53.543 505 534 I ActivityManager: app.processName = WebViewLoader-armeabi-v7a
06-18 17:14:53.543 505 534 I ActivityManager: Start proc 798:WebViewLoader-armeabi-v7a/1037 [android.webkit.WebViewLibraryLoader$RelroFileCreator] for null
06-18 17:14:53.544 505 716 W Codec2Client: query -- param skipped: index = 1342179345.
06-18 17:14:53.544 505 716 W Codec2Client: query -- param skipped: index = 2415921170.
06-18 17:14:53.545 505 716 D C2Store : Using ION
06-18 17:14:53.546 505 716 D CCodecBufferChannel: [c2.android.vorbis.decoder#352] Created input block pool with allocatorID 16 => poolID 17 - OK (0)
06-18 17:14:53.548 378 779 D C2Store : Using ION
06-18 17:14:53.551 505 711 D ReflectedParamUpdater: extent() != 1 for single value type: algo.buffers.max-count.values
06-18 17:14:53.551 505 711 D ReflectedParamUpdater: extent() != 1 for single value type: output.subscribed-indices.values
06-18 17:14:53.551 505 711 D ReflectedParamUpdater: extent() != 1 for single value type: input.buffers.allocator-ids.values
06-18 17:14:53.552 505 711 D ReflectedParamUpdater: extent() != 1 for single value type: output.buffers.allocator-ids.values
06-18 17:14:53.552 505 711 D ReflectedParamUpdater: extent() != 1 for single value type: algo.buffers.allocator-ids.values
06-18 17:14:53.552 505 711 D ReflectedParamUpdater: extent() != 1 for single value type: output.buffers.pool-ids.values
06-18 17:14:53.552 505 711 D ReflectedParamUpdater: extent() != 1 for single value type: algo.buffers.pool-ids.values
06-18 17:14:53.553 798 798 I Zygote : seccomp disabled by setenforce 0
06-18 17:14:53.555 505 716 I CCodecBufferChannel: [c2.android.vorbis.decoder#352] Created output block pool with allocatorID 16 => poolID 17 - OK
06-18 17:14:53.555 505 711 I CCodecConfig: query failed after returning 7 values (BAD_INDEX)
06-18 17:14:53.556 505 711 D CCodecConfig: c2 config diff is Dict {
06-18 17:14:53.556 505 711 D CCodecConfig: c2::u32 coded.bitrate.value = 64000
06-18 17:14:53.556 505 711 D CCodecConfig: c2::u32 input.buffers.max-size.value = 32768
06-18 17:14:53.556 505 711 D CCodecConfig: c2::u32 input.delay.value = 0
06-18 17:14:53.556 505 711 D CCodecConfig: string input.media-type.value = "audio/vorbis"
06-18 17:14:53.556 505 711 D CCodecConfig: string output.media-type.value = "audio/raw"
06-18 17:14:53.556 505 711 D CCodecConfig: c2::u32 raw.channel-count.value = 1
06-18 17:14:53.556 505 711 D CCodecConfig: c2::u32 raw.sample-rate.value = 48000
06-18 17:14:53.556 505 711 D CCodecConfig: }
06-18 17:14:53.557 505 711 D CCodec : [c2.android.vorbis.decoder] buffers are bound to CCodec for this session
06-18 17:14:53.557 505 711 D CCodecConfig: no c2 equivalents for durationUs
06-18 17:14:53.557 505 711 D CCodecConfig: no c2 equivalents for track-id
06-18 17:14:53.557 505 711 D CCodecConfig: no c2 equivalents for csd-1
06-18 17:14:53.558 505 711 D CCodecConfig: no c2 equivalents for channel-mask
06-18 17:14:53.558 505 711 D CCodecConfig: no c2 equivalents for flags
06-18 17:14:53.559 505 711 D CCodecConfig: c2 config diff is c2::u32 raw.channel-count.value = 2
06-18 17:14:53.559 505 711 D CCodecConfig: c2::u32 raw.sample-rate.value = 44100
06-18 17:14:53.560 505 716 D CCodecBufferChannel: [c2.android.vorbis.decoder#352] Configured output block pool ids 17 => OK
06-18 17:14:53.563 505 711 W Codec2Client: query -- param skipped: index = 1107298332.
06-18 17:14:53.563 505 711 D CCodec : setup formats input: AMessage(what = 0x00000000) = {
06-18 17:14:53.563 505 711 D CCodec : int32_t bitrate = 64000
06-18 17:14:53.563 505 711 D CCodec : int32_t channel-count = 2
06-18 17:14:53.563 505 711 D CCodec : int32_t max-input-size = 32768
06-18 17:14:53.563 505 711 D CCodec : string mime = "audio/vorbis"
06-18 17:14:53.563 505 711 D CCodec : int32_t sample-rate = 44100
06-18 17:14:53.563 505 711 D CCodec : }
06-18 17:14:53.563 505 711 D CCodec : setup formats output: AMessage(what = 0x00000000) = {
06-18 17:14:53.563 505 711 D CCodec : int32_t channel-count = 2
06-18 17:14:53.563 505 711 D CCodec : string mime = "audio/raw"
06-18 17:14:53.563 505 711 D CCodec : int32_t sample-rate = 44100
06-18 17:14:53.563 505 711 D CCodec : int32_t channel-mask = 3
06-18 17:14:53.563 505 711 D CCodec : }
06-18 17:14:53.564 505 711 I CCodecConfig: query failed after returning 7 values (BAD_INDEX)
06-18 17:14:53.565 505 716 E ion : ioctl c0044901 failed with code -1: Inappropriate ioctl for device
06-18 17:14:53.567 505 711 W Codec2Client: query -- param skipped: index = 1342179345.
06-18 17:14:53.567 505 711 W Codec2Client: query -- param skipped: index = 2415921170.
06-18 17:14:53.570 505 711 D CCodecBufferChannel: [c2.android.vorbis.decoder#744] Created input block pool with allocatorID 16 => poolID 18 - OK (0)
06-18 17:14:53.577 378 795 D SimpleC2Component: Using output block pool with poolID 17 => got 17 - 0
06-18 17:14:53.578 505 711 I CCodecBufferChannel: [c2.android.vorbis.decoder#744] Created output block pool with allocatorID 16 => poolID 18 - OK
06-18 17:14:53.578 505 711 D CCodecBufferChannel: [c2.android.vorbis.decoder#744] Configured output block pool ids 18 => OK
06-18 17:14:53.579 395 407 I adbd : jdwp connection from 798
06-18 17:14:53.587 378 378 E ion : ioctl c0044901 failed with code -1: Inappropriate ioctl for device
06-18 17:14:53.589 378 797 D SimpleC2Component: Using output block pool with poolID 18 => got 18 - 0
06-18 17:14:53.620 324 324 I rainbow_flow: type=1400 audit(0.0:344): avc: denied { ioctl } for path="/dev/spidev1.0" dev="tmpfs" ino=6648 ioctlcmd=0x6b00 scontext=u:r:init:s0 tcontext=u:object_r:device:s0 tclass=chr_file permissive=1
06-18 17:14:53.620 505 505 I SystemServerTiming: MakeConnectivityServiceReady
06-18 17:14:53.635 505 505 D PermissionMonitor: Monitoring
06-18 17:14:53.644 265 265 I EventThread: type=1400 audit(0.0:345): avc: denied { search } for name="extcon" dev="sysfs" ino=18109 scontext=u:r:hal_tv_cec_default:s0 tcontext=u:object_r:sysfs_extcon:s0 tclass=dir permissive=1
01-01 08:00:18.677 793 793 I capability: warning: `wpa_supplicant' uses 32-bit capabilities (legacy support in use)
06-18 17:14:53.659 793 793 D wpa_supplicant: wpa_supplicant v2.10-devel-12
06-18 17:14:53.661 793 793 D wpa_supplicant: Global control interface '@android:wpa_wlan0'
06-18 17:14:53.661 793 793 D wpa_supplicant: Using Android control socket 'wpa_wlan0'
06-18 17:14:53.661 793 793 D wpa_supplicant: Initing hidl control
06-18 17:14:53.662 793 793 I wpa_supplicant: Processing hidl events on FD 4
06-18 17:14:53.662 793 793 E cutils-trace: Error opening trace file: No such file or directory (2)
06-18 17:14:53.666 793 793 I HidlServiceManagement: Registered android.hardware.wifi.supplicant@1.4::ISupplicant/default
06-18 17:14:53.666 793 793 I wpa_supplicant: Successfully initialized wpa_supplicant
06-18 17:14:53.667 505 599 W BestClock: java.time.DateTimeException: Missing NTP fix
06-18 17:14:53.668 505 631 I android_os_HwBinder: HwBinder: Starting thread pool for getting: android.hardware.wifi.supplicant@1.0::ISupplicant/default
06-18 17:14:53.668 505 631 I SupplicantStaIfaceHal: Completed initialization of ISupplicant.
06-18 17:14:53.674 505 505 D PermissionMonitor: Users: 1, Apps: 9
06-18 17:14:53.683 505 782 D CompatibilityChangeReporter: Compat change id reported: 168419799; UID 1000; state: DISABLED
06-18 17:14:53.692 505 609 D ConnectivityService: NetReassign [no changes]
06-18 17:14:53.697 505 609 D ConnectivityService: NetReassign [no changes]
06-18 17:14:53.699 505 505 I SystemServerTiming: MakeVpnManagerServiceReady
06-18 17:14:53.702 798 798 V WebViewLibraryLoader: RelroFileCreator (64bit = false), package: com.android.webview library: libwebviewchromium.so
06-18 17:14:53.703 505 602 E SupplicantStaIfaceHal: Can't call setupIface, ISupplicantStaIface is null for iface=wlan0
06-18 17:14:53.706 505 602 I android_os_HwBinder: HwBinder: Starting thread pool for getting: android.hardware.wifi.supplicant@1.0::ISupplicant/default
06-18 17:14:53.709 793 793 I wpa_supplicant: Copied template conf file from /vendor/etc/wifi/wpa_supplicant.conf to /data/vendor/wifi/wpa/wpa_supplicant.conf
06-18 17:14:53.709 793 793 D wpa_supplicant: Override interface parameter: ctrl_interface ('(null)' -> '/data/vendor/wifi/wpa/sockets')
06-18 17:14:53.709 793 793 D wpa_supplicant: Initializing interface 'wlan0' conf '/data/vendor/wifi/wpa/wpa_supplicant.conf' driver 'nl80211' ctrl_interface '/data/vendor/wifi/wpa/sockets' bridge 'N/A'
06-18 17:14:53.709 793 793 D wpa_supplicant: Configuration file '/data/vendor/wifi/wpa/wpa_supplicant.conf' -> '/data/vendor/wifi/wpa/wpa_supplicant.conf'
06-18 17:14:53.709 793 793 D wpa_supplicant: Reading configuration file '/data/vendor/wifi/wpa/wpa_supplicant.conf'
06-18 17:14:53.709 793 793 D wpa_supplicant: update_config=1
06-18 17:14:53.709 793 793 D wpa_supplicant: eapol_version=1
06-18 17:14:53.709 793 793 D wpa_supplicant: ap_scan=1
06-18 17:14:53.709 793 793 D wpa_supplicant: fast_reauth=1
06-18 17:14:53.709 793 793 D wpa_supplicant: pmf=1
06-18 17:14:53.709 793 793 D wpa_supplicant: p2p_add_cli_chan=1
06-18 17:14:53.709 793 793 D wpa_supplicant: oce=1
06-18 17:14:53.709 793 793 D wpa_supplicant: sae_pwe=2
06-18 17:14:53.709 793 793 D wpa_supplicant: Reading configuration file '/vendor/etc/wifi/wpa_supplicant_overlay.conf'
06-18 17:14:53.710 793 793 D wpa_supplicant: disable_scan_offload=1
06-18 17:14:53.710 793 793 D wpa_supplicant: wowlan_triggers='any'
06-18 17:14:53.710 793 793 D wpa_supplicant: p2p_disabled=0
06-18 17:14:53.710 793 793 D wpa_supplicant: filter_rssi=-75
06-18 17:14:53.710 793 793 D wpa_supplicant: no_ctrl_interface -> ctrl_interface=NULL
06-18 17:14:53.713 793 793 D wpa_supplicant: nl80211: Supported cipher 00-0f-ac:1
06-18 17:14:53.713 793 793 D wpa_supplicant: nl80211: Supported cipher 00-0f-ac:5
06-18 17:14:53.713 793 793 D wpa_supplicant: nl80211: Supported cipher 00-0f-ac:2
06-18 17:14:53.713 793 793 D wpa_supplicant: nl80211: Supported cipher 00-0f-ac:4
06-18 17:14:53.713 793 793 D wpa_supplicant: nl80211: Supported cipher 00-14-72:1
06-18 17:14:53.713 793 793 D wpa_supplicant: nl80211: Supported cipher 00-0f-ac:6
06-18 17:14:53.713 793 793 D wpa_supplicant: nl80211: Supported cipher 00-0f-ac:255
06-18 17:14:53.713 793 793 D wpa_supplicant: nl80211: Supported vendor command: vendor_id=0x1374 subcmd=9
06-18 17:14:53.713 793 793 D wpa_supplicant: nl80211: Supported vendor command: vendor_id=0x1374 subcmd=12
06-18 17:14:53.713 793 793 D wpa_supplicant: nl80211: Supported vendor command: vendor_id=0x1374 subcmd=14
06-18 17:14:53.713 793 793 D wpa_supplicant: nl80211: Supported vendor command: vendor_id=0x1374 subcmd=15
06-18 17:14:53.713 793 793 D wpa_supplicant: nl80211: Supported vendor command: vendor_id=0x1374 subcmd=16
06-18 17:14:53.713 793 793 D wpa_supplicant: nl80211: Supported vendor command: vendor_id=0x1374 subcmd=20
06-18 17:14:53.713 793 793 D wpa_supplicant: nl80211: Supported vendor command: vendor_id=0x1a11 subcmd=6
06-18 17:14:53.713 793 793 D wpa_supplicant: nl80211: Supported vendor command: vendor_id=0x1374 subcmd=21
06-18 17:14:53.713 793 793 D wpa_supplicant: nl80211: Supported vendor command: vendor_id=0x1374 subcmd=22
06-18 17:14:53.713 793 793 D wpa_supplicant: nl80211: Supported vendor command: vendor_id=0x1374 subcmd=23
06-18 17:14:53.713 793 793 D wpa_supplicant: nl80211: Supported vendor command: vendor_id=0x1374 subcmd=24
06-18 17:14:53.713 793 793 D wpa_supplicant: nl80211: Supported vendor command: vendor_id=0x1374 subcmd=29
06-18 17:14:53.713 793 793 D wpa_supplicant: nl80211: Supported vendor command: vendor_id=0x1374 subcmd=30
06-18 17:14:53.713 793 793 D wpa_supplicant: nl80211: Supported vendor command: vendor_id=0x1374 subcmd=32
06-18 17:14:53.714 793 793 D wpa_supplicant: nl80211: Supported vendor command: vendor_id=0x1374 subcmd=33
06-18 17:14:53.714 793 793 D wpa_supplicant: nl80211: Supported vendor command: vendor_id=0x1374 subcmd=38
06-18 17:14:53.714 793 793 D wpa_supplicant: nl80211: Supported vendor command: vendor_id=0x1374 subcmd=39
06-18 17:14:53.714 793 793 D wpa_supplicant: nl80211: Supported vendor command: vendor_id=0x1374 subcmd=42
06-18 17:14:53.714 793 793 D wpa_supplicant: nl80211: Supported vendor command: vendor_id=0x1374 subcmd=55
06-18 17:14:53.714 793 793 D wpa_supplicant: nl80211: Supported vendor command: vendor_id=0x1374 subcmd=61
06-18 17:14:53.714 793 793 D wpa_supplicant: nl80211: Supported vendor command: vendor_id=0x1374 subcmd=62
06-18 17:14:53.714 793 793 D wpa_supplicant: nl80211: Supported vendor command: vendor_id=0x1374 subcmd=63
06-18 17:14:53.714 793 793 D wpa_supplicant: nl80211: Supported vendor command: vendor_id=0x1374 subcmd=64
06-18 17:14:53.714 793 793 D wpa_supplicant: nl80211: Supported vendor command: vendor_id=0x1374 subcmd=65
06-18 17:14:53.714 793 793 D wpa_supplicant: nl80211: Supported vendor command: vendor_id=0x1374 subcmd=66
06-18 17:14:53.714 793 793 D wpa_supplicant: nl80211: Supported vendor command: vendor_id=0x1374 subcmd=69
06-18 17:14:53.714 793 793 D wpa_supplicant: nl80211: Supported vendor command: vendor_id=0x1374 subcmd=70
06-18 17:14:53.714 793 793 D wpa_supplicant: nl80211: Supported vendor command: vendor_id=0x1374 subcmd=71
06-18 17:14:53.714 793 793 D wpa_supplicant: nl80211: Supported vendor command: vendor_id=0x1374 subcmd=76
06-18 17:14:53.714 793 793 D wpa_supplicant: nl80211: Supported vendor command: vendor_id=0x1374 subcmd=77
06-18 17:14:53.714 793 793 D wpa_supplicant: nl80211: Supported vendor command: vendor_id=0x1374 subcmd=79
06-18 17:14:53.714 793 793 D wpa_supplicant: nl80211: Supported vendor command: vendor_id=0x1374 subcmd=80
06-18 17:14:53.714 793 793 D wpa_supplicant: nl80211: Supported vendor command: vendor_id=0x1374 subcmd=82
06-18 17:14:53.714 793 793 D wpa_supplicant: nl80211: Supported vendor command: vendor_id=0x1374 subcmd=85
06-18 17:14:53.714 793 793 D wpa_supplicant: nl80211: Supported vendor command: vendor_id=0x1374 subcmd=146
06-18 17:14:53.714 793 793 D wpa_supplicant: nl80211: Supported vendor command: vendor_id=0x1374 subcmd=12
06-18 17:14:53.714 793 793 D wpa_supplicant: nl80211: Supported vendor command: vendor_id=0x1374 subcmd=128
06-18 17:14:53.714 793 793 D wpa_supplicant: nl80211: Supported vendor command: vendor_id=0x1374 subcmd=129
06-18 17:14:53.714 793 793 D wpa_supplicant: nl80211: Supported vendor command: vendor_id=0x1374 subcmd=130
06-18 17:14:53.714 793 793 D wpa_supplicant: nl80211: Supported vendor command: vendor_id=0x1374 subcmd=133
06-18 17:14:53.714 793 793 D wpa_supplicant: nl80211: Supported vendor command: vendor_id=0x1374 subcmd=176
06-18 17:14:53.714 793 793 D wpa_supplicant: nl80211: Supported vendor event: vendor_id=0x1374 subcmd=80
06-18 17:14:53.714 793 793 D wpa_supplicant: nl80211: Supported vendor event: vendor_id=0x1374 subcmd=1
06-18 17:14:53.714 793 793 D wpa_supplicant: nl80211: Supported vendor event: vendor_id=0x1374 subcmd=1
06-18 17:14:53.714 793 793 D wpa_supplicant: nl80211: Supported vendor event: vendor_id=0x1374 subcmd=1
06-18 17:14:53.714 793 793 D wpa_supplicant: nl80211: Supported vendor event: vendor_id=0x1374 subcmd=1
06-18 17:14:53.714 793 793 D wpa_supplicant: nl80211: Supported vendor event: vendor_id=0x1374 subcmd=1
06-18 17:14:53.714 793 793 D wpa_supplicant: nl80211: Supported vendor event: vendor_id=0x1374 subcmd=20
06-18 17:14:53.714 793 793 D wpa_supplicant: nl80211: Supported vendor event: vendor_id=0x1374 subcmd=21
06-18 17:14:53.714 793 793 D wpa_supplicant: nl80211: Supported vendor event: vendor_id=0x1374 subcmd=23
06-18 17:14:53.714 793 793 D wpa_supplicant: nl80211: Supported vendor event: vendor_id=0x1374 subcmd=24
06-18 17:14:53.714 793 793 D wpa_supplicant: nl80211: Supported vendor event: vendor_id=0x1374 subcmd=25
06-18 17:14:53.714 793 793 D wpa_supplicant: nl80211: Supported vendor event: vendor_id=0x1374 subcmd=26
06-18 17:14:53.714 793 793 D wpa_supplicant: nl80211: Supported vendor event: vendor_id=0x1374 subcmd=27
06-18 17:14:53.714 793 793 D wpa_supplicant: nl80211: Supported vendor event: vendor_id=0x1374 subcmd=28
06-18 17:14:53.714 793 793 D wpa_supplicant: nl80211: Supported vendor event: vendor_id=0x1374 subcmd=41
06-18 17:14:53.714 793 793 D wpa_supplicant: nl80211: Supported vendor event: vendor_id=0x1374 subcmd=29
06-18 17:14:53.714 793 793 D wpa_supplicant: nl80211: Supported vendor event: vendor_id=0x1374 subcmd=30
06-18 17:14:53.714 793 793 D wpa_supplicant: nl80211: Supported vendor event: vendor_id=0x1374 subcmd=31
06-18 17:14:53.714 793 793 D wpa_supplicant: nl80211: Supported vendor event: vendor_id=0x1374 subcmd=32
06-18 17:14:53.714 793 793 D wpa_supplicant: nl80211: Supported vendor event: vendor_id=0x1374 subcmd=33
06-18 17:14:53.714 793 793 D wpa_supplicant: nl80211: Supported vendor event: vendor_id=0x0 subcmd=0
06-18 17:14:53.714 793 793 D wpa_supplicant: nl80211: Supported vendor event: vendor_id=0x0 subcmd=0
06-18 17:14:53.714 793 793 D wpa_supplicant: nl80211: Supported vendor event: vendor_id=0x0 subcmd=0
06-18 17:14:53.714 793 793 D wpa_supplicant: nl80211: Supported vendor event: vendor_id=0x0 subcmd=0
06-18 17:14:53.714 793 793 D wpa_supplicant: nl80211: Supported vendor event: vendor_id=0x0 subcmd=0
06-18 17:14:53.714 793 793 D wpa_supplicant: nl80211: Supported vendor event: vendor_id=0x0 subcmd=0
06-18 17:14:53.714 793 793 D wpa_supplicant: nl80211: Supported vendor event: vendor_id=0x0 subcmd=0
06-18 17:14:53.714 793 793 D wpa_supplicant: nl80211: Supported vendor event: vendor_id=0x0 subcmd=0
06-18 17:14:53.714 793 793 D wpa_supplicant: nl80211: Supported vendor event: vendor_id=0x0 subcmd=0
06-18 17:14:53.714 793 793 D wpa_supplicant: nl80211: Supported vendor event: vendor_id=0x0 subcmd=0
06-18 17:14:53.714 793 793 D wpa_supplicant: nl80211: Supported vendor event: vendor_id=0x0 subcmd=0
06-18 17:14:53.714 793 793 D wpa_supplicant: nl80211: Supported vendor event: vendor_id=0x0 subcmd=0
06-18 17:14:53.714 793 793 D wpa_supplicant: nl80211: Supported vendor event: vendor_id=0x1374 subcmd=5120
06-18 17:14:53.714 793 793 D wpa_supplicant: nl80211: Supported vendor event: vendor_id=0x0 subcmd=0
06-18 17:14:53.714 793 793 D wpa_supplicant: nl80211: Supported vendor event: vendor_id=0x0 subcmd=0
06-18 17:14:53.714 793 793 D wpa_supplicant: nl80211: Supported vendor event: vendor_id=0x0 subcmd=0
06-18 17:14:53.714 793 793 D wpa_supplicant: nl80211: Supported vendor event: vendor_id=0x0 subcmd=0
06-18 17:14:53.714 793 793 D wpa_supplicant: nl80211: Supported vendor event: vendor_id=0x0 subcmd=0
06-18 17:14:53.714 793 793 D wpa_supplicant: nl80211: Supported vendor event: vendor_id=0x0 subcmd=0
06-18 17:14:53.714 793 793 D wpa_supplicant: nl80211: Supported vendor event: vendor_id=0x0 subcmd=0
06-18 17:14:53.714 793 793 D wpa_supplicant: nl80211: Supported vendor event: vendor_id=0x0 subcmd=0
06-18 17:14:53.714 793 793 D wpa_supplicant: nl80211: Supported vendor event: vendor_id=0x0 subcmd=0
06-18 17:14:53.714 793 793 D wpa_supplicant: nl80211: Supported vendor event: vendor_id=0x0 subcmd=0
06-18 17:14:53.714 793 793 D wpa_supplicant: nl80211: Supported vendor event: vendor_id=0x0 subcmd=0
06-18 17:14:53.714 793 793 D wpa_supplicant: nl80211: Supported vendor event: vendor_id=0x0 subcmd=0
06-18 17:14:53.714 793 793 D wpa_supplicant: nl80211: Supported vendor event: vendor_id=0x0 subcmd=0
06-18 17:14:53.714 793 793 D wpa_supplicant: nl80211: Supported vendor event: vendor_id=0x0 subcmd=0
06-18 17:14:53.714 793 793 D wpa_supplicant: nl80211: Supported vendor event: vendor_id=0x0 subcmd=0
06-18 17:14:53.714 793 793 D wpa_supplicant: nl80211: Supported vendor event: vendor_id=0x0 subcmd=0
06-18 17:14:53.714 793 793 D wpa_supplicant: nl80211: Supported vendor event: vendor_id=0x0 subcmd=0
06-18 17:14:53.714 793 793 D wpa_supplicant: nl80211: Supported vendor event: vendor_id=0x0 subcmd=0
06-18 17:14:53.714 793 793 D wpa_supplicant: nl80211: Supported vendor event: vendor_id=0x0 subcmd=0
06-18 17:14:53.714 793 793 D wpa_supplicant: nl80211: Supported vendor event: vendor_id=0x0 subcmd=0
06-18 17:14:53.714 793 793 D wpa_supplicant: nl80211: Supported vendor event: vendor_id=0x0 subcmd=0
06-18 17:14:53.714 793 793 D wpa_supplicant: nl80211: Supported vendor event: vendor_id=0x0 subcmd=0
06-18 17:14:53.714 793 793 D wpa_supplicant: nl80211: Supported vendor event: vendor_id=0x0 subcmd=0
06-18 17:14:53.714 793 793 D wpa_supplicant: nl80211: Supported vendor event: vendor_id=0x0 subcmd=0
06-18 17:14:53.714 793 793 D wpa_supplicant: nl80211: Supported vendor event: vendor_id=0x0 subcmd=0
06-18 17:14:53.714 793 793 D wpa_supplicant: nl80211: Supported vendor event: vendor_id=0x0 subcmd=0
06-18 17:14:53.714 793 793 D wpa_supplicant: nl80211: Supported vendor event: vendor_id=0x0 subcmd=0
06-18 17:14:53.714 793 793 D wpa_supplicant: nl80211: Supported vendor event: vendor_id=0x0 subcmd=0
06-18 17:14:53.714 793 793 D wpa_supplicant: nl80211: Supported vendor event: vendor_id=0x0 subcmd=0
06-18 17:14:53.714 793 793 D wpa_supplicant: nl80211: Supported vendor event: vendor_id=0x0 subcmd=0
06-18 17:14:53.714 793 793 D wpa_supplicant: nl80211: Supported vendor event: vendor_id=0x0 subcmd=0
06-18 17:14:53.714 793 793 D wpa_supplicant: nl80211: Supported vendor event: vendor_id=0x1374 subcmd=131
06-18 17:14:53.715 793 793 D wpa_supplicant: nl80211: Supported vendor event: vendor_id=0x1374 subcmd=132
06-18 17:14:53.715 793 793 D wpa_supplicant: nl80211: Supported vendor event: vendor_id=0x0 subcmd=0
06-18 17:14:53.715 793 793 D wpa_supplicant: nl80211: Supported vendor event: vendor_id=0x0 subcmd=0
06-18 17:14:53.715 793 793 D wpa_supplicant: nl80211: Supported vendor event: vendor_id=0x0 subcmd=0
06-18 17:14:53.715 793 793 D wpa_supplicant: nl80211: Supported vendor event: vendor_id=0x0 subcmd=0
06-18 17:14:53.715 793 793 D wpa_supplicant: nl80211: Supported vendor event: vendor_id=0x0 subcmd=0
06-18 17:14:53.715 793 793 D wpa_supplicant: nl80211: Supported vendor event: vendor_id=0x0 subcmd=0
06-18 17:14:53.715 793 793 D wpa_supplicant: nl80211: Supported vendor event: vendor_id=0x1374 subcmd=72
06-18 17:14:53.715 793 793 D wpa_supplicant: nl80211: Use separate P2P group interface (driver advertised support)
06-18 17:14:53.715 793 793 D wpa_supplicant: nl80211: Enable multi-channel concurrent (driver advertised support)
06-18 17:14:53.715 793 793 D wpa_supplicant: nl80211: use P2P_DEVICE support
06-18 17:14:53.715 793 793 D wpa_supplicant: nl80211: key_mgmt=0xd0f enc=0x10f auth=0x7 flags=0x100100007a007ac0 rrm_flags=0x0 probe_resp_offloads=0x0 max_stations=10 max_remain_on_chan=5000 max_scan_ssids=12
06-18 17:14:53.715 793 793 D wpa_supplicant: nl80211: interface wlan0 in phy phy0
06-18 17:14:53.715 793 793 D wpa_supplicant: nl80211: Set mode ifindex 14 iftype 2 (STATION)
06-18 17:14:53.715 793 793 D wpa_supplicant: nl80211: Subscribe to mgmt frames with non-AP handle 0xe9bb47a0
06-18 17:14:53.716 793 793 D wpa_supplicant: nl80211: Register frame type=0xb0 (WLAN_FC_STYPE_AUTH) nl_handle=0xe9bb47a0 match=0300 multicast=0
06-18 17:14:53.716 793 793 D wpa_supplicant: nl80211: Register frame command failed (type=176): ret=-22 (Invalid argument)
06-18 17:14:53.716 793 793 D wpa_supplicant: nl80211: Register frame match - hexdump(len=2): 03 00
06-18 17:14:53.716 793 793 D wpa_supplicant: nl80211: Register frame type=0xd0 (WLAN_FC_STYPE_ACTION) nl_handle=0xe9bb47a0 match=0104 multicast=0
06-18 17:14:53.716 793 793 D wpa_supplicant: nl80211: Register frame type=0xd0 (WLAN_FC_STYPE_ACTION) nl_handle=0xe9bb47a0 match=040a multicast=0
06-18 17:14:53.716 793 793 D wpa_supplicant: nl80211: Register frame type=0xd0 (WLAN_FC_STYPE_ACTION) nl_handle=0xe9bb47a0 match=040b multicast=0
06-18 17:14:53.716 793 793 D wpa_supplicant: nl80211: Register frame type=0xd0 (WLAN_FC_STYPE_ACTION) nl_handle=0xe9bb47a0 match=040c multicast=0
06-18 17:14:53.716 793 793 D wpa_supplicant: nl80211: Register frame type=0xd0 (WLAN_FC_STYPE_ACTION) nl_handle=0xe9bb47a0 match=040d multicast=0
06-18 17:14:53.716 793 793 D wpa_supplicant: nl80211: Register frame type=0xd0 (WLAN_FC_STYPE_ACTION) nl_handle=0xe9bb47a0 match=090a multicast=0
06-18 17:14:53.716 793 793 D wpa_supplicant: nl80211: Register frame type=0xd0 (WLAN_FC_STYPE_ACTION) nl_handle=0xe9bb47a0 match=090b multicast=0
06-18 17:14:53.717 793 793 D wpa_supplicant: nl80211: Register frame type=0xd0 (WLAN_FC_STYPE_ACTION) nl_handle=0xe9bb47a0 match=090c multicast=0
06-18 17:14:53.717 793 793 D wpa_supplicant: nl80211: Register frame type=0xd0 (WLAN_FC_STYPE_ACTION) nl_handle=0xe9bb47a0 match=090d multicast=0
06-18 17:14:53.717 793 793 D wpa_supplicant: nl80211: Register frame type=0xd0 (WLAN_FC_STYPE_ACTION) nl_handle=0xe9bb47a0 match=0409506f9a09 multicast=0
06-18 17:14:53.717 793 793 D wpa_supplicant: nl80211: Register frame type=0xd0 (WLAN_FC_STYPE_ACTION) nl_handle=0xe9bb47a0 match=7f506f9a09 multicast=0
06-18 17:14:53.717 793 793 D wpa_supplicant: nl80211: Register frame type=0xd0 (WLAN_FC_STYPE_ACTION) nl_handle=0xe9bb47a0 match=0409506f9a1a multicast=0
06-18 17:14:53.717 793 793 D wpa_supplicant: nl80211: Register frame type=0xd0 (WLAN_FC_STYPE_ACTION) nl_handle=0xe9bb47a0 match=0801 multicast=0
06-18 17:14:53.717 793 793 D wpa_supplicant: nl80211: Register frame type=0xd0 (WLAN_FC_STYPE_ACTION) nl_handle=0xe9bb47a0 match=06 multicast=0
06-18 17:14:53.718 793 793 D wpa_supplicant: nl80211: Register frame type=0xd0 (WLAN_FC_STYPE_ACTION) nl_handle=0xe9bb47a0 match=0a07 multicast=0
06-18 17:14:53.718 793 793 D wpa_supplicant: nl80211: Register frame type=0xd0 (WLAN_FC_STYPE_ACTION) nl_handle=0xe9bb47a0 match=0a11 multicast=0
06-18 17:14:53.718 793 793 D wpa_supplicant: nl80211: Register frame type=0xd0 (WLAN_FC_STYPE_ACTION) nl_handle=0xe9bb47a0 match=0a0b multicast=0
06-18 17:14:53.718 793 793 D wpa_supplicant: nl80211: Register frame type=0xd0 (WLAN_FC_STYPE_ACTION) nl_handle=0xe9bb47a0 match=0a1a multicast=0
06-18 17:14:53.718 793 793 D wpa_supplicant: nl80211: Register frame type=0xd0 (WLAN_FC_STYPE_ACTION) nl_handle=0xe9bb47a0 match=1101 multicast=0
06-18 17:14:53.718 793 793 D wpa_supplicant: nl80211: Register frame type=0xd0 (WLAN_FC_STYPE_ACTION) nl_handle=0xe9bb47a0 match=1102 multicast=0
06-18 17:14:53.719 793 793 D wpa_supplicant: nl80211: Register frame type=0xd0 (WLAN_FC_STYPE_ACTION) nl_handle=0xe9bb47a0 match=0505 multicast=0
06-18 17:14:53.719 793 793 D wpa_supplicant: nl80211: Register frame type=0xd0 (WLAN_FC_STYPE_ACTION) nl_handle=0xe9bb47a0 match=0500 multicast=0
06-18 17:14:53.719 793 793 D wpa_supplicant: nl80211: Register frame type=0xd0 (WLAN_FC_STYPE_ACTION) nl_handle=0xe9bb47a0 match=1305 multicast=0
06-18 17:14:53.719 793 793 I wpa_supplicant: rfkill: Cannot open RFKILL control device
06-18 17:14:53.719 505 505 I SystemServerTiming: MakeVcnManagementServiceReady
06-18 17:14:53.720 793 793 D wpa_supplicant: nl80211: RFKILL status not available
06-18 17:14:53.720 793 793 D wpa_supplicant: netlink: Operstate: ifindex=14 linkmode=1 (userspace-control), operstate=5 (IF_OPER_DORMANT)
06-18 17:14:53.723 505 523 W PppoeNetworkFactory: interfaceLinkStateChanged
06-18 17:14:53.723 505 523 D PppoeNetworkFactory: updateInterface: mIface: mPhyIface:eth0 iface:wlan0 link:up
06-18 17:14:53.723 505 523 D PppoeNetworkFactory: not tracker interface
06-18 17:14:53.723 505 523 I EthernetTracker: interfaceLinkStateChanged, iface: wlan0, up: true
06-18 17:14:53.723 505 523 W PppoeNetworkFactory: interfaceLinkStateChanged
06-18 17:14:53.723 505 523 D PppoeNetworkFactory: updateInterface: mIface: mPhyIface:eth0 iface:wlan0 link:up
06-18 17:14:53.723 505 523 D PppoeNetworkFactory: not tracker interface
06-18 17:14:53.724 505 523 I EthernetTracker: interfaceLinkStateChanged, iface: wlan0, up: true
06-18 17:14:53.724 505 609 D ConnectivityService: Got NetworkProvider Messenger for VcnNetworkProvider
06-18 17:14:53.727 793 793 D wpa_supplicant: Add interface wlan0 to a new radio phy0
06-18 17:14:53.731 793 793 D wpa_supplicant: nl80211: No channel number found for frequency 5920 MHz
06-18 17:14:53.732 793 793 D wpa_supplicant: nl80211: No channel number found for frequency 5940 MHz
06-18 17:14:53.732 793 793 D wpa_supplicant: nl80211: Regulatory information - country=CN (DFS-FCC)
06-18 17:14:53.732 793 793 D wpa_supplicant: nl80211: 2400-2483 @ 40 MHz 20 mBm
06-18 17:14:53.732 793 793 D wpa_supplicant: nl80211: 5150-5350 @ 80 MHz 20 mBm (DFS)
06-18 17:14:53.733 793 793 D wpa_supplicant: nl80211: 5725-5850 @ 80 MHz 33 mBm
06-18 17:14:53.733 793 793 D wpa_supplicant: nl80211: 57240-59400 @ 2160 MHz 28 mBm
06-18 17:14:53.733 793 793 D wpa_supplicant: nl80211: 59400-63720 @ 2160 MHz 44 mBm
06-18 17:14:53.733 793 793 D wpa_supplicant: nl80211: 63720-65880 @ 2160 MHz 28 mBm
06-18 17:14:53.733 793 793 D wpa_supplicant: nl80211: Added 802.11b mode based on 802.11g information
06-18 17:14:53.733 793 793 D wpa_supplicant: nl80211: Mode IEEE 802.11g: 2412 2417 2422 2427 2432 2437 2442 2447 2452 2457 2462 2467 2472 2484[DISABLED]
06-18 17:14:53.733 793 793 D wpa_supplicant: nl80211: Mode IEEE 802.11a: 5170[DISABLED] 5180 5200 5220 5240 5260[RADAR] 5280[RADAR] 5300[RADAR] 5320[RADAR] 5500[DISABLED][RADAR] 5520[DISABLED][RADAR] 5540[DISABLED][RADAR] 5560[DISABLED][RADAR] 5580[DISABLED][RADAR]
06-18 17:14:53.733 793 793 D wpa_supplicant: nl80211: Mode IEEE 802.11b: 2412 2417 2422 2427 2432 2437 2442 2447 2452 2457 2462 2467 2472 2484[DISABLED]
06-18 17:14:53.749 798 798 D nativeloader: classloader namespace configured for unbundled product apk. library_path=/product/app/webview/lib/arm:/product/app/webview/webview.apk!/lib/armeabi-v7a:/product/lib:/system/product/lib
06-18 17:14:53.750 505 609 D ConnectivityService: NetReassign [no changes]
06-18 17:14:53.756 505 570 D CompatibilityChangeReporter: Compat change id reported: 157233955; UID 10061; state: ENABLED
06-18 17:14:53.757 505 785 W PackageManager: Loading a package that does not exist for the calling user. package=null, user=0
06-18 17:14:53.760 793 793 D wpa_supplicant: wlan0: Own MAC address: b4:2f:03:15:e8:b9
06-18 17:14:53.760 793 793 D wpa_supplicant: wpa_driver_nl80211_set_key: ifindex=14 (wlan0) alg=0 addr=0x0 key_idx=0 set_tx=0 seq_len=0 key_len=0 key_flag=0x10
06-18 17:14:53.760 793 793 D wpa_supplicant: nl80211: DEL_KEY
06-18 17:14:53.760 793 793 D wpa_supplicant: broadcast key
06-18 17:14:53.761 505 505 I SystemServerTiming: MakeNetworkPolicyServiceReady
06-18 17:14:53.761 793 793 D wpa_supplicant: wpa_driver_nl80211_set_key: ifindex=14 (wlan0) alg=0 addr=0x0 key_idx=1 set_tx=0 seq_len=0 key_len=0 key_flag=0x10
06-18 17:14:53.761 793 793 D wpa_supplicant: nl80211: DEL_KEY
06-18 17:14:53.761 793 793 D wpa_supplicant: broadcast key
06-18 17:14:53.761 793 793 D wpa_supplicant: wpa_driver_nl80211_set_key: ifindex=14 (wlan0) alg=0 addr=0x0 key_idx=2 set_tx=0 seq_len=0 key_len=0 key_flag=0x10
06-18 17:14:53.761 793 793 D wpa_supplicant: nl80211: DEL_KEY
06-18 17:14:53.761 793 793 D wpa_supplicant: broadcast key
06-18 17:14:53.761 793 793 D wpa_supplicant: wpa_driver_nl80211_set_key: ifindex=14 (wlan0) alg=0 addr=0x0 key_idx=3 set_tx=0 seq_len=0 key_len=0 key_flag=0x10
06-18 17:14:53.761 793 793 D wpa_supplicant: nl80211: DEL_KEY
06-18 17:14:53.761 793 793 D wpa_supplicant: broadcast key
06-18 17:14:53.761 793 793 D wpa_supplicant: wpa_driver_nl80211_set_key: ifindex=14 (wlan0) alg=0 addr=0x0 key_idx=4 set_tx=0 seq_len=0 key_len=0 key_flag=0x10
06-18 17:14:53.761 793 793 D wpa_supplicant: nl80211: DEL_KEY
06-18 17:14:53.761 793 793 D wpa_supplicant: broadcast key
06-18 17:14:53.762 793 793 D wpa_supplicant: wpa_driver_nl80211_set_key: ifindex=14 (wlan0) alg=0 addr=0x0 key_idx=5 set_tx=0 seq_len=0 key_len=0 key_flag=0x10
06-18 17:14:53.762 793 793 D wpa_supplicant: nl80211: DEL_KEY
06-18 17:14:53.762 793 793 D wpa_supplicant: broadcast key
06-18 17:14:53.762 793 793 D wpa_supplicant: wlan0: RSN: flushing PMKID list in the driver
06-18 17:14:53.762 793 793 D wpa_supplicant: nl80211: Flush PMKIDs
06-18 17:14:53.765 793 793 D wpa_supplicant: wlan0: State: DISCONNECTED -> INACTIVE
06-18 17:14:53.765 793 793 D wpa_supplicant: Notifying state change event to hidl control: 2
06-18 17:14:53.773 505 609 D ConnectivityService: NetReassign [no changes]
06-18 17:14:53.775 505 505 I SystemServerTiming: PhaseThirdPartyAppsCanStart
06-18 17:14:53.775 505 505 I SystemServiceManager: Starting phase 600
06-18 17:14:53.775 505 505 I SystemServerTiming: OnBootPhase_600
06-18 17:14:53.780 505 505 I ExplicitHealthCheckController: Explicit health checks enabled.
06-18 17:14:53.781 505 505 I PackageWatchdog: Syncing state, reason: health check state enabled
06-18 17:14:53.781 505 505 I PackageWatchdog: Not pruning observers, elapsed time: 0ms
06-18 17:14:53.782 505 505 I PackageWatchdog: Cancelling state sync, nothing to sync
06-18 17:14:53.782 505 532 I PackageWatchdog: Saving observer state to file
06-18 17:14:53.788 793 793 D wpa_supplicant: TDLS: TDLS operation not supported by driver
06-18 17:14:53.788 793 793 D wpa_supplicant: TDLS: Driver uses internal link setup
06-18 17:14:53.788 793 793 D wpa_supplicant: TDLS: Driver does not support TDLS channel switching
06-18 17:14:53.789 793 793 D wpa_supplicant: wlan0: WPS: UUID based on MAC address: 9c907f24-96c2-56f2-9fdd-752c11c3bef8
06-18 17:14:53.790 793 793 D wpa_supplicant: EAPOL: SUPP_PAE entering state DISCONNECTED
06-18 17:14:53.790 793 793 D wpa_supplicant: EAPOL: Supplicant port status: Unauthorized
06-18 17:14:53.790 793 793 D wpa_supplicant: nl80211: Skip set_supp_port(unauthorized) while not associated
06-18 17:14:53.790 793 793 D wpa_supplicant: EAPOL: KEY_RX entering state NO_KEY_RECEIVE
06-18 17:14:53.790 793 793 D wpa_supplicant: EAPOL: SUPP_BE entering state INITIALIZE
06-18 17:14:53.790 793 793 D wpa_supplicant: EAP: EAP entering state DISABLED
06-18 17:14:53.790 793 793 D wpa_supplicant: Using existing control interface directory.
06-18 17:14:53.791 793 793 D wpa_supplicant: nl80211: Setting wowlan
06-18 17:14:53.793 793 793 D wpa_supplicant: MBO: Update non-preferred channels, non_pref_chan=N/A
06-18 17:14:53.794 793 793 D wpa_supplicant: Registering interface to hidl control: wlan0
06-18 17:14:53.794 793 793 D wpa_supplicant: wlan0: Added interface wlan0
06-18 17:14:53.794 793 793 D wpa_supplicant: wlan0: State: INACTIVE -> DISCONNECTED
06-18 17:14:53.794 793 793 D wpa_supplicant: nl80211: Set wlan0 operstate 0->0 (DORMANT)
06-18 17:14:53.794 793 793 D wpa_supplicant: netlink: Operstate: ifindex=14 linkmode=-1 (no change), operstate=5 (IF_OPER_DORMANT)
06-18 17:14:53.794 793 793 D wpa_supplicant: Notifying state change event to hidl control: 0
06-18 17:14:53.794 793 793 D wpa_supplicant: nl80211: Create interface iftype 10 (P2P_DEVICE)
06-18 17:14:53.795 793 793 D wpa_supplicant: nl80211: New P2P Device interface p2p-dev-wlan0 (0x3) created
06-18 17:14:53.795 793 793 D wpa_supplicant: Override interface parameter: ctrl_interface ('/data/vendor/wifi/wpa/sockets' -> '/data/vendor/wifi/wpa/sockets')
06-18 17:14:53.795 793 793 D wpa_supplicant: Initializing interface 'p2p-dev-wlan0' conf '/data/vendor/wifi/wpa/wpa_supplicant.conf' driver 'nl80211' ctrl_interface '/data/vendor/wifi/wpa/sockets' bridge 'N/A'
06-18 17:14:53.795 793 793 D wpa_supplicant: Configuration file '/data/vendor/wifi/wpa/wpa_supplicant.conf' -> '/data/vendor/wifi/wpa/wpa_supplicant.conf'
06-18 17:14:53.795 793 793 D wpa_supplicant: Reading configuration file '/data/vendor/wifi/wpa/wpa_supplicant.conf'
06-18 17:14:53.795 793 793 D wpa_supplicant: update_config=1
06-18 17:14:53.795 793 793 D wpa_supplicant: eapol_version=1
06-18 17:14:53.795 793 793 D wpa_supplicant: ap_scan=1
06-18 17:14:53.795 793 793 D wpa_supplicant: fast_reauth=1
06-18 17:14:53.795 793 793 D wpa_supplicant: pmf=1
06-18 17:14:53.795 793 793 D wpa_supplicant: p2p_add_cli_chan=1
06-18 17:14:53.795 793 793 D wpa_supplicant: oce=1
06-18 17:14:53.795 793 793 D wpa_supplicant: sae_pwe=2
06-18 17:14:53.796 793 793 D wpa_supplicant: nl80211: Supported cipher 00-0f-ac:1
06-18 17:14:53.796 793 793 D wpa_supplicant: nl80211: Supported cipher 00-0f-ac:5
06-18 17:14:53.796 793 793 D wpa_supplicant: nl80211: Supported cipher 00-0f-ac:2
06-18 17:14:53.796 793 793 D wpa_supplicant: nl80211: Supported cipher 00-0f-ac:4
06-18 17:14:53.796 793 793 D wpa_supplicant: nl80211: Supported cipher 00-14-72:1
06-18 17:14:53.796 793 793 D wpa_supplicant: nl80211: Supported cipher 00-0f-ac:6
06-18 17:14:53.796 793 793 D wpa_supplicant: nl80211: Supported cipher 00-0f-ac:255
06-18 17:14:53.797 793 793 D wpa_supplicant: nl80211: Supported vendor command: vendor_id=0x1374 subcmd=9
06-18 17:14:53.797 793 793 D wpa_supplicant: nl80211: Supported vendor command: vendor_id=0x1374 subcmd=12
