06-18 17:14:53.797 793 793 D wpa_supplicant: nl80211: Supported vendor command: vendor_id=0x1374 subcmd=14
06-18 17:14:53.797 793 793 D wpa_supplicant: nl80211: Supported vendor command: vendor_id=0x1374 subcmd=15
06-18 17:14:53.797 793 793 D wpa_supplicant: nl80211: Supported vendor command: vendor_id=0x1374 subcmd=16
06-18 17:14:53.797 793 793 D wpa_supplicant: nl80211: Supported vendor command: vendor_id=0x1374 subcmd=20
06-18 17:14:53.797 793 793 D wpa_supplicant: nl80211: Supported vendor command: vendor_id=0x1a11 subcmd=6
06-18 17:14:53.797 793 793 D wpa_supplicant: nl80211: Supported vendor command: vendor_id=0x1374 subcmd=21
06-18 17:14:53.797 793 793 D wpa_supplicant: nl80211: Supported vendor command: vendor_id=0x1374 subcmd=22
06-18 17:14:53.797 793 793 D wpa_supplicant: nl80211: Supported vendor command: vendor_id=0x1374 subcmd=23
06-18 17:14:53.797 793 793 D wpa_supplicant: nl80211: Supported vendor command: vendor_id=0x1374 subcmd=24
06-18 17:14:53.797 793 793 D wpa_supplicant: nl80211: Supported vendor command: vendor_id=0x1374 subcmd=29
06-18 17:14:53.797 793 793 D wpa_supplicant: nl80211: Supported vendor command: vendor_id=0x1374 subcmd=30
06-18 17:14:53.797 793 793 D wpa_supplicant: nl80211: Supported vendor command: vendor_id=0x1374 subcmd=32
06-18 17:14:53.797 793 793 D wpa_supplicant: nl80211: Supported vendor command: vendor_id=0x1374 subcmd=33
06-18 17:14:53.797 793 793 D wpa_supplicant: nl80211: Supported vendor command: vendor_id=0x1374 subcmd=38
06-18 17:14:53.797 793 793 D wpa_supplicant: nl80211: Supported vendor command: vendor_id=0x1374 subcmd=39
06-18 17:14:53.797 793 793 D wpa_supplicant: nl80211: Supported vendor command: vendor_id=0x1374 subcmd=42
06-18 17:14:53.797 793 793 D wpa_supplicant: nl80211: Supported vendor command: vendor_id=0x1374 subcmd=55
06-18 17:14:53.797 793 793 D wpa_supplicant: nl80211: Supported vendor command: vendor_id=0x1374 subcmd=61
06-18 17:14:53.797 793 793 D wpa_supplicant: nl80211: Supported vendor command: vendor_id=0x1374 subcmd=62
06-18 17:14:53.797 793 793 D wpa_supplicant: nl80211: Supported vendor command: vendor_id=0x1374 subcmd=63
06-18 17:14:53.797 793 793 D wpa_supplicant: nl80211: Supported vendor command: vendor_id=0x1374 subcmd=64
06-18 17:14:53.797 793 793 D wpa_supplicant: nl80211: Supported vendor command: vendor_id=0x1374 subcmd=65
06-18 17:14:53.797 793 793 D wpa_supplicant: nl80211: Supported vendor command: vendor_id=0x1374 subcmd=66
06-18 17:14:53.797 793 793 D wpa_supplicant: nl80211: Supported vendor command: vendor_id=0x1374 subcmd=69
06-18 17:14:53.797 793 793 D wpa_supplicant: nl80211: Supported vendor command: vendor_id=0x1374 subcmd=70
06-18 17:14:53.797 793 793 D wpa_supplicant: nl80211: Supported vendor command: vendor_id=0x1374 subcmd=71
06-18 17:14:53.797 793 793 D wpa_supplicant: nl80211: Supported vendor command: vendor_id=0x1374 subcmd=76
06-18 17:14:53.797 793 793 D wpa_supplicant: nl80211: Supported vendor command: vendor_id=0x1374 subcmd=77
06-18 17:14:53.797 793 793 D wpa_supplicant: nl80211: Supported vendor command: vendor_id=0x1374 subcmd=79
06-18 17:14:53.797 793 793 D wpa_supplicant: nl80211: Supported vendor command: vendor_id=0x1374 subcmd=80
06-18 17:14:53.797 793 793 D wpa_supplicant: nl80211: Supported vendor command: vendor_id=0x1374 subcmd=82
06-18 17:14:53.797 793 793 D wpa_supplicant: nl80211: Supported vendor command: vendor_id=0x1374 subcmd=85
06-18 17:14:53.797 793 793 D wpa_supplicant: nl80211: Supported vendor command: vendor_id=0x1374 subcmd=146
06-18 17:14:53.797 793 793 D wpa_supplicant: nl80211: Supported vendor command: vendor_id=0x1374 subcmd=12
06-18 17:14:53.797 793 793 D wpa_supplicant: nl80211: Supported vendor command: vendor_id=0x1374 subcmd=128
06-18 17:14:53.797 793 793 D wpa_supplicant: nl80211: Supported vendor command: vendor_id=0x1374 subcmd=129
06-18 17:14:53.797 793 793 D wpa_supplicant: nl80211: Supported vendor command: vendor_id=0x1374 subcmd=130
06-18 17:14:53.797 793 793 D wpa_supplicant: nl80211: Supported vendor command: vendor_id=0x1374 subcmd=133
06-18 17:14:53.797 793 793 D wpa_supplicant: nl80211: Supported vendor command: vendor_id=0x1374 subcmd=176
06-18 17:14:53.797 793 793 D wpa_supplicant: nl80211: Supported vendor event: vendor_id=0x1374 subcmd=80
06-18 17:14:53.797 793 793 D wpa_supplicant: nl80211: Supported vendor event: vendor_id=0x1374 subcmd=1
06-18 17:14:53.797 793 793 D wpa_supplicant: nl80211: Supported vendor event: vendor_id=0x1374 subcmd=1
06-18 17:14:53.797 793 793 D wpa_supplicant: nl80211: Supported vendor event: vendor_id=0x1374 subcmd=1
06-18 17:14:53.797 793 793 D wpa_supplicant: nl80211: Supported vendor event: vendor_id=0x1374 subcmd=1
06-18 17:14:53.797 793 793 D wpa_supplicant: nl80211: Supported vendor event: vendor_id=0x1374 subcmd=1
06-18 17:14:53.797 793 793 D wpa_supplicant: nl80211: Supported vendor event: vendor_id=0x1374 subcmd=20
06-18 17:14:53.797 793 793 D wpa_supplicant: nl80211: Supported vendor event: vendor_id=0x1374 subcmd=21
06-18 17:14:53.797 793 793 D wpa_supplicant: nl80211: Supported vendor event: vendor_id=0x1374 subcmd=23
06-18 17:14:53.797 793 793 D wpa_supplicant: nl80211: Supported vendor event: vendor_id=0x1374 subcmd=24
06-18 17:14:53.797 793 793 D wpa_supplicant: nl80211: Supported vendor event: vendor_id=0x1374 subcmd=25
06-18 17:14:53.797 793 793 D wpa_supplicant: nl80211: Supported vendor event: vendor_id=0x1374 subcmd=26
06-18 17:14:53.797 793 793 D wpa_supplicant: nl80211: Supported vendor event: vendor_id=0x1374 subcmd=27
06-18 17:14:53.797 793 793 D wpa_supplicant: nl80211: Supported vendor event: vendor_id=0x1374 subcmd=28
06-18 17:14:53.797 793 793 D wpa_supplicant: nl80211: Supported vendor event: vendor_id=0x1374 subcmd=41
06-18 17:14:53.797 793 793 D wpa_supplicant: nl80211: Supported vendor event: vendor_id=0x1374 subcmd=29
06-18 17:14:53.797 793 793 D wpa_supplicant: nl80211: Supported vendor event: vendor_id=0x1374 subcmd=30
06-18 17:14:53.797 793 793 D wpa_supplicant: nl80211: Supported vendor event: vendor_id=0x1374 subcmd=31
06-18 17:14:53.797 793 793 D wpa_supplicant: nl80211: Supported vendor event: vendor_id=0x1374 subcmd=32
06-18 17:14:53.797 793 793 D wpa_supplicant: nl80211: Supported vendor event: vendor_id=0x1374 subcmd=33
06-18 17:14:53.797 793 793 D wpa_supplicant: nl80211: Supported vendor event: vendor_id=0x0 subcmd=0
06-18 17:14:53.797 793 793 D wpa_supplicant: nl80211: Supported vendor event: vendor_id=0x0 subcmd=0
06-18 17:14:53.797 793 793 D wpa_supplicant: nl80211: Supported vendor event: vendor_id=0x0 subcmd=0
06-18 17:14:53.797 793 793 D wpa_supplicant: nl80211: Supported vendor event: vendor_id=0x0 subcmd=0
06-18 17:14:53.797 793 793 D wpa_supplicant: nl80211: Supported vendor event: vendor_id=0x0 subcmd=0
06-18 17:14:53.797 793 793 D wpa_supplicant: nl80211: Supported vendor event: vendor_id=0x0 subcmd=0
06-18 17:14:53.797 793 793 D wpa_supplicant: nl80211: Supported vendor event: vendor_id=0x0 subcmd=0
06-18 17:14:53.797 793 793 D wpa_supplicant: nl80211: Supported vendor event: vendor_id=0x0 subcmd=0
06-18 17:14:53.797 793 793 D wpa_supplicant: nl80211: Supported vendor event: vendor_id=0x0 subcmd=0
06-18 17:14:53.797 793 793 D wpa_supplicant: nl80211: Supported vendor event: vendor_id=0x0 subcmd=0
06-18 17:14:53.797 793 793 D wpa_supplicant: nl80211: Supported vendor event: vendor_id=0x0 subcmd=0
06-18 17:14:53.797 793 793 D wpa_supplicant: nl80211: Supported vendor event: vendor_id=0x0 subcmd=0
06-18 17:14:53.797 793 793 D wpa_supplicant: nl80211: Supported vendor event: vendor_id=0x1374 subcmd=5120
06-18 17:14:53.797 793 793 D wpa_supplicant: nl80211: Supported vendor event: vendor_id=0x0 subcmd=0
06-18 17:14:53.797 793 793 D wpa_supplicant: nl80211: Supported vendor event: vendor_id=0x0 subcmd=0
06-18 17:14:53.797 793 793 D wpa_supplicant: nl80211: Supported vendor event: vendor_id=0x0 subcmd=0
06-18 17:14:53.797 793 793 D wpa_supplicant: nl80211: Supported vendor event: vendor_id=0x0 subcmd=0
06-18 17:14:53.797 793 793 D wpa_supplicant: nl80211: Supported vendor event: vendor_id=0x0 subcmd=0
06-18 17:14:53.797 793 793 D wpa_supplicant: nl80211: Supported vendor event: vendor_id=0x0 subcmd=0
06-18 17:14:53.797 793 793 D wpa_supplicant: nl80211: Supported vendor event: vendor_id=0x0 subcmd=0
06-18 17:14:53.797 793 793 D wpa_supplicant: nl80211: Supported vendor event: vendor_id=0x0 subcmd=0
06-18 17:14:53.797 793 793 D wpa_supplicant: nl80211: Supported vendor event: vendor_id=0x0 subcmd=0
06-18 17:14:53.797 793 793 D wpa_supplicant: nl80211: Supported vendor event: vendor_id=0x0 subcmd=0
06-18 17:14:53.797 793 793 D wpa_supplicant: nl80211: Supported vendor event: vendor_id=0x0 subcmd=0
06-18 17:14:53.797 793 793 D wpa_supplicant: nl80211: Supported vendor event: vendor_id=0x0 subcmd=0
06-18 17:14:53.797 793 793 D wpa_supplicant: nl80211: Supported vendor event: vendor_id=0x0 subcmd=0
06-18 17:14:53.798 793 793 D wpa_supplicant: nl80211: Supported vendor event: vendor_id=0x0 subcmd=0
06-18 17:14:53.798 793 793 D wpa_supplicant: nl80211: Supported vendor event: vendor_id=0x0 subcmd=0
06-18 17:14:53.798 793 793 D wpa_supplicant: nl80211: Supported vendor event: vendor_id=0x0 subcmd=0
06-18 17:14:53.798 793 793 D wpa_supplicant: nl80211: Supported vendor event: vendor_id=0x0 subcmd=0
06-18 17:14:53.798 793 793 D wpa_supplicant: nl80211: Supported vendor event: vendor_id=0x0 subcmd=0
06-18 17:14:53.798 793 793 D wpa_supplicant: nl80211: Supported vendor event: vendor_id=0x0 subcmd=0
06-18 17:14:53.798 793 793 D wpa_supplicant: nl80211: Supported vendor event: vendor_id=0x0 subcmd=0
06-18 17:14:53.798 793 793 D wpa_supplicant: nl80211: Supported vendor event: vendor_id=0x0 subcmd=0
06-18 17:14:53.798 793 793 D wpa_supplicant: nl80211: Supported vendor event: vendor_id=0x0 subcmd=0
06-18 17:14:53.798 793 793 D wpa_supplicant: nl80211: Supported vendor event: vendor_id=0x0 subcmd=0
06-18 17:14:53.798 793 793 D wpa_supplicant: nl80211: Supported vendor event: vendor_id=0x0 subcmd=0
06-18 17:14:53.798 793 793 D wpa_supplicant: nl80211: Supported vendor event: vendor_id=0x0 subcmd=0
06-18 17:14:53.798 793 793 D wpa_supplicant: nl80211: Supported vendor event: vendor_id=0x0 subcmd=0
06-18 17:14:53.798 793 793 D wpa_supplicant: nl80211: Supported vendor event: vendor_id=0x0 subcmd=0
06-18 17:14:53.798 793 793 D wpa_supplicant: nl80211: Supported vendor event: vendor_id=0x0 subcmd=0
06-18 17:14:53.798 793 793 D wpa_supplicant: nl80211: Supported vendor event: vendor_id=0x0 subcmd=0
06-18 17:14:53.798 793 793 D wpa_supplicant: nl80211: Supported vendor event: vendor_id=0x0 subcmd=0
06-18 17:14:53.798 793 793 D wpa_supplicant: nl80211: Supported vendor event: vendor_id=0x0 subcmd=0
06-18 17:14:53.798 793 793 D wpa_supplicant: nl80211: Supported vendor event: vendor_id=0x1374 subcmd=131
06-18 17:14:53.798 793 793 D wpa_supplicant: nl80211: Supported vendor event: vendor_id=0x1374 subcmd=132
06-18 17:14:53.798 793 793 D wpa_supplicant: nl80211: Supported vendor event: vendor_id=0x0 subcmd=0
06-18 17:14:53.798 793 793 D wpa_supplicant: nl80211: Supported vendor event: vendor_id=0x0 subcmd=0
06-18 17:14:53.798 793 793 D wpa_supplicant: nl80211: Supported vendor event: vendor_id=0x0 subcmd=0
06-18 17:14:53.798 793 793 D wpa_supplicant: nl80211: Supported vendor event: vendor_id=0x0 subcmd=0
06-18 17:14:53.798 793 793 D wpa_supplicant: nl80211: Supported vendor event: vendor_id=0x0 subcmd=0
06-18 17:14:53.798 793 793 D wpa_supplicant: nl80211: Supported vendor event: vendor_id=0x0 subcmd=0
06-18 17:14:53.798 793 793 D wpa_supplicant: nl80211: Supported vendor event: vendor_id=0x1374 subcmd=72
06-18 17:14:53.798 793 793 D wpa_supplicant: nl80211: Use separate P2P group interface (driver advertised support)
06-18 17:14:53.798 793 793 D wpa_supplicant: nl80211: Enable multi-channel concurrent (driver advertised support)
06-18 17:14:53.798 793 793 D wpa_supplicant: nl80211: use P2P_DEVICE support
06-18 17:14:53.798 793 793 D wpa_supplicant: nl80211: key_mgmt=0xd0f enc=0x10f auth=0x7 flags=0x100100007a007ac0 rrm_flags=0x0 probe_resp_offloads=0x0 max_stations=10 max_remain_on_chan=5000 max_scan_ssids=12
06-18 17:14:53.798 793 793 D wpa_supplicant: nl80211: interface p2p-dev-wlan0 in phy phy0
06-18 17:14:53.798 793 793 D wpa_supplicant: nl80211: Set mode ifindex 0 iftype 10 (P2P_DEVICE)
06-18 17:14:53.798 793 793 D wpa_supplicant: nl80211: Failed to set interface 0 to mode 10: -22 (Invalid argument)
06-18 17:14:53.799 793 793 D wpa_supplicant: nl80211: Subscribe to mgmt frames with non-AP handle 0xe9bb4848
06-18 17:14:53.799 793 793 D wpa_supplicant: nl80211: Register frame type=0xb0 (WLAN_FC_STYPE_AUTH) nl_handle=0xe9bb4848 match=0300 multicast=0
06-18 17:14:53.799 793 793 D wpa_supplicant: nl80211: Register frame command failed (type=176): ret=-22 (Invalid argument)
06-18 17:14:53.799 793 793 D wpa_supplicant: nl80211: Register frame match - hexdump(len=2): 03 00
06-18 17:14:53.799 793 793 D wpa_supplicant: nl80211: Register frame type=0xd0 (WLAN_FC_STYPE_ACTION) nl_handle=0xe9bb4848 match=0104 multicast=0
06-18 17:14:53.799 793 793 D wpa_supplicant: nl80211: Register frame type=0xd0 (WLAN_FC_STYPE_ACTION) nl_handle=0xe9bb4848 match=040a multicast=0
06-18 17:14:53.799 793 793 D wpa_supplicant: nl80211: Register frame type=0xd0 (WLAN_FC_STYPE_ACTION) nl_handle=0xe9bb4848 match=040b multicast=0
06-18 17:14:53.799 793 793 D wpa_supplicant: nl80211: Register frame type=0xd0 (WLAN_FC_STYPE_ACTION) nl_handle=0xe9bb4848 match=040c multicast=0
06-18 17:14:53.799 793 793 D wpa_supplicant: nl80211: Register frame type=0xd0 (WLAN_FC_STYPE_ACTION) nl_handle=0xe9bb4848 match=040d multicast=0
06-18 17:14:53.800 793 793 D wpa_supplicant: nl80211: Register frame type=0xd0 (WLAN_FC_STYPE_ACTION) nl_handle=0xe9bb4848 match=090a multicast=0
06-18 17:14:53.802 793 793 D wpa_supplicant: nl80211: Register frame type=0xd0 (WLAN_FC_STYPE_ACTION) nl_handle=0xe9bb4848 match=090b multicast=0
06-18 17:14:53.802 793 793 D wpa_supplicant: nl80211: Register frame type=0xd0 (WLAN_FC_STYPE_ACTION) nl_handle=0xe9bb4848 match=090c multicast=0
06-18 17:14:53.802 793 793 D wpa_supplicant: nl80211: Register frame type=0xd0 (WLAN_FC_STYPE_ACTION) nl_handle=0xe9bb4848 match=090d multicast=0
06-18 17:14:53.803 793 793 D wpa_supplicant: nl80211: Register frame type=0xd0 (WLAN_FC_STYPE_ACTION) nl_handle=0xe9bb4848 match=0409506f9a09 multicast=0
06-18 17:14:53.803 793 793 D wpa_supplicant: nl80211: Register frame type=0xd0 (WLAN_FC_STYPE_ACTION) nl_handle=0xe9bb4848 match=7f506f9a09 multicast=0
06-18 17:14:53.803 793 793 D wpa_supplicant: nl80211: Register frame type=0xd0 (WLAN_FC_STYPE_ACTION) nl_handle=0xe9bb4848 match=0409506f9a1a multicast=0
06-18 17:14:53.803 793 793 D wpa_supplicant: nl80211: Register frame type=0xd0 (WLAN_FC_STYPE_ACTION) nl_handle=0xe9bb4848 match=0801 multicast=0
06-18 17:14:53.803 793 793 D wpa_supplicant: nl80211: Register frame type=0xd0 (WLAN_FC_STYPE_ACTION) nl_handle=0xe9bb4848 match=06 multicast=0
06-18 17:14:53.803 793 793 D wpa_supplicant: nl80211: Register frame type=0xd0 (WLAN_FC_STYPE_ACTION) nl_handle=0xe9bb4848 match=0a07 multicast=0
06-18 17:14:53.803 793 793 D wpa_supplicant: nl80211: Register frame type=0xd0 (WLAN_FC_STYPE_ACTION) nl_handle=0xe9bb4848 match=0a11 multicast=0
06-18 17:14:53.804 793 793 D wpa_supplicant: nl80211: Register frame type=0xd0 (WLAN_FC_STYPE_ACTION) nl_handle=0xe9bb4848 match=0a0b multicast=0
06-18 17:14:53.804 793 793 D wpa_supplicant: nl80211: Register frame type=0xd0 (WLAN_FC_STYPE_ACTION) nl_handle=0xe9bb4848 match=0a1a multicast=0
06-18 17:14:53.804 793 793 D wpa_supplicant: nl80211: Register frame type=0xd0 (WLAN_FC_STYPE_ACTION) nl_handle=0xe9bb4848 match=1101 multicast=0
06-18 17:14:53.804 793 793 D wpa_supplicant: nl80211: Register frame type=0xd0 (WLAN_FC_STYPE_ACTION) nl_handle=0xe9bb4848 match=1102 multicast=0
06-18 17:14:53.804 793 793 D wpa_supplicant: nl80211: Register frame type=0xd0 (WLAN_FC_STYPE_ACTION) nl_handle=0xe9bb4848 match=0505 multicast=0
06-18 17:14:53.804 793 793 D wpa_supplicant: nl80211: Register frame type=0xd0 (WLAN_FC_STYPE_ACTION) nl_handle=0xe9bb4848 match=0500 multicast=0
06-18 17:14:53.804 793 793 D wpa_supplicant: nl80211: Register frame type=0xd0 (WLAN_FC_STYPE_ACTION) nl_handle=0xe9bb4848 match=1305 multicast=0
06-18 17:14:53.805 793 793 I wpa_supplicant: rfkill: Cannot get wiphy information
06-18 17:14:53.806 793 793 D wpa_supplicant: nl80211: RFKILL status not available
06-18 17:14:53.809 793 793 D wpa_supplicant: nl80211: Start P2P Device p2p-dev-wlan0 (0x3): Success
06-18 17:14:53.811 793 793 D wpa_supplicant: Add interface p2p-dev-wlan0 to existing radio phy0
06-18 17:14:53.813 505 505 W LocationManagerService: no network location provider found
06-18 17:14:53.813 793 793 D wpa_supplicant: nl80211: No channel number found for frequency 5920 MHz
06-18 17:14:53.813 793 793 D wpa_supplicant: nl80211: No channel number found for frequency 5940 MHz
06-18 17:14:53.813 793 793 D wpa_supplicant: nl80211: Regulatory information - country=CN (DFS-FCC)
06-18 17:14:53.813 793 793 D wpa_supplicant: nl80211: 2400-2483 @ 40 MHz 20 mBm
06-18 17:14:53.813 793 793 D wpa_supplicant: nl80211: 5150-5350 @ 80 MHz 20 mBm (DFS)
06-18 17:14:53.813 793 793 D wpa_supplicant: nl80211: 5725-5850 @ 80 MHz 33 mBm
06-18 17:14:53.813 793 793 D wpa_supplicant: nl80211: 57240-59400 @ 2160 MHz 28 mBm
06-18 17:14:53.813 793 793 D wpa_supplicant: nl80211: 59400-63720 @ 2160 MHz 44 mBm
06-18 17:14:53.813 793 793 D wpa_supplicant: nl80211: 63720-65880 @ 2160 MHz 28 mBm
06-18 17:14:53.814 793 793 D wpa_supplicant: nl80211: Added 802.11b mode based on 802.11g information
06-18 17:14:53.814 793 793 D wpa_supplicant: nl80211: Mode IEEE 802.11g: 2412 2417 2422 2427 2432 2437 2442 2447 2452 2457 2462 2467 2472 2484[DISABLED]
06-18 17:14:53.814 793 793 D wpa_supplicant: nl80211: Mode IEEE 802.11a: 5170[DISABLED] 5180 5200 5220 5240 5260[RADAR] 5280[RADAR] 5300[RADAR] 5320[RADAR] 5500[DISABLED][RADAR] 5520[DISABLED][RADAR] 5540[DISABLED][RADAR] 5560[DISABLED][RADAR] 5580[DISABLED][RADAR]
06-18 17:14:53.814 793 793 D wpa_supplicant: nl80211: Mode IEEE 802.11b: 2412 2417 2422 2427 2432 2437 2442 2447 2452 2457 2462 2467 2472 2484[DISABLED]
06-18 17:14:53.814 793 793 D wpa_supplicant: p2p-dev-wlan0: Own MAC address: b6:2f:03:15:e8:b9
06-18 17:14:53.814 793 793 D wpa_supplicant: p2p-dev-wlan0: RSN: flushing PMKID list in the driver
06-18 17:14:53.814 793 793 D wpa_supplicant: nl80211: Flush PMKIDs
06-18 17:14:53.814 793 793 D wpa_supplicant: p2p-dev-wlan0: State: DISCONNECTED -> INACTIVE
06-18 17:14:53.814 793 793 D wpa_supplicant: p2p-dev-wlan0: WPS: UUID from the first interface: 9c907f24-96c2-56f2-9fdd-752c11c3bef8
06-18 17:14:53.814 793 793 D wpa_supplicant: EAPOL: SUPP_PAE entering state DISCONNECTED
06-18 17:14:53.814 793 793 D wpa_supplicant: EAPOL: Supplicant port status: Unauthorized
06-18 17:14:53.814 793 793 D wpa_supplicant: nl80211: Skip set_supp_port(unauthorized) while not associated
06-18 17:14:53.814 793 793 D wpa_supplicant: EAPOL: KEY_RX entering state NO_KEY_RECEIVE
06-18 17:14:53.814 793 793 D wpa_supplicant: EAPOL: SUPP_BE entering state INITIALIZE
06-18 17:14:53.814 793 793 D wpa_supplicant: EAP: EAP entering state DISABLED
06-18 17:14:53.815 793 793 D wpa_supplicant: Using existing control interface directory.
06-18 17:14:53.815 793 793 D wpa_supplicant: P2P: Add operating class 81
06-18 17:14:53.815 793 793 D wpa_supplicant: P2P: Channels - hexdump(len=13): 01 02 03 04 05 06 07 08 09 0a 0b 0c 0d
06-18 17:14:53.815 793 793 D wpa_supplicant: P2P: Add operating class 115
06-18 17:14:53.815 793 793 D wpa_supplicant: P2P: Channels - hexdump(len=4): 24 28 2c 30
06-18 17:14:53.815 793 793 D wpa_supplicant: P2P: Add operating class 116
06-18 17:14:53.815 793 793 D wpa_supplicant: P2P: Channels - hexdump(len=2): 24 2c
06-18 17:14:53.815 793 793 D wpa_supplicant: P2P: Add operating class 117
06-18 17:14:53.815 793 793 D wpa_supplicant: P2P: Channels - hexdump(len=2): 28 30
06-18 17:14:53.815 793 793 D wpa_supplicant: P2P: Add operating class 124
06-18 17:14:53.815 793 793 D wpa_supplicant: P2P: Channels - hexdump(len=4): 95 99 9d a1
06-18 17:14:53.815 793 793 D wpa_supplicant: P2P: Add operating class 125
06-18 17:14:53.815 793 793 D wpa_supplicant: P2P: Channels - hexdump(len=5): 95 99 9d a1 a5
06-18 17:14:53.815 793 793 D wpa_supplicant: P2P: Add operating class 126
06-18 17:14:53.815 793 793 D wpa_supplicant: P2P: Channels - hexdump(len=2): 95 9d
06-18 17:14:53.815 793 793 D wpa_supplicant: P2P: Add operating class 127
06-18 17:14:53.815 793 793 D wpa_supplicant: P2P: Channels - hexdump(len=2): 99 a1
06-18 17:14:53.815 793 793 D wpa_supplicant: P2P: Add operating class 128
06-18 17:14:53.815 793 793 D wpa_supplicant: P2P: Channels - hexdump(len=8): 24 28 2c 30 95 99 9d a1
06-18 17:14:53.815 793 793 D wpa_supplicant: P2P: Add operating class 130
06-18 17:14:53.816 793 793 D wpa_supplicant: P2P: Channels - hexdump(len=9): 24 28 2c 30 95 99 9d a1 a5
06-18 17:14:53.816 505 505 I ServiceWatcher: [fused] chose new implementation 1000/com.android.location.fused/.FusedLocationService@0
06-18 17:14:53.816 793 793 D wpa_supplicant: P2P: Own listen channel: 81:11
06-18 17:14:53.818 793 793 D wpa_supplicant: P2P: Random operating channel: 81:1
06-18 17:14:53.819 793 793 D wpa_supplicant: P2P: initialized
06-18 17:14:53.819 793 793 D wpa_supplicant: P2P: channels: 81:1,2,3,4,5,6,7,8,9,10,11,12,13 115:36,40,44,48 116:36,44 117:40,48 124:149,153,157,161 125:149,153,157,161,165 126:149,157 127:153,161 128:36,40,44,48,149,153,157,161 130:36,40,44,48,149,153,157,161,165
06-18 17:14:53.819 793 793 D wpa_supplicant: P2P: cli_channels:
06-18 17:14:53.819 793 793 D wpa_supplicant: MBO: Update non-preferred channels, non_pref_chan=N/A
06-18 17:14:53.819 793 793 D wpa_supplicant: Registering interface to hidl control: p2p-dev-wlan0
06-18 17:14:53.819 793 793 D wpa_supplicant: p2p-dev-wlan0: Added interface p2p-dev-wlan0
06-18 17:14:53.819 793 793 D wpa_supplicant: p2p-dev-wlan0: State: INACTIVE -> DISCONNECTED
06-18 17:14:53.819 793 793 D wpa_supplicant: nl80211: Set p2p-dev-wlan0 operstate 0->0 (DORMANT)
06-18 17:14:53.819 793 793 D wpa_supplicant: netlink: Operstate: ifindex=0 linkmode=-1 (no change), operstate=5 (IF_OPER_DORMANT)
06-18 17:14:53.819 793 793 D wpa_supplicant: p2p-dev-wlan0: Determining shared radio frequencies (max len 2)
06-18 17:14:53.819 793 793 D wpa_supplicant: p2p-dev-wlan0: Shared frequencies (len=0): completed iteration
06-18 17:14:53.819 793 793 D wpa_supplicant: P2P: Add operating class 81
06-18 17:14:53.819 793 793 D wpa_supplicant: P2P: Channels - hexdump(len=13): 01 02 03 04 05 06 07 08 09 0a 0b 0c 0d
06-18 17:14:53.819 793 793 D wpa_supplicant: P2P: Add operating class 115
06-18 17:14:53.819 793 793 D wpa_supplicant: P2P: Channels - hexdump(len=4): 24 28 2c 30
06-18 17:14:53.819 793 793 D wpa_supplicant: P2P: Add operating class 116
06-18 17:14:53.819 793 793 D wpa_supplicant: P2P: Channels - hexdump(len=2): 24 2c
06-18 17:14:53.819 793 793 D wpa_supplicant: P2P: Add operating class 117
06-18 17:14:53.819 793 793 D wpa_supplicant: P2P: Channels - hexdump(len=2): 28 30
06-18 17:14:53.819 793 793 D wpa_supplicant: P2P: Add operating class 124
06-18 17:14:53.819 793 793 D wpa_supplicant: P2P: Channels - hexdump(len=4): 95 99 9d a1
06-18 17:14:53.819 793 793 D wpa_supplicant: P2P: Add operating class 125
06-18 17:14:53.819 793 793 D wpa_supplicant: P2P: Channels - hexdump(len=5): 95 99 9d a1 a5
06-18 17:14:53.820 793 793 D wpa_supplicant: P2P: Add operating class 126
06-18 17:14:53.820 793 793 D wpa_supplicant: P2P: Channels - hexdump(len=2): 95 9d
06-18 17:14:53.820 793 793 D wpa_supplicant: P2P: Add operating class 127
06-18 17:14:53.820 793 793 D wpa_supplicant: P2P: Channels - hexdump(len=2): 99 a1
06-18 17:14:53.820 793 793 D wpa_supplicant: P2P: Add operating class 128
06-18 17:14:53.820 793 793 D wpa_supplicant: P2P: Channels - hexdump(len=8): 24 28 2c 30 95 99 9d a1
06-18 17:14:53.820 793 793 D wpa_supplicant: P2P: Add operating class 130
06-18 17:14:53.821 793 793 D wpa_supplicant: P2P: Channels - hexdump(len=9): 24 28 2c 30 95 99 9d a1 a5
06-18 17:14:53.821 793 793 D wpa_supplicant: P2P: Update channel list
06-18 17:14:53.821 505 523 D CompatibilityChangeReporter: Compat change id reported: 168419799; UID 1000; state: DISABLED
06-18 17:14:53.821 793 793 D wpa_supplicant: P2P: channels: 81:1,2,3,4,5,6,7,8,9,10,11,12,13 115:36,40,44,48 116:36,44 117:40,48 124:149,153,157,161 125:149,153,157,161,165 126:149,157 127:153,161 128:36,40,44,48,149,153,157,161 130:36,40,44,48,149,153,157,161,165
06-18 17:14:53.821 793 793 D wpa_supplicant: P2P: cli_channels:
06-18 17:14:53.821 793 793 D wpa_supplicant: RTM_NEWLINK: ifi_index=14 ifname=wlan0 operstate=5 linkmode=0 ifi_family=0 ifi_flags=0x11003 ([UP][LOWER_UP])
06-18 17:14:53.822 793 793 D wpa_supplicant: RTM_NEWLINK: ifi_index=14 ifname=wlan0 operstate=5 linkmode=1 ifi_family=0 ifi_flags=0x11003 ([UP][LOWER_UP])
06-18 17:14:53.834 505 602 D SupplicantStaIfaceHal: Newer HAL is found, skip V1_3 remaining init flow.
06-18 17:14:53.834 505 602 D SupplicantStaIfaceHal: Newer HAL is found, skip V1_2 remaining init flow.
06-18 17:14:53.834 505 602 D SupplicantStaIfaceHal: Newer HAL is found, skip V1_1 remaining init flow.
06-18 17:14:53.834 505 602 D SupplicantStaIfaceHal: Newer HAL is found, skip V1_0 remaining init flow.
06-18 17:14:53.857 649 649 E WifiHAL : wifi_get_logger_supported_feature_set: Error -5 happened.
06-18 17:14:53.860 649 649 E WifiHAL : wifi_get_logger_supported_feature_set: Error -5 happened.
01-01 08:00:18.880 649 649 I ieee80211 phy0: sprdwl_vendor_get_support_feature
01-01 08:00:18.883 649 649 I ieee80211 phy0: sprdwl_vendor_get_support_feature
06-18 17:14:53.865 793 793 D wpa_supplicant: Driver capability mask: 0xd
06-18 17:14:53.865 181 181 E servicemanager: Could not find android.hardware.gnss.IGnss/default in the VINTF manifest.
06-18 17:14:53.866 505 505 D GnssLocationProviderJni: Trying IGnss_V2_1::getService()
06-18 17:14:53.866 505 602 I WifiNative: Successfully switched to connectivity mode on iface=Iface:{Name=wlan0,Id=0,Type=STA_CONNECTIVITY}
06-18 17:14:53.866 182 182 I hwservicemanager: getTransport: Cannot find entry android.hardware.gnss@2.1::IGnss/default in either framework or device VINTF manifest.
06-18 17:14:53.867 505 505 D GnssLocationProviderJni: gnssHal 2.1 was null, trying 2.0
06-18 17:14:53.867 182 182 I hwservicemanager: getTransport: Cannot find entry android.hardware.gnss@2.0::IGnss/default in either framework or device VINTF manifest.
06-18 17:14:53.867 505 602 D WifiClientModeManager[wlan0]: entering ConnectModeState, starting ClientModeImpl
06-18 17:14:53.867 505 505 D GnssLocationProviderJni: gnssHal 2.0 was null, trying 1.1
06-18 17:14:53.868 182 182 I hwservicemanager: getTransport: Cannot find entry android.hardware.gnss@1.1::IGnss/default in either framework or device VINTF manifest.
06-18 17:14:53.868 505 505 D GnssLocationProviderJni: gnssHal 1.1 was null, trying 1.0
06-18 17:14:53.868 182 182 I hwservicemanager: getTransport: Cannot find entry android.hardware.gnss@1.0::IGnss/default in either framework or device VINTF manifest.
06-18 17:14:53.875 505 505 E LocationManagerService: no geocoder provider found
06-18 17:14:53.875 505 505 E ActivityRecognitionHardware: activity_recognition HAL is deprecated. is_supported is effectively a no-op
06-18 17:14:53.876 505 505 E LocationManagerService: unable to bind ActivityRecognitionProxy
06-18 17:14:53.876 505 505 W SystemServiceManager: Service com.android.server.location.LocationManagerService$Lifecycle took 66 ms in onBootPhase
06-18 17:14:53.877 505 505 I WallpaperManagerService: switch-user-0
06-18 17:14:53.878 505 505 V WallpaperManagerService: bindWallpaperComponentLocked: componentName=null
06-18 17:14:53.878 505 505 V WallpaperManagerService: No default component; using image wallpaper
06-18 17:14:53.895 505 505 D SoundTriggerService: onBootPhase: 600 : false
06-18 17:14:53.906 505 602 D WifiScoreReport: setShouldReduceNetworkScore=false mNetworkAgent is null? true
06-18 17:14:53.907 505 602 V WifiClientModeManager[wlan0]: ClientModeManager started in role: Role: ROLE_CLIENT_PRIMARY, RequestorWs: WorkSource{1000 com.android.tv.settings}, ModeListener: com.android.server.wifi.ActiveModeWarden$ClientListener@35a3579
06-18 17:14:53.913 205 205 I keystore2: keystore2::authorization: on_lock_screen_event(LockScreenEvent(0), user_id=0, password.is_some()=false, unlocking_sids=Some([]))
06-18 17:14:53.917 505 606 I WifiScanningService: Received a request to enable scanning, UID = 1000
06-18 17:14:53.919 505 602 D WifiScanRequestProxy: Sending scan available broadcast: true
06-18 17:14:53.919 505 602 I WifiScanRequestProxy: Scanning is enabled
06-18 17:14:53.919 505 602 I WifiScanRequestProxy: Scanning for hidden networks is enabled
06-18 17:14:53.922 505 602 E WifiVendorHal: setMultiStaUseCase(l.3286) failed {.code = ERROR_NOT_SUPPORTED, .description = }
06-18 17:14:53.924 505 602 E WifiVendorHal: setMultiStaPrimaryConnection(l.3252) failed {.code = ERROR_NOT_SUPPORTED, .description = }
06-18 17:14:53.929 505 602 D WifiCountryCode: evaluateAllCmmStateAndApplyIfAllReady: {ConcreteClientModeManager{id=15218 iface=wlan0 role=ROLE_CLIENT_PRIMARY}=true}
06-18 17:14:53.946 505 606 I WifiScanningService: Created a new impl for wlan0
06-18 17:14:53.959 244 244 W Zygote : forkRepeatedly terminated due to non-simple command
06-18 17:14:53.959 244 244 D Zygote : mbuffer starts with 14, nice name is webview_zygote, mEnd = 401, mNext = 159, mLinesLeft = 6, mFd = 4
06-18 17:14:53.967 505 602 D WifiCountryCode: Reading country code from telephony
06-18 17:14:53.969 505 606 E WifiBackgroundScanStateMachine: invalid max buckets in scan capabilities 0
06-18 17:14:53.972 667 667 I ndroid.systemui: type=1400 audit(0.0:346): avc: denied { write } for name="com.android.systemui" dev="mmcblk0p25" ino=483 scontext=u:r:platform_app:s0:c512,c768 tcontext=u:object_r:app_data_file:s0:c512,c768 tclass=dir permissive=1 app=com.softwinner.screenshot
06-18 17:14:53.972 667 667 I ndroid.systemui: type=1400 audit(0.0:347): avc: denied { add_name } for name="shared_prefs" scontext=u:r:platform_app:s0:c512,c768 tcontext=u:object_r:app_data_file:s0:c512,c768 tclass=dir permissive=1 app=com.softwinner.screenshot
06-18 17:14:53.972 667 667 I ndroid.systemui: type=1400 audit(0.0:348): avc: denied { create } for name="shared_prefs" scontext=u:r:platform_app:s0:c512,c768 tcontext=u:object_r:app_data_file:s0:c512,c768 tclass=dir permissive=1 app=com.softwinner.screenshot
06-18 17:14:53.972 667 667 I ndroid.systemui: type=1400 audit(0.0:349): avc: denied { setattr } for name="shared_prefs" dev="mmcblk0p25" ino=1800 scontext=u:r:platform_app:s0:c512,c768 tcontext=u:object_r:app_data_file:s0:c512,c768 tclass=dir permissive=1 app=com.softwinner.screenshot
06-18 17:14:53.976 505 602 D WifiCountryCode: Set telephony country code to:
06-18 17:14:53.977 505 602 D WifiCountryCode: updateCountryCode to CN
06-18 17:14:53.977 793 793 D WifiHWInfo: Start to load wireless module hardware info table...
06-18 17:14:53.978 793 793 D WifiHWInfo: Entry [01], BUS: SDIO, ID: 0x024C8179, Name: rtl8189es.
06-18 17:14:53.978 793 793 D WifiHWInfo: Entry [02], BUS: SDIO, ID: 0x024CB723, Name: rtl8723bs_vq0.
06-18 17:14:53.978 793 793 D WifiHWInfo: Entry [03], BUS: SDIO, ID: 0x024CB703, Name: rtl8723cs.
06-18 17:14:53.978 793 793 D WifiHWInfo: Entry [04], BUS: SDIO, ID: 0x024CD723, Name: rtl8723ds.
06-18 17:14:53.978 793 793 D WifiHWInfo: Entry [05], BUS: SDIO, ID: 0x024CF179, Name: rtl8189fs.
06-18 17:14:53.978 793 793 D WifiHWInfo: Entry [06], BUS: SDIO, ID: 0x024CB822, Name: rtl88x2bs.
06-18 17:14:53.978 793 793 D WifiHWInfo: Entry [07], BUS: USB, ID: 0x0BDAD723, Name: rtl8723du.
06-18 17:14:53.978 793 793 D WifiHWInfo: Entry [08], BUS: USB, ID: 0x0BDA8179, Name: rtl8188etv.
06-18 17:14:53.978 793 793 D WifiHWInfo: Entry [09], BUS: USB, ID: 0x0BDA0179, Name: rtl8188eu.
06-18 17:14:53.978 793 793 D WifiHWInfo: Entry [10], BUS: USB, ID: 0x0BDA818B, Name: rtl8192eu.
06-18 17:14:53.978 793 793 D WifiHWInfo: Entry [11], BUS: USB, ID: 0x0BDAB720, Name: rtl8723bu.
06-18 17:14:53.978 793 793 D WifiHWInfo: Entry [12], BUS: USB, ID: 0x0BDAC82C, Name: rtl8822cu.
06-18 17:14:53.978 793 793 D WifiHWInfo: Entry [13], BUS: USB, ID: 0x0BDAF179, Name: rtl8188fu.
06-18 17:14:53.978 793 793 D WifiHWInfo: Entry [14], BUS: SDIO, ID: 0x02D0A9A6, Name: ap6212.
06-18 17:14:53.978 793 793 D WifiHWInfo: Entry [15], BUS: SDIO, ID: 0x02D04330, Name: ap6330.
06-18 17:14:53.978 793 793 D WifiHWInfo: Entry [16], BUS: SDIO, ID: 0x02D04356, Name: ap6356s.
06-18 17:14:53.978 793 793 D WifiHWInfo: Entry [17], BUS: SDIO, ID: 0x02D0A9BF, Name: ap6255.
06-18 17:14:53.978 793 793 D WifiHWInfo: Entry [18], BUS: SDIO, ID: 0x02D04334, Name: bcm43342.
06-18 17:14:53.978 793 793 D WifiHWInfo: Entry [19], BUS: SDIO, ID: 0x00202281, Name: xr819.
06-18 17:14:53.978 793 793 D WifiHWInfo: Entry [20], BUS: SDIO, ID: 0x0A9E2282, Name: xr829.
06-18 17:14:53.978 793 793 D WifiHWInfo: Entry [21], BUS: SDIO, ID: 0x0271050A, Name: qca6174a.
06-18 17:14:53.978 793 793 D WifiHWInfo: Entry [22], BUS: SDIO, ID: 0x30303030, Name: ssv6x5x.
06-18 17:14:53.978 793 793 D WifiHWInfo: Entry [23], BUS: SDIO, ID: 0x00000000, Name: uwe5621.
06-18 17:14:53.978 793 793 D WifiHWInfo: Entry [24], BUS: SDIO, ID: 0x54490145, Name: aic8800.
06-18 17:14:53.978 793 793 D WifiHWInfo: Entry [25], BUS: SDIO, ID: 0xC8A1C08D, Name: aic8800.
06-18 17:14:53.978 793 793 D WifiHWInfo: Entry [26], BUS: USB, ID: 0xA69C8800, Name: aic8800.
06-18 17:14:53.978 793 793 D WifiHWInfo: Entry [27], BUS: USB, ID: 0x007A8888, Name: atbm6023is.
06-18 17:14:53.978 793 793 D WifiHWInfo: Entry [28], BUS: SDIO, ID: 0x02E79086, Name: 9012p.
06-18 17:14:53.978 793 793 D WifiHWInfo: Entry [29], BUS: SDIO, ID: 0x007A6011, Name: atbm613x_wifi_sdio.
06-18 17:14:53.978 793 793 D WifiHWInfo: Entry [30], BUS: SDIO, ID: 0x024CC822, Name: 88x2cs.
06-18 17:14:53.978 793 793 D WifiHWInfo: Entry [31], BUS: SDIO, ID: 0x000018F0, Name: dummy.
06-18 17:14:53.978 793 793 W wpa_supplicant: check_initialed for nl80211, use sprd wpa_supplicant_8_lib.
06-18 17:14:53.978 793 793 W wpa_supplicant: check_initialed found wpa_supplicant_8_lib vendor implement for sprd.
06-18 17:14:53.978 793 793 D wpa_supplicant: wlan0: Event CHANNEL_LIST_CHANGED (27) received
06-18 17:14:53.978 793 793 I wpa_supplicant: wlan0: CTRL-EVENT-REGDOM-CHANGE init=USER type=COUNTRY alpha2=CN
06-18 17:14:53.978 793 793 D wpa_supplicant: p2p-dev-wlan0: Updating hw mode
06-18 17:14:53.980 793 793 D wpa_supplicant: nl80211: No channel number found for frequency 5920 MHz
06-18 17:14:53.980 793 793 D wpa_supplicant: nl80211: No channel number found for frequency 5940 MHz
06-18 17:14:53.981 793 793 D wpa_supplicant: nl80211: Regulatory information - country=CN (DFS-FCC)
06-18 17:14:53.981 793 793 D wpa_supplicant: nl80211: 2400-2483 @ 40 MHz 20 mBm
06-18 17:14:53.981 793 793 D wpa_supplicant: nl80211: 5150-5350 @ 80 MHz 20 mBm (DFS)
06-18 17:14:53.981 793 793 D wpa_supplicant: nl80211: 5725-5850 @ 80 MHz 33 mBm
06-18 17:14:53.981 793 793 D wpa_supplicant: nl80211: 57240-59400 @ 2160 MHz 28 mBm
06-18 17:14:53.981 793 793 D wpa_supplicant: nl80211: 59400-63720 @ 2160 MHz 44 mBm
06-18 17:14:53.981 793 793 D wpa_supplicant: nl80211: 63720-65880 @ 2160 MHz 28 mBm
06-18 17:14:53.981 793 793 D wpa_supplicant: nl80211: Added 802.11b mode based on 802.11g information
06-18 17:14:53.981 793 793 D wpa_supplicant: nl80211: Mode IEEE 802.11g: 2412 2417 2422 2427 2432 2437 2442 2447 2452 2457 2462 2467 2472 2484[DISABLED]
06-18 17:14:53.981 793 793 D wpa_supplicant: nl80211: Mode IEEE 802.11a: 5170[DISABLED] 5180 5200 5220 5240 5260[RADAR] 5280[RADAR] 5300[RADAR] 5320[RADAR] 5500[DISABLED][RADAR] 5520[DISABLED][RADAR] 5540[DISABLED][RADAR] 5560[DISABLED][RADAR] 5580[DISABLED][RADAR]
06-18 17:14:53.981 793 793 D wpa_supplicant: nl80211: Mode IEEE 802.11b: 2412 2417 2422 2427 2432 2437 2442 2447 2452 2457 2462 2467 2472 2484[DISABLED]
06-18 17:14:53.981 793 793 D wpa_supplicant: wlan0: Updating hw mode
06-18 17:14:53.982 793 793 D wpa_supplicant: nl80211: No channel number found for frequency 5920 MHz
06-18 17:14:53.982 793 793 D wpa_supplicant: nl80211: No channel number found for frequency 5940 MHz
06-18 17:14:53.983 793 793 D wpa_supplicant: nl80211: Regulatory information - country=CN (DFS-FCC)
06-18 17:14:53.983 793 793 D wpa_supplicant: nl80211: 2400-2483 @ 40 MHz 20 mBm
06-18 17:14:53.983 793 793 D wpa_supplicant: nl80211: 5150-5350 @ 80 MHz 20 mBm (DFS)
06-18 17:14:53.983 793 793 D wpa_supplicant: nl80211: 5725-5850 @ 80 MHz 33 mBm
06-18 17:14:53.983 793 793 D wpa_supplicant: nl80211: 57240-59400 @ 2160 MHz 28 mBm
06-18 17:14:53.983 793 793 D wpa_supplicant: nl80211: 59400-63720 @ 2160 MHz 44 mBm
06-18 17:14:53.983 793 793 D wpa_supplicant: nl80211: 63720-65880 @ 2160 MHz 28 mBm
06-18 17:14:53.986 793 793 D wpa_supplicant: nl80211: Added 802.11b mode based on 802.11g information
06-18 17:14:53.986 793 793 D wpa_supplicant: nl80211: Mode IEEE 802.11g: 2412 2417 2422 2427 2432 2437 2442 2447 2452 2457 2462 2467 2472 2484[DISABLED]
06-18 17:14:53.986 793 793 D wpa_supplicant: nl80211: Mode IEEE 802.11a: 5170[DISABLED] 5180 5200 5220 5240 5260[RADAR] 5280[RADAR] 5300[RADAR] 5320[RADAR] 5500[DISABLED][RADAR] 5520[DISABLED][RADAR] 5540[DISABLED][RADAR] 5560[DISABLED][RADAR] 5580[DISABLED][RADAR]
06-18 17:14:53.986 793 793 D wpa_supplicant: nl80211: Mode IEEE 802.11b: 2412 2417 2422 2427 2432 2437 2442 2447 2452 2457 2462 2467 2472 2484[DISABLED]
06-18 17:14:53.986 793 793 D wpa_supplicant: wlan0: Determining shared radio frequencies (max len 2)
06-18 17:14:53.986 793 793 D wpa_supplicant: wlan0: Shared frequencies (len=0): completed iteration
06-18 17:14:53.986 793 793 D wpa_supplicant: P2P: Add operating class 81
06-18 17:14:53.986 793 793 D wpa_supplicant: P2P: Channels - hexdump(len=13): 01 02 03 04 05 06 07 08 09 0a 0b 0c 0d
06-18 17:14:53.986 793 793 D wpa_supplicant: P2P: Add operating class 115
06-18 17:14:53.986 793 793 D wpa_supplicant: P2P: Channels - hexdump(len=4): 24 28 2c 30
06-18 17:14:53.986 793 793 D wpa_supplicant: P2P: Add operating class 116
06-18 17:14:53.986 793 793 D wpa_supplicant: P2P: Channels - hexdump(len=2): 24 2c
06-18 17:14:53.986 793 793 D wpa_supplicant: P2P: Add operating class 117
06-18 17:14:53.986 793 793 D wpa_supplicant: P2P: Channels - hexdump(len=2): 28 30
06-18 17:14:53.986 793 793 D wpa_supplicant: P2P: Add operating class 124
06-18 17:14:53.986 793 793 D wpa_supplicant: P2P: Channels - hexdump(len=4): 95 99 9d a1
06-18 17:14:53.986 793 793 D wpa_supplicant: P2P: Add operating class 125
06-18 17:14:53.986 793 793 D wpa_supplicant: P2P: Channels - hexdump(len=5): 95 99 9d a1 a5
06-18 17:14:53.987 793 793 D wpa_supplicant: P2P: Add operating class 126
06-18 17:14:53.987 793 793 D wpa_supplicant: P2P: Channels - hexdump(len=2): 95 9d
06-18 17:14:53.987 793 793 D wpa_supplicant: P2P: Add operating class 127
06-18 17:14:53.987 793 793 D wpa_supplicant: P2P: Channels - hexdump(len=2): 99 a1
06-18 17:14:53.987 793 793 D wpa_supplicant: P2P: Add operating class 128
06-18 17:14:53.987 793 793 D wpa_supplicant: P2P: Channels - hexdump(len=8): 24 28 2c 30 95 99 9d a1
06-18 17:14:53.987 793 793 D wpa_supplicant: P2P: Add operating class 130
06-18 17:14:53.987 793 793 D wpa_supplicant: P2P: Channels - hexdump(len=9): 24 28 2c 30 95 99 9d a1 a5
06-18 17:14:53.987 793 793 D wpa_supplicant: P2P: Update channel list
06-18 17:14:53.987 793 793 D wpa_supplicant: P2P: channels: 81:1,2,3,4,5,6,7,8,9,10,11,12,13 115:36,40,44,48 116:36,44 117:40,48 124:149,153,157,161 125:149,153,157,161,165 126:149,157 127:153,161 128:36,40,44,48,149,153,157,161 130:36,40,44,48,149,153,157,161,165
06-18 17:14:53.987 793 793 D wpa_supplicant: P2P: cli_channels:
06-18 17:14:53.987 793 793 D wpa_supplicant: sprd_wpa_driver_nl80211_driver_cmd COUNTRY CN len = 0, 10
06-18 17:14:53.988 505 602 D WifiNative: onSetCountryCodeSucceeded: CN
06-18 17:14:53.988 505 602 I WifiCountryCode: Receive onSetCountryCodeSucceeded CN
06-18 17:14:53.988 244 244 D Zygote : Forked child process 826
06-18 17:14:53.989 505 602 D WakeupController: onWifiEnabled()
06-18 17:14:53.990 505 602 W WifiClientModeImpl: No cached packet filter to apply
06-18 17:14:53.993 505 796 W ZygoteProcess: Got error connecting to zygote, retrying. msg= Connection refused
06-18 17:14:53.999 798 798 I WebViewLoader-: System.exit called, status: 0
06-18 17:14:54.000 798 798 I AndroidRuntime: VM exiting with result code 0, cleanup skipped.
06-18 17:14:54.000 826 826 I Zygote : seccomp disabled by setenforce 0
06-18 17:14:54.000 505 505 W AlarmManager: Unrecognized alarm listener com.android.server.stats.StatsCompanionService$AnomalyAlarmListener@e2634ce
06-18 17:14:54.001 505 505 W AlarmManager: Unrecognized alarm listener com.android.server.stats.StatsCompanionService$PullingAlarmListener@faf6fef
06-18 17:14:54.001 505 505 W AlarmManager: Unrecognized alarm listener com.android.server.stats.StatsCompanionService$PeriodicAlarmListener@3a7aafc
06-18 17:14:54.006 505 602 D WifiClientModeImpl[wlan0]: entering ConnectableState: ifaceName = wlan0
06-18 17:14:54.012 793 793 D wpa_supplicant: sprd_wpa_driver_nl80211_driver_cmd SETSUSPENDMODE 1 len = 0, 16
06-18 17:14:54.008 667 667 I SharedPreferenc: type=1400 audit(0.0:350): avc: denied { search } for name="com.android.systemui" dev="mmcblk0p25" ino=483 scontext=u:r:platform_app:s0:c512,c768 tcontext=u:object_r:app_data_file:s0:c512,c768 tclass=dir permissive=1 app=com.softwinner.screenshot
06-18 17:14:54.013 826 826 I WebViewZygoteInit: Starting WebViewZygoteInit
06-18 17:14:54.015 505 602 D WifiClientModeImpl[wlan0]: Start makeIpClient ifaceName = wlan0
06-18 17:14:54.017 826 826 I Zygote : seccomp disabled by setenforce 0
06-18 17:14:54.022 667 667 D MediaResumeListener: loaded resume components []
06-18 17:14:54.045 505 505 I StatsCompanionService: Told statsd that StatsCompanionService is alive.
06-18 17:14:54.045 505 505 W SystemServiceManager: Service com.android.server.stats.StatsCompanion$Lifecycle took 63 ms in onBootPhase
06-18 17:14:54.045 505 532 D StatsPullAtomService: Registering NetworkStats pullers with statsd
06-18 17:14:54.050 505 505 I SystemServerTiming: StartNetworkStack
06-18 17:14:54.051 505 505 D ConnectivityModuleConnector: Starting networking module android.net.INetworkStackConnector
06-18 17:14:54.052 505 505 D ConnectivityModuleConnector: Starting networking module in network_stack process
06-18 17:14:54.052 505 532 W BestClock: java.time.DateTimeException: Missing NTP fix
06-18 17:14:54.062 826 826 I WebViewZygoteInit: Beginning application preload for com.android.webview
06-18 17:14:54.067 667 667 D LocalBluetoothProfileManager: LocalBluetoothProfileManager construction complete
06-18 17:14:54.071 667 667 D LocalBluetoothProfileManager: supportedList is null
06-18 17:14:54.075 505 505 D CompatibilityChangeReporter: Compat change id reported: 135634846; UID 1073; state: DISABLED
06-18 17:14:54.075 505 716 D CCodecBufferChannel: [c2.android.vorbis.decoder#352] MediaCodec discarded an unknown buffer
06-18 17:14:54.075 505 716 D CCodecBufferChannel: [c2.android.vorbis.decoder#352] MediaCodec discarded an unknown buffer
06-18 17:14:54.075 505 716 D CCodecBufferChannel: [c2.android.vorbis.decoder#352] MediaCodec discarded an unknown buffer
06-18 17:14:54.077 505 505 D ConnectivityModuleConnector: Networking module service start requested
06-18 17:14:54.080 505 716 I hw-BpHwBinder: onLastStrongRef automatically unlinking death recipients
06-18 17:14:54.080 826 826 D nativeloader: classloader namespace configured for unbundled product apk. library_path=/product/app/webview/lib/arm:/product/app/webview/webview.apk!/lib/armeabi-v7a:/product/lib:/system/product/lib
06-18 17:14:54.085 505 505 I SystemServerTiming: StartTethering
06-18 17:14:54.085 505 505 D ConnectivityModuleConnector: Starting networking module android.net.ITetheringConnector
06-18 17:14:54.086 505 505 D ConnectivityModuleConnector: Starting networking module in network_stack process
06-18 17:14:54.096 505 532 W BestClock: java.time.DateTimeException: Missing NTP fix
06-18 17:14:54.102 505 532 W BestClock: java.time.DateTimeException: Missing NTP fix
06-18 17:14:54.103 505 599 W BestClock: java.time.DateTimeException: Missing NTP fix
06-18 17:14:54.104 505 599 W BestClock: java.time.DateTimeException: Missing NTP fix
06-18 17:14:54.112 244 244 D Zygote : Forked child process 843
06-18 17:14:54.114 505 534 I ActivityManager: app.processName = com.android.networkstack.process
06-18 17:14:54.114 505 534 I ActivityManager: Start proc 843:com.android.networkstack.process/1073 for service {com.android.networkstack/com.android.server.NetworkStackService}
06-18 17:14:54.119 505 505 D ConnectivityModuleConnector: Networking module service start requested
06-18 17:14:54.119 505 505 I SystemServerTiming: MakeCountryDetectionServiceReady
06-18 17:14:54.120 505 505 I SystemServerTiming: MakeNetworkTimeUpdateReady
06-18 17:14:54.123 843 843 I Zygote : seccomp disabled by setenforce 0
06-18 17:14:54.132 505 532 W BestClock: java.time.DateTimeException: Missing NTP fix
06-18 17:14:54.133 505 505 D ConnectivityService: requestNetwork for uid/pid:1000/505 activeRequest: null callbackRequest: 16 [NetworkRequest [ REQUEST id=17, [ Capabilities: INTERNET&NOT_RESTRICTED&TRUSTED&NOT_VCN_MANAGED Uid: 1000 RequestorUid: 1000 RequestorPkg: android] ]] callback flags: 0 priority: 2147483647
06-18 17:14:54.136 324 324 I rainbow_flow: type=1400 audit(0.0:351): avc: denied { ioctl } for path="/dev/spidev1.0" dev="tmpfs" ino=6648 ioctlcmd=0x6b00 scontext=u:r:init:s0 tcontext=u:object_r:device:s0 tclass=chr_file permissive=1
06-18 17:14:54.138 505 505 I SystemServerTiming: MakeInputManagerServiceReady
06-18 17:14:54.138 505 609 D ConnectivityService: NetReassign [no changes]
06-18 17:14:54.139 505 532 W BestClock: java.time.DateTimeException: Missing NTP fix
06-18 17:14:54.140 505 645 D Ethernet: got request NetworkRequest [ REQUEST id=17, [ Capabilities: INTERNET&NOT_RESTRICTED&TRUSTED&NOT_VCN_MANAGED Uid: 1000 RequestorUid: 1000 RequestorPkg: android] ]
06-18 17:14:54.140 505 645 D EthernetNetworkFactory: acceptRequest, request: NetworkRequest [ REQUEST id=17, [ Capabilities: INTERNET&NOT_RESTRICTED&TRUSTED&NOT_VCN_MANAGED Uid: 1000 RequestorUid: 1000 RequestorPkg: android] ]
06-18 17:14:54.140 505 645 I EthernetNetworkFactory: networkForRequest, request: NetworkRequest [ REQUEST id=17, [ Capabilities: INTERNET&NOT_RESTRICTED&TRUSTED&NOT_VCN_MANAGED Uid: 1000 RequestorUid: 1000 RequestorPkg: android] ], network: null
06-18 17:14:54.140 505 646 D PPPOE : got request NetworkRequest [ REQUEST id=17, [ Capabilities: INTERNET&NOT_RESTRICTED&TRUSTED&NOT_VCN_MANAGED Uid: 1000 RequestorUid: 1000 RequestorPkg: android] ]
06-18 17:14:54.144 265 265 I EventThread: type=1400 audit(0.0:352): avc: denied { search } for name="extcon" dev="sysfs" ino=18109 scontext=u:r:hal_tv_cec_default:s0 tcontext=u:object_r:sysfs_extcon:s0 tclass=dir permissive=1
06-18 17:14:54.151 505 678 D MediaCodecList: codecHandlesFormat: no format, so no extra checks
06-18 17:14:54.152 505 599 W BestClock: java.time.DateTimeException: Missing NTP fix
06-18 17:14:54.154 395 407 I adbd : jdwp connection from 843
06-18 17:14:54.156 505 857 D CCodec : allocate(c2.android.vorbis.decoder)
06-18 17:14:54.158 505 587 I InputReader: Reconfiguring input devices, changes=DEVICE_ALIAS |
06-18 17:14:54.160 505 599 W BestClock: java.time.DateTimeException: Missing NTP fix
06-18 17:14:54.163 505 587 I InputReader: Reconfiguring input devices, changes=KEYBOARD_LAYOUTS |
06-18 17:14:54.163 505 505 I SystemServerTiming: MakeTelephonyRegistryReady
06-18 17:14:54.164 505 505 I SystemServerTiming: MakeMediaRouterServiceReady
06-18 17:14:54.164 505 505 I SystemServerTiming: MakeMmsServiceReady
06-18 17:14:54.165 505 505 I MmsServiceBroker: Delay connecting to MmsService until an API is called
06-18 17:14:54.165 505 505 I SystemServerTiming: IncidentDaemonReady
06-18 17:14:54.166 505 505 I SystemServerTiming: MakeIncrementalServiceReady
06-18 17:14:54.167 505 505 I SystemServerTiming: getCurrentUser
06-18 17:14:54.167 505 505 I ActivityManager: Current user:0
06-18 17:14:54.167 505 505 I SystemServerTiming: ActivityManagerStartApps
06-18 17:14:54.168 505 505 I SystemServerTiming: ssm.StartUser-0
06-18 17:14:54.168 505 505 I SystemServiceManager: Calling onStartUser 0
06-18 17:14:54.174 505 857 I CCodec : Created component [c2.android.vorbis.decoder]
06-18 17:14:54.174 505 857 D CCodecConfig: read media type: audio/vorbis
06-18 17:14:54.176 505 532 W BestClock: java.time.DateTimeException: Missing NTP fix
06-18 17:14:54.180 505 532 W BestClock: java.time.DateTimeException: Missing NTP fix
06-18 17:14:54.180 505 599 W BestClock: java.time.DateTimeException: Missing NTP fix
06-18 17:14:54.181 505 505 I RoleService: Granting default roles...
06-18 17:14:54.187 505 857 D ReflectedParamUpdater: extent() != 1 for single value type: algo.buffers.max-count.values
06-18 17:14:54.187 505 857 D ReflectedParamUpdater: extent() != 1 for single value type: output.subscribed-indices.values
06-18 17:14:54.187 505 857 D ReflectedParamUpdater: extent() != 1 for single value type: input.buffers.allocator-ids.values
06-18 17:14:54.188 505 857 D ReflectedParamUpdater: extent() != 1 for single value type: output.buffers.allocator-ids.values
06-18 17:14:54.188 505 857 D ReflectedParamUpdater: extent() != 1 for single value type: algo.buffers.allocator-ids.values
06-18 17:14:54.188 505 857 D ReflectedParamUpdater: extent() != 1 for single value type: output.buffers.pool-ids.values
06-18 17:14:54.188 505 857 D ReflectedParamUpdater: extent() != 1 for single value type: algo.buffers.pool-ids.values
06-18 17:14:54.191 505 599 W BestClock: java.time.DateTimeException: Missing NTP fix
