06-18 17:14:51.944 505 505 I SystemServiceManager: Starting com.android.server.appwidget.AppWidgetService
06-18 17:14:51.947 505 505 I SystemServerTiming: StartVoiceRecognitionManager
06-18 17:14:51.947 505 505 I SystemServiceManager: Starting com.android.server.voiceinteraction.VoiceInteractionManagerService
06-18 17:14:51.963 505 505 I SystemServerTiming: StartAppHibernationService
06-18 17:14:51.963 505 505 I SystemServiceManager: Starting com.android.server.apphibernation.AppHibernationService
06-18 17:14:51.967 505 505 I SystemServerTiming: StartGestureLauncher
06-18 17:14:51.967 505 505 I SystemServiceManager: Starting com.android.server.GestureLauncherService
06-18 17:14:51.967 505 505 I SystemServerTiming: StartSensorNotification
06-18 17:14:51.967 505 505 I SystemServiceManager: Starting com.android.server.SensorNotificationService
06-18 17:14:51.967 505 505 I SystemServerTiming: StartDiskStatsService
06-18 17:14:51.973 505 505 I SystemServerTiming: RuntimeService
06-18 17:14:51.974 505 505 I SystemServerTiming: StartNetworkTimeUpdateService
06-18 17:14:51.975 505 505 I SystemServerTiming: CertBlacklister
06-18 17:14:51.977 505 505 I SystemServerTiming: StartEmergencyAffordanceService
06-18 17:14:51.977 505 505 I SystemServiceManager: Starting com.android.server.emergency.EmergencyAffordanceService
06-18 17:14:51.978 505 505 I SystemServerTiming: StartDreamManager
06-18 17:14:51.978 505 522 I SystemServerTimingAsync: InitThreadPoolExec:startBlobStoreManagerService
06-18 17:14:51.978 505 505 I SystemServiceManager: Starting com.android.server.dreams.DreamManagerService
06-18 17:14:51.978 505 522 D SystemServerInitThreadPool: Started executing startBlobStoreManagerService
06-18 17:14:51.978 505 522 I SystemServerTimingAsync: startBlobStoreManagerService
06-18 17:14:51.978 505 522 I SystemServiceManager: Starting com.android.server.blob.BlobStoreManagerService
06-18 17:14:51.980 505 505 I SystemServerTiming: AddGraphicsStatsService
06-18 17:14:51.986 505 522 D SystemServerInitThreadPool: Finished executing startBlobStoreManagerService
06-18 17:14:51.988 505 505 I SystemServerTiming: StartRestrictionManager
06-18 17:14:51.988 505 505 I SystemServiceManager: Starting com.android.server.restrictions.RestrictionsManagerService
06-18 17:14:51.989 505 505 I SystemServerTiming: StartMediaSessionService
06-18 17:14:51.990 505 505 I SystemServiceManager: Starting com.android.server.media.MediaSessionService
06-18 17:14:51.994 505 505 I SystemServerTiming: StartHdmiControlService
06-18 17:14:51.994 505 505 I SystemServiceManager: Starting com.android.server.hdmi.HdmiControlService
06-18 17:14:52.002 182 182 I hwservicemanager: getTransport: Cannot find entry android.hardware.tv.cec@1.1::IHdmiCec/default in either framework or device VINTF manifest.
06-18 17:14:52.002 505 505 E HDMI : [1]:Couldn't connect to cec@1.1java.util.NoSuchElementException
06-18 17:14:52.002 505 505 W HDMI : [1]:Couldn't get tv.cec service.
06-18 17:14:52.002 505 505 W HDMI : [1]:Unable to use cec@1.1
06-18 17:14:52.004 505 505 I android_os_HwBinder: HwBinder: Starting thread pool for getting: android.hardware.tv.cec@1.0::IHdmiCec/default
06-18 17:14:52.009 505 505 I HdmiControlService: Device does not support MHL-control.
06-18 17:14:52.010 265 265 D hdmi-cec: setOption, flag=0x0002, value=0x00000000
06-18 17:14:52.025 505 505 I SystemServerTiming: StartTvInputManager
06-18 17:14:52.025 505 505 I SystemServiceManager: Starting com.android.server.tv.TvInputManagerService
06-18 17:14:52.029 182 182 I hwservicemanager: getTransport: Cannot find entry android.hardware.tv.input@1.0::ITvInput/default in either framework or device VINTF manifest.
06-18 17:14:52.030 505 505 E TvInputHal: Couldn't get tv.input service.
06-18 17:14:52.034 505 505 I SystemServerTiming: StartMediaResourceMonitor
06-18 17:14:52.034 505 505 I SystemServiceManager: Starting com.android.server.media.MediaResourceMonitorService
06-18 17:14:52.035 505 505 I SystemServerTiming: StartTvRemoteService
06-18 17:14:52.035 505 505 I SystemServiceManager: Starting com.android.server.tv.TvRemoteService
06-18 17:14:52.036 505 505 I SystemServerTiming: StartMediaRouterService
06-18 17:14:52.037 505 505 V HistoricalRegistry: Interaction before persistence initialized
06-18 17:14:52.039 505 505 I SystemServerTiming: StartBiometricService
06-18 17:14:52.039 505 505 I SystemServiceManager: Starting com.android.server.biometrics.BiometricService
06-18 17:14:52.044 505 505 I SystemServerTiming: StartAuthService
06-18 17:14:52.044 505 505 I SystemServiceManager: Starting com.android.server.biometrics.AuthService
06-18 17:14:52.046 505 505 I SystemServerTiming: StartBackgroundDexOptService
06-18 17:14:52.047 505 505 W BackgroundDexOptService: SysProp pm.dexopt.downgrade_after_inactive_days not set
06-18 17:14:52.048 505 505 I SystemServerTiming: StartDynamicCodeLoggingService
06-18 17:14:52.049 505 505 I SystemServerTiming: StartPruneInstantAppsJobService
06-18 17:14:52.049 505 505 I SystemServerTiming: StartShortcutServiceLifecycle
06-18 17:14:52.049 505 505 I SystemServiceManager: Starting com.android.server.pm.ShortcutService$Lifecycle
06-18 17:14:52.052 505 505 V HistoricalRegistry: Interaction before persistence initialized
06-18 17:14:52.053 505 505 I SystemServerTiming: StartLauncherAppsService
06-18 17:14:52.053 505 505 I SystemServiceManager: Starting com.android.server.pm.LauncherAppsService
06-18 17:14:52.056 505 505 I SystemServerTiming: StartCrossProfileAppsService
06-18 17:14:52.056 505 505 I SystemServiceManager: Starting com.android.server.pm.CrossProfileAppsService
06-18 17:14:52.057 505 505 I SystemServerTiming: StartPeopleService
06-18 17:14:52.057 505 505 I SystemServiceManager: Starting com.android.server.people.PeopleService
06-18 17:14:52.058 505 505 I SystemServerTiming: StartMediaMetricsManager
06-18 17:14:52.058 505 505 I SystemServiceManager: Starting com.android.server.media.metrics.MediaMetricsManagerService
06-18 17:14:52.062 505 505 I SystemServerTiming: StartMediaProjectionManager
06-18 17:14:52.062 505 505 I SystemServiceManager: Starting com.android.server.media.projection.MediaProjectionManagerService
06-18 17:14:52.065 505 505 V MediaRouter: Selecting route: RouteInfo{ name=手机, description=null, status=null, category=RouteCategory{ name=系统 types=ROUTE_TYPE_LIVE_AUDIO ROUTE_TYPE_LIVE_VIDEO groupable=false }, supportedTypes=ROUTE_TYPE_LIVE_AUDIO ROUTE_TYPE_LIVE_VIDEO , presentationDisplay=null }
06-18 17:14:52.065 505 505 I MediaRouter: Skip setBluetoothA2dpOn(): types=8388615, isPlaybackActive()=false, BT route=null
06-18 17:14:52.066 505 505 I SystemServerTiming: StartSliceManagerService
06-18 17:14:52.066 505 505 I SystemServiceManager: Starting com.android.server.slice.SliceManagerService$Lifecycle
06-18 17:14:52.070 505 505 I SystemServerTiming: StartStatsCompanion
06-18 17:14:52.073 505 601 I system_server: Waiting for a blocking GC ClassLinker
06-18 17:14:52.076 505 505 I system_server: Waiting for a blocking GC ClassLinker
06-18 17:14:52.156 505 515 I system_server: Background concurrent copying GC freed 56589(3324KB) AllocSpace objects, 2(56KB) LOS objects, 49% free, 5842KB/11MB, paused 219us total 262.230ms
06-18 17:14:52.156 505 601 I system_server: WaitForGcToComplete blocked ClassLinker on Background for 83.491ms
06-18 17:14:52.157 505 505 I system_server: Waiting for a blocking GC ClassLinker
06-18 17:14:52.157 505 516 W JHwRemoteBinder: BinderProxy is being destroyed but the application did not call unlinkToDeath to unlink all of its death recipients beforehand. Releasing leaked death recipient: com.android.server.usb.UsbDeviceManager$UsbHandlerHal$UsbGadgetDeathRecipient
06-18 17:14:52.157 505 505 I system_server: WaitForGcToComplete blocked ClassLinker on ClassLinker for 81.265ms
06-18 17:14:52.157 505 505 I SystemServiceManager: Starting com.android.server.stats.StatsCompanion$Lifecycle
06-18 17:14:52.159 505 601 E system_server: Could not write anonymous vdex /apex/com.android.os.statsd/javalib/oat/arm/service-statsd.vdex: Could not create directory /apex/com.android.os.statsd/javalib/oat
06-18 17:14:52.161 505 505 I SystemServerTiming: StartRebootReadinessManagerService
06-18 17:14:52.165 242 246 I ServiceManager: Waiting for service 'statscompanion' on '/dev/binder' successful after waiting 1106ms
06-18 17:14:52.166 505 505 I SystemServiceManager: Starting com.android.server.scheduling.RebootReadinessManagerService$Lifecycle
06-18 17:14:52.168 505 601 E system_server: Could not write anonymous vdex /apex/com.android.scheduling/javalib/oat/arm/service-scheduling.vdex: Could not create directory /apex/com.android.scheduling/javalib/oat
06-18 17:14:52.172 505 505 I TetheringManager: registerTetheringEventCallback:android
06-18 17:14:52.172 505 505 I TetheringManager: registerTetheringEventCallback caller:android
06-18 17:14:52.173 505 505 I SystemServerTiming: StartStatsPullAtomService
06-18 17:14:52.173 505 505 I SystemServiceManager: Starting com.android.server.stats.pull.StatsPullAtomService
06-18 17:14:52.173 505 505 I SystemServerTiming: StartIncidentCompanionService
06-18 17:14:52.173 505 505 I SystemServiceManager: Starting com.android.server.incident.IncidentCompanionService
06-18 17:14:52.174 505 505 I SystemServerTiming: StartMmsService
06-18 17:14:52.174 505 505 I SystemServiceManager: Starting com.android.server.MmsServiceBroker
06-18 17:14:52.176 505 505 I SystemServerTiming: StartAutoFillService
06-18 17:14:52.176 505 505 I SystemServiceManager: Starting com.android.server.autofill.AutofillManagerService
06-18 17:14:52.177 505 505 D AutofillManagerService: setLogLevelFromSettings(): level=2, debug=true, verbose=false
06-18 17:14:52.178 505 505 D AutofillManagerService: setMaxPartitionsFromSettings(): 10
06-18 17:14:52.178 505 505 D AutofillManagerService: setMaxVisibleDatasetsFromSettings(): 0
06-18 17:14:52.178 505 505 D AutofillManagerServiceImpl: Reset component for user 0:
06-18 17:14:52.178 505 524 D AutofillUI: destroySaveUiUiThread(): already destroyed
06-18 17:14:52.181 505 505 D SystemServer: TranslationService not defined by OEM
06-18 17:14:52.181 505 505 I SystemServerTiming: StartClipboardService
06-18 17:14:52.181 505 505 I SystemServiceManager: Starting com.android.server.clipboard.ClipboardService
06-18 17:14:52.184 505 505 I SystemServerTiming: AppServiceManager
06-18 17:14:52.184 505 505 I SystemServiceManager: Starting com.android.server.appbinding.AppBindingService$Lifecycle
06-18 17:14:52.186 505 505 I SystemServerTiming: startTracingServiceProxy
06-18 17:14:52.186 505 505 I SystemServiceManager: Starting com.android.server.tracing.TracingServiceProxy
06-18 17:14:52.189 505 505 I SystemServerTiming: startOranthService
06-18 17:14:52.190 505 505 I SystemServiceManager: Starting com.android.server.oranth.OranthManagerService$Lifecycle
06-18 17:14:52.190 505 505 I OranthManagerService: -------------- OranthManagerService --------------
06-18 17:14:52.190 181 181 E SELinux : avc: denied { add } for pid=505 uid=1000 name=oranth_manager scontext=u:r:system_server:s0 tcontext=u:object_r:default_android_service:s0 tclass=service_manager permissive=1
06-18 17:14:52.190 505 505 I SystemServerTiming: MakeLockSettingsServiceReady
06-18 17:14:52.196 182 182 I hwservicemanager: getTransport: Cannot find entry android.hardware.weaver@1.0::IWeaver/default in either framework or device VINTF manifest.
06-18 17:14:52.197 505 505 I SyntheticPasswordManager: Device does not support weaver
06-18 17:14:52.197 182 182 I hwservicemanager: getTransport: Cannot find entry android.hardware.authsecret@1.0::IAuthSecret/default in either framework or device VINTF manifest.
06-18 17:14:52.197 505 505 I LockSettingsService: Device doesn't implement AuthSecret HAL
06-18 17:14:52.197 505 525 W IorapForwardingService: No service published for: iorapd
06-18 17:14:52.199 505 505 I SystemServerTiming: StartBootPhaseLockSettingsReady
06-18 17:14:52.199 505 505 I SystemServiceManager: Starting phase 480
06-18 17:14:52.199 505 505 I SystemServerTiming: OnBootPhase_480
06-18 17:14:52.199 505 505 D SoundTriggerService: onBootPhase: 480 : false
06-18 17:14:52.201 505 505 I SystemServerTiming: StartBootPhaseSystemServicesReady
06-18 17:14:52.201 505 505 I SystemServiceManager: Starting phase 500
06-18 17:14:52.201 505 505 I SystemServerTiming: OnBootPhase_500
06-18 17:14:52.201 505 505 E StatsPullAtomCallbackImpl: Failed to start PowerStatsService statsd pullers
06-18 17:14:52.204 505 505 D ConnectivityService: requestNetwork for uid/pid:1000/505 activeRequest: null callbackRequest: 9 [NetworkRequest [ REQUEST id=10, [ Capabilities: INTERNET&NOT_RESTRICTED&TRUSTED&NOT_VCN_MANAGED Uid: 1000 RequestorUid: 1000 RequestorPkg: android] ]] callback flags: 0 priority: 2147483647
06-18 17:14:52.205 505 505 E BatteryStatsService: Could not register PowerStatsInternal
06-18 17:14:52.205 505 609 D ConnectivityService: NetReassign [no changes]
06-18 17:14:52.207 505 505 V HintManagerService: Initializing HintManager service...
06-18 17:14:52.207 505 505 V HistoricalRegistry: Interaction before persistence initialized
06-18 17:14:52.210 505 505 D AppStandbyController: Setting app idle enabled state
06-18 17:14:52.212 505 505 V HistoricalRegistry: Interaction before persistence initialized
06-18 17:14:52.217 505 505 V VibratorManagerService: Initializing VibratorManager service...
06-18 17:14:52.217 505 505 V HistoricalRegistry: Interaction before persistence initialized
06-18 17:14:52.218 505 505 V VibratorManagerService: VibratorManager service initialized
06-18 17:14:52.219 505 505 E LazyAlarmStore: Removed TIME_TICK alarm
06-18 17:14:52.220 505 533 I DropBoxManagerService: add tag=system_server_wtf isTagEnabled=true flags=0x2
06-18 17:14:52.224 505 609 D ConnectivityService: NetReassign [no changes]
06-18 17:14:52.228 505 505 I ActivityTaskManager: Config changes=200 {1.0 ?mcc?mnc [zh_CN] ldltr sw720dp w1280dp h696dp 240dpi xlrg long land television -touch qwerty/v/v dpad/v winConfig={ mBounds=Rect(0, 0 - 1920, 1080) mAppBounds=Rect(0, 0 - 1920, 1080) mMaxBounds=Rect(0, 0 - 1920, 1080) mWindowingMode=fullscreen mDisplayWindowingMode=fullscreen mActivityType=undefined mAlwaysOnTop=undefined mRotation=ROTATION_0} s.4 ?fontWeightAdjustment}
06-18 17:14:52.230 505 505 I WindowManager: Override config changes=200 {1.0 ?mcc?mnc [zh_CN] ldltr sw720dp w1280dp h696dp 240dpi xlrg long land television -touch qwerty/v/v dpad/v winConfig={ mBounds=Rect(0, 0 - 1920, 1080) mAppBounds=Rect(0, 0 - 1920, 1080) mMaxBounds=Rect(0, 0 - 1920, 1080) mWindowingMode=fullscreen mDisplayWindowingMode=fullscreen mActivityType=undefined mAlwaysOnTop=undefined mRotation=ROTATION_0} s.4 ?fontWeightAdjustment} for displayId=0
06-18 17:14:52.232 505 505 D TestHarnessModeService: Setting up test harness mode
06-18 17:14:52.232 505 505 D TestHarnessModeService: Getting PersistentDataBlockManagerInternal from LocalServices
06-18 17:14:52.245 505 505 V HistoricalRegistry: Interaction before persistence initialized
06-18 17:14:52.247 505 505 W NetworkPolicy: setRestrictBackgroundUL: already false
06-18 17:14:52.248 505 505 I WifiScanningService: Starting wifiscanner
06-18 17:14:52.250 505 505 I EthernetServiceImpl: Starting Ethernet service
06-18 17:14:52.253 505 505 D EthernetTracker: Interface match regexp set to 'eth\d'
06-18 17:14:52.255 505 505 D Ethernet: Registering NetworkFactory
06-18 17:14:52.255 505 602 D WifiConfigStore: Reading from all stores completed in 7 ms.
06-18 17:14:52.255 505 602 W WifiConfigManager: No stored networks found.
06-18 17:14:52.256 505 609 D ConnectivityService: Got NetworkProvider Messenger for Ethernet
06-18 17:14:52.256 505 505 E IpConfigStore: Error opening configuration file: java.io.FileNotFoundException: /data/misc/ethernet/ipconfig.txt: open failed: ENOENT (No such file or directory)
06-18 17:14:52.257 505 505 I PppoeServiceImpl: Starting PPPOE service
06-18 17:14:52.258 505 645 I EthernetTracker: maybeTrackInterface: eth0
06-18 17:14:52.259 505 602 I WifiInjector: enableVerboseLogging(0): false
06-18 17:14:52.259 505 602 E SupplicantStaIfaceHal: Can't call setDebugParams, ISupplicant is null
06-18 17:14:52.259 505 602 E HostapdHal: Can't call setDebugParams, IHostapd is null
06-18 17:14:52.260 505 602 I WifiService: WifiService starting up with Wi-Fi enabled
06-18 17:14:52.264 319 321 D XM_HIDREAD: add@ add@/devices/platform/soc@3000000/5030000.eth/mdio_bus/5030000.eth-0
06-18 17:14:52.264 319 321 D XM_HIDREAD: add@ add@/devices/platform/soc@3000000/5030000.eth/mdio_bus/5030000.eth-0/5030000.eth-0:10
06-18 17:14:52.265 505 602 D WifiController: isAirplaneModeOn = false, isWifiEnabled = true, isScanningAvailable = false, isLocationModeActive = true
06-18 17:14:52.266 505 602 D WifiActiveModeWarden: Starting primary ClientModeManager in connect mode
06-18 17:14:52.268 505 602 I android_os_HwBinder: HwBinder: Starting thread pool for getting: android.hidl.manager@1.2::IServiceManager/default
06-18 17:14:52.271 182 182 I hwservicemanager: Since android.hardware.wifi@1.0::IWifi/default is not registered, trying to start it as a lazy HAL.
06-18 17:14:52.271 182 182 I hwservicemanager: Since android.hardware.wifi@1.0::IWifi/default is not registered, trying to start it as a lazy HAL.
06-18 17:14:52.272 505 602 I HidlServiceManagement: getService: Trying again for android.hardware.wifi@1.0::IWifi/default...
01-01 08:00:17.292 380 380 W hdr10p_Configure: 98 callbacks suppressed
01-01 08:00:17.292 380 380 I : DVI mode selected: packets not configured
01-01 08:00:17.292 380 380 W set_vsif_config: 98 callbacks suppressed
01-01 08:00:17.292 380 380 I : Error: set vsif failed
01-01 08:00:17.296 1 1 I init : starting service 'vendor.wifi_hal_legacy'...
06-18 17:14:52.278 505 505 D PPPOE : Registering NetworkFactory
06-18 17:14:52.278 505 609 D ConnectivityService: Got NetworkProvider Messenger for PPPOE
06-18 17:14:52.279 505 646 D PPPOE : got request NetworkRequest [ REQUEST id=5, [ Transports: PPPOE Capabilities: INTERNET&NOT_RESTRICTED&TRUSTED&NOT_VPN&NOT_VCN_MANAGED RequestorUid: 1000 RequestorPkg: android] ]
06-18 17:14:52.279 505 505 W PppoeServiceImpl: pppoe interface file not exist!
06-18 17:14:52.279 505 646 D PppoeNetworkFactory: onRequestNetwork
06-18 17:14:52.279 505 646 D PPPOE : got request NetworkRequest [ REQUEST id=1, [ Capabilities: INTERNET&NOT_RESTRICTED&TRUSTED&NOT_VPN&NOT_VCN_MANAGED RequestorUid: 1000 RequestorPkg: android] ]
06-18 17:14:52.280 505 646 D PPPOE : got request NetworkRequest [ REQUEST id=10, [ Capabilities: INTERNET&NOT_RESTRICTED&TRUSTED&NOT_VCN_MANAGED Uid: 1000 RequestorUid: 1000 RequestorPkg: android] ]
01-01 08:00:17.301 1 1 I init : Control message: Processed ctl.interface_start for 'android.hardware.wifi@1.0::IWifi/default' from pid: 182 (/system/bin/hwservicemanager)
01-01 08:00:17.302 1 1 I init : Control message: Processed ctl.interface_start for 'android.hardware.wifi@1.0::IWifi/default' from pid: 182 (/system/bin/hwservicemanager)
06-18 17:14:52.285 505 505 V HistoricalRegistry: Interaction before persistence initialized
06-18 17:14:52.296 505 505 V HistoricalRegistry: Interaction before persistence initialized
06-18 17:14:52.297 505 505 D SoundTriggerService: onBootPhase: 500 : false
06-18 17:14:52.306 505 505 I SystemServerTiming: MakeWindowManagerServiceReady
06-18 17:14:52.309 182 182 I hwservicemanager: getTransport: Cannot find entry android.hardware.configstore@1.1::ISurfaceFlingerConfigs/default in either framework or device VINTF manifest.
06-18 17:14:52.310 182 182 I hwservicemanager: getTransport: Cannot find entry android.hardware.configstore@1.1::ISurfaceFlingerConfigs/default in either framework or device VINTF manifest.
06-18 17:14:52.311 505 532 E KernelCpuThreadReader: Failed to initialize KernelCpuThreadReader
06-18 17:14:52.311 505 532 E KernelCpuThreadReader: java.nio.file.NoSuchFileException: /proc/self/time_in_state
06-18 17:14:52.311 505 532 E KernelCpuThreadReader: at sun.nio.fs.UnixFileSystemProvider.newByteChannel(UnixFileSystemProvider.java:214)
06-18 17:14:52.311 505 532 E KernelCpuThreadReader: at java.nio.file.Files.newByteChannel(Files.java:361)
06-18 17:14:52.311 505 532 E KernelCpuThreadReader: at java.nio.file.Files.newByteChannel(Files.java:407)
06-18 17:14:52.311 505 532 E KernelCpuThreadReader: at java.nio.file.Files.readAllBytes(Files.java:3152)
06-18 17:14:52.311 505 532 E KernelCpuThreadReader: at com.android.internal.os.ProcTimeInStateReader.initializeTimeInStateFormat(ProcTimeInStateReader.java:159)
06-18 17:14:52.311 505 532 E KernelCpuThreadReader: at com.android.internal.os.ProcTimeInStateReader.(ProcTimeInStateReader.java:106)
06-18 17:14:52.311 505 532 E KernelCpuThreadReader: at com.android.internal.os.KernelCpuThreadReader.(KernelCpuThreadReader.java:138)
06-18 17:14:52.311 505 532 E KernelCpuThreadReader: at com.android.internal.os.KernelCpuThreadReader.create(KernelCpuThreadReader.java:151)
06-18 17:14:52.311 505 532 E KernelCpuThreadReader: at com.android.internal.os.KernelCpuThreadReaderSettingsObserver.(KernelCpuThreadReaderSettingsObserver.java:95)
06-18 17:14:52.311 505 532 E KernelCpuThreadReader: at com.android.internal.os.KernelCpuThreadReaderSettingsObserver.getSettingsModifiedReader(KernelCpuThreadReaderSettingsObserver.java:80)
06-18 17:14:52.311 505 532 E KernelCpuThreadReader: at com.android.server.stats.pull.StatsPullAtomService.initializePullersState(StatsPullAtomService.java:798)
06-18 17:14:52.311 505 532 E KernelCpuThreadReader: at com.android.server.stats.pull.StatsPullAtomService.lambda$onBootPhase$0$StatsPullAtomService(StatsPullAtomService.java:757)
06-18 17:14:52.311 505 532 E KernelCpuThreadReader: at com.android.server.stats.pull.StatsPullAtomService$$ExternalSyntheticLambda14.run(Unknown Source:2)
06-18 17:14:52.311 505 532 E KernelCpuThreadReader: at android.os.Handler.handleCallback(Handler.java:938)
06-18 17:14:52.311 505 532 E KernelCpuThreadReader: at android.os.Handler.dispatchMessage(Handler.java:99)
06-18 17:14:52.311 505 532 E KernelCpuThreadReader: at android.os.Looper.loopOnce(Looper.java:201)
06-18 17:14:52.311 505 532 E KernelCpuThreadReader: at android.os.Looper.loop(Looper.java:288)
06-18 17:14:52.311 505 532 E KernelCpuThreadReader: at android.os.HandlerThread.run(HandlerThread.java:67)
06-18 17:14:52.311 182 182 I hwservicemanager: getTransport: Cannot find entry android.hardware.configstore@1.1::ISurfaceFlingerConfigs/default in either framework or device VINTF manifest.
06-18 17:14:52.313 505 532 I android_os_HwBinder: HwBinder: Starting thread pool for getting: android.hardware.health@2.0::IHealth/default
06-18 17:14:52.313 505 505 I SystemServerTiming: MakePowerManagerServiceReady
06-18 17:14:52.315 505 532 I android_os_HwBinder: HwBinder: Starting thread pool for getting: android.hidl.manager@1.0::IServiceManager/default
06-18 17:14:52.315 505 505 I AttentionDetector: readValuesFromDeviceConfig():
06-18 17:14:52.315 505 505 I AttentionDetector: mMaximumExtensionMillis=900000
06-18 17:14:52.315 505 505 I AttentionDetector: mPreDimCheckDurationMillis=2000
06-18 17:14:52.315 505 505 I AttentionDetector: mRequestedPostDimTimeoutMillis=0
06-18 17:14:52.316 505 532 I HealthServiceWrapper: health: HealthServiceWrapper listening to instance default
01-01 08:00:17.342 380 380 I : DVI mode selected: packets not configured
01-01 08:00:17.342 380 380 I : Error: set vsif failed
06-18 17:14:52.318 505 653 I android_os_HwBinder: HwBinder: Starting thread pool for getting: android.hardware.health@2.0::IHealth/default
06-18 17:14:52.320 505 532 D StatsPullAtomService: Registering pullers with statsd
06-18 17:14:52.324 505 609 D ConnectivityService: NetReassign [no changes]
06-18 17:14:52.324 505 505 E DisplayPowerController[0]: failed to set up display white-balance: java.lang.IllegalStateException: cannot find light sensor
06-18 17:14:52.325 505 532 I StatsPullAtomService: register thermal listener successfully
06-18 17:14:52.327 264 264 I AW_PowerHAL: isBoostSupported: 0
06-18 17:14:52.330 264 264 I AW_PowerHAL: Power setMode: DISPLAY_INACTIVE to: 0
06-18 17:14:52.330 264 264 I AW_PowerHAL: not completed yet, ignore mode request other
06-18 17:14:52.331 278 278 D SurfaceFlinger: Setting power mode 2 on display 0
06-18 17:14:52.331 505 526 I DisplayDeviceRepository: Display device changed state: "内置屏幕", ON
06-18 17:14:52.333 505 526 I InputManager-JNI: Viewport [0] to add: local:0, isActive: true
06-18 17:14:52.334 505 587 I InputReader: Reconfiguring input devices, changes=DISPLAY_INFO |
06-18 17:14:52.335 505 540 W KernelCpuProcStringReader: File not found. It's normal if not implemented: /proc/uid_time_in_state
06-18 17:14:52.336 505 540 W KernelCpuProcStringReader: File not found. It's normal if not implemented: /proc/uid_concurrent_active_time
06-18 17:14:52.336 505 540 W KernelCpuProcStringReader: File not found. It's normal if not implemented: /proc/uid_concurrent_policy_time
06-18 17:14:52.336 505 505 I FaceDownDetector: readValuesFromDeviceConfig():
06-18 17:14:52.336 505 505 I FaceDownDetector: mAccelerationThreshold=0.2
06-18 17:14:52.336 505 505 I FaceDownDetector: mZAccelerationThreshold=-9.5
06-18 17:14:52.336 505 505 I FaceDownDetector: mTimeThreshold=PT1S
06-18 17:14:52.336 505 505 I FaceDownDetector: mIsEnabled=false
06-18 17:14:52.337 505 540 E KernelCpuSpeedReader: Failed to read cpu-freq: /sys/devices/system/cpu/cpu0/cpufreq/stats/time_in_state: open failed: ENOENT (No such file or directory)
06-18 17:14:52.337 505 540 E system_server: Cannot read thread CPU times for PID 505
06-18 17:14:52.339 261 261 I android.hardware.lights-service: Lights setting state for id=0 to color ffffffff
06-18 17:14:52.341 505 505 I SystemServerTiming: StartPermissionPolicyService
06-18 17:14:52.341 505 505 I SystemServiceManager: Starting com.android.server.policy.PermissionPolicyService
06-18 17:14:52.345 505 505 I SystemServerTiming: MakePackageManagerServiceReady
06-18 17:14:52.345 505 548 W KeyguardServiceDelegate: onScreenTurningOn(): no keyguard service!
06-18 17:14:52.347 505 548 V DisplayPowerController[0]: Brightness [0.39763778] reason changing to: 'override', previous reason: '0'.
06-18 17:14:52.355 505 505 V UserDataPreparer: Found /data/user_de/0 with serial number 0
06-18 17:14:52.355 505 505 V UserDataPreparer: Found /data/user/0 with serial number 0
06-18 17:14:52.355 505 505 V UserDataPreparer: Found /data/system_de/0 with serial number 0
06-18 17:14:52.356 261 261 I android.hardware.lights-service: Lights setting state for id=0 to color ff6a6a6a
06-18 17:14:52.361 505 505 I PackageManager: Permission ownership changed. Updating all permissions.
06-18 17:14:52.361 649 649 I android.hardware.wifi@1.0-service-lazy: Wifi Hal is booting up...
06-18 17:14:52.362 649 649 I HidlLazyUtils: Registering HAL: android.hardware.wifi@1.5::IWifi with name: default
06-18 17:14:52.362 649 649 E cutils-trace: Error opening trace file: No such file or directory (2)
06-18 17:14:52.364 505 631 D HalDevMgr: IWifi registration notification: fqName=android.hardware.wifi@1.0::IWifi, name=default, preexisting=false
06-18 17:14:52.365 649 649 I HidlServiceManagement: Registered android.hardware.wifi@1.5::IWifi/default
06-18 17:14:52.365 649 649 I HidlServiceManagement: Removing namespace from process name android.hardware.wifi@1.0-service-lazy to wifi@1.0-service-lazy.
06-18 17:14:52.366 182 182 I hw-BpHwBinder: onLastStrongRef automatically unlinking death recipients
06-18 17:14:52.366 505 602 I android_os_HwBinder: HwBinder: Starting thread pool for getting: android.hardware.wifi@1.0::IWifi/default
06-18 17:14:52.371 505 602 D WifiNl80211Manager: tearing down interfaces in wificond
01-01 08:00:17.393 380 380 I : DVI mode selected: packets not configured
01-01 08:00:17.393 380 380 I : Error: set vsif failed
01-01 08:00:17.411 380 380 I : DVI mode selected: packets not configured
01-01 08:00:17.411 380 380 I : Error: set vsif failed
06-18 17:14:52.403 505 505 I DefaultPermGrantPolicy: Granting permissions to platform components for user 0
06-18 17:14:52.403 505 602 D WifiAdaptConnObserver: Adaptive connectivity status initialized to: true
06-18 17:14:52.404 505 602 D WifiController: EnabledState.enter()
06-18 17:14:52.404 505 602 D WifiClientModeManager[unknown]: entering IdleState
06-18 17:14:52.404 649 649 D WifiHWInfo: Start to load wireless module hardware info table...
06-18 17:14:52.405 649 649 D WifiHWInfo: Entry [01], BUS: SDIO, ID: 0x024C8179, Name: rtl8189es.
06-18 17:14:52.405 649 649 D WifiHWInfo: Entry [02], BUS: SDIO, ID: 0x024CB723, Name: rtl8723bs_vq0.
06-18 17:14:52.405 649 649 D WifiHWInfo: Entry [03], BUS: SDIO, ID: 0x024CB703, Name: rtl8723cs.
06-18 17:14:52.405 649 649 D WifiHWInfo: Entry [04], BUS: SDIO, ID: 0x024CD723, Name: rtl8723ds.
06-18 17:14:52.405 649 649 D WifiHWInfo: Entry [05], BUS: SDIO, ID: 0x024CF179, Name: rtl8189fs.
06-18 17:14:52.405 649 649 D WifiHWInfo: Entry [06], BUS: SDIO, ID: 0x024CB822, Name: rtl88x2bs.
06-18 17:14:52.405 649 649 D WifiHWInfo: Entry [07], BUS: USB, ID: 0x0BDAD723, Name: rtl8723du.
06-18 17:14:52.405 649 649 D WifiHWInfo: Entry [08], BUS: USB, ID: 0x0BDA8179, Name: rtl8188etv.
06-18 17:14:52.405 649 649 D WifiHWInfo: Entry [09], BUS: USB, ID: 0x0BDA0179, Name: rtl8188eu.
06-18 17:14:52.405 649 649 D WifiHWInfo: Entry [10], BUS: USB, ID: 0x0BDA818B, Name: rtl8192eu.
06-18 17:14:52.405 649 649 D WifiHWInfo: Entry [11], BUS: USB, ID: 0x0BDAB720, Name: rtl8723bu.
06-18 17:14:52.405 649 649 D WifiHWInfo: Entry [12], BUS: USB, ID: 0x0BDAC82C, Name: rtl8822cu.
06-18 17:14:52.405 649 649 D WifiHWInfo: Entry [13], BUS: USB, ID: 0x0BDAF179, Name: rtl8188fu.
06-18 17:14:52.405 649 649 D WifiHWInfo: Entry [14], BUS: SDIO, ID: 0x02D0A9A6, Name: ap6212.
06-18 17:14:52.405 649 649 D WifiHWInfo: Entry [15], BUS: SDIO, ID: 0x02D04330, Name: ap6330.
06-18 17:14:52.405 649 649 D WifiHWInfo: Entry [16], BUS: SDIO, ID: 0x02D04356, Name: ap6356s.
06-18 17:14:52.405 649 649 D WifiHWInfo: Entry [17], BUS: SDIO, ID: 0x02D0A9BF, Name: ap6255.
06-18 17:14:52.405 649 649 D WifiHWInfo: Entry [18], BUS: SDIO, ID: 0x02D04334, Name: bcm43342.
06-18 17:14:52.405 649 649 D WifiHWInfo: Entry [19], BUS: SDIO, ID: 0x00202281, Name: xr819.
06-18 17:14:52.405 649 649 D WifiHWInfo: Entry [20], BUS: SDIO, ID: 0x0A9E2282, Name: xr829.
06-18 17:14:52.405 649 649 D WifiHWInfo: Entry [21], BUS: SDIO, ID: 0x0271050A, Name: qca6174a.
06-18 17:14:52.405 649 649 D WifiHWInfo: Entry [22], BUS: SDIO, ID: 0x30303030, Name: ssv6x5x.
06-18 17:14:52.405 649 649 D WifiHWInfo: Entry [23], BUS: SDIO, ID: 0x00000000, Name: uwe5621.
06-18 17:14:52.405 649 649 D WifiHWInfo: Entry [24], BUS: SDIO, ID: 0x54490145, Name: aic8800.
06-18 17:14:52.405 649 649 D WifiHWInfo: Entry [25], BUS: SDIO, ID: 0xC8A1C08D, Name: aic8800.
06-18 17:14:52.405 649 649 D WifiHWInfo: Entry [26], BUS: USB, ID: 0xA69C8800, Name: aic8800.
06-18 17:14:52.405 649 649 D WifiHWInfo: Entry [27], BUS: USB, ID: 0x007A8888, Name: atbm6023is.
06-18 17:14:52.405 649 649 D WifiHWInfo: Entry [28], BUS: SDIO, ID: 0x02E79086, Name: 9012p.
06-18 17:14:52.405 649 649 D WifiHWInfo: Entry [29], BUS: SDIO, ID: 0x007A6011, Name: atbm613x_wifi_sdio.
06-18 17:14:52.405 649 649 D WifiHWInfo: Entry [30], BUS: SDIO, ID: 0x024CC822, Name: 88x2cs.
06-18 17:14:52.405 649 649 D WifiHWInfo: Entry [31], BUS: SDIO, ID: 0x000018F0, Name: dummy.
06-18 17:14:52.405 649 649 W android.hardware.wifi@1.0-service-lazy: DRIVER_MODULE_TAG: sprdwl_ng : Success
06-18 17:14:52.406 649 649 I android.hardware.wifi@1.0-service-lazy: driver_module_path: /vendor/lib/modules/sprdwl_ng.ko
06-18 17:14:52.406 649 649 I android.hardware.wifi@1.0-service-lazy: driver_module_arg:
06-18 17:14:52.411 505 505 W DefaultPermGrantPolicy: Permission not found: android.permission.MEDIA_SESSION
06-18 17:14:52.412 505 505 W DefaultPermGrantPolicy: Permission not found: com.google.android.assistant.READ_HOTWORD_STATE
06-18 17:14:52.412 505 505 W DefaultPermGrantPolicy: Permission not found: com.google.android.assistant.WRITE_HOTWORD_STATE
06-18 17:14:52.412 505 505 W DefaultPermGrantPolicy: Permission not found: android.permission.READ_MEDIA_STORAGE
06-18 17:14:52.413 505 505 W DefaultPermGrantPolicy: Permission not found: mimir.permission.service.update
06-18 17:14:52.413 505 505 W DefaultPermGrantPolicy: Permission not found: android.permission.HI_SYSTEM_MANAGER_SERVICE
06-18 17:14:52.413 505 505 W DefaultPermGrantPolicy: Permission not found: android.permission_ACCESS_WIFI_STATE
06-18 17:14:52.413 505 505 W DefaultPermGrantPolicy: Permission not found: com.google.android.permission.INSTALL_WEARABLE_PACKAGES
06-18 17:14:52.413 505 505 W DefaultPermGrantPolicy: Permission not found: android.permission.HDMI_CONTROL
06-18 17:14:52.414 505 505 W DefaultPermGrantPolicy: Permission not found: android.permission.UPDATE_ENGINE
06-18 17:14:52.415 505 505 W DefaultPermGrantPolicy: Permission not found: android.permission.MANAGE_WIFI_WHEN_WIRELESS_CONSENT_REQUIRED
06-18 17:14:52.417 505 505 W DefaultPermGrantPolicy: Permission not found: android.car.permission.CONTROL_CAR_CLIMATE
06-18 17:14:52.417 505 505 W DefaultPermGrantPolicy: Permission not found: android.car.permission.CAR_CONTROL_AUDIO_VOLUME
06-18 17:14:52.417 505 505 W DefaultPermGrantPolicy: Permission not found: android.permission.NEARBY_WIFI_DEVICES
06-18 17:14:52.419 505 505 I DefaultPermGrantPolicy: Granting permissions to default platform handlers for user 0
06-18 17:14:52.419 505 505 W VoiceInteractionManager: no available voice interaction services found for user 0
06-18 17:14:52.420 505 505 W VoiceInteractionManager: no available voice recognition services found for user 0
06-18 17:14:52.424 505 505 I SyncManager: No initial accounts
06-18 17:14:52.432 505 505 W DefaultPermGrantPolicy: Permission not found: com.google.android.googleapps.permission.GOOGLE_AUTH
06-18 17:14:52.432 505 505 W DefaultPermGrantPolicy: Permission not found: com.google.android.googleapps.permission.GOOGLE_AUTH.cl
06-18 17:14:52.433 505 505 W DefaultPermGrantPolicy: Permission not found: android.permission.PROCESS_PHONE_ACCOUNT_REGISTRATION
06-18 17:14:52.433 505 505 W DefaultPermGrantPolicy: Permission not found: com.google.android.setupwizard.SETUP_COMPAT_SERVICE
01-01 08:00:17.459 380 380 I : DVI mode selected: packets not configured
01-01 08:00:17.459 380 380 I : Error: set vsif failed
06-18 17:14:52.439 505 505 E DefaultPermGrantPolicy: Package not found: org.xbmc.kodi
06-18 17:14:52.440 505 505 W DefaultPermGrantPolicy: No such package:org.xbmc.kodi
06-18 17:14:52.440 505 505 E DefaultPermGrantPolicy: Package not found: cm.aptoidetv.pt
06-18 17:14:52.440 505 505 W DefaultPermGrantPolicy: No such package:cm.aptoidetv.pt
06-18 17:14:52.440 505 505 E DefaultPermGrantPolicy: Package not found: com.softwinner.TvdFileManager
06-18 17:14:52.440 505 505 W DefaultPermGrantPolicy: No such package:com.softwinner.TvdFileManager
06-18 17:14:52.440 505 505 E DefaultPermGrantPolicy: Package not found: com.softwinner.TvdVideo
06-18 17:14:52.440 505 505 W DefaultPermGrantPolicy: No such package:com.softwinner.TvdVideo
06-18 17:14:52.440 505 505 E DefaultPermGrantPolicy: Package not found: com.android.chrome
06-18 17:14:52.440 505 505 W DefaultPermGrantPolicy: No such package:com.android.chrome
06-18 17:14:52.440 505 505 E DefaultPermGrantPolicy: Package not found: com.android.vending
06-18 17:14:52.440 505 505 W DefaultPermGrantPolicy: No such package:com.android.vending
06-18 17:14:52.440 505 505 E DefaultPermGrantPolicy: Package not found: com.google.android.tts
06-18 17:14:52.440 505 505 W DefaultPermGrantPolicy: No such package:com.google.android.tts
06-18 17:14:52.441 505 505 E DefaultPermGrantPolicy: Package not found: com.google.android.youtube.tv
06-18 17:14:52.441 505 505 W DefaultPermGrantPolicy: No such package:com.google.android.youtube.tv
06-18 17:14:52.441 505 505 E DefaultPermGrantPolicy: Package not found: com.google.android.katniss
06-18 17:14:52.441 505 505 W DefaultPermGrantPolicy: No such package:com.google.android.katniss
06-18 17:14:52.441 505 505 E DefaultPermGrantPolicy: Package not found: com.google.android.gms
06-18 17:14:52.441 505 505 W DefaultPermGrantPolicy: No such package:com.google.android.gms
06-18 17:14:52.449 319 321 D XM_HIDREAD: add@ add@/bus/platform/drivers/unisoc_wifi
06-18 17:14:52.449 319 321 D XM_HIDREAD: add@ add@/devices/platform/unisoc_wifi
06-18 17:14:52.452 505 505 I SystemServerTiming: MakeDisplayManagerServiceReady
01-01 08:00:17.473 649 649 I WCN : start_marlin [MARLIN_WIFI]
01-01 08:00:17.473 649 649 D : CPU: 2 PID: 649 Comm: wifi@1.0-servic Tainted: G O 5.4.125+ #22
01-01 08:00:17.473 649 649 D Hardware name: sun50iw9 (DT)
01-01 08:00:17.473 649 649 D Call trace:
01-01 08:00:17.473 649 649 D : dump_backtrace.cfi_jt+0x0/0x4
01-01 08:00:17.473 649 649 D : dump_stack+0xbc/0x104
01-01 08:00:17.473 649 649 D : marlin_set_power+0x2c/0x78c [uwe5621_bsp_sdio]
01-01 08:00:17.473 649 649 D : start_marlin+0xbc/0x14c [uwe5621_bsp_sdio]
01-01 08:00:17.473 649 649 D : sprdwl_probe+0x28/0x3f4 [sprdwl_ng]
01-01 08:00:17.473 649 649 D : platform_drv_probe+0xac/0xf0
01-01 08:00:17.473 649 649 D : really_probe+0x340/0x8f8
01-01 08:00:17.473 649 649 D : driver_probe_device+0x70/0x144
01-01 08:00:17.473 649 649 D : __device_attach_driver+0x14c/0x210
01-01 08:00:17.473 649 649 D : bus_for_each_drv+0x98/0x10c
01-01 08:00:17.473 649 649 D : __device_attach.llvm.14547616182355937686+0x108/0x1a8
01-01 08:00:17.473 649 649 D : bus_probe_device+0x3c/0xdc
01-01 08:00:17.473 649 649 D : device_add+0x950/0xb78
01-01 08:00:17.473 649 649 D : platform_device_add+0x90/0x260
01-01 08:00:17.473 649 649 D : init_module+0x48/0xfc4 [sprdwl_ng]
01-01 08:00:17.473 649 649 D : do_one_initcall+0xc4/0x238
01-01 08:00:17.473 649 649 D : do_init_module+0x58/0x2e0
01-01 08:00:17.473 649 649 D : load_module+0x31b8/0x3a40
01-01 08:00:17.473 649 649 D : __arm64_sys_finit_module+0xbc/0x120
01-01 08:00:17.473 649 649 D : el0_svc_common+0xb8/0x1cc
01-01 08:00:17.473 649 649 D : el0_svc_compat_handler+0x1c/0x28
01-01 08:00:17.474 649 649 D : el0_svc_compat+0x8/0x24
01-01 08:00:17.474 649 649 I WCN : marlin power state:0, subsys: [MARLIN_WIFI] power 1
01-01 08:00:17.474 649 649 I WCN : the first power on start
06-18 17:14:52.454 505 526 E DisplayModeDirector: Asked about unknown display, returning empty display mode specs!(id=0)
06-18 17:14:52.454 505 526 E DisplayModeDirector: Asked about unknown display, returning empty display mode specs!(id=0)
06-18 17:14:52.456 505 505 I SystemServerTiming: StartDeviceSpecificServices
06-18 17:14:52.457 505 505 I SystemServerTiming: GameManagerService
06-18 17:14:52.457 505 505 I SystemServiceManager: Starting com.android.server.app.GameManagerService$Lifecycle
06-18 17:14:52.461 505 505 I SystemServerTiming: StartBootPhaseDeviceSpecificServicesReady
06-18 17:14:52.461 505 505 I SystemServiceManager: Starting phase 520
06-18 17:14:52.461 505 505 I SystemServerTiming: OnBootPhase_520
06-18 17:14:52.462 505 505 D SoundTriggerService: onBootPhase: 520 : false
06-18 17:14:52.462 505 505 I SystemServerTiming: AppSearchManagerService
06-18 17:14:52.469 505 505 I SystemServiceManager: Starting com.android.server.appsearch.AppSearchManagerService
01-01 08:00:17.492 380 380 I : DVI mode selected: packets not configured
01-01 08:00:17.492 380 380 I : Error: set vsif failed
06-18 17:14:52.473 505 505 I SystemServerTiming: StartMediaCommunicationService
06-18 17:14:52.473 505 505 I SystemServiceManager: Starting com.android.server.media.MediaCommunicationService
06-18 17:14:52.475 505 505 I SystemServerTiming: PhaseActivityManagerReady
06-18 17:14:52.475 505 505 I SystemServerTiming: controllersReady
06-18 17:14:52.479 505 568 I SystemServerTimingAsync: InitThreadPoolExec:Update app-ops uidState in case package android changed
06-18 17:14:52.479 505 568 D SystemServerInitThreadPool: Started executing Update app-ops uidState in case package android changed
06-18 17:14:52.479 505 568 D SystemServerInitThreadPool: Finished executing Update app-ops uidState in case package android changed
06-18 17:14:52.480 505 505 I SystemServerTiming: killProcesses
06-18 17:14:52.480 505 505 I ActivityManager: System now ready
06-18 17:14:52.481 505 505 I SystemServerTiming: updateTopComponentForFactoryTest
06-18 17:14:52.481 505 505 I SystemServerTiming: registerActivityLaunchObserver
06-18 17:14:52.481 505 505 I SystemServerTiming: watchDeviceProvisioning
06-18 17:14:52.482 505 505 I SystemServerTiming: retrieveSettings
06-18 17:14:52.487 505 505 I ActivityTaskManager: Config changes=10000000 {1.0 ?mcc?mnc [zh_CN] ldltr sw720dp w1280dp h696dp 240dpi xlrg long land television -touch qwerty/v/v dpad/v winConfig={ mBounds=Rect(0, 0 - 1920, 1080) mAppBounds=Rect(0, 0 - 1920, 1080) mMaxBounds=Rect(0, 0 - 1920, 1080) mWindowingMode=fullscreen mDisplayWindowingMode=fullscreen mActivityType=undefined mAlwaysOnTop=undefined mRotation=ROTATION_0} s.6 fontWeightAdjustment=0}
06-18 17:14:52.488 505 505 I WindowManager: Override config changes=10000000 {1.0 ?mcc?mnc [zh_CN] ldltr sw720dp w1280dp h696dp 240dpi xlrg long land television -touch qwerty/v/v dpad/v winConfig={ mBounds=Rect(0, 0 - 1920, 1080) mAppBounds=Rect(0, 0 - 1920, 1080) mMaxBounds=Rect(0, 0 - 1920, 1080) mWindowingMode=fullscreen mDisplayWindowingMode=fullscreen mActivityType=undefined mAlwaysOnTop=undefined mRotation=ROTATION_0} s.6 fontWeightAdjustment=0} for displayId=0
06-18 17:14:52.491 505 505 I SystemServerTiming: Ugm.onSystemReady
06-18 17:14:52.492 505 505 I SystemServerTiming: updateForceBackgroundCheck
06-18 17:14:52.492 505 505 I SystemServer: Making services ready
06-18 17:14:52.492 505 505 I SystemServerTiming: StartActivityManagerReadyPhase
06-18 17:14:52.492 505 505 I SystemServiceManager: Starting phase 550
06-18 17:14:52.492 505 505 I SystemServerTiming: OnBootPhase_550
06-18 17:14:52.494 182 182 I hwservicemanager: getTransport: Cannot find entry android.hardware.thermal@2.0::IThermal/default in either framework or device VINTF manifest.
06-18 17:14:52.494 505 505 E ThermalHalWrapper: Thermal HAL 2.0 service not connected.
06-18 17:14:52.495 182 182 I hwservicemanager: getTransport: Cannot find entry android.hardware.thermal@1.1::IThermal/default in either framework or device VINTF manifest.
06-18 17:14:52.495 505 505 E ThermalHalWrapper: Thermal HAL 1.1 service not connected.
06-18 17:14:52.496 182 182 I hwservicemanager: getTransport: Cannot find entry android.hardware.thermal@1.0::IThermal/default in either framework or device VINTF manifest.
06-18 17:14:52.496 505 505 E ThermalHalWrapper: Thermal HAL 1.0 service not connected.
06-18 17:14:52.496 505 505 W ThermalManagerService: No Thermal HAL service on this device
06-18 17:14:52.498 505 505 W ActivityManager: Unable to start service Intent { act=com.android.ITelecomService cmp=com.android.server.telecom/.components.TelecomService } U=0: not found
06-18 17:14:52.498 505 505 D BluetoothManagerService: Bluetooth boot completed
06-18 17:14:52.499 505 505 D BluetoothManagerService: Auto-enabling Bluetooth.
06-18 17:14:52.499 505 525 D BluetoothManagerService: MESSAGE_ENABLE(0): mBluetooth = null
06-18 17:14:52.499 505 525 D BluetoothManagerService: binding Bluetooth service
06-18 17:14:52.500 505 505 D BluetoothA2dp: Binding service...
06-18 17:14:52.504 505 525 D CompatibilityChangeReporter: Compat change id reported: 135634846; UID 1002; state: DISABLED
06-18 17:14:52.505 505 505 I BluetoothAirplaneModeListener: start
06-18 17:14:52.519 505 505 W InputMethodUtils: Found no fallback locale. imis=[InputMethodInfo{com.sohu.inputmethod.sogou.tv/.SogouIME, settings: com.sohu.inputmethod.sogou.SogouIMESettingsLauncher}]
01-01 08:00:17.542 380 380 I : DVI mode selected: packets not configured
01-01 08:00:17.542 380 380 I : Error: set vsif failed
06-18 17:14:52.520 505 505 W InputMethodUtils: No software keyboard is found. imis=[InputMethodInfo{com.sohu.inputmethod.sogou.tv/.SogouIME, settings: com.sohu.inputmethod.sogou.SogouIMESettingsLauncher}] systemLocale=zh_CN fallbackLocale=null
06-18 17:14:52.522 244 244 D Zygote : Forked child process 659
06-18 17:14:52.523 505 505 I RebootEscrowManager: No reboot escrow data found for users, skipping loading escrow data
06-18 17:14:52.523 505 534 I ActivityManager: app.processName = com.android.bluetooth
06-18 17:14:52.523 505 534 I ActivityManager: Start proc 659:com.android.bluetooth/1002 for service {com.android.bluetooth/com.android.bluetooth.btservice.AdapterService}
06-18 17:14:52.526 505 505 I WallpaperManagerService: No static wallpaper imagery; defaults will be shown
06-18 17:14:52.526 505 505 V WallpaperManagerService: bindWallpaperComponentLocked: componentName=ComponentInfo{com.android.systemui/com.android.systemui.ImageWallpaper}
06-18 17:14:52.529 659 659 I Zygote : seccomp disabled by setenforce 0
06-18 17:14:52.531 505 505 D CompatibilityChangeReporter: Compat change id reported: 135634846; UID 10061; state: DISABLED
06-18 17:14:52.531 505 505 D CompatibilityChangeReporter: Compat change id reported: 177438394; UID 10061; state: DISABLED
06-18 17:14:52.531 505 505 D CompatibilityChangeReporter: Compat change id reported: 135772972; UID 10061; state: DISABLED
06-18 17:14:52.531 505 505 D CompatibilityChangeReporter: Compat change id reported: 135754954; UID 10061; state: ENABLED
06-18 17:14:52.531 505 534 D CompatibilityChangeReporter: Compat change id reported: 143937733; UID 10061; state: ENABLED
06-18 17:14:52.532 505 505 W WallpaperManagerService: no current wallpaper -- first boot?
06-18 17:14:52.533 505 505 D AdbService: systemReady
06-18 17:14:52.534 505 505 D SoundTriggerService: onBootPhase: 550 : false
06-18 17:14:52.534 505 564 I SystemServerTimingAsync: InitThreadPoolExec:UsbService$Lifecycle#onBootPhase
06-18 17:14:52.534 505 564 D SystemServerInitThreadPool: Started executing UsbService$Lifecycle#onBootPhase
06-18 17:14:52.535 249 249 V audio_hw_primary: adev_set_parameters, A2dpSuspended=false
06-18 17:14:52.537 266 266 E android.hardware.usb@1.0-service: Failed to open /sys/class/typec
06-18 17:14:52.537 505 631 E UsbPortManager: port status enquiry failed
06-18 17:14:52.538 505 505 I AppBindingService: Updating constants with: null
06-18 17:14:52.539 505 564 D SystemServerInitThreadPool: Finished executing UsbService$Lifecycle#onBootPhase
06-18 17:14:52.540 505 619 D BluetoothManagerService: Trying to bind to profile: 1, while Bluetooth was disabled
06-18 17:14:52.542 505 619 D BluetoothA2dp: Binding service...
06-18 17:14:52.540 324 324 I rainbow_flow: type=1400 audit(0.0:327): avc: denied { ioctl } for path="/dev/spidev1.0" dev="tmpfs" ino=6648 ioctlcmd=0x6b00 scontext=u:r:init:s0 tcontext=u:object_r:device:s0 tclass=chr_file permissive=1
06-18 17:14:52.546 244 244 D Zygote : Forked child process 667
06-18 17:14:52.549 505 523 D CompatibilityChangeReporter: Compat change id reported: 135634846; UID 10073; state: DISABLED
06-18 17:14:52.550 505 523 D CompatibilityChangeReporter: Compat change id reported: 177438394; UID 10073; state: DISABLED
06-18 17:14:52.550 505 523 D CompatibilityChangeReporter: Compat change id reported: 135772972; UID 10073; state: DISABLED
06-18 17:14:52.550 505 523 D CompatibilityChangeReporter: Compat change id reported: 135754954; UID 10073; state: DISABLED
06-18 17:14:52.553 249 249 V audio_hw_primary: adev_set_parameters, BT_SCO=off
06-18 17:14:52.554 395 407 I adbd : jdwp connection from 659
06-18 17:14:52.554 505 620 I AS.AudioDeviceInventory: removePreferredDevicesForStrategySync, strategy: 14
01-01 08:00:17.576 380 380 I : DVI mode selected: packets not configured
06-18 17:14:52.556 505 534 I ActivityManager: app.processName = com.android.systemui
06-18 17:14:52.556 505 534 I ActivityManager: Start proc 667:com.android.systemui/u0a61 for service {com.android.systemui/com.android.systemui.ImageWallpaper}
01-01 08:00:17.576 380 380 I : Error: set vsif failed
06-18 17:14:52.556 505 534 D CompatibilityChangeReporter: Compat change id reported: 143937733; UID 10073; state: DISABLED
06-18 17:14:52.559 270 442 I AudioFlinger: systemReady
06-18 17:14:52.567 505 619 D AS.AudioService: No vibrator found
01-01 08:00:17.590 649 649 I sunxi-rfkill soc@3000000: rfkill: wlan power on success
01-01 08:00:17.590 649 649 I WCN : marlin chip en pull up
06-18 17:14:52.569 244 244 D Zygote : Forked child process 676
06-18 17:14:52.570 505 593 D CompatibilityChangeReporter: Compat change id reported: 168419799; UID 1002; state: DISABLED
06-18 17:14:52.570 667 667 I Zygote : seccomp disabled by setenforce 0
06-18 17:14:52.579 676 676 I Zygote : seccomp disabled by setenforce 0
06-18 17:14:52.586 505 534 I ActivityManager: app.processName = com.android.permissioncontroller
06-18 17:14:52.586 505 534 I ActivityManager: Start proc 676:com.android.permissioncontroller/u0a73 for service {com.android.permissioncontroller/com.android.permissioncontroller.permission.service.PermissionControllerServiceImpl}
06-18 17:14:52.590 659 659 D CompatibilityChangeReporter: Compat change id reported: 171979766; UID 1002; state: ENABLED
01-01 08:00:17.616 649 649 I sdiohal : sdiohal_scan_card
01-01 08:00:17.616 649 649 I sunxi-rfkill soc@3000000: rfkill: bus_index: 1
01-01 08:00:17.616 0 0 E : [ C0] sunxi-mmc 4021000.sdmmc: smc 2 p1 err, cmd 52, RTO !!
06-18 17:14:52.596 395 407 I adbd : jdwp connection from 667
06-18 17:14:52.598 395 407 I adbd : jdwp connection from 676
01-01 08:00:17.625 649 649 W sdiohal : probe of mmc2:8800:1 failed with error -110
06-18 17:14:52.601 319 321 D XM_HIDREAD: add@ add@/bus/sdio/drivers/sdiohal
06-18 17:14:52.600 332 332 I xiriservice_All: type=1400 audit(0.0:328): avc: denied { read } for scontext=u:r:init:s0 tcontext=u:r:init:s0 tclass=netlink_kobject_uevent_socket permissive=1
01-01 08:00:17.626 380 380 I : DVI mode selected: packets not configured
01-01 08:00:17.626 380 380 I : Error: set vsif failed
01-01 08:00:17.626 0 0 E : [ C0] sunxi-mmc 4021000.sdmmc: smc 2 p1 err, cmd 7, RTO !!
