01-01 08:00:08.896 314 314 I pgrep : type=1400 audit(0.0:195): avc: denied { search } for name="277" dev="proc" ino=8403 scontext=u:r:toolbox:s0 tcontext=u:r:gpuservice:s0 tclass=dir permissive=1
01-01 08:00:08.896 314 314 I pgrep : type=1400 audit(0.0:196): avc: denied { open } for path="/proc/277/stat" dev="proc" ino=8886 scontext=u:r:toolbox:s0 tcontext=u:r:gpuservice:s0 tclass=file permissive=1
01-01 08:00:08.896 314 314 I pgrep : type=1400 audit(0.0:197): avc: denied { getattr } for path="/proc/278" dev="proc" ino=9404 scontext=u:r:toolbox:s0 tcontext=u:r:surfaceflinger:s0 tclass=dir permissive=1
01-01 08:00:08.896 314 314 I pgrep : type=1400 audit(0.0:198): avc: denied { search } for name="278" dev="proc" ino=9404 scontext=u:r:toolbox:s0 tcontext=u:r:surfaceflinger:s0 tclass=dir permissive=1
01-01 08:00:08.896 314 314 I pgrep : type=1400 audit(0.0:199): avc: denied { open } for path="/proc/278/stat" dev="proc" ino=8887 scontext=u:r:toolbox:s0 tcontext=u:r:surfaceflinger:s0 tclass=file permissive=1
01-01 08:00:08.896 314 314 I pgrep : type=1400 audit(0.0:200): avc: denied { getattr } for path="/proc/279" dev="proc" ino=9361 scontext=u:r:toolbox:s0 tcontext=u:r:pqd:s0 tclass=dir permissive=1
01-01 08:00:08.896 314 314 I pgrep : type=1400 audit(0.0:201): avc: denied { search } for name="279" dev="proc" ino=9361 scontext=u:r:toolbox:s0 tcontext=u:r:pqd:s0 tclass=dir permissive=1
01-01 08:00:08.896 314 314 I pgrep : type=1400 audit(0.0:202): avc: denied { open } for path="/proc/279/stat" dev="proc" ino=8888 scontext=u:r:toolbox:s0 tcontext=u:r:pqd:s0 tclass=file permissive=1
01-01 08:00:08.896 314 314 I pgrep : type=1400 audit(0.0:203): avc: denied { read } for scontext=u:r:toolbox:s0 tcontext=u:r:init:s0 tclass=file permissive=1
01-01 08:00:08.896 314 314 I pgrep : type=1400 audit(0.0:204): avc: denied { open } for path="/proc/308/stat" dev="proc" ino=8889 scontext=u:r:toolbox:s0 tcontext=u:r:init:s0 tclass=file permissive=1
01-01 08:00:08.896 315 315 I xiriservice_All: type=1400 audit(0.0:205): avc: denied { search } for name="com.android.permissioncontroller" dev="mmcblk0p25" ino=550 scontext=u:r:init:s0 tcontext=u:object_r:privapp_data_file:s0:c73,c256,c512,c768 tclass=dir permissive=1
01-01 08:00:08.900 319 319 I check_xm_hidraw: type=1400 audit(0.0:206): avc: denied { execute_no_trans } for path="/system/bin/xm_hidread" dev="dm-0" ino=1298 scontext=u:r:init:s0 tcontext=u:object_r:system_file:s0 tclass=file permissive=1
01-01 08:00:08.900 315 315 I xiriservice_All: type=1400 audit(0.0:207): avc: denied { read } for name="lib" dev="mmcblk0p25" ino=1379 scontext=u:r:init:s0 tcontext=u:object_r:privapp_data_file:s0:c512,c768 tclass=lnk_file permissive=1
01-01 08:00:08.904 318 318 I led_switch.sh: type=1400 audit(0.0:208): avc: denied { add_name } for name="led_swith.txt" scontext=u:r:init:s0 tcontext=u:object_r:shell_data_file:s0 tclass=dir permissive=1 bug=b/77873135
01-01 08:00:08.904 318 318 I led_switch.sh: type=1400 audit(0.0:209): avc: denied { create } for name="led_swith.txt" scontext=u:r:init:s0 tcontext=u:object_r:shell_data_file:s0 tclass=file permissive=1 bug=b/77873135
01-01 08:00:08.916 318 318 I led_switch.sh: type=1400 audit(0.0:210): avc: denied { write } for name="led_swith.txt" dev="mmcblk0p25" ino=220 scontext=u:r:init:s0 tcontext=u:object_r:shell_data_file:s0 tclass=file permissive=1 bug=b/77873135
01-01 08:00:08.916 318 318 I led_switch.sh: type=1400 audit(0.0:211): avc: denied { open } for path="/data/local/tmp/led_swith.txt" dev="mmcblk0p25" ino=220 scontext=u:r:init:s0 tcontext=u:object_r:shell_data_file:s0 tclass=file permissive=1 bug=b/77873135
01-01 08:00:08.916 320 320 I led_switch.sh: type=1400 audit(0.0:212): avc: denied { execute_no_trans } for path="/vendor/bin/toolbox" dev="dm-1" ino=229 scontext=u:r:init:s0 tcontext=u:object_r:vendor_toolbox_exec:s0 tclass=file permissive=1
01-01 08:00:08.928 319 319 D XM_HIDREAD: hidread running 0429 d06.
01-01 08:00:08.929 319 319 D XM_HIDREAD: addr_len_t:26,addr_len:26
01-01 08:00:08.929 319 319 D XM_HIDREAD: server_socket:4
01-01 08:00:08.929 319 319 D XM_HIDREAD: pthread_join listen_thread before
01-01 08:00:08.930 319 322 D XM_HIDREAD: listener_thread has start 4.
01-01 08:00:08.930 319 322 D XM_HIDREAD: accept before.
01-01 08:00:08.931 319 321 D XM_HIDREAD: >> start monitor uevent ...
01-01 08:00:08.928 319 319 I xm_hidread: type=1400 audit(0.0:213): avc: denied { create } for scontext=u:r:init:s0 tcontext=u:r:init:s0 tclass=netlink_kobject_uevent_socket permissive=1
01-01 08:00:08.928 319 319 I xm_hidread: type=1400 audit(0.0:214): avc: denied { setopt } for scontext=u:r:init:s0 tcontext=u:r:init:s0 tclass=netlink_kobject_uevent_socket permissive=1
01-01 08:00:08.928 319 319 I xm_hidread: type=1400 audit(0.0:215): avc: denied { bind } for scontext=u:r:init:s0 tcontext=u:r:init:s0 tclass=netlink_kobject_uevent_socket permissive=1
01-01 08:00:08.928 315 315 I xiriservice_All: type=1400 audit(0.0:216): avc: denied { search } for name="com.android.internal.systemui.navbar.gestural_wide_back" dev="mmcblk0p25" ino=626 scontext=u:r:init:s0 tcontext=u:object_r:app_data_file:s0:c10,c256,c512,c768 tclass=dir permissive=1
01-01 08:00:08.932 319 319 I xm_hidread: type=1400 audit(0.0:217): avc: denied { read } for scontext=u:r:init:s0 tcontext=u:r:init:s0 tclass=netlink_kobject_uevent_socket permissive=1
01-01 08:00:08.936 315 315 I xiriservice_All: type=1400 audit(0.0:218): avc: denied { search } for name="com.sohu.inputmethod.sogou.tv" dev="mmcblk0p25" ino=1406 scontext=u:r:init:s0 tcontext=u:object_r:app_data_file:s0:c33,c256,c512,c768 tclass=dir permissive=1
01-01 08:00:08.936 315 315 I xiriservice_All: type=1400 audit(0.0:219): avc: denied { read } for name="lib" dev="mmcblk0p25" ino=1409 scontext=u:r:init:s0 tcontext=u:object_r:app_data_file:s0:c33,c256,c512,c768 tclass=lnk_file permissive=1
01-01 08:00:08.940 315 315 I xiriservice_All: type=1400 audit(0.0:220): avc: denied { search } for name="com.android.htmlviewer" dev="mmcblk0p25" ino=698 scontext=u:r:init:s0 tcontext=u:object_r:app_data_file:s0:c52,c256,c512,c768 tclass=dir permissive=1
01-01 08:00:08.940 315 315 I xiriservice_All: type=1400 audit(0.0:221): avc: denied { search } for name="com.android.companiondevicemanager" dev="mmcblk0p25" ino=706 scontext=u:r:init:s0 tcontext=u:object_r:app_data_file:s0:c42,c256,c512,c768 tclass=dir permissive=1
01-01 08:00:08.940 315 315 I xiriservice_All: type=1400 audit(0.0:222): avc: denied { search } for name="com.android.internal.systemui.onehanded.gestural" dev="mmcblk0p25" ino=730 scontext=u:r:init:s0 tcontext=u:object_r:app_data_file:s0:c6,c256,c512,c768 tclass=dir permissive=1
01-01 08:00:08.940 315 315 I xiriservice_All: type=1400 audit(0.0:223): avc: denied { read } for name="lib" dev="mmcblk0p25" ino=1420 scontext=u:r:init:s0 tcontext=u:object_r:app_data_file:s0:c512,c768 tclass=lnk_file permissive=1
01-01 08:00:08.940 315 315 I xiriservice_All: type=1400 audit(0.0:224): avc: denied { search } for name="com.android.simappdialog" dev="mmcblk0p25" ino=770 scontext=u:r:init:s0 tcontext=u:object_r:app_data_file:s0:c45,c256,c512,c768 tclass=dir permissive=1
01-01 08:00:08.944 315 315 I xiriservice_All: type=1400 audit(0.0:225): avc: denied { read } for name="lib" dev="mmcblk0p25" ino=1432 scontext=u:r:init:s0 tcontext=u:object_r:radio_data_file:s0 tclass=lnk_file permissive=1
01-01 08:00:08.944 315 315 I xiriservice_All: type=1400 audit(0.0:226): avc: denied { search } for name="com.android.modulemetadata" dev="mmcblk0p25" ino=789 scontext=u:r:init:s0 tcontext=u:object_r:app_data_file:s0:c59,c256,c512,c768 tclass=dir permissive=1
01-01 08:00:08.944 315 315 I xiriservice_All: type=1400 audit(0.0:227): avc: denied { search } for name="com.google.android.apps.searchlite.overlay" dev="mmcblk0p25" ino=813 scontext=u:r:init:s0 tcontext=u:object_r:app_data_file:s0:c11,c256,c512,c768 tclass=dir permissive=1
01-01 08:00:08.944 315 315 I xiriservice_All: type=1400 audit(0.0:228): avc: denied { search } for name="com.android.internal.systemui.navbar.threebutton" dev="mmcblk0p25" ino=821 scontext=u:r:init:s0 tcontext=u:object_r:app_data_file:s0:c8,c256,c512,c768 tclass=dir permissive=1
01-01 08:00:08.944 315 315 I xiriservice_All: type=1400 audit(0.0:229): avc: denied { search } for name="com.google.android.networkstackconfig" dev="mmcblk0p25" ino=829 scontext=u:r:init:s0 tcontext=u:object_r:app_data_file:s0:c0,c256,c512,c768 tclass=dir permissive=1
01-01 08:00:08.948 315 315 I xiriservice_All: type=1400 audit(0.0:230): avc: denied { search } for name="com.android.internal.systemui.navbar.gestural_extra_wide_back" dev="mmcblk0p25" ino=907 scontext=u:r:init:s0 tcontext=u:object_r:app_data_file:s0:c2,c256,c512,c768 tclass=dir permissive=1
01-01 08:00:08.952 315 315 I xiriservice_All: type=1400 audit(0.0:231): avc: denied { search } for name="com.android.printspooler" dev="mmcblk0p25" ino=934 scontext=u:r:init:s0 tcontext=u:object_r:app_data_file:s0:c50,c256,c512,c768 tclass=dir permissive=1
01-01 08:00:08.952 315 315 I xiriservice_All: type=1400 audit(0.0:232): avc: denied { read } for name="lib" dev="mmcblk0p25" ino=1453 scontext=u:r:init:s0 tcontext=u:object_r:app_data_file:s0:c50,c256,c512,c768 tclass=lnk_file permissive=1
01-01 08:00:08.956 315 315 I xiriservice_All: type=1400 audit(0.0:233): avc: denied { search } for name="com.android.dreams.basic" dev="mmcblk0p25" ino=942 scontext=u:r:init:s0 tcontext=u:object_r:app_data_file:s0:c36,c256,c512,c768 tclass=dir permissive=1
01-01 08:00:08.956 315 315 I xiriservice_All: type=1400 audit(0.0:234): avc: denied { search } for name="com.android.webview" dev="mmcblk0p25" ino=950 scontext=u:r:init:s0 tcontext=u:object_r:app_data_file:s0:c60,c256,c512,c768 tclass=dir permissive=1
01-01 08:00:08.956 315 315 I xiriservice_All: type=1400 audit(0.0:235): avc: denied { read } for name="lib" dev="mmcblk0p25" ino=1457 scontext=u:r:init:s0 tcontext=u:object_r:app_data_file:s0:c60,c256,c512,c768 tclass=lnk_file permissive=1
01-01 08:00:08.965 244 244 D AndroidRuntime: >>>>>> START com.android.internal.os.ZygoteInit uid 0 <<<<<<
01-01 08:00:08.968 315 315 I xiriservice_All: type=1400 audit(0.0:236): avc: denied { search } for name="com.oranth.inputmacsn" dev="mmcblk0p25" ino=982 scontext=u:r:init:s0 tcontext=u:object_r:system_app_data_file:s0 tclass=dir permissive=1
01-01 08:00:08.972 315 315 I xiriservice_All: type=1400 audit(0.0:237): avc: denied { search } for name="com.android.musicfx" dev="mmcblk0p25" ino=990 scontext=u:r:init:s0 tcontext=u:object_r:privapp_data_file:s0:c512,c768 tclass=dir permissive=1
01-01 08:00:08.972 315 315 I xiriservice_All: type=1400 audit(0.0:238): avc: denied { search } for name="com.dangbei.hqguide" dev="mmcblk0p25" ino=998 scontext=u:r:init:s0 tcontext=u:object_r:app_data_file:s0:c512,c768 tclass=dir permissive=1
01-01 08:00:08.976 315 315 I xiriservice_All: type=1400 audit(0.0:239): avc: denied { search } for name="com.android.printservice.recommendation" dev="mmcblk0p25" ino=1022 scontext=u:r:init:s0 tcontext=u:object_r:app_data_file:s0:c47,c256,c512,c768 tclass=dir permissive=1
01-01 08:00:08.976 315 315 I xiriservice_All: type=1400 audit(0.0:240): avc: denied { search } for name="com.google.android.networkstack.tetheringconfig" dev="mmcblk0p25" ino=1030 scontext=u:r:init:s0 tcontext=u:object_r:app_data_file:s0:c5,c256,c512,c768 tclass=dir permissive=1
01-01 08:00:08.983 278 278 E cutils-trace: Error opening trace file: No such file or directory (2)
01-01 08:00:08.985 182 182 I hwservicemanager: getTransport: Cannot find entry android.hardware.configstore@1.0::ISurfaceFlingerConfigs/default in either framework or device VINTF manifest.
01-01 08:00:08.984 315 315 I xiriservice_All: type=1400 audit(0.0:241): avc: denied { search } for name="com.android.theme.font.notoserifsource" dev="mmcblk0p25" ino=1054 scontext=u:r:init:s0 tcontext=u:object_r:app_data_file:s0:c9,c256,c512,c768 tclass=dir permissive=1
01-01 08:00:08.984 315 315 I xiriservice_All: type=1400 audit(0.0:242): avc: denied { read } for name="lib" dev="mmcblk0p25" ino=1486 scontext=u:r:init:s0 tcontext=u:object_r:system_app_data_file:s0 tclass=lnk_file permissive=1
01-01 08:00:08.994 278 278 I SurfaceFlinger: Using HWComposer service: default
01-01 08:00:08.994 278 278 I SurfaceFlinger: SurfaceFlinger is starting
01-01 08:00:08.992 315 315 I xiriservice_All: type=1400 audit(0.0:243): avc: denied { search } for name="com.android.smspush" dev="mmcblk0p25" ino=1112 scontext=u:r:init:s0 tcontext=u:object_r:app_data_file:s0:c69,c256,c512,c768 tclass=dir permissive=1
01-01 08:00:08.992 315 315 I xiriservice_All: type=1400 audit(0.0:244): avc: denied { search } for name="com.tv.filemanager.os" dev="mmcblk0p25" ino=1134 scontext=u:r:init:s0 tcontext=u:object_r:app_data_file:s0:c51,c256,c512,c768 tclass=dir permissive=1
01-01 08:00:08.998 182 182 I hwservicemanager: getTransport: Cannot find entry android.hardware.configstore@1.1::ISurfaceFlingerConfigs/default in either framework or device VINTF manifest.
01-01 08:00:09.000 278 278 I SurfaceFlinger: Disabling blur effects, they are not supported.
01-01 08:00:09.002 270 270 I FastMixerState: sMaxFastTracks = 8
01-01 08:00:09.000 315 315 I xiriservice_All: type=1400 audit(0.0:245): avc: denied { search } for name="com.android.bookmarkprovider" dev="mmcblk0p25" ino=1159 scontext=u:r:init:s0 tcontext=u:object_r:app_data_file:s0:c44,c256,c512,c768 tclass=dir permissive=1
01-01 08:00:09.008 278 278 I SurfaceFlinger: SurfaceFlinger's main thread ready to run. Initializing graphics H/W...
01-01 08:00:09.008 278 278 D RenderEngine: RenderEngine with GLES Backend
01-01 08:00:09.004 315 315 I xiriservice_All: type=1400 audit(0.0:246): avc: denied { search } for name="com.android.cts.ctsshim" dev="mmcblk0p25" ino=1176 scontext=u:r:init:s0 tcontext=u:object_r:app_data_file:s0:c35,c256,c512,c768 tclass=dir permissive=1
01-01 08:00:09.004 315 315 I xiriservice_All: type=1400 audit(0.0:247): avc: denied { search } for name="com.dangbei.lerad.screensaver" dev="mmcblk0p25" ino=1184 scontext=u:r:init:s0 tcontext=u:object_r:app_data_file:s0:c43,c256,c512,c768 tclass=dir permissive=1
01-01 08:00:09.004 324 324 I rainbow_flow: type=1400 audit(0.0:248): avc: denied { write } for name="spidev1.0" dev="tmpfs" ino=6648 scontext=u:r:init:s0 tcontext=u:object_r:device:s0 tclass=chr_file permissive=1
01-01 08:00:09.004 324 324 I rainbow_flow: type=1400 audit(0.0:249): avc: denied { open } for path="/dev/spidev1.0" dev="tmpfs" ino=6648 scontext=u:r:init:s0 tcontext=u:object_r:device:s0 tclass=chr_file permissive=1
01-01 08:00:09.004 324 324 I rainbow_flow: type=1400 audit(0.0:250): avc: denied { ioctl } for path="/dev/spidev1.0" dev="tmpfs" ino=6648 ioctlcmd=0x6b01 scontext=u:r:init:s0 tcontext=u:object_r:device:s0 tclass=chr_file permissive=1
01-01 08:00:09.008 315 315 I xiriservice_All: type=1400 audit(0.0:251): avc: denied { read } for name="lib" dev="mmcblk0p25" ino=1511 scontext=u:r:init:s0 tcontext=u:object_r:app_data_file:s0:c43,c256,c512,c768 tclass=lnk_file permissive=1
01-01 08:00:09.008 315 315 I xiriservice_All: type=1400 audit(0.0:252): avc: denied { search } for name="com.android.remoteprovisioner" dev="mmcblk0p25" ino=1192 scontext=u:r:init:s0 tcontext=u:object_r:app_data_file:s0:c64,c256,c512,c768 tclass=dir permissive=1
01-01 08:00:09.008 315 315 I xiriservice_All: type=1400 audit(0.0:253): avc: denied { search } for name="com.softwinner.theme.icon" dev="mmcblk0p25" ino=1200 scontext=u:r:init:s0 tcontext=u:object_r:app_data_file:s0:c7,c256,c512,c768 tclass=dir permissive=1
01-01 08:00:09.008 315 315 I xiriservice_All: type=1400 audit(0.0:254): avc: denied { search } for name="com.android.music" dev="mmcblk0p25" ino=1224 scontext=u:r:init:s0 tcontext=u:object_r:app_data_file:s0:c49,c256,c512,c768 tclass=dir permissive=1
01-01 08:00:09.008 315 315 I xiriservice_All: type=1400 audit(0.0:255): avc: denied { search } for name="com.android.providers.media.module" dev="mmcblk0p25" ino=1256 scontext=u:r:init:s0 tcontext=u:object_r:privapp_data_file:s0:c74,c256,c512,c768 tclass=dir permissive=1
01-01 08:00:09.008 315 315 I xiriservice_All: type=1400 audit(0.0:256): avc: denied { read } for name="lib" dev="mmcblk0p25" ino=1526 scontext=u:r:init:s0 tcontext=u:object_r:privapp_data_file:s0:c74,c256,c512,c768 tclass=lnk_file permissive=1
01-01 08:00:09.016 315 315 I xiriservice_All: type=1400 audit(0.0:257): avc: denied { search } for name="com.softwinner.theme.color" dev="mmcblk0p25" ino=1264 scontext=u:r:init:s0 tcontext=u:object_r:app_data_file:s0:c1,c256,c512,c768 tclass=dir permissive=1
01-01 08:00:09.016 315 315 I xiriservice_All: type=1400 audit(0.0:258): avc: denied { search } for name="com.android.hotspot2.osulogin" dev="mmcblk0p25" ino=1281 scontext=u:r:init:s0 tcontext=u:object_r:app_data_file:s0:c71,c256,c512,c768 tclass=dir permissive=1
01-01 08:00:09.016 315 315 I xiriservice_All: type=1400 audit(0.0:259): avc: denied { search } for name="com.android.internal.systemui.navbar.gestural" dev="mmcblk0p25" ino=1289 scontext=u:r:init:s0 tcontext=u:object_r:app_data_file:s0:c4,c256,c512,c768 tclass=dir permissive=1
01-01 08:00:09.024 270 270 V MediaUtils: physMem: 2055442432
01-01 08:00:09.024 270 270 V MediaUtils: requested limit: 411088480
01-01 08:00:09.020 315 315 I xiriservice_All: type=1400 audit(0.0:260): avc: denied { search } for name="com.android.bluetoothmidiservice" dev="mmcblk0p25" ino=1305 scontext=u:r:init:s0 tcontext=u:object_r:app_data_file:s0:c41,c256,c512,c768 tclass=dir permissive=1
01-01 08:00:09.025 270 270 I libc : malloc_limit: Allocation limit enabled, max size 411088480 bytes
01-01 08:00:09.026 270 270 I audioserver: ServiceManager: 0xf2a73420
01-01 08:00:09.028 270 270 W BatteryNotifier: batterystats service unavailable!
01-01 08:00:09.028 270 270 E cutils-trace: Error opening trace file: No such file or directory (2)
01-01 08:00:09.028 315 315 I xiriservice_All: type=1400 audit(0.0:261): avc: denied { search } for name="com.android.traceur" dev="mmcblk0p25" ino=1329 scontext=u:r:init:s0 tcontext=u:object_r:app_data_file:s0:c31,c256,c512,c768 tclass=dir permissive=1
01-01 08:00:09.032 315 315 I xiriservice_All: type=1400 audit(0.0:262): avc: denied { read } for name="lib" dev="mmcblk0p25" ino=1545 scontext=u:r:init:s0 tcontext=u:object_r:bluetooth_data_file:s0 tclass=lnk_file permissive=1
01-01 08:00:09.041 244 244 I AndroidRuntime: Using default boot image
01-01 08:00:09.042 244 244 I AndroidRuntime: Leaving lock profiling enabled
01-01 08:00:09.044 327 327 I bootstat: Service started: /system/bin/bootstat --set_system_boot_reason
01-01 08:00:09.040 315 315 I xiriservice_All: type=1400 audit(0.0:263): avc: denied { search } for name="com.android.captiveportallogin" dev="mmcblk0p25" ino=1353 scontext=u:r:init:s0 tcontext=u:object_r:app_data_file:s0:c32,c256,c512,c768 tclass=dir permissive=1
01-01 08:00:09.040 315 315 I xiriservice_All: type=1400 audit(0.0:264): avc: denied { search } for name="com.android.internal.systemui.navbar.gestural_narrow_back" dev="mmcblk0p25" ino=1361 scontext=u:r:init:s0 tcontext=u:object_r:app_data_file:s0:c3,c256,c512,c768 tclass=dir permissive=1
01-01 08:00:09.040 315 315 I xiriservice_All: type=1400 audit(0.0:265): avc: denied { search } for name="android.auto_generated_rro_vendor__" dev="mmcblk0p25" ino=1369 scontext=u:r:init:s0 tcontext=u:object_r:app_data_file:s0:c12,c256,c512,c768 tclass=dir permissive=1
01-01 08:00:09.046 327 327 I bootstat: Canonical boot reason: reboot
01-01 08:00:09.047 327 327 I bootstat: Canonical boot reason: reboot
01-01 08:00:09.049 244 244 E cutils-trace: Error opening trace file: No such file or directory (2)
01-01 08:00:09.056 1 1 W FAT-fs (mmcblk0p24): Volume was not properly unmounted. Some data may be corrupt. Please run fsck.
01-01 08:00:09.054 244 244 I zygote : option[0]=-Xzygote
01-01 08:00:09.054 244 244 I zygote : option[1]=-Xdeny-art-apex-data-files
01-01 08:00:09.054 244 244 I zygote : option[2]=exit
01-01 08:00:09.054 244 244 I zygote : option[3]=vfprintf
01-01 08:00:09.054 244 244 I zygote : option[4]=sensitiveThread
01-01 08:00:09.054 244 244 I zygote : option[5]=-verbose:gc
01-01 08:00:09.054 244 244 I zygote : option[6]=-XX:PerfettoHprof=true
01-01 08:00:09.054 244 244 I zygote : option[7]=-XX:PerfettoJavaHeapStackProf=true
01-01 08:00:09.054 244 244 I zygote : option[8]=-Xprimaryzygote
01-01 08:00:09.054 244 244 I zygote : option[9]=-Xms5m
01-01 08:00:09.055 244 244 I zygote : option[10]=-Xmx512m
01-01 08:00:09.055 244 244 I zygote : option[11]=-XX:HeapGrowthLimit=256m
01-01 08:00:09.055 244 244 I zygote : option[12]=-XX:HeapMinFree=512k
01-01 08:00:09.055 244 244 I zygote : option[13]=-XX:HeapMaxFree=8m
01-01 08:00:09.055 244 244 I zygote : option[14]=-XX:HeapTargetUtilization=0.75
01-01 08:00:09.055 244 244 I zygote : option[15]=-Xusejit:true
01-01 08:00:09.055 244 244 I zygote : option[16]=-Xjitsaveprofilinginfo
01-01 08:00:09.055 244 244 I zygote : option[17]=-XMadviseWillNeedVdexFileSize:104857600
01-01 08:00:09.055 244 244 I zygote : option[18]=-XMadviseWillNeedOdexFileSize:104857600
01-01 08:00:09.055 244 244 I zygote : option[19]=-XMadviseWillNeedArtFileSize:4294967295
01-01 08:00:09.055 244 244 I zygote : option[20]=-XjdwpOptions:suspend=n,server=y
01-01 08:00:09.055 244 244 I zygote : option[21]=-XjdwpProvider:default
01-01 08:00:09.055 244 244 I zygote : option[22]=-Xopaque-jni-ids:swapable
01-01 08:00:09.055 244 244 I zygote : option[23]=-Xcompiler-option
01-01 08:00:09.055 244 244 I zygote : option[24]=--instruction-set-variant=cortex-a7
01-01 08:00:09.055 244 244 I zygote : option[25]=-Xcompiler-option
01-01 08:00:09.055 244 244 I zygote : option[26]=--instruction-set-features=default
01-01 08:00:09.055 244 244 I zygote : option[27]=-Xcompiler-option
01-01 08:00:09.055 244 244 I zygote : option[28]=--generate-mini-debug-info
01-01 08:00:09.055 244 244 I zygote : option[29]=-Ximage-compiler-option
01-01 08:00:09.055 244 244 I zygote : option[30]=--runtime-arg
01-01 08:00:09.055 244 244 I zygote : option[31]=-Ximage-compiler-option
01-01 08:00:09.055 244 244 I zygote : option[32]=-Xms64m
01-01 08:00:09.055 244 244 I zygote : option[33]=-Ximage-compiler-option
01-01 08:00:09.055 244 244 I zygote : option[34]=--runtime-arg
01-01 08:00:09.055 244 244 I zygote : option[35]=-Ximage-compiler-option
01-01 08:00:09.055 244 244 I zygote : option[36]=-Xmx64m
01-01 08:00:09.055 244 244 I zygote : option[37]=-Ximage-compiler-option
01-01 08:00:09.055 244 244 I zygote : option[38]=--dirty-image-objects=/system/etc/dirty-image-objects
01-01 08:00:09.055 244 244 I zygote : option[39]=-Ximage-compiler-option
01-01 08:00:09.055 244 244 I zygote : option[40]=--instruction-set-variant=cortex-a7
01-01 08:00:09.055 244 244 I zygote : option[41]=-Ximage-compiler-option
01-01 08:00:09.055 244 244 I zygote : option[42]=--instruction-set-features=default
01-01 08:00:09.055 244 244 I zygote : option[43]=-Ximage-compiler-option
01-01 08:00:09.055 244 244 I zygote : option[44]=--generate-mini-debug-info
01-01 08:00:09.055 244 244 I zygote : option[45]=-Duser.locale=zh-CN
01-01 08:00:09.055 244 244 I zygote : option[46]=--cpu-abilist=armeabi-v7a,armeabi
01-01 08:00:09.055 244 244 I zygote : option[47]=-Xfingerprint:Dangbei/raven/raven:12/SP1A.211105.004/20250618.163720:user/release-keys
01-01 08:00:09.083 244 244 W zygote : ART APEX data files are untrusted.
01-01 08:00:09.102 315 315 D XiriService: read SYSTEM APP lib
01-01 08:00:09.102 327 327 E bootstat: Failed to read /metadata/bootstat/persist.sys.boot.reason: No such file or directory
01-01 08:00:09.102 327 327 I bootstat: Value of persist.sys.boot.reason :
01-01 08:00:09.102 327 327 I bootstat: Normalized last reboot reason : reboot
01-01 08:00:09.103 332 332 D DONGLE_SERVICE: ble_rc_service version is 2.0.26601
01-01 08:00:09.103 332 332 D DONGLE_SERVICE: init command center ...
01-01 08:00:09.104 332 332 D DONGLE_SERVICE: trying to scan for smart ctrl hidraw...
01-01 08:00:09.104 332 332 D DONGLE_SERVICE: command center, start working...
01-01 08:00:09.104 332 333 D DONGLE_SERVICE: >> start monitor uevent ...
01-01 08:00:09.100 332 332 I xiriservice_All: type=1400 audit(0.0:266): avc: denied { create } for scontext=u:r:init:s0 tcontext=u:r:init:s0 tclass=netlink_kobject_uevent_socket permissive=1
01-01 08:00:09.100 332 332 I xiriservice_All: type=1400 audit(0.0:267): avc: denied { setopt } for scontext=u:r:init:s0 tcontext=u:r:init:s0 tclass=netlink_kobject_uevent_socket permissive=1
01-01 08:00:09.100 332 332 I xiriservice_All: type=1400 audit(0.0:268): avc: denied { bind } for scontext=u:r:init:s0 tcontext=u:r:init:s0 tclass=netlink_kobject_uevent_socket permissive=1
01-01 08:00:09.100 332 332 I xiriservice_All: type=1400 audit(0.0:269): avc: denied { read } for scontext=u:r:init:s0 tcontext=u:r:init:s0 tclass=netlink_kobject_uevent_socket permissive=1
01-01 08:00:09.120 265 265 I EventThread: type=1400 audit(0.0:270): avc: denied { search } for name="extcon" dev="sysfs" ino=18109 scontext=u:r:hal_tv_cec_default:s0 tcontext=u:object_r:sysfs_extcon:s0 tclass=dir permissive=1
01-01 08:00:09.120 265 265 I EventThread: type=1400 audit(0.0:271): avc: denied { read } for name="u:object_r:default_prop:s0" dev="tmpfs" ino=6319 scontext=u:r:hal_tv_cec_default:s0 tcontext=u:object_r:default_prop:s0 tclass=file permissive=1
01-01 08:00:09.120 265 265 I EventThread: type=1400 audit(0.0:272): avc: denied { open } for path="/dev/__properties__/u:object_r:default_prop:s0" dev="tmpfs" ino=6319 scontext=u:r:hal_tv_cec_default:s0 tcontext=u:object_r:default_prop:s0 tclass=file permissive=1
01-01 08:00:09.120 265 265 I EventThread: type=1400 audit(0.0:273): avc: denied { getattr } for path="/dev/__properties__/u:object_r:default_prop:s0" dev="tmpfs" ino=6319 scontext=u:r:hal_tv_cec_default:s0 tcontext=u:object_r:default_prop:s0 tclass=file permissive=1
01-01 08:00:09.120 265 265 I EventThread: type=1400 audit(0.0:274): avc: denied { map } for path="/dev/__properties__/u:object_r:default_prop:s0" dev="tmpfs" ino=6319 scontext=u:r:hal_tv_cec_default:s0 tcontext=u:object_r:default_prop:s0 tclass=file permissive=1
01-01 08:00:09.127 327 327 E bootstat: Failed to unlink /metadata/bootstat/persist.sys.boot.reason: No such file or directory
01-01 08:00:09.134 270 270 I ServiceManager: Waiting for service 'media.metrics' on '/dev/binder'...
01-01 08:00:09.139 334 334 I perfetto: probes.cc:84 Starting /system/bin/traced_probes service
01-01 08:00:09.140 315 315 I xiriservice_All: type=1400 audit(0.0:275): avc: denied { watch } for path="/data/data" dev="mmcblk0p25" ino=87 scontext=u:r:init:s0 tcontext=u:object_r:system_data_file:s0 tclass=dir permissive=1
01-01 08:00:09.146 334 341 I perfetto: _activity_trigger.cc:71 mm_events ftrace instance not found. Triggering of traces on memory pressure will not be available on this device.
01-01 08:00:09.146 334 334 I perfetto: probes_producer.cc:129 Disconnected from tracing service
01-01 08:00:09.148 324 324 I rainbow_flow: type=1400 audit(0.0:276): avc: denied { ioctl } for path="/dev/spidev1.0" dev="tmpfs" ino=6648 ioctlcmd=0x6b00 scontext=u:r:init:s0 tcontext=u:object_r:device:s0 tclass=chr_file permissive=1
01-01 08:00:09.162 338 338 W perfetto: service.cc:207 Started traced, listening on /dev/socket/traced_producer /dev/socket/traced_consumer
01-01 08:00:09.164 340 340 I preloaddata: type=1400 audit(0.0:277): avc: denied { write search } for name="tmp" dev="mmcblk0p25" ino=85 scontext=u:r:toolbox:s0 tcontext=u:object_r:shell_data_file:s0 tclass=dir permissive=1
01-01 08:00:09.164 340 340 I preloaddata: type=1400 audit(0.0:278): avc: denied { getattr } for path="/data/local/tmp" dev="mmcblk0p25" ino=85 scontext=u:r:toolbox:s0 tcontext=u:object_r:shell_data_file:s0 tclass=dir permissive=1
01-01 08:00:09.187 319 321 D XM_HIDREAD: add@ add@/devices/platform/uwe_bsp.0
01-01 08:00:09.188 319 321 D XM_HIDREAD: add@ add@/devices/platform/uwe_bsp.0/wakeup/wakeup8
01-01 08:00:09.192 165 165 I WCN : marlin_init entry!
01-01 08:00:09.194 165 165 I WCN : unisoc wcn driver version: W25.25.3, build time: Jun 18 2025 09:59:08 (UTC)
01-01 08:00:09.194 165 165 I WCN : wcn config keep power on
01-01 08:00:09.194 165 165 I WCN : wcn config bt wake host
01-01 08:00:09.194 165 165 I WCN : marlin_registsr_bt_wake bt_hostwake gpio=208 intnum=237
01-01 08:00:09.195 165 165 I sdiohal : sdiohal_parse_dt adma_tx:1, adma_rx:1, pwrseq:0, irq type:data, gpio_num:0, blksize:840
01-01 08:00:09.200 319 321 D XM_HIDREAD: add@ add@/class/slog_wcn
01-01 08:00:09.198 165 165 E sdiohal err: sdio, BITS =64, PageSize =4096, order=6, 3
01-01 08:00:09.206 165 165 I sdiohal : sdiohal_init ok
01-01 08:00:09.208 165 165 I WCN : marlin_probe ok!
01-01 08:00:09.201 319 321 D XM_HIDREAD: add@ add@/devices/virtual/slog_wcn/slog_wcn0
01-01 08:00:09.201 319 321 D XM_HIDREAD: add@ add@/devices/virtual/slog_wcn/slog_wcn1
01-01 08:00:09.201 319 321 D XM_HIDREAD: add@ add@/devices/virtual/misc/wcn_op
01-01 08:00:09.202 319 321 D XM_HIDREAD: add@ add@/bus/platform/drivers/uwe_bsp
01-01 08:00:09.203 319 321 D XM_HIDREAD: add@ add@/module/uwe5621_bsp_sdio
01-01 08:00:09.216 278 278 D libEGL : loaded /vendor/lib/egl/libGLES_mali.so
01-01 08:00:09.235 319 321 D XM_HIDREAD: add@ add@/devices/platform/mtty.0
01-01 08:00:09.236 319 321 D XM_HIDREAD: add@ add@/devices/virtual/tty/ttyBT0
01-01 08:00:09.236 165 165 E : uwe5621_bt_tty_init
01-01 08:00:09.242 165 165 E : mtty_probe unisoc soc, continue
01-01 08:00:09.242 165 165 I : mtty_probe init device addr: 0x0000000009e4b1e7
01-01 08:00:09.248 165 165 E : rfkill_bluetooth_init
01-01 08:00:09.247 319 321 D XM_HIDREAD: add@ add@/devices/platform/mtty.0/rfkill/rfkill1
01-01 08:00:09.254 165 165 E : rfkill_bluetooth_init end
01-01 08:00:09.259 165 165 E : marlin_sdio_init
01-01 08:00:09.260 319 321 D XM_HIDREAD: add@ add@/bus/platform/drivers/mtty
01-01 08:00:09.260 319 321 D XM_HIDREAD: add@ add@/module/sprdbt_tty
01-01 08:00:09.272 278 278 I RenderEngine: Realtime priority unsupported, degrading gracefully to high priority
01-01 08:00:09.292 182 182 I hwservicemanager: getTransport: Cannot find entry android.hardware.graphics.mapper@4.0::IMapper/default in either framework or device VINTF manifest.
01-01 08:00:09.292 278 278 I Gralloc4: mapper 4.x is not supported
01-01 08:00:09.293 182 182 I hwservicemanager: getTransport: Cannot find entry android.hardware.graphics.mapper@3.0::IMapper/default in either framework or device VINTF manifest.
01-01 08:00:09.293 278 278 W Gralloc3: mapper 3.x is not supported
01-01 08:00:09.314 278 278 E gralloc : Arm Module v1.0
01-01 08:00:09.316 182 182 I hwservicemanager: getTransport: Cannot find entry android.hardware.graphics.allocator@4.0::IAllocator/default in either framework or device VINTF manifest.
01-01 08:00:09.317 278 278 W Gralloc4: allocator 4.x is not supported
01-01 08:00:09.317 182 182 I hwservicemanager: getTransport: Cannot find entry android.hardware.graphics.allocator@3.0::IAllocator/default in either framework or device VINTF manifest.
01-01 08:00:09.318 278 278 W Gralloc3: allocator 3.x is not supported
01-01 08:00:09.340 1 1 I init : type=1400 audit(0.0:279): avc: denied { read } for name="ext_csd" dev="debugfs" ino=6217 scontext=u:r:init:s0 tcontext=u:object_r:debugfs_mmc:s0 tclass=file permissive=1
01-01 08:00:09.340 1 1 I init : type=1400 audit(0.0:280): avc: denied { open } for path="/sys/kernel/debug/mmc0/mmc0:0001/ext_csd" dev="debugfs" ino=6217 scontext=u:r:init:s0 tcontext=u:object_r:debugfs_mmc:s0 tclass=file permissive=1
01-01 08:00:09.366 257 257 E ion : ioctl c0044901 failed with code -1: Inappropriate ioctl for device
01-01 08:00:09.366 257 257 I gralloc : alloc buffer:W:1 H:1 S:16 PL[1 1] SZ:64 fmt:1 if:0 af:1 usg:300 fg:00000004
01-01 08:00:09.367 278 278 E ion : ioctl c0044901 failed with code -1: Inappropriate ioctl for device
01-01 08:00:09.375 278 278 I RenderEngine: OpenGL ES informations:
01-01 08:00:09.375 278 278 I RenderEngine: vendor : ARM
01-01 08:00:09.375 278 278 I RenderEngine: renderer : Mali-G31
01-01 08:00:09.375 278 278 I RenderEngine: version : OpenGL ES 3.2 v1.r20p0-01rel0.9f6475d0baffb05079096179e1278b1d
01-01 08:00:09.375 278 278 I RenderEngine: extensions: GL_EXT_debug_marker GL_ARM_rgba8 GL_ARM_mali_shader_binary GL_OES_depth24 GL_OES_depth_texture GL_OES_depth_texture_cube_map GL_OES_packed_depth_stencil GL_OES_rgb8_rgba8 GL_EXT_read_format_bgra GL_OES_compressed_paletted_texture GL_OES_compressed_ETC1_RGB8_texture GL_OES_standard_derivatives GL_OES_EGL_image GL_OES_EGL_image_external GL_OES_EGL_image_external_essl3 GL_OES_EGL_sync GL_OES_texture_npot GL_OES_vertex_half_float GL_OES_required_internalformat GL_OES_vertex_array_object GL_OES_mapbuffer GL_EXT_texture_format_BGRA8888 GL_EXT_texture_rg GL_EXT_texture_type_2_10_10_10_REV GL_OES_fbo_render_mipmap GL_OES_element_index_uint GL_EXT_shadow_samplers GL_OES_texture_compression_astc GL_KHR_texture_compression_astc_ldr GL_KHR_texture_compression_astc_hdr GL_KHR_texture_compression_astc_sliced_3d GL_EXT_texture_compression_astc_decode_mode GL_EXT_texture_compression_astc_decode_mode_rgb9e5 GL_KHR_debug GL_EXT_occlusion_query_boolean GL_EXT_disjoint_timer_query GL_EXT_blend_minmax GL_EXT_discard_
01-01 08:00:09.375 278 278 I RenderEngine: GL_MAX_TEXTURE_SIZE = 8192
01-01 08:00:09.375 278 278 I RenderEngine: GL_MAX_VIEWPORT_DIMS = 8192
01-01 08:00:09.382 278 278 W libprocessgroup: Failed to open /dev/cpuset/system-background/tasks: Permission denied: Permission denied
01-01 08:00:09.383 278 278 W libprocessgroup: Failed to apply SFMainPolicy task profile: Permission denied
01-01 08:00:09.395 334 334 I perfetto: probes_producer.cc:112 Connected to the service
01-01 08:00:09.425 182 182 I hwservicemanager: getTransport: Cannot find entry android.hardware.graphics.mapper@4.0::IMapper/default in either framework or device VINTF manifest.
01-01 08:00:09.430 258 286 I ComposerResources: failed to get mapper 4.0 service, falling back to mapper 3.0
01-01 08:00:09.438 357 357 I installd: installd firing up
01-01 08:00:09.439 368 368 D dom2reg : timezone change, new: Asia/Shanghai, pre:
01-01 08:00:09.440 368 368 D dom2reg : convert timezone to alpha2 country code: CN
01-01 08:00:09.443 368 368 D dom2reg : regulatory set to [CN] success(0)
01-01 08:00:09.445 182 182 I hwservicemanager: getTransport: Cannot find entry android.hardware.graphics.mapper@3.0::IMapper/default in either framework or device VINTF manifest.
01-01 08:00:09.445 258 286 I ComposerResources: failed to get mapper 3.0 service, falling back to mapper 2.0
01-01 08:00:09.448 324 324 I rainbow_flow: type=1400 audit(0.0:281): avc: denied { ioctl } for path="/dev/spidev1.0" dev="tmpfs" ino=6648 ioctlcmd=0x6b00 scontext=u:r:init:s0 tcontext=u:object_r:device:s0 tclass=chr_file permissive=1
01-01 08:00:09.463 258 286 E gralloc : Arm Module v1.0
01-01 08:00:09.480 258 286 I sunxihwc: createDeviceFactory: IDeviceFactory from hardware/aw/display/hwc-hal/disp2/HomletDeviceFactory.cpp
01-01 08:00:09.480 258 286 I sunxihwc: Device name: raven
01-01 08:00:09.482 258 286 D sunxihwc: Device config file: /vendor/etc/dispconfigs/homlet-default.json
01-01 08:00:09.482 258 375 I sunxihwc: threadLoop: EventThread start
01-01 08:00:09.480 363 363 I storaged: type=1400 audit(0.0:282): avc: denied { read } for path="/sys/kernel/debug/mmc0/mmc0:0001/ext_csd" dev="debugfs" ino=6217 scontext=u:r:storaged:s0 tcontext=u:object_r:debugfs_mmc:s0 tclass=file permissive=1
01-01 08:00:09.483 258 286 D sunxihwc: Parse 'Display0' config
01-01 08:00:09.483 258 286 D sunxihwc: Parse 'Display1' config
01-01 08:00:09.490 258 376 W displayd: xxxxxxx: threadedStartup begin
01-01 08:00:09.491 258 376 I sunxihwc: Device name: raven
01-01 08:00:09.497 258 376 D sunxihwc: Device config file: /vendor/etc/dispconfigs/homlet-default.json
01-01 08:00:09.498 258 376 D sunxihwc: Parse 'Display0' config
01-01 08:00:09.498 258 376 D sunxihwc: Parse 'Display1' config
01-01 08:00:09.499 258 286 I HidlServiceManagement: Registered vendor.display.config@1.0::IDisplayConfig/default
01-01 08:00:09.499 258 286 D android.hardware.graphics.composer@2.2-service: IDisplayConfig register: ok
01-01 08:00:09.499 258 286 I sunxihwc: initialize: DisplayConfigService init: ok
01-01 08:00:09.499 258 286 D sunxihwc: setHotplugState: mbHotplug = 1
01-01 08:00:09.499 258 286 E sunxihwc: notifyDeviceChanged: DeviceChangedListener not register yet!
01-01 08:00:09.499 258 286 I sunxihwc: setVendorInterface: register IVendorInterface: 0xf2dbc310
01-01 08:00:09.499 258 286 D sunxihwc: HAL device config file: /vendor/etc/dispconfigs/homlet-default.json
01-01 08:00:09.499 258 286 D sunxihwc: Displays (2 entries)
01-01 08:00:09.499 258 286 D sunxihwc: + Display{id=0, framebuffer=1920x1080(override=1), dpi=160x160}
01-01 08:00:09.499 258 286 D sunxihwc: DisplayEnginePortId=0
01-01 08:00:09.499 258 286 D sunxihwc: InterfaceType=HDMI
01-01 08:00:09.499 258 286 D sunxihwc: DefaultOutputMode=0
01-01 08:00:09.499 258 286 D sunxihwc: HotplugSupported=0
01-01 08:00:09.499 258 286 D sunxihwc: AfbcSupported=0
01-01 08:00:09.499 258 286 D sunxihwc: HardwareRotateSupported=0
01-01 08:00:09.499 258 286 D sunxihwc: BandwidthLimited=338800 Bytes per frame
01-01 08:00:09.499 258 286 D sunxihwc: + Display{id=1, framebuffer=1920x1080(override=1), dpi=160x160}
01-01 08:00:09.499 258 286 D sunxihwc: DisplayEnginePortId=1
01-01 08:00:09.499 258 286 D sunxihwc: InterfaceType=CVBS
01-01 08:00:09.499 258 286 D sunxihwc: DefaultOutputMode=0
01-01 08:00:09.499 258 286 D sunxihwc: HotplugSupported=0
01-01 08:00:09.499 258 286 D sunxihwc: AfbcSupported=0
01-01 08:00:09.499 258 286 D sunxihwc: HardwareRotateSupported=0
01-01 08:00:09.499 258 286 D sunxihwc: BandwidthLimited=338800 Bytes per frame
01-01 08:00:09.499 258 286 W sunxihwc: bringupDevices: display.1 was off, request type 2, try to bringup it!
01-01 08:00:09.499 258 286 I sunxihwc: scanConnectedDevice: wait for device connect
01-01 08:00:09.507 267 267 I display.output-service: platform is homlet
01-01 08:00:09.508 182 182 I hw-BpHwBinder: onLastStrongRef automatically unlinking death recipients
01-01 08:00:09.509 181 181 I servicemanager: Found vendor.display.output.IDisplayOutputManager/default in device VINTF manifest.
01-01 08:00:09.509 258 376 W displayd: xxxxxxx: HAL device config file: /vendor/etc/dispconfigs/homlet-default.json
01-01 08:00:09.509 258 376 W displayd: Displays (2 entries)
01-01 08:00:09.509 258 376 W displayd: + Display{id=0, framebuffer=1920x1080(override=1), dpi=160x160}
01-01 08:00:09.509 258 376 W displayd: DisplayEnginePortId=0
01-01 08:00:09.509 258 376 W displayd: InterfaceType=HDMI
01-01 08:00:09.509 258 376 W displayd: DefaultOutputMode=0
01-01 08:00:09.509 258 376 W displayd: HotplugSupported=0
01-01 08:00:09.509 258 376 W displayd: AfbcSupported=0
01-01 08:00:09.509 258 376 W displayd: HardwareRotateSupported=0
01-01 08:00:09.509 258 376 W displayd: BandwidthLimited=338800 Bytes per frame
01-01 08:00:09.509 258 376 W displayd: + Display{id=1, framebuffer=1920x1080(override=1), dpi=160x160}
01-01 08:00:09.509 258 376 W displayd: DisplayEnginePortId=1
01-01 08:00:09.509 258 376 W displayd: InterfaceType=CVBS
01-01 08:00:09.509 258 376 W displayd: DefaultOutputMode=0
01-01 08:00:09.509 258 376 W displayd: HotplugSupported=0
01-01 08:00:09.509 258 376 W displayd: AfbcSupported=0
01-01 08:00:09.509 258 376 W displayd: HardwareRotateSupported=0
01-01 08:00:09.509 258 376 W displayd: BandwidthLimited=338800 Bytes per frame
01-01 08:00:09.508 258 258 I MQ-Thread: type=1400 audit(0.0:283): avc: denied { read } for name="u:object_r:system_prop:s0" dev="tmpfs" ino=6446 scontext=u:r:hal_graphics_composer_default:s0 tcontext=u:object_r:system_prop:s0 tclass=file permissive=1
01-01 08:00:09.508 258 258 I MQ-Thread: type=1400 audit(0.0:284): avc: denied { open } for path="/dev/__properties__/u:object_r:system_prop:s0" dev="tmpfs" ino=6446 scontext=u:r:hal_graphics_composer_default:s0 tcontext=u:object_r:system_prop:s0 tclass=file permissive=1
01-01 08:00:09.508 258 258 I MQ-Thread: type=1400 audit(0.0:285): avc: denied { getattr } for path="/dev/__properties__/u:object_r:system_prop:s0" dev="tmpfs" ino=6446 scontext=u:r:hal_graphics_composer_default:s0 tcontext=u:object_r:system_prop:s0 tclass=file permissive=1
01-01 08:00:09.508 258 258 I MQ-Thread: type=1400 audit(0.0:286): avc: denied { map } for path="/dev/__properties__/u:object_r:system_prop:s0" dev="tmpfs" ino=6446 scontext=u:r:hal_graphics_composer_default:s0 tcontext=u:object_r:system_prop:s0 tclass=file permissive=1
01-01 08:00:09.511 258 376 W displayd: xxxxxxx: display output policy: dual
01-01 08:00:09.511 258 376 W displayd: xxxxxxx: Display.0 output type: 4
01-01 08:00:09.511 258 376 W displayd: xxxxxxx: Display.1 output type: 2
01-01 08:00:09.511 258 376 W displayd: xxxxxxx: createDevice: type=4 on port 0
01-01 08:00:09.508 258 258 I MQ-Thread: type=1400 audit(0.0:287): avc: denied { read } for name="u:object_r:default_prop:s0" dev="tmpfs" ino=6319 scontext=u:r:hal_graphics_composer_default:s0 tcontext=u:object_r:default_prop:s0 tclass=file permissive=1
01-01 08:00:09.508 258 258 I MQ-Thread: type=1400 audit(0.0:288): avc: denied { open } for path="/dev/__properties__/u:object_r:default_prop:s0" dev="tmpfs" ino=6319 scontext=u:r:hal_graphics_composer_default:s0 tcontext=u:object_r:default_prop:s0 tclass=file permissive=1
01-01 08:00:09.508 258 258 I MQ-Thread: type=1400 audit(0.0:289): avc: denied { getattr } for path="/dev/__properties__/u:object_r:default_prop:s0" dev="tmpfs" ino=6319 scontext=u:r:hal_graphics_composer_default:s0 tcontext=u:object_r:default_prop:s0 tclass=file permissive=1
01-01 08:00:09.508 258 258 I MQ-Thread: type=1400 audit(0.0:290): avc: denied { map } for path="/dev/__properties__/u:object_r:default_prop:s0" dev="tmpfs" ino=6319 scontext=u:r:hal_graphics_composer_default:s0 tcontext=u:object_r:default_prop:s0 tclass=file permissive=1
01-01 08:00:09.512 258 376 W displayd: xxxxxxx: Device hdmi init
01-01 08:00:09.512 258 376 W displayd: xxxxxxx: createDevice: type=2 on port 1
01-01 08:00:09.512 258 376 W displayd: xxxxxxx: Device cvbs init
01-01 08:00:09.512 258 376 W displayd: xxxxxxx: Initizlize display device mapping
01-01 08:00:09.512 258 376 D displayd: xxxxxxx: updateConnectState: type=-1 connected=-1
01-01 08:00:09.508 258 258 I MQ-Thread: type=1400 audit(0.0:291): avc: denied { getattr } for path="/sys/devices/platform/soc@3000000/6520000.tv0/extcon/extcon1/state" dev="sysfs" ino=19386 scontext=u:r:hal_graphics_composer_default:s0 tcontext=u:object_r:sysfs:s0 tclass=file permissive=1
01-01 08:00:09.513 258 376 W displayd: xxxxxxx: platformGetDeviceConnectStatePath:
01-01 08:00:09.513 258 376 W displayd: hdmi: /sys/class/extcon/extcon0/state
01-01 08:00:09.513 258 376 W displayd: cvbs: /sys/class/extcon/extcon1/state
01-01 08:00:09.513 258 376 D displayd: xxxxxxx: updated: type=2 connected=0
01-01 08:00:09.513 258 376 D displayd: xxxxxxx: updated: type=4 connected=1
01-01 08:00:09.513 258 376 W displayd: xxxxxxx: setupDefaultOutput: hdmi user strategy: 255
01-01 08:00:09.513 258 376 W edid : Parse block0:
01-01 08:00:09.514 258 376 W edid : Extension block count: 1
01-01 08:00:09.514 258 376 W edid : Parse CEA extension block (version: 3)
01-01 08:00:09.514 258 376 W edid : CEA data length: 71 bytes
01-01 08:00:09.514 258 376 E edid : parseCeaDataBlocks:unhandled EXTENDED_TAG code0
01-01 08:00:09.514 258 376 E edid : Unknow IEEE Registration Identifier (0x0000D046)
01-01 08:00:09.512 1 1 I /system/bin/init: type=1107 audit(0.0:292): uid=0 auid=4294967295 ses=4294967295 subj=u:r:init:s0 msg='avc: denied { set } for property=vendor.sys.tv_vdid_fex pid=258 uid=1000 gid=1003 scontext=u:r:hal_graphics_composer_default:s0 tcontext=u:object_r:vendor_default_prop:s0 tclass=property_service permissive=1'
01-01 08:00:09.526 258 376 W displayd: xxxxxxx: performDefaultConfig dirty=0
01-01 08:00:09.526 258 376 W displayd: xxxxxxx: Old config: type[4] mode[10] pixelformat[1] bits[0] eotf[4] colorspace[257]
01-01 08:00:09.530 258 376 W displayd: xxxxxxx: New config: type[4] mode[10] pixelformat[1] bits[0] eotf[4] colorspace[257]
01-01 08:00:09.534 258 376 D displayd: xxxxxxx: Update config to boot
01-01 08:00:09.535 258 376 E displayd: xxxxxxx: Could not open '/Reserve0/disp_rsl.fex', No such file or directory(2)
01-01 08:00:09.535 258 376 E displayd: xxxxxxx: getFileData failed with I/O error
01-01 08:00:09.544 1 1 I /system/bin/init: type=1107 audit(0.0:293): uid=0 auid=4294967295 ses=4294967295 subj=u:r:init:s0 msg='avc: denied { set } for property=persist.disp.device_config.hdmi pid=258 uid=1000 gid=1003 scontext=u:r:hal_graphics_composer_default:s0 tcontext=u:object_r:default_prop:s0 tclass=property_service permissive=1'
01-01 08:00:09.554 258 376 I sunxihwc: switchDevice: display[1]: type=2 mode=0 enable=0
01-01 08:00:09.554 258 376 I sunxihwc: switchDevice: display[0]: type=4 mode=10 enable=1
01-01 08:00:09.554 258 376 D sunxihwc: setHotplugState: mbHotplug = 1
01-01 08:00:09.554 258 376 I sunxihwc: createSyncTimeline: DisplayEngine Frequency: 696000000 Hz
01-01 08:00:09.554 258 376 I sunxihwc: setup: timeline0 create
01-01 08:00:09.554 258 376 E sunxihwc: readFromFile: Could not open '/sys/firmware/devicetree/base/dram/dram_clk', No such file or directory(2)
01-01 08:00:09.554 258 376 E sunxihwc: readFromFile: Could not open '/sys/firmware/devicetree/base/dram/dram_mr1', No such file or directory(2)
01-01 08:00:09.554 258 376 E sunxihwc: readFromFile: Could not open '/sys/firmware/devicetree/base/dram/dram_type', No such file or directory(2)
01-01 08:00:09.555 258 376 I sunxihwc: getDramInfoFromDeviceTree: draminfo: freq 0 MHz, bus width 32 bits, type 0
01-01 08:00:09.555 258 376 I sunxihwc: computeEffectiveBandwidth: dram effective bandwidth: 0 MBytes
01-01 08:00:09.555 258 376 E sunxihwc: calculateBandwidthLimitation: getDramFrequency return error(0), fallback to default bandwidth config
01-01 08:00:09.555 258 376 I sunxihwc: setup: Bandwidth limitation: 49152000 Bytes per frame
01-01 08:00:09.555 258 376 I sunxihwc: setDisplaydCb: get mDisplaydCb =0x0x696c4372
01-01 08:00:09.555 258 376 I sunxihwc: updateConnectedDevices: display[0] connected=1 type=4 device=0xf2bfed0c
01-01 08:00:09.555 258 376 I sunxihwc: updateConnectedDevices: display[1] connected=0 type=2 device=0x0
01-01 08:00:09.556 258 376 D sunxihwc: enqueueEvent: enqueueEvent: event 1
01-01 08:00:09.556 258 286 D sunxihwc: enqueueEvent: enqueueEvent: event 1
01-01 08:00:09.556 258 375 W sunxihwc: deviceChangedEventProcess: Display.0 (hdmi0) connect
01-01 08:00:09.556 258 375 I sunxihwc: onHotplugReceived: display(0) connect state[1]
01-01 08:00:09.556 258 286 I sunxihwc: waitForHotplugIssued: Wait for display connect
01-01 08:00:09.556 258 375 I sunxihwc: onHotplugReceived: display size: 0 display.0 0 display.1 0 display.0 0
01-01 08:00:09.556 258 376 I sunxihwc: setMargin: display[0]: margin 100 100 100 100
01-01 08:00:09.556 258 375 W sunxihwc: onHotplugReceived: display(0) is 0xf2c13010
01-01 08:00:09.556 258 375 D sunxihwc: setDisplays: display =0xf2c13010
01-01 08:00:09.556 258 375 D sunxihwc: setDisplays: display size=1
01-01 08:00:09.556 258 376 W displayd: xxxxxxx: Turen on display(0), margin(100,100,100,100)
01-01 08:00:09.556 258 375 D sunxihwc: setHotplugState: mbHotplug = 0
01-01 08:00:09.556 258 375 D sunxihwc: setHotplugState: mbHotplug = 0
01-01 08:00:09.556 278 278 I SurfaceFlinger: onComposerHalHotplug(0, connected)
01-01 08:00:09.556 278 278 I HWComposer: Switching to legacy multi-display mode
01-01 08:00:09.557 258 376 W displayd: xxxxxxx: Current device mapping:
01-01 08:00:09.557 258 376 W displayd: + display [1]: enable=0 type=2 mode=0
01-01 08:00:09.557 258 376 W displayd: + display [0]: enable=1 type=4 mode=10
01-01 08:00:09.557 258 376 I sunxihwc: registerCallback: registerCallback mEventCallback =0x0
01-01 08:00:09.557 258 376 I sunxihwc: setDisplaydCb: get mDisplaydCb =0x0xf2df03f0
01-01 08:00:09.557 278 278 E HWComposer: getAttribute: getDisplayAttribute failed for display 0: BadConfig (1)
01-01 08:00:09.557 278 278 E HWComposer: getDisplayConnectionType: getDisplayConnectionType failed for display 0: Unsupported (8)
01-01 08:00:09.559 278 383 W EventThread: Ignoring VSYNC request while display is disconnected
01-01 08:00:09.559 278 383 W EventThread: Ignoring VSYNC request while display is disconnected
01-01 08:00:09.559 278 384 W EventThread: Ignoring VSYNC request while display is disconnected
01-01 08:00:09.560 278 384 W EventThread: Ignoring VSYNC request while display is disconnected
01-01 08:00:09.560 278 383 W EventThread: Ignoring VSYNC request while display is disconnected
01-01 08:00:09.560 278 383 W EventThread: Ignoring VSYNC request while display is disconnected
01-01 08:00:09.560 258 286 D sunxihwc: getHdrCapabilities: getHdrCapabilities: support hdr10 and hlg
01-01 08:00:09.561 278 278 W HwcComposer: getPerFrameMetadataKeys failed with 8
01-01 08:00:09.563 258 376 W displayd: xxxxxxx: threadedStartup end
01-01 08:00:09.566 257 257 I gralloc : alloc buffer:W:1920 H:1080 S:1920 PL[1920 1080] SZ:8294400 fmt:1 if:0 af:1 usg:1b00 fg:00000004
01-01 08:00:09.569 258 380 I sunxihwc: threadLoop: set CommitThread priority as HAL_PRIORITY_URGENT_DISPLAY
01-01 08:00:09.571 258 381 I sunxihwc: pollThreadLoop: polling VsyncThread start
01-01 08:00:09.571 257 290 I gralloc : alloc buffer:W:1920 H:1080 S:1920 PL[1920 1080] SZ:8294400 fmt:1 if:0 af:1 usg:1b00 fg:00000004
01-01 08:00:09.572 278 278 I SurfaceFlinger: Dispatching display hotplug event displayId=0, connected=1
01-01 08:00:09.577 371 371 D WifiHWInfo: Start to load wireless module hardware info table...
01-01 08:00:09.579 371 371 D WifiHWInfo: Entry [01], BUS: SDIO, ID: 0x024C8179, Name: rtl8189es.
01-01 08:00:09.579 371 371 D WifiHWInfo: Entry [02], BUS: SDIO, ID: 0x024CB723, Name: rtl8723bs_vq0.
