06-20 13:37:01.383 1865 2450 D XM_HIDREAD: [9 bytes]:01 00 00 52 00 00 00 00 00
06-20 13:37:01.385 1957 1957 I SogouIME: onKeyDown: keyoCode=19
06-20 13:37:01.385 1957 1957 I DefaultIMS: onKeyDown: keyoCode=19
06-20 13:37:01.386 1957 1957 I TvSpecialKeyEventInterceptor: onKeyDown repeat: 0 onKeyDownConsume: false
06-20 13:37:01.386 1957 1957 I KeyboardViewPresenter: getNextKey Key_H
06-20 13:37:01.529 1865 2450 D XM_HIDREAD: poll ret=1, event=1
06-20 13:37:01.529 1865 2450 D XM_HIDREAD: [9 bytes]:01 00 00 00 00 00 00 00 00
06-20 13:37:01.531 1957 1957 I SogouIME: onKeyUp: keyoCode=19
06-20 13:37:01.531 1957 1957 I DefaultIMS: onKeyUp: keyoCode=19
06-20 13:37:01.532 1957 1957 I TvSpecialKeyEventInterceptor: onKeyUp: onKeyDownConsume false onKeyUpConsume: false repeat: 0
06-20 13:37:01.855 1865 2450 D XM_HIDREAD: poll ret=1, event=1
06-20 13:37:01.855 1865 2450 D XM_HIDREAD: [9 bytes]:01 00 00 28 00 00 00 00 00
06-20 13:37:01.857 1957 1957 I SogouIME: onKeyDown: keyoCode=23
06-20 13:37:01.858 1957 1957 I DefaultIMS: onKeyDown: keyoCode=23
06-20 13:37:01.859 1957 1957 I TvSpecialKeyEventInterceptor: onKeyDown repeat: 0 onKeyDownConsume: false
06-20 13:37:01.990 1865 2450 D XM_HIDREAD: poll ret=1, event=1
06-20 13:37:01.990 1865 2450 D XM_HIDREAD: [9 bytes]:01 00 00 00 00 00 00 00 00
06-20 13:37:01.993 1957 1957 I SogouIME: onKeyUp: keyoCode=23
06-20 13:37:01.993 1957 1957 I DefaultIMS: onKeyUp: keyoCode=23
06-20 13:37:01.994 1957 1957 I TvSpecialKeyEventInterceptor: onKeyUp: onKeyDownConsume false onKeyUpConsume: false repeat: 0
06-20 13:37:01.995 1957 1957 I fB : onKeyClick: property=104 code=104 symbol=null
06-20 13:37:01.995 1957 1957 I KeyEventTransfer: doKeyInput: property=104 code=104 text=h miniText=null
06-20 13:37:01.998 1957 1957 I ENKeyHandler: on selection update: oldStart: 5, oldEnd: 5, newStart: 6, newEnd: 6, composingStart: -1, composingEnd: -1
06-20 13:37:02.182 454 643 I audio_hw_hal_alsamgr: alsa format =0x1 delay frames =768 total frames=2801920
06-20 13:37:02.271 1865 2450 D XM_HIDREAD: poll ret=1, event=1
06-20 13:37:02.271 1865 2450 D XM_HIDREAD: [9 bytes]:01 00 00 4F 00 00 00 00 00
06-20 13:37:02.274 1957 1957 I SogouIME: onKeyDown: keyoCode=22
06-20 13:37:02.274 1957 1957 I DefaultIMS: onKeyDown: keyoCode=22
06-20 13:37:02.275 1957 1957 I TvSpecialKeyEventInterceptor: onKeyDown repeat: 0 onKeyDownConsume: false
06-20 13:37:02.276 1957 1957 I KeyboardViewPresenter: getNextKey Key_I
06-20 13:37:02.362 1865 2450 D XM_HIDREAD: poll ret=1, event=1
06-20 13:37:02.362 1865 2450 D XM_HIDREAD: [9 bytes]:01 00 00 00 00 00 00 00 00
06-20 13:37:02.363 1957 1957 I SogouIME: onKeyUp: keyoCode=22
06-20 13:37:02.364 1957 1957 I DefaultIMS: onKeyUp: keyoCode=22
06-20 13:37:02.365 1957 1957 I TvSpecialKeyEventInterceptor: onKeyUp: onKeyDownConsume false onKeyUpConsume: false repeat: 0
06-20 13:37:02.631 1865 2450 D XM_HIDREAD: poll ret=1, event=1
06-20 13:37:02.631 1865 2450 D XM_HIDREAD: [9 bytes]:01 00 00 28 00 00 00 00 00
06-20 13:37:02.634 1957 1957 I SogouIME: onKeyDown: keyoCode=23
06-20 13:37:02.634 1957 1957 I DefaultIMS: onKeyDown: keyoCode=23
06-20 13:37:02.636 1957 1957 I TvSpecialKeyEventInterceptor: onKeyDown repeat: 0 onKeyDownConsume: false
06-20 13:37:02.767 1865 2450 D XM_HIDREAD: poll ret=1, event=1
06-20 13:37:02.767 1865 2450 D XM_HIDREAD: [9 bytes]:01 00 00 00 00 00 00 00 00
06-20 13:37:02.769 1957 1957 I SogouIME: onKeyUp: keyoCode=23
06-20 13:37:02.769 1957 1957 I DefaultIMS: onKeyUp: keyoCode=23
06-20 13:37:02.771 1957 1957 I TvSpecialKeyEventInterceptor: onKeyUp: onKeyDownConsume false onKeyUpConsume: false repeat: 0
06-20 13:37:02.771 1957 1957 I fB : onKeyClick: property=105 code=105 symbol=null
06-20 13:37:02.771 1957 1957 I KeyEventTransfer: doKeyInput: property=105 code=105 text=i miniText=null
06-20 13:37:02.774 1957 1957 I ENKeyHandler: on selection update: oldStart: 6, oldEnd: 6, newStart: 7, newEnd: 7, composingStart: -1, composingEnd: -1
06-20 13:37:03.081 1865 2450 D XM_HIDREAD: poll ret=1, event=1
06-20 13:37:03.081 1865 2450 D XM_HIDREAD: [9 bytes]:01 00 00 29 00 00 00 00 00
06-20 13:37:03.085 1957 1957 I SogouIME: onKeyDown: keyoCode=4
06-20 13:37:03.085 1957 1957 I DefaultIMS: onKeyDown: keyoCode=4
06-20 13:37:03.089 1957 1957 I TvSpecialKeyEventInterceptor: onKeyDown repeat: 0 onKeyDownConsume: false
06-20 13:37:03.216 1865 2450 D XM_HIDREAD: poll ret=1, event=1
06-20 13:37:03.216 1865 2450 D XM_HIDREAD: [9 bytes]:01 00 00 00 00 00 00 00 00
06-20 13:37:03.217 685 709 D AutofillManagerService: onBackKeyPressed()
06-20 13:37:03.219 1957 1957 I SogouIME: onKeyUp: keyoCode=4
06-20 13:37:03.219 1957 1957 I DefaultIMS: onKeyUp: keyoCode=4
06-20 13:37:03.221 1957 1957 I TvSpecialKeyEventInterceptor: onKeyUp: onKeyDownConsume false onKeyUpConsume: false repeat: 0
06-20 13:37:03.221 1957 1957 I RootPresenter: hideInputWindow:
06-20 13:37:03.222 685 1083 I ImeTracker: com.dangbei.haqusetting:8e4661ba: onRequestHide at ORIGIN_SERVER_HIDE_INPUT reason HIDE_SOFT_INPUT_FROM_IME
06-20 13:37:03.228 1957 1957 I SogouIME: onFinishInputView:
06-20 13:37:03.229 1957 1957 I DefaultIMS: onFinishInputView: false
06-20 13:37:03.237 2689 2689 D KeyboardUtils: getDecorViewInvisibleHeight: 0
06-20 13:37:03.240 901 979 D WindowManagerShell: TvPipController: onImeVisibilityChanged(), visible=false, height=0
06-20 13:37:03.248 1957 1957 D EnInputSession: getCandidateWords: count=0
06-20 13:37:03.262 1957 1957 D EnInputSession: getCandidateWords: count=0
06-20 13:37:03.262 1957 1957 I eJ : handle Action on finish Input
06-20 13:37:03.263 1957 1957 I PhysicalKeyHandler: resetPhysicalKeyboardStatus
06-20 13:37:03.264 2689 2689 W WindowOnBackDispatcher: sendCancelIfRunning: isInProgress=falsecallback=ImeCallback=ImeOnBackInvokedCallback@105346373 Callback=android.window.IOnBackInvokedCallback$Stub$Proxy@26bfad1
06-20 13:37:03.265 685 2118 D CoreBackPreview: Window{ccbebcc u0 com.dangbei.haqusetting/com.dangbei.haqusetting.ui.leaf.ui.net.connect.LeafWholeWifiConnectActivity}: Setting back callback OnBackInvokedCallbackInfo{mCallback=android.window.IOnBackInvokedCallback$Stub$Proxy@63374eb, mPriority=0, mIsAnimationCallback=false}
06-20 13:37:03.457 2689 2689 I ImeTracker: com.dangbei.haqusetting:bb3ef92f: onRequestHide at ORIGIN_CLIENT_HIDE_SOFT_INPUT reason HIDE_SOFT_INPUT_BY_INSETS_API
06-20 13:37:03.460 685 2118 I ImeTracker: com.dangbei.haqusetting:bb3ef92f: onCancelled at PHASE_SERVER_SHOULD_HIDE
06-20 13:37:03.461 2689 2689 I ImeTracker: com.dangbei.haqusetting:8e4661ba: onHidden
06-20 13:37:03.471 2689 2689 D KeyboardUtils: getDecorViewInvisibleHeight: 0
06-20 13:37:03.599 1865 2450 D XM_HIDREAD: poll ret=1, event=1
06-20 13:37:03.599 1865 2450 D XM_HIDREAD: [9 bytes]:01 00 00 51 00 00 00 00 00
06-20 13:37:03.601 1957 1957 I SogouIME: onKeyDown: keyoCode=20
06-20 13:37:03.601 1957 1957 I DefaultIMS: onKeyDown: keyoCode=20
06-20 13:37:03.610 2239 2294 I efs.send_log: log cann't be send because net status is disconnected
06-20 13:37:03.613 1957 1957 I DefaultIMS: onStartInput attribute=android.view.inputmethod.EditorInfo@83faf8d restarting=false inputType: 0
06-20 13:37:03.745 1865 2450 D XM_HIDREAD: poll ret=1, event=1
06-20 13:37:03.745 1865 2450 D XM_HIDREAD: [9 bytes]:01 00 00 00 00 00 00 00 00
06-20 13:37:03.747 1957 1957 I SogouIME: onKeyUp: keyoCode=20
06-20 13:37:03.747 1957 1957 I DefaultIMS: onKeyUp: keyoCode=20
06-20 13:37:04.094 1865 2450 D XM_HIDREAD: poll ret=1, event=1
06-20 13:37:04.094 1865 2450 D XM_HIDREAD: [9 bytes]:01 00 00 28 00 00 00 00 00
06-20 13:37:04.096 1957 1957 I SogouIME: onKeyDown: keyoCode=23
06-20 13:37:04.097 1957 1957 I DefaultIMS: onKeyDown: keyoCode=23
06-20 13:37:04.184 1865 2450 D XM_HIDREAD: poll ret=1, event=1
06-20 13:37:04.184 1865 2450 D XM_HIDREAD: [9 bytes]:01 00 00 00 00 00 00 00 00
06-20 13:37:04.185 1957 1957 I SogouIME: onKeyUp: keyoCode=23
06-20 13:37:04.185 1957 1957 I DefaultIMS: onKeyUp: keyoCode=23
06-20 13:37:04.188 2689 2689 D CompatibilityChangeReporter: Compat change id reported: 147798919; UID 1000; state: ENABLED
06-20 13:37:04.203 685 2118 W WindowManager: [addWindow] title:Toast
06-20 13:37:04.215 685 2118 D CoreBackPreview: Window{64f6260 u0 Toast}: Setting back callback OnBackInvokedCallbackInfo{mCallback=android.window.IOnBackInvokedCallback$Stub$Proxy@24335bf, mPriority=0, mIsAnimationCallback=false}
06-20 13:37:04.243 901 1071 E OpenGLRenderer: Unable to match the desired swap behavior.
06-20 13:37:04.254 685 2118 D PermissionCache: checking android.permission.ROTATE_SURFACE_FLINGER for uid=10052 => granted (216 us)
06-20 13:37:04.254 685 2118 D PermissionCache: checking android.permission.INTERNAL_SYSTEM_WINDOW for uid=10052 => granted (95 us)
06-20 13:37:04.254 685 2118 D PermissionCache: checking android.permission.ACCESS_SURFACE_FLINGER for uid=10052 => granted (44 us)
06-20 13:37:04.602 442 3491 I resolv : GetAddrInfoHandler::run: {0 0 0 983040 10044 0}
06-20 13:37:05.579 1865 2450 D XM_HIDREAD: poll ret=1, event=1
06-20 13:37:05.579 1865 2450 D XM_HIDREAD: [9 bytes]:01 00 00 52 00 00 00 00 00
06-20 13:37:05.581 1957 1957 I SogouIME: onKeyDown: keyoCode=19
06-20 13:37:05.582 1957 1957 I DefaultIMS: onKeyDown: keyoCode=19
06-20 13:37:05.584 2689 2689 I ImeTracker: com.dangbei.haqusetting:7e3ed1f: onRequestShow at ORIGIN_CLIENT_SHOW_SOFT_INPUT reason SHOW_TOGGLE_SOFT_INPUT
06-20 13:37:05.589 2689 2689 I ImeTracker: com.dangbei.haqusetting:7e3ed1f: onFailed at PHASE_CLIENT_VIEW_SERVED
06-20 13:37:05.589 1957 1957 I DefaultIMS: onStartInput attribute=android.view.inputmethod.EditorInfo@b1dfa9f restarting=false inputType: 33
06-20 13:37:05.589 2689 2689 W InputMethodManager: Ignoring showSoftInput() as view=com.google.android.material.textview.MaterialTextView{a4ebcdc VFED..C.. ......ID 80,276-340,356 #7f090139 app:id/fragment_leaf_whole_wifi_connect_confirm_tv aid=1073741825} is not served.
06-20 13:37:05.725 1865 2450 D XM_HIDREAD: poll ret=1, event=1
06-20 13:37:05.725 1865 2450 D XM_HIDREAD: [9 bytes]:01 00 00 00 00 00 00 00 00
06-20 13:37:05.727 1957 1957 I SogouIME: onKeyUp: keyoCode=19
06-20 13:37:05.727 1957 1957 I DefaultIMS: onKeyUp: keyoCode=19
06-20 13:37:06.081 685 822 E WifiScoringParams: Invalid frequency(-1), using 5G as default rssi array
06-20 13:37:06.088 685 826 D InstantWifi: Drop, size: 1
06-20 13:37:06.101 0 0 W : [1 T576 ..] [aml_cfg80211_scan 1812] n_channels:26,iftype:2
06-20 13:37:06.101 0 0 W : [1 T576 ..] [aml_send_scanu_req 2532] vif:0
06-20 13:37:06.101 0 0 W : [1 T576 ..] >>> aml_send_msg()
06-20 13:37:06.103 0 0 W : [2 T1041 ..] ipc_sdio_host_msgack_handler 000000002c72e21c
06-20 13:37:06.103 0 0 W : [2 T1041 ..] [aml_msgackind 2039] msg ack hostid=0xffffff807b4b5e80
06-20 13:37:06.104 0 0 W : [2 T1041 ..] [cmd_mgr_llind 329] cmd tkn[44] flags:0008 result: -4 cmd:4096-SCANU_START_REQ - reqcfm( 0-none)
06-20 13:37:06.106 0 0 W : [2 T1041 ..] [cmd_complete 65] cmd tkn[44] flags:0000 result: -4 cmd:4096-SCANU_START_REQ - reqcfm( 0-none)
06-20 13:37:06.626 1865 2450 D XM_HIDREAD: poll ret=1, event=1
06-20 13:37:06.626 1865 2450 D XM_HIDREAD: [9 bytes]:01 00 00 28 00 00 00 00 00
06-20 13:37:06.629 1957 1957 I SogouIME: onKeyDown: keyoCode=23
06-20 13:37:06.630 1957 1957 I DefaultIMS: onKeyDown: keyoCode=23
06-20 13:37:06.749 1865 2450 D XM_HIDREAD: poll ret=1, event=1
06-20 13:37:06.749 1865 2450 D XM_HIDREAD: [9 bytes]:01 00 00 00 00 00 00 00 00
06-20 13:37:06.751 1957 1957 I SogouIME: onKeyUp: keyoCode=23
06-20 13:37:06.751 1957 1957 I DefaultIMS: onKeyUp: keyoCode=23
06-20 13:37:06.752 1957 1957 I SogouIME: onViewClicked:
06-20 13:37:06.753 2689 2689 I ImeTracker: com.dangbei.haqusetting:6903dbfa: onRequestShow at ORIGIN_CLIENT_SHOW_SOFT_INPUT reason SHOW_SOFT_INPUT
06-20 13:37:06.753 2689 2689 D InputMethodManager: showSoftInput() view=androidx.appcompat.widget.AppCompatEditText{73f6c29 VFED..CL. .F.P.... 80,156-520,236 #7f09013a app:id/fragment_leaf_whole_wifi_connect_edittext aid=1073741824} flags=0 reason=SHOW_SOFT_INPUT
06-20 13:37:06.754 685 700 D OomAdjuster: Not killing cached processes
06-20 13:37:06.755 685 700 W ProcessStats: Tracking association SourceState{15821f7 system/1000 BFgs #474} whose proc state 4 is better than process ProcessState{67eb5b5 com.sohu.inputmethod.sogou.tv/10039 pkg=com.sohu.inputmethod.sogou.tv} proc state 6 (1 skipped)
06-20 13:37:06.757 1957 1957 I SogouIME: SogouIME::onStartInputView()
06-20 13:37:06.757 1957 1957 I DefaultIMS: onStartInputView attributeandroid.view.inputmethod.EditorInfo@b1dfa9f restarting=false inputType: 33
06-20 13:37:06.757 1957 1957 I SogouIME: SogouIME::setInputView()
06-20 13:37:06.760 1957 1957 I MainPresenter: onStartInputView: attribute=android.view.inputmethod.EditorInfo@b1dfa9f isReady=true; restarting: false inputType: 33
06-20 13:37:06.769 1957 1957 D EnInputSession: getCandidateWords: count=0
06-20 13:37:06.769 1957 1957 I InputContext: onChanged: candidateWords=[]
06-20 13:37:06.769 1957 1957 I InputContext: onChanged: candidateWordInfo.size=0 global offset: 0pausedCandidateData = false
06-20 13:37:06.769 1957 1957 I InputContext: onChanged: composing=null
06-20 13:37:06.769 1957 1957 I InputContext: onChanged: forCompose=false
06-20 13:37:06.769 1957 1957 I KeyboardViewPresenter: get voice bean changed status: NOR_START
06-20 13:37:06.770 1957 1957 I InputContext: onChanged: editComposing=
06-20 13:37:06.770 1957 1957 I MainPresenter: setInputType:
06-20 13:37:06.770 1957 1957 I MainPresenter: loadInputType: 0
06-20 13:37:06.770 1957 1957 I BodyArea: loadKeyboard layoutId1
06-20 13:37:06.770 2689 2689 E SpannableStringBuilder: SPAN_EXCLUSIVE_EXCLUSIVE spans cannot have a zero length
06-20 13:37:06.770 2689 2689 E SpannableStringBuilder: SPAN_EXCLUSIVE_EXCLUSIVE spans cannot have a zero length
06-20 13:37:06.771 1957 1957 D SkinEngine: prepareProtoList: execute start
06-20 13:37:06.771 1957 1957 D SkinEngine: prepareProtoList: execute end
06-20 13:37:06.791 901 901 W WindowOnBackDispatcher: sendCancelIfRunning: isInProgress=falsecallback=android.view.ViewRootImpl$$ExternalSyntheticLambda17@a8bbb4f
06-20 13:37:06.792 685 700 D CoreBackPreview: Window{64f6260 u0 Toast}: Setting back callback null
06-20 13:37:06.797 685 1083 W InputManager-JNI: Input channel object '64f6260 Toast (client)' was disposed without first being removed with the input manager!
06-20 13:37:06.801 685 1083 W NotificationService: Toast already killed. pkg=com.dangbei.haqusetting token=android.os.BinderProxy@6725c8d
06-20 13:37:06.809 1957 1957 I AbstractLifecycle: onStartInputView: Build_d5523c4_20201222 android_tv_dangbei
06-20 13:37:06.812 1957 1957 I eJ : handle Action on start Input
06-20 13:37:06.818 685 1083 D CoreBackPreview: Window{ccbebcc u0 com.dangbei.haqusetting/com.dangbei.haqusetting.ui.leaf.ui.net.connect.LeafWholeWifiConnectActivity}: Setting back callback OnBackInvokedCallbackInfo{mCallback=android.window.IOnBackInvokedCallback$Stub$Proxy@8f28e42, mPriority=0, mIsAnimationCallback=false}
06-20 13:37:06.828 1957 2026 E OpenGLRenderer: Unable to match the desired swap behavior.
06-20 13:37:06.832 247 247 E DMABUFHEAPS: Unable to allocate from DMA-BUF heap: heap-gfx: Out of memory
06-20 13:37:06.832 247 247 E DMABUFHEAPS: No ion heap of name heap-gfx exists
06-20 13:37:06.832 247 247 E DMABUFHEAPS: No ion heap of name heap-gfx exists
06-20 13:37:06.832 247 247 W mali_gralloc: libdmabufheap allocation failed for heap-gfx heap, falling back to system heap
06-20 13:37:06.304 0 0 W : [3 T1046 ..] [aml_scan_rx 1505] scanres_payload_buf overflow, flush
06-20 13:37:06.842 0 0 E [2 T247 ..] aml_cma_alloc: heap-gfx: alloc failed, req-size: 2072 pages, ret: -12
06-20 13:37:06.835 247 247 E DMABUFHEAPS: Unable to allocate from DMA-BUF heap: heap-gfx: Out of memory
06-20 13:37:06.835 247 247 E DMABUFHEAPS: No ion heap of name heap-gfx exists
06-20 13:37:06.836 247 247 E DMABUFHEAPS: No ion heap of name heap-gfx exists
06-20 13:37:06.836 247 247 W mali_gralloc: libdmabufheap allocation failed for heap-gfx heap, falling back to system heap
06-20 13:37:06.847 0 0 E [2 T247 ..] aml_cma_alloc: heap-gfx: alloc failed, req-size: 2072 pages, ret: -12
06-20 13:37:06.837 247 247 E DMABUFHEAPS: Unable to allocate from DMA-BUF heap: heap-gfx: Out of memory
06-20 13:37:06.837 247 247 E DMABUFHEAPS: No ion heap of name heap-gfx exists
06-20 13:37:06.837 247 247 E DMABUFHEAPS: No ion heap of name heap-gfx exists
06-20 13:37:06.837 247 247 W mali_gralloc: libdmabufheap allocation failed for heap-gfx heap, falling back to system heap
06-20 13:37:06.838 247 247 E DMABUFHEAPS: Unable to allocate from DMA-BUF heap: heap-gfx: Out of memory
06-20 13:37:06.838 247 247 E DMABUFHEAPS: No ion heap of name heap-gfx exists
06-20 13:37:06.838 247 247 E DMABUFHEAPS: No ion heap of name heap-gfx exists
06-20 13:37:06.838 247 247 W mali_gralloc: libdmabufheap allocation failed for heap-gfx heap, falling back to system heap
06-20 13:37:06.849 0 0 E [1 T247 ..] aml_cma_alloc: heap-gfx: alloc failed, req-size: 2072 pages, ret: -12
06-20 13:37:06.850 0 0 E [0 T247 ..] aml_cma_alloc: heap-gfx: alloc failed, req-size: 2072 pages, ret: -12
06-20 13:37:06.862 2689 2689 D InsetsController: show(ime(), fromIme=true)
06-20 13:37:06.866 901 979 D WindowManagerShell: TvPipController: onImeVisibilityChanged(), visible=true, height=488
06-20 13:37:06.878 2689 2689 D KeyboardUtils: getDecorViewInvisibleHeight: 488
06-20 13:37:07.077 2689 2689 I ImeTracker: com.dangbei.haqusetting:6903dbfa: onShown
06-20 13:37:07.082 2689 2689 W FrameTracker: Missed SF frame:SURFACE_FLINGER_SCHEDULING, 12024, 0, CUJ=J
06-20 13:37:07.739 1865 2450 D XM_HIDREAD: poll ret=1, event=1
06-20 13:37:07.739 1865 2450 D XM_HIDREAD: [9 bytes]:01 00 00 50 00 00 00 00 00
06-20 13:37:07.742 1957 1957 I SogouIME: onKeyDown: keyoCode=21
06-20 13:37:07.742 1957 1957 I DefaultIMS: onKeyDown: keyoCode=21
06-20 13:37:07.743 1957 1957 I TvSpecialKeyEventInterceptor: onKeyDown repeat: 0 onKeyDownConsume: false
06-20 13:37:07.744 1957 1957 I KeyboardViewPresenter: getNextKey Key_J
06-20 13:37:08.043 1865 2450 D XM_HIDREAD: poll ret=1, event=1
06-20 13:37:08.043 1865 2450 D XM_HIDREAD: [9 bytes]:01 00 00 00 00 00 00 00 00
06-20 13:37:08.045 1957 1957 I SogouIME: onKeyUp: keyoCode=21
06-20 13:37:08.045 1957 1957 I DefaultIMS: onKeyUp: keyoCode=21
06-20 13:37:08.047 1957 1957 I TvSpecialKeyEventInterceptor: onKeyUp: onKeyDownConsume false onKeyUpConsume: false repeat: 0
06-20 13:37:08.122 1865 2450 D XM_HIDREAD: poll ret=1, event=1
06-20 13:37:08.122 1865 2450 D XM_HIDREAD: [9 bytes]:01 00 00 50 00 00 00 00 00
06-20 13:37:08.123 1957 1957 I SogouIME: onKeyDown: keyoCode=21
06-20 13:37:08.123 1957 1957 I DefaultIMS: onKeyDown: keyoCode=21
06-20 13:37:08.125 1957 1957 I TvSpecialKeyEventInterceptor: onKeyDown repeat: 0 onKeyDownConsume: false
06-20 13:37:08.125 1957 1957 I KeyboardViewPresenter: getNextKey Key_I
06-20 13:37:08.246 1865 2450 D XM_HIDREAD: poll ret=1, event=1
06-20 13:37:08.246 1865 2450 D XM_HIDREAD: [9 bytes]:01 00 00 00 00 00 00 00 00
06-20 13:37:08.249 1957 1957 I SogouIME: onKeyUp: keyoCode=21
06-20 13:37:08.249 1957 1957 I DefaultIMS: onKeyUp: keyoCode=21
06-20 13:37:08.251 1957 1957 I TvSpecialKeyEventInterceptor: onKeyUp: onKeyDownConsume false onKeyUpConsume: false repeat: 0
06-20 13:37:08.324 1865 2450 D XM_HIDREAD: poll ret=1, event=1
06-20 13:37:08.324 1865 2450 D XM_HIDREAD: [9 bytes]:01 00 00 50 00 00 00 00 00
06-20 13:37:08.325 1957 1957 I SogouIME: onKeyDown: keyoCode=21
06-20 13:37:08.325 1957 1957 I DefaultIMS: onKeyDown: keyoCode=21
06-20 13:37:08.327 1957 1957 I TvSpecialKeyEventInterceptor: onKeyDown repeat: 0 onKeyDownConsume: false
06-20 13:37:08.327 1957 1957 I KeyboardViewPresenter: getNextKey Key_H
06-20 13:37:08.437 1865 2450 D XM_HIDREAD: poll ret=1, event=1
06-20 13:37:08.437 1865 2450 D XM_HIDREAD: [9 bytes]:01 00 00 00 00 00 00 00 00
06-20 13:37:08.439 1957 1957 I SogouIME: onKeyUp: keyoCode=21
06-20 13:37:08.439 1957 1957 I DefaultIMS: onKeyUp: keyoCode=21
06-20 13:37:08.440 1957 1957 I TvSpecialKeyEventInterceptor: onKeyUp: onKeyDownConsume false onKeyUpConsume: false repeat: 0
06-20 13:37:08.493 1865 2450 D XM_HIDREAD: poll ret=1, event=1
06-20 13:37:08.493 1865 2450 D XM_HIDREAD: [9 bytes]:01 00 00 50 00 00 00 00 00
06-20 13:37:08.494 1957 1957 I SogouIME: onKeyDown: keyoCode=21
06-20 13:37:08.494 1957 1957 I DefaultIMS: onKeyDown: keyoCode=21
06-20 13:37:08.496 1957 1957 I TvSpecialKeyEventInterceptor: onKeyDown repeat: 0 onKeyDownConsume: false
06-20 13:37:08.497 1957 1957 I KeyboardViewPresenter: getNextKey Key_6
06-20 13:37:08.617 1865 2450 D XM_HIDREAD: poll ret=1, event=1
06-20 13:37:08.617 1865 2450 D XM_HIDREAD: [9 bytes]:01 00 00 00 00 00 00 00 00
06-20 13:37:08.621 1957 1957 I SogouIME: onKeyUp: keyoCode=21
06-20 13:37:08.621 1957 1957 I DefaultIMS: onKeyUp: keyoCode=21
06-20 13:37:08.622 685 751 D WifiNl80211Manager: Scan result ready event
06-20 13:37:08.622 685 751 D WifiNative: Scan result ready event
06-20 13:37:08.623 1957 1957 I TvSpecialKeyEventInterceptor: onKeyUp: onKeyDownConsume false onKeyUpConsume: false repeat: 0
06-20 13:37:08.452 0 0 W : [3 T1046 ..] [aml_scan_rx 1505] scanres_payload_buf overflow, flush
06-20 13:37:08.632 0 0 W : [2 T1041 ..] >>> aml_rx_scanu_start_cfm()
06-20 13:37:08.639 685 826 D WificondScannerImpl: Filtering out 23 scan results.
06-20 13:37:08.665 1423 1423 E hq : NetWorkStateReceiver:::NetWorkStateReceiver onReceive: 网络变化广播 >>>> intent.action=android.net.wifi.SCAN_RESULTS
06-20 13:37:08.666 2689 2880 E ccc : cccccc SCAN_RESULTS_AVAILABLE_ACTION hhhh
06-20 13:37:08.670 478 501 I WifiHAL : call wifi_get_link_stats handler
06-20 13:37:08.670 478 501 I WifiHAL : Creating message to get link statistics; iface = 16
06-20 13:37:08.670 478 501 D WifiHAL : error code -95 mapped to -3
06-20 13:37:08.670 685 822 E WifiStaIfaceAidlImpl: getLinkLayerStats failed with service-specific exception: android.os.ServiceSpecificException: (code 4)
06-20 13:37:08.682 1423 1423 W eventbuscore: post Event:com.dangbei.leard.base.entity.event.NetWifiRssiEvent
06-20 13:37:08.691 2689 2880 E ccc : cccccc result is not empty call back
06-20 13:37:08.692 2689 2880 E ccc : cccccc 666666666666666
06-20 13:37:08.699 2689 2880 E ccc : cccccc sort 0 57
06-20 13:37:08.706 1865 2450 D XM_HIDREAD: poll ret=1, event=1
06-20 13:37:08.706 1865 2450 D XM_HIDREAD: [9 bytes]:01 00 00 50 00 00 00 00 00
06-20 13:37:08.708 1957 1957 I SogouIME: onKeyDown: keyoCode=21
06-20 13:37:08.708 1957 1957 I DefaultIMS: onKeyDown: keyoCode=21
06-20 13:37:08.710 1957 1957 I TvSpecialKeyEventInterceptor: onKeyDown repeat: 0 onKeyDownConsume: false
06-20 13:37:08.710 1957 1957 I KeyboardViewPresenter: getNextKey Key_5
06-20 13:37:08.965 1865 2450 D XM_HIDREAD: poll ret=1, event=1
06-20 13:37:08.965 1865 2450 D XM_HIDREAD: [9 bytes]:01 00 00 00 00 00 00 00 00
06-20 13:37:08.967 1957 1957 I SogouIME: onKeyUp: keyoCode=21
06-20 13:37:08.967 1957 1957 I DefaultIMS: onKeyUp: keyoCode=21
06-20 13:37:08.968 1957 1957 I TvSpecialKeyEventInterceptor: onKeyUp: onKeyDownConsume false onKeyUpConsume: false repeat: 0
06-20 13:37:09.045 1865 2450 D XM_HIDREAD: poll ret=1, event=1
06-20 13:37:09.045 1865 2450 D XM_HIDREAD: [9 bytes]:01 00 00 50 00 00 00 00 00
06-20 13:37:09.046 1957 1957 I SogouIME: onKeyDown: keyoCode=21
06-20 13:37:09.047 1957 1957 I DefaultIMS: onKeyDown: keyoCode=21
06-20 13:37:09.048 1957 1957 I TvSpecialKeyEventInterceptor: onKeyDown repeat: 0 onKeyDownConsume: false
06-20 13:37:09.049 1957 1957 I KeyboardViewPresenter: getNextKey Key_4
06-20 13:37:09.150 1865 2450 D XM_HIDREAD: poll ret=1, event=1
06-20 13:37:09.150 1865 2450 D XM_HIDREAD: [9 bytes]:01 00 00 00 00 00 00 00 00
06-20 13:37:09.150 1957 1957 I SogouIME: onKeyUp: keyoCode=21
06-20 13:37:09.150 1957 1957 I DefaultIMS: onKeyUp: keyoCode=21
06-20 13:37:09.151 1957 1957 I TvSpecialKeyEventInterceptor: onKeyUp: onKeyDownConsume false onKeyUpConsume: false repeat: 0
06-20 13:37:09.697 1865 2450 D XM_HIDREAD: poll ret=1, event=1
06-20 13:37:09.697 1865 2450 D XM_HIDREAD: [9 bytes]:01 00 00 52 00 00 00 00 00
06-20 13:37:09.700 1957 1957 I SogouIME: onKeyDown: keyoCode=19
06-20 13:37:09.700 1957 1957 I DefaultIMS: onKeyDown: keyoCode=19
06-20 13:37:09.702 1957 1957 I TvSpecialKeyEventInterceptor: onKeyDown repeat: 0 onKeyDownConsume: false
06-20 13:37:09.702 1957 1957 I KeyboardViewPresenter: getNextKey Key_1
06-20 13:37:09.724 685 780 D ActivityManager: freezing 2025 com.android.providers.tv
06-20 13:37:09.735 685 880 D ActivityManager: sync unfroze 1799 com.android.permissioncontroller for 6
06-20 13:37:09.745 1799 3599 I PermissionControllerServiceImpl: Updating user sensitive for user 0
06-20 13:37:09.832 1865 2450 D XM_HIDREAD: poll ret=1, event=1
06-20 13:37:09.832 1865 2450 D XM_HIDREAD: [9 bytes]:01 00 00 00 00 00 00 00 00
06-20 13:37:09.834 1957 1957 I SogouIME: onKeyUp: keyoCode=19
06-20 13:37:09.834 1957 1957 I DefaultIMS: onKeyUp: keyoCode=19
06-20 13:37:09.835 1957 1957 I TvSpecialKeyEventInterceptor: onKeyUp: onKeyDownConsume false onKeyUpConsume: false repeat: 0
06-20 13:37:10.293 1865 2450 D XM_HIDREAD: poll ret=1, event=1
06-20 13:37:10.294 1865 2450 D XM_HIDREAD: [9 bytes]:01 00 00 28 00 00 00 00 00
06-20 13:37:10.296 1957 1957 I SogouIME: onKeyDown: keyoCode=23
06-20 13:37:10.296 1957 1957 I DefaultIMS: onKeyDown: keyoCode=23
06-20 13:37:10.298 1957 1957 I TvSpecialKeyEventInterceptor: onKeyDown repeat: 0 onKeyDownConsume: false
06-20 13:37:10.417 1865 2450 D XM_HIDREAD: poll ret=1, event=1
06-20 13:37:10.417 1865 2450 D XM_HIDREAD: [9 bytes]:01 00 00 00 00 00 00 00 00
06-20 13:37:10.419 1957 1957 I SogouIME: onKeyUp: keyoCode=23
06-20 13:37:10.419 1957 1957 I DefaultIMS: onKeyUp: keyoCode=23
06-20 13:37:10.421 1957 1957 I TvSpecialKeyEventInterceptor: onKeyUp: onKeyDownConsume false onKeyUpConsume: false repeat: 0
06-20 13:37:10.421 1957 1957 I fB : onKeyClick: property=61440 code=49 symbol=1
06-20 13:37:10.421 1957 1957 I KeyEventTransfer: doKeyInput: property=61440 code=49 text=1 miniText=null
06-20 13:37:10.424 1957 1957 I ENKeyHandler: on selection update: oldStart: 7, oldEnd: 7, newStart: 8, newEnd: 8, composingStart: -1, composingEnd: -1
06-20 13:37:10.743 1865 2450 D XM_HIDREAD: poll ret=1, event=1
06-20 13:37:10.743 1865 2450 D XM_HIDREAD: [9 bytes]:01 00 00 4F 00 00 00 00 00
06-20 13:37:10.745 1957 1957 I SogouIME: onKeyDown: keyoCode=22
06-20 13:37:10.745 1957 1957 I DefaultIMS: onKeyDown: keyoCode=22
06-20 13:37:10.747 1957 1957 I TvSpecialKeyEventInterceptor: onKeyDown repeat: 0 onKeyDownConsume: false
06-20 13:37:10.747 1957 1957 I KeyboardViewPresenter: getNextKey Key_2
06-20 13:37:10.844 1865 2450 D XM_HIDREAD: poll ret=1, event=1
06-20 13:37:10.844 1865 2450 D XM_HIDREAD: [9 bytes]:01 00 00 00 00 00 00 00 00
06-20 13:37:10.846 1957 1957 I SogouIME: onKeyUp: keyoCode=22
06-20 13:37:10.846 1957 1957 I DefaultIMS: onKeyUp: keyoCode=22
06-20 13:37:10.847 1957 1957 I TvSpecialKeyEventInterceptor: onKeyUp: onKeyDownConsume false onKeyUpConsume: false repeat: 0
06-20 13:37:11.204 1865 2450 D XM_HIDREAD: poll ret=1, event=1
06-20 13:37:11.204 1865 2450 D XM_HIDREAD: [9 bytes]:01 00 00 28 00 00 00 00 00
06-20 13:37:11.207 1957 1957 I SogouIME: onKeyDown: keyoCode=23
06-20 13:37:11.207 1957 1957 I DefaultIMS: onKeyDown: keyoCode=23
06-20 13:37:11.208 1957 1957 I TvSpecialKeyEventInterceptor: onKeyDown repeat: 0 onKeyDownConsume: false
06-20 13:37:11.317 1865 2450 D XM_HIDREAD: poll ret=1, event=1
06-20 13:37:11.317 1865 2450 D XM_HIDREAD: [9 bytes]:01 00 00 00 00 00 00 00 00
06-20 13:37:11.318 1957 1957 I SogouIME: onKeyUp: keyoCode=23
06-20 13:37:11.319 1957 1957 I DefaultIMS: onKeyUp: keyoCode=23
06-20 13:37:11.320 1957 1957 I TvSpecialKeyEventInterceptor: onKeyUp: onKeyDownConsume false onKeyUpConsume: false repeat: 0
06-20 13:37:11.320 1957 1957 I fB : onKeyClick: property=61440 code=48 symbol=0x32
06-20 13:37:11.320 1957 1957 I KeyEventTransfer: doKeyInput: property=61440 code=48 text=2 miniText=null
06-20 13:37:11.323 1957 1957 I ENKeyHandler: on selection update: oldStart: 8, oldEnd: 8, newStart: 9, newEnd: 9, composingStart: -1, composingEnd: -1
06-20 13:37:11.530 1865 2450 D XM_HIDREAD: poll ret=1, event=1
06-20 13:37:11.530 1865 2450 D XM_HIDREAD: [9 bytes]:01 00 00 4F 00 00 00 00 00
06-20 13:37:11.532 1957 1957 I SogouIME: onKeyDown: keyoCode=22
06-20 13:37:11.533 1957 1957 I DefaultIMS: onKeyDown: keyoCode=22
06-20 13:37:11.534 1957 1957 I TvSpecialKeyEventInterceptor: onKeyDown repeat: 0 onKeyDownConsume: false
06-20 13:37:11.534 1957 1957 I KeyboardViewPresenter: getNextKey Key_3
06-20 13:37:11.643 1865 2450 D XM_HIDREAD: poll ret=1, event=1
06-20 13:37:11.643 1865 2450 D XM_HIDREAD: [9 bytes]:01 00 00 00 00 00 00 00 00
06-20 13:37:11.645 1957 1957 I SogouIME: onKeyUp: keyoCode=22
06-20 13:37:11.645 1957 1957 I DefaultIMS: onKeyUp: keyoCode=22
06-20 13:37:11.647 1957 1957 I TvSpecialKeyEventInterceptor: onKeyUp: onKeyDownConsume false onKeyUpConsume: false repeat: 0
06-20 13:37:11.947 1865 2450 D XM_HIDREAD: poll ret=1, event=1
06-20 13:37:11.947 1865 2450 D XM_HIDREAD: [9 bytes]:01 00 00 28 00 00 00 00 00
06-20 13:37:11.949 1957 1957 I SogouIME: onKeyDown: keyoCode=23
06-20 13:37:11.949 1957 1957 I DefaultIMS: onKeyDown: keyoCode=23
06-20 13:37:11.950 1957 1957 I TvSpecialKeyEventInterceptor: onKeyDown repeat: 0 onKeyDownConsume: false
06-20 13:37:11.984 0 0 W : [0 T61 ..] [aml_send_sync_trace 4388] sync token[63730]
06-20 13:37:11.984 0 0 W : [0 T61 ..] >>> aml_send_msg()
06-20 13:37:11.985 0 0 W : [2 T1041 ..] ipc_sdio_host_msgack_handler 00000000acff7b6b
06-20 13:37:11.986 0 0 W : [2 T1041 ..] [aml_msgackind 2039] msg ack hostid=0xffffff808e1a2100
06-20 13:37:11.987 0 0 W : [2 T1041 ..] [cmd_mgr_llind 329] cmd tkn[45] flags:0008 result: -4 cmd: 105-MM_SYNC_TRACE - reqcfm( 0-none)
06-20 13:37:11.988 0 0 W : [2 T1041 ..] [cmd_complete 65] cmd tkn[45] flags:0000 result: -4 cmd: 105-MM_SYNC_TRACE - reqcfm( 0-none)
06-20 13:37:12.053 1865 2450 D XM_HIDREAD: poll ret=1, event=1
06-20 13:37:12.053 1865 2450 D XM_HIDREAD: [9 bytes]:01 00 00 00 00 00 00 00 00
06-20 13:37:12.056 1957 1957 I SogouIME: onKeyUp: keyoCode=23
06-20 13:37:12.056 1957 1957 I DefaultIMS: onKeyUp: keyoCode=23
06-20 13:37:12.058 1957 1957 I TvSpecialKeyEventInterceptor: onKeyUp: onKeyDownConsume false onKeyUpConsume: false repeat: 0
06-20 13:37:12.058 1957 1957 I fB : onKeyClick: property=61440 code=51 symbol=3
06-20 13:37:12.058 1957 1957 I KeyEventTransfer: doKeyInput: property=61440 code=51 text=3 miniText=null
06-20 13:37:12.061 1957 1957 I ENKeyHandler: on selection update: oldStart: 9, oldEnd: 9, newStart: 10, newEnd: 10, composingStart: -1, composingEnd: -1
06-20 13:37:12.318 1865 2450 D XM_HIDREAD: poll ret=1, event=1
06-20 13:37:12.318 1865 2450 D XM_HIDREAD: [9 bytes]:01 00 00 51 00 00 00 00 00
06-20 13:37:12.320 1957 1957 I SogouIME: onKeyDown: keyoCode=20
06-20 13:37:12.320 1957 1957 I DefaultIMS: onKeyDown: keyoCode=20
06-20 13:37:12.322 1957 1957 I TvSpecialKeyEventInterceptor: onKeyDown repeat: 0 onKeyDownConsume: false
06-20 13:37:12.322 1957 1957 I KeyboardViewPresenter: getNextKey Key_6
06-20 13:37:12.430 1865 2450 D XM_HIDREAD: poll ret=1, event=1
06-20 13:37:12.430 1865 2450 D XM_HIDREAD: [9 bytes]:01 00 00 00 00 00 00 00 00
06-20 13:37:12.434 1957 1957 I SogouIME: onKeyUp: keyoCode=20
06-20 13:37:12.434 1957 1957 I DefaultIMS: onKeyUp: keyoCode=20
06-20 13:37:12.436 1957 1957 I TvSpecialKeyEventInterceptor: onKeyUp: onKeyDownConsume false onKeyUpConsume: false repeat: 0
06-20 13:37:13.038 1865 2450 D XM_HIDREAD: poll ret=1, event=1
06-20 13:37:13.038 1865 2450 D XM_HIDREAD: [9 bytes]:01 00 00 50 00 00 00 00 00
06-20 13:37:13.040 1957 1957 I SogouIME: onKeyDown: keyoCode=21
06-20 13:37:13.040 1957 1957 I DefaultIMS: onKeyDown: keyoCode=21
06-20 13:37:13.041 1957 1957 I TvSpecialKeyEventInterceptor: onKeyDown repeat: 0 onKeyDownConsume: false
06-20 13:37:13.041 1957 1957 I KeyboardViewPresenter: getNextKey Key_5
06-20 13:37:13.173 1865 2450 D XM_HIDREAD: poll ret=1, event=1
06-20 13:37:13.173 1865 2450 D XM_HIDREAD: [9 bytes]:01 00 00 00 00 00 00 00 00
06-20 13:37:13.175 1957 1957 I SogouIME: onKeyUp: keyoCode=21
06-20 13:37:13.175 1957 1957 I DefaultIMS: onKeyUp: keyoCode=21
06-20 13:37:13.177 1957 1957 I TvSpecialKeyEventInterceptor: onKeyUp: onKeyDownConsume false onKeyUpConsume: false repeat: 0
06-20 13:37:13.252 1865 2450 D XM_HIDREAD: poll ret=1, event=1
06-20 13:37:13.252 1865 2450 D XM_HIDREAD: [9 bytes]:01 00 00 50 00 00 00 00 00
06-20 13:37:13.253 1957 1957 I SogouIME: onKeyDown: keyoCode=21
06-20 13:37:13.253 1957 1957 I DefaultIMS: onKeyDown: keyoCode=21
06-20 13:37:13.255 1957 1957 I TvSpecialKeyEventInterceptor: onKeyDown repeat: 0 onKeyDownConsume: false
06-20 13:37:13.255 1957 1957 I KeyboardViewPresenter: getNextKey Key_4
06-20 13:37:13.364 1865 2450 D XM_HIDREAD: poll ret=1, event=1
06-20 13:37:13.364 1865 2450 D XM_HIDREAD: [9 bytes]:01 00 00 00 00 00 00 00 00
06-20 13:37:13.366 1957 1957 I SogouIME: onKeyUp: keyoCode=21
06-20 13:37:13.367 1957 1957 I DefaultIMS: onKeyUp: keyoCode=21
06-20 13:37:13.368 1957 1957 I TvSpecialKeyEventInterceptor: onKeyUp: onKeyDownConsume false onKeyUpConsume: false repeat: 0
06-20 13:37:13.613 2239 2294 I efs.send_log: log cann't be send because net status is disconnected
06-20 13:37:13.791 1865 2450 D XM_HIDREAD: poll ret=1, event=1
06-20 13:37:13.792 1865 2450 D XM_HIDREAD: [9 bytes]:01 00 00 28 00 00 00 00 00
06-20 13:37:13.794 1957 1957 I SogouIME: onKeyDown: keyoCode=23
06-20 13:37:13.794 1957 1957 I DefaultIMS: onKeyDown: keyoCode=23
06-20 13:37:13.795 1957 1957 I TvSpecialKeyEventInterceptor: onKeyDown repeat: 0 onKeyDownConsume: false
06-20 13:37:13.893 1865 2450 D XM_HIDREAD: poll ret=1, event=1
06-20 13:37:13.893 1865 2450 D XM_HIDREAD: [9 bytes]:01 00 00 00 00 00 00 00 00
06-20 13:37:13.895 1957 1957 I SogouIME: onKeyUp: keyoCode=23
06-20 13:37:13.895 1957 1957 I DefaultIMS: onKeyUp: keyoCode=23
06-20 13:37:13.896 1957 1957 I TvSpecialKeyEventInterceptor: onKeyUp: onKeyDownConsume false onKeyUpConsume: false repeat: 0
06-20 13:37:13.896 1957 1957 I fB : onKeyClick: property=61440 code=52 symbol=4
06-20 13:37:13.896 1957 1957 I KeyEventTransfer: doKeyInput: property=61440 code=52 text=4 miniText=null
06-20 13:37:13.902 1957 1957 I ENKeyHandler: on selection update: oldStart: 10, oldEnd: 10, newStart: 11, newEnd: 11, composingStart: -1, composingEnd: -1
06-20 13:37:14.186 1865 2450 D XM_HIDREAD: poll ret=1, event=1
06-20 13:37:14.186 1865 2450 D XM_HIDREAD: [9 bytes]:01 00 00 4F 00 00 00 00 00
06-20 13:37:14.187 1957 1957 I SogouIME: onKeyDown: keyoCode=22
06-20 13:37:14.188 1957 1957 I DefaultIMS: onKeyDown: keyoCode=22
06-20 13:37:14.189 1957 1957 I TvSpecialKeyEventInterceptor: onKeyDown repeat: 0 onKeyDownConsume: false
06-20 13:37:14.189 1957 1957 I KeyboardViewPresenter: getNextKey Key_5
06-20 13:37:14.320 1865 2450 D XM_HIDREAD: poll ret=1, event=1
06-20 13:37:14.320 1865 2450 D XM_HIDREAD: [9 bytes]:01 00 00 00 00 00 00 00 00
06-20 13:37:14.322 1957 1957 I SogouIME: onKeyUp: keyoCode=22
06-20 13:37:14.322 1957 1957 I DefaultIMS: onKeyUp: keyoCode=22
06-20 13:37:14.324 1957 1957 I TvSpecialKeyEventInterceptor: onKeyUp: onKeyDownConsume false onKeyUpConsume: false repeat: 0
06-20 13:37:14.579 1865 2450 D XM_HIDREAD: poll ret=1, event=1
06-20 13:37:14.579 1865 2450 D XM_HIDREAD: [9 bytes]:01 00 00 28 00 00 00 00 00
06-20 13:37:14.582 1957 1957 I SogouIME: onKeyDown: keyoCode=23
06-20 13:37:14.582 1957 1957 I DefaultIMS: onKeyDown: keyoCode=23
06-20 13:37:14.583 1957 1957 I TvSpecialKeyEventInterceptor: onKeyDown repeat: 0 onKeyDownConsume: false
06-20 13:37:14.714 1865 2450 D XM_HIDREAD: poll ret=1, event=1
06-20 13:37:14.714 1865 2450 D XM_HIDREAD: [9 bytes]:01 00 00 00 00 00 00 00 00
06-20 13:37:14.715 1957 1957 I SogouIME: onKeyUp: keyoCode=23
06-20 13:37:14.716 1957 1957 I DefaultIMS: onKeyUp: keyoCode=23
06-20 13:37:14.717 1957 1957 I TvSpecialKeyEventInterceptor: onKeyUp: onKeyDownConsume false onKeyUpConsume: false repeat: 0
06-20 13:37:14.717 1957 1957 I fB : onKeyClick: property=61440 code=53 symbol=5
06-20 13:37:14.717 1957 1957 I KeyEventTransfer: doKeyInput: property=61440 code=53 text=5 miniText=null
06-20 13:37:14.720 1957 1957 I ENKeyHandler: on selection update: oldStart: 11, oldEnd: 11, newStart: 12, newEnd: 12, composingStart: -1, composingEnd: -1
06-20 13:37:14.845 1003 1266 D DroidlogicApplication: end setCpusetsDefault
06-20 13:37:14.940 1865 2450 D XM_HIDREAD: poll ret=1, event=1
06-20 13:37:14.940 1865 2450 D XM_HIDREAD: [9 bytes]:01 00 00 4F 00 00 00 00 00
06-20 13:37:14.942 1957 1957 I SogouIME: onKeyDown: keyoCode=22
06-20 13:37:14.942 1957 1957 I DefaultIMS: onKeyDown: keyoCode=22
06-20 13:37:14.944 1957 1957 I TvSpecialKeyEventInterceptor: onKeyDown repeat: 0 onKeyDownConsume: false
06-20 13:37:14.944 1957 1957 I KeyboardViewPresenter: getNextKey Key_6
06-20 13:37:15.000 685 718 D OomAdjuster: Not killing cached processes
06-20 13:37:15.040 1865 2450 D XM_HIDREAD: poll ret=1, event=1
06-20 13:37:15.040 1865 2450 D XM_HIDREAD: [9 bytes]:01 00 00 00 00 00 00 00 00
06-20 13:37:15.042 1957 1957 I SogouIME: onKeyUp: keyoCode=22
06-20 13:37:15.042 1957 1957 I DefaultIMS: onKeyUp: keyoCode=22
06-20 13:37:15.043 1957 1957 I TvSpecialKeyEventInterceptor: onKeyUp: onKeyDownConsume false onKeyUpConsume: false repeat: 0
06-20 13:37:15.208 3748 3748 I net_disconnect.: type=1400 audit(0.0:949): avc: denied { execute_no_trans } for path="/vendor/bin/rgb_led_ctl" dev="dm-1" ino=2942432 scontext=u:r:init:s0 tcontext=u:object_r:vendor_file:s0 tclass=file permissive=1
06-20 13:37:15.344 1865 2450 D XM_HIDREAD: poll ret=1, event=1
06-20 13:37:15.344 1865 2450 D XM_HIDREAD: [9 bytes]:01 00 00 28 00 00 00 00 00
06-20 13:37:15.346 1957 1957 I SogouIME: onKeyDown: keyoCode=23
06-20 13:37:15.346 1957 1957 I DefaultIMS: onKeyDown: keyoCode=23
06-20 13:37:15.348 1957 1957 I TvSpecialKeyEventInterceptor: onKeyDown repeat: 0 onKeyDownConsume: false
06-20 13:37:15.457 1865 2450 D XM_HIDREAD: poll ret=1, event=1
06-20 13:37:15.457 1865 2450 D XM_HIDREAD: [9 bytes]:01 00 00 00 00 00 00 00 00
06-20 13:37:15.460 1957 1957 I SogouIME: onKeyUp: keyoCode=23
06-20 13:37:15.460 1957 1957 I DefaultIMS: onKeyUp: keyoCode=23
06-20 13:37:15.461 1957 1957 I TvSpecialKeyEventInterceptor: onKeyUp: onKeyDownConsume false onKeyUpConsume: false repeat: 0
06-20 13:37:15.462 1957 1957 I fB : onKeyClick: property=61440 code=54 symbol=6
06-20 13:37:15.462 1957 1957 I KeyEventTransfer: doKeyInput: property=61440 code=54 text=6 miniText=null
06-20 13:37:15.465 1957 1957 I ENKeyHandler: on selection update: oldStart: 12, oldEnd: 12, newStart: 13, newEnd: 13, composingStart: -1, composingEnd: -1
06-20 13:37:15.817 1865 2450 D XM_HIDREAD: poll ret=1, event=1
06-20 13:37:15.817 1865 2450 D XM_HIDREAD: [9 bytes]:01 00 00 29 00 00 00 00 00
06-20 13:37:15.820 1957 1957 I SogouIME: onKeyDown: keyoCode=4
06-20 13:37:15.820 1957 1957 I DefaultIMS: onKeyDown: keyoCode=4
06-20 13:37:15.822 1957 1957 I TvSpecialKeyEventInterceptor: onKeyDown repeat: 0 onKeyDownConsume: false
06-20 13:37:15.941 1865 2450 D XM_HIDREAD: poll ret=1, event=1
06-20 13:37:15.941 1865 2450 D XM_HIDREAD: [9 bytes]:01 00 00 00 00 00 00 00 00
06-20 13:37:15.941 685 709 D AutofillManagerService: onBackKeyPressed()
06-20 13:37:15.943 1957 1957 I SogouIME: onKeyUp: keyoCode=4
06-20 13:37:15.943 1957 1957 I DefaultIMS: onKeyUp: keyoCode=4
06-20 13:37:15.945 1957 1957 I TvSpecialKeyEventInterceptor: onKeyUp: onKeyDownConsume false onKeyUpConsume: false repeat: 0
06-20 13:37:15.945 1957 1957 I RootPresenter: hideInputWindow:
06-20 13:37:15.946 685 752 I ImeTracker: com.dangbei.haqusetting:e11abc14: onRequestHide at ORIGIN_SERVER_HIDE_INPUT reason HIDE_SOFT_INPUT_FROM_IME
06-20 13:37:15.950 1957 1957 I SogouIME: onFinishInputView:
06-20 13:37:15.950 1957 1957 I DefaultIMS: onFinishInputView: false
06-20 13:37:15.958 901 979 D WindowManagerShell: TvPipController: onImeVisibilityChanged(), visible=false, height=0
06-20 13:37:15.959 1957 1957 D EnInputSession: getCandidateWords: count=0
06-20 13:37:15.967 2689 2689 D KeyboardUtils: getDecorViewInvisibleHeight: 0
06-20 13:37:15.976 1957 1957 D EnInputSession: getCandidateWords: count=0
06-20 13:37:15.976 1957 1957 I eJ : handle Action on finish Input
06-20 13:37:15.976 1957 1957 I PhysicalKeyHandler: resetPhysicalKeyboardStatus
06-20 13:37:15.988 2689 2689 W WindowOnBackDispatcher: sendCancelIfRunning: isInProgress=falsecallback=ImeCallback=ImeOnBackInvokedCallback@105346373 Callback=android.window.IOnBackInvokedCallback$Stub$Proxy@1a2a90e
06-20 13:37:15.991 685 1083 D CoreBackPreview: Window{ccbebcc u0 com.dangbei.haqusetting/com.dangbei.haqusetting.ui.leaf.ui.net.connect.LeafWholeWifiConnectActivity}: Setting back callback OnBackInvokedCallbackInfo{mCallback=android.window.IOnBackInvokedCallback$Stub$Proxy@2b25d10, mPriority=0, mIsAnimationCallback=false}
06-20 13:37:16.170 2689 2689 I ImeTracker: com.dangbei.haqusetting:1d468d08: onRequestHide at ORIGIN_CLIENT_HIDE_SOFT_INPUT reason HIDE_SOFT_INPUT_BY_INSETS_API
06-20 13:37:16.171 685 750 I ImeTracker: com.dangbei.haqusetting:1d468d08: onCancelled at PHASE_SERVER_SHOULD_HIDE
06-20 13:37:16.173 2689 2689 I ImeTracker: com.dangbei.haqusetting:e11abc14: onHidden
06-20 13:37:16.183 2689 2689 D KeyboardUtils: getDecorViewInvisibleHeight: 0
06-20 13:37:16.415 685 750 W BatteryExternalStatsWorker: error reading Bluetooth stats: 11
06-20 13:37:16.525 1865 2450 D XM_HIDREAD: poll ret=1, event=1
06-20 13:37:16.525 1865 2450 D XM_HIDREAD: [9 bytes]:01 00 00 51 00 00 00 00 00
06-20 13:37:16.527 1957 1957 I SogouIME: onKeyDown: keyoCode=20
06-20 13:37:16.528 1957 1957 I DefaultIMS: onKeyDown: keyoCode=20
06-20 13:37:16.535 1957 1957 I DefaultIMS: onStartInput attribute=android.view.inputmethod.EditorInfo@772ab95 restarting=false inputType: 0
06-20 13:37:16.650 1865 2450 D XM_HIDREAD: poll ret=1, event=1
06-20 13:37:16.650 1865 2450 D XM_HIDREAD: [9 bytes]:01 00 00 00 00 00 00 00 00
06-20 13:37:16.652 1957 1957 I SogouIME: onKeyUp: keyoCode=20
06-20 13:37:16.652 1957 1957 I DefaultIMS: onKeyUp: keyoCode=20
06-20 13:37:16.975 1865 2450 D XM_HIDREAD: poll ret=1, event=1
06-20 13:37:16.975 1865 2450 D XM_HIDREAD: [9 bytes]:01 00 00 28 00 00 00 00 00
06-20 13:37:16.978 1957 1957 I SogouIME: onKeyDown: keyoCode=23
06-20 13:37:16.978 1957 1957 I DefaultIMS: onKeyDown: keyoCode=23
06-20 13:37:17.066 1865 2450 D XM_HIDREAD: poll ret=1, event=1
06-20 13:37:17.066 1865 2450 D XM_HIDREAD: [9 bytes]:01 00 00 00 00 00 00 00 00
06-20 13:37:17.067 1957 1957 I SogouIME: onKeyUp: keyoCode=23
06-20 13:37:17.067 1957 1957 I DefaultIMS: onKeyUp: keyoCode=23
06-20 13:37:17.073 685 750 I WifiService: save uid=1000
06-20 13:37:17.074 685 750 I WifiService: connect uid=1000
06-20 13:37:17.074 685 822 E WifiConfigManager: Cannot find network with networkId -1 or configKey "DZNB"WPA_PSK or upgradable security type check
06-20 13:37:17.074 685 822 E WifiConfigManager: Cannot find network with networkId -1 or configKey "DZNB"WPA_PSK or upgradable security type check
06-20 13:37:17.083 685 822 E WifiConfigManager: Cannot find network with configKey "DZNB"WPA_PSK
06-20 13:37:17.083 685 822 D WifiConfigurationUtil: Add upgradable SAE configuration.
06-20 13:37:17.083 685 822 I WifiConfigManager: Credential changed for netId=1
06-20 13:37:17.083 685 822 E WifiPermissionsUtil: isDeviceOwner: packageName is null, returning false
06-20 13:37:17.083 685 822 E WifiPermissionsUtil: isProfileOwner: packageName is null, returning false
06-20 13:37:17.084 685 822 D WifiConfigManager: Enable disabled network: "DZNB" num=0
06-20 13:37:17.092 685 822 D WifiConfigStore: Writing to stores completed in 3 ms.
06-20 13:37:17.105 685 822 D WifiConfigStore: Writing to stores completed in 6 ms.
06-20 13:37:17.106 685 822 W ContextImpl: Calling a method in the system process without a qualified user: android.app.ContextImpl.sendBroadcastMultiplePermissions:1253 android.content.Context.sendBroadcastWithMultiplePermissions:2504 com.android.server.wifi.WifiServiceImpl.broadcastWifiCredentialChanged:6312 com.android.server.wifi.WifiServiceImpl.lambda$save$116:6478 com.android.server.wifi.WifiServiceImpl.$r8$lambda$Vb8Y9rfb-R1uKGq6gtQsM9kPbwI:0
06-20 13:37:17.108 685 822 D WifiConfigurationUtil: Add upgradable SAE configuration.
06-20 13:37:17.108 685 822 E WifiPermissionsUtil: isDeviceOwner: packageName is null, returning false
06-20 13:37:17.108 685 822 E WifiPermissionsUtil: isProfileOwner: packageName is null, returning false
06-20 13:37:17.109 685 822 D WifiConfigManager: Enable disabled network: "DZNB" num=0
06-20 13:37:17.115 685 822 D WifiConfigStore: Writing to stores completed in 3 ms.
06-20 13:37:17.117 685 822 W ContextImpl: Calling a method in the system process without a qualified user: android.app.ContextImpl.sendBroadcastMultiplePermissions:1253 android.content.Context.sendBroadcastWithMultiplePermissions:2504 com.android.server.wifi.WifiServiceImpl.broadcastWifiCredentialChanged:6312 com.android.server.wifi.WifiServiceImpl.lambda$connect$114:6366 com.android.server.wifi.WifiServiceImpl.$r8$lambda$-JNwG9dSsBRaPtuDVu_nESmenOQ:0
06-20 13:37:17.118 685 822 D WifiConfigManager: Enable disabled network: "DZNB" num=0
06-20 13:37:17.126 685 822 D WifiConfigStore: Writing to stores completed in 4 ms.
06-20 13:37:17.127 685 822 I WifiClientModeImpl: CMD_SAVE_NETWORK credential changed for nid=1 while disconnected. Connecting.
06-20 13:37:17.128 685 822 D WifiClientModeImpl[19971:wlan0]: connectToUserSelectNetwork netId 1, uid 1000, package com.dangbei.haqusetting, forceReconnect = false, isUserSelected = true
06-20 13:37:17.132 685 822 D WifiScoreReport: setShouldReduceNetworkScore=false mNetworkAgent is null? true
06-20 13:37:17.132 685 822 D WifiClientModeImpl[19971:wlan0]: CMD_START_CONNECT my state DisconnectedState nid=1 roam=false
06-20 13:37:17.151 685 822 I WifiClientModeImpl[19971:wlan0]: Select best-fit security params: 2
06-20 13:37:17.152 685 822 W LastMileLogger: Failed to open free_buffer pseudo-file: /sys/kernel/debug/tracing/instances/wifi/free_buffer: open failed: ENOENT (No such file or directory)
06-20 13:37:17.152 685 822 W LastMileLogger: Failed to arm fail-safe.
06-20 13:37:17.152 1127 1127 I wpa_supplicant: wpa_driver_nl80211_driver_cmd: wifi vendor: aml_w2_s
06-20 13:37:17.152 1127 1127 I wpa_supplicant: wpa_driver_nl80211_driver_cmd: wlan0: private command: MACADDR
06-20 13:37:17.153 576 576 W wificond: Scan is not started. Ignore abort request
06-20 13:37:17.153 685 822 D SupplicantStaIfaceHalAidlImpl: connectToNetwork "DZNB"WPA_PSK, actualSsid=null
06-20 13:37:17.153 1127 1127 I BpBinder: onLastStrongRef automatically unlinking death recipients: android.hardware.wifi.supplicant.ISupplicantStaNetworkCallback
06-20 13:37:17.154 685 822 D SupplicantStaIfaceHalAidlImpl: Selecting supplicant SSID "DZNB"
06-20 13:37:17.155 685 822 I SupplicantStaNetworkHalAidlImpl: Successfully set SSID
06-20 13:37:17.156 685 822 D SupplicantStaNetworkHalAidlImpl: The target security params: Security Parameters:
06-20 13:37:17.156 685 822 D SupplicantStaNetworkHalAidlImpl: Type: 2
06-20 13:37:17.156 685 822 D SupplicantStaNetworkHalAidlImpl: Enabled: true
06-20 13:37:17.156 685 822 D SupplicantStaNetworkHalAidlImpl: KeyMgmt: WPA_PSK
06-20 13:37:17.156 685 822 D SupplicantStaNetworkHalAidlImpl: Protocols: WPA RSN
06-20 13:37:17.156 685 822 D SupplicantStaNetworkHalAidlImpl: AuthAlgorithms:
06-20 13:37:17.156 685 822 D SupplicantStaNetworkHalAidlImpl: PairwiseCiphers: TKIP CCMP
06-20 13:37:17.156 685 822 D SupplicantStaNetworkHalAidlImpl: GroupCiphers: WEP40 WEP104 TKIP CCMP
06-20 13:37:17.156 685 822 D SupplicantStaNetworkHalAidlImpl: GroupMgmtCiphers:
06-20 13:37:17.156 685 822 D SupplicantStaNetworkHalAidlImpl: SuiteBCiphers:
06-20 13:37:17.156 685 822 D SupplicantStaNetworkHalAidlImpl: RequirePmf: false
06-20 13:37:17.156 685 822 D SupplicantStaNetworkHalAidlImpl: IsAddedByAutoUpgrade: false
06-20 13:37:17.156 685 822 D SupplicantStaNetworkHalAidlImpl: IsSaeH2eOnlyMode: false
06-20 13:37:17.156 685 822 D SupplicantStaNetworkHalAidlImpl: IsSaePkOnlyMode: false
06-20 13:37:17.182 1127 1127 I wpa_supplicant: assoc key_mgmt 0x0 network key_mgmt 0x142
06-20 13:37:17.195 0 0 W : [2 T1127 ..] [aml_cfg80211_scan 1812] n_channels:26,iftype:2
06-20 13:37:17.195 0 0 W : [2 T1127 ..] [aml_send_scanu_req 2532] vif:0
06-20 13:37:17.195 0 0 W : [2 T1127 ..] [aml_send_scanu_req 2563] len:4 ssid:DZNB
06-20 13:37:17.196 0 0 W : [0 T1127 ..] >>> aml_send_msg()
06-20 13:37:17.184 685 822 D WifiCountryCode: evaluateAllCmmStateAndApplyIfAllReady: {ConcreteClientModeManager{id=16495 iface=wlan0 role=ROLE_CLIENT_PRIMARY}=false}
06-20 13:37:17.184 685 822 D WifiClientModeImpl[19971:wlan0]: Start Connecting Watchdog 2
06-20 13:37:17.185 685 822 D WifiScoreReport: setShouldReduceNetworkScore=false mNetworkAgent is null? true
06-20 13:37:17.185 685 822 D WifiClientModeImpl[19971:wlan0]: CMD_START_CONNECT my state L2ConnectingState nid=1 roam=false
06-20 13:37:17.198 0 0 W : [2 T1041 ..] ipc_sdio_host_msgack_handler 000000007aceaab1
06-20 13:37:17.198 0 0 W : [2 T1041 ..] [aml_msgackind 2039] msg ack hostid=0xffffff80908c6280
06-20 13:37:17.199 0 0 W : [2 T1041 ..] [cmd_mgr_llind 329] cmd tkn[46] flags:0008 result: -4 cmd:4096-SCANU_START_REQ - reqcfm( 0-none)
06-20 13:37:17.190 1127 1127 I wpa_supplicant: wpa_driver_nl80211_driver_cmd: wifi vendor: aml_w2_s
06-20 13:37:17.190 1127 1127 I wpa_supplicant: wpa_driver_nl80211_driver_cmd: wlan0: private command: MACADDR
06-20 13:37:17.191 576 576 W wificond: Scan is not started. Ignore abort request
06-20 13:37:17.192 685 822 D SupplicantStaIfaceHalAidlImpl: connectToNetwork "DZNB"WPA_PSK, actualSsid=null
06-20 13:37:17.192 685 822 D SupplicantStaIfaceHalAidlImpl: Network is already saved, will not trigger remove and add.
06-20 13:37:17.201 0 0 W : [2 T1041 ..] [cmd_complete 65] cmd tkn[46] flags:0000 result: -4 cmd:4096-SCANU_START_REQ - reqcfm( 0-none)
