06-20 13:36:21.506 685 2090 D SystemServerTimingAsync: ssm.onCompletedEventUser-0_{|Unlocked|}_com.android.server.DropBoxManagerService
06-20 13:36:21.506 685 2090 V SystemServerTimingAsync: ssm.onCompletedEventUser-0_{|Unlocked|}_com.android.server.DropBoxManagerService took to complete: 0ms
06-20 13:36:21.506 685 2090 D SystemServerTimingAsync: ssm.onCompletedEventUser-0_{|Unlocked|}_com.android.role.RoleService
06-20 13:36:21.506 685 2090 V SystemServerTimingAsync: ssm.onCompletedEventUser-0_{|Unlocked|}_com.android.role.RoleService took to complete: 0ms
06-20 13:36:21.506 685 2090 D SystemServerTimingAsync: ssm.onCompletedEventUser-0_{|Unlocked|}_com.android.server.vibrator.VibratorManagerService$Lifecycle
06-20 13:36:21.506 685 2090 V SystemServerTimingAsync: ssm.onCompletedEventUser-0_{|Unlocked|}_com.android.server.vibrator.VibratorManagerService$Lifecycle took to complete: 0ms
06-20 13:36:21.506 685 2090 D SystemServerTimingAsync: ssm.onCompletedEventUser-0_{|Unlocked|}_com.android.server.tare.InternalResourceService
06-20 13:36:21.506 685 2090 V SystemServerTimingAsync: ssm.onCompletedEventUser-0_{|Unlocked|}_com.android.server.tare.InternalResourceService took to complete: 0ms
06-20 13:36:21.506 685 2090 D SystemServerTimingAsync: ssm.onCompletedEventUser-0_{|Unlocked|}_com.android.server.alarm.AlarmManagerService
06-20 13:36:21.506 685 2090 V SystemServerTimingAsync: ssm.onCompletedEventUser-0_{|Unlocked|}_com.android.server.alarm.AlarmManagerService took to complete: 0ms
06-20 13:36:21.506 685 2090 D SystemServerTimingAsync: ssm.onCompletedEventUser-0_{|Unlocked|}_com.android.server.devicestate.DeviceStateManagerService
06-20 13:36:21.506 685 2090 V SystemServerTimingAsync: ssm.onCompletedEventUser-0_{|Unlocked|}_com.android.server.devicestate.DeviceStateManagerService took to complete: 0ms
06-20 13:36:21.506 685 2090 D SystemServerTimingAsync: ssm.onCompletedEventUser-0_{|Unlocked|}_com.android.server.camera.CameraServiceProxy
06-20 13:36:21.506 685 2090 V SystemServerTimingAsync: ssm.onCompletedEventUser-0_{|Unlocked|}_com.android.server.camera.CameraServiceProxy took to complete: 0ms
06-20 13:36:21.506 685 2090 D SystemServerTimingAsync: ssm.onCompletedEventUser-0_{|Unlocked|}_com.android.server.bluetooth.BluetoothService
06-20 13:36:21.506 685 2090 V SystemServerTimingAsync: ssm.onCompletedEventUser-0_{|Unlocked|}_com.android.server.bluetooth.BluetoothService took to complete: 0ms
06-20 13:36:21.506 685 2090 D SystemServerTimingAsync: ssm.onCompletedEventUser-0_{|Unlocked|}_com.android.server.connectivity.IpConnectivityMetrics
06-20 13:36:21.506 685 2090 V SystemServerTimingAsync: ssm.onCompletedEventUser-0_{|Unlocked|}_com.android.server.connectivity.IpConnectivityMetrics took to complete: 0ms
06-20 13:36:21.506 685 2090 D SystemServerTimingAsync: ssm.onCompletedEventUser-0_{|Unlocked|}_com.android.server.net.watchlist.NetworkWatchlistService$Lifecycle
06-20 13:36:21.506 685 2090 V SystemServerTimingAsync: ssm.onCompletedEventUser-0_{|Unlocked|}_com.android.server.net.watchlist.NetworkWatchlistService$Lifecycle took to complete: 0ms
06-20 13:36:21.506 685 2090 D SystemServerTimingAsync: ssm.onCompletedEventUser-0_{|Unlocked|}_com.android.server.PinnerService
06-20 13:36:21.506 685 2090 V SystemServerTimingAsync: ssm.onCompletedEventUser-0_{|Unlocked|}_com.android.server.PinnerService took to complete: 0ms
06-20 13:36:21.506 685 2090 D SystemServerTimingAsync: ssm.onCompletedEventUser-0_{|Unlocked|}_com.android.server.integrity.AppIntegrityManagerService
06-20 13:36:21.506 685 2090 V SystemServerTimingAsync: ssm.onCompletedEventUser-0_{|Unlocked|}_com.android.server.integrity.AppIntegrityManagerService took to complete: 0ms
06-20 13:36:21.506 685 2090 D SystemServerTimingAsync: ssm.onCompletedEventUser-0_{|Unlocked|}_com.android.server.logcat.LogcatManagerService
06-20 13:36:21.506 685 2090 V SystemServerTimingAsync: ssm.onCompletedEventUser-0_{|Unlocked|}_com.android.server.logcat.LogcatManagerService took to complete: 0ms
06-20 13:36:21.506 685 2090 D SystemServerTimingAsync: ssm.onCompletedEventUser-0_{|Unlocked|}_com.android.server.inputmethod.InputMethodManagerService$Lifecycle
06-20 13:36:21.506 685 2090 V SystemServerTimingAsync: ssm.onCompletedEventUser-0_{|Unlocked|}_com.android.server.inputmethod.InputMethodManagerService$Lifecycle took to complete: 0ms
06-20 13:36:21.506 685 2090 D SystemServerTimingAsync: ssm.onCompletedEventUser-0_{|Unlocked|}_com.android.server.accessibility.AccessibilityManagerService$Lifecycle
06-20 13:36:21.506 685 2090 V SystemServerTimingAsync: ssm.onCompletedEventUser-0_{|Unlocked|}_com.android.server.accessibility.AccessibilityManagerService$Lifecycle took to complete: 0ms
06-20 13:36:21.506 685 2090 D SystemServerTimingAsync: ssm.onCompletedEventUser-0_{|Unlocked|}_com.android.server.StorageManagerService$Lifecycle
06-20 13:36:21.506 685 2090 V SystemServerTimingAsync: ssm.onCompletedEventUser-0_{|Unlocked|}_com.android.server.StorageManagerService$Lifecycle took to complete: 0ms
06-20 13:36:21.506 685 2090 D SystemServerTimingAsync: ssm.onCompletedEventUser-0_{|Unlocked|}_com.android.server.usage.StorageStatsService$Lifecycle
06-20 13:36:21.506 685 2090 V SystemServerTimingAsync: ssm.onCompletedEventUser-0_{|Unlocked|}_com.android.server.usage.StorageStatsService$Lifecycle took to complete: 0ms
06-20 13:36:21.506 685 2090 D SystemServerTimingAsync: ssm.onCompletedEventUser-0_{|Unlocked|}_com.android.server.UiModeManagerService
06-20 13:36:21.506 685 2090 V SystemServerTimingAsync: ssm.onCompletedEventUser-0_{|Unlocked|}_com.android.server.UiModeManagerService took to complete: 0ms
06-20 13:36:21.506 685 2090 D SystemServerTimingAsync: ssm.onCompletedEventUser-0_{|Unlocked|}_com.android.server.locales.LocaleManagerService
06-20 13:36:21.506 685 2090 V SystemServerTimingAsync: ssm.onCompletedEventUser-0_{|Unlocked|}_com.android.server.locales.LocaleManagerService took to complete: 0ms
06-20 13:36:21.506 685 2090 D SystemServerTimingAsync: ssm.onCompletedEventUser-0_{|Unlocked|}_com.android.server.grammaticalinflection.GrammaticalInflectionService
06-20 13:36:21.506 685 2090 V SystemServerTimingAsync: ssm.onCompletedEventUser-0_{|Unlocked|}_com.android.server.grammaticalinflection.GrammaticalInflectionService took to complete: 0ms
06-20 13:36:21.506 685 2090 D SystemServerTimingAsync: ssm.onCompletedEventUser-0_{|Unlocked|}_com.android.server.apphibernation.AppHibernationService
06-20 13:36:21.506 685 2090 V SystemServerTimingAsync: ssm.onCompletedEventUser-0_{|Unlocked|}_com.android.server.apphibernation.AppHibernationService took to complete: 0ms
06-20 13:36:21.506 685 2090 D SystemServerTimingAsync: ssm.onCompletedEventUser-0_{|Unlocked|}_com.android.server.locksettings.LockSettingsService$Lifecycle
06-20 13:36:21.506 685 2090 V SystemServerTimingAsync: ssm.onCompletedEventUser-0_{|Unlocked|}_com.android.server.locksettings.LockSettingsService$Lifecycle took to complete: 0ms
06-20 13:36:21.507 685 2090 D SystemServerTimingAsync: ssm.onCompletedEventUser-0_{|Unlocked|}_com.android.server.PersistentDataBlockService
06-20 13:36:21.507 685 2090 V SystemServerTimingAsync: ssm.onCompletedEventUser-0_{|Unlocked|}_com.android.server.PersistentDataBlockService took to complete: 0ms
06-20 13:36:21.507 685 2090 D SystemServerTimingAsync: ssm.onCompletedEventUser-0_{|Unlocked|}_com.android.server.testharness.TestHarnessModeService
06-20 13:36:21.507 685 2090 V SystemServerTimingAsync: ssm.onCompletedEventUser-0_{|Unlocked|}_com.android.server.testharness.TestHarnessModeService took to complete: 0ms
06-20 13:36:21.507 685 2090 D SystemServerTimingAsync: ssm.onCompletedEventUser-0_{|Unlocked|}_com.android.server.oemlock.OemLockService
06-20 13:36:21.507 685 2090 V SystemServerTimingAsync: ssm.onCompletedEventUser-0_{|Unlocked|}_com.android.server.oemlock.OemLockService took to complete: 0ms
06-20 13:36:21.507 685 2090 D SystemServerTimingAsync: ssm.onCompletedEventUser-0_{|Unlocked|}_com.android.server.DeviceIdleController
06-20 13:36:21.507 685 2090 V SystemServerTimingAsync: ssm.onCompletedEventUser-0_{|Unlocked|}_com.android.server.DeviceIdleController took to complete: 0ms
06-20 13:36:21.507 685 2090 D SystemServerTimingAsync: ssm.onCompletedEventUser-0_{|Unlocked|}_com.android.server.devicepolicy.DevicePolicyManagerService$Lifecycle
06-20 13:36:21.507 685 2090 V SystemServerTimingAsync: ssm.onCompletedEventUser-0_{|Unlocked|}_com.android.server.devicepolicy.DevicePolicyManagerService$Lifecycle took to complete: 0ms
06-20 13:36:21.507 685 2090 D SystemServerTimingAsync: ssm.onCompletedEventUser-0_{|Unlocked|}_com.android.server.texttospeech.TextToSpeechManagerService
06-20 13:36:21.507 685 2090 V SystemServerTimingAsync: ssm.onCompletedEventUser-0_{|Unlocked|}_com.android.server.texttospeech.TextToSpeechManagerService took to complete: 0ms
06-20 13:36:21.507 685 2090 D SystemServerTimingAsync: ssm.onCompletedEventUser-0_{|Unlocked|}_com.android.server.ambientcontext.AmbientContextManagerService
06-20 13:36:21.507 685 2090 V SystemServerTimingAsync: ssm.onCompletedEventUser-0_{|Unlocked|}_com.android.server.ambientcontext.AmbientContextManagerService took to complete: 0ms
06-20 13:36:21.507 685 2090 D SystemServerTimingAsync: ssm.onCompletedEventUser-0_{|Unlocked|}_com.android.server.wearable.WearableSensingManagerService
06-20 13:36:21.507 685 2090 V SystemServerTimingAsync: ssm.onCompletedEventUser-0_{|Unlocked|}_com.android.server.wearable.WearableSensingManagerService took to complete: 0ms
06-20 13:36:21.507 685 2090 D SystemServerTimingAsync: ssm.onCompletedEventUser-0_{|Unlocked|}_com.android.server.speech.SpeechRecognitionManagerService
06-20 13:36:21.507 685 2090 V SystemServerTimingAsync: ssm.onCompletedEventUser-0_{|Unlocked|}_com.android.server.speech.SpeechRecognitionManagerService took to complete: 0ms
06-20 13:36:21.507 685 2090 D SystemServerTimingAsync: ssm.onCompletedEventUser-0_{|Unlocked|}_com.android.server.searchui.SearchUiManagerService
06-20 13:36:21.507 685 2090 V SystemServerTimingAsync: ssm.onCompletedEventUser-0_{|Unlocked|}_com.android.server.searchui.SearchUiManagerService took to complete: 0ms
06-20 13:36:21.507 685 2090 D SystemServerTimingAsync: ssm.onCompletedEventUser-0_{|Unlocked|}_com.android.server.smartspace.SmartspaceManagerService
06-20 13:36:21.507 685 2090 V SystemServerTimingAsync: ssm.onCompletedEventUser-0_{|Unlocked|}_com.android.server.smartspace.SmartspaceManagerService took to complete: 0ms
06-20 13:36:21.507 685 2090 D SystemServerTimingAsync: ssm.onCompletedEventUser-0_{|Unlocked|}_com.android.server.graphics.fonts.FontManagerService$Lifecycle
06-20 13:36:21.507 685 2090 V SystemServerTimingAsync: ssm.onCompletedEventUser-0_{|Unlocked|}_com.android.server.graphics.fonts.FontManagerService$Lifecycle took to complete: 0ms
06-20 13:36:21.507 685 2090 D SystemServerTimingAsync: ssm.onCompletedEventUser-0_{|Unlocked|}_com.android.server.textservices.TextServicesManagerService$Lifecycle
06-20 13:36:21.507 685 2090 V SystemServerTimingAsync: ssm.onCompletedEventUser-0_{|Unlocked|}_com.android.server.textservices.TextServicesManagerService$Lifecycle took to complete: 0ms
06-20 13:36:21.507 685 2090 D SystemServerTimingAsync: ssm.onCompletedEventUser-0_{|Unlocked|}_com.android.server.textclassifier.TextClassificationManagerService$Lifecycle
06-20 13:36:21.507 685 2090 V SystemServerTimingAsync: ssm.onCompletedEventUser-0_{|Unlocked|}_com.android.server.textclassifier.TextClassificationManagerService$Lifecycle took to complete: 0ms
06-20 13:36:21.507 685 2090 D SystemServerTimingAsync: ssm.onCompletedEventUser-0_{|Unlocked|}_com.android.server.NetworkScoreService$Lifecycle
06-20 13:36:21.507 685 2090 V SystemServerTimingAsync: ssm.onCompletedEventUser-0_{|Unlocked|}_com.android.server.NetworkScoreService$Lifecycle took to complete: 0ms
06-20 13:36:21.507 685 2090 D SystemServerTimingAsync: ssm.onCompletedEventUser-0_{|Unlocked|}_com.android.server.NetworkStatsServiceInitializer
06-20 13:36:21.507 685 2090 V SystemServerTimingAsync: ssm.onCompletedEventUser-0_{|Unlocked|}_com.android.server.NetworkStatsServiceInitializer took to complete: 0ms
06-20 13:36:21.507 685 2090 D SystemServerTimingAsync: ssm.onCompletedEventUser-0_{|Unlocked|}_com.android.server.wifi.WifiService
06-20 13:36:21.507 685 2090 V SystemServerTimingAsync: ssm.onCompletedEventUser-0_{|Unlocked|}_com.android.server.wifi.WifiService took to complete: 0ms
06-20 13:36:21.507 685 2090 D SystemServerTimingAsync: ssm.onCompletedEventUser-0_{|Unlocked|}_com.android.server.wifi.scanner.WifiScanningService
06-20 13:36:21.507 685 2090 V SystemServerTimingAsync: ssm.onCompletedEventUser-0_{|Unlocked|}_com.android.server.wifi.scanner.WifiScanningService took to complete: 0ms
06-20 13:36:21.507 685 2090 D SystemServerTimingAsync: ssm.onCompletedEventUser-0_{|Unlocked|}_com.android.server.wifi.p2p.WifiP2pService
06-20 13:36:21.507 685 2090 V SystemServerTimingAsync: ssm.onCompletedEventUser-0_{|Unlocked|}_com.android.server.wifi.p2p.WifiP2pService took to complete: 0ms
06-20 13:36:21.507 685 2090 D SystemServerTimingAsync: ssm.onCompletedEventUser-0_{|Unlocked|}_com.android.server.ConnectivityServiceInitializer
06-20 13:36:21.507 685 2090 V SystemServerTimingAsync: ssm.onCompletedEventUser-0_{|Unlocked|}_com.android.server.ConnectivityServiceInitializer took to complete: 0ms
06-20 13:36:21.507 685 2090 D SystemServerTimingAsync: ssm.onCompletedEventUser-0_{|Unlocked|}_com.android.server.notification.NotificationManagerService
06-20 13:36:21.507 685 2090 V SystemServerTimingAsync: ssm.onCompletedEventUser-0_{|Unlocked|}_com.android.server.notification.NotificationManagerService took to complete: 0ms
06-20 13:36:21.507 685 2090 D SystemServerTimingAsync: ssm.onCompletedEventUser-0_{|Unlocked|}_com.android.server.storage.DeviceStorageMonitorService
06-20 13:36:21.507 685 2090 V SystemServerTimingAsync: ssm.onCompletedEventUser-0_{|Unlocked|}_com.android.server.storage.DeviceStorageMonitorService took to complete: 0ms
06-20 13:36:21.507 685 2090 D SystemServerTimingAsync: ssm.onCompletedEventUser-0_{|Unlocked|}_com.android.server.timedetector.TimeDetectorService$Lifecycle
06-20 13:36:21.508 685 2090 V SystemServerTimingAsync: ssm.onCompletedEventUser-0_{|Unlocked|}_com.android.server.timedetector.TimeDetectorService$Lifecycle took to complete: 0ms
06-20 13:36:21.508 685 2090 D SystemServerTimingAsync: ssm.onCompletedEventUser-0_{|Unlocked|}_com.android.server.location.LocationManagerService$Lifecycle
06-20 13:36:21.508 685 2090 V SystemServerTimingAsync: ssm.onCompletedEventUser-0_{|Unlocked|}_com.android.server.location.LocationManagerService$Lifecycle took to complete: 0ms
06-20 13:36:21.508 685 2090 D SystemServerTimingAsync: ssm.onCompletedEventUser-0_{|Unlocked|}_com.android.server.timezonedetector.TimeZoneDetectorService$Lifecycle
06-20 13:36:21.508 685 2090 V SystemServerTimingAsync: ssm.onCompletedEventUser-0_{|Unlocked|}_com.android.server.timezonedetector.TimeZoneDetectorService$Lifecycle took to complete: 0ms
06-20 13:36:21.508 685 2090 D SystemServerTimingAsync: ssm.onCompletedEventUser-0_{|Unlocked|}_com.android.server.location.altitude.AltitudeService$Lifecycle
06-20 13:36:21.508 685 2090 V SystemServerTimingAsync: ssm.onCompletedEventUser-0_{|Unlocked|}_com.android.server.location.altitude.AltitudeService$Lifecycle took to complete: 0ms
06-20 13:36:21.508 685 2090 D SystemServerTimingAsync: ssm.onCompletedEventUser-0_{|Unlocked|}_com.android.server.timezonedetector.location.LocationTimeZoneManagerService$Lifecycle
06-20 13:36:21.508 685 2090 V SystemServerTimingAsync: ssm.onCompletedEventUser-0_{|Unlocked|}_com.android.server.timezonedetector.location.LocationTimeZoneManagerService$Lifecycle took to complete: 0ms
06-20 13:36:21.508 685 2090 D SystemServerTimingAsync: ssm.onCompletedEventUser-0_{|Unlocked|}_com.android.server.search.SearchManagerService$Lifecycle
06-20 13:36:21.508 685 2090 V SystemServerTimingAsync: ssm.onCompletedEventUser-0_{|Unlocked|}_com.android.server.search.SearchManagerService$Lifecycle took to complete: 0ms
06-20 13:36:21.508 685 2090 D SystemServerTimingAsync: ssm.onCompletedEventUser-0_{|Unlocked|}_com.android.server.wallpaper.WallpaperManagerService$Lifecycle
06-20 13:36:21.508 685 2090 V SystemServerTimingAsync: ssm.onCompletedEventUser-0_{|Unlocked|}_com.android.server.wallpaper.WallpaperManagerService$Lifecycle took to complete: 0ms
06-20 13:36:21.508 685 2090 D SystemServerTimingAsync: ssm.onCompletedEventUser-0_{|Unlocked|}_com.android.server.wallpapereffectsgeneration.WallpaperEffectsGenerationManagerService
06-20 13:36:21.508 685 2090 V SystemServerTimingAsync: ssm.onCompletedEventUser-0_{|Unlocked|}_com.android.server.wallpapereffectsgeneration.WallpaperEffectsGenerationManagerService took to complete: 0ms
06-20 13:36:21.508 685 2090 D SystemServerTimingAsync: ssm.onCompletedEventUser-0_{|Unlocked|}_com.android.server.audio.AudioService$Lifecycle
06-20 13:36:21.508 685 2090 V SystemServerTimingAsync: ssm.onCompletedEventUser-0_{|Unlocked|}_com.android.server.audio.AudioService$Lifecycle took to complete: 0ms
06-20 13:36:21.508 685 2090 D SystemServerTimingAsync: ssm.onCompletedEventUser-0_{|Unlocked|}_com.android.server.soundtrigger_middleware.SoundTriggerMiddlewareService$Lifecycle
06-20 13:36:21.508 685 2090 V SystemServerTimingAsync: ssm.onCompletedEventUser-0_{|Unlocked|}_com.android.server.soundtrigger_middleware.SoundTriggerMiddlewareService$Lifecycle took to complete: 0ms
06-20 13:36:21.508 685 2090 D SystemServerTimingAsync: ssm.onCompletedEventUser-0_{|Unlocked|}_com.android.server.adb.AdbService$Lifecycle
06-20 13:36:21.508 685 2090 V SystemServerTimingAsync: ssm.onCompletedEventUser-0_{|Unlocked|}_com.android.server.adb.AdbService$Lifecycle took to complete: 0ms
06-20 13:36:21.508 685 2090 D SystemServerTimingAsync: ssm.onCompletedEventUser-0_{|Unlocked|}_com.android.server.usb.UsbService$Lifecycle
06-20 13:36:21.512 2075 2075 E android.rkpdapp: Not starting debugger since process cannot load the jdwp agent.
06-20 13:36:21.529 685 2089 D SystemServerTimingAsync: ssm.onCompletedEventUser-0_{|Unlocked|}_com.android.server.security.FileIntegrityService
06-20 13:36:21.529 685 2089 V SystemServerTimingAsync: ssm.onCompletedEventUser-0_{|Unlocked|}_com.android.server.security.FileIntegrityService took to complete: 0ms
06-20 13:36:21.529 685 2089 D SystemServerTimingAsync: ssm.onCompletedEventUser-0_{|Unlocked|}_com.android.server.twilight.TwilightService
06-20 13:36:21.529 685 2089 V SystemServerTimingAsync: ssm.onCompletedEventUser-0_{|Unlocked|}_com.android.server.twilight.TwilightService took to complete: 0ms
06-20 13:36:21.529 685 2089 D SystemServerTimingAsync: ssm.onCompletedEventUser-0_{|Unlocked|}_com.android.server.display.color.ColorDisplayService
06-20 13:36:21.529 685 2089 V SystemServerTimingAsync: ssm.onCompletedEventUser-0_{|Unlocked|}_com.android.server.display.color.ColorDisplayService took to complete: 0ms
06-20 13:36:21.529 685 2089 D SystemServerTimingAsync: ssm.onCompletedEventUser-0_{|Unlocked|}_com.android.server.job.JobSchedulerService
06-20 13:36:21.529 685 2089 V SystemServerTimingAsync: ssm.onCompletedEventUser-0_{|Unlocked|}_com.android.server.job.JobSchedulerService took to complete: 0ms
06-20 13:36:21.529 685 2089 D SystemServerTimingAsync: ssm.onCompletedEventUser-0_{|Unlocked|}_com.android.server.soundtrigger.SoundTriggerService
06-20 13:36:21.529 685 2089 V SystemServerTimingAsync: ssm.onCompletedEventUser-0_{|Unlocked|}_com.android.server.soundtrigger.SoundTriggerService took to complete: 0ms
06-20 13:36:21.529 685 2089 D SystemServerTimingAsync: ssm.onCompletedEventUser-0_{|Unlocked|}_com.android.server.trust.TrustManagerService
06-20 13:36:21.529 685 2089 V SystemServerTimingAsync: ssm.onCompletedEventUser-0_{|Unlocked|}_com.android.server.trust.TrustManagerService took to complete: 0ms
06-20 13:36:21.529 1957 1957 I chromium: [0620/133621:INFO:config_service.cc(227)] Load config buffer. err_code = 3, err_msg = Line: 1, column: 1, Unexpected token.
06-20 13:36:21.529 685 2089 D SystemServerTimingAsync: ssm.onCompletedEventUser-0_{|Unlocked|}_com.android.server.backup.BackupManagerService$Lifecycle
06-20 13:36:21.530 685 2089 V SystemServerTimingAsync: ssm.onCompletedEventUser-0_{|Unlocked|}_com.android.server.backup.BackupManagerService$Lifecycle took to complete: 0ms
06-20 13:36:21.530 685 2089 D SystemServerTimingAsync: ssm.onCompletedEventUser-0_{|Unlocked|}_com.android.server.appwidget.AppWidgetService
06-20 13:36:21.530 685 2089 V SystemServerTimingAsync: ssm.onCompletedEventUser-0_{|Unlocked|}_com.android.server.appwidget.AppWidgetService took to complete: 0ms
06-20 13:36:21.530 685 2089 D SystemServerTimingAsync: ssm.onCompletedEventUser-0_{|Unlocked|}_com.android.server.voiceinteraction.VoiceInteractionManagerService
06-20 13:36:21.530 685 2089 V SystemServerTimingAsync: ssm.onCompletedEventUser-0_{|Unlocked|}_com.android.server.voiceinteraction.VoiceInteractionManagerService took to complete: 0ms
06-20 13:36:21.530 685 2089 D SystemServerTimingAsync: ssm.onCompletedEventUser-0_{|Unlocked|}_com.android.server.GestureLauncherService
06-20 13:36:21.530 685 2089 V SystemServerTimingAsync: ssm.onCompletedEventUser-0_{|Unlocked|}_com.android.server.GestureLauncherService took to complete: 0ms
06-20 13:36:21.530 685 2089 D SystemServerTimingAsync: ssm.onCompletedEventUser-0_{|Unlocked|}_com.android.server.SensorNotificationService
06-20 13:36:21.530 685 2089 V SystemServerTimingAsync: ssm.onCompletedEventUser-0_{|Unlocked|}_com.android.server.SensorNotificationService took to complete: 0ms
06-20 13:36:21.530 685 2089 D SystemServerTimingAsync: ssm.onCompletedEventUser-0_{|Unlocked|}_com.android.server.emergency.EmergencyAffordanceService
06-20 13:36:21.530 685 2089 V SystemServerTimingAsync: ssm.onCompletedEventUser-0_{|Unlocked|}_com.android.server.emergency.EmergencyAffordanceService took to complete: 0ms
06-20 13:36:21.530 685 2089 D SystemServerTimingAsync: ssm.onCompletedEventUser-0_{|Unlocked|}_com.android.server.blob.BlobStoreManagerService
06-20 13:36:21.530 685 2089 V SystemServerTimingAsync: ssm.onCompletedEventUser-0_{|Unlocked|}_com.android.server.blob.BlobStoreManagerService took to complete: 0ms
06-20 13:36:21.530 685 2089 D SystemServerTimingAsync: ssm.onCompletedEventUser-0_{|Unlocked|}_com.android.server.dreams.DreamManagerService
06-20 13:36:21.530 685 2089 V SystemServerTimingAsync: ssm.onCompletedEventUser-0_{|Unlocked|}_com.android.server.dreams.DreamManagerService took to complete: 0ms
06-20 13:36:21.530 685 2089 D SystemServerTimingAsync: ssm.onCompletedEventUser-0_{|Unlocked|}_com.android.server.security.AttestationVerificationManagerService
06-20 13:36:21.530 685 2089 V SystemServerTimingAsync: ssm.onCompletedEventUser-0_{|Unlocked|}_com.android.server.security.AttestationVerificationManagerService took to complete: 0ms
06-20 13:36:21.530 685 2089 D SystemServerTimingAsync: ssm.onCompletedEventUser-0_{|Unlocked|}_com.android.server.restrictions.RestrictionsManagerService
06-20 13:36:21.530 685 2089 V SystemServerTimingAsync: ssm.onCompletedEventUser-0_{|Unlocked|}_com.android.server.restrictions.RestrictionsManagerService took to complete: 0ms
06-20 13:36:21.530 685 2089 D SystemServerTimingAsync: ssm.onCompletedEventUser-0_{|Unlocked|}_com.android.server.media.MediaSessionService
06-20 13:36:21.530 685 2089 V SystemServerTimingAsync: ssm.onCompletedEventUser-0_{|Unlocked|}_com.android.server.media.MediaSessionService took to complete: 0ms
06-20 13:36:21.530 685 2089 D SystemServerTimingAsync: ssm.onCompletedEventUser-0_{|Unlocked|}_com.android.server.hdmi.HdmiControlService
06-20 13:36:21.530 685 2089 V SystemServerTimingAsync: ssm.onCompletedEventUser-0_{|Unlocked|}_com.android.server.hdmi.HdmiControlService took to complete: 0ms
06-20 13:36:21.530 685 2089 D SystemServerTimingAsync: ssm.onCompletedEventUser-0_{|Unlocked|}_com.android.server.tv.interactive.TvInteractiveAppManagerService
06-20 13:36:21.530 685 2089 V SystemServerTimingAsync: ssm.onCompletedEventUser-0_{|Unlocked|}_com.android.server.tv.interactive.TvInteractiveAppManagerService took to complete: 0ms
06-20 13:36:21.530 685 2089 D SystemServerTimingAsync: ssm.onCompletedEventUser-0_{|Unlocked|}_com.android.server.tv.TvInputManagerService
06-20 13:36:21.530 685 2089 V SystemServerTimingAsync: ssm.onCompletedEventUser-0_{|Unlocked|}_com.android.server.tv.TvInputManagerService took to complete: 0ms
06-20 13:36:21.530 685 2089 D SystemServerTimingAsync: ssm.onCompletedEventUser-0_{|Unlocked|}_com.android.server.media.MediaResourceMonitorService
06-20 13:36:21.530 685 2089 V SystemServerTimingAsync: ssm.onCompletedEventUser-0_{|Unlocked|}_com.android.server.media.MediaResourceMonitorService took to complete: 0ms
06-20 13:36:21.530 685 2089 D SystemServerTimingAsync: ssm.onCompletedEventUser-0_{|Unlocked|}_com.android.server.tv.TvRemoteService
06-20 13:36:21.530 685 2089 V SystemServerTimingAsync: ssm.onCompletedEventUser-0_{|Unlocked|}_com.android.server.tv.TvRemoteService took to complete: 0ms
06-20 13:36:21.530 685 2089 D SystemServerTimingAsync: ssm.onCompletedEventUser-0_{|Unlocked|}_com.android.server.biometrics.BiometricService
06-20 13:36:21.530 685 2089 V SystemServerTimingAsync: ssm.onCompletedEventUser-0_{|Unlocked|}_com.android.server.biometrics.BiometricService took to complete: 0ms
06-20 13:36:21.531 685 2089 D SystemServerTimingAsync: ssm.onCompletedEventUser-0_{|Unlocked|}_com.android.server.biometrics.AuthService
06-20 13:36:21.531 685 2089 V SystemServerTimingAsync: ssm.onCompletedEventUser-0_{|Unlocked|}_com.android.server.biometrics.AuthService took to complete: 0ms
06-20 13:36:21.531 685 2089 D SystemServerTimingAsync: ssm.onCompletedEventUser-0_{|Unlocked|}_com.android.server.pm.ShortcutService$Lifecycle
06-20 13:36:21.531 685 2089 V SystemServerTimingAsync: ssm.onCompletedEventUser-0_{|Unlocked|}_com.android.server.pm.ShortcutService$Lifecycle took to complete: 0ms
06-20 13:36:21.531 685 2089 D SystemServerTimingAsync: ssm.onCompletedEventUser-0_{|Unlocked|}_com.android.server.pm.LauncherAppsService
06-20 13:36:21.531 685 2089 V SystemServerTimingAsync: ssm.onCompletedEventUser-0_{|Unlocked|}_com.android.server.pm.LauncherAppsService took to complete: 0ms
06-20 13:36:21.531 685 2089 D SystemServerTimingAsync: ssm.onCompletedEventUser-0_{|Unlocked|}_com.android.server.pm.CrossProfileAppsService
06-20 13:36:21.531 685 2089 V SystemServerTimingAsync: ssm.onCompletedEventUser-0_{|Unlocked|}_com.android.server.pm.CrossProfileAppsService took to complete: 0ms
06-20 13:36:21.531 685 2089 D SystemServerTimingAsync: ssm.onCompletedEventUser-0_{|Unlocked|}_com.android.server.people.PeopleService
06-20 13:36:21.531 685 2089 V SystemServerTimingAsync: ssm.onCompletedEventUser-0_{|Unlocked|}_com.android.server.people.PeopleService took to complete: 0ms
06-20 13:36:21.531 685 2089 D SystemServerTimingAsync: ssm.onCompletedEventUser-0_{|Unlocked|}_com.android.server.media.metrics.MediaMetricsManagerService
06-20 13:36:21.531 685 2089 V SystemServerTimingAsync: ssm.onCompletedEventUser-0_{|Unlocked|}_com.android.server.media.metrics.MediaMetricsManagerService took to complete: 0ms
06-20 13:36:21.531 685 2089 D SystemServerTimingAsync: ssm.onCompletedEventUser-0_{|Unlocked|}_com.android.server.pm.BackgroundInstallControlService
06-20 13:36:21.531 685 2089 V SystemServerTimingAsync: ssm.onCompletedEventUser-0_{|Unlocked|}_com.android.server.pm.BackgroundInstallControlService took to complete: 0ms
06-20 13:36:21.531 685 2089 D SystemServerTimingAsync: ssm.onCompletedEventUser-0_{|Unlocked|}_com.android.server.media.projection.MediaProjectionManagerService
06-20 13:36:21.531 685 2089 V SystemServerTimingAsync: ssm.onCompletedEventUser-0_{|Unlocked|}_com.android.server.media.projection.MediaProjectionManagerService took to complete: 0ms
06-20 13:36:21.531 685 2089 D SystemServerTimingAsync: ssm.onCompletedEventUser-0_{|Unlocked|}_com.android.server.slice.SliceManagerService$Lifecycle
06-20 13:36:21.531 685 2089 V SystemServerTimingAsync: ssm.onCompletedEventUser-0_{|Unlocked|}_com.android.server.slice.SliceManagerService$Lifecycle took to complete: 0ms
06-20 13:36:21.531 685 2089 D SystemServerTimingAsync: ssm.onCompletedEventUser-0_{|Unlocked|}_com.android.server.stats.StatsCompanion$Lifecycle
06-20 13:36:21.531 685 2089 V SystemServerTimingAsync: ssm.onCompletedEventUser-0_{|Unlocked|}_com.android.server.stats.StatsCompanion$Lifecycle took to complete: 0ms
06-20 13:36:21.531 685 2089 D SystemServerTimingAsync: ssm.onCompletedEventUser-0_{|Unlocked|}_com.android.server.scheduling.RebootReadinessManagerService$Lifecycle
06-20 13:36:21.531 685 2089 V SystemServerTimingAsync: ssm.onCompletedEventUser-0_{|Unlocked|}_com.android.server.scheduling.RebootReadinessManagerService$Lifecycle took to complete: 0ms
06-20 13:36:21.531 685 2089 D SystemServerTimingAsync: ssm.onCompletedEventUser-0_{|Unlocked|}_com.android.server.stats.pull.StatsPullAtomService
06-20 13:36:21.531 685 2089 V SystemServerTimingAsync: ssm.onCompletedEventUser-0_{|Unlocked|}_com.android.server.stats.pull.StatsPullAtomService took to complete: 0ms
06-20 13:36:21.531 685 2089 D SystemServerTimingAsync: ssm.onCompletedEventUser-0_{|Unlocked|}_com.android.server.stats.bootstrap.StatsBootstrapAtomService$Lifecycle
06-20 13:36:21.531 685 2089 V SystemServerTimingAsync: ssm.onCompletedEventUser-0_{|Unlocked|}_com.android.server.stats.bootstrap.StatsBootstrapAtomService$Lifecycle took to complete: 0ms
06-20 13:36:21.531 685 2089 D SystemServerTimingAsync: ssm.onCompletedEventUser-0_{|Unlocked|}_com.android.server.incident.IncidentCompanionService
06-20 13:36:21.531 685 2089 V SystemServerTimingAsync: ssm.onCompletedEventUser-0_{|Unlocked|}_com.android.server.incident.IncidentCompanionService took to complete: 0ms
06-20 13:36:21.531 685 2089 D SystemServerTimingAsync: ssm.onCompletedEventUser-0_{|Unlocked|}_com.android.server.sdksandbox.SdkSandboxManagerService$Lifecycle
06-20 13:36:21.531 685 2089 V SystemServerTimingAsync: ssm.onCompletedEventUser-0_{|Unlocked|}_com.android.server.sdksandbox.SdkSandboxManagerService$Lifecycle took to complete: 0ms
06-20 13:36:21.531 685 2089 D SystemServerTimingAsync: ssm.onCompletedEventUser-0_{|Unlocked|}_com.android.server.adservices.AdServicesManagerService$Lifecycle
06-20 13:36:21.531 685 2089 V SystemServerTimingAsync: ssm.onCompletedEventUser-0_{|Unlocked|}_com.android.server.adservices.AdServicesManagerService$Lifecycle took to complete: 0ms
06-20 13:36:21.531 685 2089 D SystemServerTimingAsync: ssm.onCompletedEventUser-0_{|Unlocked|}_com.android.server.ondevicepersonalization.OnDevicePersonalizationSystemService$Lifecycle
06-20 13:36:21.531 685 2089 V SystemServerTimingAsync: ssm.onCompletedEventUser-0_{|Unlocked|}_com.android.server.ondevicepersonalization.OnDevicePersonalizationSystemService$Lifecycle took to complete: 0ms
06-20 13:36:21.531 685 2089 D SystemServerTimingAsync: ssm.onCompletedEventUser-0_{|Unlocked|}_com.android.server.autofill.AutofillManagerService
06-20 13:36:21.531 685 2089 V SystemServerTimingAsync: ssm.onCompletedEventUser-0_{|Unlocked|}_com.android.server.autofill.AutofillManagerService took to complete: 0ms
06-20 13:36:21.531 685 2089 D SystemServerTimingAsync: ssm.onCompletedEventUser-0_{|Unlocked|}_com.android.server.clipboard.ClipboardService
06-20 13:36:21.531 685 2089 V SystemServerTimingAsync: ssm.onCompletedEventUser-0_{|Unlocked|}_com.android.server.clipboard.ClipboardService took to complete: 0ms
06-20 13:36:21.531 685 2089 D SystemServerTimingAsync: ssm.onCompletedEventUser-0_{|Unlocked|}_com.android.server.appbinding.AppBindingService$Lifecycle
06-20 13:36:21.531 685 2089 V SystemServerTimingAsync: ssm.onCompletedEventUser-0_{|Unlocked|}_com.android.server.appbinding.AppBindingService$Lifecycle took to complete: 0ms
06-20 13:36:21.531 1346 1671 D CompatibilityChangeReporter: Compat change id reported: 263076149; UID 10070; state: ENABLED
06-20 13:36:21.531 685 2089 D SystemServerTimingAsync: ssm.onCompletedEventUser-0_{|Unlocked|}_com.android.server.tracing.TracingServiceProxy
06-20 13:36:21.531 685 2089 V SystemServerTimingAsync: ssm.onCompletedEventUser-0_{|Unlocked|}_com.android.server.tracing.TracingServiceProxy took to complete: 0ms
06-20 13:36:21.532 685 2089 D SystemServerTimingAsync: ssm.onCompletedEventUser-0_{|Unlocked|}_com.android.server.policy.PermissionPolicyService
06-20 13:36:21.532 685 2089 V SystemServerTimingAsync: ssm.onCompletedEventUser-0_{|Unlocked|}_com.android.server.policy.PermissionPolicyService took to complete: 0ms
06-20 13:36:21.532 685 2089 D SystemServerTimingAsync: ssm.onCompletedEventUser-0_{|Unlocked|}_com.android.server.pm.StagingManager$Lifecycle
06-20 13:36:21.532 685 2089 V SystemServerTimingAsync: ssm.onCompletedEventUser-0_{|Unlocked|}_com.android.server.pm.StagingManager$Lifecycle took to complete: 0ms
06-20 13:36:21.532 685 2089 D SystemServerTimingAsync: ssm.onCompletedEventUser-0_{|Unlocked|}_com.android.server.app.GameManagerService$Lifecycle
06-20 13:36:21.532 685 2089 V SystemServerTimingAsync: ssm.onCompletedEventUser-0_{|Unlocked|}_com.android.server.app.GameManagerService$Lifecycle took to complete: 0ms
06-20 13:36:21.532 685 2089 D SystemServerTimingAsync: ssm.onCompletedEventUser-0_{|Unlocked|}_com.android.safetycenter.SafetyCenterService
06-20 13:36:21.532 685 2089 V SystemServerTimingAsync: ssm.onCompletedEventUser-0_{|Unlocked|}_com.android.safetycenter.SafetyCenterService took to complete: 0ms
06-20 13:36:21.532 685 2089 D SystemServerTimingAsync: ssm.onCompletedEventUser-0_{|Unlocked|}_com.android.server.appsearch.AppSearchModule$Lifecycle
06-20 13:36:21.532 685 2089 V SystemServerTimingAsync: ssm.onCompletedEventUser-0_{|Unlocked|}_com.android.server.appsearch.AppSearchModule$Lifecycle took to complete: 0ms
06-20 13:36:21.532 685 2089 D SystemServerTimingAsync: ssm.onCompletedEventUser-0_{|Unlocked|}_com.android.server.media.MediaCommunicationService
06-20 13:36:21.532 685 2089 V SystemServerTimingAsync: ssm.onCompletedEventUser-0_{|Unlocked|}_com.android.server.media.MediaCommunicationService took to complete: 0ms
06-20 13:36:21.532 685 2089 D SystemServerTimingAsync: ssm.onCompletedEventUser-0_{|Unlocked|}_com.android.server.compat.overrides.AppCompatOverridesService$Lifecycle
06-20 13:36:21.532 685 2089 V SystemServerTimingAsync: ssm.onCompletedEventUser-0_{|Unlocked|}_com.android.server.compat.overrides.AppCompatOverridesService$Lifecycle took to complete: 0ms
06-20 13:36:21.532 685 2089 D SystemServerTimingAsync: ssm.onCompletedEventUser-0_{|Unlocked|}_com.android.server.healthconnect.HealthConnectManagerService
06-20 13:36:21.532 685 2089 V SystemServerTimingAsync: ssm.onCompletedEventUser-0_{|Unlocked|}_com.android.server.healthconnect.HealthConnectManagerService took to complete: 0ms
06-20 13:36:21.532 685 2089 D SystemServerTimingAsync: ssm.onCompletedEventUser-0_{|Unlocked|}_com.android.server.devicelock.DeviceLockService
06-20 13:36:21.532 685 2089 V SystemServerTimingAsync: ssm.onCompletedEventUser-0_{|Unlocked|}_com.android.server.devicelock.DeviceLockService took to complete: 0ms
06-20 13:36:21.533 442 2083 I resolv : res_nsend: used send_dg 507 terrno: 0
06-20 13:36:21.538 442 2083 I resolv : doQuery: rcode=0, ancount=13, return value=507
06-20 13:36:21.543 1423 2066 D TrafficStats: tagSocket(153) with statsTag=0xffffffff, statsUid=-1
06-20 13:36:21.545 685 830 D ConnectivityService: Setting DNS servers for network 100 to [/192.168.31.1]
06-20 13:36:21.548 1346 1671 E TaskWorkerFactory: Cannot create worker: com.android.devicelockcontroller.provision.worker.DeviceCheckInWorker
06-20 13:36:21.548 1346 1671 E TaskWorkerFactory: java.lang.NoSuchMethodException: com.android.devicelockcontroller.provision.worker.DeviceCheckInWorker. [class android.content.Context, class androidx.work.WorkerParameters, interface com.google.common.util.concurrent.ListeningExecutorService]
06-20 13:36:21.548 1346 1671 E TaskWorkerFactory: at java.lang.Class.getConstructor0(Class.java:3325)
06-20 13:36:21.548 1346 1671 E TaskWorkerFactory: at java.lang.Class.getDeclaredConstructor(Class.java:3063)
06-20 13:36:21.548 1346 1671 E TaskWorkerFactory: at com.android.devicelockcontroller.policy.TaskWorkerFactory.createWorker(TaskWorkerFactory.java:53)
06-20 13:36:21.548 1346 1671 E TaskWorkerFactory: at androidx.work.DelegatingWorkerFactory.createWorker(DelegatingWorkerFactory.java:71)
06-20 13:36:21.548 1346 1671 E TaskWorkerFactory: at androidx.work.WorkerFactory.createWorkerWithDefaultFallback(WorkerFactory.java:82)
06-20 13:36:21.548 1346 1671 E TaskWorkerFactory: at androidx.work.impl.WorkerWrapper.runWorker(WorkerWrapper.java:240)
06-20 13:36:21.548 1346 1671 E TaskWorkerFactory: at androidx.work.impl.WorkerWrapper.run(WorkerWrapper.java:142)
06-20 13:36:21.548 1346 1671 E TaskWorkerFactory: at androidx.work.impl.utils.SerialExecutorImpl$Task.run(SerialExecutorImpl.java:96)
06-20 13:36:21.548 1346 1671 E TaskWorkerFactory: at java.util.concurrent.ThreadPoolExecutor.runWorker(ThreadPoolExecutor.java:1145)
06-20 13:36:21.548 1346 1671 E TaskWorkerFactory: at java.util.concurrent.ThreadPoolExecutor$Worker.run(ThreadPoolExecutor.java:644)
06-20 13:36:21.548 1346 1671 E TaskWorkerFactory: at java.lang.Thread.run(Thread.java:1012)
06-20 13:36:21.549 1407 1407 W System.err: SLF4J: Failed to load class "org.slf4j.impl.StaticLoggerBinder".
06-20 13:36:21.549 1407 1407 W System.err: SLF4J: Defaulting to no-operation (NOP) logger implementation
06-20 13:36:21.549 1407 1407 W System.err: SLF4J: See http://www.slf4j.org/codes.html#StaticLoggerBinder for further details.
06-20 13:36:21.550 1407 1407 D LanSocketServer: connect /192.168.31.30:6689
06-20 13:36:21.551 1407 1407 D LanSocketServer: connect start
06-20 13:36:21.551 1407 1407 E LanCommander: onNetWorkChanged: true
06-20 13:36:21.552 685 830 D DnsManager: sendDnsConfigurationForNetwork(100, [192.168.31.1], [], 1800, 25, 8, 64, 0, 0, , [192.168.31.1])
06-20 13:36:21.552 685 2090 V SystemServerTimingAsync: ssm.onCompletedEventUser-0_{|Unlocked|}_com.android.server.usb.UsbService$Lifecycle took to complete: 45ms
06-20 13:36:21.552 1346 1644 D DeviceCheckInClient: Creating instance for com.android.devicelockcontroller.debug.DeviceCheckInClientDebug
06-20 13:36:21.552 1407 2099 D TrafficStats: tagSocket(84) with statsTag=0xffffffff, statsUid=-1
06-20 13:36:21.552 442 517 I resolv : setDoh: No suitable DoH server found
06-20 13:36:21.553 442 517 I netd : DnsResolverService::setResolverConfiguration(100, [192.168.31.1], [], 1800, 25, 8, 64, 0, 0, "", [192.168.31.1]) -> (0) (0.4ms)
06-20 13:36:21.553 442 517 I netd : setResolverConfiguration(ResolverParamsParcel{netId: 100, sampleValiditySeconds: 1800, successThreshold: 25, minSamples: 8, maxSamples: 64, baseTimeoutMsec: 0, retryCount: 0, servers: [192.168.31.1], domains: [], tlsName: , tlsServers: [192.168.31.1], tlsFingerprints: [], caCertificate: , tlsConnectTimeoutMs: 0, resolverOptions: (null), transportTypes: [1]}) <0.57ms>
06-20 13:36:21.555 1407 2099 E LanCommander: onServerCreatedSuccess 192.168.31.30:6689
06-20 13:36:21.558 1407 2099 E RCInfo : vid:
06-20 13:36:21.559 1407 2099 E RCInfo : pid:
06-20 13:36:21.559 1407 2099 E RCInfo : RCBrand:NA
06-20 13:36:21.559 1407 2099 E RCInfo : vid:
06-20 13:36:21.559 1407 2099 E RCInfo : pid:
06-20 13:36:21.560 1407 2099 E RCInfo : vid:
06-20 13:36:21.560 1407 2099 E RCInfo : pid:
06-20 13:36:21.561 685 2091 D SystemServerTimingAsync: ssm.onCompletedEventUser-0_{|Unlocked|}_com.android.server.os.DeviceIdentifiersPolicyService
06-20 13:36:21.561 685 2091 V SystemServerTimingAsync: ssm.onCompletedEventUser-0_{|Unlocked|}_com.android.server.os.DeviceIdentifiersPolicyService took to complete: 0ms
06-20 13:36:21.561 685 718 V SystemServerTimingAsync: ssm.CompletedEventUser-0 took to complete: 93ms
06-20 13:36:21.561 1407 2099 E RCInfo : vid:
06-20 13:36:21.561 1407 2099 E RCInfo : pid:
06-20 13:36:21.562 1407 2099 E RCInfo : RCBrand:NA
06-20 13:36:21.562 1407 2099 E RCInfo : vid:
06-20 13:36:21.562 1407 2099 E RCInfo : pid:
06-20 13:36:21.563 1407 2099 E RCInfo : vid:
06-20 13:36:21.563 1407 2099 E RCInfo : pid:
06-20 13:36:21.572 1423 1839 E hq : WeatherRefresh:::请求网络地址后,更新的地理位置为:null
06-20 13:36:21.575 685 830 W ContextImpl: Calling a method in the system process without a qualified user: android.app.ContextImpl.sendStickyBroadcast:1626 android.net.connectivity.com.android.server.ConnectivityService.sendStickyBroadcast:3284 android.net.connectivity.com.android.server.ConnectivityService.sendGeneralBroadcast:3254 android.net.connectivity.com.android.server.ConnectivityService.sendInetConditionBroadcast:3231 android.net.connectivity.com.android.server.ConnectivityService.updateInetCondition:9912
06-20 13:36:21.577 685 822 W LastMileLogger: Failed to stop event tracing: /sys/kernel/debug/tracing/instances/wifi/tracing_on: open failed: ENOENT (No such file or directory)
06-20 13:36:21.582 1423 1620 E hq : WeatherRefresh:::请求网络地址后,更新的地理位置为:null
06-20 13:36:21.590 685 2059 D WifiMemoryStoreImpl: Set cluster G2ef4728d834cf0c8 for W117dc2f6e8b47f4e: SUCCESS
06-20 13:36:21.597 442 2100 W resolv : Validating DnsTlsServer 192.168.31.1 with mark 0xf0064
06-20 13:36:21.600 685 2059 D CompatibilityChangeReporter: Compat change id reported: 168419799; UID 10058; state: DISABLED
06-20 13:36:21.600 685 2059 D CompatibilityChangeReporter: Compat change id reported: 273564678; UID 10058; state: DISABLED
06-20 13:36:21.601 685 822 D WifiConfigStore: Writing to stores completed in 13 ms.
06-20 13:36:21.606 685 763 D CompatibilityChangeReporter: Compat change id reported: 265195908; UID 10058; state: ENABLED
06-20 13:36:21.612 442 2100 W resolv : SSL_connect ssl error =5, mark 0xf0064: Connection refused
06-20 13:36:21.613 442 2100 W resolv : TLS Handshake failed
06-20 13:36:21.617 442 2100 W resolv : query failed
06-20 13:36:21.617 442 2100 W resolv : validateDnsTlsServer returned 0 for 192.168.31.1
06-20 13:36:21.617 442 2100 W resolv : Validation failed
06-20 13:36:21.622 2075 2075 D CompatibilityChangeReporter: Compat change id reported: 171979766; UID 10058; state: ENABLED
06-20 13:36:21.622 2075 2075 D CompatibilityChangeReporter: Compat change id reported: 242716250; UID 10058; state: ENABLED
06-20 13:36:21.649 685 700 D CompatibilityChangeReporter: Compat change id reported: 170503758; UID 10058; state: ENABLED
06-20 13:36:21.655 1423 1841 D AppListModel: requestAppFilterList: success
06-20 13:36:21.655 1423 1841 D AppListModel: updateList
06-20 13:36:21.655 1423 1841 D AppListModel: updateList: resetAppList
06-20 13:36:21.671 1423 1838 E hq : ErrorCoroutineExceptionHandler:::runTry error:com.dangbei.leard.base.proider.error.EmptyApiException: 数据为空 from=requestMessageDialog from=requestMessageDialog
06-20 13:36:21.684 1407 2099 D getEthernetMacAddr: getEthernetMacAddr use eth0
06-20 13:36:21.688 1957 1957 I CHInputSession: set engine mode: 2 layout: 2
06-20 13:36:21.698 965 1149 D IpClient/wlan0: addressUpdated: fe80::2f83:8cd7:c59c:d0f5/64 on ifindex 16 flags 0x00000880 scope 253
06-20 13:36:21.712 965 1149 D IpClient/wlan0: interfaceDnsServerInfo: [fe80::cabf:4cff:fe1d:7a99%wlan0]
06-20 13:36:21.712 1957 1957 D CHJNIDefault: setInputMode value=-1
06-20 13:36:21.713 1957 1957 I InputContext: onChanged: candidateWords=[]
06-20 13:36:21.713 1957 1957 I InputContext: onChanged: candidateWordInfo.size=0 global offset: 0pausedCandidateData = false
06-20 13:36:21.713 1957 1957 I InputContext: onChanged: composing=null
06-20 13:36:21.713 1957 1957 I InputContext: onChanged: forCompose=false
06-20 13:36:21.718 1957 1957 I nw : onChanged: input mode:languageID=0
06-20 13:36:21.718 1957 1957 I nw : scriptID=2
06-20 13:36:21.718 1957 1957 I nw : layoutID=2
06-20 13:36:21.722 685 830 D ConnectivityService: Setting DNS servers for network 100 to [/fe80::cabf:4cff:fe1d:7a99%wlan0, /192.168.31.1]
06-20 13:36:21.723 685 830 D DnsManager: sendDnsConfigurationForNetwork(100, [fe80::cabf:4cff:fe1d:7a99%wlan0, 192.168.31.1], [], 1800, 25, 8, 64, 0, 0, , [fe80::cabf:4cff:fe1d:7a99%wlan0, 192.168.31.1])
06-20 13:36:21.724 442 517 I resolv : setDoh: No suitable DoH server found
06-20 13:36:21.725 442 517 I resolv : resolv_set_nameservers: netid = 100, addr = fe80::cabf:4cff:fe1d:7a99%wlan0
06-20 13:36:21.725 442 517 I resolv : resolv_set_nameservers: netid = 100, addr = 192.168.31.1
06-20 13:36:21.725 442 517 I netd : DnsResolverService::setResolverConfiguration(100, [fe80::cabf:4cff:fe1d:7a99%wlan0, 192.168.31.1], [], 1800, 25, 8, 64, 0, 0, "", [fe80::cabf:4cff:fe1d:7a99%wlan0, 192.168.31.1]) -> (0) (1ms)
06-20 13:36:21.725 442 517 I netd : setResolverConfiguration(ResolverParamsParcel{netId: 100, sampleValiditySeconds: 1800, successThreshold: 25, minSamples: 8, maxSamples: 64, baseTimeoutMsec: 0, retryCount: 0, servers: [fe80::cabf:4cff:fe1d:7a99%wlan0, 192.168.31.1], domains: [], tlsName: , tlsServers: [fe80::cabf:4cff:fe1d:7a99%wlan0, 192.168.31.1], tlsFingerprints: [], caCertificate: , tlsConnectTimeoutMs: 0, resolverOptions: (null), transportTypes: [1]}) <1.37ms>
06-20 13:36:21.747 1957 1957 I SendAliveManager: doWhenNetworkStateChanged
06-20 13:36:21.753 442 2123 W resolv : Validating DnsTlsServer fe80::cabf:4cff:fe1d:7a99%16 with mark 0xf0064
06-20 13:36:21.754 442 2122 W resolv : Validating DnsTlsServer 192.168.31.1 with mark 0xf0064
06-20 13:36:21.763 1423 1619 D AppManager: checkLocalAppsIsValid: size
06-20 13:36:21.763 1423 1619 D AppManager: AppManager resetData:
06-20 13:36:21.770 442 2123 W resolv : SSL_connect ssl error =5, mark 0xf0064: Connection refused
06-20 13:36:21.770 442 2123 W resolv : TLS Handshake failed
06-20 13:36:21.773 442 2123 W resolv : query failed
06-20 13:36:21.773 442 2123 W resolv : validateDnsTlsServer returned 0 for fe80::cabf:4cff:fe1d:7a99%16
06-20 13:36:21.773 442 2123 W resolv : Validation failed
06-20 13:36:21.773 442 2122 W resolv : SSL_connect ssl error =5, mark 0xf0064: Connection refused
06-20 13:36:21.773 442 2122 W resolv : TLS Handshake failed
06-20 13:36:21.774 442 2122 W resolv : query failed
06-20 13:36:21.774 442 2122 W resolv : validateDnsTlsServer returned 0 for 192.168.31.1
06-20 13:36:21.774 442 2122 W resolv : Validation failed
06-20 13:36:21.775 2075 2075 D nativeloader: Configuring clns-shared-4 for other apk /apex/com.android.rkpd/priv-app/rkpdapp@UD2A.240505.001.W1/rkpdapp.apk. target_sdk_version=34, uses_libraries=, library_path=/apex/com.android.rkpd/priv-app/rkpdapp@UD2A.240505.001.W1/lib/arm:/system/lib:/system_ext/lib, permitted_path=/data:/mnt/expand:/data/user/0/com.android.rkpdapp:/apex/com.android.rkpd/priv-app/rkpdapp@UD2A.240505.001.W1:/system/lib:/system_ext/lib
06-20 13:36:21.398 0 0 W : [1 T1041 ..] [aml_txq_credit_update 2514] sta_idx=0 vif_idx=0 tid=0 update=120 pkt pushed=2 credits=122 old_credits=2
06-20 13:36:21.807 0 0 W : [2 T1046 ..] [SP FRAME RX] arp req,vif_idx:0 sender:[1c:79:2d:20:62:b5 192.168.31.8]receiver:[00:00:00:00:00:00 192.168.31.30]
06-20 13:36:21.810 0 0 W : [2 T1046 ..] [SP FRAME TX] arp rsp,vif_idx:0 sender:[1c:79:2d:20:62:cb 192.168.31.30]receiver:[1c:79:2d:20:62:b5 192.168.31.8]
06-20 13:36:22.202 0 0 W [1 T2162 ..] audit: audit_lost=113 audit_rate_limit=5 audit_backlog_limit=64
06-20 13:36:22.203 0 0 E [1 T2162 ..] audit: rate limit exceeded
06-20 13:36:21.736 1407 1407 I DefaultDispatch: type=1400 audit(0.0:829): avc: denied { search } for name="net" dev="sysfs" ino=12345 scontext=u:r:system_app:s0 tcontext=u:object_r:sysfs_net:s0 tclass=dir permissive=1
06-20 13:36:21.776 685 685 I binder:685_1: type=1400 audit(0.0:830): avc: denied { sys_module } for capability=16 scontext=u:r:system_server:s0 tcontext=u:r:system_server:s0 tclass=capability permissive=1 bug=b/228030183
06-20 13:36:21.812 2126 2126 I net_disconnect.: type=1400 audit(0.0:831): avc: denied { execute_no_trans } for path="/vendor/bin/rgb_led_ctl" dev="dm-1" ino=2942432 scontext=u:r:init:s0 tcontext=u:object_r:vendor_file:s0 tclass=file permissive=1
06-20 13:36:21.976 2126 2126 I rgb_led_ctl: type=1400 audit(0.0:832): avc: denied { write } for name="spidev1.0" dev="tmpfs" ino=512 scontext=u:r:init:s0 tcontext=u:object_r:device:s0 tclass=chr_file permissive=1
06-20 13:36:21.976 2126 2126 I rgb_led_ctl: type=1400 audit(0.0:833): avc: denied { open } for path="/dev/spidev1.0" dev="tmpfs" ino=512 scontext=u:r:init:s0 tcontext=u:object_r:device:s0 tclass=chr_file permissive=1
06-20 13:36:21.784 1423 1838 E hq : WeatherRefresh:::请求网络地址后,更新的地理位置为:101280601
06-20 13:36:21.785 1423 1423 E SecondScreen: isShowSecondScreen()=0 getCurrentPageState()=com.monster.gamma.core.LoadService@816a306
06-20 13:36:21.787 2075 2075 D nativeloader: InitApexLibraries:
06-20 13:36:21.787 2075 2075 D nativeloader: com_android_adservices: libhpke_jni.so:libtflite_support_classifiers_native.so
06-20 13:36:21.787 2075 2075 D nativeloader: com_android_appsearch: libicing.so
06-20 13:36:21.787 2075 2075 D nativeloader: com_android_art: libartservice.so
06-20 13:36:21.787 2075 2075 D nativeloader: com_android_btservices: libbluetooth_jni.so
06-20 13:36:21.787 2075 2075 D nativeloader: com_android_conscrypt: libjavacrypto.so
06-20 13:36:21.787 2075 2075 D nativeloader: com_android_extservices: libhpke_jni.so:libtflite_support_classifiers_native.so
06-20 13:36:21.787 2075 2075 D nativeloader: com_android_os_statsd: libstats_jni.so
06-20 13:36:21.787 2075 2075 D nativeloader: com_android_tethering: libandroid_net_connectivity_com_android_net_module_util_jni.so:libcronet.114.0.5735.84.so:libframework-connectivity-jni.so:libframework-connectivity-tiramisu-jni.so:libservice-connectivity.so
06-20 13:36:21.787 2075 2075 D nativeloader: com_android_uwb: libuwb_uci_jni_rust.so
06-20 13:36:21.787 2075 2075 D nativeloader: com_android_virt: libvirtualizationservice_jni.so:libvirtualmachine_jni.so
06-20 13:36:21.798 1732 1732 I Receiver: ----------netConnectInitSDK--------------
