06-20 13:36:11.190 685 685 D ConditionProviders.SCP: Scheduling evaluate for Fri Jun 20 22:00:00 GMT+08:00 2025 (1750428000000), in +8h23m48s833ms, now=Fri Jun 20 13:36:11 GMT+08:00 2025 (1750397771167)
06-20 13:36:11.193 901 901 D WindowManagerShell: TvPipActionsProvider: onMediaActionsChanged()
06-20 13:36:11.193 901 901 D WindowManagerShell: TvPipActionsProvider: replaceCustomActions, count: 0
06-20 13:36:11.193 901 901 D WindowManagerShell: TvPipMenuController: setDelegate(), delegate=com.android.wm.shell.pip.tv.TvPipController@a55baae
06-20 13:36:11.193 901 901 V WindowManagerShell: Adding init callback for TvPipController
06-20 13:36:11.194 901 901 V WindowManagerShell: Adding init callback for KeyguardTransitionHandler
06-20 13:36:11.199 901 901 V WindowManagerShell: Adding init callback for BackAnimationController
06-20 13:36:11.199 685 685 D CompatibilityChangeReporter: Compat change id reported: 135634846; UID 10056; state: DISABLED
06-20 13:36:11.200 685 719 D CompatibilityChangeReporter: Compat change id reported: 143937733; UID 10056; state: ENABLED
06-20 13:36:11.201 901 979 V WindowManagerShell: Initializing Shell Components: 18
06-20 13:36:11.203 685 685 D HDMI : receive android.intent.action.CONFIGURATION_CHANGED
06-20 13:36:11.208 685 685 D HDMI : receive android.intent.action.CONFIGURATION_CHANGED
06-20 13:36:11.208 901 979 V WindowManagerShell: DisplayChangeController init took 7ms
06-20 13:36:11.210 901 979 V WindowManagerShell: DisplayController init took 2ms
06-20 13:36:11.212 901 979 V WindowManagerShell: DisplayInsetsController init took 2ms
06-20 13:36:11.213 901 979 V WindowManagerShell: DisplayImeController init took 0ms
06-20 13:36:11.213 901 979 V WindowManagerShell: Adding dump callback for ShellController
06-20 13:36:11.213 901 979 V WindowManagerShell: ShellController init took 0ms
06-20 13:36:11.213 901 979 V WindowManagerShell: Adding external interface from DragAndDropController with key extra_shell_drag_and_drop
06-20 13:36:11.213 901 979 V WindowManagerShell: Adding dump callback for DragAndDropController
06-20 13:36:11.213 901 979 V WindowManagerShell: DragAndDropController init took 0ms
06-20 13:36:11.213 901 979 V WindowManagerShell: Adding command class compatui for CompatUIShellCommandHandler
06-20 13:36:11.213 901 979 V WindowManagerShell: CompatUIController init took 0ms
06-20 13:36:11.213 901 979 V WindowManagerShell: Adding dump callback for ShellTaskOrganizer
06-20 13:36:11.216 685 719 I ActivityManager: Start proc 1039:android.ext.services/u0a56 for service {android.ext.services/android.ext.services.autofill.InlineSuggestionRenderServiceImpl}
06-20 13:36:11.218 901 979 V WindowManagerShell: ShellTaskOrganizer init took 4ms
06-20 13:36:11.218 685 685 D AudioService: onStatusChange cecEnabled:false available:false
06-20 13:36:11.218 685 700 D CompatibilityChangeReporter: Compat change id reported: 168419799; UID 1068; state: DISABLED
06-20 13:36:11.219 685 685 I PackageWatchdog: Syncing health check requests for packages: {}
06-20 13:36:11.219 685 685 I ExplicitHealthCheckController: Service not ready to get health check supported packages. Binding...
06-20 13:36:11.219 685 700 D CompatibilityChangeReporter: Compat change id reported: 273564678; UID 1068; state: DISABLED
06-20 13:36:11.225 685 763 D CompatibilityChangeReporter: Compat change id reported: 265195908; UID 1068; state: ENABLED
06-20 13:36:11.235 901 979 V WindowManagerShell: DefaultTransitionHandler init took 17ms
06-20 13:36:11.236 901 979 V WindowManagerShell: Adding external interface from Transitions with key extra_shell_shell_transitions
06-20 13:36:11.256 0 0 I : [0 T501 ..] sectoin 26, size 384640
06-20 13:36:11.258 0 0 W : [3 T501 ..] aml_pci_platform_enable(2494) irq_flag=0x418 irq=69
06-20 13:36:11.258 0 0 W : [3 T501 ..] aml_pci_platform_enable(2496) request_irq ret=0
06-20 13:36:11.259 0 0 W : [3 T501 ..] aml_sdio_platform_on 1991 end
06-20 13:36:11.259 0 0 W [3 T501 ..] aml_cfg80211_init: 6583
06-20 13:36:11.260 0 0 W : [3 T501 ..] >>> aml_send_reset()
06-20 13:36:11.251 901 979 V WindowManagerShell: Adding command class transitions for Transitions
06-20 13:36:11.251 901 979 V WindowManagerShell: Transitions init took 15ms
06-20 13:36:11.251 901 979 V WindowManagerShell: FullscreenTaskListener init took 0ms
06-20 13:36:11.251 901 979 V WindowManagerShell: addHandler: ActivityEmbeddingController
06-20 13:36:11.251 901 979 V WindowManagerShell: ActivityEmbeddingController init took 1ms
06-20 13:36:11.251 901 979 V WindowManagerShell: Adding external interface from StartingWindowController with key extra_shell_starting_window
06-20 13:36:11.251 901 979 V WindowManagerShell: StartingWindowController init took 0ms
06-20 13:36:11.251 901 979 V WindowManagerShell: Adding command class protolog for ProtoLogController
06-20 13:36:11.251 901 979 V WindowManagerShell: ProtoLogController init took 0ms
06-20 13:36:11.261 0 0 W [3 T501 ..] aml_send_reset: 558
06-20 13:36:11.251 901 979 V WindowManagerShell: addHandler: TvPipTransition
06-20 13:36:11.251 901 979 V WindowManagerShell: TvPipTransition init took 0ms
06-20 13:36:11.261 0 0 W : [3 T501 ..] >>> aml_send_msg()
06-20 13:36:11.262 0 0 W : [2 T1041 ..] ipc_sdio_host_msgack_handler 00000000d57b4680
06-20 13:36:11.262 0 0 W : [2 T1041 ..] [aml_msgackind 2039] msg ack hostid=0xffffff8051001880
06-20 13:36:11.263 0 0 W : [2 T1041 ..] [cmd_mgr_llind 329] cmd tkn[0] flags:001a result: -4 cmd: 0-MM_RESET_REQ - reqcfm( 1-MM_RESET_CFM)
06-20 13:36:11.265 0 0 W : [2 T1041 ..] [cmd_mgr_msgind 409] cmd tkn[0] flags:0012 result: -4 cmd: 0-MM_RESET_REQ - reqcfm( 1-MM_RESET_CFM)
06-20 13:36:11.267 0 0 W : [2 T1041 ..] [cmd_complete 65] cmd tkn[0] flags:0002 result: -4 cmd: 0-MM_RESET_REQ - reqcfm( 1-MM_RESET_CFM)
06-20 13:36:11.268 0 0 W : [3 T501 ..] >>> aml_send_version_req()
06-20 13:36:11.269 0 0 W : [3 T501 ..] >>> aml_send_msg()
06-20 13:36:11.270 0 0 W : [2 T1041 ..] ipc_sdio_host_msgack_handler 00000000d57b4680
06-20 13:36:11.270 0 0 W : [2 T1041 ..] [aml_msgackind 2039] msg ack hostid=0xffffff8051001880
06-20 13:36:11.271 0 0 W : [2 T1041 ..] [cmd_mgr_llind 329] cmd tkn[1] flags:001a result: -4 cmd: 4-MM_VERSION_REQ - reqcfm( 5-MM_VERSION_CFM)
06-20 13:36:11.262 685 685 I ExplicitHealthCheckController: Explicit health check service is bound
06-20 13:36:11.273 0 0 W : [2 T1041 ..] [cmd_mgr_msgind 409] cmd tkn[1] flags:0012 result: -4 cmd: 4-MM_VERSION_REQ - reqcfm( 5-MM_VERSION_CFM)
06-20 13:36:11.274 0 0 W : [2 T1041 ..] [cmd_complete 65] cmd tkn[1] flags:0002 result: -4 cmd: 4-MM_VERSION_REQ - reqcfm( 5-MM_VERSION_CFM)
06-20 13:36:11.276 0 0 W : [0 T501 ..] >>> aml_set_vers()
06-20 13:36:11.266 901 979 V WindowManagerShell: TvPipController init took 15ms
06-20 13:36:11.266 901 979 V WindowManagerShell: addHandler: KeyguardTransitionHandler
06-20 13:36:11.266 901 979 V WindowManagerShell: KeyguardTransitionHandler init took 0ms
06-20 13:36:11.277 0 0 I : [0 T501 ..] ieee80211 phy0: PHY features: [NSS=2][CHBW=80][LDPC][VHT][HE][BFMEE][MUMIMORX]
06-20 13:36:11.278 0 0 I : [0 T501 ..] ieee80211 phy0: FW features: [BCN][RADAR][PS][UAPSD][AMPDU][AMSDU][P2P][P2P_GO][UMAC][VHT][HE][BFMEE][WAPI][MFP][MU_MIMO_RX][TDLS][TWT][FTM_INIT][FAKE_FTM_RSP]
06-20 13:36:11.281 0 0 W : [0 T501 ..] >>> aml_send_me_config_req()
06-20 13:36:11.281 0 0 I : [0 T501 ..] ieee80211 phy0: HT supp 1, VHT supp 1, HE supp 1
06-20 13:36:11.282 0 0 W : [0 T501 ..] >>> aml_send_msg()
06-20 13:36:11.282 0 0 W : [2 T1041 ..] ipc_sdio_host_msgack_handler 00000000c55ec037
06-20 13:36:11.283 0 0 W : [2 T1041 ..] [aml_msgackind 2039] msg ack hostid=0xffffff80510d4e80
06-20 13:36:11.284 0 0 W : [2 T1041 ..] [cmd_mgr_llind 329] cmd tkn[2] flags:001a result: -4 cmd:5120-ME_CONFIG_REQ - reqcfm(5121-ME_CONFIG_CFM)
06-20 13:36:11.286 0 0 W : [2 T1041 ..] [cmd_mgr_msgind 409] cmd tkn[2] flags:0012 result: -4 cmd:5120-ME_CONFIG_REQ - reqcfm(5121-ME_CONFIG_CFM)
06-20 13:36:11.287 0 0 W : [2 T1041 ..] [cmd_complete 65] cmd tkn[2] flags:0002 result: -4 cmd:5120-ME_CONFIG_REQ - reqcfm(5121-ME_CONFIG_CFM)
06-20 13:36:11.277 901 979 D ShellBackPreview: Back animation enabled=false
06-20 13:36:11.289 0 0 W : [0 T501 ..] >>> aml_send_extcapab_req()
06-20 13:36:11.289 0 0 W : [0 T501 ..] >>> aml_send_msg()
06-20 13:36:11.290 0 0 W : [2 T1041 ..] ipc_sdio_host_msgack_handler 00000000c55ec037
06-20 13:36:11.291 0 0 W : [2 T1041 ..] [aml_msgackind 2039] msg ack hostid=0xffffff80510d4e80
06-20 13:36:11.292 0 0 W : [2 T1041 ..] [cmd_mgr_llind 329] cmd tkn[3] flags:0008 result: -4 cmd: 105-MM_EXT_CAPAB - reqcfm(1023-none)
06-20 13:36:11.281 685 952 D CompatibilityChangeReporter: Compat change id reported: 168419799; UID 10056; state: DISABLED
06-20 13:36:11.293 0 0 W : [2 T1041 ..] [cmd_complete 65] cmd tkn[3] flags:0000 result: -4 cmd: 105-MM_EXT_CAPAB - reqcfm(1023-none)
06-20 13:36:11.295 0 0 W : [0 T501 ..] [aml_reg_notifier 6037] initiator=0, hint_type=0, alpha=00, region=0
06-20 13:36:11.296 0 0 W : [0 T501 ..] >>> aml_send_me_chan_config_req()
06-20 13:36:11.297 0 0 W : [0 T501 ..] >>> aml_send_msg()
06-20 13:36:11.298 0 0 W : [2 T1041 ..] ipc_sdio_host_msgack_handler 0000000095c147c0
06-20 13:36:11.298 0 0 W : [2 T1041 ..] [aml_msgackind 2039] msg ack hostid=0xffffff80510d4180
06-20 13:36:11.299 0 0 W : [2 T1041 ..] [cmd_mgr_llind 329] cmd tkn[4] flags:001a result: -4 cmd:5122-ME_CHAN_CONFIG_REQ - reqcfm(5123-ME_CHAN_CONFIG_CFM)
06-20 13:36:11.301 0 0 W : [2 T1041 ..] [cmd_mgr_msgind 409] cmd tkn[4] flags:0012 result: -4 cmd:5122-ME_CHAN_CONFIG_REQ - reqcfm(5123-ME_CHAN_CONFIG_CFM)
06-20 13:36:11.302 0 0 W : [2 T1041 ..] [cmd_complete 65] cmd tkn[4] flags:0002 result: -4 cmd:5122-ME_CHAN_CONFIG_REQ - reqcfm(5123-ME_CHAN_CONFIG_CFM)
06-20 13:36:11.282 685 952 D CompatibilityChangeReporter: Compat change id reported: 273564678; UID 10056; state: DISABLED
06-20 13:36:11.283 901 979 V WindowManagerShell: Adding external interface from BackAnimationController with key extra_shell_back_animation
06-20 13:36:11.305 0 0 W : [0 T501 ..] [aml_wq_init 162] workqueue init
06-20 13:36:11.305 0 0 W : [0 T501 ..] [aml_send_sync_trace 4388] sync token[63729]
06-20 13:36:11.305 0 0 W : [0 T501 ..] >>> aml_send_msg()
06-20 13:36:11.306 0 0 F [0 T501 ..] aml_send_msg: bypassing (AML_DEV_RESTARTING set) 0x00
06-20 13:36:11.307 0 0 W : [0 T501 ..] [aml_trace_buf_init 1015] trace mutex init
06-20 13:36:11.307 0 0 W : [0 T501 ..] [recy_dbg][aml_recy_init 745] recovery func init
06-20 13:36:11.308 0 0 W : [0 T501 ..] >>> aml_send_me_chan_config_req()
06-20 13:36:11.310 0 0 W : [0 T501 ..] >>> aml_send_msg()
06-20 13:36:11.310 0 0 W : [2 T1041 ..] ipc_sdio_host_msgack_handler 0000000089abe751
06-20 13:36:11.311 0 0 W : [2 T1041 ..] [aml_msgackind 2039] msg ack hostid=0xffffff80513a3500
06-20 13:36:11.312 0 0 W : [2 T1041 ..] [cmd_mgr_llind 329] cmd tkn[5] flags:001a result: -4 cmd:5122-ME_CHAN_CONFIG_REQ - reqcfm(5123-ME_CHAN_CONFIG_CFM)
06-20 13:36:11.314 0 0 W : [2 T1041 ..] [cmd_mgr_msgind 409] cmd tkn[5] flags:0012 result: -4 cmd:5122-ME_CHAN_CONFIG_REQ - reqcfm(5123-ME_CHAN_CONFIG_CFM)
06-20 13:36:11.315 0 0 W : [2 T1041 ..] [cmd_complete 65] cmd tkn[5] flags:0002 result: -4 cmd:5122-ME_CHAN_CONFIG_REQ - reqcfm(5123-ME_CHAN_CONFIG_CFM)
06-20 13:36:11.305 901 979 V WindowManagerShell: BackAnimationController init took 39ms
06-20 13:36:11.306 901 979 W Looper : Slow dispatch took 105ms wmshell.main h=android.os.Handler c=com.android.wm.shell.common.ShellExecutor$$ExternalSyntheticLambda0@67f53e3 m=0
06-20 13:36:11.306 901 979 V ShellDragAndDrop: Display added: 0
06-20 13:36:11.321 0 0 W : [2 T501 ..] >>> aml_send_msg()
06-20 13:36:11.321 0 0 W : [2 T1041 ..] ipc_sdio_host_msgack_handler 0000000041070f99
06-20 13:36:11.322 0 0 W : [2 T1041 ..] [aml_msgackind 2039] msg ack hostid=0xffffff8051361c80
06-20 13:36:11.323 0 0 W : [2 T1041 ..] [cmd_mgr_llind 329] cmd tkn[6] flags:001a result: -4 cmd: 105-MM_SUB_READ_EFUSE - reqcfm(16391-unknown)
06-20 13:36:11.325 0 0 W : [2 T1041 ..] [cmd_mgr_msgind 409] cmd tkn[6] flags:0012 result: -4 cmd: 105-MM_SUB_READ_EFUSE - reqcfm(16391-unknown)
06-20 13:36:11.326 0 0 W : [2 T1041 ..] [cmd_complete 65] cmd tkn[6] flags:0002 result: -4 cmd: 105-MM_SUB_READ_EFUSE - reqcfm(16391-unknown)
06-20 13:36:11.328 0 0 W [0 T501 ..] read_efuse: value = 40109969
06-20 13:36:11.328 0 0 W : [0 T501 ..] >>> aml_send_msg()
06-20 13:36:11.329 0 0 W : [2 T1041 ..] fmac efuse read: address:0x8 value:0x40109969
06-20 13:36:11.329 0 0 W : [2 T1041 ..] ipc_sdio_host_msgack_handler 00000000fb89a7d2
06-20 13:36:11.330 0 0 W : [2 T1041 ..] [aml_msgackind 2039] msg ack hostid=0xffffff80513a3f80
06-20 13:36:11.331 0 0 W : [2 T1041 ..] [cmd_mgr_llind 329] cmd tkn[7] flags:001a result: -4 cmd: 105-MM_SUB_READ_EFUSE - reqcfm(16391-unknown)
06-20 13:36:11.333 0 0 W : [2 T1041 ..] [cmd_mgr_msgind 409] cmd tkn[7] flags:0012 result: -4 cmd: 105-MM_SUB_READ_EFUSE - reqcfm(16391-unknown)
06-20 13:36:11.334 0 0 W : [2 T1041 ..] [cmd_complete 65] cmd tkn[7] flags:0002 result: -4 cmd: 105-MM_SUB_READ_EFUSE - reqcfm(16391-unknown)
06-20 13:36:11.336 0 0 W [2 T501 ..] read_efuse: value = 7fff1218
06-20 13:36:11.337 0 0 W : [2 T501 ..] [aml_cfg_get_chipid 167] get_chipid from efuse:121840109969
06-20 13:36:11.337 0 0 W : [2 T1041 ..] fmac efuse read: address:0x9 value:0x7FFF1218
06-20 13:36:11.338 0 0 W : [2 T501 ..] >>> aml_send_msg()
06-20 13:36:11.339 0 0 W : [2 T1041 ..] ipc_sdio_host_msgack_handler 000000006b40a2ff
06-20 13:36:11.340 0 0 W : [2 T1041 ..] [aml_msgackind 2039] msg ack hostid=0xffffff8051361680
06-20 13:36:11.341 0 0 W : [2 T1041 ..] [cmd_mgr_llind 329] cmd tkn[8] flags:001a result: -4 cmd: 105-MM_SUB_READ_EFUSE - reqcfm(16391-unknown)
06-20 13:36:11.331 685 763 D CompatibilityChangeReporter: Compat change id reported: 265195908; UID 10056; state: ENABLED
06-20 13:36:11.343 0 0 W : [2 T1041 ..] [cmd_mgr_msgind 409] cmd tkn[8] flags:0012 result: -4 cmd: 105-MM_SUB_READ_EFUSE - reqcfm(16391-unknown)
06-20 13:36:11.344 0 0 W : [2 T1041 ..] [cmd_complete 65] cmd tkn[8] flags:0002 result: -4 cmd: 105-MM_SUB_READ_EFUSE - reqcfm(16391-unknown)
06-20 13:36:11.346 0 0 W [0 T501 ..] read_efuse: value = 1ffff
06-20 13:36:11.346 0 0 W : [2 T1041 ..] fmac efuse read: address:0x7 value:0x1FFFF
06-20 13:36:11.347 0 0 W : [0 T501 ..] >>> aml_send_msg()
06-20 13:36:11.348 0 0 W : [2 T1041 ..] ipc_sdio_host_msgack_handler 00000000466047ff
06-20 13:36:11.348 0 0 W : [2 T1041 ..] [aml_msgackind 2039] msg ack hostid=0xffffff80510d4c00
06-20 13:36:11.349 0 0 W : [2 T1041 ..] [cmd_mgr_llind 329] cmd tkn[9] flags:001a result: -4 cmd: 105-MM_SUB_READ_EFUSE - reqcfm(16391-unknown)
06-20 13:36:11.351 0 0 W : [2 T1041 ..] [cmd_mgr_msgind 409] cmd tkn[9] flags:0012 result: -4 cmd: 105-MM_SUB_READ_EFUSE - reqcfm(16391-unknown)
06-20 13:36:11.352 0 0 W : [2 T1041 ..] [cmd_complete 65] cmd tkn[9] flags:0002 result: -4 cmd: 105-MM_SUB_READ_EFUSE - reqcfm(16391-unknown)
06-20 13:36:11.354 0 0 W [0 T501 ..] read_efuse: value = 2d2062cb
06-20 13:36:11.355 0 0 W : [0 T501 ..] >>> aml_send_msg()
06-20 13:36:11.344 685 952 D CompatibilityChangeReporter: Compat change id reported: 170503758; UID 10056; state: ENABLED
06-20 13:36:11.355 0 0 W : [2 T1041 ..] fmac efuse read: address:0x1 value:0x2D2062CB
06-20 13:36:11.357 0 0 W : [2 T1041 ..] ipc_sdio_host_msgack_handler 00000000466047ff
06-20 13:36:11.358 0 0 W : [2 T1041 ..] [aml_msgackind 2039] msg ack hostid=0xffffff80510d4c00
06-20 13:36:11.358 0 0 W : [2 T1041 ..] [cmd_mgr_llind 329] cmd tkn[10] flags:001a result: -4 cmd: 105-MM_SUB_READ_EFUSE - reqcfm(16391-unknown)
06-20 13:36:11.360 0 0 W : [2 T1041 ..] [cmd_mgr_msgind 409] cmd tkn[10] flags:0012 result: -4 cmd: 105-MM_SUB_READ_EFUSE - reqcfm(16391-unknown)
06-20 13:36:11.362 0 0 W : [2 T1041 ..] [cmd_complete 65] cmd tkn[10] flags:0002 result: -4 cmd: 105-MM_SUB_READ_EFUSE - reqcfm(16391-unknown)
06-20 13:36:11.363 0 0 W [3 T501 ..] read_efuse: value = 1c79
06-20 13:36:11.364 0 0 W : [2 T1041 ..] fmac efuse read: address:0x2 value:0x1C79
06-20 13:36:11.364 0 0 W : [3 T501 ..] [aml_cfg_to_file 273] get mac address from efuse is:1c:79:2d:20:62:cb
06-20 13:36:11.365 0 0 W : [3 T501 ..] [aml_cfg_to_file 303] vif0 mac address:1c:79:2d:20:62:cb, vif1 mac address: 1e:79:2d:20:62:cb, vif2 mac address: 1e:79:2d:20:62:ca
06-20 13:36:11.368 0 0 W : [3 T501 ..] [aml_interface_add 1454] vif index=0, type=2
06-20 13:36:11.369 0 0 W : [3 T501 ..] set_scan_hang, flag:0, [aml_interface_add 1494]
06-20 13:36:11.374 0 0 W : [3 T501 ..] [aml_rps_map_set 46] set rps_cpus as [0]
06-20 13:36:11.374 0 0 W : [3 T501 ..] [aml_rps_map_set 46] set rps_cpus as [0]
06-20 13:36:11.375 0 0 W : [3 T501 ..] [aml_rps_map_set 46] set rps_cpus as [0]
06-20 13:36:11.376 0 0 W : [3 T501 ..] [aml_rps_map_set 46] set rps_cpus as [0]
06-20 13:36:11.376 0 0 I : [3 T501 ..] new interface create wlan0 success
06-20 13:36:11.377 0 0 W : [3 T501 ..] [aml_interface_add 1454] vif index=1, type=2
06-20 13:36:11.378 0 0 W : [3 T501 ..] set_scan_hang, flag:0, [aml_interface_add 1494]
06-20 13:36:11.388 685 685 D AudioService: onHdmiCecVolumeControlFeature enabled:false
06-20 13:36:11.392 685 685 W Looper : Drained
06-20 13:36:11.398 685 842 D AudioService: setWiredDeviceConnectionState( type:400 state:DEVICE_STATE_AVAILABLE addr: name:) from android
06-20 13:36:11.399 685 842 I AS.AudioDeviceInventory: handleDeviceConnection(true dev:400 address: name:)
06-20 13:36:11.399 685 842 I AS.AudioDeviceInventory: deviceKey:0x400:
06-20 13:36:11.399 685 842 I AS.AudioDeviceInventory: deviceInfo:null is(already)Connected:false
06-20 13:36:11.400 685 685 D SystemServerTiming: ManagedServices.unbindOtherUserServices_current0
06-20 13:36:11.400 685 685 V SystemServerTiming: ManagedServices.unbindOtherUserServices_current0 took to complete: 0ms
06-20 13:36:11.401 685 685 D SystemServerTiming: ManagedServices.unbindOtherUserServices_current0
06-20 13:36:11.401 685 685 V SystemServerTiming: ManagedServices.unbindOtherUserServices_current0 took to complete: 0ms
06-20 13:36:11.401 685 685 D SystemServerTiming: ManagedServices.unbindOtherUserServices_current0
06-20 13:36:11.401 685 685 V SystemServerTiming: ManagedServices.unbindOtherUserServices_current0 took to complete: 0ms
06-20 13:36:11.402 685 685 V NotificationAssistants: enabling notification assistant for 0: ComponentInfo{android.ext.services/android.ext.services.notification.Assistant}
06-20 13:36:11.402 685 685 V NotificationAssistants: binding: Intent { act=android.service.notification.NotificationAssistantService cmp=android.ext.services/.notification.Assistant (has extras) }
06-20 13:36:11.460 0 0 I [3 T505 ..] [hdmitx: ] hdmitx21_audio_mute_op: AUD_UNMUTE path=0x8000000
06-20 13:36:11.460 0 0 I [3 T505 ..] [hdmitx: ] audio state: AUDIO_UNMUTE
06-20 13:36:11.461 0 0 I [3 T505 ..] [hdmitx: ] hdmitx21_ext_set_audio_output enable:1
06-20 13:36:11.453 685 752 D CompatibilityChangeReporter: Compat change id reported: 161145287; UID 1073; state: ENABLED
06-20 13:36:11.456 685 763 D CompatibilityChangeReporter: Compat change id reported: 218533173; UID 10040; state: DISABLED
06-20 13:36:11.456 685 763 D CompatibilityChangeReporter: Compat change id reported: 262645982; UID 10040; state: DISABLED
06-20 13:36:11.458 685 763 D CompatibilityChangeReporter: Compat change id reported: 218533173; UID 10054; state: DISABLED
06-20 13:36:11.458 685 763 D CompatibilityChangeReporter: Compat change id reported: 262645982; UID 10054; state: DISABLED
06-20 13:36:11.459 685 763 D CompatibilityChangeReporter: Compat change id reported: 218533173; UID 10059; state: ENABLED
06-20 13:36:11.459 685 763 D CompatibilityChangeReporter: Compat change id reported: 262645982; UID 10059; state: ENABLED
06-20 13:36:11.460 685 763 D CompatibilityChangeReporter: Compat change id reported: 218533173; UID 10063; state: ENABLED
06-20 13:36:11.461 685 763 D CompatibilityChangeReporter: Compat change id reported: 262645982; UID 10063; state: ENABLED
06-20 13:36:11.462 685 763 D CompatibilityChangeReporter: Compat change id reported: 218533173; UID 10061; state: ENABLED
06-20 13:36:11.463 685 763 D CompatibilityChangeReporter: Compat change id reported: 262645982; UID 10061; state: ENABLED
06-20 13:36:11.463 685 763 D CompatibilityChangeReporter: Compat change id reported: 218533173; UID 10017; state: ENABLED
06-20 13:36:11.463 685 763 D CompatibilityChangeReporter: Compat change id reported: 262645982; UID 10017; state: ENABLED
06-20 13:36:11.464 685 763 D CompatibilityChangeReporter: Compat change id reported: 218533173; UID 10016; state: ENABLED
06-20 13:36:11.465 685 763 D CompatibilityChangeReporter: Compat change id reported: 262645982; UID 10016; state: ENABLED
06-20 13:36:11.480 0 0 I [3 T643 ..] [hdmitx: ] hdmitx_audio_notify_callback[798] audio prepare
06-20 13:36:11.480 0 0 I [3 T643 ..] [hdmitx: ] hdmitx_audio_notify_callback[803] type:2 rate:3 size:1 chs:2 i2s_ch_mask:1 aud_src_if:0
06-20 13:36:11.482 0 0 I [3 T643 ..] [hdmitx: ] aout notify format CT_AC_3
06-20 13:36:11.482 0 0 I [3 T643 ..] [hdmitx: ] set audio
06-20 13:36:11.483 0 0 I [3 T643 ..] [hdmitx: ] audio_param->chs = 1
06-20 13:36:11.483 0 0 I [3 T643 ..] [hdmitx: ] aud_src_if = 0
06-20 13:36:11.484 0 0 I [3 T643 ..] [hdmitx: ] aud_n_para = 11648
06-20 13:36:11.485 0 0 I [3 T643 ..] [hdmitx: ] audio state: AUDIO_UNMUTE
06-20 13:36:11.485 0 0 I [3 T643 ..] [hdmitx: ] set audio param
06-20 13:36:11.486 0 0 D [3 T643 ..] [snd-soc]: aml_spdif_fifo_ctrl, bit depth:16, frddr type:1, toddr:type:1
06-20 13:36:11.478 685 763 D CompatibilityChangeReporter: Compat change id reported: 218533173; UID 10062; state: ENABLED
06-20 13:36:11.478 685 763 D CompatibilityChangeReporter: Compat change id reported: 262645982; UID 10062; state: ENABLED
06-20 13:36:11.479 685 763 D CompatibilityChangeReporter: Compat change id reported: 218533173; UID 10060; state: ENABLED
06-20 13:36:11.479 685 763 D CompatibilityChangeReporter: Compat change id reported: 262645982; UID 10060; state: ENABLED
06-20 13:36:11.480 685 763 D CompatibilityChangeReporter: Compat change id reported: 218533173; UID 10039; state: DISABLED
06-20 13:36:11.483 685 763 D CompatibilityChangeReporter: Compat change id reported: 262645982; UID 10039; state: DISABLED
06-20 13:36:11.484 685 763 D CompatibilityChangeReporter: Compat change id reported: 218533173; UID 10005; state: ENABLED
06-20 13:36:11.484 685 763 D CompatibilityChangeReporter: Compat change id reported: 262645982; UID 10005; state: ENABLED
06-20 13:36:11.485 685 763 D CompatibilityChangeReporter: Compat change id reported: 218533173; UID 10019; state: ENABLED
06-20 13:36:11.485 685 763 D CompatibilityChangeReporter: Compat change id reported: 262645982; UID 10019; state: ENABLED
06-20 13:36:11.485 685 763 D CompatibilityChangeReporter: Compat change id reported: 218533173; UID 10035; state: ENABLED
06-20 13:36:11.486 685 763 D CompatibilityChangeReporter: Compat change id reported: 262645982; UID 10035; state: ENABLED
06-20 13:36:11.486 685 763 D CompatibilityChangeReporter: Compat change id reported: 218533173; UID 10036; state: ENABLED
06-20 13:36:11.486 685 763 D CompatibilityChangeReporter: Compat change id reported: 262645982; UID 10036; state: ENABLED
06-20 13:36:11.487 685 763 D CompatibilityChangeReporter: Compat change id reported: 218533173; UID 10026; state: ENABLED
06-20 13:36:11.487 685 763 D CompatibilityChangeReporter: Compat change id reported: 262645982; UID 10026; state: ENABLED
06-20 13:36:11.488 685 763 D CompatibilityChangeReporter: Compat change id reported: 218533173; UID 10071; state: ENABLED
06-20 13:36:11.489 685 763 D CompatibilityChangeReporter: Compat change id reported: 262645982; UID 10071; state: ENABLED
06-20 13:36:11.489 685 763 D CompatibilityChangeReporter: Compat change id reported: 218533173; UID 10042; state: DISABLED
06-20 13:36:11.490 685 763 D CompatibilityChangeReporter: Compat change id reported: 262645982; UID 10042; state: DISABLED
06-20 13:36:11.490 685 763 D CompatibilityChangeReporter: Compat change id reported: 218533173; UID 10008; state: ENABLED
06-20 13:36:11.490 685 763 D CompatibilityChangeReporter: Compat change id reported: 262645982; UID 10008; state: ENABLED
06-20 13:36:11.491 685 763 D CompatibilityChangeReporter: Compat change id reported: 218533173; UID 10073; state: ENABLED
06-20 13:36:11.492 685 763 D CompatibilityChangeReporter: Compat change id reported: 262645982; UID 10073; state: ENABLED
06-20 13:36:11.494 685 763 D CompatibilityChangeReporter: Compat change id reported: 218533173; UID 10037; state: ENABLED
06-20 13:36:11.494 685 763 D CompatibilityChangeReporter: Compat change id reported: 262645982; UID 10037; state: ENABLED
06-20 13:36:11.495 685 763 D CompatibilityChangeReporter: Compat change id reported: 218533173; UID 10065; state: ENABLED
06-20 13:36:11.496 685 763 D CompatibilityChangeReporter: Compat change id reported: 262645982; UID 10065; state: ENABLED
06-20 13:36:11.507 0 0 I [3 T643 ..] [hdmitx: ] hdmitx_audio_notify_callback[798] audio prepare
06-20 13:36:11.508 0 0 I [3 T643 ..] audio_ddr_mngr: frddrs[1] released by device fe330000.audiobus:spdif@0
06-20 13:36:11.509 0 0 D [3 T643 ..] [snd-soc]: spdif_a is set to disable
06-20 13:36:11.509 0 0 I [3 T643 ..] [snd-soc]: aml_audio_reset, reg 0xa, shift 9, use_vadtop 0
06-20 13:36:11.510 0 0 I [3 T643 ..] [snd-soc]: aml_audio_reset, reg 0xa, shift 14, use_vadtop 0
06-20 13:36:11.511 0 0 I [3 T643 ..] [snd-soc]: hdmitx src switch to spdif 0
06-20 13:36:11.511 0 0 I [3 T643 ..] [snd-soc]: sharebuffer_spdifout_prepare get_hdmitx_audio_src(rtd->card):0 spdif_id:0
06-20 13:36:11.513 0 0 I [3 T643 ..] [hdmitx: ] hdmitx_audio_notify_callback[798] audio prepare
06-20 13:36:11.514 0 0 D [3 T643 ..] [snd-soc]: spdif_a fifo ctrl, frddr:0 type:1, 16 bits, chmask 0x3, swap 0x10
06-20 13:36:11.514 0 0 I [3 T643 ..] [hdmitx: ] hdmitx_audio_notify_callback[803] type:1 rate:3 size:1 chs:2 i2s_ch_mask:1 aud_src_if:0
06-20 13:36:11.515 0 0 I [3 T643 ..] [hdmitx: ] aout notify format CT_PCM
06-20 13:36:11.516 0 0 I [3 T643 ..] [hdmitx: ] set audio
06-20 13:36:11.516 0 0 I [3 T643 ..] [hdmitx: ] audio_param->chs = 1
06-20 13:36:11.517 0 0 I [3 T643 ..] [hdmitx: ] aud_src_if = 0
06-20 13:36:11.517 0 0 I [3 T643 ..] [hdmitx: ] aud_n_para = 11648
06-20 13:36:11.518 0 0 I [3 T643 ..] [hdmitx: ] audio state: AUDIO_UNMUTE
06-20 13:36:11.519 0 0 I [3 T643 ..] [hdmitx: ] set audio param
06-20 13:36:11.501 685 763 D CompatibilityChangeReporter: Compat change id reported: 218533173; UID 10047; state: DISABLED
06-20 13:36:11.502 685 763 D CompatibilityChangeReporter: Compat change id reported: 262645982; UID 10047; state: DISABLED
06-20 13:36:11.503 685 763 D CompatibilityChangeReporter: Compat change id reported: 218533173; UID 10034; state: ENABLED
06-20 13:36:11.505 685 763 D CompatibilityChangeReporter: Compat change id reported: 262645982; UID 10034; state: ENABLED
06-20 13:36:11.506 685 763 D CompatibilityChangeReporter: Compat change id reported: 218533173; UID 10069; state: ENABLED
06-20 13:36:11.506 685 763 D CompatibilityChangeReporter: Compat change id reported: 262645982; UID 10069; state: ENABLED
06-20 13:36:11.507 685 763 D CompatibilityChangeReporter: Compat change id reported: 218533173; UID 10048; state: ENABLED
06-20 13:36:11.507 685 763 D CompatibilityChangeReporter: Compat change id reported: 262645982; UID 10048; state: ENABLED
06-20 13:36:11.508 685 763 D CompatibilityChangeReporter: Compat change id reported: 218533173; UID 10015; state: ENABLED
06-20 13:36:11.523 0 0 D [3 T643 ..] [snd-soc]: spdif_a is set to enable
06-20 13:36:11.525 0 0 I [3 T643 ..] [snd-soc]: release_spdif_same_src(), 1039 src sel 3
06-20 13:36:11.526 0 0 I [3 T643 ..] [snd-soc]: ss_free() samesrc 3, lvl 1
06-20 13:36:11.527 0 0 I [2 T643 ..] audio_ddr_mngr: frddrs[1] registered by device fe330000.audiobus:spdif@0
06-20 13:36:11.528 0 0 I [2 T643 ..] [hdmitx: ] hdmitx_audio_notify_callback[798] audio prepare
06-20 13:36:11.529 0 0 I [2 T643 ..] [hdmitx: ] hdmitx_audio_notify_callback[798] audio prepare
06-20 13:36:11.529 0 0 I [2 T643 ..] [hdmitx: ] hdmitx_audio_notify_callback[803] type:2 rate:3 size:1 chs:2 i2s_ch_mask:1 aud_src_if:0
06-20 13:36:11.531 0 0 I [2 T643 ..] [hdmitx: ] aout notify format CT_AC_3
06-20 13:36:11.531 0 0 I [2 T643 ..] [hdmitx: ] set audio
06-20 13:36:11.532 0 0 I [2 T643 ..] [hdmitx: ] audio_param->chs = 1
06-20 13:36:11.533 0 0 I [2 T643 ..] [hdmitx: ] aud_src_if = 0
06-20 13:36:11.533 0 0 I [2 T643 ..] [hdmitx: ] aud_n_para = 11648
06-20 13:36:11.534 0 0 I [2 T643 ..] [hdmitx: ] audio state: AUDIO_UNMUTE
06-20 13:36:11.534 0 0 I [2 T643 ..] [hdmitx: ] set audio param
06-20 13:36:11.535 0 0 D [2 T643 ..] [snd-soc]: aml_spdif_fifo_ctrl, bit depth:16, frddr type:1, toddr:type:1
06-20 13:36:11.525 685 763 D CompatibilityChangeReporter: Compat change id reported: 262645982; UID 10015; state: ENABLED
06-20 13:36:11.525 685 763 D CompatibilityChangeReporter: Compat change id reported: 218533173; UID 10012; state: ENABLED
06-20 13:36:11.525 685 763 D CompatibilityChangeReporter: Compat change id reported: 262645982; UID 10012; state: ENABLED
06-20 13:36:11.526 685 763 D CompatibilityChangeReporter: Compat change id reported: 218533173; UID 10006; state: ENABLED
06-20 13:36:11.526 685 763 D CompatibilityChangeReporter: Compat change id reported: 262645982; UID 10006; state: ENABLED
06-20 13:36:11.527 685 763 D CompatibilityChangeReporter: Compat change id reported: 218533173; UID 10027; state: DISABLED
06-20 13:36:11.528 685 763 D CompatibilityChangeReporter: Compat change id reported: 262645982; UID 10027; state: DISABLED
06-20 13:36:11.529 685 763 D CompatibilityChangeReporter: Compat change id reported: 218533173; UID 10044; state: DISABLED
06-20 13:36:11.530 685 763 D CompatibilityChangeReporter: Compat change id reported: 262645982; UID 10044; state: DISABLED
06-20 13:36:11.530 685 763 D CompatibilityChangeReporter: Compat change id reported: 218533173; UID 10046; state: DISABLED
06-20 13:36:11.531 685 763 D CompatibilityChangeReporter: Compat change id reported: 262645982; UID 10046; state: DISABLED
06-20 13:36:11.531 685 763 D CompatibilityChangeReporter: Compat change id reported: 218533173; UID 10025; state: ENABLED
06-20 13:36:11.532 685 763 D CompatibilityChangeReporter: Compat change id reported: 262645982; UID 10025; state: ENABLED
06-20 13:36:11.533 685 763 D CompatibilityChangeReporter: Compat change id reported: 218533173; UID 10038; state: ENABLED
06-20 13:36:11.534 685 763 D CompatibilityChangeReporter: Compat change id reported: 262645982; UID 10038; state: ENABLED
06-20 13:36:11.534 685 763 D CompatibilityChangeReporter: Compat change id reported: 218533173; UID 10031; state: ENABLED
06-20 13:36:11.535 685 763 D CompatibilityChangeReporter: Compat change id reported: 262645982; UID 10031; state: ENABLED
06-20 13:36:11.535 685 763 D CompatibilityChangeReporter: Compat change id reported: 218533173; UID 10051; state: ENABLED
06-20 13:36:11.535 685 763 D CompatibilityChangeReporter: Compat change id reported: 262645982; UID 10051; state: ENABLED
06-20 13:36:11.536 685 763 D CompatibilityChangeReporter: Compat change id reported: 218533173; UID 10058; state: ENABLED
06-20 13:36:11.537 685 763 D CompatibilityChangeReporter: Compat change id reported: 262645982; UID 10058; state: ENABLED
06-20 13:36:11.538 685 763 D CompatibilityChangeReporter: Compat change id reported: 218533173; UID 10007; state: ENABLED
06-20 13:36:11.538 685 763 D CompatibilityChangeReporter: Compat change id reported: 262645982; UID 10007; state: ENABLED
06-20 13:36:11.538 685 763 D CompatibilityChangeReporter: Compat change id reported: 218533173; UID 10021; state: ENABLED
06-20 13:36:11.539 685 763 D CompatibilityChangeReporter: Compat change id reported: 262645982; UID 10021; state: ENABLED
06-20 13:36:11.539 685 763 D CompatibilityChangeReporter: Compat change id reported: 218533173; UID 10029; state: DISABLED
06-20 13:36:11.539 685 763 D CompatibilityChangeReporter: Compat change id reported: 262645982; UID 10029; state: DISABLED
06-20 13:36:11.540 685 763 D CompatibilityChangeReporter: Compat change id reported: 218533173; UID 10075; state: DISABLED
06-20 13:36:11.540 685 763 D CompatibilityChangeReporter: Compat change id reported: 262645982; UID 10075; state: DISABLED
06-20 13:36:11.541 685 763 D CompatibilityChangeReporter: Compat change id reported: 218533173; UID 10000; state: ENABLED
06-20 13:36:11.542 685 763 D CompatibilityChangeReporter: Compat change id reported: 262645982; UID 10000; state: ENABLED
06-20 13:36:11.542 685 763 D CompatibilityChangeReporter: Compat change id reported: 218533173; UID 10033; state: ENABLED
06-20 13:36:11.543 685 763 D CompatibilityChangeReporter: Compat change id reported: 262645982; UID 10033; state: ENABLED
06-20 13:36:11.543 685 763 D CompatibilityChangeReporter: Compat change id reported: 218533173; UID 10001; state: ENABLED
06-20 13:36:11.543 685 763 D CompatibilityChangeReporter: Compat change id reported: 262645982; UID 10001; state: ENABLED
06-20 13:36:11.544 685 763 D CompatibilityChangeReporter: Compat change id reported: 218533173; UID 10056; state: ENABLED
06-20 13:36:11.546 685 763 D CompatibilityChangeReporter: Compat change id reported: 262645982; UID 10056; state: ENABLED
06-20 13:36:11.565 685 1069 W WindowManager: [addWindow] title:ShellDropTarget
06-20 13:36:11.583 685 1069 D CompatibilityChangeReporter: Compat change id reported: 168419799; UID 10052; state: DISABLED
06-20 13:36:11.584 685 1069 D CompatibilityChangeReporter: Compat change id reported: 273564678; UID 10052; state: DISABLED
06-20 13:36:11.591 685 763 D CompatibilityChangeReporter: Compat change id reported: 218533173; UID 10067; state: ENABLED
06-20 13:36:11.595 685 763 D CompatibilityChangeReporter: Compat change id reported: 262645982; UID 10067; state: ENABLED
06-20 13:36:11.595 685 763 D CompatibilityChangeReporter: Compat change id reported: 218533173; UID 10030; state: ENABLED
06-20 13:36:11.596 685 763 D CompatibilityChangeReporter: Compat change id reported: 262645982; UID 10030; state: ENABLED
06-20 13:36:11.598 685 763 D CompatibilityChangeReporter: Compat change id reported: 218533173; UID 10014; state: ENABLED
06-20 13:36:11.599 685 763 D CompatibilityChangeReporter: Compat change id reported: 262645982; UID 10014; state: ENABLED
06-20 13:36:11.602 685 763 D CompatibilityChangeReporter: Compat change id reported: 218533173; UID 10023; state: ENABLED
06-20 13:36:11.603 685 763 D CompatibilityChangeReporter: Compat change id reported: 262645982; UID 10023; state: ENABLED
06-20 13:36:11.603 685 763 D CompatibilityChangeReporter: Compat change id reported: 218533173; UID 10024; state: ENABLED
06-20 13:36:11.604 685 763 D CompatibilityChangeReporter: Compat change id reported: 262645982; UID 10024; state: ENABLED
06-20 13:36:11.613 0 0 W : [1 T501 ..] [aml_rps_map_set 46] set rps_cpus as [0]
06-20 13:36:11.613 0 0 W : [1 T501 ..] [aml_rps_map_set 46] set rps_cpus as [0]
06-20 13:36:11.616 0 0 W : [1 T501 ..] [aml_rps_map_set 46] set rps_cpus as [0]
06-20 13:36:11.616 0 0 W : [1 T501 ..] [aml_rps_map_set 46] set rps_cpus as [0]
06-20 13:36:11.605 685 763 D CompatibilityChangeReporter: Compat change id reported: 218533173; UID 10020; state: ENABLED
06-20 13:36:11.605 685 763 D CompatibilityChangeReporter: Compat change id reported: 262645982; UID 10020; state: ENABLED
06-20 13:36:11.617 0 0 I : [1 T501 ..] new interface create p2p0 success
06-20 13:36:11.618 0 0 W : [1 T501 ..] [aml_interface_add 1454] vif index=2, type=2
06-20 13:36:11.619 0 0 W : [1 T501 ..] set_scan_hang, flag:0, [aml_interface_add 1494]
06-20 13:36:11.608 685 763 D CompatibilityChangeReporter: Compat change id reported: 218533173; UID 10066; state: ENABLED
06-20 13:36:11.609 685 763 D CompatibilityChangeReporter: Compat change id reported: 262645982; UID 10066; state: ENABLED
06-20 13:36:11.610 685 763 D CompatibilityChangeReporter: Compat change id reported: 218533173; UID 10022; state: ENABLED
06-20 13:36:11.610 685 763 D CompatibilityChangeReporter: Compat change id reported: 262645982; UID 10022; state: ENABLED
06-20 13:36:11.612 685 763 D CompatibilityChangeReporter: Compat change id reported: 218533173; UID 10009; state: ENABLED
06-20 13:36:11.613 685 763 D CompatibilityChangeReporter: Compat change id reported: 262645982; UID 10009; state: ENABLED
06-20 13:36:11.613 685 763 D CompatibilityChangeReporter: Compat change id reported: 218533173; UID 10076; state: DISABLED
06-20 13:36:11.613 685 763 D CompatibilityChangeReporter: Compat change id reported: 262645982; UID 10076; state: DISABLED
06-20 13:36:11.614 685 763 D CompatibilityChangeReporter: Compat change id reported: 218533173; UID 10002; state: ENABLED
06-20 13:36:11.615 685 763 D CompatibilityChangeReporter: Compat change id reported: 262645982; UID 10002; state: ENABLED
06-20 13:36:11.615 685 763 D CompatibilityChangeReporter: Compat change id reported: 218533173; UID 10011; state: ENABLED
06-20 13:36:11.616 685 763 D CompatibilityChangeReporter: Compat change id reported: 262645982; UID 10011; state: ENABLED
06-20 13:36:11.617 685 763 D CompatibilityChangeReporter: Compat change id reported: 218533173; UID 10041; state: DISABLED
06-20 13:36:11.617 685 763 D CompatibilityChangeReporter: Compat change id reported: 262645982; UID 10041; state: DISABLED
06-20 13:36:11.618 685 763 D CompatibilityChangeReporter: Compat change id reported: 218533173; UID 10055; state: DISABLED
06-20 13:36:11.619 685 763 D CompatibilityChangeReporter: Compat change id reported: 262645982; UID 10055; state: DISABLED
06-20 13:36:11.620 685 763 D CompatibilityChangeReporter: Compat change id reported: 218533173; UID 10043; state: ENABLED
06-20 13:36:11.621 685 763 D CompatibilityChangeReporter: Compat change id reported: 262645982; UID 10043; state: ENABLED
06-20 13:36:11.621 685 763 D CompatibilityChangeReporter: Compat change id reported: 218533173; UID 10010; state: ENABLED
06-20 13:36:11.622 685 763 D CompatibilityChangeReporter: Compat change id reported: 262645982; UID 10010; state: ENABLED
06-20 13:36:11.622 685 763 D CompatibilityChangeReporter: Compat change id reported: 218533173; UID 10028; state: ENABLED
06-20 13:36:11.624 685 763 D CompatibilityChangeReporter: Compat change id reported: 262645982; UID 10028; state: ENABLED
06-20 13:36:11.625 685 763 D CompatibilityChangeReporter: Compat change id reported: 218533173; UID 10049; state: DISABLED
06-20 13:36:11.625 685 763 D CompatibilityChangeReporter: Compat change id reported: 262645982; UID 10049; state: DISABLED
06-20 13:36:11.626 685 763 D CompatibilityChangeReporter: Compat change id reported: 218533173; UID 10064; state: ENABLED
06-20 13:36:11.627 685 763 D CompatibilityChangeReporter: Compat change id reported: 262645982; UID 10064; state: ENABLED
06-20 13:36:11.628 685 763 D CompatibilityChangeReporter: Compat change id reported: 218533173; UID 10018; state: ENABLED
06-20 13:36:11.630 685 763 D CompatibilityChangeReporter: Compat change id reported: 262645982; UID 10018; state: ENABLED
06-20 13:36:11.631 685 763 D CompatibilityChangeReporter: Compat change id reported: 218533173; UID 10053; state: ENABLED
06-20 13:36:11.631 685 763 D CompatibilityChangeReporter: Compat change id reported: 262645982; UID 10053; state: ENABLED
06-20 13:36:11.631 685 763 D CompatibilityChangeReporter: Compat change id reported: 218533173; UID 10068; state: ENABLED
06-20 13:36:11.632 685 763 D CompatibilityChangeReporter: Compat change id reported: 262645982; UID 10068; state: ENABLED
06-20 13:36:11.633 685 763 D CompatibilityChangeReporter: Compat change id reported: 218533173; UID 10050; state: DISABLED
06-20 13:36:11.633 685 763 D CompatibilityChangeReporter: Compat change id reported: 262645982; UID 10050; state: DISABLED
06-20 13:36:11.633 685 763 D CompatibilityChangeReporter: Compat change id reported: 171306433; UID 10050; state: DISABLED
06-20 13:36:11.635 685 763 D CompatibilityChangeReporter: Compat change id reported: 218533173; UID 10052; state: ENABLED
06-20 13:36:11.636 685 763 D CompatibilityChangeReporter: Compat change id reported: 218533173; UID 10003; state: ENABLED
06-20 13:36:11.636 685 763 D CompatibilityChangeReporter: Compat change id reported: 262645982; UID 10003; state: ENABLED
06-20 13:36:11.638 685 763 D CompatibilityChangeReporter: Compat change id reported: 218533173; UID 10074; state: ENABLED
06-20 13:36:11.638 685 763 D CompatibilityChangeReporter: Compat change id reported: 262645982; UID 10074; state: ENABLED
06-20 13:36:11.651 0 0 W : [1 T501 ..] [aml_rps_map_set 46] set rps_cpus as [0]
06-20 13:36:11.651 0 0 W : [1 T501 ..] [aml_rps_map_set 46] set rps_cpus as [0]
06-20 13:36:11.652 0 0 W : [1 T501 ..] [aml_rps_map_set 46] set rps_cpus as [0]
06-20 13:36:11.652 0 0 W : [1 T501 ..] [aml_rps_map_set 46] set rps_cpus as [0]
06-20 13:36:11.640 685 763 D CompatibilityChangeReporter: Compat change id reported: 218533173; UID 10045; state: ENABLED
06-20 13:36:11.641 685 763 D CompatibilityChangeReporter: Compat change id reported: 262645982; UID 10045; state: ENABLED
06-20 13:36:11.641 685 763 D CompatibilityChangeReporter: Compat change id reported: 218533173; UID 10072; state: ENABLED
06-20 13:36:11.641 685 763 D CompatibilityChangeReporter: Compat change id reported: 262645982; UID 10072; state: ENABLED
06-20 13:36:11.643 685 763 D CompatibilityChangeReporter: Compat change id reported: 218533173; UID 10032; state: ENABLED
06-20 13:36:11.643 685 763 D CompatibilityChangeReporter: Compat change id reported: 262645982; UID 10032; state: DISABLED
06-20 13:36:11.644 685 763 D CompatibilityChangeReporter: Compat change id reported: 218533173; UID 10004; state: ENABLED
06-20 13:36:11.645 685 763 D CompatibilityChangeReporter: Compat change id reported: 262645982; UID 10004; state: ENABLED
06-20 13:36:11.645 685 763 D CompatibilityChangeReporter: Compat change id reported: 218533173; UID 10070; state: ENABLED
06-20 13:36:11.646 685 763 D CompatibilityChangeReporter: Compat change id reported: 262645982; UID 10070; state: ENABLED
06-20 13:36:11.647 685 763 D CompatibilityChangeReporter: Compat change id reported: 218533173; UID 10057; state: ENABLED
06-20 13:36:11.648 685 763 D CompatibilityChangeReporter: Compat change id reported: 262645982; UID 10057; state: ENABLED
06-20 13:36:11.660 0 0 I : [1 T501 ..] new interface create ap0 success
06-20 13:36:11.660 0 0 W : [1 T501 ..] >>> aml_send_msg()
06-20 13:36:11.662 0 0 W : [2 T1041 ..] ipc_sdio_host_msgack_handler 00000000942c80b9
06-20 13:36:11.662 0 0 W : [2 T1041 ..] [aml_msgackind 2039] msg ack hostid=0xffffff804b0c9f80
06-20 13:36:11.663 0 0 W : [2 T1041 ..] [cmd_mgr_llind 329] cmd tkn[11] flags:0008 result: -4 cmd: 105-MM_SUB_SET_TEMP_START - reqcfm(1023-none)
06-20 13:36:11.665 0 0 W : [2 T1041 ..] [cmd_complete 65] cmd tkn[11] flags:0000 result: -4 cmd: 105-MM_SUB_SET_TEMP_START - reqcfm(1023-none)
06-20 13:36:11.649 685 763 D CompatibilityChangeReporter: Compat change id reported: 218533173; UID 10013; state: ENABLED
06-20 13:36:11.654 685 763 D CompatibilityChangeReporter: Compat change id reported: 262645982; UID 10013; state: ENABLED
06-20 13:36:11.660 478 501 I android.hardware.wifi-service.droidlogic: check loading wifi driver is ok...
06-20 13:36:11.660 478 501 W android.hardware.wifi-service.droidlogic: driver loaded
06-20 13:36:11.671 0 0 W : [0 T501 ..] [aml_log_nl_init 1183] aml trace netlink init OK!
06-20 13:36:11.662 478 501 I android.hardware.wifi-service.droidlogic: After driver loaded, wifi_name:aml_w2_s
06-20 13:36:11.663 478 501 I android.hardware.wifi-service.droidlogic: Even /data/vendor/wifi/wpa/wpa_supplicant.conf exists, still overwrite it.
06-20 13:36:11.664 478 501 I android.hardware.wifi-service.droidlogic: Migrated conf file from /vendor/etc/wifi/unbcm_supplicant.conf to /data/vendor/wifi/wpa/wpa_supplicant.conf: Operation not permitted
06-20 13:36:11.664 478 501 I android.hardware.wifi-service.droidlogic: Even /data/vendor/wifi/wpa/p2p_supplicant.conf exists, still overwrite it.
06-20 13:36:11.665 478 501 I android.hardware.wifi-service.droidlogic: Migrated conf file from /vendor/etc/wifi/p2p_supplicant.conf to /data/vendor/wifi/wpa/p2p_supplicant.conf: Read-only file system
06-20 13:36:11.665 478 501 I android.hardware.wifi-service.droidlogic: no bcm and uwe wifi ,need use p2p0 with p2p interface
06-20 13:36:11.666 478 501 I android.hardware.wifi-service.droidlogic: Wifi HAL started
06-20 13:36:11.673 478 501 W android.hardware.wifi-service.droidlogic: No active wlan interfaces in use! Using default
06-20 13:36:11.674 478 501 E android.hardware.wifi-service.droidlogic: Unknown iface name: wlan0
06-20 13:36:11.674 478 501 E android.hardware.wifi-service.droidlogic: Unknown iface name: wlan0
06-20 13:36:11.763 685 701 D CompatibilityChangeReporter: Compat change id reported: 161145287; UID 1068; state: ENABLED
06-20 13:36:11.833 901 979 W Looper : Slow delivery took 93ms wmshell.main h=android.os.Handler c=com.android.wm.shell.draganddrop.DragAndDropController$$ExternalSyntheticLambda3@197c16b m=0
06-20 13:36:11.833 901 979 W Looper : Slow dispatch took 527ms wmshell.main h=android.os.Handler c=com.android.wm.shell.draganddrop.DragAndDropController$$ExternalSyntheticLambda3@197c16b m=0
06-20 13:36:11.833 901 979 D WindowManagerShell: TvPipController: onImeVisibilityChanged(), visible=false, height=0
06-20 13:36:11.839 685 959 D CoreBackPreview: Window{5d73333 u0 ShellDropTarget}: Setting back callback OnBackInvokedCallbackInfo{mCallback=android.window.IOnBackInvokedCallback$Stub$Proxy@c8c3dbd, mPriority=0, mIsAnimationCallback=false}
06-20 13:36:11.843 685 701 D CompatibilityChangeReporter: Compat change id reported: 182478738; UID 1073; state: ENABLED
06-20 13:36:12.052 901 979 W Looper : Slow dispatch took 219ms wmshell.main h=android.view.Choreographer$FrameHandler c=android.view.Choreographer$FrameDisplayEventReceiver@75528c5 m=0
06-20 13:36:12.340 478 501 W android.hardware.wifi-service.droidlogic: No active wlan interfaces in use! Using default
06-20 13:36:12.340 478 501 E android.hardware.wifi-service.droidlogic: Unknown iface name: wlan0
06-20 13:36:12.340 478 501 E android.hardware.wifi-service.droidlogic: Unknown iface name: wlan0
06-20 13:36:12.357 0 0 W : [3 T501 ..] >>> aml_open()
06-20 13:36:12.357 0 0 W : [3 T501 ..] [recy_dbg][aml_recy_flags_set 57] set flags(0x200), new flags(0x200)
06-20 13:36:12.357 0 0 W : [3 T501 ..] >>> aml_send_start()
06-20 13:36:12.358 0 0 W : [3 T501 ..] >>> aml_send_msg()
06-20 13:36:12.359 0 0 W : [2 T1041 ..] ipc_sdio_host_msgack_handler 000000009f5df933
06-20 13:36:12.360 0 0 W : [2 T1041 ..] [aml_msgackind 2039] msg ack hostid=0xffffff805278ff80
06-20 13:36:12.361 0 0 W : [2 T1041 ..] [cmd_mgr_llind 329] cmd tkn[12] flags:001a result: -4 cmd: 2-MM_START_REQ - reqcfm( 3-MM_START_CFM)
06-20 13:36:12.363 0 0 W : [2 T1041 ..] [cmd_mgr_msgind 409] cmd tkn[12] flags:0012 result: -4 cmd: 2-MM_START_REQ - reqcfm( 3-MM_START_CFM)
06-20 13:36:12.364 0 0 W : [2 T1041 ..] [cmd_complete 65] cmd tkn[12] flags:0002 result: -4 cmd: 2-MM_START_REQ - reqcfm( 3-MM_START_CFM)
06-20 13:36:12.366 0 0 W : [3 T501 ..] >>> aml_send_add_if()
06-20 13:36:12.366 0 0 W : [3 T501 ..] >>> aml_send_msg()
06-20 13:36:12.367 0 0 W : [2 T1041 ..] ipc_sdio_host_msgack_handler 000000009f5df933
06-20 13:36:12.368 0 0 W : [2 T1041 ..] [aml_msgackind 2039] msg ack hostid=0xffffff805278ff80
06-20 13:36:12.369 0 0 W : [2 T1041 ..] [cmd_mgr_llind 329] cmd tkn[13] flags:001a result: -4 cmd: 6-MM_ADD_IF_REQ - reqcfm( 7-MM_ADD_IF_CFM)
06-20 13:36:12.370 0 0 W : [2 T1041 ..] [cmd_mgr_msgind 409] cmd tkn[13] flags:0012 result: -4 cmd: 6-MM_ADD_IF_REQ - reqcfm( 7-MM_ADD_IF_CFM)
06-20 13:36:12.372 0 0 W : [2 T1041 ..] [cmd_complete 65] cmd tkn[13] flags:0002 result: -4 cmd: 6-MM_ADD_IF_REQ - reqcfm( 7-MM_ADD_IF_CFM)
06-20 13:36:12.374 0 0 W : [1 T501 ..] [aml_open 1102] vif_idx=0, type=2, name=wlan0 sta_mode=1
06-20 13:36:12.374 0 0 W : [1 T501 ..] >>> aml_send_msg()
06-20 13:36:12.364 685 959 D CompatibilityChangeReporter: Compat change id reported: 157233955; UID 10052; state: ENABLED
06-20 13:36:12.375 0 0 W : [2 T1041 ..] ipc_sdio_host_msgack_handler 0000000018f3ef7e
06-20 13:36:12.376 0 0 W : [2 T1041 ..] [aml_msgackind 2039] msg ack hostid=0xffffff80524cb200
06-20 13:36:12.377 0 0 W : [2 T1041 ..] [cmd_mgr_llind 329] cmd tkn[14] flags:001a result: -4 cmd: 105-MM_SUB_READ_EFUSE - reqcfm(16391-unknown)
06-20 13:36:12.379 0 0 W : [2 T1041 ..] [cmd_mgr_msgind 409] cmd tkn[14] flags:0012 result: -4 cmd: 105-MM_SUB_READ_EFUSE - reqcfm(16391-unknown)
06-20 13:36:12.380 0 0 W : [2 T1041 ..] [cmd_complete 65] cmd tkn[14] flags:0002 result: -4 cmd: 105-MM_SUB_READ_EFUSE - reqcfm(16391-unknown)
06-20 13:36:12.382 0 0 W [2 T501 ..] read_efuse: value = 6401b8e
06-20 13:36:12.382 0 0 W : [2 T501 ..] >>> aml_send_msg()
06-20 13:36:12.383 0 0 W : [2 T1041 ..] fmac efuse read: address:0x0 value:0x6401B8E
06-20 13:36:12.383 0 0 W : [2 T1041 ..] ipc_sdio_host_msgack_handler 000000005bfb1ebe
06-20 13:36:12.385 0 0 W : [2 T1041 ..] [aml_msgackind 2039] msg ack hostid=0xffffff8051001b00
06-20 13:36:12.385 0 0 W : [2 T1041 ..] [cmd_mgr_llind 329] cmd tkn[15] flags:001a result: -4 cmd: 105-MM_SUB_READ_EFUSE - reqcfm(16391-unknown)
06-20 13:36:12.387 0 0 W : [2 T1041 ..] [cmd_mgr_msgind 409] cmd tkn[15] flags:0012 result: -4 cmd: 105-MM_SUB_READ_EFUSE - reqcfm(16391-unknown)
06-20 13:36:12.389 0 0 W : [2 T1041 ..] [cmd_complete 65] cmd tkn[15] flags:0002 result: -4 cmd: 105-MM_SUB_READ_EFUSE - reqcfm(16391-unknown)
06-20 13:36:12.390 0 0 W [2 T501 ..] read_efuse: value = 632
06-20 13:36:12.391 0 0 W : [2 T501 ..] >>> aml_send_msg()
06-20 13:36:12.391 0 0 W : [2 T1041 ..] fmac efuse read: address:0xF value:0x632
06-20 13:36:12.392 0 0 W : [2 T1041 ..] ipc_sdio_host_msgack_handler 000000005bfb1ebe
06-20 13:36:12.393 0 0 W : [2 T1041 ..] [aml_msgackind 2039] msg ack hostid=0xffffff8051001b00
