06-20 13:36:48.452 901 979 V WindowManagerShell: Transition doesn't have explicit remote, search filters for match for {id=6 t=OPEN f=0x0 trk=0 r=[0@Point(0, 0)] c=[{null m=OPEN f=TRANSLUCENT|FILLS_TASK leash=Surface(name=ActivityRecord{6410ea3 u0 com.dangbei.haqusetting/.ui.leaf.ui.net.connect.LeafWholeWifiConnectActivity)/@0x9b1adcb sb=Rect(0, 0 - 0, 0) eb=Rect(0, 0 - 1920, 1080) d=-1->0 r=-1->0:-1}]}
06-20 13:36:48.452 685 708 V WindowManager: info={id=6 t=OPEN f=0x0 trk=0 r=[0@Point(0, 0)] c=[{null m=OPEN f=TRANSLUCENT|FILLS_TASK leash=Surface(name=ActivityRecord{6410ea3 u0 com.dangbei.haqusetting/.ui.leaf.ui.net.connect.LeafWholeWifiConnectActivity)/@0x3e2e693 sb=Rect(0, 0 - 0, 0) eb=Rect(0, 0 - 1920, 1080) d=-1->0 r=-1->0:-1}]}
06-20 13:36:48.452 901 979 V WindowManagerShell: Delegate animation for #6 to null
06-20 13:36:48.452 901 979 V WindowManagerShell: try handler com.android.wm.shell.transition.DefaultTransitionHandler@7916d4
06-20 13:36:48.452 901 979 V WindowManagerShell: start default transition animation, info = {id=6 t=OPEN f=0x0 trk=0 r=[0@Point(0, 0)] c=[{null m=OPEN f=TRANSLUCENT|FILLS_TASK leash=Surface(name=ActivityRecord{6410ea3 u0 com.dangbei.haqusetting/.ui.leaf.ui.net.connect.LeafWholeWifiConnectActivity)/@0x9b1adcb sb=Rect(0, 0 - 0, 0) eb=Rect(0, 0 - 1920, 1080) d=-1->0 r=-1->0:-1}]}
06-20 13:36:48.452 901 979 V WindowManagerShell: loadAnimation: anim=android.view.animation.AlphaAnimation@be7cc1 animAttr=0x4 type=OPEN isEntrance=true
06-20 13:36:48.454 901 979 V WindowManagerShell: animated by com.android.wm.shell.transition.DefaultTransitionHandler@7916d4
06-20 13:36:48.469 685 701 D CoreBackPreview: Window{761f09b u0 com.dangbei.haqusetting/com.dangbei.haqusetting.ui.HomeActivity}: Setting back callback OnBackInvokedCallbackInfo{mCallback=android.window.IOnBackInvokedCallback$Stub$Proxy@d8c21ce, mPriority=0, mIsAnimationCallback=false}
06-20 13:36:48.472 685 709 W ContextImpl: Calling a method in the system process without a qualified user: android.app.ContextImpl.startService:1899 com.android.server.wm.DisplayPolicy.lambda$focusChangedLw$5:2126 com.android.server.wm.DisplayPolicy.$r8$lambda$Znxk63oh-WzVnzo_WQefN7uxV48:0 com.android.server.wm.DisplayPolicy$$ExternalSyntheticLambda13.run:0 android.os.Handler.handleCallback:958
06-20 13:36:48.482 1456 1456 D aaa : LedStatusService onStartCommand begin
06-20 13:36:48.482 248 262 W ServiceManagerCppClient: Permission failure: android.permission.ROTATE_SURFACE_FLINGER from uid=10039 pid=1957
06-20 13:36:48.483 248 262 D PermissionCache: checking android.permission.ROTATE_SURFACE_FLINGER for uid=10039 => denied (493 us)
06-20 13:36:48.483 248 262 W ServiceManagerCppClient: Permission failure: android.permission.INTERNAL_SYSTEM_WINDOW from uid=10039 pid=1957
06-20 13:36:48.483 248 262 D PermissionCache: checking android.permission.INTERNAL_SYSTEM_WINDOW for uid=10039 => denied (311 us)
06-20 13:36:48.483 248 262 W ServiceManagerCppClient: Permission failure: android.permission.ACCESS_SURFACE_FLINGER from uid=10039 pid=1957
06-20 13:36:48.483 248 262 D PermissionCache: checking android.permission.ACCESS_SURFACE_FLINGER for uid=10039 => denied (310 us)
06-20 13:36:48.484 248 878 W ServiceManagerCppClient: Permission failure: android.permission.ROTATE_SURFACE_FLINGER from uid=10039 pid=0
06-20 13:36:48.484 248 878 D PermissionCache: checking android.permission.ROTATE_SURFACE_FLINGER for uid=10039 => denied (2748 us)
06-20 13:36:48.486 1456 3035 D aaa : topPkg is -------------- :com.dangbei.haqusetting
06-20 13:36:48.486 1957 2026 I mali : Successfully parsed 1 environment variable(s) from /vendor/etc/mali_platform.config.
06-20 13:36:48.487 1957 2026 I mali : Successfully parsed 1 environment variable(s) from /vendor/etc/mali_platform.config.
06-20 13:36:48.498 2689 2689 W WindowOnBackDispatcher: sendCancelIfRunning: isInProgress=falsecallback=ImeCallback=ImeOnBackInvokedCallback@105346373 Callback=android.window.IOnBackInvokedCallback$Stub$Proxy@83424f3
06-20 13:36:48.499 685 2118 D CoreBackPreview: Window{761f09b u0 com.dangbei.haqusetting/com.dangbei.haqusetting.ui.HomeActivity}: Setting back callback OnBackInvokedCallbackInfo{mCallback=android.window.IOnBackInvokedCallback$Stub$Proxy@a4b58ef, mPriority=0, mIsAnimationCallback=false}
06-20 13:36:48.500 685 2118 D CoreBackPreview: Window{ccbebcc u0 com.dangbei.haqusetting/com.dangbei.haqusetting.ui.leaf.ui.net.connect.LeafWholeWifiConnectActivity}: Setting back callback OnBackInvokedCallbackInfo{mCallback=android.window.IOnBackInvokedCallback$Stub$Proxy@f07dffc, mPriority=0, mIsAnimationCallback=false}
06-20 13:36:48.503 217 217 I hwservicemanager: getTransport: Cannot find entry android.hardware.configstore@1.0::ISurfaceFlingerConfigs/default in either framework or device VINTF manifest.
06-20 13:36:48.504 685 2118 I ImeTracker: com.dangbei.haqusetting:996cbe3f: onRequestShow at ORIGIN_SERVER_START_INPUT reason SHOW_AUTO_EDITOR_FORWARD_NAV
06-20 13:36:48.507 2689 2689 D CompatibilityChangeReporter: Compat change id reported: 163400105; UID 1000; state: DISABLED
06-20 13:36:48.537 282 282 I MesonDisplay: [/mode_policy.c, meson_mode_set_policy, 1177] connector:0 to policy:0
06-20 13:36:48.537 282 282 I MesonDisplay: [/mode_policy.c, is_dv_prefer, 66] not prefer dv, hdr_priority:10000010
06-20 13:36:48.537 282 282 I MesonDisplay: [/mode_policy.c, is_dv_prefer, 66] not prefer dv, hdr_priority:10000010
06-20 13:36:48.537 282 282 I MesonDisplay: [/mode_policy.c, hdr_scene_process, 724] policy:0 is_bestcolorspace:1 state:0
06-20 13:36:48.537 282 282 I MesonDisplay: [/mode_policy_parser.c, is_support_hdmimode, 110] is_support_hdmimode mode: 1080p60hz
06-20 13:36:48.537 282 282 I MesonDisplay: [/mode_policy_parser.c, is_support_hdmimode, 110] is_support_hdmimode mode: 2160p60hz
06-20 13:36:48.537 282 282 D MesonDisplay: meson_write /sys/class/amhdmitx/amhdmitx0/valid_mode, outputmode:2160p60hz420,10bit
06-20 13:36:48.537 282 282 D MesonDisplay: valid mode is false!
06-20 13:36:48.537 282 282 I MesonDisplay: [/mode_policy_parser.c, is_support_hdmimode, 110] is_support_hdmimode mode: 2160p50hz
06-20 13:36:48.537 282 282 D MesonDisplay: meson_write /sys/class/amhdmitx/amhdmitx0/valid_mode, outputmode:2160p50hz420,10bit
06-20 13:36:48.537 282 282 D MesonDisplay: valid mode is false!
06-20 13:36:48.537 282 282 I MesonDisplay: [/mode_policy.c, is_support_4kHDR, 507] is_support_4kHDR 4k hdr not support
06-20 13:36:48.537 282 282 I MesonDisplay: [/mode_policy_parser.c, is_support_hdmimode, 110] is_support_hdmimode mode: 1080p60hz
06-20 13:36:48.537 282 282 D MesonDisplay: meson_write /sys/class/amhdmitx/amhdmitx0/valid_mode, outputmode:1080p60hzrgb,10bit
06-20 13:36:48.537 282 282 D MesonDisplay: valid mode is true!
06-20 13:36:48.537 282 282 I MesonDisplay: [/mode_policy.c, is_support_non4kHDR, 552] is_support_non4kHDR mode:[1080p60hz], color format:[rgb,10bit]
06-20 13:36:48.537 282 282 I MesonDisplay: [/mode_policy.c, meson_mode_get_policy_output, 1289] final_displaymode:1080p60hz, final_deepcolor:rgb,10bit, amdv_type:0
06-20 13:36:48.537 282 282 I MesonHwc: getPreferredDisplayConfig [1080p60hz]
06-20 13:36:48.537 282 282 I MesonDisplay: [/mode_policy.c, meson_mode_set_policy, 1177] connector:0 to policy:0
06-20 13:36:48.537 282 282 D MesonHwc: getPreferredBootConfig outConfig = 12 (1920x1080@59.940060)
06-20 13:36:48.539 1957 2026 E OpenGLRenderer: Unable to match the desired swap behavior.
06-20 13:36:47.334 0 0 W : [0 T1046 ..] [aml_scan_rx 1505] scanres_payload_buf overflow, flush
06-20 13:36:48.553 0 0 I [1 T216 ..] servicemanager: Found android.hardware.graphics.allocator.IAllocator/default in device VINTF manifest.
06-20 13:36:48.556 0 0 I [1 T216 ..] servicemanager: Found android.hardware.graphics.allocator.IAllocator/default in device VINTF manifest.
06-20 13:36:48.551 247 247 E DMABUFHEAPS: Unable to allocate from DMA-BUF heap: heap-gfx: Out of memory
06-20 13:36:48.551 247 247 E DMABUFHEAPS: No ion heap of name heap-gfx exists
06-20 13:36:48.551 247 247 E DMABUFHEAPS: No ion heap of name heap-gfx exists
06-20 13:36:48.551 247 247 W mali_gralloc: libdmabufheap allocation failed for heap-gfx heap, falling back to system heap
06-20 13:36:48.562 0 0 E [1 T247 ..] aml_cma_alloc: heap-gfx: alloc failed, req-size: 2072 pages, ret: -12
06-20 13:36:48.564 0 0 E [1 T247 ..] aml_cma_alloc: heap-gfx: alloc failed, req-size: 2072 pages, ret: -12
06-20 13:36:48.552 247 247 E DMABUFHEAPS: Unable to allocate from DMA-BUF heap: heap-gfx: Out of memory
06-20 13:36:48.552 247 247 E DMABUFHEAPS: No ion heap of name heap-gfx exists
06-20 13:36:48.552 247 247 E DMABUFHEAPS: No ion heap of name heap-gfx exists
06-20 13:36:48.552 247 247 W mali_gralloc: libdmabufheap allocation failed for heap-gfx heap, falling back to system heap
06-20 13:36:48.554 247 247 E DMABUFHEAPS: Unable to allocate from DMA-BUF heap: heap-gfx: Out of memory
06-20 13:36:48.555 247 247 E DMABUFHEAPS: No ion heap of name heap-gfx exists
06-20 13:36:48.555 247 247 E DMABUFHEAPS: No ion heap of name heap-gfx exists
06-20 13:36:48.555 247 247 W mali_gralloc: libdmabufheap allocation failed for heap-gfx heap, falling back to system heap
06-20 13:36:48.566 0 0 E [2 T247 ..] aml_cma_alloc: heap-gfx: alloc failed, req-size: 2072 pages, ret: -12
06-20 13:36:48.557 247 247 E DMABUFHEAPS: Unable to allocate from DMA-BUF heap: heap-gfx: Out of memory
06-20 13:36:48.557 247 247 E DMABUFHEAPS: No ion heap of name heap-gfx exists
06-20 13:36:48.557 247 247 E DMABUFHEAPS: No ion heap of name heap-gfx exists
06-20 13:36:48.557 247 247 W mali_gralloc: libdmabufheap allocation failed for heap-gfx heap, falling back to system heap
06-20 13:36:48.569 0 0 E [1 T247 ..] aml_cma_alloc: heap-gfx: alloc failed, req-size: 2072 pages, ret: -12
06-20 13:36:48.569 685 701 W ServiceManagerCppClient: Permission failure: android.permission.ROTATE_SURFACE_FLINGER from uid=10039 pid=0
06-20 13:36:48.569 685 701 D PermissionCache: checking android.permission.ROTATE_SURFACE_FLINGER for uid=10039 => denied (236 us)
06-20 13:36:48.569 1957 1957 I SogouIME: onFinishInputView:
06-20 13:36:48.569 685 701 W ServiceManagerCppClient: Permission failure: android.permission.INTERNAL_SYSTEM_WINDOW from uid=10039 pid=0
06-20 13:36:48.569 1957 1957 I DefaultIMS: onFinishInputView: false
06-20 13:36:48.569 685 701 D PermissionCache: checking android.permission.INTERNAL_SYSTEM_WINDOW for uid=10039 => denied (94 us)
06-20 13:36:48.569 685 701 W ServiceManagerCppClient: Permission failure: android.permission.ACCESS_SURFACE_FLINGER from uid=10039 pid=0
06-20 13:36:48.569 685 701 D PermissionCache: checking android.permission.ACCESS_SURFACE_FLINGER for uid=10039 => denied (78 us)
06-20 13:36:48.569 685 2118 I ImeTracker: com.dangbei.haqusetting:c3dbb5ab: onCancelled at PHASE_WM_SHOW_IME_RUNNER
06-20 13:36:48.570 2689 2689 I ImeTracker: com.dangbei.haqusetting:caf4b29e: onCancelled at PHASE_CLIENT_APPLY_ANIMATION
06-20 13:36:48.589 1957 1957 I eJ : handle Action on finish Input
06-20 13:36:48.589 1957 1957 I PhysicalKeyHandler: resetPhysicalKeyboardStatus
06-20 13:36:48.594 2689 2689 W WindowOnBackDispatcher: sendCancelIfRunning: isInProgress=falsecallback=ImeCallback=ImeOnBackInvokedCallback@105346373 Callback=android.window.IOnBackInvokedCallback$Stub$Proxy@83424f3
06-20 13:36:48.596 685 752 D CoreBackPreview: Window{ccbebcc u0 com.dangbei.haqusetting/com.dangbei.haqusetting.ui.leaf.ui.net.connect.LeafWholeWifiConnectActivity}: Setting back callback OnBackInvokedCallbackInfo{mCallback=android.window.IOnBackInvokedCallback$Stub$Proxy@b05d601, mPriority=0, mIsAnimationCallback=false}
06-20 13:36:48.600 1957 1957 I DefaultIMS: onStartInput attribute=android.view.inputmethod.EditorInfo@81626f9 restarting=false inputType: 33
06-20 13:36:48.601 1957 1957 I SogouIME: SogouIME::onStartInputView()
06-20 13:36:48.601 1957 1957 I DefaultIMS: onStartInputView attributeandroid.view.inputmethod.EditorInfo@81626f9 restarting=false inputType: 33
06-20 13:36:48.601 1957 1957 I SogouIME: SogouIME::setInputView()
06-20 13:36:48.602 1957 1957 I MainPresenter: onStartInputView: attribute=android.view.inputmethod.EditorInfo@81626f9 isReady=true; restarting: false inputType: 33
06-20 13:36:48.603 2689 2689 I ImeTracker: com.dangbei.haqusetting:21b3d016: onRequestShow at ORIGIN_CLIENT_SHOW_SOFT_INPUT reason SHOW_SOFT_INPUT
06-20 13:36:48.604 2689 2689 D InputMethodManager: showSoftInput() view=androidx.appcompat.widget.AppCompatEditText{73f6c29 VFED..CL. .F...... 80,156-520,236 #7f09013a app:id/fragment_leaf_whole_wifi_connect_edittext aid=1073741824} flags=2 reason=SHOW_SOFT_INPUT
06-20 13:36:48.605 2486 2538 W Router : WIFI => NONE network transition, waiting for new network... retry #2
06-20 13:36:48.615 2689 2689 I ImeTracker: com.dangbei.haqusetting:d8dfbdfa: onRequestShow at ORIGIN_CLIENT_SHOW_SOFT_INPUT reason SHOW_TOGGLE_SOFT_INPUT
06-20 13:36:48.615 2689 2689 D InputMethodManager: showSoftInput() view=androidx.appcompat.widget.AppCompatEditText{73f6c29 VFED..CL. .F...... 80,156-520,236 #7f09013a app:id/fragment_leaf_whole_wifi_connect_edittext aid=1073741824} flags=2 reason=SHOW_TOGGLE_SOFT_INPUT
06-20 13:36:48.618 2486 2538 I NetworkUtils: Could not find any connected network...
06-20 13:36:48.620 1957 1957 I InputContext: onChanged: candidateWords=[]
06-20 13:36:48.620 1957 1957 I InputContext: onChanged: candidateWordInfo.size=0 global offset: 0pausedCandidateData = false
06-20 13:36:48.620 1957 1957 I InputContext: onChanged: composing=null
06-20 13:36:48.620 1957 1957 I InputContext: onChanged: forCompose=false
06-20 13:36:48.620 1957 1957 I MainPresenter: setInputType:
06-20 13:36:48.632 1957 1957 I InputContext: onChanged: composing=null
06-20 13:36:48.633 1957 1957 I InputContext: onChanged: forCompose=false
06-20 13:36:48.633 1957 1957 I InputContext: onChanged: candidateWords=[]
06-20 13:36:48.633 1957 1957 I InputContext: onChanged: candidateWordInfo.size=0 global offset: 0pausedCandidateData = false
06-20 13:36:48.634 1957 1957 I KeyEventTransfer: languageID=0
06-20 13:36:48.634 1957 1957 I KeyEventTransfer: scriptID=1
06-20 13:36:48.634 1957 1957 I KeyEventTransfer: layoutID=2
06-20 13:36:48.665 685 1083 D WifiNl80211Manager: Scan result ready event
06-20 13:36:48.665 685 1083 D WifiNative: Scan result ready event
06-20 13:36:48.677 0 0 W : [0 T1041 ..] >>> aml_rx_scanu_start_cfm()
06-20 13:36:48.687 685 826 D WificondScannerImpl: Filtering out 8 scan results.
06-20 13:36:48.712 3047 3047 I rgb_led_ctl: type=1400 audit(0.0:942): avc: denied { write } for name="spidev1.0" dev="tmpfs" ino=512 scontext=u:r:init:s0 tcontext=u:object_r:device:s0 tclass=chr_file permissive=1
06-20 13:36:48.712 3047 3047 I rgb_led_ctl: type=1400 audit(0.0:943): avc: denied { open } for path="/dev/spidev1.0" dev="tmpfs" ino=512 scontext=u:r:init:s0 tcontext=u:object_r:device:s0 tclass=chr_file permissive=1
06-20 13:36:48.712 3047 3047 I rgb_led_ctl: type=1400 audit(0.0:944): avc: denied { ioctl } for path="/dev/spidev1.0" dev="tmpfs" ino=512 ioctlcmd=0x6b01 scontext=u:r:init:s0 tcontext=u:object_r:device:s0 tclass=chr_file permissive=1
06-20 13:36:48.758 2689 2880 E ccc : cccccc SCAN_RESULTS_AVAILABLE_ACTION hhhh
06-20 13:36:48.759 1423 1423 E hq : NetWorkStateReceiver:::NetWorkStateReceiver onReceive: 网络变化广播 >>>> intent.action=android.net.wifi.SCAN_RESULTS
06-20 13:36:48.770 478 501 I WifiHAL : call wifi_get_link_stats handler
06-20 13:36:48.770 478 501 I WifiHAL : Creating message to get link statistics; iface = 16
06-20 13:36:48.770 478 501 D WifiHAL : error code -95 mapped to -3
06-20 13:36:48.770 685 822 E WifiStaIfaceAidlImpl: getLinkLayerStats failed with service-specific exception: android.os.ServiceSpecificException: (code 4)
06-20 13:36:48.775 1957 1957 D CHJNIDefault: setInputMode value=-1
06-20 13:36:48.775 1957 1957 I MainPresenter: loadInputType: 0
06-20 13:36:48.792 2689 2880 E ccc : cccccc result is not empty call back
06-20 13:36:48.792 2689 2880 E ccc : cccccc 666666666666666
06-20 13:36:48.793 1423 1423 W eventbuscore: post Event:com.dangbei.leard.base.entity.event.NetWifiRssiEvent
06-20 13:36:48.794 1957 1957 D CompatibilityChangeReporter: Compat change id reported: 210923482; UID 10039; state: DISABLED
06-20 13:36:48.794 1957 1957 D CompatibilityChangeReporter: Compat change id reported: 37756858; UID 10039; state: ENABLED
06-20 13:36:48.816 2689 2880 E ccc : cccccc sort 0 65
06-20 13:36:48.820 1957 1957 I BodyArea: loadKeyboard layoutId1
06-20 13:36:48.821 1957 1957 D SkinEngine: prepareProtoList: execute start
06-20 13:36:48.824 1957 3050 I CountdownExecutor: run:size=2 no=0
06-20 13:36:48.833 1957 3050 I CountdownExecutor: run:size=2 no=1
06-20 13:36:48.833 1957 1957 D SkinEngine: prepareProtoList: execute end
06-20 13:36:48.858 901 979 V WindowManagerShell: Transition animation finished (aborted=false), notifying core (#6)android.os.BinderProxy@b92cdbc@0
06-20 13:36:48.860 685 708 V WindowManager: Finish Transition #6: created at
06-20 13:36:48.271 collect-started=0.086ms request-sent=8.971ms started=10.907ms ready=18.368ms sent=176.056ms finished=588.039ms
06-20 13:36:48.868 901 979 V WindowManagerShell: Track 0 became idle
06-20 13:36:48.868 901 979 V WindowManagerShell: All active transition animations finished
06-20 13:36:48.916 1957 1957 I AbstractLifecycle: onStartInputView: Build_d5523c4_20201222 android_tv_dangbei
06-20 13:36:48.918 1957 1957 I eJ : handle Action on start Input
06-20 13:36:48.921 2689 2689 D InsetsController: show(ime(), fromIme=true)
06-20 13:36:48.929 901 979 D WindowManagerShell: TvPipController: onImeVisibilityChanged(), visible=true, height=488
06-20 13:36:48.934 685 701 D CoreBackPreview: Window{ccbebcc u0 com.dangbei.haqusetting/com.dangbei.haqusetting.ui.leaf.ui.net.connect.LeafWholeWifiConnectActivity}: Setting back callback OnBackInvokedCallbackInfo{mCallback=android.window.IOnBackInvokedCallback$Stub$Proxy@62968c4, mPriority=0, mIsAnimationCallback=false}
06-20 13:36:48.940 2689 2689 D KeyboardUtils: getDecorViewInvisibleHeight: 1080
06-20 13:36:48.944 2689 2689 D InsetsController: show(ime(), fromIme=true)
06-20 13:36:48.944 2689 2689 I ImeTracker: com.dangbei.haqusetting:21b3d016: onCancelled at PHASE_CLIENT_APPLY_ANIMATION
06-20 13:36:48.965 2689 2689 D InsetsController: show(ime(), fromIme=true)
06-20 13:36:48.965 2689 2689 I ImeTracker: com.dangbei.haqusetting:d8dfbdfa: onCancelled at PHASE_CLIENT_APPLY_ANIMATION
06-20 13:36:49.143 2689 2689 I ImeTracker: com.dangbei.haqusetting:996cbe3f: onShown
06-20 13:36:49.156 2689 2689 D KeyboardUtils: getDecorViewInvisibleHeight: 488
06-20 13:36:49.618 2486 2538 W Router : WIFI => NONE network transition, waiting for new network... retry #3
06-20 13:36:49.620 2486 2538 I NetworkUtils: Could not find any connected network...
06-20 13:36:49.620 2486 2538 I Router : Network type changed WIFI => NONE
06-20 13:36:49.621 2486 2538 W Router : WiFi multicast lock already released
06-20 13:36:49.621 2486 2538 I Router : Created WiFi lock, mode: 3
06-20 13:36:49.621 2486 2538 W Router : WiFi lock already released
06-20 13:36:49.620 2486 2486 I pool-3-thread-1: type=1400 audit(0.0:945): avc: denied { search } for name="net" dev="sysfs" ino=12345 scontext=u:r:untrusted_app_27:s0:c512,c768 tcontext=u:object_r:sysfs_net:s0 tclass=dir permissive=1 app=com.tongyong.xxbox
06-20 13:36:49.620 2486 2486 I pool-3-thread-1: type=1400 audit(0.0:946): avc: denied { read } for name="address" dev="sysfs" ino=22127 scontext=u:r:untrusted_app_27:s0:c512,c768 tcontext=u:object_r:sysfs_net:s0 tclass=file permissive=1 app=com.tongyong.xxbox
06-20 13:36:49.635 0 0 W [1 T2538 ..] audit: audit_lost=162 audit_rate_limit=5 audit_backlog_limit=64
06-20 13:36:49.636 0 0 E [1 T2538 ..] audit: rate limit exceeded
06-20 13:36:49.626 2486 2538 W tworkAddressFactoryImpl: Network interface may not be multicast capable: dummy0
06-20 13:36:49.627 2486 2538 W tworkAddressFactoryImpl: No usable network interface or addresses found
06-20 13:36:49.627 2486 2538 I Router : Unable to initialize network router, no network found.
06-20 13:36:49.975 1865 2450 D XM_HIDREAD: poll ret=1, event=1
06-20 13:36:49.975 1865 2450 D XM_HIDREAD: [9 bytes]:01 00 00 52 00 00 00 00 00
06-20 13:36:49.977 1957 1957 I SogouIME: onKeyDown: keyoCode=19
06-20 13:36:49.977 1957 1957 I DefaultIMS: onKeyDown: keyoCode=19
06-20 13:36:49.979 1957 1957 I TvSpecialKeyEventInterceptor: onKeyDown repeat: 0 onKeyDownConsume: false
06-20 13:36:49.979 1957 1957 I KeyboardViewPresenter: getNextKey Key_D
06-20 13:36:50.121 1865 2450 D XM_HIDREAD: poll ret=1, event=1
06-20 13:36:50.121 1865 2450 D XM_HIDREAD: [9 bytes]:01 00 00 00 00 00 00 00 00
06-20 13:36:50.124 1957 1957 I SogouIME: onKeyUp: keyoCode=19
06-20 13:36:50.124 1957 1957 I DefaultIMS: onKeyUp: keyoCode=19
06-20 13:36:50.126 1957 1957 I TvSpecialKeyEventInterceptor: onKeyUp: onKeyDownConsume false onKeyUpConsume: false repeat: 0
06-20 13:36:50.414 1865 2450 D XM_HIDREAD: poll ret=1, event=1
06-20 13:36:50.414 1865 2450 D XM_HIDREAD: [9 bytes]:01 00 00 28 00 00 00 00 00
06-20 13:36:50.416 1957 1957 I SogouIME: onKeyDown: keyoCode=23
06-20 13:36:50.416 1957 1957 I DefaultIMS: onKeyDown: keyoCode=23
06-20 13:36:50.418 1957 1957 I TvSpecialKeyEventInterceptor: onKeyDown repeat: 0 onKeyDownConsume: false
06-20 13:36:50.537 1865 2450 D XM_HIDREAD: poll ret=1, event=1
06-20 13:36:50.537 1865 2450 D XM_HIDREAD: [9 bytes]:01 00 00 00 00 00 00 00 00
06-20 13:36:50.539 1957 1957 I SogouIME: onKeyUp: keyoCode=23
06-20 13:36:50.539 1957 1957 I DefaultIMS: onKeyUp: keyoCode=23
06-20 13:36:50.541 1957 1957 I TvSpecialKeyEventInterceptor: onKeyUp: onKeyDownConsume false onKeyUpConsume: false repeat: 0
06-20 13:36:50.542 1957 1957 I fB : onKeyClick: property=100 code=100 symbol=null
06-20 13:36:50.542 1957 1957 I KeyEventTransfer: doKeyInput: property=100 code=100 text=d miniText=null
06-20 13:36:50.548 1957 1957 I ENKeyHandler: on selection update: oldStart: 0, oldEnd: 0, newStart: 1, newEnd: 1, composingStart: -1, composingEnd: -1
06-20 13:36:50.751 1865 2450 D XM_HIDREAD: poll ret=1, event=1
06-20 13:36:50.751 1865 2450 D XM_HIDREAD: [9 bytes]:01 00 00 50 00 00 00 00 00
06-20 13:36:50.753 1957 1957 I SogouIME: onKeyDown: keyoCode=21
06-20 13:36:50.753 1957 1957 I DefaultIMS: onKeyDown: keyoCode=21
06-20 13:36:50.755 1957 1957 I TvSpecialKeyEventInterceptor: onKeyDown repeat: 0 onKeyDownConsume: false
06-20 13:36:50.755 1957 1957 I KeyboardViewPresenter: getNextKey Key_C
06-20 13:36:50.886 1865 2450 D XM_HIDREAD: poll ret=1, event=1
06-20 13:36:50.886 1865 2450 D XM_HIDREAD: [9 bytes]:01 00 00 00 00 00 00 00 00
06-20 13:36:50.888 1957 1957 I SogouIME: onKeyUp: keyoCode=21
06-20 13:36:50.888 1957 1957 I DefaultIMS: onKeyUp: keyoCode=21
06-20 13:36:50.890 1957 1957 I TvSpecialKeyEventInterceptor: onKeyUp: onKeyDownConsume false onKeyUpConsume: false repeat: 0
06-20 13:36:50.976 1865 2450 D XM_HIDREAD: poll ret=1, event=1
06-20 13:36:50.976 1865 2450 D XM_HIDREAD: [9 bytes]:01 00 00 50 00 00 00 00 00
06-20 13:36:50.977 1957 1957 I SogouIME: onKeyDown: keyoCode=21
06-20 13:36:50.978 1957 1957 I DefaultIMS: onKeyDown: keyoCode=21
06-20 13:36:50.979 1957 1957 I TvSpecialKeyEventInterceptor: onKeyDown repeat: 0 onKeyDownConsume: false
06-20 13:36:50.979 1957 1957 I KeyboardViewPresenter: getNextKey Key_B
06-20 13:36:51.000 685 780 D ActivityManager: freezing 1973 com.android.providers.calendar
06-20 13:36:51.089 1865 2450 D XM_HIDREAD: poll ret=1, event=1
06-20 13:36:51.089 1865 2450 D XM_HIDREAD: [9 bytes]:01 00 00 00 00 00 00 00 00
06-20 13:36:51.091 1957 1957 I SogouIME: onKeyUp: keyoCode=21
06-20 13:36:51.091 1957 1957 I DefaultIMS: onKeyUp: keyoCode=21
06-20 13:36:51.092 1957 1957 I TvSpecialKeyEventInterceptor: onKeyUp: onKeyDownConsume false onKeyUpConsume: false repeat: 0
06-20 13:36:51.116 2577 2638 W nStackXDFinder: LocalDeviceOffline:[105] :clear device list backup
06-20 13:36:51.116 2577 2638 W nStackXDFinder: LocalDeviceOffline:[107] :clear device list
06-20 13:36:51.116 2577 2638 D nStackXCoAP: CoapServerDestroy:[266] :CoapServerDestroy is called
06-20 13:36:51.116 2577 2638 D nStackXCoAP: CoapDestroyCtx:[794] :CoapDestroyCtx, g_context is set to NULL
06-20 13:36:51.128 685 780 D ActivityManager: freezing 1799 com.android.permissioncontroller
06-20 13:36:51.156 1865 2450 D XM_HIDREAD: poll ret=1, event=1
06-20 13:36:51.156 1865 2450 D XM_HIDREAD: [9 bytes]:01 00 00 50 00 00 00 00 00
06-20 13:36:51.157 1957 1957 I SogouIME: onKeyDown: keyoCode=21
06-20 13:36:51.158 1957 1957 I DefaultIMS: onKeyDown: keyoCode=21
06-20 13:36:51.159 1957 1957 I TvSpecialKeyEventInterceptor: onKeyDown repeat: 0 onKeyDownConsume: false
06-20 13:36:51.159 1957 1957 I KeyboardViewPresenter: getNextKey Key_A
06-20 13:36:51.281 1865 2450 D XM_HIDREAD: poll ret=1, event=1
06-20 13:36:51.281 1865 2450 D XM_HIDREAD: [9 bytes]:01 00 00 00 00 00 00 00 00
06-20 13:36:51.282 1957 1957 I SogouIME: onKeyUp: keyoCode=21
06-20 13:36:51.283 1957 1957 I DefaultIMS: onKeyUp: keyoCode=21
06-20 13:36:51.284 1957 1957 I TvSpecialKeyEventInterceptor: onKeyUp: onKeyDownConsume false onKeyUpConsume: false repeat: 0
06-20 13:36:51.285 685 1390 E TaskPersister: File error accessing recents directory (directory doesn't exist?).
06-20 13:36:51.315 685 780 D ActivityManager: freezing 2025 com.android.providers.tv
06-20 13:36:51.865 1865 2450 D XM_HIDREAD: poll ret=1, event=1
06-20 13:36:51.865 1865 2450 D XM_HIDREAD: [9 bytes]:01 00 00 28 00 00 00 00 00
06-20 13:36:51.868 1957 1957 I SogouIME: onKeyDown: keyoCode=23
06-20 13:36:51.868 1957 1957 I DefaultIMS: onKeyDown: keyoCode=23
06-20 13:36:51.870 1957 1957 I TvSpecialKeyEventInterceptor: onKeyDown repeat: 0 onKeyDownConsume: false
06-20 13:36:51.966 1865 2450 D XM_HIDREAD: poll ret=1, event=1
06-20 13:36:51.966 1865 2450 D XM_HIDREAD: [9 bytes]:01 00 00 00 00 00 00 00 00
06-20 13:36:51.968 1957 1957 I SogouIME: onKeyUp: keyoCode=23
06-20 13:36:51.968 1957 1957 I DefaultIMS: onKeyUp: keyoCode=23
06-20 13:36:51.970 1957 1957 I TvSpecialKeyEventInterceptor: onKeyUp: onKeyDownConsume false onKeyUpConsume: false repeat: 0
06-20 13:36:51.970 1957 1957 I fB : onKeyClick: property=97 code=97 symbol=null
06-20 13:36:51.970 1957 1957 I KeyEventTransfer: doKeyInput: property=97 code=97 text=a miniText=null
06-20 13:36:51.973 1957 1957 I ENKeyHandler: on selection update: oldStart: 1, oldEnd: 1, newStart: 2, newEnd: 2, composingStart: -1, composingEnd: -1
06-20 13:36:52.259 1865 2450 D XM_HIDREAD: poll ret=1, event=1
06-20 13:36:52.259 1865 2450 D XM_HIDREAD: [9 bytes]:01 00 00 4F 00 00 00 00 00
06-20 13:36:52.261 1957 1957 I SogouIME: onKeyDown: keyoCode=22
06-20 13:36:52.261 1957 1957 I DefaultIMS: onKeyDown: keyoCode=22
06-20 13:36:52.262 1957 1957 I TvSpecialKeyEventInterceptor: onKeyDown repeat: 0 onKeyDownConsume: false
06-20 13:36:52.263 1957 1957 I KeyboardViewPresenter: getNextKey Key_B
06-20 13:36:52.371 1865 2450 D XM_HIDREAD: poll ret=1, event=1
06-20 13:36:52.371 1865 2450 D XM_HIDREAD: [9 bytes]:01 00 00 00 00 00 00 00 00
06-20 13:36:52.375 1957 1957 I SogouIME: onKeyUp: keyoCode=22
06-20 13:36:52.375 1957 1957 I DefaultIMS: onKeyUp: keyoCode=22
06-20 13:36:52.376 1957 1957 I TvSpecialKeyEventInterceptor: onKeyUp: onKeyDownConsume false onKeyUpConsume: false repeat: 0
06-20 13:36:52.461 1865 2450 D XM_HIDREAD: poll ret=1, event=1
06-20 13:36:52.461 1865 2450 D XM_HIDREAD: [9 bytes]:01 00 00 4F 00 00 00 00 00
06-20 13:36:52.463 1957 1957 I SogouIME: onKeyDown: keyoCode=22
06-20 13:36:52.463 1957 1957 I DefaultIMS: onKeyDown: keyoCode=22
06-20 13:36:52.464 1957 1957 I TvSpecialKeyEventInterceptor: onKeyDown repeat: 0 onKeyDownConsume: false
06-20 13:36:52.465 1957 1957 I KeyboardViewPresenter: getNextKey Key_C
06-20 13:36:52.486 685 780 D ActivityManager: freezing 2075 com.android.rkpdapp
06-20 13:36:52.574 1865 2450 D XM_HIDREAD: poll ret=1, event=1
06-20 13:36:52.574 1865 2450 D XM_HIDREAD: [9 bytes]:01 00 00 00 00 00 00 00 00
06-20 13:36:52.576 1957 1957 I SogouIME: onKeyUp: keyoCode=22
06-20 13:36:52.576 1957 1957 I DefaultIMS: onKeyUp: keyoCode=22
06-20 13:36:52.577 1957 1957 I TvSpecialKeyEventInterceptor: onKeyUp: onKeyDownConsume false onKeyUpConsume: false repeat: 0
06-20 13:36:52.641 1865 2450 D XM_HIDREAD: poll ret=1, event=1
06-20 13:36:52.641 1865 2450 D XM_HIDREAD: [9 bytes]:01 00 00 4F 00 00 00 00 00
06-20 13:36:52.643 1957 1957 I SogouIME: onKeyDown: keyoCode=22
06-20 13:36:52.643 1957 1957 I DefaultIMS: onKeyDown: keyoCode=22
06-20 13:36:52.644 1957 1957 I TvSpecialKeyEventInterceptor: onKeyDown repeat: 0 onKeyDownConsume: false
06-20 13:36:52.644 1957 1957 I KeyboardViewPresenter: getNextKey Key_D
06-20 13:36:52.754 1865 2450 D XM_HIDREAD: poll ret=1, event=1
06-20 13:36:52.754 1865 2450 D XM_HIDREAD: [9 bytes]:01 00 00 00 00 00 00 00 00
06-20 13:36:52.756 1957 1957 I SogouIME: onKeyUp: keyoCode=22
06-20 13:36:52.756 1957 1957 I DefaultIMS: onKeyUp: keyoCode=22
06-20 13:36:52.758 1957 1957 I TvSpecialKeyEventInterceptor: onKeyUp: onKeyDownConsume false onKeyUpConsume: false repeat: 0
06-20 13:36:52.832 1865 2450 D XM_HIDREAD: poll ret=1, event=1
06-20 13:36:52.832 1865 2450 D XM_HIDREAD: [9 bytes]:01 00 00 4F 00 00 00 00 00
06-20 13:36:52.834 1957 1957 I SogouIME: onKeyDown: keyoCode=22
06-20 13:36:52.834 1957 1957 I DefaultIMS: onKeyDown: keyoCode=22
06-20 13:36:52.835 1957 1957 I TvSpecialKeyEventInterceptor: onKeyDown repeat: 0 onKeyDownConsume: false
06-20 13:36:52.835 1957 1957 I KeyboardViewPresenter: getNextKey Key_E
06-20 13:36:52.839 685 780 D ActivityManager: freezing 2214 com.android.statementservice
06-20 13:36:52.934 1865 2450 D XM_HIDREAD: poll ret=1, event=1
06-20 13:36:52.934 1865 2450 D XM_HIDREAD: [9 bytes]:01 00 00 00 00 00 00 00 00
06-20 13:36:52.936 1957 1957 I SogouIME: onKeyUp: keyoCode=22
06-20 13:36:52.936 1957 1957 I DefaultIMS: onKeyUp: keyoCode=22
06-20 13:36:52.938 1957 1957 I TvSpecialKeyEventInterceptor: onKeyUp: onKeyDownConsume false onKeyUpConsume: false repeat: 0
06-20 13:36:53.012 1865 2450 D XM_HIDREAD: poll ret=1, event=1
06-20 13:36:53.013 1865 2450 D XM_HIDREAD: [9 bytes]:01 00 00 4F 00 00 00 00 00
06-20 13:36:53.014 1957 1957 I SogouIME: onKeyDown: keyoCode=22
06-20 13:36:53.014 1957 1957 I DefaultIMS: onKeyDown: keyoCode=22
06-20 13:36:53.016 1957 1957 I TvSpecialKeyEventInterceptor: onKeyDown repeat: 0 onKeyDownConsume: false
06-20 13:36:53.016 1957 1957 I KeyboardViewPresenter: getNextKey Key_F
06-20 13:36:53.114 1865 2450 D XM_HIDREAD: poll ret=1, event=1
06-20 13:36:53.114 1865 2450 D XM_HIDREAD: [9 bytes]:01 00 00 00 00 00 00 00 00
06-20 13:36:53.115 1957 1957 I SogouIME: onKeyUp: keyoCode=22
06-20 13:36:53.115 1957 1957 I DefaultIMS: onKeyUp: keyoCode=22
06-20 13:36:53.117 1957 1957 I TvSpecialKeyEventInterceptor: onKeyUp: onKeyDownConsume false onKeyUpConsume: false repeat: 0
06-20 13:36:53.192 1865 2450 D XM_HIDREAD: poll ret=1, event=1
06-20 13:36:53.193 1865 2450 D XM_HIDREAD: [9 bytes]:01 00 00 4F 00 00 00 00 00
06-20 13:36:53.194 1957 1957 I SogouIME: onKeyDown: keyoCode=22
06-20 13:36:53.194 1957 1957 I DefaultIMS: onKeyDown: keyoCode=22
06-20 13:36:53.195 1957 1957 I TvSpecialKeyEventInterceptor: onKeyDown repeat: 0 onKeyDownConsume: false
06-20 13:36:53.196 1957 1957 I KeyboardViewPresenter: getNextKey Key_G
06-20 13:36:53.305 1865 2450 D XM_HIDREAD: poll ret=1, event=1
06-20 13:36:53.305 1865 2450 D XM_HIDREAD: [9 bytes]:01 00 00 00 00 00 00 00 00
06-20 13:36:53.307 1957 1957 I SogouIME: onKeyUp: keyoCode=22
06-20 13:36:53.307 1957 1957 I DefaultIMS: onKeyUp: keyoCode=22
06-20 13:36:53.308 1957 1957 I TvSpecialKeyEventInterceptor: onKeyUp: onKeyDownConsume false onKeyUpConsume: false repeat: 0
06-20 13:36:53.556 2239 2294 I efs.send_log: log cann't be send because net status is disconnected
06-20 13:36:53.822 1865 2450 D XM_HIDREAD: poll ret=1, event=1
06-20 13:36:53.822 1865 2450 D XM_HIDREAD: [9 bytes]:01 00 00 51 00 00 00 00 00
06-20 13:36:53.824 1957 1957 I SogouIME: onKeyDown: keyoCode=20
06-20 13:36:53.824 1957 1957 I DefaultIMS: onKeyDown: keyoCode=20
06-20 13:36:53.826 1957 1957 I TvSpecialKeyEventInterceptor: onKeyDown repeat: 0 onKeyDownConsume: false
06-20 13:36:53.826 1957 1957 I KeyboardViewPresenter: getNextKey Key_N
06-20 13:36:53.958 1865 2450 D XM_HIDREAD: poll ret=1, event=1
06-20 13:36:53.958 1865 2450 D XM_HIDREAD: [9 bytes]:01 00 00 00 00 00 00 00 00
06-20 13:36:53.959 1957 1957 I SogouIME: onKeyUp: keyoCode=20
06-20 13:36:53.960 1957 1957 I DefaultIMS: onKeyUp: keyoCode=20
06-20 13:36:53.961 1957 1957 I TvSpecialKeyEventInterceptor: onKeyUp: onKeyDownConsume false onKeyUpConsume: false repeat: 0
06-20 13:36:54.262 1865 2450 D XM_HIDREAD: poll ret=1, event=1
06-20 13:36:54.262 1865 2450 D XM_HIDREAD: [9 bytes]:01 00 00 28 00 00 00 00 00
06-20 13:36:54.264 1957 1957 I SogouIME: onKeyDown: keyoCode=23
06-20 13:36:54.265 1957 1957 I DefaultIMS: onKeyDown: keyoCode=23
06-20 13:36:54.266 1957 1957 I TvSpecialKeyEventInterceptor: onKeyDown repeat: 0 onKeyDownConsume: false
06-20 13:36:54.374 1865 2450 D XM_HIDREAD: poll ret=1, event=1
06-20 13:36:54.374 1865 2450 D XM_HIDREAD: [9 bytes]:01 00 00 00 00 00 00 00 00
06-20 13:36:54.376 1957 1957 I SogouIME: onKeyUp: keyoCode=23
06-20 13:36:54.376 1957 1957 I DefaultIMS: onKeyUp: keyoCode=23
06-20 13:36:54.378 1957 1957 I TvSpecialKeyEventInterceptor: onKeyUp: onKeyDownConsume false onKeyUpConsume: false repeat: 0
06-20 13:36:54.379 1957 1957 I fB : onKeyClick: property=110 code=110 symbol=null
06-20 13:36:54.379 1957 1957 I KeyEventTransfer: doKeyInput: property=110 code=110 text=n miniText=null
06-20 13:36:54.385 1957 1957 I ENKeyHandler: on selection update: oldStart: 2, oldEnd: 2, newStart: 3, newEnd: 3, composingStart: -1, composingEnd: -1
06-20 13:36:54.790 1865 2450 D XM_HIDREAD: poll ret=1, event=1
06-20 13:36:54.790 1865 2450 D XM_HIDREAD: [9 bytes]:01 00 00 52 00 00 00 00 00
06-20 13:36:54.791 1957 1957 I SogouIME: onKeyDown: keyoCode=19
06-20 13:36:54.791 1957 1957 I DefaultIMS: onKeyDown: keyoCode=19
06-20 13:36:54.793 1957 1957 I TvSpecialKeyEventInterceptor: onKeyDown repeat: 0 onKeyDownConsume: false
06-20 13:36:54.793 1957 1957 I KeyboardViewPresenter: getNextKey Key_G
06-20 13:36:54.947 1865 2450 D XM_HIDREAD: poll ret=1, event=1
06-20 13:36:54.948 1865 2450 D XM_HIDREAD: [9 bytes]:01 00 00 00 00 00 00 00 00
06-20 13:36:54.950 1957 1957 I SogouIME: onKeyUp: keyoCode=19
06-20 13:36:54.950 1957 1957 I DefaultIMS: onKeyUp: keyoCode=19
06-20 13:36:54.952 1957 1957 I TvSpecialKeyEventInterceptor: onKeyUp: onKeyDownConsume false onKeyUpConsume: false repeat: 0
06-20 13:36:55.262 1865 2450 D XM_HIDREAD: poll ret=1, event=1
06-20 13:36:55.262 1865 2450 D XM_HIDREAD: [9 bytes]:01 00 00 28 00 00 00 00 00
06-20 13:36:55.264 1957 1957 I SogouIME: onKeyDown: keyoCode=23
06-20 13:36:55.264 1957 1957 I DefaultIMS: onKeyDown: keyoCode=23
06-20 13:36:55.266 1957 1957 I TvSpecialKeyEventInterceptor: onKeyDown repeat: 0 onKeyDownConsume: false
06-20 13:36:55.344 685 780 D ActivityManager: freezing 1539 android.process.acore
06-20 13:36:55.345 685 780 D ActivityManager: freezing 1560 android.process.media
06-20 13:36:55.386 1865 2450 D XM_HIDREAD: poll ret=1, event=1
06-20 13:36:55.386 1865 2450 D XM_HIDREAD: [9 bytes]:01 00 00 00 00 00 00 00 00
06-20 13:36:55.388 1957 1957 I SogouIME: onKeyUp: keyoCode=23
06-20 13:36:55.388 1957 1957 I DefaultIMS: onKeyUp: keyoCode=23
06-20 13:36:55.389 1957 1957 I TvSpecialKeyEventInterceptor: onKeyUp: onKeyDownConsume false onKeyUpConsume: false repeat: 0
06-20 13:36:55.390 1957 1957 I fB : onKeyClick: property=103 code=103 symbol=null
06-20 13:36:55.390 1957 1957 I KeyEventTransfer: doKeyInput: property=103 code=103 text=g miniText=null
06-20 13:36:55.401 1957 1957 I ENKeyHandler: on selection update: oldStart: 3, oldEnd: 3, newStart: 4, newEnd: 4, composingStart: -1, composingEnd: -1
06-20 13:36:55.893 1865 2450 D XM_HIDREAD: poll ret=1, event=1
06-20 13:36:55.893 1865 2450 D XM_HIDREAD: [9 bytes]:01 00 00 51 00 00 00 00 00
06-20 13:36:55.896 1957 1957 I SogouIME: onKeyDown: keyoCode=20
06-20 13:36:55.896 1957 1957 I DefaultIMS: onKeyDown: keyoCode=20
06-20 13:36:55.898 1957 1957 I TvSpecialKeyEventInterceptor: onKeyDown repeat: 0 onKeyDownConsume: false
06-20 13:36:55.899 1957 1957 I KeyboardViewPresenter: getNextKey Key_N
06-20 13:36:56.028 1865 2450 D XM_HIDREAD: poll ret=1, event=1
06-20 13:36:56.028 1865 2450 D XM_HIDREAD: [9 bytes]:01 00 00 00 00 00 00 00 00
06-20 13:36:56.030 1957 1957 I SogouIME: onKeyUp: keyoCode=20
06-20 13:36:56.030 1957 1957 I DefaultIMS: onKeyUp: keyoCode=20
06-20 13:36:56.032 1957 1957 I TvSpecialKeyEventInterceptor: onKeyUp: onKeyDownConsume false onKeyUpConsume: false repeat: 0
06-20 13:36:56.714 1865 2450 D XM_HIDREAD: poll ret=1, event=1
06-20 13:36:56.714 1865 2450 D XM_HIDREAD: [9 bytes]:01 00 00 51 00 00 00 00 00
06-20 13:36:56.716 1957 1957 I SogouIME: onKeyDown: keyoCode=20
06-20 13:36:56.716 1957 1957 I DefaultIMS: onKeyDown: keyoCode=20
06-20 13:36:56.717 1957 1957 I TvSpecialKeyEventInterceptor: onKeyDown repeat: 0 onKeyDownConsume: false
06-20 13:36:56.717 1957 1957 I KeyboardViewPresenter: getNextKey Key_U
06-20 13:36:56.849 1865 2450 D XM_HIDREAD: poll ret=1, event=1
06-20 13:36:56.849 1865 2450 D XM_HIDREAD: [9 bytes]:01 00 00 00 00 00 00 00 00
06-20 13:36:56.851 1957 1957 I SogouIME: onKeyUp: keyoCode=20
06-20 13:36:56.851 1957 1957 I DefaultIMS: onKeyUp: keyoCode=20
06-20 13:36:56.852 1957 1957 I TvSpecialKeyEventInterceptor: onKeyUp: onKeyDownConsume false onKeyUpConsume: false repeat: 0
06-20 13:36:57.119 1865 2450 D XM_HIDREAD: poll ret=1, event=1
06-20 13:36:57.119 1865 2450 D XM_HIDREAD: [9 bytes]:01 00 00 50 00 00 00 00 00
06-20 13:36:57.121 1957 1957 I SogouIME: onKeyDown: keyoCode=21
06-20 13:36:57.121 1957 1957 I DefaultIMS: onKeyDown: keyoCode=21
06-20 13:36:57.123 1957 1957 I TvSpecialKeyEventInterceptor: onKeyDown repeat: 0 onKeyDownConsume: false
06-20 13:36:57.124 1957 1957 I KeyboardViewPresenter: getNextKey Key_T
06-20 13:36:57.310 1865 2450 D XM_HIDREAD: poll ret=1, event=1
06-20 13:36:57.310 1865 2450 D XM_HIDREAD: [9 bytes]:01 00 00 00 00 00 00 00 00
06-20 13:36:57.312 1957 1957 I SogouIME: onKeyUp: keyoCode=21
06-20 13:36:57.313 1957 1957 I DefaultIMS: onKeyUp: keyoCode=21
06-20 13:36:57.314 1957 1957 I TvSpecialKeyEventInterceptor: onKeyUp: onKeyDownConsume false onKeyUpConsume: false repeat: 0
06-20 13:36:57.355 1865 2450 D XM_HIDREAD: poll ret=1, event=1
06-20 13:36:57.355 1865 2450 D XM_HIDREAD: [9 bytes]:01 00 00 50 00 00 00 00 00
06-20 13:36:57.357 1957 1957 I SogouIME: onKeyDown: keyoCode=21
06-20 13:36:57.357 1957 1957 I DefaultIMS: onKeyDown: keyoCode=21
06-20 13:36:57.358 1957 1957 I TvSpecialKeyEventInterceptor: onKeyDown repeat: 0 onKeyDownConsume: false
06-20 13:36:57.359 1957 1957 I KeyboardViewPresenter: getNextKey Key_S
06-20 13:36:57.580 1865 2450 D XM_HIDREAD: poll ret=1, event=1
06-20 13:36:57.580 1865 2450 D XM_HIDREAD: [9 bytes]:01 00 00 00 00 00 00 00 00
06-20 13:36:57.585 1957 1957 I SogouIME: onKeyUp: keyoCode=21
06-20 13:36:57.585 1957 1957 I DefaultIMS: onKeyUp: keyoCode=21
06-20 13:36:57.588 1957 1957 I TvSpecialKeyEventInterceptor: onKeyUp: onKeyDownConsume false onKeyUpConsume: false repeat: 0
06-20 13:36:57.940 1865 2450 D XM_HIDREAD: poll ret=1, event=1
06-20 13:36:57.940 1865 2450 D XM_HIDREAD: [9 bytes]:01 00 00 51 00 00 00 00 00
06-20 13:36:57.942 1957 1957 I SogouIME: onKeyDown: keyoCode=20
06-20 13:36:57.942 1957 1957 I DefaultIMS: onKeyDown: keyoCode=20
06-20 13:36:57.943 1957 1957 I TvSpecialKeyEventInterceptor: onKeyDown repeat: 0 onKeyDownConsume: false
06-20 13:36:57.943 1957 1957 I KeyboardViewPresenter: getNextKey Key_Z
06-20 13:36:58.075 1865 2450 D XM_HIDREAD: poll ret=1, event=1
06-20 13:36:58.076 1865 2450 D XM_HIDREAD: [9 bytes]:01 00 00 00 00 00 00 00 00
06-20 13:36:58.078 1957 1957 I SogouIME: onKeyUp: keyoCode=20
06-20 13:36:58.078 1957 1957 I DefaultIMS: onKeyUp: keyoCode=20
06-20 13:36:58.080 1957 1957 I TvSpecialKeyEventInterceptor: onKeyUp: onKeyDownConsume false onKeyUpConsume: false repeat: 0
06-20 13:36:58.424 1865 2450 D XM_HIDREAD: poll ret=1, event=1
06-20 13:36:58.424 1865 2450 D XM_HIDREAD: [9 bytes]:01 00 00 28 00 00 00 00 00
06-20 13:36:58.426 1957 1957 I SogouIME: onKeyDown: keyoCode=23
06-20 13:36:58.426 1957 1957 I DefaultIMS: onKeyDown: keyoCode=23
06-20 13:36:58.427 1957 1957 I TvSpecialKeyEventInterceptor: onKeyDown repeat: 0 onKeyDownConsume: false
06-20 13:36:58.548 1865 2450 D XM_HIDREAD: poll ret=1, event=1
06-20 13:36:58.548 1865 2450 D XM_HIDREAD: [9 bytes]:01 00 00 00 00 00 00 00 00
06-20 13:36:58.550 1957 1957 I SogouIME: onKeyUp: keyoCode=23
06-20 13:36:58.550 1957 1957 I DefaultIMS: onKeyUp: keyoCode=23
06-20 13:36:58.552 1957 1957 I TvSpecialKeyEventInterceptor: onKeyUp: onKeyDownConsume false onKeyUpConsume: false repeat: 0
06-20 13:36:58.552 1957 1957 I fB : onKeyClick: property=122 code=122 symbol=null
06-20 13:36:58.552 1957 1957 I KeyEventTransfer: doKeyInput: property=122 code=122 text=z miniText=null
06-20 13:36:58.555 1957 1957 I ENKeyHandler: on selection update: oldStart: 4, oldEnd: 4, newStart: 5, newEnd: 5, composingStart: -1, composingEnd: -1
06-20 13:36:58.795 1865 2450 D XM_HIDREAD: poll ret=1, event=1
06-20 13:36:58.795 1865 2450 D XM_HIDREAD: [9 bytes]:01 00 00 50 00 00 00 00 00
06-20 13:36:58.797 1957 1957 I SogouIME: onKeyDown: keyoCode=21
06-20 13:36:58.797 1957 1957 I DefaultIMS: onKeyDown: keyoCode=21
06-20 13:36:58.799 1957 1957 I TvSpecialKeyEventInterceptor: onKeyDown repeat: 0 onKeyDownConsume: false
06-20 13:36:58.799 1957 1957 I KeyboardViewPresenter: getNextKey Key_Y
06-20 13:36:58.941 1865 2450 D XM_HIDREAD: poll ret=1, event=1
06-20 13:36:58.941 1865 2450 D XM_HIDREAD: [9 bytes]:01 00 00 00 00 00 00 00 00
06-20 13:36:58.944 1957 1957 I SogouIME: onKeyUp: keyoCode=21
06-20 13:36:58.944 1957 1957 I DefaultIMS: onKeyUp: keyoCode=21
06-20 13:36:58.945 1957 1957 I TvSpecialKeyEventInterceptor: onKeyUp: onKeyDownConsume false onKeyUpConsume: false repeat: 0
06-20 13:36:58.992 442 3329 I resolv : GetAddrInfoHandler::run: {0 0 0 983040 10044 0}
06-20 13:36:59.032 1865 2450 D XM_HIDREAD: poll ret=1, event=1
06-20 13:36:59.032 1865 2450 D XM_HIDREAD: [9 bytes]:01 00 00 50 00 00 00 00 00
06-20 13:36:59.033 1957 1957 I SogouIME: onKeyDown: keyoCode=21
06-20 13:36:59.033 1957 1957 I DefaultIMS: onKeyDown: keyoCode=21
06-20 13:36:59.035 1957 1957 I TvSpecialKeyEventInterceptor: onKeyDown repeat: 0 onKeyDownConsume: false
06-20 13:36:59.035 1957 1957 I KeyboardViewPresenter: getNextKey Key_X
06-20 13:36:59.143 1865 2450 D XM_HIDREAD: poll ret=1, event=1
06-20 13:36:59.144 1865 2450 D XM_HIDREAD: [9 bytes]:01 00 00 00 00 00 00 00 00
06-20 13:36:59.146 1957 1957 I SogouIME: onKeyUp: keyoCode=21
06-20 13:36:59.146 1957 1957 I DefaultIMS: onKeyUp: keyoCode=21
06-20 13:36:59.147 1957 1957 I TvSpecialKeyEventInterceptor: onKeyUp: onKeyDownConsume false onKeyUpConsume: false repeat: 0
06-20 13:36:59.223 1865 2450 D XM_HIDREAD: poll ret=1, event=1
06-20 13:36:59.223 1865 2450 D XM_HIDREAD: [9 bytes]:01 00 00 50 00 00 00 00 00
06-20 13:36:59.225 1957 1957 I SogouIME: onKeyDown: keyoCode=21
06-20 13:36:59.225 1957 1957 I DefaultIMS: onKeyDown: keyoCode=21
06-20 13:36:59.227 1957 1957 I TvSpecialKeyEventInterceptor: onKeyDown repeat: 0 onKeyDownConsume: false
06-20 13:36:59.227 1957 1957 I KeyboardViewPresenter: getNextKey Key_W
06-20 13:36:59.324 1865 2450 D XM_HIDREAD: poll ret=1, event=1
06-20 13:36:59.324 1865 2450 D XM_HIDREAD: [9 bytes]:01 00 00 00 00 00 00 00 00
06-20 13:36:59.326 1957 1957 I SogouIME: onKeyUp: keyoCode=21
06-20 13:36:59.326 1957 1957 I DefaultIMS: onKeyUp: keyoCode=21
06-20 13:36:59.327 1957 1957 I TvSpecialKeyEventInterceptor: onKeyUp: onKeyDownConsume false onKeyUpConsume: false repeat: 0
06-20 13:36:59.389 2689 2689 E FrameTracker: force finish cuj, time out: J
06-20 13:36:59.413 1865 2450 D XM_HIDREAD: poll ret=1, event=1
06-20 13:36:59.413 1865 2450 D XM_HIDREAD: [9 bytes]:01 00 00 50 00 00 00 00 00
06-20 13:36:59.415 1957 1957 I SogouIME: onKeyDown: keyoCode=21
06-20 13:36:59.415 1957 1957 I DefaultIMS: onKeyDown: keyoCode=21
06-20 13:36:59.417 1957 1957 I TvSpecialKeyEventInterceptor: onKeyDown repeat: 0 onKeyDownConsume: false
06-20 13:36:59.417 1957 1957 I KeyboardViewPresenter: getNextKey Key_V
06-20 13:36:59.504 1865 2450 D XM_HIDREAD: poll ret=1, event=1
06-20 13:36:59.504 1865 2450 D XM_HIDREAD: [9 bytes]:01 00 00 00 00 00 00 00 00
06-20 13:36:59.506 1957 1957 I SogouIME: onKeyUp: keyoCode=21
06-20 13:36:59.506 1957 1957 I DefaultIMS: onKeyUp: keyoCode=21
06-20 13:36:59.507 1957 1957 I TvSpecialKeyEventInterceptor: onKeyUp: onKeyDownConsume false onKeyUpConsume: false repeat: 0
06-20 13:36:59.571 1865 2450 D XM_HIDREAD: poll ret=1, event=1
06-20 13:36:59.571 1865 2450 D XM_HIDREAD: [9 bytes]:01 00 00 50 00 00 00 00 00
06-20 13:36:59.573 1957 1957 I SogouIME: onKeyDown: keyoCode=21
06-20 13:36:59.573 1957 1957 I DefaultIMS: onKeyDown: keyoCode=21
06-20 13:36:59.574 1957 1957 I TvSpecialKeyEventInterceptor: onKeyDown repeat: 0 onKeyDownConsume: false
06-20 13:36:59.575 1957 1957 I KeyboardViewPresenter: getNextKey Key_At
06-20 13:36:59.637 685 822 E WifiHealthMonitor: Hit PackageManager exception
06-20 13:36:59.637 685 822 E WifiHealthMonitor: android.content.pm.PackageManager$NameNotFoundException: No module info for package: com.android.wifi
06-20 13:36:59.637 685 822 E WifiHealthMonitor: at android.app.ApplicationPackageManager.getModuleInfo(ApplicationPackageManager.java:1190)
06-20 13:36:59.637 685 822 E WifiHealthMonitor: at com.android.server.wifi.WifiHealthMonitor.getWifiStackVersion(WifiHealthMonitor.java:367)
06-20 13:36:59.637 685 822 E WifiHealthMonitor: at com.android.server.wifi.WifiHealthMonitor.extractCurrentSoftwareBuildInfo(WifiHealthMonitor.java:588)
06-20 13:36:59.637 685 822 E WifiHealthMonitor: at com.android.server.wifi.WifiHealthMonitor.postBootSwBuildCheck(WifiHealthMonitor.java:523)
06-20 13:36:59.637 685 822 E WifiHealthMonitor: at com.android.server.wifi.WifiHealthMonitor.postBootDetectionHandler(WifiHealthMonitor.java:514)
06-20 13:36:59.637 685 822 E WifiHealthMonitor: at com.android.server.wifi.WifiHealthMonitor.-$$Nest$mpostBootDetectionHandler(WifiHealthMonitor.java:0)
06-20 13:36:59.637 685 822 E WifiHealthMonitor: at com.android.server.wifi.WifiHealthMonitor$2.onAlarm(WifiHealthMonitor.java:190)
06-20 13:36:59.637 685 822 E WifiHealthMonitor: at android.app.AlarmManager$ListenerWrapper.run(AlarmManager.java:375)
06-20 13:36:59.637 685 822 E WifiHealthMonitor: at android.os.Handler.handleCallback(Handler.java:958)
06-20 13:36:59.637 685 822 E WifiHealthMonitor: at android.os.Handler.dispatchMessage(Handler.java:99)
06-20 13:36:59.637 685 822 E WifiHealthMonitor: at com.android.server.wifi.RunnerHandler.dispatchMessage(RunnerHandler.java:122)
06-20 13:36:59.637 685 822 E WifiHealthMonitor: at android.os.Looper.loopOnce(Looper.java:205)
06-20 13:36:59.637 685 822 E WifiHealthMonitor: at android.os.Looper.loop(Looper.java:294)
06-20 13:36:59.637 685 822 E WifiHealthMonitor: at android.os.HandlerThread.run(HandlerThread.java:67)
06-20 13:36:59.638 685 818 W BestClock: java.time.DateTimeException: Missing network time fix
06-20 13:36:59.641 685 784 D ActivityManager: sync unfroze 2025 com.android.providers.tv for 6
06-20 13:36:59.654 442 517 I netd : tetherGetStats() -> {[]} <1.83ms>
06-20 13:36:59.656 2025 3362 D EpgDataCleanupService: Received intent: Intent { act=com.android.providers.tv.intent.CLEAN_UP_EPG_DATA cmp=com.android.providers.tv/.EpgDataCleanupService }
06-20 13:36:59.657 685 818 W BestClock: java.time.DateTimeException: Missing network time fix
06-20 13:36:59.659 442 517 I netd : bandwidthSetGlobalAlert(2097152) <0.38ms>
06-20 13:36:59.674 685 1083 D OomAdjuster: Not killing cached processes
06-20 13:36:59.695 1865 2450 D XM_HIDREAD: poll ret=1, event=1
06-20 13:36:59.695 1865 2450 D XM_HIDREAD: [9 bytes]:01 00 00 00 00 00 00 00 00
06-20 13:36:59.697 1957 1957 I SogouIME: onKeyUp: keyoCode=21
06-20 13:36:59.697 1957 1957 I DefaultIMS: onKeyUp: keyoCode=21
06-20 13:36:59.698 1957 1957 I TvSpecialKeyEventInterceptor: onKeyUp: onKeyDownConsume false onKeyUpConsume: false repeat: 0
06-20 13:36:59.965 1865 2450 D XM_HIDREAD: poll ret=1, event=1
06-20 13:36:59.966 1865 2450 D XM_HIDREAD: [9 bytes]:01 00 00 52 00 00 00 00 00
06-20 13:36:59.968 1957 1957 I SogouIME: onKeyDown: keyoCode=19
06-20 13:36:59.968 1957 1957 I DefaultIMS: onKeyDown: keyoCode=19
06-20 13:36:59.970 1957 1957 I TvSpecialKeyEventInterceptor: onKeyDown repeat: 0 onKeyDownConsume: false
06-20 13:36:59.970 1957 1957 I KeyboardViewPresenter: getNextKey Key_9
06-20 13:37:00.077 1865 2450 D XM_HIDREAD: poll ret=1, event=1
06-20 13:37:00.077 1865 2450 D XM_HIDREAD: [9 bytes]:01 00 00 00 00 00 00 00 00
06-20 13:37:00.081 1957 1957 I SogouIME: onKeyUp: keyoCode=19
06-20 13:37:00.081 1957 1957 I DefaultIMS: onKeyUp: keyoCode=19
06-20 13:37:00.082 1957 1957 I TvSpecialKeyEventInterceptor: onKeyUp: onKeyDownConsume false onKeyUpConsume: false repeat: 0
06-20 13:37:00.674 1865 2450 D XM_HIDREAD: poll ret=1, event=1
06-20 13:37:00.675 1865 2450 D XM_HIDREAD: [9 bytes]:01 00 00 4F 00 00 00 00 00
06-20 13:37:00.676 1957 1957 I SogouIME: onKeyDown: keyoCode=22
06-20 13:37:00.676 1957 1957 I DefaultIMS: onKeyDown: keyoCode=22
06-20 13:37:00.678 1957 1957 I TvSpecialKeyEventInterceptor: onKeyDown repeat: 0 onKeyDownConsume: false
06-20 13:37:00.678 1957 1957 I KeyboardViewPresenter: getNextKey Key_O
06-20 13:37:00.786 1865 2450 D XM_HIDREAD: poll ret=1, event=1
06-20 13:37:00.786 1865 2450 D XM_HIDREAD: [9 bytes]:01 00 00 00 00 00 00 00 00
06-20 13:37:00.791 1957 1957 I SogouIME: onKeyUp: keyoCode=22
06-20 13:37:00.792 1957 1957 I DefaultIMS: onKeyUp: keyoCode=22
06-20 13:37:00.793 1957 1957 I TvSpecialKeyEventInterceptor: onKeyUp: onKeyDownConsume false onKeyUpConsume: false repeat: 0
06-20 13:37:01.383 1865 2450 D XM_HIDREAD: poll ret=1, event=1
