06-20 13:36:43.035 1957 1957 I DefaultIMS: onKeyUp: keyoCode=20
06-20 13:36:43.175 2486 2496 W System : A resource failed to call close.
06-20 13:36:43.176 2486 2496 W System : A resource failed to call close.
06-20 13:36:43.176 2486 2496 W System : A resource failed to call close.
06-20 13:36:43.308 0 0 W : [0 T13 .s] [SP FRAME TX] arp req,vif_idx:0 sender:[1c:79:2d:20:62:cb 192.168.31.30]receiver:[00:00:00:00:00:00 192.168.31.8]
06-20 13:36:43.370 685 818 W BestClock: java.time.DateTimeException: Missing network time fix
06-20 13:36:43.393 442 517 I netd : tetherGetStats() -> {[]} <1.70ms>
06-20 13:36:43.398 685 820 W BestClock: java.time.DateTimeException: Missing network time fix
06-20 13:36:43.401 685 820 W BestClock: java.time.DateTimeException: Missing network time fix
06-20 13:36:43.401 685 818 W BestClock: java.time.DateTimeException: Missing network time fix
06-20 13:36:43.405 442 517 I netd : bandwidthSetGlobalAlert(2097152) <0.59ms>
06-20 13:36:43.843 1865 2450 D XM_HIDREAD: poll ret=1, event=1
06-20 13:36:43.843 1865 2450 D XM_HIDREAD: [9 bytes]:01 00 00 52 00 00 00 00 00
06-20 13:36:43.845 1957 1957 I SogouIME: onKeyDown: keyoCode=19
06-20 13:36:43.846 1957 1957 I DefaultIMS: onKeyDown: keyoCode=19
06-20 13:36:43.996 1865 2450 D XM_HIDREAD: poll ret=1, event=1
06-20 13:36:43.996 1865 2450 D XM_HIDREAD: [9 bytes]:01 00 00 00 00 00 00 00 00
06-20 13:36:44.002 1957 1957 I SogouIME: onKeyUp: keyoCode=19
06-20 13:36:44.003 1957 1957 I DefaultIMS: onKeyUp: keyoCode=19
06-20 13:36:44.125 2486 2496 W System : A resource failed to call close.
06-20 13:36:44.131 2486 2496 W System : A resource failed to call close.
06-20 13:36:44.272 1865 2450 D XM_HIDREAD: poll ret=1, event=1
06-20 13:36:44.272 1865 2450 D XM_HIDREAD: [9 bytes]:01 00 00 28 00 00 00 00 00
06-20 13:36:44.280 1957 1957 I SogouIME: onKeyDown: keyoCode=23
06-20 13:36:44.280 1957 1957 I DefaultIMS: onKeyDown: keyoCode=23
06-20 13:36:44.332 0 0 W : [0 T1046 .s] [SP FRAME TX] arp req,vif_idx:0 sender:[1c:79:2d:20:62:cb 192.168.31.30]receiver:[00:00:00:00:00:00 192.168.31.8]
06-20 13:36:44.383 1865 2450 D XM_HIDREAD: poll ret=1, event=1
06-20 13:36:44.383 1865 2450 D XM_HIDREAD: [9 bytes]:01 00 00 00 00 00 00 00 00
06-20 13:36:44.385 1957 1957 I SogouIME: onKeyUp: keyoCode=23
06-20 13:36:44.385 1957 1957 I DefaultIMS: onKeyUp: keyoCode=23
06-20 13:36:44.400 685 830 D ConnectivityService: NetReassign [no changes] [c 0] [a 2] [i 1]
06-20 13:36:44.556 685 818 W BestClock: java.time.DateTimeException: Missing network time fix
06-20 13:36:44.576 442 517 I netd : tetherGetStats() -> {[]} <1.51ms>
06-20 13:36:44.579 478 501 I WifiHAL : call wifi_get_link_stats handler
06-20 13:36:44.579 478 501 I WifiHAL : Creating message to get link statistics; iface = 16
06-20 13:36:44.579 478 501 D WifiHAL : error code -95 mapped to -3
06-20 13:36:44.580 685 822 E WifiStaIfaceAidlImpl: getLinkLayerStats failed with service-specific exception: android.os.ServiceSpecificException: (code 4)
06-20 13:36:44.582 685 818 W BestClock: java.time.DateTimeException: Missing network time fix
06-20 13:36:44.584 442 517 I netd : bandwidthSetGlobalAlert(2097152) <0.62ms>
06-20 13:36:45.013 1865 2450 D XM_HIDREAD: poll ret=1, event=1
06-20 13:36:45.014 1865 2450 D XM_HIDREAD: [9 bytes]:01 00 00 51 00 00 00 00 00
06-20 13:36:45.016 1957 1957 I SogouIME: onKeyDown: keyoCode=20
06-20 13:36:45.016 1957 1957 I DefaultIMS: onKeyDown: keyoCode=20
06-20 13:36:45.115 1865 2450 D XM_HIDREAD: poll ret=1, event=1
06-20 13:36:45.115 1865 2450 D XM_HIDREAD: [9 bytes]:01 00 00 00 00 00 00 00 00
06-20 13:36:45.117 1957 1957 I SogouIME: onKeyUp: keyoCode=20
06-20 13:36:45.117 1957 1957 I DefaultIMS: onKeyUp: keyoCode=20
06-20 13:36:45.207 0 0 W : [3 T1041 ..] traffic idle!!
06-20 13:36:45.357 0 0 W : [0 T1539 .s] [SP FRAME TX] arp req,vif_idx:0 sender:[1c:79:2d:20:62:cb 192.168.31.30]receiver:[00:00:00:00:00:00 192.168.31.8]
06-20 13:36:45.643 1865 2450 D XM_HIDREAD: poll ret=1, event=1
06-20 13:36:45.643 1865 2450 D XM_HIDREAD: [9 bytes]:01 00 00 28 00 00 00 00 00
06-20 13:36:45.645 1957 1957 I SogouIME: onKeyDown: keyoCode=23
06-20 13:36:45.645 1957 1957 I DefaultIMS: onKeyDown: keyoCode=23
06-20 13:36:45.767 1865 2450 D XM_HIDREAD: poll ret=1, event=1
06-20 13:36:45.767 1865 2450 D XM_HIDREAD: [9 bytes]:01 00 00 00 00 00 00 00 00
06-20 13:36:45.772 1957 1957 I SogouIME: onKeyUp: keyoCode=23
06-20 13:36:45.772 1957 1957 I DefaultIMS: onKeyUp: keyoCode=23
06-20 13:36:45.780 2689 2718 E ccc : cccccc 111111111111111111111111
06-20 13:36:45.793 2689 2718 E ccc : cccccc sort 2 52
06-20 13:36:45.807 685 750 I WifiService: forget uid=1000
06-20 13:36:45.808 685 701 I WifiService: startScan uid=1000
06-20 13:36:45.810 2689 2718 E ccc : cccccc i will start scan
06-20 13:36:45.816 685 826 D InstantWifi: Drop, size: 1
06-20 13:36:45.829 0 0 W : [1 T576 ..] [aml_cfg80211_scan 1812] n_channels:26,iftype:2
06-20 13:36:45.829 0 0 W : [1 T576 ..] [aml_send_scanu_req 2532] vif:0
06-20 13:36:45.829 0 0 W : [1 T576 ..] [aml_send_scanu_req 2563] len:5 ssid:red5G
06-20 13:36:45.830 0 0 W : [1 T576 ..] >>> aml_send_msg()
06-20 13:36:45.831 0 0 W : [1 T1041 ..] ipc_sdio_host_msgack_handler 000000000d82120e
06-20 13:36:45.832 0 0 W : [1 T1041 ..] [aml_msgackind 2039] msg ack hostid=0xffffff808d361e80
06-20 13:36:45.833 0 0 W : [1 T1041 ..] [cmd_mgr_llind 329] cmd tkn[32] flags:0008 result: -4 cmd:4096-SCANU_START_REQ - reqcfm( 0-none)
06-20 13:36:45.834 0 0 W : [1 T1041 ..] [cmd_complete 65] cmd tkn[32] flags:0000 result: -4 cmd:4096-SCANU_START_REQ - reqcfm( 0-none)
06-20 13:36:45.827 685 822 D WifiConfigStore: Writing to stores completed in 10 ms.
06-20 13:36:45.830 685 822 D SupplicantStaIfaceHalAidlImpl: Remove cached HAL data for config id 0
06-20 13:36:45.830 685 822 E WifiConfigManager: Cannot find network with networkId 0
06-20 13:36:45.834 685 822 W ContextImpl: Calling a method in the system process without a qualified user: android.app.ContextImpl.sendBroadcastMultiplePermissions:1253 android.content.Context.sendBroadcastWithMultiplePermissions:2504 com.android.server.wifi.WifiServiceImpl.broadcastWifiCredentialChanged:6312 com.android.server.wifi.WifiServiceImpl.lambda$forget$117:6515 com.android.server.wifi.WifiServiceImpl.$r8$lambda$aCGC7WxcziQTOfAqBHPi13UHTTQ:0
06-20 13:36:45.848 0 0 W : [1 T1127 ..] set_scan_hang, flag:1, [aml_cancel_scan 4851]
06-20 13:36:45.848 0 0 W : [1 T1127 ..] >>> aml_send_scanu_cancel_req()
06-20 13:36:45.850 0 0 W : [1 T1127 ..] >>> aml_send_msg()
06-20 13:36:45.852 0 0 W : [1 T1041 ..] ipc_sdio_host_msgack_handler 000000000d82120e
06-20 13:36:45.852 0 0 W : [1 T1041 ..] [aml_msgackind 2039] msg ack hostid=0xffffff808d361e80
06-20 13:36:45.853 0 0 W : [1 T1041 ..] [cmd_mgr_llind 329] cmd tkn[33] flags:001a result: -4 cmd: 105-MM_SUB_SCANU_CANCEL_REQ - reqcfm(16385-unknown)
06-20 13:36:45.849 685 701 D WifiMemoryStoreImpl: Remove cluster G2ef4728d834cf0c8: SUCCESS deleted: 2
06-20 13:36:45.910 0 0 W : [1 T1041 ..] [cmd_mgr_msgind 409] cmd tkn[33] flags:0012 result: -4 cmd: 105-MM_SUB_SCANU_CANCEL_REQ - reqcfm(16385-unknown)
06-20 13:36:45.911 0 0 W : [1 T1041 ..] aml_scanu_cancel_cfm 2046: status:0, vif_id=0
06-20 13:36:45.911 0 0 W : [1 T1041 ..] [cmd_complete 65] cmd tkn[33] flags:0002 result: -4 cmd: 105-MM_SUB_SCANU_CANCEL_REQ - reqcfm(16385-unknown)
06-20 13:36:45.913 0 0 W : [2 T1127 ..] [recy_dbg][aml_recy_flags_clr 63] clr flags(0x1), new flags(0x0)
06-20 13:36:45.903 685 698 W System : A resource failed to call release.
06-20 13:36:45.913 0 0 W : [2 T1127 ..] [aml_send_sm_disconnect_req 2275] vif:0
06-20 13:36:45.914 0 0 W : [2 T1127 ..] >>> aml_send_msg()
06-20 13:36:45.916 0 0 W : [1 T1041 ..] ipc_sdio_host_msgack_handler 00000000b6425719
06-20 13:36:45.916 0 0 W : [1 T1041 ..] [aml_msgackind 2039] msg ack hostid=0xffffff807779f900
06-20 13:36:45.907 685 698 W System : A resource failed to call release.
06-20 13:36:45.917 0 0 W : [1 T1041 ..] [cmd_mgr_llind 329] cmd tkn[34] flags:001a result: -4 cmd:6147-SM_DISCONNECT_REQ - reqcfm(6148-SM_DISCONNECT_CFM)
06-20 13:36:45.924 0 0 W : [1 T1041 ..] >>> aml_rx_me_tx_credits_update_ind()
06-20 13:36:45.924 0 0 W : [1 T1041 ..] [aml_txq_credit_update 2514] sta_idx=0 vif_idx=0 tid=0 update=-28 pkt pushed=0 credits=96 old_credits=124
06-20 13:36:45.924 0 0 W : [1 T1041 ..] [cmd_mgr_msgind 409] cmd tkn[34] flags:0012 result: -4 cmd:6147-SM_DISCONNECT_REQ - reqcfm(6148-SM_DISCONNECT_CFM)
06-20 13:36:45.927 0 0 W : [1 T1041 ..] [cmd_complete 65] cmd tkn[34] flags:0002 result: -4 cmd:6147-SM_DISCONNECT_REQ - reqcfm(6148-SM_DISCONNECT_CFM)
06-20 13:36:45.929 0 0 W : [2 T1127 ..] [recy_dbg][aml_recy_flags_clr 63] clr flags(0x1), new flags(0x0)
06-20 13:36:45.929 0 0 W : [1 T1041 ..] [aml_rx_sm_disconnect_ind 1485] vif_idx:0, reason_code: 0, reassoc: 0
06-20 13:36:45.930 0 0 W : [1 T1041 ..] [aml_txq_deinit 341] txq deinit, txq idx=0, vif_idx=0
06-20 13:36:45.931 0 0 W : [1 T1041 ..] [aml_txq_deinit 341] txq deinit, txq idx=1, vif_idx=0
06-20 13:36:45.932 0 0 W : [1 T1041 ..] [aml_txq_deinit 341] txq deinit, txq idx=2, vif_idx=0
06-20 13:36:45.933 0 0 W : [1 T1041 ..] [aml_txq_deinit 341] txq deinit, txq idx=3, vif_idx=0
06-20 13:36:45.934 0 0 W : [1 T1041 ..] [aml_txq_deinit 341] txq deinit, txq idx=4, vif_idx=0
06-20 13:36:45.935 0 0 W : [1 T1041 ..] [aml_txq_deinit 341] txq deinit, txq idx=5, vif_idx=0
06-20 13:36:45.936 0 0 W : [1 T1041 ..] [aml_txq_deinit 341] txq deinit, txq idx=6, vif_idx=0
06-20 13:36:45.937 0 0 W : [1 T1041 ..] [aml_txq_deinit 341] txq deinit, txq idx=7, vif_idx=0
06-20 13:36:45.937 0 0 W : [1 T1041 ..] [aml_txq_deinit 341] txq deinit, txq idx=8, vif_idx=0
06-20 13:36:45.938 0 0 W : [1 T1041 ..] [aml_txq_deinit 341] txq deinit, txq idx=94, vif_idx=255
06-20 13:36:45.939 0 0 W : [1 T1041 ..] [aml_rx_sm_disconnect_ind 1525] sta assoc ap info was cleared, sta_idx:0
06-20 13:36:45.940 0 0 W : [1 T1041 ..] [aml_chanctx_unlink 696] vif index:0
06-20 13:36:45.941 0 0 W : [1 T1041 ..] [aml_chanctx_unlink 716] set chan to null
06-20 13:36:45.942 0 0 W : [1 T1041 ..] set_scan_hang, flag:0, [aml_rx_sm_disconnect_ind 1534]
06-20 13:36:45.934 965 1149 D IpClient/wlan0: interfaceLinkStateChanged: ifindex 16 down
06-20 13:36:45.978 1127 1127 I wpa_supplicant: wlan0: CTRL-EVENT-DISCONNECTED bssid=c8:bf:4c:1d:7a:9b reason=3 locally_generated=1
06-20 13:36:45.979 685 752 D WifiNl80211Manager: Scan result ready event
06-20 13:36:45.979 685 752 D WifiNative: Scan result ready event
06-20 13:36:45.944 0 0 W : [1 T1041 ..] [recy_dbg][aml_recy_flags_clr 63] clr flags(0x1), new flags(0x0)
06-20 13:36:45.988 0 0 W : [2 T1127 ..] set_scan_hang, flag:0, [aml_cfg80211_disconnect 2253]
06-20 13:36:45.990 0 0 W : [2 T1127 ..] [aml_cfg80211_disconnect 2254] vif_idx:0
06-20 13:36:45.991 0 0 W : [1 T8 ..] [aml_cfg80211_del_key 2015] vif_idx:0
06-20 13:36:45.991 0 0 W : [1 T8 ..] >>> aml_send_key_del()
06-20 13:36:45.992 0 0 W : [1 T8 ..] >>> aml_send_msg()
06-20 13:36:45.993 0 0 W : [1 T1041 ..] ipc_sdio_host_msgack_handler 00000000e8f53b26
06-20 13:36:45.993 0 0 W : [1 T1041 ..] [aml_msgackind 2039] msg ack hostid=0xffffff808d361200
06-20 13:36:45.994 0 0 W : [1 T1041 ..] [cmd_mgr_llind 329] cmd tkn[35] flags:001a result: -4 cmd: 38-MM_KEY_DEL_REQ - reqcfm( 39-MM_KEY_DEL_CFM)
06-20 13:36:45.996 0 0 W : [1 T1041 ..] [cmd_mgr_msgind 409] cmd tkn[35] flags:0012 result: -4 cmd: 38-MM_KEY_DEL_REQ - reqcfm( 39-MM_KEY_DEL_CFM)
06-20 13:36:45.997 0 0 W : [1 T1041 ..] [cmd_complete 65] cmd tkn[35] flags:0002 result: -4 cmd: 38-MM_KEY_DEL_REQ - reqcfm( 39-MM_KEY_DEL_CFM)
06-20 13:36:45.999 0 0 W : [3 T8 ..] [aml_cfg80211_del_key 2015] vif_idx:0
06-20 13:36:45.999 0 0 W : [3 T8 ..] >>> aml_send_key_del()
06-20 13:36:46.000 0 0 W : [3 T8 ..] >>> aml_send_msg()
06-20 13:36:46.001 0 0 W : [1 T1041 ..] ipc_sdio_host_msgack_handler 00000000b5bffe89
06-20 13:36:46.002 0 0 W : [1 T1041 ..] [aml_msgackind 2039] msg ack hostid=0xffffff8071751b00
06-20 13:36:46.003 0 0 W : [1 T1041 ..] [cmd_mgr_llind 329] cmd tkn[36] flags:001a result: -4 cmd: 38-MM_KEY_DEL_REQ - reqcfm( 39-MM_KEY_DEL_CFM)
06-20 13:36:46.005 0 0 W : [1 T1041 ..] [cmd_mgr_msgind 409] cmd tkn[36] flags:0012 result: -4 cmd: 38-MM_KEY_DEL_REQ - reqcfm( 39-MM_KEY_DEL_CFM)
06-20 13:36:46.006 0 0 W : [1 T1041 ..] [cmd_complete 65] cmd tkn[36] flags:0002 result: -4 cmd: 38-MM_KEY_DEL_REQ - reqcfm( 39-MM_KEY_DEL_CFM)
06-20 13:36:46.008 0 0 W : [3 T8 ..] [aml_cfg80211_del_key 2015] vif_idx:0
06-20 13:36:46.008 0 0 W : [3 T8 ..] >>> aml_send_key_del()
06-20 13:36:46.009 0 0 W : [3 T8 ..] >>> aml_send_msg()
06-20 13:36:46.010 0 0 W : [1 T1041 ..] ipc_sdio_host_msgack_handler 00000000b5bffe89
06-20 13:36:46.010 0 0 W : [1 T1041 ..] [aml_msgackind 2039] msg ack hostid=0xffffff8071751b00
06-20 13:36:46.011 0 0 W : [1 T1041 ..] [cmd_mgr_llind 329] cmd tkn[37] flags:001a result: -4 cmd: 38-MM_KEY_DEL_REQ - reqcfm( 39-MM_KEY_DEL_CFM)
06-20 13:36:46.013 0 0 W : [1 T1041 ..] [cmd_mgr_msgind 409] cmd tkn[37] flags:0012 result: -4 cmd: 38-MM_KEY_DEL_REQ - reqcfm( 39-MM_KEY_DEL_CFM)
06-20 13:36:46.015 0 0 W : [1 T1041 ..] [cmd_complete 65] cmd tkn[37] flags:0002 result: -4 cmd: 38-MM_KEY_DEL_REQ - reqcfm( 39-MM_KEY_DEL_CFM)
06-20 13:36:46.016 0 0 W : [2 T8 ..] [aml_cfg80211_del_key 2015] vif_idx:0
06-20 13:36:46.017 0 0 W : [2 T8 ..] >>> aml_send_key_del()
06-20 13:36:46.018 0 0 W : [2 T8 ..] >>> aml_send_msg()
06-20 13:36:46.019 0 0 W : [1 T1041 ..] ipc_sdio_host_msgack_handler 000000001a92920f
06-20 13:36:46.019 0 0 W : [1 T1041 ..] [aml_msgackind 2039] msg ack hostid=0xffffff807779fa80
06-20 13:36:46.020 0 0 W : [1 T1041 ..] [cmd_mgr_llind 329] cmd tkn[38] flags:001a result: -4 cmd: 38-MM_KEY_DEL_REQ - reqcfm( 39-MM_KEY_DEL_CFM)
06-20 13:36:46.022 0 0 W : [1 T1041 ..] [cmd_mgr_msgind 409] cmd tkn[38] flags:0012 result: -4 cmd: 38-MM_KEY_DEL_REQ - reqcfm( 39-MM_KEY_DEL_CFM)
06-20 13:36:46.023 0 0 W : [1 T1041 ..] [cmd_complete 65] cmd tkn[38] flags:0002 result: -4 cmd: 38-MM_KEY_DEL_REQ - reqcfm( 39-MM_KEY_DEL_CFM)
06-20 13:36:46.025 0 0 W : [3 T8 ..] [aml_cfg80211_del_key 2015] vif_idx:0
06-20 13:36:46.025 0 0 W : [3 T8 ..] >>> aml_send_key_del()
06-20 13:36:46.026 0 0 W : [3 T8 ..] >>> aml_send_msg()
06-20 13:36:46.027 0 0 W : [1 T1041 ..] ipc_sdio_host_msgack_handler 00000000d44cb2ea
06-20 13:36:46.028 0 0 W : [1 T1041 ..] [aml_msgackind 2039] msg ack hostid=0xffffff8071751900
06-20 13:36:46.029 0 0 W : [1 T1041 ..] [cmd_mgr_llind 329] cmd tkn[39] flags:001a result: -4 cmd: 38-MM_KEY_DEL_REQ - reqcfm( 39-MM_KEY_DEL_CFM)
06-20 13:36:46.031 0 0 W : [1 T1041 ..] [cmd_mgr_msgind 409] cmd tkn[39] flags:0012 result: -4 cmd: 38-MM_KEY_DEL_REQ - reqcfm( 39-MM_KEY_DEL_CFM)
06-20 13:36:46.032 0 0 W : [1 T1041 ..] [cmd_complete 65] cmd tkn[39] flags:0002 result: -4 cmd: 38-MM_KEY_DEL_REQ - reqcfm( 39-MM_KEY_DEL_CFM)
06-20 13:36:46.034 0 0 W : [3 T8 ..] [aml_cfg80211_del_key 2015] vif_idx:0
06-20 13:36:46.034 0 0 W : [3 T8 ..] >>> aml_send_key_del()
06-20 13:36:46.035 0 0 W : [3 T8 ..] >>> aml_send_msg()
06-20 13:36:46.036 0 0 W : [1 T1041 ..] ipc_sdio_host_msgack_handler 00000000d44cb2ea
06-20 13:36:46.036 0 0 W : [1 T1041 ..] [aml_msgackind 2039] msg ack hostid=0xffffff8071751900
06-20 13:36:46.037 0 0 W : [1 T1041 ..] [cmd_mgr_llind 329] cmd tkn[40] flags:001a result: -4 cmd: 38-MM_KEY_DEL_REQ - reqcfm( 39-MM_KEY_DEL_CFM)
06-20 13:36:46.039 0 0 W : [1 T1041 ..] [cmd_mgr_msgind 409] cmd tkn[40] flags:0012 result: -4 cmd: 38-MM_KEY_DEL_REQ - reqcfm( 39-MM_KEY_DEL_CFM)
06-20 13:36:46.041 0 0 W : [1 T1041 ..] [cmd_complete 65] cmd tkn[40] flags:0002 result: -4 cmd: 38-MM_KEY_DEL_REQ - reqcfm( 39-MM_KEY_DEL_CFM)
06-20 13:36:46.031 1127 1127 I wpa_supplicant: assoc key_mgmt 0x2 network key_mgmt 0x142
06-20 13:36:46.032 1127 1127 I wpa_supplicant: wlan0: CTRL-EVENT-DSCP-POLICY clear_all
06-20 13:36:46.037 685 822 E WifiConfigManager: Cannot find network with networkId 0
06-20 13:36:46.037 685 822 E WifiClientModeImpl: Unexpected null WifiConfiguration. Config may have been removed.
06-20 13:36:46.037 685 822 E WifiConfigManager: Cannot find network with networkId 0
06-20 13:36:46.037 685 822 E WifiConfigManager: Cannot find network with networkId 0
06-20 13:36:46.038 685 822 E WifiStaIfaceAidlImpl: stopRssiMonitoring failed with service-specific exception: android.os.ServiceSpecificException: (code 5)
06-20 13:36:46.039 1127 1127 I wpa_supplicant: wpa_driver_nl80211_driver_cmd: wifi vendor: aml_w2_s
06-20 13:36:46.039 1127 1127 I wpa_supplicant: wpa_driver_nl80211_driver_cmd: wlan0: private command: BTCOEXMODE 2
06-20 13:36:46.040 685 822 W ContextImpl: Calling a method in the system process without a qualified user: android.app.ContextImpl.sendStickyBroadcast:1626 com.android.server.wifi.ClientModeImpl.sendNetworkChangeBroadcast:3008 com.android.server.wifi.ClientModeImpl.lambda$sendNetworkChangeBroadcastWithCurrentState$14:2985 com.android.server.wifi.ClientModeImpl.$r8$lambda$q-j88Pjw4gROgoJFr8wBlBVbuJI:0 com.android.server.wifi.ClientModeImpl$$ExternalSyntheticLambda4.send:0
06-20 13:36:46.041 685 822 E WifiConfigManager: Cannot find network with networkId 0
06-20 13:36:46.041 685 830 D ConnectivityService: [100 WIFI] EVENT_NETWORK_INFO_CHANGED, going from CONNECTED to DISCONNECTED
06-20 13:36:46.042 685 830 D ConnectivityService: [100 WIFI] disconnected, was satisfying 29
06-20 13:36:46.045 2689 2880 E ccc : cccccc 4444444444444444444 DISCONNECTED
06-20 13:36:46.045 685 822 D WifiClientModeImpl[19971:wlan0]: ClientModeImpl: Leaving Connected state
06-20 13:36:46.046 685 830 W BestClock: java.time.DateTimeException: Missing network time fix
06-20 13:36:46.046 685 822 D WifiCountryCode: evaluateAllCmmStateAndApplyIfAllReady: {ConcreteClientModeManager{id=16495 iface=wlan0 role=ROLE_CLIENT_PRIMARY}=true}
06-20 13:36:46.047 685 822 D WifiCountryCode: Reading country code from telephony
06-20 13:36:46.048 685 822 D WifiCountryCode: Set telephony country code to:
06-20 13:36:46.048 685 822 D WifiCountryCode: updateCountryCode to CN
06-20 13:36:46.048 685 822 D WifiCountryCode: setCountryCodeNative: CN, isClientModeOnly: true mDriverCountryCode: CN
06-20 13:36:46.048 1127 1127 I wpa_supplicant: wpa_driver_nl80211_driver_cmd: wifi vendor: aml_w2_s
06-20 13:36:46.048 1127 1127 I wpa_supplicant: wpa_driver_nl80211_driver_cmd: wlan0: private command: COUNTRY CN
06-20 13:36:46.050 685 826 D WificondScannerImpl: Filtering out 66 scan results.
06-20 13:36:46.053 1732 1732 D RockyReceiver: action: android.net.wifi.STATE_CHANGE
06-20 13:36:46.061 0 0 W : [1 T46 ..] [aml_reg_notifier 6037] initiator=0, hint_type=0, alpha=00, region=0
06-20 13:36:46.062 0 0 W : [1 T46 ..] >>> aml_send_me_chan_config_req()
06-20 13:36:46.062 0 0 W : [1 T46 ..] >>> aml_send_msg()
06-20 13:36:46.063 0 0 W : [1 T1041 ..] ipc_sdio_host_msgack_handler 000000009294387c
06-20 13:36:46.064 0 0 W : [1 T1041 ..] [aml_msgackind 2039] msg ack hostid=0xffffff8071440480
06-20 13:36:46.065 0 0 W : [1 T1041 ..] [cmd_mgr_llind 329] cmd tkn[41] flags:001a result: -4 cmd:5122-ME_CHAN_CONFIG_REQ - reqcfm(5123-ME_CHAN_CONFIG_CFM)
06-20 13:36:46.067 0 0 W : [1 T1041 ..] [cmd_mgr_msgind 409] cmd tkn[41] flags:0012 result: -4 cmd:5122-ME_CHAN_CONFIG_REQ - reqcfm(5123-ME_CHAN_CONFIG_CFM)
06-20 13:36:46.068 0 0 W : [1 T1041 ..] [cmd_complete 65] cmd tkn[41] flags:0002 result: -4 cmd:5122-ME_CHAN_CONFIG_REQ - reqcfm(5123-ME_CHAN_CONFIG_CFM)
06-20 13:36:46.070 0 0 W : [1 T46 ..] [aml_reg_notifier 6037] initiator=1, hint_type=0, alpha=CN, region=1
06-20 13:36:46.071 0 0 W : [1 T46 ..] >>> aml_send_me_chan_config_req()
06-20 13:36:46.072 0 0 W : [1 T46 ..] >>> aml_send_msg()
06-20 13:36:46.072 0 0 W : [1 T1041 ..] ipc_sdio_host_msgack_handler 000000009294387c
06-20 13:36:46.073 0 0 W : [1 T1041 ..] [aml_msgackind 2039] msg ack hostid=0xffffff8071440480
06-20 13:36:46.063 442 517 I netd : tetherGetStats() -> {[]} <1.32ms>
06-20 13:36:46.074 0 0 W : [1 T1041 ..] [cmd_mgr_llind 329] cmd tkn[42] flags:001a result: -4 cmd:5122-ME_CHAN_CONFIG_REQ - reqcfm(5123-ME_CHAN_CONFIG_CFM)
06-20 13:36:46.076 0 0 W : [1 T1041 ..] [cmd_mgr_msgind 409] cmd tkn[42] flags:0012 result: -4 cmd:5122-ME_CHAN_CONFIG_REQ - reqcfm(5123-ME_CHAN_CONFIG_CFM)
06-20 13:36:46.077 0 0 W : [1 T1041 ..] [cmd_complete 65] cmd tkn[42] flags:0002 result: -4 cmd:5122-ME_CHAN_CONFIG_REQ - reqcfm(5123-ME_CHAN_CONFIG_CFM)
06-20 13:36:46.066 685 830 W BestClock: java.time.DateTimeException: Missing network time fix
06-20 13:36:46.067 685 820 W BestClock: java.time.DateTimeException: Missing network time fix
06-20 13:36:46.068 685 820 W BestClock: java.time.DateTimeException: Missing network time fix
06-20 13:36:46.068 965 1149 D ApfFilter: (wlan0): shutting down
06-20 13:36:46.070 965 1149 D DhcpClient: doQuit
06-20 13:36:46.071 1127 1127 I wpa_supplicant: wlan0: CTRL-EVENT-REGDOM-CHANGE init=USER type=COUNTRY alpha2=CN
06-20 13:36:46.083 0 0 W : [1 T1127 ..] [aml_android_priv_ioctl 128] vif idx=0 cmd=COUNTRY CN
06-20 13:36:46.072 1127 1127 I wpa_supplicant: wlan0: CTRL-EVENT-REGDOM-CHANGE init=CORE type=WORLD
06-20 13:36:46.072 685 822 D WifiNative: onSetCountryCodeSucceeded: CN
06-20 13:36:46.072 685 822 I WifiCountryCode: Receive onSetCountryCodeSucceeded CN
06-20 13:36:46.072 685 822 I WifiNl80211Manager: Receive country code change to CN
06-20 13:36:46.073 685 822 D WifiScanRequestProxy: Sending scan available broadcast: true
06-20 13:36:46.073 1127 1127 I wpa_supplicant: wlan0: CTRL-EVENT-REGDOM-CHANGE init=USER type=COUNTRY alpha2=CN
06-20 13:36:46.073 685 826 I WifiScanningService: Received a request to enable scanning, UID = 1000
06-20 13:36:46.073 685 826 I WifiScanningService: scanner impls already exists
06-20 13:36:46.073 685 826 E WifiScanningService: wifi driver loaded received while already loaded
06-20 13:36:46.073 685 822 I WifiScanRequestProxy: Scanning is enabled
06-20 13:36:46.074 685 822 I WifiScanRequestProxy: Scanning for hidden networks is enabled
06-20 13:36:46.074 965 1058 D UpstreamNetworkMonitor: Lost default Internet network: 100
06-20 13:36:46.075 685 822 I WifiClientModeImpl[19971:wlan0]: disconnectedstate enter
06-20 13:36:46.075 685 822 E WifiScoringParams: Invalid frequency(-1), using 5G as default rssi array
06-20 13:36:46.083 442 517 I netd : interfaceGetCfg(wlan0) -> {InterfaceConfigurationParcel{ifName: wlan0, hwAddr: 1c:79:2d:20:62:cb, ipv4Addr: 192.168.31.30, prefixLength: 24, flags: [up, broadcast, multicast]}} <0.28ms>
06-20 13:36:46.109 0 0 I [1 T216 ..] servicemanager: Found android.hardware.wifi.IWifi/default in device VINTF manifest.
06-20 13:36:46.072 965 965 I IpClient.wlan0: type=1400 audit(0.0:927): avc: denied { search } for name="net" dev="sysfs" ino=12345 scontext=u:r:network_stack:s0 tcontext=u:object_r:sysfs_net:s0 tclass=dir permissive=1
06-20 13:36:46.085 685 822 D WifiNetworkAgent: NetworkAgent: NetworkAgent channel lost
06-20 13:36:46.085 442 520 I netd : wakeupDelInterface(wlan0, 432902426637:wlan0, -2147483648, -2147483648) <2.12ms>
06-20 13:36:46.087 442 520 I netd : setNetworkAllowlist([]) <0.02ms>
06-20 13:36:46.089 478 501 I WifiHAL : call wifi_get_link_stats handler
06-20 13:36:46.089 478 501 I WifiHAL : Creating message to get link statistics; iface = 16
06-20 13:36:46.089 478 501 D WifiHAL : error code -95 mapped to -3
06-20 13:36:46.094 685 822 E WifiStaIfaceAidlImpl: getLinkLayerStats failed with service-specific exception: android.os.ServiceSpecificException: (code 4)
06-20 13:36:46.095 685 822 I WifiService: Receive onDriverCountryCodeChanged to CN, update available channel list
06-20 13:36:46.096 442 517 I netd : idletimerRemoveInterface(wlan0, 15, 1) <5.96ms>
06-20 13:36:46.096 1423 1423 E hq : NetWorkStateReceiver:::NetWorkStateReceiver onReceive: 网络变化广播 >>>> intent.action=android.net.wifi.SCAN_RESULTS
06-20 13:36:46.097 576 576 I wificond: Regulatory domain changed to country: CN on wiphy_index: 0
06-20 13:36:46.097 576 576 I wificond: UpdateBandInfo
06-20 13:36:46.097 685 1083 D WifiNl80211Manager: OnRegDomainChanged CN
06-20 13:36:46.097 685 1083 D WifiNative: onCountryCodeChanged: CN
06-20 13:36:46.097 685 1083 I WifiCountryCode: Receive onDriverCountryCodeChanged CN
06-20 13:36:46.101 685 830 D ConnectivityService: Sending DISCONNECTED broadcast for type 1 [100 WIFI] isDefaultNetwork=true
06-20 13:36:46.101 685 830 W ContextImpl: Calling a method in the system process without a qualified user: android.app.ContextImpl.sendStickyBroadcast:1626 android.net.connectivity.com.android.server.ConnectivityService.sendStickyBroadcast:3284 android.net.connectivity.com.android.server.ConnectivityService.sendLegacyNetworkBroadcast:10259 android.net.connectivity.com.android.server.ConnectivityService$LegacyTypeTracker.remove:1170 android.net.connectivity.com.android.server.ConnectivityService$LegacyTypeTracker.remove:1187
06-20 13:36:46.101 576 576 I wificond: 2.4Ghz frequencies: 2412 2417 2422 2427 2432 2437 2442 2447 2452 2457 2462 2467 2472
06-20 13:36:46.101 576 576 I wificond: 5Ghz non-DFS frequencies: 5745 5765 5785 5805 5825
06-20 13:36:46.101 576 576 I wificond: 5Ghz DFS frequencies: 5180 5200 5220 5240 5260 5280 5300 5320
06-20 13:36:46.101 576 576 I wificond: 6Ghz frequencies:
06-20 13:36:46.101 576 576 I wificond: 60Ghz frequencies:
06-20 13:36:46.102 576 576 I wificond: Regulatory domain changed to country: CN on wiphy_index: 0
06-20 13:36:46.102 576 576 I wificond: UpdateBandInfo
06-20 13:36:46.102 685 701 D WifiNl80211Manager: OnRegDomainChanged CN
06-20 13:36:46.102 685 701 D WifiNative: onCountryCodeChanged: CN
06-20 13:36:46.102 685 701 I WifiCountryCode: Receive onDriverCountryCodeChanged CN
06-20 13:36:46.103 478 501 I WifiHAL : found interface wlan0
06-20 13:36:46.103 478 501 D WifiHAL : error code -95 mapped to -3
06-20 13:36:46.103 478 501 E WifiHAL : failed to set scanning mac OUI; result = -3
06-20 13:36:46.104 685 822 E WifiChipAidlImpl: getUsableChannels failed with service-specific exception: android.os.ServiceSpecificException: (code 4)
06-20 13:36:46.105 685 830 D ConnectivityService: NetReassign [no changes] [c 0] [a 0] [i 1]
06-20 13:36:46.072 965 965 I IpClient.wlan0: type=1400 audit(0.0:928): avc: denied { read } for name="address" dev="sysfs" ino=22127 scontext=u:r:network_stack:s0 tcontext=u:object_r:sysfs_net:s0 tclass=file permissive=1
06-20 13:36:46.072 965 965 I IpClient.wlan0: type=1400 audit(0.0:929): avc: denied { open } for path="/sys/devices/virtual/net/dummy0/address" dev="sysfs" ino=22127 scontext=u:r:network_stack:s0 tcontext=u:object_r:sysfs_net:s0 tclass=file permissive=1
06-20 13:36:46.072 965 965 I IpClient.wlan0: type=1400 audit(0.0:930): avc: denied { getattr } for path="/sys/devices/virtual/net/dummy0/address" dev="sysfs" ino=22127 scontext=u:r:network_stack:s0 tcontext=u:object_r:sysfs_net:s0 tclass=file permissive=1
06-20 13:36:46.107 576 576 I wificond: 2.4Ghz frequencies: 2412 2417 2422 2427 2432 2437 2442 2447 2452 2457 2462 2467 2472
06-20 13:36:46.107 576 576 I wificond: 5Ghz non-DFS frequencies: 5745 5765 5785 5805 5825
06-20 13:36:46.107 576 576 I wificond: 5Ghz DFS frequencies: 5180 5200 5220 5240 5260 5280 5300 5320
06-20 13:36:46.107 576 576 I wificond: 6Ghz frequencies:
06-20 13:36:46.107 576 576 I wificond: 60Ghz frequencies:
06-20 13:36:46.107 576 576 I wificond: Receive notifyCountryCodeChanged
06-20 13:36:46.107 576 576 I wificond: UpdateBandInfo
06-20 13:36:46.112 965 1149 D DhcpClient: DHCP Packet Handler stopped
06-20 13:36:46.112 442 517 I netd : networkDestroy(100) <6.72ms>
06-20 13:36:46.114 965 1149 D DhcpClient: onQuitting
06-20 13:36:46.115 576 576 I wificond: 2.4Ghz frequencies: 2412 2417 2422 2427 2432 2437 2442 2447 2452 2457 2462 2467 2472
06-20 13:36:46.115 576 576 I wificond: 5Ghz non-DFS frequencies: 5745 5765 5785 5805 5825
06-20 13:36:46.115 576 576 I wificond: 5Ghz DFS frequencies: 5180 5200 5220 5240 5260 5280 5300 5320
06-20 13:36:46.115 576 576 I wificond: 6Ghz frequencies:
06-20 13:36:46.115 576 576 I wificond: 60Ghz frequencies:
06-20 13:36:46.115 442 517 I resolv : DNS cache flushed
06-20 13:36:46.116 442 517 W resolv : resolv_stats_set_addrs: Network 100 not found for PROTO_DOT
06-20 13:36:46.116 2577 2638 D nStackXDFinder: IfAddrMsgHandle:[87] :Interface wlan0 delete address.
06-20 13:36:46.116 442 517 W resolv : resolv_stats_set_addrs: Network 100 not found for PROTO_DOH
06-20 13:36:46.116 2577 2638 I nStackXDFinder: UpdateLocalNetworkInterface:[472] :UpdateLocalNetworkInterface exec,initerfaceName:wlan0
06-20 13:36:46.116 2577 2638 E nStackXDFinder: GetLocalIp:[401] :GetLocalIp exec
06-20 13:36:46.116 2577 2638 I nStackXDFinder: UpdateLocalNetworkInterface:[498] :UpdateLocalNetworkInterface copy ip value in default process
06-20 13:36:46.116 2577 2638 E nStackXDFinder: GetLocalIp:[401] :GetLocalIp exec
06-20 13:36:46.116 2577 2638 E nStackXDFinder: GetLocalIp:[407] :GetLocalIp, ifInfo is null
06-20 13:36:46.116 442 517 I netd : destroyNetworkCache(100) <2.95ms>
06-20 13:36:46.117 442 520 I netd : interfaceSetCfg(InterfaceConfigurationParcel{ifName: wlan0, hwAddr: , ipv4Addr: 0.0.0.0, prefixLength: 0, flags: []}) <2.39ms>
06-20 13:36:46.118 2577 2657 E nStackXSocket: AcceptSocket:[338] :accept return cfd = -1, sfd = 152, errno = 22
06-20 13:36:46.118 2577 2657 D nStackXDMsg: AcceptErrorHandle:[889] :close fd = 152
06-20 13:36:46.119 442 509 I Netd : Destroyed 26 sockets on 192.168.31.30 in 1510us
06-20 13:36:46.120 2239 2831 E JettyServletContainer: error:java.net.SocketException: Socket closed
06-20 13:36:46.121 2239 2785 W DefaultChannelPipeline: An exceptionCaught() event was fired, and it reached at the tail of the pipeline. It usually means the last handler in the pipeline did not handle the exception.
06-20 13:36:46.121 2239 2785 W DefaultChannelPipeline: java.io.IOException: Invalid argument
06-20 13:36:46.121 2239 2785 W DefaultChannelPipeline: at sun.nio.ch.ServerSocketChannelImpl.accept0(Native Method)
06-20 13:36:46.121 2239 2785 W DefaultChannelPipeline: at sun.nio.ch.ServerSocketChannelImpl.accept(ServerSocketChannelImpl.java:422)
06-20 13:36:46.121 2239 2785 W DefaultChannelPipeline: at sun.nio.ch.ServerSocketChannelImpl.accept(ServerSocketChannelImpl.java:250)
06-20 13:36:46.121 2239 2785 W DefaultChannelPipeline: at io.netty.util.internal.SocketUtils$5.run(Unknown Source:2)
06-20 13:36:46.121 2239 2785 W DefaultChannelPipeline: at io.netty.util.internal.SocketUtils$5.run(Unknown Source:0)
06-20 13:36:46.121 2239 2785 W DefaultChannelPipeline: at java.security.AccessController.doPrivileged(AccessController.java:82)
06-20 13:36:46.121 2239 2785 W DefaultChannelPipeline: at io.netty.util.internal.SocketUtils.accept(Unknown Source:5)
06-20 13:36:46.121 2239 2785 W DefaultChannelPipeline: at io.netty.channel.socket.nio.NioServerSocketChannel.doReadMessages(Unknown Source:4)
06-20 13:36:46.121 2239 2785 W DefaultChannelPipeline: at io.netty.channel.nio.AbstractNioMessageChannel$NioMessageUnsafe.read(Unknown Source:32)
06-20 13:36:46.121 2239 2785 W DefaultChannelPipeline: at io.netty.channel.nio.NioEventLoop.processSelectedKey(Unknown Source:61)
06-20 13:36:46.121 2239 2785 W DefaultChannelPipeline: at io.netty.channel.nio.NioEventLoop.processSelectedKeysOptimized(Unknown Source:24)
06-20 13:36:46.121 2239 2785 W DefaultChannelPipeline: at io.netty.channel.nio.NioEventLoop.processSelectedKeys(Unknown Source:4)
06-20 13:36:46.121 2239 2785 W DefaultChannelPipeline: at io.netty.channel.nio.NioEventLoop.run(Unknown Source:116)
06-20 13:36:46.121 2239 2785 W DefaultChannelPipeline: at io.netty.util.concurrent.SingleThreadEventExecutor$4.run(Unknown Source:41)
06-20 13:36:46.121 2239 2785 W DefaultChannelPipeline: at io.netty.util.internal.ThreadExecutorMap$2.run(Unknown Source:8)
06-20 13:36:46.121 2239 2785 W DefaultChannelPipeline: at io.netty.util.concurrent.FastThreadLocalRunnable.run(Unknown Source:2)
06-20 13:36:46.121 2239 2785 W DefaultChannelPipeline: at java.lang.Thread.run(Thread.java:1012)
06-20 13:36:46.125 478 501 I WifiHAL : found interface wlan0
06-20 13:36:46.125 478 501 D WifiHAL : error code -95 mapped to -3
06-20 13:36:46.125 478 501 E WifiHAL : failed to set scanning mac OUI; result = -3
06-20 13:36:46.125 685 822 E WifiChipAidlImpl: getUsableChannels failed with service-specific exception: android.os.ServiceSpecificException: (code 4)
06-20 13:36:46.127 0 0 W : [1 T520 ..] [aml_inetaddr_event 6146] dev wlan0 is down, comm:binder:442_3, pid:520, vif:0
06-20 13:36:46.135 0 0 I [0 T216 ..] servicemanager: Found android.hardware.wifi.IWifi/default in device VINTF manifest.
06-20 13:36:46.130 442 520 I netd : interfaceSetEnableIPv6(wlan0, false) <0.82ms>
06-20 13:36:46.131 2239 2785 W NioEventLoop: Selector.select() returned prematurely 512 times in a row; rebuilding Selector io.netty.channel.nio.SelectedSelectionKeySetSelector@d451f37.
06-20 13:36:46.131 685 826 D InstantWifi: Drop, size: 1
06-20 13:36:46.131 2239 2785 I NioEventLoop: Migrated 1 channel(s) to the new Selector.
06-20 13:36:46.142 0 0 W : [3 T520 ..] [aml_inetaddr6_event 6191] dev wlan0 is down, comm:binder:442_3, pid:520, vif:0 ipv6:fe80:0000:0000:0000:2f83:8cd7:c59c:d0f5
06-20 13:36:46.144 0 0 W : [0 T576 ..] [aml_cfg80211_scan 1812] n_channels:26,iftype:2
06-20 13:36:46.145 0 0 W : [0 T576 ..] [aml_send_scanu_req 2532] vif:0
06-20 13:36:46.146 0 0 W : [0 T576 ..] >>> aml_send_msg()
06-20 13:36:46.147 0 0 W : [1 T1041 ..] ipc_sdio_host_msgack_handler 00000000b92844d6
06-20 13:36:46.148 0 0 W : [1 T1041 ..] [aml_msgackind 2039] msg ack hostid=0xffffff805e7e9100
06-20 13:36:46.149 0 0 W : [1 T1041 ..] [cmd_mgr_llind 329] cmd tkn[43] flags:0008 result: -4 cmd:4096-SCANU_START_REQ - reqcfm( 0-none)
06-20 13:36:46.150 0 0 W : [1 T1041 ..] [cmd_complete 65] cmd tkn[43] flags:0000 result: -4 cmd:4096-SCANU_START_REQ - reqcfm( 0-none)
06-20 13:36:46.140 2239 2831 E JettyServletContainer: error:java.net.SocketException: Socket closed
06-20 13:36:46.140 442 517 I netd : interfaceClearAddrs(wlan0) <0.42ms>
06-20 13:36:46.141 685 822 E ApConfigUtil: Malformed channel value detected: java.lang.NumberFormatException: For input string: ""
06-20 13:36:46.141 2239 2785 W NioEventLoop: Selector.select() returned prematurely 512 times in a row; rebuilding Selector io.netty.channel.nio.SelectedSelectionKeySetSelector@8cafa0d.
06-20 13:36:46.141 2239 2785 I NioEventLoop: Migrated 1 channel(s) to the new Selector.
06-20 13:36:46.154 0 0 I [0 T216 ..] servicemanager: Found android.hardware.wifi.IWifi/default in device VINTF manifest.
06-20 13:36:46.142 478 501 I WifiHAL : found interface wlan0
06-20 13:36:46.142 478 501 D WifiHAL : error code -95 mapped to -3
06-20 13:36:46.142 478 501 E WifiHAL : failed to set scanning mac OUI; result = -3
06-20 13:36:46.143 685 822 E WifiChipAidlImpl: getUsableChannels failed with service-specific exception: android.os.ServiceSpecificException: (code 4)
06-20 13:36:46.146 478 501 I WifiHAL : found interface wlan0
06-20 13:36:46.146 478 501 D WifiHAL : error code -95 mapped to -3
06-20 13:36:46.146 478 501 E WifiHAL : failed to set scanning mac OUI; result = -3
06-20 13:36:46.146 685 822 E WifiChipAidlImpl: getUsableChannels failed with service-specific exception: android.os.ServiceSpecificException: (code 4)
06-20 13:36:46.157 0 0 I [0 T216 ..] servicemanager: Found android.hardware.wifi.IWifi/default in device VINTF manifest.
06-20 13:36:46.149 2239 2785 W NioEventLoop: Selector.select() returned prematurely 512 times in a row; rebuilding Selector io.netty.channel.nio.SelectedSelectionKeySetSelector@fc277d3.
06-20 13:36:46.149 685 822 E ApConfigUtil: Malformed channel value detected: java.lang.NumberFormatException: For input string: ""
06-20 13:36:46.149 2239 2785 I NioEventLoop: Migrated 1 channel(s) to the new Selector.
06-20 13:36:46.151 2239 2831 E JettyServletContainer: error:java.net.SocketException: Socket closed
06-20 13:36:46.151 478 501 I WifiHAL : found interface wlan0
06-20 13:36:46.151 478 501 D WifiHAL : error code -95 mapped to -3
06-20 13:36:46.152 478 501 E WifiHAL : failed to set scanning mac OUI; result = -3
06-20 13:36:46.152 685 822 E WifiChipAidlImpl: getUsableChannels failed with service-specific exception: android.os.ServiceSpecificException: (code 4)
06-20 13:36:46.162 0 0 I [2 T216 ..] servicemanager: Found android.hardware.wifi.IWifi/default in device VINTF manifest.
06-20 13:36:46.166 0 0 I [2 T216 ..] servicemanager: Found android.hardware.wifi.IWifi/default in device VINTF manifest.
06-20 13:36:46.155 478 501 I WifiHAL : found interface wlan0
06-20 13:36:46.155 478 501 D WifiHAL : error code -95 mapped to -3
06-20 13:36:46.155 478 501 E WifiHAL : failed to set scanning mac OUI; result = -3
06-20 13:36:46.155 685 822 E WifiChipAidlImpl: getUsableChannels failed with service-specific exception: android.os.ServiceSpecificException: (code 4)
06-20 13:36:46.157 2239 2785 W NioEventLoop: Selector.select() returned prematurely 512 times in a row; rebuilding Selector io.netty.channel.nio.SelectedSelectionKeySetSelector@3a2a09.
06-20 13:36:46.157 685 822 E ApConfigUtil: Malformed channel value detected: java.lang.NumberFormatException: For input string: ""
06-20 13:36:46.158 2239 2785 I NioEventLoop: Migrated 1 channel(s) to the new Selector.
06-20 13:36:46.159 478 501 I WifiHAL : found interface wlan0
06-20 13:36:46.159 478 501 D WifiHAL : error code -95 mapped to -3
06-20 13:36:46.159 478 501 E WifiHAL : failed to set scanning mac OUI; result = -3
06-20 13:36:46.159 685 822 E WifiChipAidlImpl: getUsableChannels failed with service-specific exception: android.os.ServiceSpecificException: (code 4)
06-20 13:36:46.159 685 822 E ApConfigUtil: Malformed channel value detected: java.lang.NumberFormatException: For input string: ""
06-20 13:36:46.170 0 0 I [2 T216 ..] servicemanager: Found android.hardware.wifi.IWifi/default in device VINTF manifest.
06-20 13:36:46.172 0 0 I [2 T216 ..] servicemanager: Found android.hardware.wifi.IWifi/default in device VINTF manifest.
06-20 13:36:46.161 478 501 I WifiHAL : found interface wlan0
06-20 13:36:46.161 478 501 D WifiHAL : error code -95 mapped to -3
06-20 13:36:46.161 478 501 E WifiHAL : failed to set scanning mac OUI; result = -3
06-20 13:36:46.161 685 822 E WifiChipAidlImpl: getUsableChannels failed with service-specific exception: android.os.ServiceSpecificException: (code 4)
06-20 13:36:46.161 2239 2831 E JettyServletContainer: error:java.net.SocketException: Socket closed
06-20 13:36:46.162 685 822 E ApConfigUtil: Malformed channel value detected: java.lang.NumberFormatException: For input string: ""
06-20 13:36:46.162 478 501 D WifiHAL : Setting DTIM config , halHandle = 0xf3702740 Multiplier = 0
06-20 13:36:46.162 478 501 I WifiHAL : Successfully configured dtim multiplier 0
06-20 13:36:46.162 478 501 D WifiHAL : error code -95 mapped to -3
06-20 13:36:46.163 685 822 E WifiStaIfaceAidlImpl: setDtimMultiplier failed with service-specific exception: android.os.ServiceSpecificException: (code 4)
06-20 13:36:46.164 1423 1423 W eventbuscore: post Event:com.dangbei.leard.base.entity.event.NetWifiRssiEvent
06-20 13:36:46.165 2239 2785 W NioEventLoop: Selector.select() returned prematurely 512 times in a row; rebuilding Selector io.netty.channel.nio.SelectedSelectionKeySetSelector@4b2be2f.
06-20 13:36:46.165 2239 2785 I NioEventLoop: Migrated 1 channel(s) to the new Selector.
06-20 13:36:46.170 685 822 D WifiConfigStore: Writing to stores completed in 5 ms.
06-20 13:36:46.172 2239 2831 E JettyServletContainer: error:java.net.SocketException: Socket closed
06-20 13:36:46.172 2239 2785 W NioEventLoop: Selector.select() returned prematurely 512 times in a row; rebuilding Selector io.netty.channel.nio.SelectedSelectionKeySetSelector@f525dc5.
06-20 13:36:46.173 2239 2785 I NioEventLoop: Migrated 1 channel(s) to the new Selector.
06-20 13:36:46.176 685 822 D WifiConfigStore: Writing to stores completed in 5 ms.
06-20 13:36:46.177 2689 2880 E ccc : cccccc sort 0 52
06-20 13:36:46.180 2239 2785 W NioEventLoop: Selector.select() returned prematurely 512 times in a row; rebuilding Selector io.netty.channel.nio.SelectedSelectionKeySetSelector@9b70e4b.
06-20 13:36:46.180 2689 2880 E ccc : cccccc SCAN_RESULTS_AVAILABLE_ACTION hhhh
06-20 13:36:46.180 2239 2785 I NioEventLoop: Migrated 1 channel(s) to the new Selector.
06-20 13:36:46.181 2689 2880 E ccc : cccccc result is empty start scan
06-20 13:36:46.181 685 1083 I WifiService: startScan uid=1000
06-20 13:36:46.183 2239 2831 E JettyServletContainer: error:java.net.SocketException: Socket closed
06-20 13:36:46.188 2239 2785 W NioEventLoop: Selector.select() returned prematurely 512 times in a row; rebuilding Selector io.netty.channel.nio.SelectedSelectionKeySetSelector@1141.
06-20 13:36:46.188 2239 2785 I NioEventLoop: Migrated 1 channel(s) to the new Selector.
06-20 13:36:46.193 2239 2831 E JettyServletContainer: error:java.net.SocketException: Socket closed
06-20 13:36:46.194 2239 2785 W NioEventLoop: Selector.select() returned prematurely 512 times in a row; rebuilding Selector io.netty.channel.nio.SelectedSelectionKeySetSelector@b664427.
06-20 13:36:46.194 2239 2785 I NioEventLoop: Migrated 1 channel(s) to the new Selector.
06-20 13:36:46.199 2239 2785 W NioEventLoop: Selector.select() returned prematurely 512 times in a row; rebuilding Selector io.netty.channel.nio.SelectedSelectionKeySetSelector@47b807d.
06-20 13:36:46.199 2239 2785 I NioEventLoop: Migrated 1 channel(s) to the new Selector.
06-20 13:36:46.204 2239 2831 E JettyServletContainer: error:java.net.SocketException: Socket closed
06-20 13:36:46.205 2239 2785 W NioEventLoop: Selector.select() returned prematurely 512 times in a row; rebuilding Selector io.netty.channel.nio.SelectedSelectionKeySetSelector@ee8fbc3.
06-20 13:36:46.205 2239 2785 I NioEventLoop: Migrated 1 channel(s) to the new Selector.
06-20 13:36:46.210 2239 2785 W NioEventLoop: Selector.select() returned prematurely 512 times in a row; rebuilding Selector io.netty.channel.nio.SelectedSelectionKeySetSelector@44a779.
06-20 13:36:46.210 2239 2785 I NioEventLoop: Migrated 1 channel(s) to the new Selector.
06-20 13:36:46.215 2239 2831 E JettyServletContainer: error:java.net.SocketException: Socket closed
06-20 13:36:46.216 2239 2785 W NioEventLoop: Selector.select() returned prematurely 512 times in a row; rebuilding Selector io.netty.channel.nio.SelectedSelectionKeySetSelector@955911f.
06-20 13:36:46.217 2239 2785 I NioEventLoop: Migrated 1 channel(s) to the new Selector.
06-20 13:36:46.222 2239 2785 W NioEventLoop: Selector.select() returned prematurely 512 times in a row; rebuilding Selector io.netty.channel.nio.SelectedSelectionKeySetSelector@4df4235.
06-20 13:36:46.222 2239 2785 I NioEventLoop: Migrated 1 channel(s) to the new Selector.
06-20 13:36:46.225 2239 2831 E JettyServletContainer: error:java.net.SocketException: Socket closed
06-20 13:36:46.227 2239 2785 W NioEventLoop: Selector.select() returned prematurely 512 times in a row; rebuilding Selector io.netty.channel.nio.SelectedSelectionKeySetSelector@cc203b.
06-20 13:36:46.228 2239 2785 I NioEventLoop: Migrated 1 channel(s) to the new Selector.
06-20 13:36:46.233 2239 2785 W NioEventLoop: Selector.select() returned prematurely 512 times in a row; rebuilding Selector io.netty.channel.nio.SelectedSelectionKeySetSelector@e4eccb1.
06-20 13:36:46.234 2239 2785 I NioEventLoop: Migrated 1 channel(s) to the new Selector.
06-20 13:36:46.236 2239 2831 E JettyServletContainer: error:java.net.SocketException: Socket closed
06-20 13:36:46.240 2239 2785 W NioEventLoop: Selector.select() returned prematurely 512 times in a row; rebuilding Selector io.netty.channel.nio.SelectedSelectionKeySetSelector@3528517.
06-20 13:36:46.241 2239 2785 I NioEventLoop: Migrated 1 channel(s) to the new Selector.
06-20 13:36:46.246 2239 2785 W NioEventLoop: Selector.select() returned prematurely 512 times in a row; rebuilding Selector io.netty.channel.nio.SelectedSelectionKeySetSelector@b5282ed.
06-20 13:36:46.246 2239 2831 E JettyServletContainer: error:java.net.SocketException: Socket closed
06-20 13:36:46.247 2239 2785 I NioEventLoop: Migrated 1 channel(s) to the new Selector.
06-20 13:36:46.252 2239 2785 W NioEventLoop: Selector.select() returned prematurely 512 times in a row; rebuilding Selector io.netty.channel.nio.SelectedSelectionKeySetSelector@f705bb3.
06-20 13:36:46.252 2239 2785 I NioEventLoop: Migrated 1 channel(s) to the new Selector.
06-20 13:36:46.257 2239 2831 E JettyServletContainer: error:java.net.SocketException: Socket closed
06-20 13:36:46.260 2239 2785 W NioEventLoop: Selector.select() returned prematurely 512 times in a row; rebuilding Selector io.netty.channel.nio.SelectedSelectionKeySetSelector@d6160e9.
06-20 13:36:46.261 2239 2785 I NioEventLoop: Migrated 1 channel(s) to the new Selector.
06-20 13:36:46.267 2239 2785 W NioEventLoop: Selector.select() returned prematurely 512 times in a row; rebuilding Selector io.netty.channel.nio.SelectedSelectionKeySetSelector@a8b000f.
06-20 13:36:46.267 2239 2785 I NioEventLoop: Migrated 1 channel(s) to the new Selector.
06-20 13:36:46.268 2239 2831 E JettyServletContainer: error:java.net.SocketException: Socket closed
06-20 13:36:46.273 2239 2785 W NioEventLoop: Selector.select() returned prematurely 512 times in a row; rebuilding Selector io.netty.channel.nio.SelectedSelectionKeySetSelector@c6622a5.
06-20 13:36:46.273 2239 2785 I NioEventLoop: Migrated 1 channel(s) to the new Selector.
06-20 13:36:46.278 2239 2785 W NioEventLoop: Selector.select() returned prematurely 512 times in a row; rebuilding Selector io.netty.channel.nio.SelectedSelectionKeySetSelector@1018e2b.
06-20 13:36:46.278 2239 2831 E JettyServletContainer: error:java.net.SocketException: Socket closed
06-20 13:36:46.279 2239 2785 I NioEventLoop: Migrated 1 channel(s) to the new Selector.
06-20 13:36:46.284 2239 2785 W NioEventLoop: Selector.select() returned prematurely 512 times in a row; rebuilding Selector io.netty.channel.nio.SelectedSelectionKeySetSelector@a3b4421.
06-20 13:36:46.284 2239 2785 I NioEventLoop: Migrated 1 channel(s) to the new Selector.
06-20 13:36:46.289 2239 2831 E JettyServletContainer: error:java.net.SocketException: Socket closed
06-20 13:36:46.290 2239 2785 W NioEventLoop: Selector.select() returned prematurely 512 times in a row; rebuilding Selector io.netty.channel.nio.SelectedSelectionKeySetSelector@c08e207.
06-20 13:36:46.290 2239 2785 I NioEventLoop: Migrated 1 channel(s) to the new Selector.
06-20 13:36:46.295 2239 2785 W NioEventLoop: Selector.select() returned prematurely 512 times in a row; rebuilding Selector io.netty.channel.nio.SelectedSelectionKeySetSelector@1e7015d.
06-20 13:36:46.296 2239 2785 I NioEventLoop: Migrated 1 channel(s) to the new Selector.
06-20 13:36:46.299 2239 2831 E JettyServletContainer: error:java.net.SocketException: Socket closed
06-20 13:36:46.301 2239 2785 W NioEventLoop: Selector.select() returned prematurely 512 times in a row; rebuilding Selector io.netty.channel.nio.SelectedSelectionKeySetSelector@94797a3.
06-20 13:36:46.301 2239 2785 I NioEventLoop: Migrated 1 channel(s) to the new Selector.
06-20 13:36:46.306 2239 2785 W NioEventLoop: Selector.select() returned prematurely 512 times in a row; rebuilding Selector io.netty.channel.nio.SelectedSelectionKeySetSelector@e975659.
06-20 13:36:46.307 2239 2785 I NioEventLoop: Migrated 1 channel(s) to the new Selector.
06-20 13:36:46.310 2239 2831 E JettyServletContainer: error:java.net.SocketException: Socket closed
06-20 13:36:46.313 2239 2785 W NioEventLoop: Selector.select() returned prematurely 512 times in a row; rebuilding Selector io.netty.channel.nio.SelectedSelectionKeySetSelector@320aff.
06-20 13:36:46.313 2239 2785 I NioEventLoop: Migrated 1 channel(s) to the new Selector.
06-20 13:36:46.319 2239 2785 W NioEventLoop: Selector.select() returned prematurely 512 times in a row; rebuilding Selector io.netty.channel.nio.SelectedSelectionKeySetSelector@65dff15.
06-20 13:36:46.320 2239 2785 I NioEventLoop: Migrated 1 channel(s) to the new Selector.
06-20 13:36:46.321 2239 2831 E JettyServletContainer: error:java.net.SocketException: Socket closed
06-20 13:36:46.325 2239 2785 W NioEventLoop: Selector.select() returned prematurely 512 times in a row; rebuilding Selector io.netty.channel.nio.SelectedSelectionKeySetSelector@126581b.
06-20 13:36:46.325 2239 2785 I NioEventLoop: Migrated 1 channel(s) to the new Selector.
06-20 13:36:46.330 2239 2785 W NioEventLoop: Selector.select() returned prematurely 512 times in a row; rebuilding Selector io.netty.channel.nio.SelectedSelectionKeySetSelector@4ac7791.
06-20 13:36:46.331 2239 2785 I NioEventLoop: Migrated 1 channel(s) to the new Selector.
06-20 13:36:46.331 2239 2831 E JettyServletContainer: error:java.net.SocketException: Socket closed
06-20 13:36:46.336 2239 2785 W NioEventLoop: Selector.select() returned prematurely 512 times in a row; rebuilding Selector io.netty.channel.nio.SelectedSelectionKeySetSelector@a485af7.
06-20 13:36:46.337 2239 2785 I NioEventLoop: Migrated 1 channel(s) to the new Selector.
06-20 13:36:46.341 2239 2785 W NioEventLoop: Selector.select() returned prematurely 512 times in a row; rebuilding Selector io.netty.channel.nio.SelectedSelectionKeySetSelector@8ffbcd.
06-20 13:36:46.342 2239 2831 E JettyServletContainer: error:java.net.SocketException: Socket closed
06-20 13:36:46.342 2239 2785 I NioEventLoop: Migrated 1 channel(s) to the new Selector.
06-20 13:36:46.346 2239 2785 W NioEventLoop: Selector.select() returned prematurely 512 times in a row; rebuilding Selector io.netty.channel.nio.SelectedSelectionKeySetSelector@e1daf93.
06-20 13:36:46.347 2239 2785 I NioEventLoop: Migrated 1 channel(s) to the new Selector.
06-20 13:36:46.351 2239 2785 W NioEventLoop: Selector.select() returned prematurely 512 times in a row; rebuilding Selector io.netty.channel.nio.SelectedSelectionKeySetSelector@aad87c9.
06-20 13:36:46.352 2239 2785 I NioEventLoop: Migrated 1 channel(s) to the new Selector.
06-20 13:36:46.352 2239 2831 E JettyServletContainer: error:java.net.SocketException: Socket closed
