06-20 13:36:12.394 0 0 W : [2 T1041 ..] [cmd_mgr_llind 329] cmd tkn[16] flags:001a result: -4 cmd: 105-MM_SUB_READ_EFUSE - reqcfm(16391-unknown)
06-20 13:36:12.396 0 0 W : [2 T1041 ..] [cmd_mgr_msgind 409] cmd tkn[16] flags:0012 result: -4 cmd: 105-MM_SUB_READ_EFUSE - reqcfm(16391-unknown)
06-20 13:36:12.397 0 0 W : [2 T1041 ..] [cmd_complete 65] cmd tkn[16] flags:0002 result: -4 cmd: 105-MM_SUB_READ_EFUSE - reqcfm(16391-unknown)
06-20 13:36:12.399 0 0 W [2 T501 ..] read_efuse: value = 1ffff
06-20 13:36:12.399 0 0 W : [2 T1041 ..] fmac efuse read: address:0x7 value:0x1FFFF
06-20 13:36:12.400 0 0 W : [2 T501 ..] aml_sdio mmc1:0000:7: Direct firmware load for aml_w2_rf_0640_0632.txt failed with error -2
06-20 13:36:12.402 0 0 W : [2 T501 ..] [aml_get_cali_param 5865] vendor customized aml_w2_rf_0640_0632.txt not existed, use default
06-20 13:36:12.430 0 0 W : [1 T501 ..] ======>>>>>> version = 18
06-20 13:36:12.436 0 0 W : [1 T501 ..] ======>>>>>> cali_config = 0
06-20 13:36:12.436 0 0 W : [1 T501 ..] ======>>>>>> freq_offset = 0
06-20 13:36:12.439 0 0 W : [1 T501 ..] ======>>>>>> htemp_freq_offset = 20
06-20 13:36:12.439 0 0 W : [1 T501 ..] ======>>>>>> tssi_2g_offset = 0xa
06-20 13:36:12.441 0 0 W : [1 T501 ..] ======>>>>>> tssi_5g_offset_5200 = 0xf4
06-20 13:36:12.441 0 0 W : [1 T501 ..] ======>>>>>> tssi_5g_offset_5400 = 0xf0
06-20 13:36:12.442 0 0 W : [1 T501 ..] ======>>>>>> tssi_5g_offset_5600 = 0xfc
06-20 13:36:12.443 0 0 W : [1 T501 ..] ======>>>>>> tssi_5g_offset_5800 = 0x4
06-20 13:36:12.443 0 0 W : [1 T501 ..] ======>>>>>> wf2g_spur_rmen = 0
06-20 13:36:12.444 0 0 W : [1 T501 ..] ======>>>>>> spur_freq = 24478
06-20 13:36:12.453 0 0 W : [1 T501 ..] ======>>>>>> rf_count = 2
06-20 13:36:12.453 0 0 W : [1 T501 ..] ======>>>>>> cw2mod = fe
06-20 13:36:12.453 0 0 W : [1 T501 ..] ======>>>>>> wf2g_he20_tpwr = 19
06-20 13:36:12.454 0 0 W : [1 T501 ..] ======>>>>>> wf2g_he40_tpwr = 20
06-20 13:36:12.455 0 0 W : [1 T501 ..] ======>>>>>> wf5g_he20_tpwr_h = 15
06-20 13:36:12.455 0 0 W : [1 T501 ..] ======>>>>>> wf5g_he40_tpwr_h = 15
06-20 13:36:12.456 0 0 W : [1 T501 ..] ======>>>>>> wf5g_he80_tpwr_h = 14
06-20 13:36:12.457 0 0 W : [1 T501 ..] ======>>>>>> customer_efuse_en = 0x1
06-20 13:36:12.457 0 0 W : [1 T501 ..] ======>>>>>> FT_efuse_en = 0x1
06-20 13:36:12.458 0 0 W : [1 T501 ..] >>> aml_send_msg()
06-20 13:36:12.460 0 0 W : [2 T1041 ..] ipc_sdio_host_msgack_handler 00000000304bf7ca
06-20 13:36:12.460 0 0 W : [2 T1041 ..] [aml_msgackind 2039] msg ack hostid=0xffffff80524cb780
06-20 13:36:12.461 0 0 W : [2 T1041 ..] [cmd_mgr_llind 329] cmd tkn[17] flags:0008 result: -4 cmd: 105-MM_SUB_SET_CALI_REQ - reqcfm( 0-none)
06-20 13:36:12.463 0 0 W : [2 T1041 ..] [cmd_complete 65] cmd tkn[17] flags:0000 result: -4 cmd: 105-MM_SUB_SET_CALI_REQ - reqcfm( 0-none)
06-20 13:36:12.465 0 0 W : [0 T501 ..] [aml_config_cali_param 5907] set calibration parameter success
06-20 13:36:12.465 0 0 W : [0 T501 ..] [recy_dbg][aml_recy_flags_clr 63] clr flags(0x200), new flags(0x0)
06-20 13:36:12.466 0 0 W : [0 T501 ..] >>> aml_cfg80211_set_power_mgmt()
06-20 13:36:12.467 0 0 W : [0 T501 ..] [aml_send_me_set_ps_mode 2111] set power save mode:0
06-20 13:36:12.467 0 0 W : [0 T501 ..] >>> aml_send_msg()
06-20 13:36:12.469 0 0 W : [2 T1041 ..] ipc_sdio_host_msgack_handler 0000000017e5439f
06-20 13:36:12.469 0 0 W : [2 T1041 ..] [aml_msgackind 2039] msg ack hostid=0xffffff8052719380
06-20 13:36:12.470 0 0 W : [2 T1041 ..] [cmd_mgr_llind 329] cmd tkn[18] flags:001a result: -4 cmd:5139-ME_SET_PS_MODE_REQ - reqcfm(5140-ME_SET_PS_MODE_CFM)
06-20 13:36:12.472 0 0 W : [2 T1041 ..] [cmd_mgr_msgind 409] cmd tkn[18] flags:0012 result: -4 cmd:5139-ME_SET_PS_MODE_REQ - reqcfm(5140-ME_SET_PS_MODE_CFM)
06-20 13:36:12.474 0 0 W : [2 T1041 ..] [cmd_complete 65] cmd tkn[18] flags:0002 result: -4 cmd:5139-ME_SET_PS_MODE_REQ - reqcfm(5140-ME_SET_PS_MODE_CFM)
06-20 13:36:12.465 478 501 I android.hardware.wifi-service.droidlogic: Adding interface handle for p2p0
06-20 13:36:12.465 478 501 I android.hardware.wifi-service.droidlogic: Adding interface handle for ap0
06-20 13:36:12.465 478 501 I android.hardware.wifi-service.droidlogic: Adding interface handle for wlan0
06-20 13:36:12.465 478 501 W android.hardware.wifi-service.droidlogic: No active wlan interfaces in use! Using default
06-20 13:36:12.465 478 501 E android.hardware.wifi-service.droidlogic: Failed to register radio mode change callback
06-20 13:36:12.465 478 501 W android.hardware.wifi-service.droidlogic: No active wlan interfaces in use! Using default
06-20 13:36:12.467 478 501 E android.hardware.wifi-service.droidlogic: Failed to get SupportedIfaceCombinations matrix from legacy HAL: NOT_SUPPORTED
06-20 13:36:12.467 478 501 I android.hardware.wifi-service.droidlogic: Configured chip in mode 3
06-20 13:36:12.467 478 501 W android.hardware.wifi-service.droidlogic: No active wlan interfaces in use! Using default
06-20 13:36:12.481 0 0 I [0 T410 ..] AidlLazyServiceRegistrar: Process has 0 (of 1 available) client(s) in use after notification apexservice has clients: 0
06-20 13:36:12.483 0 0 I [0 T410 ..] AidlLazyServiceRegistrar: Shutdown prevented by forcePersist override flag.
06-20 13:36:12.512 478 501 W android.hardware.wifi-service.droidlogic: No active wlan interfaces in use! Using default
06-20 13:36:12.537 478 501 I android.hardware.wifi-service.droidlogic: Adding interface handle for p2p0
06-20 13:36:12.537 478 501 I android.hardware.wifi-service.droidlogic: Adding interface handle for ap0
06-20 13:36:12.537 478 501 I android.hardware.wifi-service.droidlogic: Adding interface handle for wlan0
06-20 13:36:12.537 478 501 E android.hardware.wifi-service.droidlogic: Failed to set DFS flag; DFS channels may be unavailable.
06-20 13:36:12.588 685 750 D CompatibilityChangeReporter: Compat change id reported: 261072174; UID 1000; state: ENABLED
06-20 13:36:12.627 478 501 E android.hardware.wifi-service.droidlogic: Failed to get chip capabilities from legacy HAL: NOT_SUPPORTED
06-20 13:36:12.629 576 576 I wificond: createClientInterface: wiphy_index 0 iface_name wlan0
06-20 13:36:12.631 576 576 I wificond: create scanner for interface with index: 16
06-20 13:36:12.631 576 576 I wificond: subscribe scan result for interface with index: 16
06-20 13:36:12.632 576 576 I wificond: add channel type 0 support at wiphy index: 0
06-20 13:36:12.632 576 576 I wificond: add channel type 1 support at wiphy index: 0
06-20 13:36:12.645 685 822 D CompatibilityChangeReporter: Compat change id reported: 161145287; UID 1000; state: DISABLED
06-20 13:36:12.646 685 822 D CompatibilityChangeReporter: Compat change id reported: 161145287; UID 1000; state: ENABLED
06-20 13:36:12.665 478 501 E android.hardware.wifi-service.droidlogic: Failed to get SupportedRadioCombinations matrix from legacy HAL: NOT_SUPPORTED
06-20 13:36:12.800 685 750 I MR2ServiceImpl: registerManager | uid: 10052, pid: 901, package: com.android.systemui, user: 0
06-20 13:36:12.803 985 985 W ActivityThread: Failed to find provider info for bluetooth_legacy.provider (user not unlocked)
06-20 13:36:12.844 0 0 I [1 T216 ..] servicemanager: Found android.hardware.wifi.IWifi/default in device VINTF manifest.
06-20 13:36:12.880 685 1083 D CompatibilityChangeReporter: Compat change id reported: 161145287; UID 10056; state: ENABLED
06-20 13:36:12.894 0 0 I [1 T216 ..] servicemanager: Found android.hardware.wifi.supplicant.ISupplicant/default in device VINTF manifest.
06-20 13:36:12.901 0 0 I [1 T216 ..] servicemanager: Found android.hardware.wifi.supplicant.ISupplicant/default in device VINTF manifest.
06-20 13:36:12.904 0 0 I [1 T216 ..] servicemanager: Since 'android.hardware.wifi.supplicant.ISupplicant/default' could not be found, trying to start it as a lazy AIDL service. (if it's not configured to be a lazy service, it may be stuck starting or still starting).
06-20 13:36:12.913 685 842 I AS.AudioDeviceInventory: sendDeviceConnectionIntent(dev:0x400 state:0x1 address: name:);
06-20 13:36:13.012 0 0 I [3 T1127 ..] capability: warning: `wpa_supplicant' uses 32-bit capabilities (legacy support in use)
06-20 13:36:13.023 0 0 I [1 T216 ..] servicemanager: Found android.hardware.wifi.supplicant.ISupplicant/default in device VINTF manifest.
06-20 13:36:13.025 0 0 I [1 T216 ..] BpBinder: onLastStrongRef automatically unlinking death recipients:
06-20 13:36:13.023 985 985 W Looper : Slow dispatch took 2026ms main h=android.app.ActivityThread$H c=null m=110
06-20 13:36:13.068 0 0 I [3 T216 ..] servicemanager: Found android.hardware.wifi.IWifi/default in device VINTF manifest.
06-20 13:36:13.087 901 901 V SystemUIBootTiming: DependencyInjection took to complete: 0ms
06-20 13:36:13.094 901 901 W Looper : Slow dispatch took 2928ms main h=android.app.ActivityThread$H c=null m=110
06-20 13:36:13.096 901 901 W Looper : Slow delivery took 2324ms main h=android.app.ActivityThread$H c=null m=164
06-20 13:36:13.173 901 979 W Looper : Drained
06-20 13:36:13.255 0 0 W : [0 T1127 ..] [aml_android_priv_ioctl 128] vif idx=0 cmd=COUNTRY CN
06-20 13:36:13.256 0 0 W : [0 T21 ..] [aml_reg_notifier 6037] initiator=0, hint_type=0, alpha=00, region=0
06-20 13:36:13.256 0 0 W : [0 T21 ..] >>> aml_send_me_chan_config_req()
06-20 13:36:13.257 0 0 W : [0 T21 ..] >>> aml_send_msg()
06-20 13:36:13.262 0 0 W : [2 T1041 ..] ipc_sdio_host_msgack_handler 000000009942c93f
06-20 13:36:13.262 0 0 W : [2 T1041 ..] [aml_msgackind 2039] msg ack hostid=0xffffff805683ff80
06-20 13:36:13.263 0 0 W : [2 T1041 ..] [cmd_mgr_llind 329] cmd tkn[19] flags:001a result: -4 cmd:5122-ME_CHAN_CONFIG_REQ - reqcfm(5123-ME_CHAN_CONFIG_CFM)
06-20 13:36:13.253 576 576 I wificond: Receive notifyCountryCodeChanged
06-20 13:36:13.253 576 576 I wificond: UpdateBandInfo
06-20 13:36:13.265 0 0 W : [2 T1041 ..] [cmd_mgr_msgind 409] cmd tkn[19] flags:0012 result: -4 cmd:5122-ME_CHAN_CONFIG_REQ - reqcfm(5123-ME_CHAN_CONFIG_CFM)
06-20 13:36:13.267 0 0 W : [2 T1041 ..] [cmd_complete 65] cmd tkn[19] flags:0002 result: -4 cmd:5122-ME_CHAN_CONFIG_REQ - reqcfm(5123-ME_CHAN_CONFIG_CFM)
06-20 13:36:13.270 0 0 W : [0 T94 ..] [aml_reg_notifier 6037] initiator=1, hint_type=0, alpha=CN, region=1
06-20 13:36:13.270 0 0 W : [0 T94 ..] >>> aml_send_me_chan_config_req()
06-20 13:36:13.271 0 0 W : [0 T94 ..] >>> aml_send_msg()
06-20 13:36:13.272 0 0 W : [2 T1041 ..] ipc_sdio_host_msgack_handler 000000009942c93f
06-20 13:36:13.272 0 0 W : [2 T1041 ..] [aml_msgackind 2039] msg ack hostid=0xffffff805683ff80
06-20 13:36:13.273 0 0 W : [2 T1041 ..] [cmd_mgr_llind 329] cmd tkn[20] flags:001a result: -4 cmd:5122-ME_CHAN_CONFIG_REQ - reqcfm(5123-ME_CHAN_CONFIG_CFM)
06-20 13:36:13.275 0 0 W : [2 T1041 ..] [cmd_mgr_msgind 409] cmd tkn[20] flags:0012 result: -4 cmd:5122-ME_CHAN_CONFIG_REQ - reqcfm(5123-ME_CHAN_CONFIG_CFM)
06-20 13:36:13.277 0 0 W : [2 T1041 ..] [cmd_complete 65] cmd tkn[20] flags:0002 result: -4 cmd:5122-ME_CHAN_CONFIG_REQ - reqcfm(5123-ME_CHAN_CONFIG_CFM)
06-20 13:36:13.267 901 901 V SystemUIBootTiming: StartServices com.android.systemui.SliceBroadcastRelayHandler took to complete: 1ms
06-20 13:36:13.275 576 576 I wificond: 2.4Ghz frequencies: 2412 2417 2422 2427 2432 2437 2442 2447 2452 2457 2462 2467 2472
06-20 13:36:13.275 576 576 I wificond: 5Ghz non-DFS frequencies: 5745 5765 5785 5805 5825
06-20 13:36:13.275 576 576 I wificond: 5Ghz DFS frequencies: 5180 5200 5220 5240 5260 5280 5300 5320
06-20 13:36:13.275 576 576 I wificond: 6Ghz frequencies:
06-20 13:36:13.275 576 576 I wificond: 60Ghz frequencies:
06-20 13:36:13.276 576 576 I wificond: Regulatory domain changed to country: CN on wiphy_index: 0
06-20 13:36:13.276 576 576 I wificond: UpdateBandInfo
06-20 13:36:13.279 576 576 I wificond: 2.4Ghz frequencies: 2412 2417 2422 2427 2432 2437 2442 2447 2452 2457 2462 2467 2472
06-20 13:36:13.279 576 576 I wificond: 5Ghz non-DFS frequencies: 5745 5765 5785 5805 5825
06-20 13:36:13.279 576 576 I wificond: 5Ghz DFS frequencies: 5180 5200 5220 5240 5260 5280 5300 5320
06-20 13:36:13.279 576 576 I wificond: 6Ghz frequencies:
06-20 13:36:13.279 576 576 I wificond: 60Ghz frequencies:
06-20 13:36:13.279 576 576 I wificond: Regulatory domain changed to country: CN on wiphy_index: 0
06-20 13:36:13.279 576 576 I wificond: UpdateBandInfo
06-20 13:36:13.285 576 576 I wificond: 2.4Ghz frequencies: 2412 2417 2422 2427 2432 2437 2442 2447 2452 2457 2462 2467 2472
06-20 13:36:13.285 576 576 I wificond: 5Ghz non-DFS frequencies: 5745 5765 5785 5805 5825
06-20 13:36:13.285 576 576 I wificond: 5Ghz DFS frequencies: 5180 5200 5220 5240 5260 5280 5300 5320
06-20 13:36:13.285 576 576 I wificond: 6Ghz frequencies:
06-20 13:36:13.285 576 576 I wificond: 60Ghz frequencies:
06-20 13:36:13.306 0 0 W : [2 T1127 ..] [aml_android_priv_ioctl 128] vif idx=0 cmd=SETSUSPENDMODE 1
06-20 13:36:13.306 0 0 W : [2 T1127 ..] [aml_android_set_suspend_mode 77] set google_cast 1
06-20 13:36:13.322 685 1135 D CompatibilityChangeReporter: Compat change id reported: 161145287; UID 1002; state: ENABLED
06-20 13:36:13.504 685 959 D HDMI : Process pid:1003 is calling addHotplugEventListener
06-20 13:36:13.542 0 0 W : [3 T1127 ..] [aml_android_priv_ioctl 128] vif idx=0 cmd=SETSUSPENDMODE 1
06-20 13:36:13.542 0 0 W : [3 T1127 ..] [aml_android_set_suspend_mode 77] set google_cast 1
06-20 13:36:13.555 0 0 W : [0 T1127 ..] [aml_android_priv_ioctl 128] vif idx=0 cmd=SETSUSPENDMODE 0
06-20 13:36:13.555 0 0 W : [0 T1127 ..] [aml_android_set_suspend_mode 77] set google_cast 0
06-20 13:36:13.574 0 0 E [3 T216 ..] servicemanager: VINTF HALs require names in the format type/instance (e.g. some.package.foo.IFoo/default) but got: suspend_control
06-20 13:36:13.577 0 0 I [0 T216 ..] servicemanager: Could not find android.hardware.bluetooth.IBluetoothHci/default in the VINTF manifest.
06-20 13:36:13.642 0 0 I [0 T456 ..] [wireless]: [wifi_power_ioctl] aml module chip is aml_w2_s
06-20 13:36:13.656 0 0 I [3 T456 ..] [wireless]: BT_RADIO going: on
06-20 13:36:13.657 0 0 I [3 T456 ..] [wireless]: AML_BT: going ON,btpower_evt=0
06-20 13:36:13.716 685 711 W ActivityTaskManager: Activity top resumed state loss timeout for ActivityRecord{b066780 u0 com.android.systemui/.sensorprivacy.television.TvSensorPrivacyChangedActivity t2 f}}
06-20 13:36:13.717 901 901 V SystemUIBootTiming: StartServices com.android.systemui.accessibility.WindowMagnification took to complete: 450ms
06-20 13:36:13.731 685 711 W ActivityTaskManager: Activity pause timeout for ActivityRecord{b066780 u0 com.android.systemui/.sensorprivacy.television.TvSensorPrivacyChangedActivity t2 f}}
06-20 13:36:13.733 685 711 D WindowManager: ThemeHomeDelay: Home launch was deferred.
06-20 13:36:13.735 685 711 D WindowManager: ThemeHomeDelay: Home launch was deferred.
06-20 13:36:13.736 685 711 D WindowManager: ThemeHomeDelay: Home launch was deferred.
06-20 13:36:13.790 901 901 V SystemUIBootTiming: StartServices com.android.systemui.bouncer.domain.interactor.BouncerMessageAuditLogger took to complete: 72ms
06-20 13:36:13.790 901 901 V SystemUIBootTiming: StartServices com.android.systemui.broadcast.BroadcastDispatcherStartable took to complete: 0ms
06-20 13:36:13.797 901 901 V SystemUIBootTiming: StartServices com.android.systemui.flags.FeatureFlagsDebugStartable took to complete: 8ms
06-20 13:36:13.816 901 901 V SystemUIBootTiming: StartServices com.android.systemui.globalactions.GlobalActionsComponent took to complete: 18ms
06-20 13:36:13.817 901 901 V SystemUIBootTiming: StartServices com.android.systemui.keyboard.KeyboardUI took to complete: 2ms
06-20 13:36:13.838 901 979 D WindowManagerShell: TvPipController: onTaskStackChanged()
06-20 13:36:13.843 901 901 V SystemUIBootTiming: StartServices com.android.systemui.keyguard.ResourceTrimmer took to complete: 25ms
06-20 13:36:14.010 685 685 W Looper : Slow dispatch took 2605ms main h=android.app.ActivityThread$H c=android.app.LoadedApk$ReceiverDispatcher$Args$$ExternalSyntheticLambda0@f6a52c1 m=0
06-20 13:36:14.011 685 685 W Looper : Slow delivery took 2626ms main h=android.app.ActivityThread$H c=android.app.LoadedApk$ReceiverDispatcher$Args$$ExternalSyntheticLambda0@7c23a66 m=0
06-20 13:36:14.021 685 685 D AutofillManagerService: Restriction did not change for user 0
06-20 13:36:14.041 685 685 I ExplicitHealthCheckController: Explicit health check service is connected ComponentInfo{android.ext.services/android.ext.services.watchdog.ExplicitHealthCheckServiceImpl}
06-20 13:36:14.042 685 685 I ExplicitHealthCheckController: Service initialized, syncing requests
06-20 13:36:14.042 685 685 V NotificationAssistants: 0 notification assistant service connected: ComponentInfo{android.ext.services/android.ext.services.notification.Assistant}
06-20 13:36:14.043 685 685 I MR2ServiceImpl: addProviderRoutes | provider: com.android.server.media/.SystemMediaRoute2Provider, routes: [DEVICE_ROUTE | 外部设备]
06-20 13:36:14.072 0 0 I [1 T456 ..] [wireless]: [usb_power_control] Set BT power on !
06-20 13:36:14.137 0 0 I [3 T1201 ..] BTI: amlbt_sdio_fops_open bt opened rf num:0xffffffff
06-20 13:36:14.137 0 0 I [3 T1201 ..] BTI: amlbt_sdio_fops_open, 0x20240820
06-20 13:36:14.138 0 0 I [3 T1201 ..] BTI: iccm start dw_state 0x0
06-20 13:36:14.138 0 0 I [3 T1201 ..] BTI: amlbt_sdio_char_write BT_fwICCM 0xe800000, BT_fwDCCM 0xe3a5000
06-20 13:36:14.143 0 0 I [3 T1201 ..] BTI: dccm start
06-20 13:36:14.168 0 0 I [0 T1201 ..] BTI: download finished!
06-20 13:36:14.168 0 0 I [0 T1201 ..] BTI: W E 0x40000,0x20000
06-20 13:36:14.168 0 0 I [0 T1201 ..] BTI: amlbt_sdio_char_read end
06-20 13:36:14.171 0 0 I [0 T1201 ..] BTI: BT set rf succeed!
06-20 13:36:14.171 0 0 I [0 T1201 ..] BTI: amlbt_sdio_char_write set rf num 0x2
06-20 13:36:14.171 0 0 I [0 T1201 ..] BTI: amlbt_sdio_fops_close BT closed
06-20 13:36:14.183 901 901 V SystemUIBootTiming: StartServices com.android.systemui.keyguard.domain.interactor.KeyguardTransitionCoreStartable took to complete: 340ms
06-20 13:36:14.187 901 901 V SystemUIBootTiming: StartServices com.android.systemui.keyguard.domain.interactor.SystemUIKeyguardFaceAuthInteractor took to complete: 4ms
06-20 13:36:14.198 901 901 V SystemUIBootTiming: StartServices com.android.systemui.media.RingtonePlayer took to complete: 11ms
06-20 13:36:14.200 901 901 V SystemUIBootTiming: StartServices com.android.systemui.media.systemsounds.HomeSoundEffectController took to complete: 1ms
06-20 13:36:14.208 901 901 V SystemUIBootTiming: StartServices com.android.systemui.motiontool.MotionToolStartable took to complete: 8ms
06-20 13:36:14.213 685 685 W Looper : Slow dispatch took 169ms main h=com.android.server.media.MediaRouter2ServiceImpl$UserHandler c= m=0
06-20 13:36:14.214 685 685 D WallpaperManagerService: WPMS.onServiceConnected-ComponentInfo{com.android.systemui/com.android.systemui.wallpapers.ImageWallpaper}
06-20 13:36:14.215 685 685 D WallpaperManagerService: WPMS.attachServiceLocked
06-20 13:36:14.215 685 685 D WallpaperManagerService: WPMS.connectLocked-ComponentInfo{com.android.systemui/com.android.systemui.wallpapers.ImageWallpaper}
06-20 13:36:14.217 685 685 V WallpaperManagerService: WPMS.connectLocked-ComponentInfo{com.android.systemui/com.android.systemui.wallpapers.ImageWallpaper} took to complete: 2ms
06-20 13:36:14.218 685 685 V WallpaperManagerService: WPMS.attachServiceLocked took to complete: 3ms
06-20 13:36:14.218 685 685 D WallpaperManagerService: WPMS.saveSettingsLocked-0
06-20 13:36:14.222 685 685 V WallpaperManagerService: WPMS.saveSettingsLocked-0 took to complete: 4ms
06-20 13:36:14.222 685 685 V WallpaperManagerService: WPMS.onServiceConnected-ComponentInfo{com.android.systemui/com.android.systemui.wallpapers.ImageWallpaper} took to complete: 8ms
06-20 13:36:14.222 685 685 D WallpaperManagerService: WPMS.onServiceConnected-ComponentInfo{com.android.systemui/com.android.systemui.wallpapers.ImageWallpaper}
06-20 13:36:14.222 685 685 D WallpaperManagerService: WPMS.attachServiceLocked
06-20 13:36:14.222 685 685 V WallpaperManagerService: WPMS.attachServiceLocked took to complete: 0ms
06-20 13:36:14.223 685 685 V WallpaperManagerService: WPMS.onServiceConnected-ComponentInfo{com.android.systemui/com.android.systemui.wallpapers.ImageWallpaper} took to complete: 0ms
06-20 13:36:14.229 685 685 I PackageWatchdog: Syncing health check requests for packages: {}
06-20 13:36:14.229 685 685 D ExplicitHealthCheckController: Getting health check supported packages
06-20 13:36:14.231 685 685 W Looper : Drained
06-20 13:36:14.236 685 959 I ExplicitHealthCheckController: Explicit health check supported packages [PackageConfig{com.android.networkstack, 86400000}]
06-20 13:36:14.236 685 959 D PackageWatchdog: Received supported packages [PackageConfig{com.android.networkstack, 86400000}]
06-20 13:36:14.237 685 959 D ExplicitHealthCheckController: Getting health check requested packages
06-20 13:36:14.239 685 959 I ExplicitHealthCheckController: Explicit health check requested packages []
06-20 13:36:14.239 685 959 I ExplicitHealthCheckController: No more health check requests, unbinding...
06-20 13:36:14.241 685 959 D OomAdjuster: Not killing cached processes
06-20 13:36:14.243 685 959 I ExplicitHealthCheckController: Explicit health check service is unbound
06-20 13:36:14.251 685 752 W WindowManager: [addWindow] title:com.android.systemui.wallpapers.ImageWallpaper
06-20 13:36:14.271 901 901 V SystemUIBootTiming: StartServices com.android.systemui.power.PowerUI took to complete: 64ms
06-20 13:36:14.331 901 901 V SystemUIBootTiming: StartServices com.android.systemui.privacy.television.TvPrivacyChipsController took to complete: 59ms
06-20 13:36:14.332 901 901 V SystemUIBootTiming: StartServices com.android.systemui.qs.QSFragmentStartable took to complete: 2ms
06-20 13:36:14.394 0 0 I [1 T216 ..] servicemanager: Found android.hardware.graphics.allocator.IAllocator/default in device VINTF manifest.
06-20 13:36:14.488 901 901 V SystemUIBootTiming: StartServices com.android.systemui.qs.pipeline.domain.startable.QSPipelineCoreStartable took to complete: 155ms
06-20 13:36:14.502 685 709 W WindowManager: Keyguard drawn timeout. Setting mKeyguardDrawComplete
06-20 13:36:14.543 901 901 V SystemUIBootTiming: StartServices com.android.systemui.scene.domain.startable.SceneContainerStartable took to complete: 55ms
06-20 13:36:14.544 901 901 V SystemUIBootTiming: StartServices com.android.systemui.settings.UserFileManagerImpl took to complete: 1ms
06-20 13:36:14.546 685 793 W BroadcastLoopers: Found previously unknown looper Thread[BluetoothManagerService,5,main]
06-20 13:36:14.547 901 901 V SystemUIBootTiming: StartServices com.android.systemui.shortcut.ShortcutKeyDispatcher took to complete: 4ms
06-20 13:36:14.549 901 901 V SystemUIBootTiming: StartServices com.android.systemui.statusbar.notification.InstantAppNotifier took to complete: 1ms
06-20 13:36:14.560 901 901 V SystemUIBootTiming: StartServices com.android.systemui.statusbar.notification.interruption.KeyguardNotificationVisibilityProvider took to complete: 12ms
06-20 13:36:14.573 0 0 I [2 T882 ..] [snd-soc]: drc high cut scale set to 0%
06-20 13:36:14.573 0 0 I [2 T882 ..] [snd-soc]: drc low boost scale set to 0%
06-20 13:36:14.574 0 0 I [3 T882 ..] [snd-soc]: drc mode set to RF
06-20 13:36:14.566 901 901 V SystemUIBootTiming: StartServices com.android.systemui.statusbar.notification.logging.NotificationMemoryMonitor took to complete: 4ms
06-20 13:36:14.567 901 901 V SystemUIBootTiming: StartServices com.android.systemui.statusbar.phone.LetterboxBackgroundProvider took to complete: 2ms
06-20 13:36:14.577 901 901 V SystemUIBootTiming: StartServices com.android.systemui.statusbar.pipeline.mobile.data.repository.CarrierConfigCoreStartable took to complete: 9ms
06-20 13:36:14.831 0 0 I [0 T882 ..] [snd-soc]: dts_dec_control/0x0
06-20 13:36:14.845 1003 1003 W Looper : Slow dispatch took 3702ms main h=android.app.ActivityThread$H c=null m=110
06-20 13:36:14.850 1003 1003 W ContextImpl: Calling a method in the system process without a qualified user: android.app.ContextImpl.startService:1899 android.content.ContextWrapper.startService:825 com.droidlogic.DroidlogicApplication$2.handleMessage:137 android.os.Handler.dispatchMessage:106 android.os.Looper.loopOnce:205
06-20 13:36:14.950 685 1083 D CompatibilityChangeReporter: Compat change id reported: 182478738; UID 10052; state: ENABLED
06-20 13:36:14.990 901 901 V SystemUIBootTiming: StartServices com.android.systemui.statusbar.pipeline.mobile.ui.MobileUiAdapter took to complete: 412ms
06-20 13:36:15.000 901 901 V SystemUIBootTiming: StartServices com.android.systemui.statusbar.pipeline.wifi.data.repository.WifiRepositoryDagger took to complete: 11ms
06-20 13:36:15.003 685 1083 I StatusBarManagerService: registerStatusBar bar=com.android.internal.statusbar.IStatusBar$Stub$Proxy@b3c11c2
06-20 13:36:15.005 901 901 V SystemUIBootTiming: StartServices com.android.systemui.statusbar.tv.TvStatusBar took to complete: 4ms
06-20 13:36:15.021 901 901 V SystemUIBootTiming: StartServices com.android.systemui.statusbar.tv.VpnStatusObserver took to complete: 17ms
06-20 13:36:15.026 901 901 V SystemUIBootTiming: StartServices com.android.systemui.statusbar.tv.notifications.TvNotificationHandler took to complete: 5ms
06-20 13:36:15.027 901 901 V SystemUIBootTiming: StartServices com.android.systemui.statusbar.tv.notifications.TvNotificationPanel took to complete: 1ms
06-20 13:36:15.045 901 901 V SystemUIBootTiming: StartServices com.android.systemui.theme.ThemeOverlayController took to complete: 17ms
06-20 13:36:15.047 901 901 V SystemUIBootTiming: StartServices com.android.systemui.toast.ToastUI took to complete: 2ms
06-20 13:36:15.059 0 0 I [2 T643 ..] [hdmitx: ] hdmitx_audio_notify_callback[798] audio prepare
06-20 13:36:15.060 0 0 I [2 T643 ..] audio_ddr_mngr: frddrs[1] released by device fe330000.audiobus:spdif@0
06-20 13:36:15.061 0 0 D [2 T643 ..] [snd-soc]: spdif_a is set to disable
06-20 13:36:15.061 0 0 I [2 T643 ..] [snd-soc]: aml_audio_reset, reg 0xa, shift 9, use_vadtop 0
06-20 13:36:15.062 0 0 I [2 T643 ..] [snd-soc]: aml_audio_reset, reg 0xa, shift 14, use_vadtop 0
06-20 13:36:15.063 0 0 I [2 T643 ..] [snd-soc]: hdmitx src switch to spdif 0
06-20 13:36:15.063 0 0 I [2 T643 ..] [snd-soc]: sharebuffer_spdifout_prepare get_hdmitx_audio_src(rtd->card):0 spdif_id:0
06-20 13:36:15.065 0 0 I [2 T643 ..] [hdmitx: ] hdmitx_audio_notify_callback[798] audio prepare
06-20 13:36:15.053 901 901 V SystemUIBootTiming: StartServices com.android.systemui.usb.StorageNotification took to complete: 6ms
06-20 13:36:15.066 0 0 D [2 T643 ..] [snd-soc]: spdif_a fifo ctrl, frddr:0 type:1, 16 bits, chmask 0x3, swap 0x10
06-20 13:36:15.066 0 0 I [2 T643 ..] [hdmitx: ] hdmitx_audio_notify_callback[803] type:1 rate:3 size:1 chs:2 i2s_ch_mask:1 aud_src_if:0
06-20 13:36:15.067 0 0 I [2 T643 ..] [hdmitx: ] aout notify format CT_PCM
06-20 13:36:15.068 0 0 I [2 T643 ..] [hdmitx: ] set audio
06-20 13:36:15.068 0 0 I [2 T643 ..] [hdmitx: ] audio_param->chs = 1
06-20 13:36:15.069 0 0 I [2 T643 ..] [hdmitx: ] aud_src_if = 0
06-20 13:36:15.069 0 0 I [2 T643 ..] [hdmitx: ] aud_n_para = 11648
06-20 13:36:15.070 0 0 I [2 T643 ..] [hdmitx: ] audio state: AUDIO_UNMUTE
06-20 13:36:15.071 0 0 I [2 T643 ..] [hdmitx: ] set audio param
06-20 13:36:15.075 0 0 D [2 T643 ..] [snd-soc]: spdif_a is set to enable
06-20 13:36:15.073 901 901 V SystemUIBootTiming: StartServices com.android.systemui.user.ui.dialog.UserSwitcherDialogCoordinator took to complete: 21ms
06-20 13:36:15.079 901 901 V SystemUIBootTiming: StartServices com.android.systemui.util.NotificationChannels took to complete: 5ms
06-20 13:36:15.083 901 901 V SystemUIBootTiming: StartServices com.android.systemui.util.leak.GarbageMonitor took to complete: 4ms
06-20 13:36:15.162 901 901 V SystemUIBootTiming: StartServices com.android.systemui.volume.VolumeUI took to complete: 79ms
06-20 13:36:15.173 901 901 V SystemUIBootTiming: StartServices com.android.systemui.wmshell.WMShell took to complete: 11ms
06-20 13:36:15.173 901 901 V SystemUIBootTiming: StartServices com.android.systemui.VendorServices took to complete: 0ms
06-20 13:36:15.174 901 901 V SystemUIBootTiming: StartServices took to complete: 1907ms
06-20 13:36:15.189 685 752 D WindowManager: ThemeHomeDelay: Home launch was deferred.
06-20 13:36:15.384 685 1135 D CompatibilityChangeReporter: Compat change id reported: 265464455; UID 1000; state: DISABLED
06-20 13:36:15.385 685 1135 D CompatibilityChangeReporter: Compat change id reported: 265452344; UID 1000; state: DISABLED
06-20 13:36:15.386 685 1135 D CompatibilityChangeReporter: Compat change id reported: 266124927; UID 1000; state: DISABLED
06-20 13:36:15.386 685 1135 D CompatibilityChangeReporter: Compat change id reported: 265451093; UID 1000; state: DISABLED
06-20 13:36:15.387 685 1135 D CompatibilityChangeReporter: Compat change id reported: 265456536; UID 1000; state: DISABLED
06-20 13:36:15.387 685 1135 D CompatibilityChangeReporter: Compat change id reported: 255940284; UID 1000; state: DISABLED
06-20 13:36:15.387 685 1135 D CompatibilityChangeReporter: Compat change id reported: 236283604; UID 1000; state: DISABLED
06-20 13:36:15.388 685 1135 D CompatibilityChangeReporter: Compat change id reported: 263959004; UID 1000; state: DISABLED
06-20 13:36:15.388 685 1135 D CompatibilityChangeReporter: Compat change id reported: 264304459; UID 1000; state: DISABLED
06-20 13:36:15.389 685 1135 D CompatibilityChangeReporter: Compat change id reported: 264301586; UID 1000; state: DISABLED
06-20 13:36:15.389 685 1135 D CompatibilityChangeReporter: Compat change id reported: 254631730; UID 1000; state: DISABLED
06-20 13:36:15.390 685 1135 D CompatibilityChangeReporter: Compat change id reported: 273509367; UID 1000; state: DISABLED
06-20 13:36:15.390 685 1135 D CompatibilityChangeReporter: Compat change id reported: 263259275; UID 1000; state: DISABLED
06-20 13:36:15.391 685 1135 D CompatibilityChangeReporter: Compat change id reported: 174042980; UID 1000; state: DISABLED
06-20 13:36:15.391 685 1135 D CompatibilityChangeReporter: Compat change id reported: 174042936; UID 1000; state: DISABLED
06-20 13:36:15.391 685 1135 D CompatibilityChangeReporter: Compat change id reported: 181136395; UID 1000; state: DISABLED
06-20 13:36:15.424 685 1135 D CompatibilityChangeReporter: Compat change id reported: 194480991; UID 1000; state: ENABLED
06-20 13:36:15.431 685 1135 D CompatibilityChangeReporter: Compat change id reported: 197654537; UID 1000; state: ENABLED
06-20 13:36:15.434 685 1135 I ActivityTaskManager: START u0 {act=android.intent.action.MAIN cat=[android.intent.category.HOME] flg=0x10000100 cmp=com.android.tv.settings/.system.FallbackHome (has extras)} with LAUNCH_MULTIPLE from uid 0 (BAL_ALLOW_ALLOWLISTED_UID) result code=0
06-20 13:36:15.436 685 1135 D SystemServerTiming: getUserSwitchability-0
06-20 13:36:15.436 685 1135 D SystemServerTiming: TM.isInCall
06-20 13:36:15.437 685 1135 V SystemServerTiming: TM.isInCall took to complete: 2ms
06-20 13:36:15.437 685 1135 D SystemServerTiming: hasUserRestriction-DISALLOW_USER_SWITCH
06-20 13:36:15.437 685 1135 V SystemServerTiming: hasUserRestriction-DISALLOW_USER_SWITCH took to complete: 0ms
06-20 13:36:15.438 685 1135 D SystemServerTiming: getInt-ALLOW_USER_SWITCHING_WHEN_SYSTEM_USER_LOCKED
06-20 13:36:15.438 685 1135 V SystemServerTiming: getInt-ALLOW_USER_SWITCHING_WHEN_SYSTEM_USER_LOCKED took to complete: 0ms
06-20 13:36:15.438 685 1135 D SystemServerTiming: isUserUnlocked-USER_SYSTEM
06-20 13:36:15.438 685 1135 V SystemServerTiming: isUserUnlocked-USER_SYSTEM took to complete: 0ms
06-20 13:36:15.438 685 1135 V SystemServerTiming: getUserSwitchability-0 took to complete: 2ms
06-20 13:36:15.438 685 711 I ActivityManager: com.android.tv.settings is exempt from freezer
06-20 13:36:15.439 685 711 D CompatibilityChangeReporter: Compat change id reported: 135634846; UID 1000; state: DISABLED
06-20 13:36:15.461 685 719 I ActivityManager: Start proc 1291:com.android.tv.settings/1000 for top-activity {com.android.tv.settings/com.android.tv.settings.system.FallbackHome}
06-20 13:36:15.496 685 752 D SystemServerTiming: getUserSwitchability-0
06-20 13:36:15.497 685 752 D SystemServerTiming: TM.isInCall
06-20 13:36:15.497 685 752 V SystemServerTiming: TM.isInCall took to complete: 1ms
06-20 13:36:15.497 685 752 D SystemServerTiming: hasUserRestriction-DISALLOW_USER_SWITCH
06-20 13:36:15.497 685 752 V SystemServerTiming: hasUserRestriction-DISALLOW_USER_SWITCH took to complete: 0ms
06-20 13:36:15.498 685 752 D SystemServerTiming: getInt-ALLOW_USER_SWITCHING_WHEN_SYSTEM_USER_LOCKED
06-20 13:36:15.498 685 752 V SystemServerTiming: getInt-ALLOW_USER_SWITCHING_WHEN_SYSTEM_USER_LOCKED took to complete: 0ms
06-20 13:36:15.498 685 752 D SystemServerTiming: isUserUnlocked-USER_SYSTEM
06-20 13:36:15.498 685 752 V SystemServerTiming: isUserUnlocked-USER_SYSTEM took to complete: 0ms
06-20 13:36:15.498 685 752 V SystemServerTiming: getUserSwitchability-0 took to complete: 1ms
06-20 13:36:15.503 901 901 W Looper : Drained
06-20 13:36:15.504 685 1135 D SystemServerTiming: getUserSwitchability-0
06-20 13:36:15.504 685 1135 D SystemServerTiming: TM.isInCall
06-20 13:36:15.505 685 1135 V SystemServerTiming: TM.isInCall took to complete: 0ms
06-20 13:36:15.505 685 1135 D SystemServerTiming: hasUserRestriction-DISALLOW_USER_SWITCH
06-20 13:36:15.505 685 1135 V SystemServerTiming: hasUserRestriction-DISALLOW_USER_SWITCH took to complete: 0ms
06-20 13:36:15.505 685 1135 D SystemServerTiming: getInt-ALLOW_USER_SWITCHING_WHEN_SYSTEM_USER_LOCKED
06-20 13:36:15.505 685 1135 V SystemServerTiming: getInt-ALLOW_USER_SWITCHING_WHEN_SYSTEM_USER_LOCKED took to complete: 0ms
06-20 13:36:15.505 685 1135 D SystemServerTiming: isUserUnlocked-USER_SYSTEM
06-20 13:36:15.505 685 1135 V SystemServerTiming: isUserUnlocked-USER_SYSTEM took to complete: 0ms
06-20 13:36:15.505 685 1135 V SystemServerTiming: getUserSwitchability-0 took to complete: 1ms
06-20 13:36:15.512 685 1135 D CompatibilityChangeReporter: Compat change id reported: 168419799; UID 1000; state: DISABLED
06-20 13:36:15.512 685 752 D SystemServerTiming: getUserSwitchability-0
06-20 13:36:15.512 685 752 D SystemServerTiming: TM.isInCall
06-20 13:36:15.512 685 1135 D CompatibilityChangeReporter: Compat change id reported: 273564678; UID 1000; state: DISABLED
06-20 13:36:15.514 685 752 V SystemServerTiming: TM.isInCall took to complete: 3ms
06-20 13:36:15.514 685 752 D SystemServerTiming: hasUserRestriction-DISALLOW_USER_SWITCH
06-20 13:36:15.514 685 752 V SystemServerTiming: hasUserRestriction-DISALLOW_USER_SWITCH took to complete: 0ms
06-20 13:36:15.514 685 752 D SystemServerTiming: getInt-ALLOW_USER_SWITCHING_WHEN_SYSTEM_USER_LOCKED
06-20 13:36:15.514 685 752 V SystemServerTiming: getInt-ALLOW_USER_SWITCHING_WHEN_SYSTEM_USER_LOCKED took to complete: 0ms
06-20 13:36:15.515 685 752 D SystemServerTiming: isUserUnlocked-USER_SYSTEM
06-20 13:36:15.515 685 752 V SystemServerTiming: isUserUnlocked-USER_SYSTEM took to complete: 0ms
06-20 13:36:15.515 685 752 V SystemServerTiming: getUserSwitchability-0 took to complete: 3ms
06-20 13:36:15.518 685 752 D SystemServerTiming: getUserSwitchability-0
06-20 13:36:15.518 685 752 D SystemServerTiming: TM.isInCall
06-20 13:36:15.519 685 752 V SystemServerTiming: TM.isInCall took to complete: 1ms
06-20 13:36:15.519 685 752 D SystemServerTiming: hasUserRestriction-DISALLOW_USER_SWITCH
06-20 13:36:15.519 685 752 V SystemServerTiming: hasUserRestriction-DISALLOW_USER_SWITCH took to complete: 0ms
06-20 13:36:15.519 685 752 D SystemServerTiming: getInt-ALLOW_USER_SWITCHING_WHEN_SYSTEM_USER_LOCKED
06-20 13:36:15.519 685 752 V SystemServerTiming: getInt-ALLOW_USER_SWITCHING_WHEN_SYSTEM_USER_LOCKED took to complete: 0ms
06-20 13:36:15.519 685 752 D SystemServerTiming: isUserUnlocked-USER_SYSTEM
06-20 13:36:15.519 685 752 V SystemServerTiming: isUserUnlocked-USER_SYSTEM took to complete: 0ms
06-20 13:36:15.519 685 752 V SystemServerTiming: getUserSwitchability-0 took to complete: 1ms
06-20 13:36:15.602 685 752 V WindowManager: app ------------- force_land :0
06-20 13:36:15.602 685 752 V WindowManager: app ------------- force_land :0
06-20 13:36:15.660 0 0 W [0 T1311 .s] state_detect_cb: stop bus detected state timer
06-20 13:36:15.684 685 1083 W WindowManager: [addWindow] title:com.android.tv.settings/com.android.tv.settings.system.FallbackHome
06-20 13:36:15.701 685 1083 D CoreBackPreview: Window{71ed4b9 u0 com.android.tv.settings/com.android.tv.settings.system.FallbackHome}: Setting back callback OnBackInvokedCallbackInfo{mCallback=android.window.IOnBackInvokedCallback$Stub$Proxy@a8aa05f, mPriority=0, mIsAnimationCallback=false}
06-20 13:36:15.775 685 711 D ActivityManagerTiming: FinishBooting
06-20 13:36:15.789 685 711 D WindowManager: updateCecScreenStatus 0
06-20 13:36:15.789 685 711 D HDMI : setCecSettingIntValue name:cec_screen_state, value:0
06-20 13:36:15.789 685 685 I HDMI : screen state is changing to 0
06-20 13:36:15.791 685 708 V WindowManager: Sent Transition #0 createdAt=06-20 13:36:13.216
06-20 13:36:15.791 685 708 V WindowManager: startWCT=WindowContainerTransaction { changes = {} hops = [] errorCallbackToken=null taskFragmentOrganizer=null }
06-20 13:36:15.792 685 708 V WindowManager: info=null
06-20 13:36:15.797 685 708 V WindowManager: Finish Transition #0: created at
06-20 13:36:13.216 collect-started=0.206ms request-sent=0.256ms started=27.114ms ready=2388.951ms sent=2566.539ms finished=2580.862ms
06-20 13:36:15.799 685 709 W ContextImpl: Calling a method in the system process without a qualified user: android.app.ContextImpl.startService:1899 com.android.server.wm.DisplayPolicy.lambda$focusChangedLw$5:2126 com.android.server.wm.DisplayPolicy.$r8$lambda$Znxk63oh-WzVnzo_WQefN7uxV48:0 com.android.server.wm.DisplayPolicy$$ExternalSyntheticLambda13.run:0 android.os.Handler.handleCallback:958
06-20 13:36:15.800 685 709 W ActivityManager: Unable to start service Intent { cmp=com.oranth.ledstatus/.LedStatusService } U=0: not found
06-20 13:36:15.800 685 711 D ActivityManagerTiming: FinishBooting
06-20 13:36:15.803 685 711 I ActivityManager: About to commit checkpoint
06-20 13:36:15.804 685 711 I SystemServiceManager: Starting phase 1000
06-20 13:36:15.804 685 711 D ActivityManagerTiming: OnBootPhase_1000
06-20 13:36:15.804 685 711 D ActivityManagerTiming: OnBootPhase_1000_com.android.server.security.FileIntegrityService
06-20 13:36:15.804 685 711 V ActivityManagerTiming: OnBootPhase_1000_com.android.server.security.FileIntegrityService took to complete: 0ms
06-20 13:36:15.804 685 711 D ActivityManagerTiming: OnBootPhase_1000_com.android.server.pm.Installer
06-20 13:36:15.804 685 711 V ActivityManagerTiming: OnBootPhase_1000_com.android.server.pm.Installer took to complete: 0ms
06-20 13:36:15.804 685 711 D ActivityManagerTiming: OnBootPhase_1000_com.android.server.os.DeviceIdentifiersPolicyService
06-20 13:36:15.804 685 711 V ActivityManagerTiming: OnBootPhase_1000_com.android.server.os.DeviceIdentifiersPolicyService took to complete: 0ms
06-20 13:36:15.804 685 711 D ActivityManagerTiming: OnBootPhase_1000_com.android.server.flags.FeatureFlagsService
06-20 13:36:15.804 685 711 V ActivityManagerTiming: OnBootPhase_1000_com.android.server.flags.FeatureFlagsService took to complete: 0ms
06-20 13:36:15.804 685 711 D ActivityManagerTiming: OnBootPhase_1000_com.android.server.uri.UriGrantsManagerService$Lifecycle
06-20 13:36:15.804 685 711 V ActivityManagerTiming: OnBootPhase_1000_com.android.server.uri.UriGrantsManagerService$Lifecycle took to complete: 0ms
06-20 13:36:15.805 685 711 D ActivityManagerTiming: OnBootPhase_1000_com.android.server.powerstats.PowerStatsService
06-20 13:36:15.805 685 711 E PowerStatsService: Failed to start PowerStatsService loggers
06-20 13:36:15.805 685 711 V ActivityManagerTiming: OnBootPhase_1000_com.android.server.powerstats.PowerStatsService took to complete: 0ms
06-20 13:36:15.805 685 711 D ActivityManagerTiming: OnBootPhase_1000_com.android.server.permission.access.AccessCheckingService
06-20 13:36:15.805 685 711 V ActivityManagerTiming: OnBootPhase_1000_com.android.server.permission.access.AccessCheckingService took to complete: 0ms
06-20 13:36:15.805 685 711 D ActivityManagerTiming: OnBootPhase_1000_com.android.server.wm.ActivityTaskManagerService$Lifecycle
06-20 13:36:15.805 685 711 V ActivityManagerTiming: OnBootPhase_1000_com.android.server.wm.ActivityTaskManagerService$Lifecycle took to complete: 0ms
06-20 13:36:15.805 685 711 D ActivityManagerTiming: OnBootPhase_1000_com.android.server.am.ActivityManagerService$Lifecycle
06-20 13:36:15.805 685 711 V ActivityManagerTiming: OnBootPhase_1000_com.android.server.am.ActivityManagerService$Lifecycle took to complete: 0ms
06-20 13:36:15.805 685 711 D ActivityManagerTiming: OnBootPhase_1000_com.android.server.pm.DataLoaderManagerService
06-20 13:36:15.805 685 711 V ActivityManagerTiming: OnBootPhase_1000_com.android.server.pm.DataLoaderManagerService took to complete: 0ms
06-20 13:36:15.805 685 711 D ActivityManagerTiming: OnBootPhase_1000_com.android.server.power.PowerManagerService
06-20 13:36:15.807 685 735 I DisplayBrightnessStrategySelector: Changing the DisplayBrightnessStrategy from OverrideBrightnessStrategy toInvalidBrightnessStrategy for display 0
06-20 13:36:15.808 685 735 V DisplayPowerController2[0]: Brightness [0.39763778] reason changing to: 'manual', previous reason: 'override'.
06-20 13:36:15.808 685 735 I DisplayPowerController2[0]: BrightnessEvent: disp=0, physDisp=local:4625716335649126415, brt=0.39763778, initBrt=0.39763778, rcmdBrt=NaN, preBrt=NaN, lux=0.0, preLux=0.0, hbmMax=1.0, hbmMode=off, rbcStrength=0, thrmMax=1.0, powerFactor=1.0, wasShortTermModelActive=false, flags=, reason=manual, autoBrightness=false, strategy=InvalidBrightnessStrategy
06-20 13:36:15.808 685 711 V ActivityManagerTiming: OnBootPhase_1000_com.android.server.power.PowerManagerService took to complete: 4ms
06-20 13:36:15.808 685 711 D ActivityManagerTiming: OnBootPhase_1000_com.android.server.power.ThermalManagerService
06-20 13:36:15.808 685 711 V ActivityManagerTiming: OnBootPhase_1000_com.android.server.power.ThermalManagerService took to complete: 0ms
06-20 13:36:15.808 685 711 D ActivityManagerTiming: OnBootPhase_1000_com.android.server.power.hint.HintManagerService
06-20 13:36:15.813 685 711 V ActivityManagerTiming: OnBootPhase_1000_com.android.server.power.hint.HintManagerService took to complete: 4ms
06-20 13:36:15.813 685 711 D ActivityManagerTiming: OnBootPhase_1000_com.android.server.recoverysystem.RecoverySystemService$Lifecycle
06-20 13:36:15.813 685 711 V ActivityManagerTiming: OnBootPhase_1000_com.android.server.recoverysystem.RecoverySystemService$Lifecycle took to complete: 0ms
06-20 13:36:15.813 685 711 D ActivityManagerTiming: OnBootPhase_1000_com.android.server.lights.LightsService
06-20 13:36:15.813 685 711 V ActivityManagerTiming: OnBootPhase_1000_com.android.server.lights.LightsService took to complete: 0ms
06-20 13:36:15.813 685 711 D ActivityManagerTiming: OnBootPhase_1000_com.android.server.display.DisplayManagerService
06-20 13:36:15.814 685 711 I LogicalDisplayMapper: Requesting Transition to state: 0, from state=-1, interactive=true, mBootCompleted=true
06-20 13:36:15.815 685 711 I LogicalDisplayMapper: Applying layout: [{dispId: 0(ON), displayGroupName: , addr: {port=15, model=0x4031d87fca1678}, mThermalBrightnessThrottlingMapId: null, mRefreshRateZoneId: null, mLeadDisplayId: -1, mLeadDisplayAddress: null, mThermalRefreshRateThrottlingMapId: null}], Previous layout: [{dispId: 0(ON), displayGroupName: , addr: {port=15, model=0x4031d87fca1678}, mThermalBrightnessThrottlingMapId: null, mRefreshRateZoneId: null, mLeadDisplayId: -1, mLeadDisplayAddress: null, mThermalRefreshRateThrottlingMapId: null}]
06-20 13:36:15.815 685 711 V ActivityManagerTiming: OnBootPhase_1000_com.android.server.display.DisplayManagerService took to complete: 1ms
06-20 13:36:15.815 685 711 D ActivityManagerTiming: OnBootPhase_1000_com.android.server.pm.verify.domain.DomainVerificationService
06-20 13:36:15.815 685 711 V ActivityManagerTiming: OnBootPhase_1000_com.android.server.pm.verify.domain.DomainVerificationService took to complete: 1ms
06-20 13:36:15.815 685 711 D ActivityManagerTiming: OnBootPhase_1000_com.android.server.pm.PackageInstallerService$Lifecycle
06-20 13:36:15.815 685 711 V ActivityManagerTiming: OnBootPhase_1000_com.android.server.pm.PackageInstallerService$Lifecycle took to complete: 0ms
06-20 13:36:15.815 685 711 D ActivityManagerTiming: OnBootPhase_1000_com.android.server.pm.UserManagerService$LifeCycle
06-20 13:36:15.815 685 711 V ActivityManagerTiming: OnBootPhase_1000_com.android.server.pm.UserManagerService$LifeCycle took to complete: 0ms
06-20 13:36:15.815 685 711 D ActivityManagerTiming: OnBootPhase_1000_com.android.server.om.OverlayManagerService
06-20 13:36:15.815 685 711 V ActivityManagerTiming: OnBootPhase_1000_com.android.server.om.OverlayManagerService took to complete: 0ms
06-20 13:36:15.815 685 711 D ActivityManagerTiming: OnBootPhase_1000_com.android.server.resources.ResourcesManagerService
06-20 13:36:15.815 685 711 V ActivityManagerTiming: OnBootPhase_1000_com.android.server.resources.ResourcesManagerService took to complete: 0ms
06-20 13:36:15.815 685 711 D ActivityManagerTiming: OnBootPhase_1000_com.android.server.sensorprivacy.SensorPrivacyService
06-20 13:36:15.815 685 711 V ActivityManagerTiming: OnBootPhase_1000_com.android.server.sensorprivacy.SensorPrivacyService took to complete: 0ms
06-20 13:36:15.815 685 711 D ActivityManagerTiming: OnBootPhase_1000_com.android.server.sensors.SensorService
06-20 13:36:15.815 685 711 V ActivityManagerTiming: OnBootPhase_1000_com.android.server.sensors.SensorService took to complete: 0ms
06-20 13:36:15.815 685 711 D ActivityManagerTiming: OnBootPhase_1000_com.android.server.SystemConfigService
06-20 13:36:15.815 685 711 V ActivityManagerTiming: OnBootPhase_1000_com.android.server.SystemConfigService took to complete: 0ms
06-20 13:36:15.815 685 711 D ActivityManagerTiming: OnBootPhase_1000_com.android.server.BatteryService
06-20 13:36:15.815 685 711 V ActivityManagerTiming: OnBootPhase_1000_com.android.server.BatteryService took to complete: 0ms
06-20 13:36:15.815 685 711 D ActivityManagerTiming: OnBootPhase_1000_com.android.server.usage.UsageStatsService
06-20 13:36:15.816 685 711 V ActivityManagerTiming: OnBootPhase_1000_com.android.server.usage.UsageStatsService took to complete: 0ms
06-20 13:36:15.816 685 711 D ActivityManagerTiming: OnBootPhase_1000_com.android.server.webkit.WebViewUpdateService
06-20 13:36:15.816 685 711 V ActivityManagerTiming: OnBootPhase_1000_com.android.server.webkit.WebViewUpdateService took to complete: 0ms
06-20 13:36:15.816 685 711 D ActivityManagerTiming: OnBootPhase_1000_com.android.server.CachedDeviceStateService
06-20 13:36:15.816 685 711 V ActivityManagerTiming: OnBootPhase_1000_com.android.server.CachedDeviceStateService took to complete: 0ms
06-20 13:36:15.816 685 711 D ActivityManagerTiming: OnBootPhase_1000_com.android.server.BinderCallsStatsService$LifeCycle
06-20 13:36:15.816 685 711 V ActivityManagerTiming: OnBootPhase_1000_com.android.server.BinderCallsStatsService$LifeCycle took to complete: 0ms
06-20 13:36:15.816 685 711 D ActivityManagerTiming: OnBootPhase_1000_com.android.server.LooperStatsService$Lifecycle
06-20 13:36:15.816 685 711 V ActivityManagerTiming: OnBootPhase_1000_com.android.server.LooperStatsService$Lifecycle took to complete: 0ms
06-20 13:36:15.816 685 711 D ActivityManagerTiming: OnBootPhase_1000_com.android.server.rollback.RollbackManagerService
06-20 13:36:15.817 685 711 V ActivityManagerTiming: OnBootPhase_1000_com.android.server.rollback.RollbackManagerService took to complete: 1ms
06-20 13:36:15.817 685 711 D ActivityManagerTiming: OnBootPhase_1000_com.android.server.os.NativeTombstoneManagerService
06-20 13:36:15.817 685 711 V ActivityManagerTiming: OnBootPhase_1000_com.android.server.os.NativeTombstoneManagerService took to complete: 0ms
06-20 13:36:15.817 685 711 D ActivityManagerTiming: OnBootPhase_1000_com.android.server.os.BugreportManagerService
06-20 13:36:15.817 685 711 V ActivityManagerTiming: OnBootPhase_1000_com.android.server.os.BugreportManagerService took to complete: 0ms
06-20 13:36:15.817 685 711 D ActivityManagerTiming: OnBootPhase_1000_com.android.server.gpu.GpuService
06-20 13:36:15.817 685 711 V ActivityManagerTiming: OnBootPhase_1000_com.android.server.gpu.GpuService took to complete: 0ms
06-20 13:36:15.817 685 711 D ActivityManagerTiming: OnBootPhase_1000_com.android.server.security.rkp.RemoteProvisioningService
06-20 13:36:15.817 685 711 V ActivityManagerTiming: OnBootPhase_1000_com.android.server.security.rkp.RemoteProvisioningService took to complete: 0ms
06-20 13:36:15.818 685 711 D ActivityManagerTiming: OnBootPhase_1000_com.android.server.cpu.CpuMonitorService
06-20 13:36:15.818 685 711 V ActivityManagerTiming: OnBootPhase_1000_com.android.server.cpu.CpuMonitorService took to complete: 0ms
06-20 13:36:15.818 685 711 D ActivityManagerTiming: OnBootPhase_1000_com.android.server.security.KeyChainSystemService
06-20 13:36:15.818 685 711 V ActivityManagerTiming: OnBootPhase_1000_com.android.server.security.KeyChainSystemService took to complete: 0ms
06-20 13:36:15.818 685 711 D ActivityManagerTiming: OnBootPhase_1000_com.android.server.BinaryTransparencyService
06-20 13:36:15.818 685 711 I TransparencyService: Boot completed. Getting VBMeta Digest.
06-20 13:36:15.818 685 711 D TransparencyService: VBMeta Digest: 86010470fcde5a7f5adff6563aff00bbae6364c7a974f57cf3ab94cc5e101fbf
06-20 13:36:15.818 685 711 I TransparencyService: Boot completed. Collecting biometric system properties.
06-20 13:36:15.819 685 711 I TransparencyService: Scheduling measurements to be taken.
06-20 13:36:15.819 685 711 I TransparencyService: Scheduling binary content-digest computation job
06-20 13:36:15.820 685 711 D CompatibilityChangeReporter: Compat change id reported: 253665015; UID 1000; state: DISABLED
