06-20 13:36:20.902 685 1386 V KeyValueBackupJob: Scheduling k/v pass in 249 minutes
06-20 13:36:20.909 965 1149 D DhcpClient: Confirmed lease: com.android.networkstack.android.net.DhcpResults@3ba25e01 DHCP server /192.168.31.1 Vendor info miwifi-RB06-1.0.67-100 lease 43200 seconds Servername
06-20 13:36:20.911 1423 1837 E hq : ErrorCoroutineExceptionHandler:::runTry error:java.net.UnknownHostException: Unable to resolve host "ottdbui-tyapiqun7.yysh.mgtv.com": No address associated with hostname from=requestAppAdInfo
06-20 13:36:20.915 685 1069 D CompatibilityChangeReporter: Compat change id reported: 161145287; UID 10017; state: ENABLED
06-20 13:36:20.922 1973 1973 I CalendarProvider2: Created com.android.providers.calendar.CalendarAlarmManager@21d9803(com.android.providers.calendar.CalendarProvider2@3cd380)
06-20 13:36:20.929 1127 1127 I wpa_supplicant: wpa_driver_nl80211_driver_cmd: wifi vendor: aml_w2_s
06-20 13:36:20.929 1127 1127 I wpa_supplicant: wpa_driver_nl80211_driver_cmd: wlan0: private command: BTCOEXMODE 2
06-20 13:36:20.931 685 822 I WifiClientModeImpl[19971:wlan0]: Update current security type to 2
06-20 13:36:20.932 685 822 W ContextImpl: Calling a method in the system process without a qualified user: android.app.ContextImpl.sendStickyBroadcast:1626 com.android.server.wifi.ClientModeImpl.sendNetworkChangeBroadcast:3008 com.android.server.wifi.ClientModeImpl.lambda$sendNetworkChangeBroadcastWithCurrentState$14:2985 com.android.server.wifi.ClientModeImpl.$r8$lambda$q-j88Pjw4gROgoJFr8wBlBVbuJI:0 com.android.server.wifi.ClientModeImpl$$ExternalSyntheticLambda4.send:0
06-20 13:36:20.933 442 517 I netd : interfaceSetCfg(InterfaceConfigurationParcel{ifName: wlan0, hwAddr: , ipv4Addr: 192.168.31.30, prefixLength: 24, flags: []}) <6.66ms>
06-20 13:36:20.939 442 517 E Netd : no such netId 100
06-20 13:36:20.939 442 517 I netd : networkAddRouteParcel(100, RouteInfoParcel{destination: 192.168.31.0/24, ifName: wlan0, nextHop: , mtu: 0}) -> ServiceSpecificException(64, "Machine is not on the network") <0.09ms>
06-20 13:36:20.939 685 830 E ConnectivityService: Exception in networkAddRouteParcel for non-gateway: android.os.ServiceSpecificException: Machine is not on the network (code 64)
06-20 13:36:20.939 442 517 E Netd : no such netId 100
06-20 13:36:20.939 442 517 I netd : networkAddRouteParcel(100, RouteInfoParcel{destination: 0.0.0.0/0, ifName: wlan0, nextHop: 192.168.31.1, mtu: 0}) -> ServiceSpecificException(64, "Machine is not on the network") <0.06ms>
06-20 13:36:20.940 685 830 E ConnectivityService: Exception in networkAddRouteParcel for gateway: android.os.ServiceSpecificException: Machine is not on the network (code 64)
06-20 13:36:20.942 965 1149 D IpClient/wlan0: addressUpdated: 192.168.31.30/24 on ifindex 16 flags 0x00000080 scope 0
06-20 13:36:20.950 685 718 D CompatibilityChangeReporter: Compat change id reported: 135634846; UID 10026; state: DISABLED
06-20 13:36:20.950 685 718 D CompatibilityChangeReporter: Compat change id reported: 177438394; UID 10026; state: DISABLED
06-20 13:36:20.950 685 718 D CompatibilityChangeReporter: Compat change id reported: 135772972; UID 10026; state: DISABLED
06-20 13:36:20.950 685 718 D CompatibilityChangeReporter: Compat change id reported: 135754954; UID 10026; state: ENABLED
06-20 13:36:20.952 685 719 D CompatibilityChangeReporter: Compat change id reported: 143937733; UID 10026; state: ENABLED
06-20 13:36:20.959 685 1386 D CompatibilityChangeReporter: Compat change id reported: 271850009; UID 1000; state: ENABLED
06-20 13:36:20.959 685 1386 D CompatibilityChangeReporter: Compat change id reported: 271850009; UID 1000; state: DISABLED
06-20 13:36:20.962 965 1149 D DhcpClient: Scheduling renewal in 21599s
06-20 13:36:20.962 965 1149 D DhcpClient: Scheduling rebind in 37799s
06-20 13:36:20.962 965 1149 D DhcpClient: Scheduling expiry in 43199s
06-20 13:36:20.967 478 501 D WifiHAL : Setting APF program, halHandle = 0xf3702740
06-20 13:36:20.967 478 501 I WifiHAL : createRequest: APF set program request
06-20 13:36:20.967 478 501 D WifiHAL : error code -95 mapped to -3
06-20 13:36:20.967 478 501 I WifiHAL : Request Response failed for APF, result = -3
06-20 13:36:20.967 685 822 E WifiStaIfaceAidlImpl: installApfPacketFilter failed with service-specific exception: android.os.ServiceSpecificException: (code 4)
06-20 13:36:20.970 1957 1957 I DefaultIMS: DefaultIMS::onCreate()
06-20 13:36:20.970 1957 1957 I DefaultIMS: DefaultIMS::onCreate() finish
06-20 13:36:20.975 1732 1732 D RockyReceiver: action: android.net.wifi.STATE_CHANGE
06-20 13:36:20.981 685 830 D ConnectivityService: Setting DNS servers for network 100 to [/192.168.31.1]
06-20 13:36:20.981 685 830 W BroadcastLoopers: Found previously unknown looper Thread[ConnectivityServiceThread,5,main]
06-20 13:36:20.945 0 0 W : [1 T517 ..] [aml_inetaddr_event 6139] dev wlan0 is up, comm:binder:442_1, pid:517, vif:0, ipv4:192.168.31.30
06-20 13:36:20.987 0 0 W : [3 T1046 ..] [SP FRAME RX] DHCP[1 0], vif_idx:0
06-20 13:36:20.983 685 822 W ContextImpl: Calling a method in the system process without a qualified user: android.app.ContextImpl.sendStickyBroadcast:1626 com.android.server.wifi.ClientModeImpl.sendNetworkChangeBroadcast:3008 com.android.server.wifi.ClientModeImpl.lambda$sendNetworkChangeBroadcastWithCurrentState$14:2985 com.android.server.wifi.ClientModeImpl.$r8$lambda$q-j88Pjw4gROgoJFr8wBlBVbuJI:0 com.android.server.wifi.ClientModeImpl$$ExternalSyntheticLambda4.send:0
06-20 13:36:20.990 443 443 D Zygote : Forked child process 2025
06-20 13:36:20.990 1957 1957 D CompatibilityChangeReporter: Compat change id reported: 237531167; UID 10039; state: DISABLED
06-20 13:36:20.991 685 719 I ActivityManager: Start proc 2025:com.android.providers.tv/u0a26 for broadcast {com.android.providers.tv/com.android.providers.tv.BootCompletedReceiver}
06-20 13:36:20.992 1732 1732 D RockyReceiver: action: android.net.wifi.STATE_CHANGE
06-20 13:36:20.992 1957 1957 W OpenGLRenderer: Unknown dataspace 0
06-20 13:36:20.994 685 830 D ConnectivityService: [100 WIFI] EVENT_NETWORK_INFO_CHANGED, going from CONNECTING to CONNECTED
06-20 13:36:20.998 442 517 I netd : networkCreate(NativeNetworkConfig{netId: 100, networkType: PHYSICAL, permission: 0, secure: false, vpnType: -1, excludeLocalRoutes: false}) <0.05ms>
06-20 13:36:21.002 442 517 I netd : createNetworkCache(100) <0.29ms>
06-20 13:36:21.005 685 830 D DnsManager: sendDnsConfigurationForNetwork(100, [192.168.31.1], [], 1800, 25, 8, 64, 0, 0, , [])
06-20 13:36:21.006 685 701 W WindowManager: [addWindow] title:InputMethod
06-20 13:36:21.007 442 517 I resolv : resolv_set_nameservers: netid = 100, addr = 192.168.31.1
06-20 13:36:21.007 442 517 I netd : DnsResolverService::setResolverConfiguration(100, [192.168.31.1], [], 1800, 25, 8, 64, 0, 0, "", []) -> (0) (0.3ms)
06-20 13:36:21.007 442 517 I netd : setResolverConfiguration(ResolverParamsParcel{netId: 100, sampleValiditySeconds: 1800, successThreshold: 25, minSamples: 8, maxSamples: 64, baseTimeoutMsec: 0, retryCount: 0, servers: [192.168.31.1], domains: [], tlsName: , tlsServers: [], tlsFingerprints: [], caCertificate: , tlsConnectTimeoutMs: 0, resolverOptions: (null), transportTypes: [1]}) <0.36ms>
06-20 13:36:21.009 2025 2025 I Zygote : seccomp disabled by setenforce 0
06-20 13:36:21.010 685 1386 I BackupManagerService: [UserID:0] Stale backup journals: Scheduled 6 package(s) total
06-20 13:36:21.011 685 701 W ActivityTaskManager: Current config: {1.0 ?mcc0mnc [zh_CN] ldltr sw720dp w1280dp h720dp 240dpi xlrg long land television -touch -keyb/v/h dpad/v winConfig={ mBounds=Rect(0, 0 - 1920, 1080) mAppBounds=Rect(0, 0 - 1920, 1080) mMaxBounds=Rect(0, 0 - 1920, 1080) mDisplayRotation=ROTATION_0 mWindowingMode=fullscreen mDisplayWindowingMode=fullscreen mActivityType=undefined mAlwaysOnTop=undefined mRotation=ROTATION_0} s.6 fontWeightAdjustment=0} unchanged for IME proc com.sohu.inputmethod.sogou.tv
06-20 13:36:21.011 685 701 W ActivityTaskManager: Current config: {1.0 ?mcc0mnc [zh_CN] ldltr sw720dp w1280dp h720dp 240dpi xlrg long land television -touch -keyb/v/h dpad/v winConfig={ mBounds=Rect(0, 0 - 1920, 1080) mAppBounds=Rect(0, 0 - 1920, 1080) mMaxBounds=Rect(0, 0 - 1920, 1080) mDisplayRotation=ROTATION_0 mWindowingMode=fullscreen mDisplayWindowingMode=fullscreen mActivityType=undefined mAlwaysOnTop=undefined mRotation=ROTATION_0} s.6 fontWeightAdjustment=0} unchanged for IME proc com.sohu.inputmethod.sogou.tv
06-20 13:36:21.016 1957 1957 D WindowTokenClient: Configuration not dispatch to IME because configuration is up to date. Current config={1.0 ?mcc0mnc [zh_CN] ldltr sw720dp w1280dp h720dp 240dpi xlrg long land television -touch -keyb/v/h dpad/v winConfig={ mBounds=Rect(0, 0 - 1920, 1080) mAppBounds=Rect(0, 0 - 1920, 1080) mMaxBounds=Rect(0, 0 - 1920, 1080) mDisplayRotation=ROTATION_0 mWindowingMode=fullscreen mDisplayWindowingMode=fullscreen mActivityType=undefined mAlwaysOnTop=undefined mRotation=ROTATION_0} s.6 fontWeightAdjustment=0}, reported config={1.0 ?mcc0mnc [zh_CN] ldltr sw720dp w1280dp h720dp 240dpi xlrg long land television -touch -keyb/v/h dpad/v winConfig={ mBounds=Rect(0, 0 - 1920, 1080) mAppBounds=Rect(0, 0 - 1920, 1080) mMaxBounds=Rect(0, 0 - 1920, 1080) mDisplayRotation=ROTATION_0 mWindowingMode=fullscreen mDisplayWindowingMode=fullscreen mActivityType=undefined mAlwaysOnTop=undefined mRotation=ROTATION_0} s.6 fontWeightAdjustment=0}, updated config={1.0 ?mcc0mnc [zh_CN] ldltr sw720dp w1280dp h720dp 240dpi xlrg long land television -touch -keyb/v/h dpad/v winConfig={ mBounds=Rect(0, 0 - 1920, 1080) mAppBounds=Rect(0, 0 - 1920, 1080) mMaxBounds=Rect(0, 0 - 1920, 1080) mDisplayRotation=ROTATION_0 mWindowingMode=fullscreen mDisplayWindowingMode=fullscreen mActivityType=undefined mAlwaysOnTop=undefined mRotation=ROTATION_0} s.6 fontWeightAdjustment=0}
06-20 13:36:21.019 2025 2025 I id.providers.tv: Using CollectorTypeCC GC.
06-20 13:36:21.020 442 517 I netd : setNetworkAllowlist([NativeUidRangeConfig{netId: 100, uidRanges: [UidRangeParcel{start: 0, stop: 99999}], subPriority: 0}]) <0.02ms>
06-20 13:36:21.026 1973 2027 D CompatibilityChangeReporter: Compat change id reported: 160794467; UID 10017; state: ENABLED
06-20 13:36:21.028 685 830 W DnsManager: updatePrivateDns(100, PrivateDnsConfig{true:/[]})
06-20 13:36:21.029 685 830 D ConnectivityService: Setting DNS servers for network 100 to [/192.168.31.1]
06-20 13:36:21.030 685 701 D CoreBackPreview: Window{2bf85dc u0 InputMethod}: Setting back callback OnBackInvokedCallbackInfo{mCallback=android.window.IOnBackInvokedCallback$Stub$Proxy@64f5c61, mPriority=0, mIsAnimationCallback=false}
06-20 13:36:21.031 685 830 D DnsManager: sendDnsConfigurationForNetwork(100, [192.168.31.1], [], 1800, 25, 8, 64, 0, 0, , [192.168.31.1])
06-20 13:36:21.032 1799 1799 V SafetyCenterBackgroundR: Received a android.intent.action.BOOT_COMPLETED broadcast, but safety center is currently disabled. Cancelling any existing job.
06-20 13:36:21.033 442 517 I resolv : setDoh: No suitable DoH server found
06-20 13:36:21.034 442 517 I netd : DnsResolverService::setResolverConfiguration(100, [192.168.31.1], [], 1800, 25, 8, 64, 0, 0, "", [192.168.31.1]) -> (0) (2ms)
06-20 13:36:21.034 442 517 I netd : setResolverConfiguration(ResolverParamsParcel{netId: 100, sampleValiditySeconds: 1800, successThreshold: 25, minSamples: 8, maxSamples: 64, baseTimeoutMsec: 0, retryCount: 0, servers: [192.168.31.1], domains: [], tlsName: , tlsServers: [192.168.31.1], tlsFingerprints: [], caCertificate: , tlsConnectTimeoutMs: 0, resolverOptions: (null), transportTypes: [1]}) <2.22ms>
06-20 13:36:21.034 2025 2025 E id.providers.tv: Not starting debugger since process cannot load the jdwp agent.
06-20 13:36:21.037 685 822 W WifiScoreReport: Cannot start external scoring netId=100 currentNetId=100 currentNetCapabilities=[ Transports: WIFI Capabilities: NOT_METERED&INTERNET&NOT_RESTRICTED&TRUSTED&NOT_VPN&NOT_ROAMING&NOT_CONGESTED&NOT_SUSPENDED&NOT_VCN_MANAGED LinkUpBandwidth>=12000Kbps LinkDnBandwidth>=60000Kbps Specifier: TransportInfo: , Provider friendly name: , Requesting package name: "red5G"wpa2-pskMLO Information: , Is TID-To-Link negotiation supported by the AP: false, AP MLD Address: , AP MLO Link Id: , AP MLO Affiliated links: > SignalStrength: -38 AllowedUids: <{10029}> OwnerUid: 10029 AdminUids: [10029] SSID: "red5G" UnderlyingNetworks: Null] sessionId=1008
06-20 13:36:21.040 442 2035 W resolv : Validating DnsTlsServer 192.168.31.1 with mark 0xf0064
06-20 13:36:21.044 685 1135 D CompatibilityChangeReporter: Compat change id reported: 161145287; UID 10039; state: DISABLED
06-20 13:36:21.045 685 830 D ConnectivityService: Adding iface wlan0 to network 100
06-20 13:36:21.047 1957 1957 I DefaultIMS: onInitializeInterface:
06-20 13:36:21.053 442 2035 W resolv : Socket failed to connect: Network is unreachable
06-20 13:36:21.053 442 2035 W resolv : TCP Handshake failed: 101
06-20 13:36:21.054 442 2035 W resolv : query failed
06-20 13:36:21.054 442 2035 W resolv : validateDnsTlsServer returned 0 for 192.168.31.1
06-20 13:36:21.054 442 2035 W resolv : Validation failed
06-20 13:36:21.055 442 517 I netd : networkAddInterface(100, wlan0) <9.70ms>
06-20 13:36:21.060 442 517 I netd : wakeupAddInterface(wlan0, 432902426637:wlan0, -2147483648, -2147483648) <2.95ms>
06-20 13:36:21.063 1973 2027 D CompatibilityChangeReporter: Compat change id reported: 183155436; UID 10017; state: ENABLED
06-20 13:36:21.072 685 1069 D CompatibilityChangeReporter: Compat change id reported: 168419799; UID 10026; state: DISABLED
06-20 13:36:21.073 685 1069 D CompatibilityChangeReporter: Compat change id reported: 273564678; UID 10026; state: DISABLED
06-20 13:36:21.075 442 517 I netd : networkAddRouteParcel(100, RouteInfoParcel{destination: fe80::/64, ifName: wlan0, nextHop: , mtu: 0}) <1.19ms>
06-20 13:36:21.076 685 763 D CompatibilityChangeReporter: Compat change id reported: 265195908; UID 10026; state: ENABLED
06-20 13:36:21.081 2025 2025 D CompatibilityChangeReporter: Compat change id reported: 171979766; UID 10026; state: ENABLED
06-20 13:36:21.081 2025 2025 D CompatibilityChangeReporter: Compat change id reported: 242716250; UID 10026; state: ENABLED
06-20 13:36:21.083 442 517 I netd : networkAddRouteParcel(100, RouteInfoParcel{destination: 192.168.31.0/24, ifName: wlan0, nextHop: , mtu: 0}) <0.50ms>
06-20 13:36:21.085 442 517 I netd : networkAddRouteParcel(100, RouteInfoParcel{destination: 0.0.0.0/0, ifName: wlan0, nextHop: 192.168.31.1, mtu: 0}) <0.56ms>
06-20 13:36:21.086 685 1135 D CompatibilityChangeReporter: Compat change id reported: 170503758; UID 10026; state: ENABLED
06-20 13:36:21.086 685 830 D ConnectivityService: Setting DNS servers for network 100 to [/192.168.31.1]
06-20 13:36:21.087 685 830 D DnsManager: sendDnsConfigurationForNetwork(100, [192.168.31.1], [], 1800, 25, 8, 64, 0, 0, , [192.168.31.1])
06-20 13:36:21.088 442 517 I resolv : setDoh: No suitable DoH server found
06-20 13:36:21.088 442 517 I netd : DnsResolverService::setResolverConfiguration(100, [192.168.31.1], [], 1800, 25, 8, 64, 0, 0, "", [192.168.31.1]) -> (0) (0.5ms)
06-20 13:36:21.088 442 2047 W resolv : Validating DnsTlsServer 192.168.31.1 with mark 0xf0064
06-20 13:36:21.088 442 517 I netd : setResolverConfiguration(ResolverParamsParcel{netId: 100, sampleValiditySeconds: 1800, successThreshold: 25, minSamples: 8, maxSamples: 64, baseTimeoutMsec: 0, retryCount: 0, servers: [192.168.31.1], domains: [], tlsName: , tlsServers: [192.168.31.1], tlsFingerprints: [], caCertificate: , tlsConnectTimeoutMs: 0, resolverOptions: (null), transportTypes: [1]}) <0.66ms>
06-20 13:36:21.093 1957 1957 I InputModelManager: mLanguageId+0 mInputType=0mChInputType=2
06-20 13:36:21.095 1957 1957 I nw : loadKeyData: loadLanguageInfoSuccess ? true
06-20 13:36:21.095 1957 1957 I InputModelManager: getCurrentLanguageBean inputMode languageId:0
06-20 13:36:21.095 1957 1957 I nw : onChanged: languageResStatusBean=Language load status:
06-20 13:36:21.095 1957 1957 I nw : {}
06-20 13:36:21.098 685 750 D WifiMemoryStoreImpl: Set cluster G2ef4728d834cf0c8 for W117dc2f6e8b47f4e: SUCCESS
06-20 13:36:21.108 0 0 W : [1 T2047 ..] [SP FRAME TX] arp req,vif_idx:0 sender:[1c:79:2d:20:62:cb 192.168.31.30]receiver:[00:00:00:00:00:00 192.168.31.1]
06-20 13:36:21.113 0 0 W : [0 T1046 ..] [SP FRAME RX] arp rsp,vif_idx:0 sender:[c8:bf:4c:1d:7a:99 192.168.31.1]receiver:[1c:79:2d:20:62:cb 192.168.31.30]
06-20 13:36:21.103 1957 1957 I InputModelManager: getCurrentLanguageBean inputMode languageId:0
06-20 13:36:21.104 1799 1799 D SafetyLabelChangesJobService: Received broadcast with intent action 'android.intent.action.BOOT_COMPLETED'
06-20 13:36:21.107 685 700 D CompatibilityChangeReporter: Compat change id reported: 171306433; UID 10017; state: ENABLED
06-20 13:36:21.108 685 700 D CompatibilityChangeReporter: Compat change id reported: 218533173; UID 10017; state: ENABLED
06-20 13:36:21.108 442 517 I netd : setProcSysNet(4, 2, wlan0, retrans_time_ms, 1000) <0.20ms>
06-20 13:36:21.109 1957 1957 I LanguageResManager: prepareResource onSuccess:
06-20 13:36:21.109 442 517 I netd : setProcSysNet(4, 2, wlan0, ucast_solicit, 15) <0.11ms>
06-20 13:36:21.109 442 2047 W resolv : SSL_connect ssl error =5, mark 0xf0064: Connection refused
06-20 13:36:21.109 442 2047 W resolv : TLS Handshake failed
06-20 13:36:21.111 442 2047 W resolv : query failed
06-20 13:36:21.111 442 2047 W resolv : validateDnsTlsServer returned 0 for 192.168.31.1
06-20 13:36:21.111 1799 1799 I SafetyLabelChangesJobService: onReceive: Safety label change notifications are not enabled.
06-20 13:36:21.112 442 2047 W resolv : Validation failed
06-20 13:36:21.113 1957 1957 D InputSurface: initView:
06-20 13:36:21.114 1957 1957 I MainPresenter: initView:
06-20 13:36:21.114 1957 1957 D MainLayer: initView:
06-20 13:36:21.115 1957 1957 D BodyAreaPresenter: initView:
06-20 13:36:21.115 442 517 I netd : setProcSysNet(6, 2, wlan0, retrans_time_ms, 1000) <0.12ms>
06-20 13:36:21.116 442 517 I netd : setProcSysNet(6, 2, wlan0, ucast_solicit, 15) <0.16ms>
06-20 13:36:21.117 1957 2048 I LanguageResManager: prepareResource onSuccess:
06-20 13:36:21.117 685 830 W BestClock: java.time.DateTimeException: Missing network time fix
06-20 13:36:21.133 1799 1799 I PermissionEventCleanupJobService: Job already scheduled.
06-20 13:36:21.135 1799 1799 D PermissionStorageTimeChangeReceiver: systemTimeSnapshot set to 1750397781135
06-20 13:36:21.135 1799 1799 D PermissionStorageTimeChangeReceiver: realtimeSnapshot set to 27978
06-20 13:36:21.143 1957 1957 I DefaultIMS: DefaultIMS::onInitializeInterface() finish
06-20 13:36:21.146 1957 1957 D CompatibilityChangeReporter: Compat change id reported: 160794467; UID 10039; state: DISABLED
06-20 13:36:21.197 0 0 W [0 T1878 ..] audit: audit_lost=92 audit_rate_limit=5 audit_backlog_limit=64
06-20 13:36:21.197 0 0 E [0 T1878 ..] audit: rate limit exceeded
06-20 13:36:21.151 442 517 I netd : tetherGetStats() -> {[]} <3.96ms>
06-20 13:36:21.151 1957 1957 I DefaultIMS: onStartInput attribute=android.view.inputmethod.EditorInfo@d62d428 restarting=false inputType: 0
06-20 13:36:21.151 1957 1957 I nw : onChanged: languageResStatusBean=Language load status:
06-20 13:36:21.151 1957 1957 I nw : {zh=3}
06-20 13:36:21.152 1957 1957 I DefaultIMS: initializedCallback: time tag1=1750397781151
06-20 13:36:21.152 1957 1957 I nw : initializeInputSession: inputMode=languageID=0
06-20 13:36:21.152 1957 1957 I nw : scriptID=2
06-20 13:36:21.152 1957 1957 I nw : layoutID=2
06-20 13:36:21.152 1957 1957 I KeyEventTransfer: languageID=0
06-20 13:36:21.152 1957 1957 I KeyEventTransfer: scriptID=2
06-20 13:36:21.152 1957 1957 I KeyEventTransfer: layoutID=2
06-20 13:36:21.157 685 830 W BestClock: java.time.DateTimeException: Missing network time fix
06-20 13:36:21.159 685 1069 D WifiMemoryStoreImpl: Set cluster G2ef4728d834cf0c8 for W2ef4728d834cf0c8: SUCCESS
06-20 13:36:21.160 685 700 D CompatibilityChangeReporter: Compat change id reported: 143231523; UID 10017; state: DISABLED
06-20 13:36:21.169 2025 2025 D nativeloader: Configuring clns-shared-4 for other apk /system/priv-app/TvProvider/TvProvider.apk. target_sdk_version=34, uses_libraries=, library_path=/system/priv-app/TvProvider/lib/arm:/system/lib:/system_ext/lib, permitted_path=/data:/mnt/expand:/data/user_de/0/com.android.providers.tv:/system/priv-app/TvProvider:/system/lib:/system_ext/lib
06-20 13:36:21.173 965 2053 D NetworkMonitor/100: Validation disabled.
06-20 13:36:21.175 685 830 D ConnectivityService: Switching to new default network for: uid/pid:1000/685 activeRequest: 1 callbackRequest: 1 [NetworkRequest [ REQUEST id=1, [ Capabilities: INTERNET&NOT_RESTRICTED&TRUSTED&NOT_VPN&NOT_VCN_MANAGED RequestorUid: 1000 RequestorPkg: android UnderlyingNetworks: Null] ]] callback flags: 1 order: 2147483647 using NetworkAgentInfo{network{100} handle{432902426637} ni{WIFI CONNECTED extra: } created=2025-06-20T05:36:20.366Z Score(Policies : TRANSPORT_PRIMARY&IS_UNMETERED ; KeepConnected : 0) created 27851 lp{{InterfaceName: wlan0 LinkAddresses: [ fe80::2f83:8cd7:c59c:d0f5/64,192.168.31.30/24 ] DnsAddresses: [ /192.168.31.1 ] Domains: null MTU: 0 ServerAddress: /192.168.31.1 TcpBufferSizes: 524288,1048576,2097152,262144,524288,1048576 Routes: [ fe80::/64 -> :: wlan0 mtu 0,192.168.31.0/24 -> 0.0.0.0 wlan0 mtu 0,0.0.0.0/0 -> 192.168.31.1 wlan0 mtu 0 ]}} nc{[ Transports: WIFI Capabilities: NOT_METERED&INTERNET&NOT_RESTRICTED&TRUSTED&NOT_VPN&NOT_ROAMING&FOREGROUND&NOT_CONGESTED&NOT_SUSPENDED&NOT_VCN_MANAGED LinkUpBandwidth>=12000Kbps LinkDnBandwidth>=60000Kbps Specifier: TransportInfo: , Provider friendly name: , Requesting package name: "red5G"wpa2-pskMLO Information: , Is TID-To-Link negotiation supported by the AP: false, AP MLD Address: , AP MLO Link Id: , AP MLO Affiliated links: > SignalStrength: -38 OwnerUid: 10029 AdminUids: [10029] SSID: "red5G" UnderlyingNetworks: Null]} factorySerialNumber=4}
06-20 13:36:21.175 442 517 I netd : networkSetDefault(100) <0.43ms>
06-20 13:36:21.177 685 822 E WifiStaIfaceAidlImpl: stopRssiMonitoring failed with service-specific exception: android.os.ServiceSpecificException: (code 5)
06-20 13:36:21.183 442 508 E NetlinkEvent: NetlinkEvent::FindParam(): Parameter 'INTERFACE' not found
06-20 13:36:21.183 442 508 E NetlinkEvent: NetlinkEvent::FindParam(): Parameter 'STATE' not found
06-20 13:36:21.183 442 508 E NetlinkEvent: NetlinkEvent::FindParam(): Parameter 'TIME_NS' not found
06-20 13:36:21.183 442 508 E NetlinkEvent: NetlinkEvent::FindParam(): Parameter 'UID' not found
06-20 13:36:21.184 1865 1878 D XM_HIDREAD: add@ add@/devices/virtual/xt_idletimer/timers
06-20 13:36:21.191 442 517 I netd : idletimerAddInterface(wlan0, 15, 1) <12.51ms>
06-20 13:36:21.195 442 517 I netd : setTcpRWmemorySize(524288 1048576 2097152, 262144 524288 1048576) <0.31ms>
06-20 13:36:21.201 685 830 W BestClock: java.time.DateTimeException: Missing network time fix
06-20 13:36:21.203 1423 1423 E xxxxxxxxxxxxxxx: onReceive: true , configuration = {1.0 ?mcc0mnc [zh_CN] ldltr sw720dp w1280dp h720dp 240dpi xlrg long land television -touch -keyb/v/h dpad/v winConfig={ mBounds=Rect(0, 0 - 1920, 1080) mAppBounds=Rect(0, 0 - 1920, 1080) mMaxBounds=Rect(0, 0 - 1920, 1080) mDisplayRotation=ROTATION_0 mWindowingMode=fullscreen mDisplayWindowingMode=fullscreen mActivityType=undefined mAlwaysOnTop=undefined mRotation=ROTATION_0} s.6 fontWeightAdjustment=0}
06-20 13:36:21.203 1423 1423 D TheRouter::RouterInject: interception::===interface com.dangbei.leard.protocol.MainManagerInterface===MainManagerInterfaceImpl18930941
06-20 13:36:21.203 1423 1423 E xxxxxxxxxxxxxxx: isScreenSizeChange=false app onConfigurationChanged={1.0 ?mcc0mnc [zh_CN] ldltr sw720dp w1280dp h720dp 240dpi xlrg long land television -touch -keyb/v/h dpad/v winConfig={ mBounds=Rect(0, 0 - 1920, 1080) mAppBounds=Rect(0, 0 - 1920, 1080) mMaxBounds=Rect(0, 0 - 1920, 1080) mDisplayRotation=ROTATION_0 mWindowingMode=fullscreen mDisplayWindowingMode=fullscreen mActivityType=undefined mAlwaysOnTop=undefined mRotation=ROTATION_0} s.6 fontWeightAdjustment=0}
06-20 13:36:21.209 2025 2025 V GraphicsEnvironment: Currently set values for:
06-20 13:36:21.210 2025 2025 V GraphicsEnvironment: angle_gl_driver_selection_pkgs=[]
06-20 13:36:21.210 2025 2025 V GraphicsEnvironment: angle_gl_driver_selection_values=[]
06-20 13:36:21.211 2025 2025 V GraphicsEnvironment: ANGLE GameManagerService for com.android.providers.tv: false
06-20 13:36:21.211 2025 2025 V GraphicsEnvironment: com.android.providers.tv is not listed in per-application setting
06-20 13:36:21.211 2025 2025 V GraphicsEnvironment: Neither updatable production driver nor prerelease driver is supported.
06-20 13:36:21.217 442 517 I netd : tetherGetStats() -> {[]} <2.36ms>
06-20 13:36:21.218 685 750 D CompatibilityChangeReporter: Compat change id reported: 149924527; UID 10039; state: ENABLED
06-20 13:36:21.218 685 750 D CompatibilityChangeReporter: Compat change id reported: 132649864; UID 10039; state: DISABLED
06-20 13:36:21.219 2025 2025 D CompatibilityChangeReporter: Compat change id reported: 160794467; UID 10026; state: ENABLED
06-20 13:36:21.220 685 830 W BestClock: java.time.DateTimeException: Missing network time fix
06-20 13:36:21.230 1423 1423 E hq : CrashHandler:::图片加载异常 message=Failed to load resource
06-20 13:36:21.230 1423 1423 E hq : model=
06-20 13:36:21.230 1423 1423 E hq : target=Target for: com.dangbei.palaemon.layout.DBImageView{f72f8a3 V.ED..... ........ 0,0-410,580}
06-20 13:36:21.232 965 1058 D UpstreamNetworkMonitor: New default Internet network: 100
06-20 13:36:21.232 685 857 D NetworkTimeUpdateService: New default network 100; checking time.
06-20 13:36:21.235 454 642 D audio_hw_hal_ms12common: func:ms12_timer_callback_handler sigv:0 ~~~~~~~~~~
06-20 13:36:21.235 454 642 D audio_hw_hal_ms12v2: set_dolby_ms12_continuous_state audio_continuous_standby_set status 1
06-20 13:36:21.236 454 642 D audio_hw_hal_continuous_standby: audio_continuous_standby_set, type 0, params 1
06-20 13:36:21.236 454 642 D audio_hw_hal_ms12common: aml_send_ms12_scheduler_state_2_ms12 adev:0xeecc0010, sch_state:1(SCHEDULER_STANDBY)
06-20 13:36:21.244 685 830 D ConnectivityService: Sending CONNECTED broadcast for type 1 [100 WIFI] isDefaultNetwork=true
06-20 13:36:21.244 685 830 W ContextImpl: Calling a method in the system process without a qualified user: android.app.ContextImpl.sendStickyBroadcast:1626 android.net.connectivity.com.android.server.ConnectivityService.sendStickyBroadcast:3284 android.net.connectivity.com.android.server.ConnectivityService.sendGeneralBroadcast:3254 android.net.connectivity.com.android.server.ConnectivityService.sendConnectedBroadcast:3227 android.net.connectivity.com.android.server.ConnectivityService.sendLegacyNetworkBroadcast:10231
06-20 13:36:21.244 685 852 D InstantWifi: Receive Wifi is connected, freq = 5785 and currentNetworkId : 0, wifiinfo = SSID: , BSSID: 02:00:00:00:00:00, MAC: 02:00:00:00:00:00, IP: /192.168.31.30, Security type: 2, Supplicant state: COMPLETED, Wi-Fi standard: 6, RSSI: -38, Link speed: 1200Mbps, Tx Link speed: 1200Mbps, Max Supported Tx Link speed: 1200Mbps, Rx Link speed: 6Mbps, Max Supported Rx Link speed: 1200Mbps, Frequency: 5785MHz, Net ID: -1, Metered hint: false, score: 60, isUsable: true, CarrierMerged: false, SubscriptionId: -1, IsPrimary: 1, Trusted: true, Restricted: false, Ephemeral: false, OEM paid: false, OEM private: false, OSU AP: false, FQDN: , Provider friendly name: , Requesting package name: MLO Information: , Is TID-To-Link negotiation supported by the AP: false, AP MLD Address: , AP MLO Link Id: , AP MLO Affiliated links:
06-20 13:36:21.248 685 820 W BestClock: java.time.DateTimeException: Missing network time fix
06-20 13:36:21.249 685 830 D ConnectivityService: NetReassign [40 : null → 100, 16 : null → 100, 38 : null → 100, 42 : null → 100, 31 : null → 100, 24 : null → 100, 22 : null → 100, 26 : null → 100, 18 : null → 100, 1 : null → 100, 34 : null → 100, 14 : null → 100, 7 : null → 100] [c 1] [a 74] [i 2]
06-20 13:36:21.252 1423 1423 E hq : NetWorkStateReceiver:::NetWorkStateReceiver onReceive: 网络变化广播 >>>> intent.action=android.net.conn.CONNECTIVITY_CHANGE
06-20 13:36:21.252 442 2057 I resolv : GetAddrInfoHandler::run: {100 983140 100 983140 1000 1}
06-20 13:36:21.253 1423 1423 E hq : NetWorkStateReceiver:::Network is available. isConnect=false 是否频次过快=false t=1750397781253
06-20 13:36:21.254 1003 1577 W System.err: java.lang.NoSuchMethodException: android.net.SntpClient.requestTime [class java.lang.String, int, class android.net.Network]
06-20 13:36:21.254 1423 1423 W eventbuscore: post Event:com.dangbei.leard.base.entity.event.NetStateEvent
06-20 13:36:21.254 1003 1577 W System.err: at java.lang.Class.getMethod(Class.java:2937)
06-20 13:36:21.254 1003 1577 W System.err: at java.lang.Class.getMethod(Class.java:2449)
06-20 13:36:21.254 1003 1577 W System.err: at com.droidlogic.NtpService.SyncTimeLock(NtpService.java:113)
06-20 13:36:21.254 1003 1577 W System.err: at com.droidlogic.NtpService.-$$Nest$mSyncTimeLock(Unknown Source:0)
06-20 13:36:21.254 1003 1577 W System.err: at com.droidlogic.NtpService$2.run(NtpService.java:104)
06-20 13:36:21.254 1003 1577 W System.err: at android.os.Handler.handleCallback(Handler.java:958)
06-20 13:36:21.254 1003 1577 W System.err: at android.os.Handler.dispatchMessage(Handler.java:99)
06-20 13:36:21.254 1003 1577 W System.err: at android.os.Looper.loopOnce(Looper.java:205)
06-20 13:36:21.254 1003 1577 W System.err: at android.os.Looper.loop(Looper.java:294)
06-20 13:36:21.254 1003 1577 W System.err: at android.os.HandlerThread.run(HandlerThread.java:67)
06-20 13:36:21.255 685 820 W BestClock: java.time.DateTimeException: Missing network time fix
06-20 13:36:21.259 1456 1456 D aaa : action:android.net.conn.CONNECTIVITY_CHANGE
06-20 13:36:21.259 1732 1732 D RockyReceiver: action: android.net.conn.CONNECTIVITY_CHANGE
06-20 13:36:21.261 1732 1732 I Receiver: 网络连接成功
06-20 13:36:21.264 442 2058 I resolv : res_nmkquery: (QUERY, IN, A)
06-20 13:36:21.267 1423 1837 D AppManager: requestBlackAndWhiteList
06-20 13:36:21.267 1423 1837 D AppListModel: requestAppFilterList: true , false
06-20 13:36:21.269 1423 1423 W eventbuscore: post Event:com.dangbei.leard.base.entity.event.NetChangeEvent
06-20 13:36:21.274 1423 1837 D TheRouter::RouterInject: interception::===interface com.dangbei.leard.protocol.weather.CalendarManagerInterface===CalendarManager93100504
06-20 13:36:21.275 442 2058 I resolv : res_nsend: used send_dg 356 terrno: 0
06-20 13:36:21.275 442 2058 I resolv : doQuery: rcode=0, ancount=4, return value=356
06-20 13:36:21.278 1423 1620 D yc_test : refreshWeather: null
06-20 13:36:21.281 1423 1848 E DangXiaoBeiManager: setMessageList: true
06-20 13:36:21.285 685 857 D TrafficStats: tagSocket(422) with statsTag=0xffffff41, statsUid=-1
06-20 13:36:21.286 1423 1848 E hq : 当小贝:::message list add complete data.messageList:[]
06-20 13:36:21.286 1423 1848 E hq : data.tabList=[]
06-20 13:36:21.286 1423 1848 I hq : 当小贝:::showMessage from=net_change
06-20 13:36:21.287 1423 1848 I hq : 当小贝:::showMessage 没有消息需要显示
06-20 13:36:21.288 1407 1407 D LanSocketServer: connect
06-20 13:36:21.289 685 820 W BestClock: java.time.DateTimeException: Missing network time fix
06-20 13:36:21.290 685 820 W BestClock: java.time.DateTimeException: Missing network time fix
06-20 13:36:21.311 685 718 D CompatibilityChangeReporter: Compat change id reported: 135634846; UID 10058; state: DISABLED
06-20 13:36:21.311 685 718 D CompatibilityChangeReporter: Compat change id reported: 177438394; UID 10058; state: DISABLED
06-20 13:36:21.311 685 718 D CompatibilityChangeReporter: Compat change id reported: 135772972; UID 10058; state: DISABLED
06-20 13:36:21.311 685 718 D CompatibilityChangeReporter: Compat change id reported: 135754954; UID 10058; state: ENABLED
06-20 13:36:21.313 685 719 D CompatibilityChangeReporter: Compat change id reported: 143937733; UID 10058; state: ENABLED
06-20 13:36:21.319 685 830 I ConnectivityService: Update score for net 100 : +EVER_EVALUATED
06-20 13:36:21.330 1423 2066 D dangbei ad sdk: HttpUtils.....::response=http://esw.tymcdn.com/dbGold/os/v2/sdkSwitch.do
06-20 13:36:21.332 1423 1423 E hq : listenerNet:::重新来网了 key=image_error isConnect=true
06-20 13:36:21.333 1423 1423 E hq : listenerNet:::重新来网了 key=requestAppWhiteList isConnect=true
06-20 13:36:21.335 1423 1959 I System.out: true
06-20 13:36:21.337 1423 1423 E hq : listenerNet:::重新来网了 key=ConfigureInterface:Init isConnect=true
06-20 13:36:21.341 1423 1423 E hq : listenerNet:::重新来网了 key=requestGetMessageRemind isConnect=true
06-20 13:36:21.343 1423 1423 E hq : listenerNet:::重新来网了 key=requestMessageConfig isConnect=true
06-20 13:36:21.344 1423 1423 E hq : listenerNet:::重新来网了 key=requestMessageDialog isConnect=true
06-20 13:36:21.346 1423 1423 E hq : listenerNet:::重新来网了 key=requestNetAppAdInfo isConnect=true
06-20 13:36:21.348 442 2064 I resolv : GetAddrInfoHandler::run: {100 786532 100 983140 1000 0}
06-20 13:36:21.350 1423 1841 D yc_test : refreshWeather: null
06-20 13:36:21.362 442 2068 I resolv : GetAddrInfoHandler::run: {100 786532 100 983140 1000 0}
06-20 13:36:21.364 442 2070 I resolv : GetAddrInfoHandler::run: {100 786532 100 983140 1000 0}
06-20 13:36:21.366 442 2065 I resolv : GetAddrInfoHandler::run: {100 786532 100 983140 1000 0}
06-20 13:36:21.368 443 443 D Zygote : Forked child process 2075
06-20 13:36:21.368 685 719 W ActivityManager: Slow operation: 58ms so far, now at startProcess: returned from zygote!
06-20 13:36:21.369 685 719 W ActivityManager: Slow operation: 58ms so far, now at startProcess: done updating battery stats
06-20 13:36:21.369 685 719 W ActivityManager: Slow operation: 58ms so far, now at startProcess: building log message
06-20 13:36:21.369 685 719 I ActivityManager: Start proc 2075:com.android.rkpdapp/u0a58 for broadcast {com.android.rkpdapp/com.android.rkpdapp.BootReceiver}
06-20 13:36:21.369 685 719 W ActivityManager: Slow operation: 59ms so far, now at startProcess: starting to update pids map
06-20 13:36:21.369 685 719 W ActivityManager: Slow operation: 59ms so far, now at startProcess: done updating pids map
06-20 13:36:21.370 1423 1423 E hq : CrashHandler:::图片加载异常 message=Failed to load resource
06-20 13:36:21.370 1423 1423 E hq : model=
06-20 13:36:21.370 1423 1423 E hq : target=Target for: com.dangbei.palaemon.layout.DBImageView{f72f8a3 V.ED..... ........ 0,0-410,580}
06-20 13:36:21.371 442 2073 I resolv : res_nmkquery: (QUERY, IN, A)
06-20 13:36:21.372 442 2074 I resolv : res_nmkquery: (QUERY, IN, A)
06-20 13:36:21.375 442 2073 I resolv : res_nsend: used send_dg 65 terrno: 0
06-20 13:36:21.375 442 2073 I resolv : doQuery: rcode=0, ancount=1, return value=65
06-20 13:36:21.377 1423 2061 D TrafficStats: tagSocket(169) with statsTag=0xffffffff, statsUid=-1
06-20 13:36:21.378 442 2074 I resolv : res_nsend: used send_dg 415 terrno: 0
06-20 13:36:21.378 442 2074 I resolv : doQuery: rcode=0, ancount=2, return value=415
06-20 13:36:21.380 1423 1959 D TrafficStats: tagSocket(154) with statsTag=0xffffffff, statsUid=-1
06-20 13:36:21.398 0 0 W : [1 T1041 ..] >>> aml_rx_me_tx_credits_update_ind()
06-20 13:36:21.382 442 2071 I resolv : GetAddrInfoHandler::run: {100 786532 100 983140 1000 0}
06-20 13:36:21.383 442 2072 I resolv : res_nmkquery: (QUERY, IN, A)
06-20 13:36:21.383 442 2072 I resolv : resolv_cache_lookup: FOUND IN CACHE entry=0xeba41b90
06-20 13:36:21.383 442 2072 I resolv : doQuery: rcode=0, ancount=1, return value=65
06-20 13:36:21.387 1423 1789 D TrafficStats: tagSocket(139) with statsTag=0xffffffff, statsUid=-1
06-20 13:36:21.398 685 830 D ConnectivityService: [100 WIFI] validation passed
06-20 13:36:21.398 685 830 I ConnectivityService: Update capabilities for net 100 : +VALIDATED
06-20 13:36:21.398 685 830 I ConnectivityService: Update score for net 100 : +EVER_VALIDATED+IS_VALIDATED
06-20 13:36:21.413 685 830 D ConnectivityService: NetReassign [no changes] [c 0] [a 0] [i 14]
06-20 13:36:21.420 685 852 D InstantWifi: Receive Wifi is connected, freq = 5785 and currentNetworkId : 0, wifiinfo = SSID: , BSSID: 02:00:00:00:00:00, MAC: 02:00:00:00:00:00, IP: /192.168.31.30, Security type: 2, Supplicant state: COMPLETED, Wi-Fi standard: 6, RSSI: -38, Link speed: 1200Mbps, Tx Link speed: 1200Mbps, Max Supported Tx Link speed: 1200Mbps, Rx Link speed: 6Mbps, Max Supported Rx Link speed: 1200Mbps, Frequency: 5785MHz, Net ID: -1, Metered hint: false, score: 60, isUsable: true, CarrierMerged: false, SubscriptionId: -1, IsPrimary: 1, Trusted: true, Restricted: false, Ephemeral: false, OEM paid: false, OEM private: false, OSU AP: false, FQDN: , Provider friendly name: , Requesting package name: MLO Information: , Is TID-To-Link negotiation supported by the AP: false, AP MLD Address: , AP MLO Link Id: , AP MLO Affiliated links:
06-20 13:36:21.434 1423 2069 D TrafficStats: tagSocket(184) with statsTag=0xffffffff, statsUid=-1
06-20 13:36:21.441 1423 2062 D TrafficStats: tagSocket(188) with statsTag=0xffffffff, statsUid=-1
06-20 13:36:21.458 2075 2075 I Zygote : seccomp disabled by setenforce 0
06-20 13:36:21.464 2075 2075 I android.rkpdapp: Using CollectorTypeCC GC.
06-20 13:36:21.466 442 2077 I resolv : res_nmkquery: (QUERY, IN, A)
06-20 13:36:21.466 442 2077 I resolv : resolv_cache_lookup: FOUND IN CACHE entry=0xeba41b90
06-20 13:36:21.466 442 2077 I resolv : doQuery: rcode=0, ancount=1, return value=65
06-20 13:36:21.468 685 718 I ActivityManager: reportOnUserCompletedEvent(0): stored=10, eligible=111
06-20 13:36:21.469 685 718 D SystemServerTimingAsync: ssm.CompletedEventUser-0
06-20 13:36:21.469 685 718 I SystemServiceManager: Calling onCompletedEventUser 0
06-20 13:36:21.470 1423 2060 D TrafficStats: tagSocket(176) with statsTag=0xffffffff, statsUid=-1
06-20 13:36:21.499 685 2090 D SystemServerTimingAsync: ssm.onCompletedEventUser-0_{|Unlocked|}_com.android.server.pm.Installer
06-20 13:36:21.499 685 2090 V SystemServerTimingAsync: ssm.onCompletedEventUser-0_{|Unlocked|}_com.android.server.pm.Installer took to complete: 0ms
06-20 13:36:21.499 685 2090 D SystemServerTimingAsync: ssm.onCompletedEventUser-0_{|Unlocked|}_com.android.server.flags.FeatureFlagsService
06-20 13:36:21.499 685 2090 V SystemServerTimingAsync: ssm.onCompletedEventUser-0_{|Unlocked|}_com.android.server.flags.FeatureFlagsService took to complete: 0ms
06-20 13:36:21.499 685 2090 D SystemServerTimingAsync: ssm.onCompletedEventUser-0_{|Unlocked|}_com.android.server.uri.UriGrantsManagerService$Lifecycle
06-20 13:36:21.499 685 2090 V SystemServerTimingAsync: ssm.onCompletedEventUser-0_{|Unlocked|}_com.android.server.uri.UriGrantsManagerService$Lifecycle took to complete: 0ms
06-20 13:36:21.499 685 2090 D SystemServerTimingAsync: ssm.onCompletedEventUser-0_{|Unlocked|}_com.android.server.powerstats.PowerStatsService
06-20 13:36:21.499 685 2090 V SystemServerTimingAsync: ssm.onCompletedEventUser-0_{|Unlocked|}_com.android.server.powerstats.PowerStatsService took to complete: 0ms
06-20 13:36:21.499 685 2090 D SystemServerTimingAsync: ssm.onCompletedEventUser-0_{|Unlocked|}_com.android.server.permission.access.AccessCheckingService
06-20 13:36:21.499 685 2090 V SystemServerTimingAsync: ssm.onCompletedEventUser-0_{|Unlocked|}_com.android.server.permission.access.AccessCheckingService took to complete: 0ms
06-20 13:36:21.499 685 2090 D SystemServerTimingAsync: ssm.onCompletedEventUser-0_{|Unlocked|}_com.android.server.wm.ActivityTaskManagerService$Lifecycle
06-20 13:36:21.499 685 2090 V SystemServerTimingAsync: ssm.onCompletedEventUser-0_{|Unlocked|}_com.android.server.wm.ActivityTaskManagerService$Lifecycle took to complete: 0ms
06-20 13:36:21.499 685 2090 D SystemServerTimingAsync: ssm.onCompletedEventUser-0_{|Unlocked|}_com.android.server.am.ActivityManagerService$Lifecycle
06-20 13:36:21.499 685 2090 V SystemServerTimingAsync: ssm.onCompletedEventUser-0_{|Unlocked|}_com.android.server.am.ActivityManagerService$Lifecycle took to complete: 0ms
06-20 13:36:21.499 685 2090 D SystemServerTimingAsync: ssm.onCompletedEventUser-0_{|Unlocked|}_com.android.server.pm.DataLoaderManagerService
06-20 13:36:21.500 685 2090 V SystemServerTimingAsync: ssm.onCompletedEventUser-0_{|Unlocked|}_com.android.server.pm.DataLoaderManagerService took to complete: 0ms
06-20 13:36:21.500 685 2090 D SystemServerTimingAsync: ssm.onCompletedEventUser-0_{|Unlocked|}_com.android.server.power.PowerManagerService
06-20 13:36:21.500 685 2090 V SystemServerTimingAsync: ssm.onCompletedEventUser-0_{|Unlocked|}_com.android.server.power.PowerManagerService took to complete: 0ms
06-20 13:36:21.500 685 2090 D SystemServerTimingAsync: ssm.onCompletedEventUser-0_{|Unlocked|}_com.android.server.power.ThermalManagerService
06-20 13:36:21.500 685 2090 V SystemServerTimingAsync: ssm.onCompletedEventUser-0_{|Unlocked|}_com.android.server.power.ThermalManagerService took to complete: 0ms
06-20 13:36:21.500 685 2090 D SystemServerTimingAsync: ssm.onCompletedEventUser-0_{|Unlocked|}_com.android.server.power.hint.HintManagerService
06-20 13:36:21.500 685 2090 V SystemServerTimingAsync: ssm.onCompletedEventUser-0_{|Unlocked|}_com.android.server.power.hint.HintManagerService took to complete: 0ms
06-20 13:36:21.500 685 2090 D SystemServerTimingAsync: ssm.onCompletedEventUser-0_{|Unlocked|}_com.android.server.recoverysystem.RecoverySystemService$Lifecycle
06-20 13:36:21.500 685 2090 V SystemServerTimingAsync: ssm.onCompletedEventUser-0_{|Unlocked|}_com.android.server.recoverysystem.RecoverySystemService$Lifecycle took to complete: 0ms
06-20 13:36:21.500 685 2090 D SystemServerTimingAsync: ssm.onCompletedEventUser-0_{|Unlocked|}_com.android.server.lights.LightsService
06-20 13:36:21.500 685 2090 V SystemServerTimingAsync: ssm.onCompletedEventUser-0_{|Unlocked|}_com.android.server.lights.LightsService took to complete: 0ms
06-20 13:36:21.500 685 2090 D SystemServerTimingAsync: ssm.onCompletedEventUser-0_{|Unlocked|}_com.android.server.display.DisplayManagerService
06-20 13:36:21.500 685 2090 V SystemServerTimingAsync: ssm.onCompletedEventUser-0_{|Unlocked|}_com.android.server.display.DisplayManagerService took to complete: 0ms
06-20 13:36:21.500 685 2090 D SystemServerTimingAsync: ssm.onCompletedEventUser-0_{|Unlocked|}_com.android.server.pm.verify.domain.DomainVerificationService
06-20 13:36:21.500 685 2090 V SystemServerTimingAsync: ssm.onCompletedEventUser-0_{|Unlocked|}_com.android.server.pm.verify.domain.DomainVerificationService took to complete: 0ms
06-20 13:36:21.500 685 2090 D SystemServerTimingAsync: ssm.onCompletedEventUser-0_{|Unlocked|}_com.android.server.pm.PackageInstallerService$Lifecycle
06-20 13:36:21.500 685 2090 V SystemServerTimingAsync: ssm.onCompletedEventUser-0_{|Unlocked|}_com.android.server.pm.PackageInstallerService$Lifecycle took to complete: 0ms
06-20 13:36:21.500 685 2090 D SystemServerTimingAsync: ssm.onCompletedEventUser-0_{|Unlocked|}_com.android.server.pm.UserManagerService$LifeCycle
06-20 13:36:21.500 685 2090 V SystemServerTimingAsync: ssm.onCompletedEventUser-0_{|Unlocked|}_com.android.server.pm.UserManagerService$LifeCycle took to complete: 0ms
06-20 13:36:21.500 685 2090 D SystemServerTimingAsync: ssm.onCompletedEventUser-0_{|Unlocked|}_com.android.server.om.OverlayManagerService
06-20 13:36:21.500 442 2083 I resolv : res_nmkquery: (QUERY, IN, A)
06-20 13:36:21.500 685 2090 V SystemServerTimingAsync: ssm.onCompletedEventUser-0_{|Unlocked|}_com.android.server.om.OverlayManagerService took to complete: 0ms
06-20 13:36:21.505 685 2090 D SystemServerTimingAsync: ssm.onCompletedEventUser-0_{|Unlocked|}_com.android.server.resources.ResourcesManagerService
06-20 13:36:21.505 685 2090 V SystemServerTimingAsync: ssm.onCompletedEventUser-0_{|Unlocked|}_com.android.server.resources.ResourcesManagerService took to complete: 0ms
06-20 13:36:21.505 685 2090 D SystemServerTimingAsync: ssm.onCompletedEventUser-0_{|Unlocked|}_com.android.server.sensorprivacy.SensorPrivacyService
06-20 13:36:21.505 685 2090 V SystemServerTimingAsync: ssm.onCompletedEventUser-0_{|Unlocked|}_com.android.server.sensorprivacy.SensorPrivacyService took to complete: 0ms
06-20 13:36:21.505 685 2090 D SystemServerTimingAsync: ssm.onCompletedEventUser-0_{|Unlocked|}_com.android.server.sensors.SensorService
06-20 13:36:21.505 685 2090 V SystemServerTimingAsync: ssm.onCompletedEventUser-0_{|Unlocked|}_com.android.server.sensors.SensorService took to complete: 0ms
06-20 13:36:21.505 685 2090 D SystemServerTimingAsync: ssm.onCompletedEventUser-0_{|Unlocked|}_com.android.server.SystemConfigService
06-20 13:36:21.505 685 2090 V SystemServerTimingAsync: ssm.onCompletedEventUser-0_{|Unlocked|}_com.android.server.SystemConfigService took to complete: 0ms
06-20 13:36:21.505 685 2090 D SystemServerTimingAsync: ssm.onCompletedEventUser-0_{|Unlocked|}_com.android.server.BatteryService
06-20 13:36:21.505 685 2090 V SystemServerTimingAsync: ssm.onCompletedEventUser-0_{|Unlocked|}_com.android.server.BatteryService took to complete: 0ms
06-20 13:36:21.505 685 2090 D SystemServerTimingAsync: ssm.onCompletedEventUser-0_{|Unlocked|}_com.android.server.usage.UsageStatsService
06-20 13:36:21.505 685 2090 V SystemServerTimingAsync: ssm.onCompletedEventUser-0_{|Unlocked|}_com.android.server.usage.UsageStatsService took to complete: 0ms
06-20 13:36:21.505 685 2090 D SystemServerTimingAsync: ssm.onCompletedEventUser-0_{|Unlocked|}_com.android.server.webkit.WebViewUpdateService
06-20 13:36:21.505 685 2090 V SystemServerTimingAsync: ssm.onCompletedEventUser-0_{|Unlocked|}_com.android.server.webkit.WebViewUpdateService took to complete: 0ms
06-20 13:36:21.505 685 2090 D SystemServerTimingAsync: ssm.onCompletedEventUser-0_{|Unlocked|}_com.android.server.CachedDeviceStateService
06-20 13:36:21.505 685 2090 V SystemServerTimingAsync: ssm.onCompletedEventUser-0_{|Unlocked|}_com.android.server.CachedDeviceStateService took to complete: 0ms
06-20 13:36:21.505 685 2090 D SystemServerTimingAsync: ssm.onCompletedEventUser-0_{|Unlocked|}_com.android.server.BinderCallsStatsService$LifeCycle
06-20 13:36:21.505 685 2090 V SystemServerTimingAsync: ssm.onCompletedEventUser-0_{|Unlocked|}_com.android.server.BinderCallsStatsService$LifeCycle took to complete: 0ms
06-20 13:36:21.505 685 2090 D SystemServerTimingAsync: ssm.onCompletedEventUser-0_{|Unlocked|}_com.android.server.LooperStatsService$Lifecycle
06-20 13:36:21.505 685 2090 V SystemServerTimingAsync: ssm.onCompletedEventUser-0_{|Unlocked|}_com.android.server.LooperStatsService$Lifecycle took to complete: 0ms
06-20 13:36:21.505 685 2090 D SystemServerTimingAsync: ssm.onCompletedEventUser-0_{|Unlocked|}_com.android.server.rollback.RollbackManagerService
06-20 13:36:21.505 685 2090 V SystemServerTimingAsync: ssm.onCompletedEventUser-0_{|Unlocked|}_com.android.server.rollback.RollbackManagerService took to complete: 0ms
06-20 13:36:21.505 685 2090 D SystemServerTimingAsync: ssm.onCompletedEventUser-0_{|Unlocked|}_com.android.server.os.NativeTombstoneManagerService
06-20 13:36:21.505 685 2090 V SystemServerTimingAsync: ssm.onCompletedEventUser-0_{|Unlocked|}_com.android.server.os.NativeTombstoneManagerService took to complete: 0ms
06-20 13:36:21.505 685 2090 D SystemServerTimingAsync: ssm.onCompletedEventUser-0_{|Unlocked|}_com.android.server.os.BugreportManagerService
06-20 13:36:21.505 685 2090 V SystemServerTimingAsync: ssm.onCompletedEventUser-0_{|Unlocked|}_com.android.server.os.BugreportManagerService took to complete: 0ms
06-20 13:36:21.505 685 2090 D SystemServerTimingAsync: ssm.onCompletedEventUser-0_{|Unlocked|}_com.android.server.gpu.GpuService
06-20 13:36:21.505 685 2090 V SystemServerTimingAsync: ssm.onCompletedEventUser-0_{|Unlocked|}_com.android.server.gpu.GpuService took to complete: 0ms
06-20 13:36:21.505 685 2090 D SystemServerTimingAsync: ssm.onCompletedEventUser-0_{|Unlocked|}_com.android.server.security.rkp.RemoteProvisioningService
06-20 13:36:21.505 685 2090 V SystemServerTimingAsync: ssm.onCompletedEventUser-0_{|Unlocked|}_com.android.server.security.rkp.RemoteProvisioningService took to complete: 0ms
06-20 13:36:21.505 685 2090 D SystemServerTimingAsync: ssm.onCompletedEventUser-0_{|Unlocked|}_com.android.server.cpu.CpuMonitorService
06-20 13:36:21.505 685 2090 V SystemServerTimingAsync: ssm.onCompletedEventUser-0_{|Unlocked|}_com.android.server.cpu.CpuMonitorService took to complete: 0ms
06-20 13:36:21.505 685 2090 D SystemServerTimingAsync: ssm.onCompletedEventUser-0_{|Unlocked|}_com.android.server.security.KeyChainSystemService
06-20 13:36:21.505 685 2090 V SystemServerTimingAsync: ssm.onCompletedEventUser-0_{|Unlocked|}_com.android.server.security.KeyChainSystemService took to complete: 0ms
06-20 13:36:21.505 685 2090 D SystemServerTimingAsync: ssm.onCompletedEventUser-0_{|Unlocked|}_com.android.server.BinaryTransparencyService
06-20 13:36:21.505 685 2090 V SystemServerTimingAsync: ssm.onCompletedEventUser-0_{|Unlocked|}_com.android.server.BinaryTransparencyService took to complete: 0ms
06-20 13:36:21.505 685 2090 D SystemServerTimingAsync: ssm.onCompletedEventUser-0_{|Unlocked|}_com.android.server.accounts.AccountManagerService$Lifecycle
06-20 13:36:21.505 685 2090 V SystemServerTimingAsync: ssm.onCompletedEventUser-0_{|Unlocked|}_com.android.server.accounts.AccountManagerService$Lifecycle took to complete: 0ms
06-20 13:36:21.505 685 2090 D SystemServerTimingAsync: ssm.onCompletedEventUser-0_{|Unlocked|}_com.android.server.content.ContentService$Lifecycle
06-20 13:36:21.506 685 2090 V SystemServerTimingAsync: ssm.onCompletedEventUser-0_{|Unlocked|}_com.android.server.content.ContentService$Lifecycle took to complete: 0ms
06-20 13:36:21.506 685 2090 D SystemServerTimingAsync: ssm.onCompletedEventUser-0_{|Unlocked|}_com.android.server.deviceconfig.DeviceConfigInit$Lifecycle
06-20 13:36:21.506 685 2090 V SystemServerTimingAsync: ssm.onCompletedEventUser-0_{|Unlocked|}_com.android.server.deviceconfig.DeviceConfigInit$Lifecycle took to complete: 0ms
