06-20 13:36:16.693 685 750 D SystemServerTiming: TM.isInCall
06-20 13:36:16.695 685 750 V SystemServerTiming: TM.isInCall took to complete: 2ms
06-20 13:36:16.695 685 750 D SystemServerTiming: hasUserRestriction-DISALLOW_USER_SWITCH
06-20 13:36:16.695 685 750 V SystemServerTiming: hasUserRestriction-DISALLOW_USER_SWITCH took to complete: 0ms
06-20 13:36:16.695 685 750 D SystemServerTiming: getInt-ALLOW_USER_SWITCHING_WHEN_SYSTEM_USER_LOCKED
06-20 13:36:16.695 685 750 V SystemServerTiming: getInt-ALLOW_USER_SWITCHING_WHEN_SYSTEM_USER_LOCKED took to complete: 0ms
06-20 13:36:16.695 685 750 D SystemServerTiming: isUserUnlocked-USER_SYSTEM
06-20 13:36:16.696 685 750 V SystemServerTiming: isUserUnlocked-USER_SYSTEM took to complete: 1ms
06-20 13:36:16.696 685 750 V SystemServerTiming: getUserSwitchability-0 took to complete: 3ms
06-20 13:36:16.708 685 719 W ActivityManager: Slow operation: 72ms so far, now at startProcess: returned from zygote!
06-20 13:36:16.709 685 719 W ActivityManager: Slow operation: 72ms so far, now at startProcess: done updating battery stats
06-20 13:36:16.709 685 719 W ActivityManager: Slow operation: 72ms so far, now at startProcess: building log message
06-20 13:36:16.709 685 719 I ActivityManager: Start proc 1439:com.android.keychain/1000 for service {com.android.keychain/com.android.keychain.KeyChainService}
06-20 13:36:16.709 685 719 W ActivityManager: Slow operation: 72ms so far, now at startProcess: starting to update pids map
06-20 13:36:16.709 685 719 W ActivityManager: Slow operation: 72ms so far, now at startProcess: done updating pids map
06-20 13:36:16.709 685 719 W ActivityManager: Slow operation: 59ms so far, now at startProcess: asking zygote to start proc
06-20 13:36:16.709 685 719 D CompatibilityChangeReporter: Compat change id reported: 143937733; UID 10049; state: ENABLED
06-20 13:36:16.721 685 700 D SystemServerTiming: getUserSwitchability-0
06-20 13:36:16.721 685 700 D SystemServerTiming: TM.isInCall
06-20 13:36:16.722 685 700 V SystemServerTiming: TM.isInCall took to complete: 0ms
06-20 13:36:16.722 685 700 D SystemServerTiming: hasUserRestriction-DISALLOW_USER_SWITCH
06-20 13:36:16.722 685 700 V SystemServerTiming: hasUserRestriction-DISALLOW_USER_SWITCH took to complete: 0ms
06-20 13:36:16.722 685 700 D SystemServerTiming: getInt-ALLOW_USER_SWITCHING_WHEN_SYSTEM_USER_LOCKED
06-20 13:36:16.722 685 700 V SystemServerTiming: getInt-ALLOW_USER_SWITCHING_WHEN_SYSTEM_USER_LOCKED took to complete: 0ms
06-20 13:36:16.722 685 700 D SystemServerTiming: isUserUnlocked-USER_SYSTEM
06-20 13:36:16.722 685 700 V SystemServerTiming: isUserUnlocked-USER_SYSTEM took to complete: 0ms
06-20 13:36:16.722 685 700 V SystemServerTiming: getUserSwitchability-0 took to complete: 1ms
06-20 13:36:16.726 685 700 D SystemServerTiming: getUserSwitchability-0
06-20 13:36:16.727 685 700 D SystemServerTiming: TM.isInCall
06-20 13:36:16.729 685 700 V SystemServerTiming: TM.isInCall took to complete: 2ms
06-20 13:36:16.729 685 700 D SystemServerTiming: hasUserRestriction-DISALLOW_USER_SWITCH
06-20 13:36:16.729 685 700 V SystemServerTiming: hasUserRestriction-DISALLOW_USER_SWITCH took to complete: 0ms
06-20 13:36:16.729 685 700 D SystemServerTiming: getInt-ALLOW_USER_SWITCHING_WHEN_SYSTEM_USER_LOCKED
06-20 13:36:16.729 685 700 V SystemServerTiming: getInt-ALLOW_USER_SWITCHING_WHEN_SYSTEM_USER_LOCKED took to complete: 1ms
06-20 13:36:16.729 685 700 D SystemServerTiming: isUserUnlocked-USER_SYSTEM
06-20 13:36:16.729 685 700 V SystemServerTiming: isUserUnlocked-USER_SYSTEM took to complete: 0ms
06-20 13:36:16.730 685 700 V SystemServerTiming: getUserSwitchability-0 took to complete: 3ms
06-20 13:36:16.733 685 700 D SystemServerTiming: getUserSwitchability-0
06-20 13:36:16.733 685 700 D SystemServerTiming: TM.isInCall
06-20 13:36:16.733 685 700 V SystemServerTiming: TM.isInCall took to complete: 0ms
06-20 13:36:16.733 685 700 D SystemServerTiming: hasUserRestriction-DISALLOW_USER_SWITCH
06-20 13:36:16.734 685 700 V SystemServerTiming: hasUserRestriction-DISALLOW_USER_SWITCH took to complete: 0ms
06-20 13:36:16.734 685 700 D SystemServerTiming: getInt-ALLOW_USER_SWITCHING_WHEN_SYSTEM_USER_LOCKED
06-20 13:36:16.734 685 700 V SystemServerTiming: getInt-ALLOW_USER_SWITCHING_WHEN_SYSTEM_USER_LOCKED took to complete: 0ms
06-20 13:36:16.734 685 700 D SystemServerTiming: isUserUnlocked-USER_SYSTEM
06-20 13:36:16.734 685 700 V SystemServerTiming: isUserUnlocked-USER_SYSTEM took to complete: 0ms
06-20 13:36:16.734 685 700 V SystemServerTiming: getUserSwitchability-0 took to complete: 0ms
06-20 13:36:16.738 685 700 D SystemServerTiming: getUserSwitchability-0
06-20 13:36:16.738 685 700 D SystemServerTiming: TM.isInCall
06-20 13:36:16.739 685 700 V SystemServerTiming: TM.isInCall took to complete: 0ms
06-20 13:36:16.739 685 700 D SystemServerTiming: hasUserRestriction-DISALLOW_USER_SWITCH
06-20 13:36:16.739 685 700 V SystemServerTiming: hasUserRestriction-DISALLOW_USER_SWITCH took to complete: 0ms
06-20 13:36:16.739 685 700 D SystemServerTiming: getInt-ALLOW_USER_SWITCHING_WHEN_SYSTEM_USER_LOCKED
06-20 13:36:16.739 685 700 V SystemServerTiming: getInt-ALLOW_USER_SWITCHING_WHEN_SYSTEM_USER_LOCKED took to complete: 0ms
06-20 13:36:16.739 685 700 D SystemServerTiming: isUserUnlocked-USER_SYSTEM
06-20 13:36:16.739 685 700 V SystemServerTiming: isUserUnlocked-USER_SYSTEM took to complete: 0ms
06-20 13:36:16.739 685 700 V SystemServerTiming: getUserSwitchability-0 took to complete: 1ms
06-20 13:36:16.750 685 700 I MediaSessionStack: addSession to bottom of stack | record: com.android.bluetooth/BluetoothMediaBrowserService (userId=0)
06-20 13:36:16.750 685 719 W ActivityManager: Slow operation: 101ms so far, now at startProcess: returned from zygote!
06-20 13:36:16.751 685 719 W ActivityManager: Slow operation: 101ms so far, now at startProcess: done updating battery stats
06-20 13:36:16.751 685 719 W ActivityManager: Slow operation: 101ms so far, now at startProcess: building log message
06-20 13:36:16.751 685 719 I ActivityManager: Start proc 1452:com.android.music/u0a49 for service {com.android.music/com.android.music.MediaPlaybackService}
06-20 13:36:16.751 685 719 W ActivityManager: Slow operation: 101ms so far, now at startProcess: starting to update pids map
06-20 13:36:16.751 685 719 W ActivityManager: Slow operation: 102ms so far, now at startProcess: done updating pids map
06-20 13:36:16.751 685 719 W ActivityManager: Slow operation: 93ms so far, now at startProcess: asking zygote to start proc
06-20 13:36:16.753 685 1083 D SystemServerTiming: getUserSwitchability-0
06-20 13:36:16.753 685 1083 D SystemServerTiming: TM.isInCall
06-20 13:36:16.754 685 752 D CompatibilityChangeReporter: Compat change id reported: 168419799; UID 1000; state: DISABLED
06-20 13:36:16.754 685 752 D CompatibilityChangeReporter: Compat change id reported: 273564678; UID 1000; state: DISABLED
06-20 13:36:16.757 685 1083 V SystemServerTiming: TM.isInCall took to complete: 5ms
06-20 13:36:16.757 685 1083 D SystemServerTiming: hasUserRestriction-DISALLOW_USER_SWITCH
06-20 13:36:16.757 685 1083 V SystemServerTiming: hasUserRestriction-DISALLOW_USER_SWITCH took to complete: 0ms
06-20 13:36:16.757 685 1083 D SystemServerTiming: getInt-ALLOW_USER_SWITCHING_WHEN_SYSTEM_USER_LOCKED
06-20 13:36:16.757 685 1083 V SystemServerTiming: getInt-ALLOW_USER_SWITCHING_WHEN_SYSTEM_USER_LOCKED took to complete: 0ms
06-20 13:36:16.757 685 1083 D SystemServerTiming: isUserUnlocked-USER_SYSTEM
06-20 13:36:16.757 685 1083 V SystemServerTiming: isUserUnlocked-USER_SYSTEM took to complete: 0ms
06-20 13:36:16.757 685 1083 V SystemServerTiming: getUserSwitchability-0 took to complete: 5ms
06-20 13:36:16.769 685 700 D SystemServerTiming: getUserSwitchability-0
06-20 13:36:16.769 685 700 D SystemServerTiming: TM.isInCall
06-20 13:36:16.769 685 700 V SystemServerTiming: TM.isInCall took to complete: 1ms
06-20 13:36:16.769 685 700 D SystemServerTiming: hasUserRestriction-DISALLOW_USER_SWITCH
06-20 13:36:16.770 685 700 V SystemServerTiming: hasUserRestriction-DISALLOW_USER_SWITCH took to complete: 0ms
06-20 13:36:16.770 685 700 D SystemServerTiming: getInt-ALLOW_USER_SWITCHING_WHEN_SYSTEM_USER_LOCKED
06-20 13:36:16.770 685 700 V SystemServerTiming: getInt-ALLOW_USER_SWITCHING_WHEN_SYSTEM_USER_LOCKED took to complete: 0ms
06-20 13:36:16.770 685 700 D SystemServerTiming: isUserUnlocked-USER_SYSTEM
06-20 13:36:16.770 685 700 V SystemServerTiming: isUserUnlocked-USER_SYSTEM took to complete: 0ms
06-20 13:36:16.770 685 700 V SystemServerTiming: getUserSwitchability-0 took to complete: 1ms
06-20 13:36:16.786 685 719 W ActivityManager: Slow operation: 127ms so far, now at startProcess: returned from zygote!
06-20 13:36:16.786 685 719 W ActivityManager: Slow operation: 128ms so far, now at startProcess: done updating battery stats
06-20 13:36:16.786 685 719 W ActivityManager: Slow operation: 128ms so far, now at startProcess: building log message
06-20 13:36:16.786 685 719 I ActivityManager: Start proc 1456:com.oranth.ledstatus/1000 for broadcast {com.oranth.ledstatus/com.oranth.ledstatus.BootCompletedReceiver}
06-20 13:36:16.786 685 719 W ActivityManager: Slow operation: 128ms so far, now at startProcess: starting to update pids map
06-20 13:36:16.787 685 719 W ActivityManager: Slow operation: 128ms so far, now at startProcess: done updating pids map
06-20 13:36:16.825 685 1083 D CompatibilityChangeReporter: Compat change id reported: 168419799; UID 10049; state: DISABLED
06-20 13:36:16.825 685 1083 D CompatibilityChangeReporter: Compat change id reported: 273564678; UID 10049; state: DISABLED
06-20 13:36:16.834 685 763 D CompatibilityChangeReporter: Compat change id reported: 265195908; UID 10049; state: ENABLED
06-20 13:36:16.855 685 700 D CompatibilityChangeReporter: Compat change id reported: 170503758; UID 10049; state: DISABLED
06-20 13:36:16.924 685 1083 D CompatibilityChangeReporter: Compat change id reported: 168419799; UID 1000; state: DISABLED
06-20 13:36:16.925 685 1083 D CompatibilityChangeReporter: Compat change id reported: 273564678; UID 1000; state: DISABLED
06-20 13:36:16.927 685 752 W StorageManagerService: Reporting emulated;0 unmounted due to system locked
06-20 13:36:16.997 0 0 I [1 T273 ..] android.hardware.boot-service: sys.boot_completed: 1
06-20 13:36:16.988 685 700 V WindowManager: app ------------- force_land :0
06-20 13:36:17.004 685 1083 I MediaSessionStack: addSession to bottom of stack | record: com.android.music/MediaPlaybackService (userId=0)
06-20 13:36:17.072 685 700 D CompatibilityChangeReporter: Compat change id reported: 261072174; UID 10052; state: ENABLED
06-20 13:36:17.102 685 700 W StorageManagerService: Reporting emulated;0 unmounted due to system locked
06-20 13:36:17.130 685 718 I ActivityManager: com.oranth.storage is exempt from freezer
06-20 13:36:17.131 685 718 D CompatibilityChangeReporter: Compat change id reported: 135634846; UID 1000; state: DISABLED
06-20 13:36:17.152 685 719 I ActivityManager: Start proc 1504:com.oranth.storage/1000 for broadcast {com.oranth.storage/com.oranth.storage.BootCompletedReceiver}
06-20 13:36:17.218 1456 1456 W ContextImpl: Calling a method in the system process without a qualified user: android.app.ContextImpl.startService:1899 android.content.ContextWrapper.startService:825 android.content.ContextWrapper.startService:825 com.oranth.ledstatus.BootCompletedReceiver.onReceive:15 android.app.ActivityThread.handleReceiver:4494
06-20 13:36:17.250 685 700 D CompatibilityChangeReporter: Compat change id reported: 168419799; UID 1000; state: DISABLED
06-20 13:36:17.251 685 700 D CompatibilityChangeReporter: Compat change id reported: 273564678; UID 1000; state: DISABLED
06-20 13:36:17.313 685 1389 D CompatibilityChangeReporter: Compat change id reported: 135634846; UID 10018; state: DISABLED
06-20 13:36:17.314 685 1389 D CompatibilityChangeReporter: Compat change id reported: 177438394; UID 10018; state: DISABLED
06-20 13:36:17.314 685 1389 D CompatibilityChangeReporter: Compat change id reported: 135772972; UID 10018; state: DISABLED
06-20 13:36:17.314 685 1389 D CompatibilityChangeReporter: Compat change id reported: 135754954; UID 10018; state: ENABLED
06-20 13:36:17.315 685 719 D CompatibilityChangeReporter: Compat change id reported: 143937733; UID 10018; state: ENABLED
06-20 13:36:17.340 685 719 I ActivityManager: Start proc 1539:android.process.acore/u0a18 for content provider {com.android.providers.contacts/com.android.providers.contacts.ContactsProvider2}
06-20 13:36:17.385 685 752 D CompatibilityChangeReporter: Compat change id reported: 168419799; UID 10018; state: DISABLED
06-20 13:36:17.385 685 752 D CompatibilityChangeReporter: Compat change id reported: 273564678; UID 10018; state: DISABLED
06-20 13:36:17.388 685 763 D CompatibilityChangeReporter: Compat change id reported: 265195908; UID 10018; state: ENABLED
06-20 13:36:17.395 685 700 D CompatibilityChangeReporter: Compat change id reported: 161145287; UID 10053; state: ENABLED
06-20 13:36:17.402 685 752 D CompatibilityChangeReporter: Compat change id reported: 170503758; UID 10018; state: ENABLED
06-20 13:36:17.406 1504 1504 W ContextImpl: Calling a method in the system process without a qualified user: android.app.ContextImpl.startService:1899 android.content.ContextWrapper.startService:825 android.content.ContextWrapper.startService:825 com.oranth.storage.BootCompletedReceiver.onReceive:15 android.app.ActivityThread.handleReceiver:4494
06-20 13:36:17.425 685 685 E BootReceiver: Could not open /sys/kernel/tracing/instances/bootreceiver/trace_pipe
06-20 13:36:17.425 685 685 E BootReceiver: android.system.ErrnoException: open failed: ENOENT (No such file or directory)
06-20 13:36:17.425 685 685 E BootReceiver: at libcore.io.Linux.open(Native Method)
06-20 13:36:17.425 685 685 E BootReceiver: at libcore.io.ForwardingOs.open(ForwardingOs.java:563)
06-20 13:36:17.425 685 685 E BootReceiver: at libcore.io.BlockGuardOs.open(BlockGuardOs.java:274)
06-20 13:36:17.425 685 685 E BootReceiver: at android.system.Os.open(Os.java:494)
06-20 13:36:17.425 685 685 E BootReceiver: at com.android.server.BootReceiver.onReceive(BootReceiver.java:164)
06-20 13:36:17.425 685 685 E BootReceiver: at android.app.ActivityThread.handleReceiver(ActivityThread.java:4494)
06-20 13:36:17.425 685 685 E BootReceiver: at android.app.ActivityThread.-$$Nest$mhandleReceiver(Unknown Source:0)
06-20 13:36:17.425 685 685 E BootReceiver: at android.app.ActivityThread$H.handleMessage(ActivityThread.java:2285)
06-20 13:36:17.425 685 685 E BootReceiver: at android.os.Handler.dispatchMessage(Handler.java:106)
06-20 13:36:17.425 685 685 E BootReceiver: at android.os.Looper.loopOnce(Looper.java:205)
06-20 13:36:17.425 685 685 E BootReceiver: at android.os.Looper.loop(Looper.java:294)
06-20 13:36:17.425 685 685 E BootReceiver: at com.android.server.SystemServer.run(SystemServer.java:982)
06-20 13:36:17.425 685 685 E BootReceiver: at com.android.server.SystemServer.main(SystemServer.java:668)
06-20 13:36:17.425 685 685 E BootReceiver: at java.lang.reflect.Method.invoke(Native Method)
06-20 13:36:17.425 685 685 E BootReceiver: at com.android.internal.os.RuntimeInit$MethodAndArgsCaller.run(RuntimeInit.java:552)
06-20 13:36:17.425 685 685 E BootReceiver: at com.android.internal.os.ZygoteInit.main(ZygoteInit.java:956)
06-20 13:36:17.437 685 1556 I DropBoxManagerService: add tag=SYSTEM_BOOT isTagEnabled=true flags=0x2
06-20 13:36:17.442 685 1556 I BootReceiver: Copying audit failures to DropBox
06-20 13:36:17.443 685 1556 I BootReceiver: Checking for fsck errors
06-20 13:36:17.444 685 1556 I BootReceiver: fs_stat, partition:param stat:0x1001b
06-20 13:36:17.444 685 1556 I BootReceiver: fs_stat, partition:tee stat:0xb
06-20 13:36:17.444 685 1556 I BootReceiver: fs_stat, partition:factory stat:0x0
06-20 13:36:17.445 685 1556 I BootReceiver: fs_stat, partition:userdata stat:0x0
06-20 13:36:17.447 1003 1003 W ContextImpl: Calling a method in the system process without a qualified user: android.app.ContextImpl.startService:1899 android.content.ContextWrapper.startService:825 android.content.ContextWrapper.startService:825 com.droidlogic.BootComplete.onReceive:119 android.app.ActivityThread.handleReceiver:4494
06-20 13:36:17.452 685 1556 D CompatibilityChangeReporter: Compat change id reported: 135634846; UID 10016; state: DISABLED
06-20 13:36:17.452 685 1556 D CompatibilityChangeReporter: Compat change id reported: 177438394; UID 10016; state: DISABLED
06-20 13:36:17.452 685 1556 D CompatibilityChangeReporter: Compat change id reported: 135772972; UID 10016; state: DISABLED
06-20 13:36:17.452 685 1556 D CompatibilityChangeReporter: Compat change id reported: 135754954; UID 10016; state: ENABLED
06-20 13:36:17.453 685 719 D CompatibilityChangeReporter: Compat change id reported: 143937733; UID 10016; state: ENABLED
06-20 13:36:17.454 1003 1003 W ContextImpl: Calling a method in the system process without a qualified user: android.app.ContextImpl.startForegroundService:1905 android.content.ContextWrapper.startForegroundService:830 android.content.ContextWrapper.startForegroundService:830 com.droidlogic.BootComplete.onReceive:128 android.app.ActivityThread.handleReceiver:4494
06-20 13:36:17.455 685 1083 W ActivityManager: Unable to start service Intent { cmp=com.android.tv.mdnsoffloadcmd/.MdnsOffloadCmdService } U=0: not found
06-20 13:36:17.456 1003 1003 W ContextImpl: Calling a method in the system process without a qualified user: android.app.ContextImpl.startService:1899 android.content.ContextWrapper.startService:825 android.content.ContextWrapper.startService:825 com.droidlogic.BootComplete.onReceive:130 android.app.ActivityThread.handleReceiver:4494
06-20 13:36:17.458 685 1083 D CompatibilityChangeReporter: Compat change id reported: 171306433; UID 1000; state: ENABLED
06-20 13:36:17.458 685 1083 D CompatibilityChangeReporter: Compat change id reported: 218533173; UID 1000; state: ENABLED
06-20 13:36:17.465 1003 1003 W ContextImpl: Calling a method in the system process without a qualified user: android.app.ContextImpl.startService:1899 android.content.ContextWrapper.startService:825 android.content.ContextWrapper.startService:825 com.droidlogic.BootComplete.onReceive:131 android.app.ActivityThread.handleReceiver:4494
06-20 13:36:17.468 685 719 I ActivityManager: Start proc 1560:android.process.media/u0a16 for content provider {com.android.providers.downloads/com.android.providers.downloads.DownloadProvider}
06-20 13:36:17.485 685 717 I UsageStatsService: User[0] Rollover scheduled @ 2025-06-21 13:36:17(1750484177452)
06-20 13:36:17.492 1003 1003 W ContextImpl: Calling a method in the system process without a qualified user: android.app.ContextImpl.stopService:1911 android.content.ContextWrapper.stopService:835 android.content.ContextWrapper.stopService:835 com.droidlogic.BootComplete$2.onChange:282 com.droidlogic.BootComplete.updateDeveloperOptionsWatcher:289
06-20 13:36:17.499 685 763 D CompatibilityChangeReporter: Compat change id reported: 218533173; UID 10049; state: DISABLED
06-20 13:36:17.500 685 763 D CompatibilityChangeReporter: Compat change id reported: 262645982; UID 10049; state: DISABLED
06-20 13:36:17.500 685 763 D CompatibilityChangeReporter: Compat change id reported: 218533173; UID 10018; state: ENABLED
06-20 13:36:17.503 685 763 D CompatibilityChangeReporter: Compat change id reported: 262645982; UID 10018; state: ENABLED
06-20 13:36:17.503 685 763 D CompatibilityChangeReporter: Compat change id reported: 218533173; UID 10053; state: ENABLED
06-20 13:36:17.504 685 763 D CompatibilityChangeReporter: Compat change id reported: 262645982; UID 10053; state: ENABLED
06-20 13:36:17.507 685 717 I UsageStatsService: Time changed in by 1750397753 seconds
06-20 13:36:17.508 1003 1003 W ContextImpl: Calling a method in the system process without a qualified user: android.app.ContextImpl.startService:1899 android.content.ContextWrapper.startService:825 android.content.ContextWrapper.startService:825 com.droidlogic.BootComplete.onReceive:176 android.app.ActivityThread.handleReceiver:4494
06-20 13:36:17.509 685 700 D CompatibilityChangeReporter: Compat change id reported: 261072174; UID 1000; state: ENABLED
06-20 13:36:17.516 1003 1003 W ContextImpl: Calling a method in the system process without a qualified user: android.app.ContextImpl.startService:1899 android.content.ContextWrapper.startService:825 android.content.ContextWrapper.startService:825 com.droidlogic.BootComplete.onReceive:186 android.app.ActivityThread.handleReceiver:4494
06-20 13:36:17.539 685 1135 D CompatibilityChangeReporter: Compat change id reported: 168419799; UID 10016; state: DISABLED
06-20 13:36:17.539 685 1135 D CompatibilityChangeReporter: Compat change id reported: 273564678; UID 10016; state: DISABLED
06-20 13:36:17.544 685 763 D CompatibilityChangeReporter: Compat change id reported: 265195908; UID 10016; state: ENABLED
06-20 13:36:17.547 685 718 I ActivityManager: com.droidlogic.mictoggle is exempt from freezer
06-20 13:36:17.547 685 718 D CompatibilityChangeReporter: Compat change id reported: 135634846; UID 1000; state: DISABLED
06-20 13:36:17.555 685 700 D HDMI : addVendorCommandListener 1877008
06-20 13:36:17.559 685 700 D CompatibilityChangeReporter: Compat change id reported: 161145287; UID 1000; state: ENABLED
06-20 13:36:17.559 685 700 D CompatibilityChangeReporter: Compat change id reported: 161145287; UID 1000; state: DISABLED
06-20 13:36:17.564 685 1385 I StorageUserConnection: Service: [ComponentInfo{com.android.providers.media.module/com.android.providers.media.fuse.ExternalStorageServiceImpl}] connected. User [0]
06-20 13:36:17.584 685 717 I UsageStatsService: User[0] Flushing usage stats to disk
06-20 13:36:17.596 685 752 D CompatibilityChangeReporter: Compat change id reported: 161145287; UID 10018; state: ENABLED
06-20 13:36:17.603 685 700 W StorageManagerService: Reporting emulated;0 unmounted due to system locked
06-20 13:36:17.604 685 752 D CompatibilityChangeReporter: Compat change id reported: 170503758; UID 10016; state: ENABLED
06-20 13:36:17.604 685 700 W StorageManagerService: Reporting emulated;0 unmounted due to system locked
06-20 13:36:17.609 685 719 W ActivityManager: Slow operation: 62ms so far, now at startProcess: returned from zygote!
06-20 13:36:17.610 685 719 W ActivityManager: Slow operation: 63ms so far, now at startProcess: done updating battery stats
06-20 13:36:17.610 685 719 W ActivityManager: Slow operation: 63ms so far, now at startProcess: building log message
06-20 13:36:17.610 685 719 I ActivityManager: Start proc 1588:com.droidlogic.mictoggle/1000 for broadcast {com.droidlogic.mictoggle/com.droidlogic.mictoggle.AssistantMicMuteReceiver}
06-20 13:36:17.610 685 719 W ActivityManager: Slow operation: 63ms so far, now at startProcess: starting to update pids map
06-20 13:36:17.610 685 719 W ActivityManager: Slow operation: 63ms so far, now at startProcess: done updating pids map
06-20 13:36:17.612 685 700 W StorageManagerService: Reporting emulated;0 unmounted due to system locked
06-20 13:36:17.616 685 1083 W StorageManagerService: Reporting emulated;0 unmounted due to system locked
06-20 13:36:17.627 685 717 D WallpaperManagerService: Wallpaper_selinux_restorecon-0
06-20 13:36:17.628 685 1135 D CompatibilityChangeReporter: Compat change id reported: 149924527; UID 1000; state: ENABLED
06-20 13:36:17.630 685 717 V WallpaperManagerService: Wallpaper_selinux_restorecon-0 took to complete: 2ms
06-20 13:36:17.632 685 1083 D CompatibilityChangeReporter: Compat change id reported: 132649864; UID 1000; state: DISABLED
06-20 13:36:17.654 685 1083 W StorageManagerService: Reporting emulated;0 unmounted due to system locked
06-20 13:36:17.660 685 959 W StorageManagerService: Reporting emulated;0 unmounted due to system locked
06-20 13:36:17.661 685 959 W StorageManagerService: Reporting emulated;0 unmounted due to system locked
06-20 13:36:17.662 685 1135 D CompatibilityChangeReporter: Compat change id reported: 168419799; UID 1000; state: DISABLED
06-20 13:36:17.662 685 1135 D CompatibilityChangeReporter: Compat change id reported: 273564678; UID 1000; state: DISABLED
06-20 13:36:17.665 685 750 W StorageManagerService: Reporting emulated;0 unmounted due to system locked
06-20 13:36:17.666 685 750 W StorageManagerService: Reporting emulated;0 unmounted due to system locked
06-20 13:36:17.671 685 1083 W StorageManagerService: Reporting emulated;0 unmounted due to system locked
06-20 13:36:17.737 685 700 W StorageManagerService: Reporting emulated;0 unmounted due to system locked
06-20 13:36:17.770 685 700 W StorageManagerService: Reporting emulated;0 unmounted due to system locked
06-20 13:36:17.773 685 959 W StorageManagerService: Reporting emulated;0 unmounted due to system locked
06-20 13:36:17.804 685 717 D CompatibilityChangeReporter: Compat change id reported: 171306433; UID 1000; state: ENABLED
06-20 13:36:17.811 685 959 D CountryDetector: The first listener is added
06-20 13:36:17.910 1588 1588 W ContextImpl: Calling a method in the system process without a qualified user: android.app.ContextImpl.startService:1899 android.content.ContextWrapper.startService:825 android.content.ContextWrapper.startService:825 com.droidlogic.mictoggle.AssistantMicMuteReceiver.onReceive:48 android.app.ActivityThread.handleReceiver:4494
06-20 13:36:17.931 685 700 W StorageManagerService: Reporting emulated;0 unmounted due to system locked
06-20 13:36:17.936 1407 1407 W ContextImpl: Calling a method in the system process without a qualified user: android.app.ContextImpl.startService:1899 android.content.ContextWrapper.startService:825 com.dangbei.lerad.etna.core.EtnaManager.startService:64 com.dangbei.lerad.etna.core.EtnaManager.init:39 com.dangbei.lerad.etna.haqu.EtnaApplication.init:87
06-20 13:36:17.940 1003 1003 W ContextImpl: Calling a method in the system process without a qualified user: android.app.ContextImpl.startService:1899 android.content.ContextWrapper.startService:825 android.content.ContextWrapper.startService:825 com.droidlogic.AiPqReceiver.onReceive:31 android.app.ActivityThread.handleReceiver:4494
06-20 13:36:17.943 1407 1407 W ContextImpl: Calling a method in the system process without a qualified user: android.app.ContextImpl.startService:1899 android.content.ContextWrapper.startService:825 com.dangbei.andes.CoreService$Companion.start:29 com.dangbei.lerad.etna.haqu.EtnaApplication.init:88 com.dangbei.lerad.etna.haqu.EtnaApplication.onCreate:59
06-20 13:36:17.945 685 685 D CompatibilityChangeReporter: Compat change id reported: 253665015; UID 1000; state: ENABLED
06-20 13:36:17.946 685 685 D CompatibilityChangeReporter: Compat change id reported: 253665015; UID 1000; state: DISABLED
06-20 13:36:17.949 685 685 D CompatibilityChangeReporter: Compat change id reported: 194532703; UID 1000; state: ENABLED
06-20 13:36:17.949 685 685 D CompatibilityChangeReporter: Compat change id reported: 194532703; UID 1000; state: DISABLED
06-20 13:36:17.976 685 685 D HDMI : receive android.intent.action.BOOT_COMPLETED
06-20 13:36:17.976 685 685 I HDMI : Receive boot completed broadcast
06-20 13:36:17.981 1346 1346 I CheckInBootCompletedReceiver: Received boot completed intent
06-20 13:36:17.982 685 718 I ActivityManager: com.android.dynsystem is exempt from freezer
06-20 13:36:17.982 685 718 D CompatibilityChangeReporter: Compat change id reported: 135634846; UID 1000; state: DISABLED
06-20 13:36:18.000 685 700 D HDMI : Process pid:1407 is calling addHotplugEventListener
06-20 13:36:18.017 685 718 W ProcessStats: Tracking association SourceState{ae6c1e8 system/1000 BFgs #197} whose proc state 4 is better than process ProcessState{4c57001 android.process.media/10016 pkg=com.android.providers.downloads (sub)} proc state 14 (0 skipped)
06-20 13:36:18.026 685 750 D CompatibilityChangeReporter: Compat change id reported: 253665015; UID 10053; state: ENABLED
06-20 13:36:18.026 685 750 D CompatibilityChangeReporter: Compat change id reported: 194532703; UID 10053; state: ENABLED
06-20 13:36:18.041 685 719 W ActivityManager: Slow operation: 60ms so far, now at startProcess: returned from zygote!
06-20 13:36:18.042 685 719 W ActivityManager: Slow operation: 61ms so far, now at startProcess: done updating battery stats
06-20 13:36:18.042 685 719 W ActivityManager: Slow operation: 61ms so far, now at startProcess: building log message
06-20 13:36:18.042 685 719 I ActivityManager: Start proc 1649:com.android.dynsystem/1000 for broadcast {com.android.dynsystem/com.android.dynsystem.BootCompletedReceiver}
06-20 13:36:18.042 685 719 W ActivityManager: Slow operation: 61ms so far, now at startProcess: starting to update pids map
06-20 13:36:18.042 685 719 W ActivityManager: Slow operation: 61ms so far, now at startProcess: done updating pids map
06-20 13:36:18.048 1346 1346 D GlobalParametersService: onCreate
06-20 13:36:18.052 1407 1646 W ContextImpl: Calling a method in the system process without a qualified user: android.app.ContextImpl.bindService:1988 android.content.ContextWrapper.bindService:861 com.dangbei.lerad.etna.lib.client.EtnaClient.bindServer:138 com.dangbei.lerad.etna.lib.client.EtnaClient.access$600:29 com.dangbei.lerad.etna.lib.client.EtnaClient$3.call:205
06-20 13:36:18.053 1346 1644 I DlcClient: Binding com.android.devicelockcontroller/.storage.GlobalParametersService
06-20 13:36:18.070 0 0 W [3 T554 ..] audit: audit_lost=7 audit_rate_limit=5 audit_backlog_limit=64
06-20 13:36:18.071 0 0 E [3 T554 ..] audit: rate limit exceeded
06-20 13:36:18.069 685 959 D CompatibilityChangeReporter: Compat change id reported: 161145287; UID 10016; state: ENABLED
06-20 13:36:18.071 1346 1644 I DeviceCheckInHelper: enqueueDeviceCheckInWork with delay: PT0S
06-20 13:36:18.099 685 959 D CompatibilityChangeReporter: Compat change id reported: 168419799; UID 1000; state: DISABLED
06-20 13:36:18.099 685 959 D CompatibilityChangeReporter: Compat change id reported: 273564678; UID 1000; state: DISABLED
06-20 13:36:18.100 1407 1665 W ContextImpl: Calling a method in the system process without a qualified user: android.app.ContextImpl.bindService:1988 android.content.ContextWrapper.bindService:861 com.dangbei.lerad.etna.lib.client.EtnaClient.bindServer:138 com.dangbei.lerad.etna.lib.client.EtnaClient.access$600:29 com.dangbei.lerad.etna.lib.client.EtnaClient$3.call:205
06-20 13:36:18.133 685 752 D CompatibilityChangeReporter: Compat change id reported: 253665015; UID 10016; state: ENABLED
06-20 13:36:18.133 685 752 D CompatibilityChangeReporter: Compat change id reported: 194532703; UID 10016; state: ENABLED
06-20 13:36:18.163 0 0 W : [3 T1046 ..] [aml_scan_rx 1505] scanres_payload_buf overflow, flush
06-20 13:36:18.165 0 0 I [3 T716 ..] apexd: Cleaning up reserved space for compressed APEX
06-20 13:36:18.193 685 718 I ActivityManager: com.android.managedprovisioning is exempt from freezer
06-20 13:36:18.193 685 718 D CompatibilityChangeReporter: Compat change id reported: 135634846; UID 10022; state: DISABLED
06-20 13:36:18.194 685 718 D CompatibilityChangeReporter: Compat change id reported: 177438394; UID 10022; state: DISABLED
06-20 13:36:18.194 685 718 D CompatibilityChangeReporter: Compat change id reported: 135772972; UID 10022; state: DISABLED
06-20 13:36:18.194 685 718 D CompatibilityChangeReporter: Compat change id reported: 135754954; UID 10022; state: ENABLED
06-20 13:36:18.195 685 719 D CompatibilityChangeReporter: Compat change id reported: 143937733; UID 10022; state: ENABLED
06-20 13:36:18.212 685 719 I ActivityManager: Start proc 1672:com.android.managedprovisioning/u0a22 for broadcast {com.android.managedprovisioning/com.android.managedprovisioning.BootReminder}
06-20 13:36:18.217 685 752 I ActivityManager: com.android.dynsystem is exempt from freezer
06-20 13:36:18.218 685 752 D CompatibilityChangeReporter: Compat change id reported: 135634846; UID 1000; state: DISABLED
06-20 13:36:18.249 685 719 I ActivityManager: Start proc 1673:com.android.dynsystem:dynsystem/1000 for service {com.android.dynsystem/com.android.dynsystem.DynamicSystemInstallationService}
06-20 13:36:18.284 685 752 D CompatibilityChangeReporter: Compat change id reported: 168419799; UID 10022; state: DISABLED
06-20 13:36:18.284 685 752 D CompatibilityChangeReporter: Compat change id reported: 273564678; UID 10022; state: DISABLED
06-20 13:36:18.288 685 763 D CompatibilityChangeReporter: Compat change id reported: 265195908; UID 10022; state: ENABLED
06-20 13:36:18.305 685 700 D CompatibilityChangeReporter: Compat change id reported: 170503758; UID 10022; state: ENABLED
06-20 13:36:18.388 685 750 D CompatibilityChangeReporter: Compat change id reported: 197654537; UID 1000; state: DISABLED
06-20 13:36:18.403 685 1135 E UsbDeviceManager: Usb setCurrentUsbFunctionsCb failed ,functions:1 ,status:1 ,transactionId:6
06-20 13:36:18.403 685 1135 I UsbDeviceManager: notifyCurrentFunction request:1 status:1
06-20 13:36:18.406 685 700 D CompatibilityChangeReporter: Compat change id reported: 261072174; UID 1000; state: DISABLED
06-20 13:36:18.426 685 1135 I DynamicSystemService: isInstalled(): false
06-20 13:36:18.431 1407 1407 W ContextImpl: Calling a method in the system process without a qualified user: android.app.ContextImpl.sendBroadcast:1220 android.content.ContextWrapper.sendBroadcast:504 com.dangbei.lerad.etna.core.EtnaManager.sendRebootBroadcast:82 com.dangbei.lerad.etna.core.EtnaService.onStartCommand:89 android.app.ActivityThread.handleServiceArgs:4866
06-20 13:36:18.446 1407 1665 W ContextImpl: Calling a method in the system process without a qualified user: android.app.ContextImpl.bindService:1988 android.content.ContextWrapper.bindService:861 com.dangbei.lerad.etna.lib.client.EtnaClient.bindServer:138 com.dangbei.lerad.etna.lib.client.EtnaClient.access$600:29 com.dangbei.lerad.etna.lib.client.EtnaClient$3.call:205
06-20 13:36:18.447 1407 1646 W ContextImpl: Calling a method in the system process without a qualified user: android.app.ContextImpl.bindService:1988 android.content.ContextWrapper.bindService:861 com.dangbei.lerad.etna.lib.client.EtnaClient.bindServer:138 com.dangbei.lerad.etna.lib.client.EtnaClient.access$600:29 com.dangbei.lerad.etna.lib.client.EtnaClient$3.call:205
06-20 13:36:18.451 1407 1725 W ContextImpl: Calling a method in the system process without a qualified user: android.app.ContextImpl.bindService:1988 android.content.ContextWrapper.bindService:861 com.dangbei.lerad.etna.lib.client.EtnaClient.bindServer:138 com.dangbei.lerad.etna.lib.client.EtnaClient.access$600:29 com.dangbei.lerad.etna.lib.client.EtnaClient$3.call:205
06-20 13:36:18.464 1407 1666 W ContextImpl: Calling a method in the system process without a qualified user: android.app.ContextImpl.startService:1899 android.content.ContextWrapper.startService:825 com.dangbei.etna.setting.core.SettingHelper.startRocky:267 com.dangbei.etna.setting.core.SettingHelper.sendCycleCheckBootGuideStatusMessage:214 com.dangbei.etna.setting.core.SettingHelper.startLoop:203
06-20 13:36:18.467 685 1083 I ActivityManager: com.dangbei.lerad.rocky is exempt from freezer
06-20 13:36:18.468 685 1083 D CompatibilityChangeReporter: Compat change id reported: 135634846; UID 1000; state: DISABLED
06-20 13:36:18.474 1407 1666 W ContextImpl: Calling a method in the system process without a qualified user: android.app.ContextImpl.sendBroadcast:1220 android.content.ContextWrapper.sendBroadcast:504 com.dangbei.etna.setting.core.SettingHelper.sendCycleToProjector:257 com.dangbei.etna.setting.core.SettingHelper.sendCycleCheckBroadcast:226 com.dangbei.etna.setting.core.SettingHelper.sendCycleCheckBootGuideStatusMessage:215
06-20 13:36:18.477 1407 1666 W ContextImpl: Calling a method in the system process without a qualified user: android.app.ContextImpl.sendBroadcast:1220 android.content.ContextWrapper.sendBroadcast:504 com.dangbei.etna.setting.core.SettingHelper.sendCycleToVoice:242 com.dangbei.etna.setting.core.SettingHelper.sendCycleCheckBroadcast:227 com.dangbei.etna.setting.core.SettingHelper.sendCycleCheckBootGuideStatusMessage:215
06-20 13:36:18.506 1407 1666 W ContextImpl: Calling a method in the system process without a qualified user: android.app.ContextImpl.startService:1899 android.content.ContextWrapper.startService:825 com.dangbei.etna.setting.core.SettingHelper.startRocky:267 com.dangbei.etna.setting.core.SettingHelper.sendCycleCheckBootGuideStatusMessage:214 com.dangbei.etna.setting.core.SettingHelper.startLoop:203
06-20 13:36:18.511 1407 1666 W ContextImpl: Calling a method in the system process without a qualified user: android.app.ContextImpl.sendBroadcast:1220 android.content.ContextWrapper.sendBroadcast:504 com.dangbei.etna.setting.core.SettingHelper.sendCycleToProjector:257 com.dangbei.etna.setting.core.SettingHelper.sendCycleCheckBroadcast:226 com.dangbei.etna.setting.core.SettingHelper.sendCycleCheckBootGuideStatusMessage:215
06-20 13:36:18.512 685 718 I ActivityManager: com.android.packageinstaller is exempt from freezer
06-20 13:36:18.512 685 718 D CompatibilityChangeReporter: Compat change id reported: 135634846; UID 10023; state: DISABLED
06-20 13:36:18.513 685 718 D CompatibilityChangeReporter: Compat change id reported: 177438394; UID 10023; state: DISABLED
06-20 13:36:18.513 685 718 D CompatibilityChangeReporter: Compat change id reported: 135772972; UID 10023; state: DISABLED
06-20 13:36:18.513 685 718 D CompatibilityChangeReporter: Compat change id reported: 135754954; UID 10023; state: ENABLED
06-20 13:36:18.515 1407 1666 W ContextImpl: Calling a method in the system process without a qualified user: android.app.ContextImpl.sendBroadcast:1220 android.content.ContextWrapper.sendBroadcast:504 com.dangbei.etna.setting.core.SettingHelper.sendCycleToVoice:242 com.dangbei.etna.setting.core.SettingHelper.sendCycleCheckBroadcast:227 com.dangbei.etna.setting.core.SettingHelper.sendCycleCheckBootGuideStatusMessage:215
06-20 13:36:18.517 685 719 W ActivityManager: Slow operation: 51ms so far, now at startProcess: returned from zygote!
06-20 13:36:18.518 685 719 W ActivityManager: Slow operation: 51ms so far, now at startProcess: done updating battery stats
06-20 13:36:18.518 685 719 W ActivityManager: Slow operation: 51ms so far, now at startProcess: building log message
06-20 13:36:18.518 685 719 I ActivityManager: Start proc 1732:com.dangbei.lerad.rocky/1000 for service {com.dangbei.lerad.rocky/com.dangbei.rocky.RockyService}
06-20 13:36:18.518 685 719 W ActivityManager: Slow operation: 51ms so far, now at startProcess: starting to update pids map
06-20 13:36:18.518 685 719 W ActivityManager: Slow operation: 51ms so far, now at startProcess: done updating pids map
06-20 13:36:18.518 685 719 D CompatibilityChangeReporter: Compat change id reported: 143937733; UID 10023; state: ENABLED
06-20 13:36:18.541 0 0 I : [1 T78 ..] [TEE] E/TC:? 00 tee_rpmb_verify_key_sync_counter:1008 Verify key returning 0xffff0008
06-20 13:36:18.541 0 0 I : [1 T78 ..] [TEE] E/TC:? 00 tee_mkl_status:195 tee_mkl_status bad state, status = 0x0
06-20 13:36:18.542 0 0 I : [1 T78 ..] [TEE] E/TC:? 00 tee_provision_get_pfpk_enc:351 PFPK key table bad status, res = 0xffff0007
06-20 13:36:18.544 0 0 I : [1 T78 ..] [TEE] E/TA: read_pfid_from_property:765 [PROVISION-TA] PFID is not provisioned
06-20 13:36:18.545 0 0 I : [1 T78 ..] [TEE] E/TA: pfid_query:877 [PROVISION-TA] pfid_query read pfid property error, return 0xFFFF0008
06-20 13:36:18.546 0 0 I : [1 T78 ..] [TEE] E/TC:? 00 tee_rpmb_verify_key_sync_counter:1008 Verify key returning 0xffff0008
06-20 13:36:18.547 0 0 I : [1 T78 ..] [TEE] E/TC:? 00 tee_mkl_status:195 tee_mkl_status bad state, status = 0x0
06-20 13:36:18.548 0 0 I : [1 T78 ..] [TEE] E/TC:? 00 tee_provision_get_pfpk_enc:351 PFPK key table bad status, res = 0xffff0007
06-20 13:36:18.550 0 0 I : [1 T78 ..] [TEE] E/TC:? 00 tee_mkl_status:195 tee_mkl_status bad state, status = 0x0
06-20 13:36:18.556 0 0 W : [2 T1041 ..] >>> aml_rx_scanu_start_cfm()
06-20 13:36:18.560 0 0 I : [1 T78 ..] [TEE] E/TC:? 00 tee_provision_get_pfpk_enc:351 PFPK key table bad status, res = 0xffff0007
06-20 13:36:18.561 0 0 I : [1 T78 ..] [TEE] E/TA: get_pfpk_enc:786 [PROVISION-TA] TEE_Provision_Get_PFPK_ENC() failed, return 0xFFFF0007
06-20 13:36:18.558 685 719 I ActivityManager: Start proc 1737:com.android.packageinstaller/u0a23 for broadcast {com.android.packageinstaller/com.android.packageinstaller.TemporaryFileManager}
06-20 13:36:18.569 685 700 D PackageManager: Instant App installer not found with android.intent.action.INSTALL_INSTANT_APP_PACKAGE
06-20 13:36:18.569 685 700 D PackageManager: Clear ephemeral installer activity
06-20 13:36:18.589 231 231 I vold : fuse-bpf is enabled because /sys/fs/fuse/features/fuse_bpf reads 'supported'
06-20 13:36:18.589 231 231 I vold : Setting ro.fuse.bpf.is_running to true
06-20 13:36:18.591 231 231 I vold : Configuring read_ahead of /mnt/user/0/emulated fuse filesystem to 256kb
06-20 13:36:18.591 231 231 I vold : Writing 256 to /sys/class/bdi/0:60/read_ahead_kb
06-20 13:36:18.591 231 231 I vold : Configuring max_ratio of /mnt/user/0/emulated fuse filesystem to 40
06-20 13:36:18.592 231 231 I vold : Writing 40 to /sys/class/bdi/0:60/max_ratio
06-20 13:36:18.593 685 800 I StorageManagerService: Mounted volume VolumeInfo{emulated;0}:
06-20 13:36:18.593 685 800 I StorageManagerService: type=EMULATED diskId=null partGuid= mountFlags=PRIMARY|VISIBLE_FOR_WRITE
06-20 13:36:18.593 685 800 I StorageManagerService: mountUserId=0 state=CHECKING
06-20 13:36:18.593 685 800 I StorageManagerService: fsType=null fsUuid=null fsLabel=null
06-20 13:36:18.593 685 800 I StorageManagerService: path=/storage/emulated internalPath=/data/media
06-20 13:36:18.594 685 800 I StorageSessionController: Notifying volume state changed for session with id: emulated;0
06-20 13:36:18.598 685 1135 D CompatibilityChangeReporter: Compat change id reported: 168419799; UID 1000; state: DISABLED
06-20 13:36:18.598 685 1135 D CompatibilityChangeReporter: Compat change id reported: 273564678; UID 1000; state: DISABLED
06-20 13:36:18.601 685 1083 D CompatibilityChangeReporter: Compat change id reported: 271850009; UID 10070; state: ENABLED
06-20 13:36:18.603 685 1083 D CompatibilityChangeReporter: Compat change id reported: 253665015; UID 10070; state: ENABLED
06-20 13:36:18.597 0 0 I : [1 T78 ..] [TEE] E/TA: pfpk_query:851 [PROVISION-TA] get_pfpk_enc return 0xFFFF0007
06-20 13:36:18.609 685 1083 D CompatibilityChangeReporter: Compat change id reported: 194532703; UID 10070; state: ENABLED
06-20 13:36:18.614 685 700 D CompatibilityChangeReporter: Compat change id reported: 168419799; UID 10023; state: DISABLED
06-20 13:36:18.614 685 700 D CompatibilityChangeReporter: Compat change id reported: 273564678; UID 10023; state: DISABLED
06-20 13:36:18.627 685 763 D CompatibilityChangeReporter: Compat change id reported: 265195908; UID 10023; state: ENABLED
06-20 13:36:18.640 685 800 I StorageSessionController: Notifying volume state changed for session with id: emulated;0
06-20 13:36:18.660 685 700 D CompatibilityChangeReporter: Compat change id reported: 170503758; UID 10023; state: ENABLED
06-20 13:36:18.696 685 800 I StorageSessionController: Notifying volume state changed for session with id: emulated;0 --------- beginning of main
06-20 13:36:18.737 235 383 D BootAnimation: Playing files = /product/media/bootanimation.zip/part-2, Requested repeat = 0, playUntilComplete = false
06-20 13:36:18.750 1732 1732 D nativeloader: Configuring clns-shared-4 for other apk /system/app/Rocky/Rocky.apk. target_sdk_version=28, uses_libraries=, library_path=/system/app/Rocky/lib/arm:/system/app/Rocky/Rocky.apk!/lib/armeabi-v7a:/system/lib:/system_ext/lib, permitted_path=/data:/mnt/expand:/data/user/0/com.dangbei.lerad.rocky:/system/app/Rocky:/system/lib:/system_ext/lib
06-20 13:36:18.763 685 822 W system_server: Core platform API violation: Llibcore/io/Memory;->pokeByte(JB)V from Lcom/android/wifi/x/com/google/protobuf/UnsafeUtil; using reflection
06-20 13:36:18.763 685 822 W system_server: Core platform API violation: Llibcore/io/Memory;->peekByte(J)B from Lcom/android/wifi/x/com/google/protobuf/UnsafeUtil; using reflection
06-20 13:36:18.771 1391 1781 I MediaProvider: Begin Intent { act=com.android.providers.media.action.SCAN_VOLUME (has extras) }
06-20 13:36:18.773 1391 1575 V MediaStore: Examining volume emulated;0 with name external_primary and state mounted
06-20 13:36:18.784 685 822 D WifiNetworkFactory: got request NetworkRequest [ REQUEST id=40, [ Capabilities: INTERNET&NOT_RESTRICTED&TRUSTED&NOT_VCN_MANAGED Uid: 10070 RequestorUid: 10070 RequestorPkg: com.android.devicelockcontroller UnderlyingNetworks: Null] ]
06-20 13:36:18.784 685 822 D UntrustedWifiNetworkFactory: got request NetworkRequest [ REQUEST id=40, [ Capabilities: INTERNET&NOT_RESTRICTED&TRUSTED&NOT_VCN_MANAGED Uid: 10070 RequestorUid: 10070 RequestorPkg: com.android.devicelockcontroller UnderlyingNetworks: Null] ]
06-20 13:36:18.785 685 822 D OemPaidWifiNetworkFactory: got request NetworkRequest [ REQUEST id=40, [ Capabilities: INTERNET&NOT_RESTRICTED&TRUSTED&NOT_VCN_MANAGED Uid: 10070 RequestorUid: 10070 RequestorPkg: com.android.devicelockcontroller UnderlyingNetworks: Null] ]
06-20 13:36:18.785 685 822 D MultiInternetWifiNetworkFactory: got request NetworkRequest [ REQUEST id=40, [ Capabilities: INTERNET&NOT_RESTRICTED&TRUSTED&NOT_VCN_MANAGED Uid: 10070 RequestorUid: 10070 RequestorPkg: com.android.devicelockcontroller UnderlyingNetworks: Null] ]
06-20 13:36:18.786 685 822 D WifiScoreReport: setShouldReduceNetworkScore=false mNetworkAgent is null? true
06-20 13:36:18.787 685 822 D WifiClientModeImpl[19971:wlan0]: CMD_START_CONNECT my state DisconnectedState nid=0 roam=false
06-20 13:36:18.793 685 822 W LastMileLogger: Failed to open free_buffer pseudo-file: /sys/kernel/debug/tracing/instances/wifi/free_buffer: open failed: ENOENT (No such file or directory)
06-20 13:36:18.793 685 822 W LastMileLogger: Failed to arm fail-safe.
06-20 13:36:18.794 1127 1127 I wpa_supplicant: wpa_driver_nl80211_driver_cmd: wifi vendor: aml_w2_s
06-20 13:36:18.794 1127 1127 I wpa_supplicant: wpa_driver_nl80211_driver_cmd: wlan0: private command: MACADDR
06-20 13:36:18.795 576 576 W wificond: Scan is not started. Ignore abort request
06-20 13:36:18.800 685 800 W BroadcastLoopers: Found previously unknown looper Thread[StorageManagerService,5,main]
06-20 13:36:18.804 568 579 D installd: Found quota mount /dev/block/by-name/metadata at /metadata
06-20 13:36:18.804 568 579 D installd: Found quota mount /dev/block/dm-41 at /data
06-20 13:36:18.805 568 579 D installd: Found quota mount /dev/block/dm-41 at /data/user/0
06-20 13:36:18.805 568 579 D installd: Found quota mount /dev/block/dm-41 at /mnt/pass_through/0/emulated
06-20 13:36:18.807 568 579 D installd: Found storage mount /dev/block/dm-41 at /mnt/pass_through/0/emulated
06-20 13:36:18.807 568 579 D installd: Found storage mount at /mnt/pass_through/0/emulated
06-20 13:36:18.820 1391 1391 V MediaStore: Examining volume emulated;0 with name external_primary and state mounted
06-20 13:36:18.820 685 800 D StorageManagerService: Volume emulated;0 broadcasting mounted to UserHandle{0}
06-20 13:36:18.824 1391 1391 V MediaStore: Examining volume emulated;0 with name external_primary and state mounted
06-20 13:36:18.826 1291 1291 E DiskReceiver: Missing fsUuid, not launching activity.
06-20 13:36:18.826 685 822 D SupplicantStaIfaceHalAidlImpl: connectToNetwork "red5G"WPA_PSK, actualSsid=null
06-20 13:36:18.827 685 800 D StorageManagerService: Volume emulated;0 broadcasting mounted to UserHandle{0}
06-20 13:36:18.828 685 822 D SupplicantStaIfaceHalAidlImpl: Selecting supplicant SSID "red5G"
06-20 13:36:18.834 685 822 I SupplicantStaNetworkHalAidlImpl: Successfully set SSID
06-20 13:36:18.835 685 822 D SupplicantStaNetworkHalAidlImpl: The target security params: Security Parameters:
06-20 13:36:18.835 685 822 D SupplicantStaNetworkHalAidlImpl: Type: 2
06-20 13:36:18.835 685 822 D SupplicantStaNetworkHalAidlImpl: Enabled: true
06-20 13:36:18.835 685 822 D SupplicantStaNetworkHalAidlImpl: KeyMgmt: WPA_PSK
06-20 13:36:18.835 685 822 D SupplicantStaNetworkHalAidlImpl: Protocols: WPA RSN
06-20 13:36:18.835 685 822 D SupplicantStaNetworkHalAidlImpl: AuthAlgorithms:
06-20 13:36:18.835 685 822 D SupplicantStaNetworkHalAidlImpl: PairwiseCiphers: TKIP CCMP
06-20 13:36:18.835 685 822 D SupplicantStaNetworkHalAidlImpl: GroupCiphers: WEP40 WEP104 TKIP CCMP
06-20 13:36:18.835 685 822 D SupplicantStaNetworkHalAidlImpl: GroupMgmtCiphers:
06-20 13:36:18.835 685 822 D SupplicantStaNetworkHalAidlImpl: SuiteBCiphers:
06-20 13:36:18.835 685 822 D SupplicantStaNetworkHalAidlImpl: RequirePmf: false
06-20 13:36:18.835 685 822 D SupplicantStaNetworkHalAidlImpl: IsAddedByAutoUpgrade: false
06-20 13:36:18.835 685 822 D SupplicantStaNetworkHalAidlImpl: IsSaeH2eOnlyMode: false
06-20 13:36:18.835 685 822 D SupplicantStaNetworkHalAidlImpl: IsSaePkOnlyMode: false
06-20 13:36:18.840 1291 1291 D DiskReceiver: Scanning volume: VolumeInfo{emulated;0}:
06-20 13:36:18.840 1291 1291 D DiskReceiver: type=EMULATED diskId=null partGuid= mountFlags=PRIMARY|VISIBLE_FOR_WRITE
06-20 13:36:18.840 1291 1291 D DiskReceiver: mountUserId=0 state=MOUNTED
06-20 13:36:18.840 1291 1291 D DiskReceiver: fsType=null fsUuid=null fsLabel=null
06-20 13:36:18.840 1291 1291 D DiskReceiver: path=/storage/emulated internalPath=/data/media
06-20 13:36:18.862 1732 1732 V GraphicsEnvironment: Currently set values for:
06-20 13:36:18.862 1732 1732 V GraphicsEnvironment: angle_gl_driver_selection_pkgs=[]
06-20 13:36:18.862 1423 1777 I cr_VariationsUtils: Failed reading seed file "/data/user/0/com.dangbei.leard.leradlauncher/app_webview/variations_seed_new"
06-20 13:36:18.862 1732 1732 V GraphicsEnvironment: angle_gl_driver_selection_values=[]
06-20 13:36:18.863 1732 1732 V GraphicsEnvironment: ANGLE GameManagerService for com.dangbei.lerad.rocky: false
