01-01 08:00:13.094 685 711 I LogicalDisplayMapper: Adding new display: 0: DisplayInfo{"内置屏幕", displayId 0, displayGroupId 0, FLAG_SECURE, FLAG_SUPPORTS_PROTECTED_BUFFERS, FLAG_TRUSTED, real 1920 x 1080, largest app 1920 x 1080, smallest app 1920 x 1080, appVsyncOff 2000000, presDeadline 13683333, mode 1159.94006, defaultMode 11, modes [{id=1, width=1920, height=1080, fps=119.88013, alternativeRefreshRates=[], supportedHdrTypes=[2, 3]}, {id=2, width=1920, height=1080, fps=120.00001, alternativeRefreshRates=[], supportedHdrTypes=[2, 3]}, {id=3, width=3840, height=2160, fps=59.94006, alternativeRefreshRates=[], supportedHdrTypes=[2, 3]}, {id=4, width=3840, height=2160, fps=60.000004, alternativeRefreshRates=[], supportedHdrTypes=[2, 3]}, {id=5, width=3840, height=2160, fps=50.0, alternativeRefreshRates=[], supportedHdrTypes=[2, 3]}, {id=6, width=3840, height=2160, fps=29.97003, alternativeRefreshRates=[], supportedHdrTypes=[2, 3]}, {id=7, width=3840, height=2160, fps=30.000002, alternativeRefreshRates=[], supportedHdrTypes=[2, 3]}, {id=8, width=3840, height=2160, fps=25.0, alternativeRefreshRates=[], supportedHdrTypes=[2, 3]}, {id=9, width=3840, height=2160, fps=23.976025, alternativeRefreshRates=[], supportedHdrTypes=[2, 3]}, {id=10, width=3840, height=2160, fps=24.000002, alternativeRefreshRates=[], supportedHdrTypes=[2, 3]}, {id=11, width=1920, height=1080, fps=59.94006, alternativeRefreshRates=[], supportedHdrTypes=[2, 3]}, {id=12, width=1920, height=1080, fps=60.000004, alternativeRefreshRates=[], supportedHdrTypes=[2, 3]}, {id=13, width=1920, height=1080, fps=50.0, alternativeRefreshRates=[], supportedHdrTypes=[2, 3]}, {id=14, width=1920, height=1080, fps=29.97003, alternativeRefreshRates=[], supportedHdrTypes=[2, 3]}, {id=15, width=1920, height=1080, fps=30.000002, alternativeRefreshRates=[], supportedHdrTypes=[2, 3]}, {id=16, width=1280, height=720, fps=59.94006, alternativeRefreshRates=[], supportedHdrTypes=[2, 3]}, {id=17, width=1280, height=720, fps=60.000004, alternativeRefreshRates=[], supportedHdrTypes=[2, 3]}, {id=18, width=1280, height=720, fps=50.0, alternativeRefreshRates=[], supportedHdrTypes=[2, 3]}], hdrCapabilities HdrCapabilities{mSupportedHdrTypes=[2, 3], mMaxLuminance=1000.0, mMaxAverageLuminance=1000.0, mMinLuminance=0.0}, userDisabledHdrTypes [], minimalPostProcessingSupported true, rotation 0, state UNKNOWN, committedState UNKNOWN, type INTERNAL, uniqueId "local:4625716335649126415", app 1920 x 1080, density 240 (42.406 x 42.203) dpi, layerStack 0, colorMode 0, supportedColorModes [0], address {port=15, model=0x4031d87fca1678}, deviceProductInfo DeviceProductInfo{name=Dangbei , manufacturerPnpId=MMM, productId=64, modelYear=null, manufactureDate=ManufactureDate{week=10, year=2023}, connectionToSinkType=2}, removeMode 0, refreshRateOverride 0.0, brightnessMinimum 0.0, brightnessMaximum 1.0, brightnessDefault 0.39763778, installOrientation ROTATION_0, layoutLimitedRefreshRate null, hdrSdrRatio not_available, thermalRefreshRateThrottling {}, thermalBrightnessThrottlingDataId default}
01-01 08:00:13.096 685 711 W android.permission.PermissionManager: Missing ActivityManager; assuming 1000 holds android.permission.READ_DEVICE_CONFIG
01-01 08:00:13.107 685 685 V SystemServerTiming: OnBootPhase_100_com.android.server.display.DisplayManagerService took to complete: 37ms
01-01 08:00:13.107 685 685 V SystemServerTiming: OnBootPhase_100 took to complete: 38ms
01-01 08:00:13.107 685 685 V SystemServerTiming: WaitForDisplay took to complete: 39ms
01-01 08:00:13.107 685 685 D SystemServerTiming: StartDomainVerificationService
01-01 08:00:13.109 685 685 V SystemServerTiming: StartDomainVerificationService took to complete: 2ms
01-01 08:00:13.109 685 685 D SystemServerTiming: StartPackageManagerService
01-01 08:00:13.110 685 685 I Watchdog: Pausing HandlerChecker: main thread for reason: packagemanagermain. Pause count: 1
01-01 08:00:13.111 685 685 D PackageManagerTiming: create package manager
01-01 08:00:13.114 685 685 D PackageManagerTiming: createSubComponents
01-01 08:00:13.118 685 685 I UserTypeFactory: Creating custom user type com.android.tv.profile
01-01 08:00:13.127 685 685 I UserManagerService: Upgrading users from userVersion 11 to 11
01-01 08:00:13.140 685 685 V PackageManagerTiming: createSubComponents took to complete: 25ms
01-01 08:00:13.140 685 685 D PackageManagerTiming: addSharedUsers
01-01 08:00:13.140 685 685 V PackageManagerTiming: addSharedUsers took to complete: 0ms
01-01 08:00:13.143 685 685 D PackageManagerTiming: get system config
01-01 08:00:13.143 685 685 V PackageManagerTiming: get system config took to complete: 0ms
01-01 08:00:13.148 685 685 D SELinuxMMAC: Using policy file /system/etc/selinux/plat_mac_permissions.xml
01-01 08:00:13.151 685 685 D SELinuxMMAC: Using policy file /system_ext/etc/selinux/system_ext_mac_permissions.xml
01-01 08:00:13.152 685 685 D SELinuxMMAC: Using policy file /product/etc/selinux/product_mac_permissions.xml
01-01 08:00:13.152 685 685 D SELinuxMMAC: Using policy file /vendor/etc/selinux/vendor_mac_permissions.xml
01-01 08:00:13.153 685 685 D PackageManagerTiming: loadFallbacks
01-01 08:00:13.156 685 685 V PackageManagerTiming: loadFallbacks took to complete: 3ms
01-01 08:00:13.156 685 685 D PackageManagerTiming: read user settings
01-01 08:00:13.294 685 685 W PackageManager: No package known for package restrictions com.android.configinfrastructure
01-01 08:00:13.295 685 685 W PackageManager: No package known for package restrictions com.android.appsearch
01-01 08:00:13.298 685 685 W PackageManager: No package known for package restrictions com.android.adservices
01-01 08:00:13.300 685 685 W PackageManager: No package known for package restrictions com.android.scheduling
01-01 08:00:13.301 685 685 W PackageManager: No package known for package restrictions com.google.android.widevine.nonupdatable
01-01 08:00:13.301 685 685 W PackageManager: No package known for package restrictions com.android.permission
01-01 08:00:13.304 685 685 W PackageManager: No package known for package restrictions com.android.art
01-01 08:00:13.305 685 685 W PackageManager: No package known for package restrictions com.android.uwb
01-01 08:00:13.305 685 685 W PackageManager: No package known for package restrictions com.android.tethering
01-01 08:00:13.307 685 685 W PackageManager: No package known for package restrictions com.android.btservices
01-01 08:00:13.307 685 685 W PackageManager: No package known for package restrictions com.android.media.swcodec
01-01 08:00:13.307 685 685 W PackageManager: No package known for package restrictions com.android.conscrypt
01-01 08:00:13.311 685 685 W PackageManager: No package known for package restrictions com.android.adbd
01-01 08:00:13.311 685 685 W PackageManager: No package known for package restrictions com.android.i18n
01-01 08:00:13.311 685 685 W PackageManager: No package known for package restrictions com.android.rkpd
01-01 08:00:13.311 685 685 W PackageManager: No package known for package restrictions com.android.virt
01-01 08:00:13.311 685 685 W PackageManager: No package known for package restrictions com.android.wifi
01-01 08:00:13.314 685 685 W PackageManager: No package known for package restrictions com.android.runtime
01-01 08:00:13.314 685 685 W PackageManager: No package known for package restrictions com.android.devicelock
01-01 08:00:13.314 685 685 W PackageManager: No package known for package restrictions com.android.apex.cts.shim
01-01 08:00:13.315 685 685 W PackageManager: No package known for package restrictions com.android.neuralnetworks
01-01 08:00:13.317 685 685 W PackageManager: No package known for package restrictions com.android.healthfitness
01-01 08:00:13.321 685 685 W PackageManager: No package known for package restrictions com.android.resolv
01-01 08:00:13.321 685 685 W PackageManager: No package known for package restrictions com.android.sdkext
01-01 08:00:13.322 685 685 W PackageManager: No package known for package restrictions com.android.tzdata
01-01 08:00:13.322 685 685 W PackageManager: No package known for package restrictions com.android.vndk.v34
01-01 08:00:13.323 685 685 W PackageManager: No package known for package restrictions com.android.os.statsd
01-01 08:00:13.326 685 685 W PackageManager: No package known for package restrictions com.android.extservices
01-01 08:00:13.326 685 685 W PackageManager: No package known for package restrictions com.amlogic.mediaextractor
01-01 08:00:13.327 685 685 W PackageManager: No package known for package restrictions com.android.ipsec
01-01 08:00:13.328 685 685 W PackageManager: No package known for package restrictions com.android.media
01-01 08:00:13.332 685 685 W PackageManager: No package known for package restrictions com.android.mediaprovider
01-01 08:00:13.335 685 685 W PackageManager: No package known for package restrictions com.android.ondevicepersonalization
01-01 08:00:13.350 685 685 V SLog : static_init took to complete: 1ms
01-01 08:00:13.351 685 685 W PackageSettings: Missing permission state for package com.android.uwb.resources on user 0
01-01 08:00:13.351 685 685 W PackageSettings: Missing permission state for package com.android.virtualmachine.res on user 0
01-01 08:00:13.351 685 685 W PackageSettings: Missing permission state for package com.droidlogic.tvprovider.overlay on user 0
01-01 08:00:13.351 685 685 W PackageSettings: Missing permission state for package com.android.htmlviewer on user 0
01-01 08:00:13.351 685 685 W PackageSettings: Missing permission state for package com.android.tv.overlay.settingsprovider on user 0
01-01 08:00:13.351 685 685 W PackageSettings: Missing permission state for package com.android.safetycenter.resources on user 0
01-01 08:00:13.351 685 685 W PackageSettings: Missing permission state for package com.android.connectivity.resources on user 0
01-01 08:00:13.351 685 685 W PackageSettings: Missing permission state for package com.android.systemui.auto_generated_rro_vendor__ on user 0
01-01 08:00:13.352 685 685 W PackageSettings: Missing permission state for package com.android.tv.overlay.networkstack on user 0
01-01 08:00:13.352 685 685 W PackageSettings: Missing permission state for package com.android.dreams.basic on user 0
01-01 08:00:13.352 685 685 W PackageSettings: Missing permission state for package com.android.tv.overlay.wifi.resources on user 0
01-01 08:00:13.352 685 685 W PackageSettings: Missing permission state for package com.droidlogic.systemui.overlay on user 0
01-01 08:00:13.352 685 685 W PackageSettings: Missing permission state for package android.ext.shared on user 0
01-01 08:00:13.352 685 685 W PackageSettings: Missing permission state for package com.dlg.framework.overlay on user 0
01-01 08:00:13.352 685 685 W PackageSettings: Missing permission state for package com.android.wifi.resources on user 0
01-01 08:00:13.352 685 685 W PackageSettings: Missing permission state for package com.android.cameraextensions on user 0
01-01 08:00:13.352 685 685 W PackageSettings: Missing permission state for package com.android.networkstack.tethering.droidlogic on user 0
01-01 08:00:13.352 685 685 W PackageSettings: Missing permission state for package com.droidlogic.tvsettings.energymode.resoverlay on user 0
01-01 08:00:13.353 685 685 W PackageSettings: Missing permission state for package com.amlogic.tv.overlay.matchcontent on user 0
01-01 08:00:13.353 685 685 W PackageSettings: Missing permission state for package com.droidlogic.wifitetheringoverlay on user 0
01-01 08:00:13.353 685 685 W PackageSettings: Missing permission state for package com.droidlogic.wifion on user 0
01-01 08:00:13.353 685 685 W PackageSettings: Missing permission state for package com.android.tv.overlay.framework on user 0
01-01 08:00:13.353 685 685 W PackageSettings: Missing permission state for package com.droidlogic.overlay on user 0
01-01 08:00:13.353 685 685 W PackageSettings: Missing permission state for package android.auto_generated_rro_vendor__ on user 0
01-01 08:00:13.354 685 685 W PackageSettings: Missing permission state for shared user: android.uid.log
01-01 08:00:13.354 685 685 W PackageSettings: Missing permission state for shared user: android.uid.nfc
01-01 08:00:13.354 685 685 W PackageSettings: Missing permission state for shared user: android.uid.uwb
01-01 08:00:13.355 685 685 W PackageSettings: Missing permission state for shared user: android.uid.phone
01-01 08:00:13.357 685 685 V PackageManagerTiming: read user settings took to complete: 201ms
01-01 08:00:13.385 685 685 D PackageManager: Directories scanned as system partitions: [/system:0, /vendor:524288, /odm:4194304, /oem:262144, /product:1048576, /system_ext:2097152, /apex/com.android.adservices:41943040, /apex/com.android.devicelock:41943040, /apex/com.android.adbd:41943040, /apex/com.android.art:41943040, /apex/com.android.healthfitness:41943040, /apex/com.android.scheduling:41943040, /apex/com.android.mediaprovider:41943040, /apex/com.android.tethering:41943040, /apex/com.android.apex.cts.shim:41943040, /apex/com.android.os.statsd:41943040, /apex/com.android.virt:41943040, /apex/com.android.appsearch:41943040, /apex/com.amlogic.mediaextractor:41943040, /apex/com.android.media:41943040, /apex/com.android.vndk.v34:41943040, /apex/com.android.conscrypt:41943040, /apex/com.android.configinfrastructure:41943040, /apex/com.android.sdkext:41943040, /apex/com.android.permission:41943040, /apex/com.android.media.swcodec:41943040, /apex/com.android.tzdata:41943040, /apex/com.android.runtime:41943040, /apex/com.android.uwb:41943040, /apex/com.android.i18n:41943040, /apex/com.android.ondevicepersonalization:41943040, /apex/com.android.wifi:41943040, /apex/com.android.resolv:41943040, /apex/com.android.ipsec:41943040, /apex/com.google.android.widevine:42467328, /apex/com.android.rkpd:41943040, /apex/com.android.neuralnetworks:41943040, /apex/com.android.extservices:41943040, /apex/com.android.btservices:41943040]
01-01 08:00:13.387 685 685 D PackageManager: Keeping known cache 2507e1f6aa46ab7902aa4087bed3874a7164f273
01-01 08:00:13.387 685 685 W PackageManager: Wiping cache directory because the system partition changed.
01-01 08:00:13.401 0 0 I [0 T410 ..] apexd: getAllPackages received by ApexService
01-01 08:00:13.442 685 685 I PackageManager: /data/apex/decompressed/com.android.adservices@340090000.decompressed.apex changed; collecting certs
01-01 08:00:13.459 685 685 D CompatibilityChangeReporter: Compat change id reported: 143539591; UID -1; state: DISABLED
01-01 08:00:13.459 685 685 D CompatibilityChangeReporter: Compat change id reported: 168782947; UID -1; state: ENABLED
01-01 08:00:13.461 685 685 W PackageManager: Odd, /data/apex/decompressed/com.android.adservices@340090000.decompressed.apex doesn't look like an APK
01-01 08:00:13.461 685 685 W PackageManager: Unrecognized code path /data/apex/decompressed/com.android.adservices@340090000.decompressed.apex - using /data
01-01 08:00:13.465 685 685 I PackageManager: /system/apex/com.amlogic.mediaextractor.apex changed; collecting certs
01-01 08:00:13.470 685 685 W PackageManager: Odd, /system/apex/com.amlogic.mediaextractor.apex doesn't look like an APK
01-01 08:00:13.474 685 685 I PackageManager: /data/apex/decompressed/com.android.adbd@340090000.decompressed.apex changed; collecting certs
01-01 08:00:13.479 685 685 W PackageManager: Odd, /data/apex/decompressed/com.android.adbd@340090000.decompressed.apex doesn't look like an APK
01-01 08:00:13.479 685 685 W PackageManager: Unrecognized code path /data/apex/decompressed/com.android.adbd@340090000.decompressed.apex - using /data
01-01 08:00:13.481 685 685 I PackageManager: /system/apex/com.android.apex.cts.shim.apex changed; collecting certs
01-01 08:00:13.487 685 685 D CompatibilityChangeReporter: Compat change id reported: 168782947; UID -1; state: DISABLED
01-01 08:00:13.488 685 685 W PackageManager: Odd, /system/apex/com.android.apex.cts.shim.apex doesn't look like an APK
01-01 08:00:13.491 685 685 I PackageManager: /data/apex/decompressed/com.android.configinfrastructure@340090000.decompressed.apex changed; collecting certs
01-01 08:00:13.496 685 685 W PackageManager: Odd, /data/apex/decompressed/com.android.configinfrastructure@340090000.decompressed.apex doesn't look like an APK
01-01 08:00:13.496 685 685 W PackageManager: Unrecognized code path /data/apex/decompressed/com.android.configinfrastructure@340090000.decompressed.apex - using /data
01-01 08:00:13.499 685 685 I PackageManager: /data/apex/decompressed/com.android.art@340090000.decompressed.apex changed; collecting certs
01-01 08:00:13.505 685 685 W PackageManager: Odd, /data/apex/decompressed/com.android.art@340090000.decompressed.apex doesn't look like an APK
01-01 08:00:13.505 685 685 W PackageManager: Unrecognized code path /data/apex/decompressed/com.android.art@340090000.decompressed.apex - using /data
01-01 08:00:13.508 685 685 I PackageManager: /data/apex/decompressed/com.android.appsearch@340090000.decompressed.apex changed; collecting certs
01-01 08:00:13.514 685 685 W PackageManager: Odd, /data/apex/decompressed/com.android.appsearch@340090000.decompressed.apex doesn't look like an APK
01-01 08:00:13.514 685 685 W PackageManager: Unrecognized code path /data/apex/decompressed/com.android.appsearch@340090000.decompressed.apex - using /data
01-01 08:00:13.516 685 685 I PackageManager: /system/apex/com.android.btservices.apex changed; collecting certs
01-01 08:00:13.524 685 685 W PackageManager: Odd, /system/apex/com.android.btservices.apex doesn't look like an APK
01-01 08:00:13.527 685 685 I PackageManager: /system/apex/com.android.devicelock.apex changed; collecting certs
01-01 08:00:13.533 685 685 W PackageManager: Odd, /system/apex/com.android.devicelock.apex doesn't look like an APK
01-01 08:00:13.535 685 685 I PackageManager: /system/apex/com.android.healthfitness.apex changed; collecting certs
01-01 08:00:13.541 685 685 W PackageManager: Odd, /system/apex/com.android.healthfitness.apex doesn't look like an APK
01-01 08:00:13.544 685 685 I PackageManager: /data/apex/decompressed/com.android.conscrypt@340090000.decompressed.apex changed; collecting certs
01-01 08:00:13.550 685 685 W PackageManager: Odd, /data/apex/decompressed/com.android.conscrypt@340090000.decompressed.apex doesn't look like an APK
01-01 08:00:13.551 685 685 W PackageManager: Unrecognized code path /data/apex/decompressed/com.android.conscrypt@340090000.decompressed.apex - using /data
01-01 08:00:13.553 685 685 I PackageManager: /data/apex/decompressed/com.android.extservices@340090000.decompressed.apex changed; collecting certs
01-01 08:00:13.559 685 685 W PackageManager: Odd, /data/apex/decompressed/com.android.extservices@340090000.decompressed.apex doesn't look like an APK
01-01 08:00:13.560 685 685 W PackageManager: Unrecognized code path /data/apex/decompressed/com.android.extservices@340090000.decompressed.apex - using /data
01-01 08:00:13.563 685 685 I PackageManager: /data/apex/decompressed/com.android.media.swcodec@340090000.decompressed.apex changed; collecting certs
01-01 08:00:13.570 685 685 W PackageManager: Odd, /data/apex/decompressed/com.android.media.swcodec@340090000.decompressed.apex doesn't look like an APK
01-01 08:00:13.570 685 685 W PackageManager: Unrecognized code path /data/apex/decompressed/com.android.media.swcodec@340090000.decompressed.apex - using /data
01-01 08:00:13.573 685 685 I PackageManager: /data/apex/decompressed/com.android.ipsec@340090000.decompressed.apex changed; collecting certs
01-01 08:00:13.580 685 685 W PackageManager: Odd, /data/apex/decompressed/com.android.ipsec@340090000.decompressed.apex doesn't look like an APK
01-01 08:00:13.580 685 685 W PackageManager: Unrecognized code path /data/apex/decompressed/com.android.ipsec@340090000.decompressed.apex - using /data
01-01 08:00:13.583 685 685 I PackageManager: /data/apex/decompressed/com.android.media@340090000.decompressed.apex changed; collecting certs
01-01 08:00:13.589 685 685 W PackageManager: Odd, /data/apex/decompressed/com.android.media@340090000.decompressed.apex doesn't look like an APK
01-01 08:00:13.589 685 685 W PackageManager: Unrecognized code path /data/apex/decompressed/com.android.media@340090000.decompressed.apex - using /data
01-01 08:00:13.592 685 685 I PackageManager: /system/apex/com.android.i18n.apex changed; collecting certs
01-01 08:00:13.598 685 685 W PackageManager: Odd, /system/apex/com.android.i18n.apex doesn't look like an APK
01-01 08:00:13.600 685 685 I PackageManager: /data/apex/decompressed/com.android.neuralnetworks@340090000.decompressed.apex changed; collecting certs
01-01 08:00:13.608 685 685 W PackageManager: Odd, /data/apex/decompressed/com.android.neuralnetworks@340090000.decompressed.apex doesn't look like an APK
01-01 08:00:13.608 685 685 W PackageManager: Unrecognized code path /data/apex/decompressed/com.android.neuralnetworks@340090000.decompressed.apex - using /data
01-01 08:00:13.611 685 685 I PackageManager: /system/apex/com.android.os.statsd.apex changed; collecting certs
01-01 08:00:13.615 685 685 W PackageManager: Odd, /system/apex/com.android.os.statsd.apex doesn't look like an APK
01-01 08:00:13.618 685 685 I PackageManager: /data/apex/decompressed/com.android.ondevicepersonalization@340090000.decompressed.apex changed; collecting certs
01-01 08:00:13.622 685 685 W PackageManager: Odd, /data/apex/decompressed/com.android.ondevicepersonalization@340090000.decompressed.apex doesn't look like an APK
01-01 08:00:13.622 685 685 W PackageManager: Unrecognized code path /data/apex/decompressed/com.android.ondevicepersonalization@340090000.decompressed.apex - using /data
01-01 08:00:13.625 685 685 I PackageManager: /data/apex/decompressed/com.android.mediaprovider@340090000.decompressed.apex changed; collecting certs
01-01 08:00:13.631 685 685 W PackageManager: Odd, /data/apex/decompressed/com.android.mediaprovider@340090000.decompressed.apex doesn't look like an APK
01-01 08:00:13.632 685 685 W PackageManager: Unrecognized code path /data/apex/decompressed/com.android.mediaprovider@340090000.decompressed.apex - using /data
01-01 08:00:13.635 685 685 I PackageManager: /data/apex/decompressed/com.android.permission@340090000.decompressed.apex changed; collecting certs
01-01 08:00:13.641 685 685 W PackageManager: Odd, /data/apex/decompressed/com.android.permission@340090000.decompressed.apex doesn't look like an APK
01-01 08:00:13.641 685 685 W PackageManager: Unrecognized code path /data/apex/decompressed/com.android.permission@340090000.decompressed.apex - using /data
01-01 08:00:13.646 685 685 I PackageManager: /system/apex/com.android.rkpd.apex changed; collecting certs
01-01 08:00:13.651 685 685 W PackageManager: Odd, /system/apex/com.android.rkpd.apex doesn't look like an APK
01-01 08:00:13.654 685 685 I PackageManager: /system/apex/com.android.runtime.apex changed; collecting certs
01-01 08:00:13.659 685 685 W PackageManager: Odd, /system/apex/com.android.runtime.apex doesn't look like an APK
01-01 08:00:13.662 685 685 I PackageManager: /data/apex/decompressed/com.android.scheduling@340090000.decompressed.apex changed; collecting certs
01-01 08:00:13.667 685 685 W PackageManager: Odd, /data/apex/decompressed/com.android.scheduling@340090000.decompressed.apex doesn't look like an APK
01-01 08:00:13.667 685 685 W PackageManager: Unrecognized code path /data/apex/decompressed/com.android.scheduling@340090000.decompressed.apex - using /data
01-01 08:00:13.670 685 685 I PackageManager: /data/apex/decompressed/com.android.resolv@340090000.decompressed.apex changed; collecting certs
01-01 08:00:13.676 685 685 W PackageManager: Odd, /data/apex/decompressed/com.android.resolv@340090000.decompressed.apex doesn't look like an APK
01-01 08:00:13.676 685 685 W PackageManager: Unrecognized code path /data/apex/decompressed/com.android.resolv@340090000.decompressed.apex - using /data
01-01 08:00:13.678 685 685 I PackageManager: /system/apex/com.android.sdkext.apex changed; collecting certs
01-01 08:00:13.683 685 685 W PackageManager: Odd, /system/apex/com.android.sdkext.apex doesn't look like an APK
01-01 08:00:13.686 685 685 I PackageManager: /data/apex/decompressed/com.android.tethering@340090000.decompressed.apex changed; collecting certs
01-01 08:00:13.694 685 685 W PackageManager: Odd, /data/apex/decompressed/com.android.tethering@340090000.decompressed.apex doesn't look like an APK
01-01 08:00:13.694 685 685 W PackageManager: Unrecognized code path /data/apex/decompressed/com.android.tethering@340090000.decompressed.apex - using /data
01-01 08:00:13.697 685 685 I PackageManager: /system/apex/com.android.tzdata.apex changed; collecting certs
01-01 08:00:13.702 685 685 W PackageManager: Odd, /system/apex/com.android.tzdata.apex doesn't look like an APK
01-01 08:00:13.705 685 685 I PackageManager: /data/apex/decompressed/com.android.uwb@340090000.decompressed.apex changed; collecting certs
01-01 08:00:13.711 685 685 W PackageManager: Odd, /data/apex/decompressed/com.android.uwb@340090000.decompressed.apex doesn't look like an APK
01-01 08:00:13.711 685 685 W PackageManager: Unrecognized code path /data/apex/decompressed/com.android.uwb@340090000.decompressed.apex - using /data
01-01 08:00:13.714 685 685 I PackageManager: /system/apex/com.android.virt.apex changed; collecting certs
01-01 08:00:13.719 685 685 W PackageManager: Odd, /system/apex/com.android.virt.apex doesn't look like an APK
01-01 08:00:13.722 685 685 I PackageManager: /system/apex/com.android.vndk.current.apex changed; collecting certs
01-01 08:00:13.730 685 685 W PackageManager: Odd, /system/apex/com.android.vndk.current.apex doesn't look like an APK
01-01 08:00:13.733 685 685 I PackageManager: /data/apex/decompressed/com.android.wifi@340090000.decompressed.apex changed; collecting certs
01-01 08:00:13.739 685 685 W PackageManager: Odd, /data/apex/decompressed/com.android.wifi@340090000.decompressed.apex doesn't look like an APK
01-01 08:00:13.739 685 685 W PackageManager: Unrecognized code path /data/apex/decompressed/com.android.wifi@340090000.decompressed.apex - using /data
01-01 08:00:13.743 685 685 I PackageManager: /vendor/apex/com.google.android.widevine.nonupdatable.apex changed; collecting certs
01-01 08:00:13.749 685 685 W PackageManager: Odd, /vendor/apex/com.google.android.widevine.nonupdatable.apex doesn't look like an APK
01-01 08:00:13.785 685 685 W PackageManager: Failed to parse /system/framework/arm: Missing base APK in /system/framework/arm
01-01 08:00:13.785 685 685 W PackageManager: Failed to parse /system/framework/oat: Missing base APK in /system/framework/oat/arm
01-01 08:00:13.843 685 685 I PackageManager: /system/priv-app/NetworkStack changed; collecting certs
01-01 08:00:13.849 685 685 I PackageManager: Update system package com.android.networkstack code path from /system/priv-app/NetworkStackNext to /system/priv-app/NetworkStack; Retain data and using new
01-01 08:00:13.853 685 685 I PackageManager: /system/priv-app/NetworkStackNext changed; collecting certs
01-01 08:00:13.856 685 685 W PackageManager: Failed to scan /system/priv-app/NetworkStackNext: Application package com.android.networkstack already installed. Skipping duplicate.
01-01 08:00:13.928 685 685 W PackageManager: Provider ComponentInfo{com.dangbei.leard.leradlauncher/androidx.core.content.FileProvider} already defined; ignoring
01-01 08:00:13.996 685 685 I ApexManager: Registering com.android.adservices.api as apk-in-apex of com.android.adservices
01-01 08:00:14.002 685 685 I ApexManager: Registering com.android.sdksandbox as apk-in-apex of com.android.adservices
01-01 08:00:14.010 685 685 I ApexManager: Registering com.android.devicelockcontroller as apk-in-apex of com.android.devicelock
01-01 08:00:14.016 685 685 I ApexManager: Registering com.android.healthconnect.controller as apk-in-apex of com.android.healthfitness
01-01 08:00:14.022 685 685 I ApexManager: Registering com.android.health.connect.backuprestore as apk-in-apex of com.android.healthfitness
01-01 08:00:14.030 685 685 I ApexManager: Registering com.android.providers.media.module as apk-in-apex of com.android.mediaprovider
01-01 08:00:14.036 685 685 I ApexManager: Registering com.android.connectivity.resources as apk-in-apex of com.android.tethering
01-01 08:00:14.038 685 685 I ApexManager: Registering com.android.networkstack.tethering as apk-in-apex of com.android.tethering
01-01 08:00:14.044 685 685 I ApexManager: Registering com.android.nearby.halfsheet as apk-in-apex of com.android.tethering
01-01 08:00:14.051 685 685 I ApexManager: Registering com.android.cts.priv.ctsshim as apk-in-apex of com.android.apex.cts.shim
01-01 08:00:14.055 685 685 I ApexManager: Registering com.android.cts.ctsshim as apk-in-apex of com.android.apex.cts.shim
01-01 08:00:14.060 685 685 I ApexManager: Registering com.android.virtualmachine.res as apk-in-apex of com.android.virt
01-01 08:00:14.068 685 685 I ApexManager: Registering com.android.safetycenter.resources as apk-in-apex of com.android.permission
01-01 08:00:14.071 685 685 I ApexManager: Registering com.android.permissioncontroller as apk-in-apex of com.android.permission
01-01 08:00:14.078 685 685 I ApexManager: Registering com.android.uwb.resources as apk-in-apex of com.android.uwb
01-01 08:00:14.084 685 685 I ApexManager: Registering com.android.federatedcompute.services as apk-in-apex of com.android.ondevicepersonalization
01-01 08:00:14.087 685 685 I ApexManager: Registering com.android.ondevicepersonalization.services as apk-in-apex of com.android.ondevicepersonalization
01-01 08:00:14.093 685 685 I ApexManager: Registering com.android.wifi.resources as apk-in-apex of com.android.wifi
01-01 08:00:14.098 685 685 I ApexManager: Registering com.android.wifi.dialog as apk-in-apex of com.android.wifi
01-01 08:00:14.100 685 685 I ApexManager: Registering com.android.hotspot2.osulogin as apk-in-apex of com.android.wifi
01-01 08:00:14.106 685 685 I ApexManager: Registering com.android.rkpdapp as apk-in-apex of com.android.rkpd
01-01 08:00:14.115 685 685 I ApexManager: Registering com.android.ext.adservices.api as apk-in-apex of com.android.extservices
01-01 08:00:14.117 685 685 I ApexManager: Registering android.ext.services as apk-in-apex of com.android.extservices
01-01 08:00:14.124 685 685 I ApexManager: Registering com.android.bluetooth as apk-in-apex of com.android.btservices
01-01 08:00:14.137 685 685 I PackageManager: Finished scanning system apps. Time: 753 ms, packageCount: 142 , timePerPackage: 5 , cached: 143
01-01 08:00:14.163 685 742 D CompatibilityChangeReporter: Compat change id reported: 150232615; UID -1; state: DISABLED
01-01 08:00:14.167 685 685 D CompatibilityChangeReporter: Compat change id reported: 133396946; UID -1; state: DISABLED
01-01 08:00:14.177 685 685 I PackageManager: Finished scanning non-system apps. Time: 41 ms, packageCount: 2 , timePerPackage: 20 , cached: 0
01-01 08:00:14.187 685 685 I PackageManager: Time to scan packages: 0.804 seconds
01-01 08:00:14.187 685 685 I PermissionManager: Permission ownership changed. Updating all permissions.
01-01 08:00:14.189 685 685 W PermissionManager: Package com.android.adservices.api is an APK in APEX, but has permission allowlist on the system image. Please bundle the allowlist in the com.android.adservices APEX instead.
01-01 08:00:14.210 685 685 W PermissionManager: Privileged permission android.permission.LOCAL_MAC_ADDRESS for package com.dangbei.hqguide (/system/priv-app/dangbei-boot-guide) not in privapp-permissions allowlist
01-01 08:00:14.210 685 685 W PermissionManager: Privileged permission android.permission.BLUETOOTH_PRIVILEGED for package com.dangbei.hqguide (/system/priv-app/dangbei-boot-guide) not in privapp-permissions allowlist
01-01 08:00:14.210 685 685 W PermissionManager: Privileged permission android.permission.WRITE_SECURE_SETTINGS for package com.dangbei.hqguide (/system/priv-app/dangbei-boot-guide) not in privapp-permissions allowlist
01-01 08:00:14.233 685 685 W PermissionManager: Package com.android.providers.media.module is an APK in APEX, but has permission allowlist on the system image. Please bundle the allowlist in the com.android.mediaprovider APEX instead.
01-01 08:00:14.233 685 685 W PermissionManager: Package com.android.providers.media.module is an APK in APEX, but has permission allowlist on the system image. Please bundle the allowlist in the com.android.mediaprovider APEX instead.
01-01 08:00:14.233 685 685 W PermissionManager: Package com.android.providers.media.module is an APK in APEX, but has permission allowlist on the system image. Please bundle the allowlist in the com.android.mediaprovider APEX instead.
01-01 08:00:14.233 685 685 W PermissionManager: Package com.android.providers.media.module is an APK in APEX, but has permission allowlist on the system image. Please bundle the allowlist in the com.android.mediaprovider APEX instead.
01-01 08:00:14.233 685 685 W PermissionManager: Package com.android.providers.media.module is an APK in APEX, but has permission allowlist on the system image. Please bundle the allowlist in the com.android.mediaprovider APEX instead.
01-01 08:00:14.233 685 685 W PermissionManager: Package com.android.providers.media.module is an APK in APEX, but has permission allowlist on the system image. Please bundle the allowlist in the com.android.mediaprovider APEX instead.
01-01 08:00:14.233 685 685 W PermissionManager: Package com.android.providers.media.module is an APK in APEX, but has permission allowlist on the system image. Please bundle the allowlist in the com.android.mediaprovider APEX instead.
01-01 08:00:14.233 685 685 W PermissionManager: Package com.android.providers.media.module is an APK in APEX, but has permission allowlist on the system image. Please bundle the allowlist in the com.android.mediaprovider APEX instead.
01-01 08:00:14.233 685 685 W PermissionManager: Package com.android.providers.media.module is an APK in APEX, but has permission allowlist on the system image. Please bundle the allowlist in the com.android.mediaprovider APEX instead.
01-01 08:00:14.233 685 685 W PermissionManager: Package com.android.providers.media.module is an APK in APEX, but has permission allowlist on the system image. Please bundle the allowlist in the com.android.mediaprovider APEX instead.
01-01 08:00:14.233 685 685 W PermissionManager: Package com.android.providers.media.module is an APK in APEX, but has permission allowlist on the system image. Please bundle the allowlist in the com.android.mediaprovider APEX instead.
01-01 08:00:14.233 685 685 W PermissionManager: Package com.android.providers.media.module is an APK in APEX, but has permission allowlist on the system image. Please bundle the allowlist in the com.android.mediaprovider APEX instead.
01-01 08:00:14.233 685 685 W PermissionManager: Package com.android.providers.media.module is an APK in APEX, but has permission allowlist on the system image. Please bundle the allowlist in the com.android.mediaprovider APEX instead.
01-01 08:00:14.244 685 685 V PackageManager: reconcileAppsData for null u0 0x1 migrateAppData=true
01-01 08:00:14.316 685 685 V PackageManager: reconcileAppsData finished 16 packages
01-01 08:00:14.317 685 685 D PackageManagerTiming: write settings
01-01 08:00:14.317 685 748 D SystemServerTimingAsync: InitThreadPoolExec:prepareAppData
01-01 08:00:14.317 685 748 D SystemServerInitThreadPool: Started executing prepareAppData
01-01 08:00:14.364 685 685 V PackageManagerTiming: write settings took to complete: 47ms
01-01 08:00:14.365 685 685 W PackageManager: Domain verification agent not found
01-01 08:00:14.370 685 685 D PackageManager: Ephemeral resolver NOT found; no matching intent filters
01-01 08:00:14.370 685 685 D PackageManager: Instant App installer not found with android.intent.action.INSTALL_INSTANT_APP_PACKAGE
01-01 08:00:14.371 685 685 D PackageManager: Clear ephemeral installer activity
01-01 08:00:14.375 685 685 D PackageManagerTiming: GC
01-01 08:00:14.375 685 685 V PackageManagerTiming: GC took to complete: 0ms
01-01 08:00:14.375 685 685 I PackageManager: Fix for b/169414761 is applied
01-01 08:00:14.375 685 685 V PackageManagerTiming: create package manager took to complete: 1264ms
01-01 08:00:14.376 685 685 V UserSystemPackageInstaller: Checking that all system packages are whitelisted.
01-01 08:00:14.381 685 685 W UserSystemPackageInstaller: checkWhitelistedSystemPackages(mode=d) has 1 warnings:
01-01 08:00:14.381 685 685 W UserSystemPackageInstaller: com.android.settings is allowlisted but not present.
01-01 08:00:14.387 685 685 I Watchdog: Resuming HandlerChecker: main thread for reason: packagemanagermain. Pause count: 0
01-01 08:00:14.388 685 685 V SystemServerTiming: StartPackageManagerService took to complete: 1279ms
01-01 08:00:14.388 685 685 D SystemServerTiming: DexUseManagerLocal
01-01 08:00:14.402 685 685 V SystemServerTiming: DexUseManagerLocal took to complete: 13ms
01-01 08:00:14.403 685 685 D SystemServerTiming: StartOtaDexOptService
01-01 08:00:14.403 685 685 I Watchdog: Pausing HandlerChecker: main thread for reason: moveab. Pause count: 1
01-01 08:00:14.404 685 685 D OTADexopt: No upgrade, skipping A/B artifacts check.
01-01 08:00:14.404 685 685 I Watchdog: Resuming HandlerChecker: main thread for reason: moveab. Pause count: 0
01-01 08:00:14.404 685 685 V SystemServerTiming: StartOtaDexOptService took to complete: 1ms
01-01 08:00:14.404 685 685 D SystemServerTiming: StartUserManagerService
01-01 08:00:14.404 685 685 I SystemServiceManager: Starting com.android.server.pm.UserManagerService$LifeCycle
01-01 08:00:14.405 685 685 V SystemServerTiming: StartUserManagerService took to complete: 1ms
01-01 08:00:14.405 685 685 D SystemServerTiming: InitAttributerCache
01-01 08:00:14.405 685 685 V SystemServerTiming: InitAttributerCache took to complete: 0ms
01-01 08:00:14.405 685 685 D SystemServerTiming: SetSystemProcess
01-01 08:00:14.410 685 701 V HistoricalRegistry: Interaction before persistence initialized
01-01 08:00:14.411 685 700 V HistoricalRegistry: Interaction before persistence initialized
01-01 08:00:14.412 685 750 V HistoricalRegistry: Interaction before persistence initialized
01-01 08:00:14.419 685 720 I ActivityManager: Connection with lmkd established
01-01 08:00:14.422 685 685 V SystemServerTiming: SetSystemProcess took to complete: 16ms
01-01 08:00:14.423 685 685 D CompatibilityChangeReporter: Compat change id reported: 161145287; UID 1000; state: DISABLED
01-01 08:00:14.423 685 685 D CompatibilityChangeReporter: Compat change id reported: 161145287; UID 1000; state: ENABLED
01-01 08:00:14.425 685 685 D SystemServerTiming: InitWatchdog
01-01 08:00:14.425 685 685 V SystemServerTiming: InitWatchdog took to complete: 0ms
01-01 08:00:14.426 685 685 D SystemServerTiming: StartOverlayManagerService
01-01 08:00:14.482 575 756 I storaged: storaged: Start
01-01 08:00:14.510 685 748 V SystemServerTimingAsync: AppDataFixup took to complete: 193ms
01-01 08:00:14.510 685 748 W PackageManager: Skipping preparing app data for com.android.configinfrastructure
01-01 08:00:14.511 685 748 W PackageManager: Skipping preparing app data for com.android.appsearch
01-01 08:00:14.511 685 748 W PackageManager: Skipping preparing app data for com.android.adservices
01-01 08:00:14.513 685 748 W PackageManager: Skipping preparing app data for com.android.scheduling
01-01 08:00:14.513 685 748 W PackageManager: Skipping preparing app data for com.google.android.widevine.nonupdatable
01-01 08:00:14.513 685 748 W PackageManager: Skipping preparing app data for com.android.permission
01-01 08:00:14.514 685 748 W PackageManager: Skipping preparing app data for com.android.art
01-01 08:00:14.514 685 748 W PackageManager: Skipping preparing app data for com.android.uwb
01-01 08:00:14.514 685 748 W PackageManager: Skipping preparing app data for com.android.tethering
01-01 08:00:14.514 685 748 W PackageManager: Skipping preparing app data for com.android.btservices
01-01 08:00:14.514 685 748 W PackageManager: Skipping preparing app data for com.android.media.swcodec
01-01 08:00:14.514 685 748 W PackageManager: Skipping preparing app data for com.android.conscrypt
01-01 08:00:14.514 685 748 W PackageManager: Skipping preparing app data for com.android.adbd
01-01 08:00:14.514 685 748 W PackageManager: Skipping preparing app data for com.android.i18n
01-01 08:00:14.514 685 748 W PackageManager: Skipping preparing app data for com.android.rkpd
01-01 08:00:14.514 685 748 W PackageManager: Skipping preparing app data for com.android.virt
01-01 08:00:14.514 685 748 W PackageManager: Skipping preparing app data for com.android.wifi
01-01 08:00:14.514 685 748 W PackageManager: Skipping preparing app data for com.android.runtime
01-01 08:00:14.514 685 748 W PackageManager: Skipping preparing app data for com.android.devicelock
01-01 08:00:14.514 685 748 W PackageManager: Skipping preparing app data for com.android.apex.cts.shim
01-01 08:00:14.515 685 748 W PackageManager: Skipping preparing app data for com.android.neuralnetworks
01-01 08:00:14.515 685 748 W PackageManager: Skipping preparing app data for com.android.healthfitness
01-01 08:00:14.515 685 748 W PackageManager: Skipping preparing app data for com.android.resolv
01-01 08:00:14.515 685 748 W PackageManager: Skipping preparing app data for com.android.sdkext
01-01 08:00:14.515 685 748 W PackageManager: Skipping preparing app data for com.android.tzdata
01-01 08:00:14.515 685 748 W PackageManager: Skipping preparing app data for com.android.vndk.v34
01-01 08:00:14.515 685 748 W PackageManager: Skipping preparing app data for com.android.os.statsd
01-01 08:00:14.515 685 748 W PackageManager: Skipping preparing app data for com.android.extservices
01-01 08:00:14.515 685 748 W PackageManager: Skipping preparing app data for com.amlogic.mediaextractor
01-01 08:00:14.515 685 748 W PackageManager: Skipping preparing app data for com.android.ipsec
01-01 08:00:14.515 685 748 W PackageManager: Skipping preparing app data for com.android.media
01-01 08:00:14.515 685 748 W PackageManager: Skipping preparing app data for com.android.sdksandbox
01-01 08:00:14.516 685 748 W PackageManager: Skipping preparing app data for com.android.mediaprovider
01-01 08:00:14.516 685 748 W PackageManager: Skipping preparing app data for com.android.ondevicepersonalization
01-01 08:00:14.547 685 685 V SystemServerTiming: StartOverlayManagerService took to complete: 121ms
01-01 08:00:14.547 685 685 D SystemServerTiming: StartResourcesManagerService
01-01 08:00:14.550 685 685 V SystemServerTiming: StartResourcesManagerService took to complete: 3ms
01-01 08:00:14.550 685 685 D SystemServerTiming: StartSensorPrivacyService
01-01 08:00:14.563 685 708 W ActivityTaskManager: Skip updateConfiguration because mWindowManager isn't set
01-01 08:00:14.565 685 708 W BroadcastLoopers: Found previously unknown looper Thread[android.fg,5,main]
01-01 08:00:14.572 685 685 V SystemServerTiming: StartSensorPrivacyService took to complete: 22ms
01-01 08:00:14.573 685 685 D SystemServerTiming: StartSensorService
01-01 08:00:14.573 685 685 I SystemServiceManager: Starting com.android.server.sensors.SensorService
01-01 08:00:14.575 685 685 V SystemServerTiming: StartSensorService took to complete: 2ms
01-01 08:00:14.575 685 685 V SystemServerTiming: startBootstrapServices took to complete: 1846ms
01-01 08:00:14.575 685 685 D SystemServerTiming: startCoreServices
01-01 08:00:14.575 685 685 D SystemServerTiming: StartSystemConfigService
01-01 08:00:14.578 685 685 I SystemServiceManager: Starting com.android.server.SystemConfigService
01-01 08:00:14.579 685 760 D SystemServerTimingAsync: InitThreadPoolExec:StartNativeSensorService
01-01 08:00:14.579 685 760 D SystemServerInitThreadPool: Started executing StartNativeSensorService
01-01 08:00:14.579 685 760 D SystemServerTimingAsync: StartNativeSensorService
01-01 08:00:14.580 685 685 V SystemServerTiming: StartSystemConfigService took to complete: 5ms
01-01 08:00:14.580 685 685 D SystemServerTiming: StartBatteryService
01-01 08:00:14.580 685 685 I SystemServiceManager: Starting com.android.server.BatteryService
01-01 08:00:14.593 0 0 I [2 T216 ..] servicemanager: Could not find android.hardware.sensors.ISensors/default in the VINTF manifest.
01-01 08:00:14.599 0 0 I [2 T216 ..] servicemanager: Found android.hardware.health.IHealth/default in device VINTF manifest.
01-01 08:00:14.603 0 0 W [3 T460 ..] healthd: battery none chg=
01-01 08:00:14.595 685 685 I HealthServiceWrapperAidl: health: HealthServiceWrapper listening to AIDL HAL
01-01 08:00:14.595 685 685 I BatteryService: health: Waited 0ms for callbacks. Waiting another 1000 ms...
01-01 08:00:14.600 685 760 V SystemServerTimingAsync: StartNativeSensorService took to complete: 21ms
01-01 08:00:14.600 685 760 D SystemServerInitThreadPool: Finished executing StartNativeSensorService
01-01 08:00:14.600 685 760 V SystemServerTimingAsync: InitThreadPoolExec:StartNativeSensorService took to complete: 21ms
01-01 08:00:14.609 685 685 I BatteryService: health: Waited 14ms and received the update.
01-01 08:00:14.611 685 685 V SystemServerTiming: StartBatteryService took to complete: 31ms
01-01 08:00:14.611 685 685 D SystemServerTiming: StartUsageService
01-01 08:00:14.612 685 685 I SystemServiceManager: Starting com.android.server.usage.UsageStatsService
01-01 08:00:14.624 685 685 V SystemServerTiming: StartUsageService took to complete: 13ms
01-01 08:00:14.625 685 685 D SystemServerTiming: StartWebViewUpdateService
01-01 08:00:14.625 685 685 I SystemServiceManager: Starting com.android.server.webkit.WebViewUpdateService
01-01 08:00:14.631 685 685 V SystemServerTiming: StartWebViewUpdateService took to complete: 6ms
01-01 08:00:14.631 685 685 D SystemServerTiming: StartCachedDeviceStateService
01-01 08:00:14.631 685 685 I SystemServiceManager: Starting com.android.server.CachedDeviceStateService
01-01 08:00:14.632 685 685 V SystemServerTiming: StartCachedDeviceStateService took to complete: 1ms
01-01 08:00:14.632 685 685 D SystemServerTiming: StartBinderCallsStatsService
01-01 08:00:14.632 685 685 I SystemServiceManager: Starting com.android.server.BinderCallsStatsService$LifeCycle
01-01 08:00:14.634 685 685 V SystemServerTiming: StartBinderCallsStatsService took to complete: 2ms
01-01 08:00:14.634 685 685 D SystemServerTiming: StartLooperStatsService
01-01 08:00:14.634 685 685 I SystemServiceManager: Starting com.android.server.LooperStatsService$Lifecycle
01-01 08:00:14.636 685 685 V SystemServerTiming: StartLooperStatsService took to complete: 1ms
01-01 08:00:14.636 685 685 D SystemServerTiming: StartRollbackManagerService
01-01 08:00:14.636 685 685 I SystemServiceManager: Starting com.android.server.rollback.RollbackManagerService
01-01 08:00:14.643 685 685 I PackageWatchdog: Syncing state, reason: added new observer
01-01 08:00:14.643 685 685 I PackageWatchdog: Not pruning observers, elapsed time: 0ms
01-01 08:00:14.643 685 685 I PackageWatchdog: Cancelling state sync, nothing to sync
01-01 08:00:14.643 685 717 I PackageWatchdog: Saving observer state to file
01-01 08:00:14.651 685 685 V SystemServerTiming: StartRollbackManagerService took to complete: 15ms
01-01 08:00:14.651 685 685 D SystemServerTiming: StartNativeTombstoneManagerService
01-01 08:00:14.652 685 685 I SystemServiceManager: Starting com.android.server.os.NativeTombstoneManagerService
01-01 08:00:14.654 685 685 V SystemServerTiming: StartNativeTombstoneManagerService took to complete: 3ms
01-01 08:00:14.654 685 685 D SystemServerTiming: StartBugreportManagerService
01-01 08:00:14.654 685 685 I SystemServiceManager: Starting com.android.server.os.BugreportManagerService
01-01 08:00:14.656 685 685 V SystemServerTiming: StartBugreportManagerService took to complete: 2ms
01-01 08:00:14.656 685 685 D SystemServerTiming: GpuService
01-01 08:00:14.656 685 685 I SystemServiceManager: Starting com.android.server.gpu.GpuService
01-01 08:00:14.657 685 685 V SystemServerTiming: GpuService took to complete: 1ms
01-01 08:00:14.657 685 685 D SystemServerTiming: StartRemoteProvisioningService
01-01 08:00:14.657 685 685 I SystemServiceManager: Starting com.android.server.security.rkp.RemoteProvisioningService
01-01 08:00:14.659 685 685 V SystemServerTiming: StartRemoteProvisioningService took to complete: 2ms
01-01 08:00:14.659 685 685 D SystemServerTiming: CpuMonitorService
01-01 08:00:14.660 685 685 I SystemServiceManager: Starting com.android.server.cpu.CpuMonitorService
01-01 08:00:14.677 685 685 I CpuMonitorService: Starting debug monitoring
01-01 08:00:14.677 685 685 V SystemServerTiming: CpuMonitorService took to complete: 18ms
01-01 08:00:14.677 685 685 V SystemServerTiming: startCoreServices took to complete: 102ms
01-01 08:00:14.677 685 685 D SystemServerTiming: startOtherServices
01-01 08:00:14.677 685 774 W CpuMonitorService: Skipping reading from device and returning the last read CpuInfos. Last read was 8 ms ago, min read interval is 500 ms
01-01 08:00:14.678 685 685 D SystemServerTiming: StartKeyAttestationApplicationIdProviderService
01-01 08:00:14.678 685 775 D SystemServerTimingAsync: InitThreadPoolExec:SecondaryZygotePreload
01-01 08:00:14.678 685 775 D SystemServerInitThreadPool: Started executing SecondaryZygotePreload
01-01 08:00:14.678 685 775 I SystemServer: SecondaryZygotePreload
01-01 08:00:14.678 685 775 D SystemServerTimingAsync: SecondaryZygotePreload
01-01 08:00:14.679 685 685 V SystemServerTiming: StartKeyAttestationApplicationIdProviderService took to complete: 1ms
01-01 08:00:14.680 685 685 D SystemServerTiming: StartKeyChainSystemService
01-01 08:00:14.680 685 685 I SystemServiceManager: Starting com.android.server.security.KeyChainSystemService
01-01 08:00:14.681 685 685 V SystemServerTiming: StartKeyChainSystemService took to complete: 1ms
01-01 08:00:14.681 685 685 D SystemServerTiming: StartBinaryTransparencyService
