06-20 13:37:17.193 685 822 D WifiClientModeImpl[19971:wlan0]: Start Connecting Watchdog 3
06-20 13:37:17.198 685 822 W ContextImpl: Calling a method in the system process without a qualified user: android.app.ContextImpl.sendStickyBroadcast:1626 com.android.server.wifi.ClientModeImpl.sendNetworkChangeBroadcast:3008 com.android.server.wifi.ClientModeImpl.lambda$sendNetworkChangeBroadcastWithCurrentState$14:2985 com.android.server.wifi.ClientModeImpl.$r8$lambda$q-j88Pjw4gROgoJFr8wBlBVbuJI:0 com.android.server.wifi.ClientModeImpl$$ExternalSyntheticLambda4.send:0
06-20 13:37:17.201 1732 1732 D RockyReceiver: action: android.net.wifi.STATE_CHANGE
06-20 13:37:17.201 2689 2880 E ccc : cccccc 4444444444444444444 DISCONNECTED
06-20 13:37:17.212 2689 2880 E ccc : cccccc sort 2 57
06-20 13:37:17.458 1504 1504 D bbb : onStartCommand begin !!!!!!! data分区剩余 54374MB
06-20 13:37:17.459 685 752 D CompatibilityChangeReporter: Compat change id reported: 171306433; UID 1000; state: ENABLED
06-20 13:37:17.460 685 752 D CompatibilityChangeReporter: Compat change id reported: 218533173; UID 1000; state: ENABLED
06-20 13:37:19.716 576 576 I wificond: Received external scan result notification from kernel.
06-20 13:37:19.716 685 752 D WifiNl80211Manager: Scan result ready event
06-20 13:37:18.923 0 0 W : [0 T1046 ..] [aml_scan_rx 1505] scanres_payload_buf overflow, flush
06-20 13:37:19.727 0 0 W : [2 T1041 ..] >>> aml_rx_scanu_start_cfm()
06-20 13:37:19.716 685 752 D WifiNative: Scan result ready event
06-20 13:37:19.718 1127 1127 I wpa_supplicant: wlan0: Trying to associate with 58:c7:ac:78:f0:02 (SSID='DZNB' freq=5260 MHz)
06-20 13:37:19.719 1127 1127 I wpa_supplicant: assoc key_mgmt 0x2 network key_mgmt 0x142
06-20 13:37:19.722 685 822 W ContextImpl: Calling a method in the system process without a qualified user: android.app.ContextImpl.sendStickyBroadcast:1626 com.android.server.wifi.ClientModeImpl.sendNetworkChangeBroadcast:3008 com.android.server.wifi.ClientModeImpl.lambda$sendNetworkChangeBroadcastWithCurrentState$14:2985 com.android.server.wifi.ClientModeImpl.$r8$lambda$q-j88Pjw4gROgoJFr8wBlBVbuJI:0 com.android.server.wifi.ClientModeImpl$$ExternalSyntheticLambda4.send:0
06-20 13:37:19.723 685 822 I WifiClientModeImpl[19971:wlan0]: Update current security type to 2
06-20 13:37:19.733 0 0 W : [0 T1127 ..] [aml_cfg80211_connect 2096] vif:0 privacy=1, key=0000000000000000, key_len=0, key_idx=0 auth_type:0 wpa_versions:2
06-20 13:37:19.734 0 0 W : [0 T1127 ..] set_scan_hang, flag:1, [aml_cfg80211_connect 2137]
06-20 13:37:19.735 0 0 W : [0 T1127 ..] >>> aml_send_sm_connect_req()
06-20 13:37:19.736 0 0 W : [0 T1127 ..] >>> aml_send_msg()
06-20 13:37:19.725 1732 1732 D RockyReceiver: action: android.net.wifi.STATE_CHANGE
06-20 13:37:19.727 2689 2880 E ccc : cccccc 555555555555555555555
06-20 13:37:19.737 0 0 W : [2 T1041 ..] ipc_sdio_host_msgack_handler 000000003ab64421
06-20 13:37:19.738 0 0 W : [2 T1041 ..] [aml_msgackind 2039] msg ack hostid=0xffffff8074fd3680
06-20 13:37:19.738 0 0 W : [2 T1041 ..] [cmd_mgr_llind 329] cmd tkn[47] flags:001a result: -4 cmd:6144-SM_CONNECT_REQ - reqcfm(6145-SM_CONNECT_CFM)
06-20 13:37:19.740 0 0 W : [2 T1041 ..] [cmd_mgr_msgind 409] cmd tkn[47] flags:0012 result: -4 cmd:6144-SM_CONNECT_REQ - reqcfm(6145-SM_CONNECT_CFM)
06-20 13:37:19.742 0 0 W : [2 T1041 ..] [cmd_complete 65] cmd tkn[47] flags:0002 result: -4 cmd:6144-SM_CONNECT_REQ - reqcfm(6145-SM_CONNECT_CFM)
06-20 13:37:19.744 0 0 W : [1 T1127 ..] [aml_cfg80211_connect 2152] ssid=DZNB, center freq:5260
06-20 13:37:19.745 0 0 W : [1 T1127 ..] [recy_dbg][aml_recy_save_assoc_ 82] save assoc info
06-20 13:37:19.745 0 0 W : [1 T1127 ..] [recy_dbg][aml_recy_save_assoc_ 110] assoc info chan bw=1, center freq=5260
06-20 13:37:19.741 2689 2880 E ccc : cccccc sort 2 57
06-20 13:37:19.745 0 0 W : [1 T1127 ..] [recy_dbg][aml_recy_flags_set 57] set flags(0x1), new flags(0x1)
06-20 13:37:19.849 0 0 W : [2 T1041 ..] fmac patch_rc_init: station_id=1 format_mod=5 pre_type=1 short_gi=1 max_bw=2
06-20 13:37:19.851 0 0 W : [2 T1041 ..] fmac patch_rc_init: nss_max=1 mcs_max=11 r_idx_min=4 r_idx_max=11 no_samples=10
06-20 13:37:20.245 0 0 W : [2 T1041 ..] [aml_rx_sm_connect_ind 1282] vif_idx:0, status_code:0, sta_idx:1,center_freq:5260, center_freq1:5290, roamed:0, mac:58:c7:ac:78:f0:02
06-20 13:37:20.245 0 0 W : [2 T1041 ..] set_scan_hang, flag:0, [aml_rx_sm_connect_ind 1283]
06-20 13:37:20.247 0 0 W : [2 T1041 ..] [aml_chanctx_link 658] vif index:0 ch idx:1
06-20 13:37:20.247 0 0 W : [2 T1041 ..] [aml_chanctx_link 668] band:1, bw:3 cfreq:5260, cfreq1:5290, cfreq2:0
06-20 13:37:20.238 965 1149 D IpClient/wlan0: interfaceLinkStateChanged: ifindex 16 up
06-20 13:37:20.248 0 0 W : [2 T1041 ..] [aml_rx_sm_connect_ind 1439] ssid:DZNB, bss_freq:5260
06-20 13:37:20.249 0 0 W : [2 T1041 ..] [aml_rx_sm_connect_ind_ex 1198] freq[5260 5290 0], bw:BW_80 max_mcs:11 format_mode:HE_SU no_ss:2ss short_gi:1
06-20 13:37:20.242 1127 1127 I wpa_supplicant: assoc key_mgmt 0x2 network key_mgmt 0x142
06-20 13:37:20.242 442 517 I netd : interfaceGetCfg(wlan0) -> {InterfaceConfigurationParcel{ifName: wlan0, hwAddr: 1c:79:2d:20:62:cb, ipv4Addr: 0.0.0.0, prefixLength: 0, flags: [up, broadcast, multicast]}} <0.45ms>
06-20 13:37:20.242 1127 1127 I wpa_supplicant: wlan0: Associated with 58:c7:ac:78:f0:02
06-20 13:37:20.242 1127 1127 I wpa_supplicant: wlan0: CTRL-EVENT-SUBNET-STATUS-UPDATE status=0
06-20 13:37:20.246 685 822 I WifiClientModeImpl[19971:wlan0]: Update current security type to 2
06-20 13:37:20.280 0 0 W : [0 T1046 ..] [SP FRAME RX] eapol,vif_idx:0
06-20 13:37:20.268 1127 1127 I wpa_supplicant: wlan0: WPA: RX message 1 of 4-Way Handshake from 58:c7:ac:78:f0:02 (ver=2)
06-20 13:37:20.268 1127 1127 I wpa_supplicant: assoc key_mgmt 0x2 network key_mgmt 0x142
06-20 13:37:20.269 1127 1127 I wpa_supplicant: wlan0: WPA: Sending EAPOL-Key 2/4
06-20 13:37:20.271 685 822 W ContextImpl: Calling a method in the system process without a qualified user: android.app.ContextImpl.sendStickyBroadcast:1626 com.android.server.wifi.ClientModeImpl.sendNetworkChangeBroadcast:3008 com.android.server.wifi.ClientModeImpl.lambda$sendNetworkChangeBroadcastWithCurrentState$14:2985 com.android.server.wifi.ClientModeImpl.$r8$lambda$q-j88Pjw4gROgoJFr8wBlBVbuJI:0 com.android.server.wifi.ClientModeImpl$$ExternalSyntheticLambda4.send:0
06-20 13:37:20.281 0 0 W [3 T1127 ..] aml_select_txq: set eap frame to vo
06-20 13:37:20.281 0 0 W : [3 T1127 ..] [SP FRAME TX] eapol,vif_idx:0
06-20 13:37:20.273 1127 1127 I wpa_supplicant: wlan0: RSN: RX message 3 of 4-Way Handshake from 58:c7:ac:78:f0:02 (ver=2)
06-20 13:37:20.273 1127 1127 I wpa_supplicant: wlan0: WPA: Sending EAPOL-Key 4/4
06-20 13:37:20.273 685 822 I WifiClientModeImpl[19971:wlan0]: Update current security type to 2
06-20 13:37:20.275 2689 2880 E ccc : cccccc 555555555555555555555
06-20 13:37:20.275 1732 1732 D RockyReceiver: action: android.net.wifi.STATE_CHANGE
06-20 13:37:20.285 0 0 W : [0 T1046 ..] [SP FRAME RX] eapol,vif_idx:0
06-20 13:37:20.285 0 0 W [3 T1127 ..] aml_select_txq: set eap frame to vo
06-20 13:37:20.286 0 0 W : [3 T1127 ..] [SP FRAME TX] eapol,vif_idx:0
06-20 13:37:20.287 0 0 W : [3 T1127 ..] [aml_cfg80211_add_key 1907] vif_idx:0 add PTK for index:0,sta_idx:1
06-20 13:37:20.287 0 0 W : [3 T1127 ..] >>> aml_send_key_add()
06-20 13:37:20.288 0 0 W [3 T1127 ..] aml_send_key_add: sta_idx:1 key_idx:0 inst_nbr:0 cipher:2 key_len:16
06-20 13:37:20.289 0 0 W : [3 T1127 ..] >>> aml_send_msg()
06-20 13:37:20.290 0 0 W : [2 T1041 ..] ipc_sdio_host_msgack_handler 00000000d9a6d6d8
06-20 13:37:20.291 0 0 W : [2 T1041 ..] [aml_msgackind 2039] msg ack hostid=0xffffff80090c6680
06-20 13:37:20.291 0 0 W : [2 T1041 ..] [cmd_mgr_llind 329] cmd tkn[48] flags:001a result: -4 cmd: 36-MM_KEY_ADD_REQ - reqcfm( 37-MM_KEY_ADD_CFM)
06-20 13:37:20.293 0 0 W : [2 T1041 ..] [cmd_mgr_msgind 409] cmd tkn[48] flags:0012 result: -4 cmd: 36-MM_KEY_ADD_REQ - reqcfm( 37-MM_KEY_ADD_CFM)
06-20 13:37:20.295 0 0 W : [2 T1041 ..] [cmd_complete 65] cmd tkn[48] flags:0002 result: -4 cmd: 36-MM_KEY_ADD_REQ - reqcfm( 37-MM_KEY_ADD_CFM)
06-20 13:37:20.285 1127 1127 I wpa_supplicant: assoc key_mgmt 0x2 network key_mgmt 0x142
06-20 13:37:20.288 685 822 I WifiClientModeImpl[19971:wlan0]: Update current security type to 2
06-20 13:37:20.299 0 0 W : [2 T1127 ..] [aml_cfg80211_add_key 1907] vif_idx:0 add GTK for index:1,sta_idx:255
06-20 13:37:20.299 0 0 W : [2 T1127 ..] >>> aml_send_key_add()
06-20 13:37:20.300 0 0 W [2 T1127 ..] aml_send_key_add: sta_idx:255 key_idx:1 inst_nbr:0 cipher:1 key_len:32
06-20 13:37:20.301 0 0 W : [2 T1127 ..] >>> aml_send_msg()
06-20 13:37:20.302 0 0 W : [2 T1041 ..] ipc_sdio_host_msgack_handler 000000006bb7dec7
06-20 13:37:20.302 0 0 W : [2 T1041 ..] [aml_msgackind 2039] msg ack hostid=0xffffff808e1a2480
06-20 13:37:20.303 0 0 W : [2 T1041 ..] [cmd_mgr_llind 329] cmd tkn[49] flags:001a result: -4 cmd: 36-MM_KEY_ADD_REQ - reqcfm( 37-MM_KEY_ADD_CFM)
06-20 13:37:20.293 2689 2880 E ccc : cccccc sort 2 57
06-20 13:37:20.305 0 0 W : [2 T1041 ..] [cmd_mgr_msgind 409] cmd tkn[49] flags:0012 result: -4 cmd: 36-MM_KEY_ADD_REQ - reqcfm( 37-MM_KEY_ADD_CFM)
06-20 13:37:20.306 0 0 W : [2 T1041 ..] [cmd_complete 65] cmd tkn[49] flags:0002 result: -4 cmd: 36-MM_KEY_ADD_REQ - reqcfm( 37-MM_KEY_ADD_CFM)
06-20 13:37:20.296 1127 1127 I wpa_supplicant: wlan0: WPA: Key negotiation completed with 58:c7:ac:78:f0:02 [PTK=CCMP GTK=TKIP]
06-20 13:37:20.297 1127 1127 I wpa_supplicant: wlan0: CTRL-EVENT-CONNECTED - Connection to 58:c7:ac:78:f0:02 completed [id=0 id_str=%7B%22configKey%22%3A%22%5C%22DZNB%5C%22WPA_PSK%22%2C%22creatorUid%22%3A%221000%22%7D]
06-20 13:37:20.298 965 1149 D IpClient/wlan0: interfaceLinkStateChanged: ifindex 16 up
06-20 13:37:20.298 1127 1127 I wpa_supplicant: assoc key_mgmt 0x2 network key_mgmt 0x142
06-20 13:37:20.300 442 517 I netd : interfaceGetCfg(wlan0) -> {InterfaceConfigurationParcel{ifName: wlan0, hwAddr: 1c:79:2d:20:62:cb, ipv4Addr: 0.0.0.0, prefixLength: 0, flags: [up, broadcast, running, multicast]}} <0.34ms>
06-20 13:37:20.314 0 0 W : [0 T1127 ..] >>> aml_send_me_set_control_port_req()
06-20 13:37:20.314 0 0 W : [0 T1127 ..] >>> aml_send_msg()
06-20 13:37:20.315 0 0 W : [2 T1041 ..] ipc_sdio_host_msgack_handler 000000001e15ee89
06-20 13:37:20.315 0 0 W : [2 T1041 ..] [aml_msgackind 2039] msg ack hostid=0xffffff806ecdf280
06-20 13:37:20.316 0 0 W : [2 T1041 ..] [cmd_mgr_llind 329] cmd tkn[50] flags:001a result: -4 cmd:5124-ME_SET_CONTROL_PORT_REQ - reqcfm(5125-ME_SET_CONTROL_PORT_CFM)
06-20 13:37:20.318 0 0 W : [2 T1041 ..] [cmd_mgr_msgind 409] cmd tkn[50] flags:0012 result: -4 cmd:5124-ME_SET_CONTROL_PORT_REQ - reqcfm(5125-ME_SET_CONTROL_PORT_CFM)
06-20 13:37:20.320 0 0 W : [2 T1041 ..] [cmd_complete 65] cmd tkn[50] flags:0002 result: -4 cmd:5124-ME_SET_CONTROL_PORT_REQ - reqcfm(5125-ME_SET_CONTROL_PORT_CFM)
06-20 13:37:20.322 0 0 W : [1 T1127 ..] >>> aml_send_msg()
06-20 13:37:20.306 685 822 I WifiClientModeImpl[19971:wlan0]: Update current security type to 2 from network connection event.
06-20 13:37:20.322 0 0 W : [2 T1041 ..] ipc_sdio_host_msgack_handler 000000003ab64421
06-20 13:37:20.323 0 0 W : [2 T1041 ..] [aml_msgackind 2039] msg ack hostid=0xffffff8074fd3680
06-20 13:37:20.324 0 0 W : [2 T1041 ..] [cmd_mgr_llind 329] cmd tkn[51] flags:0008 result: -4 cmd: 105-MM_SUB_SET_REKEY_DATA - reqcfm( 0-none)
06-20 13:37:20.315 1127 1127 I wpa_supplicant: wpa_driver_nl80211_driver_cmd: wifi vendor: aml_w2_s
06-20 13:37:20.315 1127 1127 I wpa_supplicant: wpa_driver_nl80211_driver_cmd: wlan0: private command: MACADDR
06-20 13:37:20.325 0 0 W : [2 T1041 ..] [cmd_complete 65] cmd tkn[51] flags:0000 result: -4 cmd: 105-MM_SUB_SET_REKEY_DATA - reqcfm( 0-none)
06-20 13:37:20.317 685 822 W ContextImpl: Calling a method in the system process without a qualified user: android.app.ContextImpl.sendStickyBroadcast:1626 com.android.server.wifi.ClientModeImpl.sendNetworkChangeBroadcast:3008 com.android.server.wifi.ClientModeImpl.lambda$sendNetworkChangeBroadcastWithCurrentState$14:2985 com.android.server.wifi.ClientModeImpl.$r8$lambda$q-j88Pjw4gROgoJFr8wBlBVbuJI:0 com.android.server.wifi.ClientModeImpl$$ExternalSyntheticLambda4.send:0
06-20 13:37:20.319 2689 2880 E ccc : cccccc 555555555555555555555
06-20 13:37:20.319 685 822 I ConnectivityService: Update score for net 101 : +IS_UNMETERED+EVER_USER_SELECTED
06-20 13:37:20.320 1732 1732 D RockyReceiver: action: android.net.wifi.STATE_CHANGE
06-20 13:37:20.320 685 822 D ConnectivityService: registerNetworkAgent NetworkAgentInfo{network{101} handle{437197393933} ni{WIFI CONNECTING extra: } created=2025-06-20T05:37:20.320Z Score(Policies : IS_UNMETERED&EVER_USER_SELECTED ; KeepConnected : 0) explicitlySelected lp{{InterfaceName: wlan0 LinkAddresses: [ ] DnsAddresses: [ ] Domains: null MTU: 0 Routes: [ ]}} nc{[ Transports: WIFI Capabilities: NOT_METERED&INTERNET&NOT_RESTRICTED&TRUSTED&NOT_VPN&NOT_ROAMING&NOT_CONGESTED&NOT_SUSPENDED&NOT_VCN_MANAGED LinkUpBandwidth>=1200000Kbps LinkDnBandwidth>=1200000Kbps Specifier: TransportInfo: , Provider friendly name: , Requesting package name: "DZNB"wpa2-pskMLO Information: , Is TID-To-Link negotiation supported by the AP: false, AP MLD Address: , AP MLO Link Id: , AP MLO Affiliated links: > AllowedUids: <{1000}> OwnerUid: 1000 AdminUids: [1000] SSID: "DZNB" UnderlyingNetworks: Null]} factorySerialNumber=4}
06-20 13:37:20.323 685 822 W ContextImpl: Calling a method in the system process without a qualified user: android.app.ContextImpl.sendStickyBroadcast:1626 com.android.server.wifi.ClientModeImpl.sendNetworkChangeBroadcast:3008 com.android.server.wifi.ClientModeImpl.lambda$sendNetworkChangeBroadcastWithCurrentState$14:2985 com.android.server.wifi.ClientModeImpl.$r8$lambda$q-j88Pjw4gROgoJFr8wBlBVbuJI:0 com.android.server.wifi.ClientModeImpl$$ExternalSyntheticLambda4.send:0
06-20 13:37:20.325 1127 1127 I wpa_supplicant: wpa_driver_nl80211_driver_cmd: wifi vendor: aml_w2_s
06-20 13:37:20.325 1127 1127 I wpa_supplicant: wpa_driver_nl80211_driver_cmd: wlan0: private command: BTCOEXMODE 2
06-20 13:37:20.325 1732 1732 D RockyReceiver: action: android.net.wifi.STATE_CHANGE
06-20 13:37:20.326 685 830 D ConnectivityService: [101 WIFI] EVENT_NETWORK_INFO_CHANGED, going from CONNECTING to CONNECTING
06-20 13:37:20.328 478 501 I WifiHAL : call wifi_get_link_stats handler
06-20 13:37:20.328 478 501 I WifiHAL : Creating message to get link statistics; iface = 16
06-20 13:37:20.328 478 501 D WifiHAL : error code -95 mapped to -3
06-20 13:37:20.328 965 3829 D NetworkMonitor/101: checkAndRenewResourceConfig: update captive portal https urls to [https://www.google.com/generate_204]
06-20 13:37:20.329 685 822 E WifiStaIfaceAidlImpl: getLinkLayerStats failed with service-specific exception: android.os.ServiceSpecificException: (code 4)
06-20 13:37:20.329 965 3829 D NetworkMonitor/101: checkAndRenewResourceConfig: update captive portal http urls to [http://connectivitycheck.gstatic.com/generate_204]
06-20 13:37:20.329 965 3829 D NetworkMonitor/101: checkAndRenewResourceConfig: update captive portal fallback urls to[http://www.google.com/gen_204, http://play.googleapis.com/generate_204]
06-20 13:37:20.329 965 3829 D NetworkMonitor: Starting on network 101 with capport HTTPS URL [https://www.google.com/generate_204] and HTTP URL [http://connectivitycheck.gstatic.com/generate_204]
06-20 13:37:20.331 685 822 I WifiClientModeImpl[19971:wlan0]: Update current security type to 2
06-20 13:37:20.332 478 501 I WifiHAL : call wifi_get_link_stats handler
06-20 13:37:20.333 478 501 I WifiHAL : Creating message to get link statistics; iface = 16
06-20 13:37:20.333 478 501 D WifiHAL : error code -95 mapped to -3
06-20 13:37:20.333 685 822 E WifiStaIfaceAidlImpl: getLinkLayerStats failed with service-specific exception: android.os.ServiceSpecificException: (code 4)
06-20 13:37:20.328 965 965 I IpClient.wlan0: type=1400 audit(0.0:950): avc: denied { search } for name="net" dev="sysfs" ino=12345 scontext=u:r:network_stack:s0 tcontext=u:object_r:sysfs_net:s0 tclass=dir permissive=1
06-20 13:37:20.332 965 965 I IpClient.wlan0: type=1400 audit(0.0:951): avc: denied { read } for name="address" dev="sysfs" ino=22127 scontext=u:r:network_stack:s0 tcontext=u:object_r:sysfs_net:s0 tclass=file permissive=1
06-20 13:37:20.332 965 965 I IpClient.wlan0: type=1400 audit(0.0:952): avc: denied { open } for path="/sys/devices/virtual/net/dummy0/address" dev="sysfs" ino=22127 scontext=u:r:network_stack:s0 tcontext=u:object_r:sysfs_net:s0 tclass=file permissive=1
06-20 13:37:20.336 685 830 I ConnectivityService: Update score for net 101 : +TRANSPORT_PRIMARY
06-20 13:37:20.338 685 830 D ConnectivityService: NetReassign [no changes] [c 0] [a 0] [i 2]
06-20 13:37:20.332 965 965 I IpClient.wlan0: type=1400 audit(0.0:953): avc: denied { getattr } for path="/sys/devices/virtual/net/dummy0/address" dev="sysfs" ino=22127 scontext=u:r:network_stack:s0 tcontext=u:object_r:sysfs_net:s0 tclass=file permissive=1
06-20 13:37:20.344 685 830 D ConnectivityService: NetReassign [no changes] [c 0] [a 1] [i 1]
06-20 13:37:20.346 2689 2880 E ccc : cccccc sort 2 57
06-20 13:37:20.350 2689 2880 E ccc : cccccc 555555555555555555555
06-20 13:37:20.356 478 501 D WifiHAL : Setting APF program, halHandle = 0xf3702740
06-20 13:37:20.356 478 501 I WifiHAL : createRequest: APF set program request
06-20 13:37:20.357 478 501 D WifiHAL : error code -95 mapped to -3
06-20 13:37:20.357 478 501 I WifiHAL : Request Response failed for APF, result = -3
06-20 13:37:20.357 685 822 E WifiStaIfaceAidlImpl: installApfPacketFilter failed with service-specific exception: android.os.ServiceSpecificException: (code 4)
06-20 13:37:20.357 478 501 D WifiHAL : Setting APF program, halHandle = 0xf3702740
06-20 13:37:20.357 478 501 I WifiHAL : createRequest: APF set program request
06-20 13:37:20.357 478 501 D WifiHAL : error code -95 mapped to -3
06-20 13:37:20.357 478 501 I WifiHAL : Request Response failed for APF, result = -3
06-20 13:37:20.358 685 822 E WifiStaIfaceAidlImpl: installApfPacketFilter failed with service-specific exception: android.os.ServiceSpecificException: (code 4)
06-20 13:37:20.362 2689 2880 E ccc : cccccc sort 2 57
06-20 13:37:20.366 901 979 V WindowManagerShell: Transition requested: android.os.BinderProxy@aa3a004 TransitionRequestInfo { type = 2, triggerTask = null, remoteTransition = null, displayChange = null, flags = 0 }
06-20 13:37:20.371 965 3832 D ApfFilter: (wlan0): begin monitoring
06-20 13:37:20.372 442 517 I netd : setProcSysNet(6, 1, wlan0, accept_ra, 2) <0.20ms>
06-20 13:37:20.373 442 517 I netd : interfaceSetIPv6PrivacyExtensions(wlan0, true) <0.09ms>
06-20 13:37:20.373 442 517 I netd : setIPv6AddrGenMode(wlan0, 2) <0.09ms>
06-20 13:37:20.386 0 0 W : [3 T517 ..] [aml_inetaddr6_event 6186] dev wlan0 is up, comm:binder:442_1, pid:517 vif:0, ipv6:fe80:0000:0000:0000:2f83:8cd7:c59c:d0f5
06-20 13:37:20.386 0 0 W : [0 T485 ..] >>> aml_send_msg()
06-20 13:37:20.386 0 0 W : [2 T1041 ..] ipc_sdio_host_msgack_handler 00000000a832e9b8
06-20 13:37:20.388 0 0 W : [2 T1041 ..] [aml_msgackind 2039] msg ack hostid=0xffffff807b5efc80
06-20 13:37:20.375 442 517 I netd : interfaceSetEnableIPv6(wlan0, true) <1.27ms>
06-20 13:37:20.378 442 517 I netd : setProcSysNet(4, 2, wlan0, retrans_time_ms, 750) <0.12ms>
06-20 13:37:20.378 442 520 I netd : setProcSysNet(4, 2, wlan0, ucast_solicit, 5) <0.11ms>
06-20 13:37:20.378 442 520 I netd : setProcSysNet(4, 2, wlan0, mcast_resolicit, 3) <0.10ms>
06-20 13:37:20.379 442 520 I netd : setProcSysNet(6, 2, wlan0, retrans_time_ms, 750) <0.12ms>
06-20 13:37:20.379 442 520 I netd : setProcSysNet(6, 2, wlan0, ucast_solicit, 5) <0.08ms>
06-20 13:37:20.379 442 520 I netd : setProcSysNet(6, 2, wlan0, mcast_resolicit, 3) <0.07ms>
06-20 13:37:20.380 442 520 I netd : setProcSysNet(4, 2, wlan0, retrans_time_ms, 1000) <0.07ms>
06-20 13:37:20.389 0 0 W : [2 T1041 ..] [cmd_mgr_llind 329] cmd tkn[52] flags:0008 result: -4 cmd: 105-MM_SUB_NOTIFY_IP - reqcfm( 0-none)
06-20 13:37:20.391 0 0 W : [2 T1041 ..] [cmd_complete 65] cmd tkn[52] flags:0000 result: -4 cmd: 105-MM_SUB_NOTIFY_IP - reqcfm( 0-none)
06-20 13:37:20.380 442 520 I netd : setProcSysNet(4, 2, wlan0, ucast_solicit, 15) <0.09ms>
06-20 13:37:20.380 442 520 I netd : setProcSysNet(6, 2, wlan0, retrans_time_ms, 1000) <0.11ms>
06-20 13:37:20.383 685 1083 V WindowManager: app ------------- force_land :0
06-20 13:37:20.389 442 520 I netd : setProcSysNet(6, 2, wlan0, ucast_solicit, 15) <0.13ms>
06-20 13:37:20.389 685 708 V WindowManager: Sent Transition #7 createdAt=06-20 13:37:20.365 via request=TransitionRequestInfo { type = 2, triggerTask = null, remoteTransition = null, displayChange = null, flags = 0 }
06-20 13:37:20.389 685 708 V WindowManager: startWCT=WindowContainerTransaction { changes = {} hops = [] errorCallbackToken=null taskFragmentOrganizer=null }
06-20 13:37:20.389 685 708 V WindowManager: info={id=7 t=CLOSE f=0x0 trk=0 r=[0@Point(0, 0)] c=[{null m=CLOSE f=TRANSLUCENT|FILLS_TASK leash=Surface(name=ActivityRecord{6410ea3 u0 com.dangbei.haqusetting/.ui.leaf.ui.net.connect.LeafWholeWifiConnectActivity)/@0x3e2e693 sb=Rect(0, 0 - 1920, 1080) eb=Rect(0, 0 - 1920, 1080) d=0}]}
06-20 13:37:20.390 901 979 V WindowManagerShell: onTransitionReady android.os.BinderProxy@aa3a004: {id=7 t=CLOSE f=0x0 trk=0 r=[0@Point(0, 0)] c=[{null m=CLOSE f=TRANSLUCENT|FILLS_TASK leash=Surface(name=ActivityRecord{6410ea3 u0 com.dangbei.haqusetting/.ui.leaf.ui.net.connect.LeafWholeWifiConnectActivity)/@0x98489ed sb=Rect(0, 0 - 1920, 1080) eb=Rect(0, 0 - 1920, 1080) d=0}]}
06-20 13:37:20.390 901 979 V WindowManagerShell: Playing animation for (#7)android.os.BinderProxy@aa3a004@0
06-20 13:37:20.390 901 979 V WindowManagerShell: try handler com.android.wm.shell.keyguard.KeyguardTransitionHandler@24e2028
06-20 13:37:20.390 901 979 V WindowManagerShell: try handler com.android.wm.shell.pip.tv.TvPipTransition@1141
06-20 13:37:20.390 901 979 V WindowManagerShell: try handler com.android.wm.shell.activityembedding.ActivityEmbeddingController@e8f56e6
06-20 13:37:20.390 901 979 V WindowManagerShell: try handler com.android.wm.shell.transition.RemoteTransitionHandler@b664427
06-20 13:37:20.391 901 979 V WindowManagerShell: Transition doesn't have explicit remote, search filters for match for {id=7 t=CLOSE f=0x0 trk=0 r=[0@Point(0, 0)] c=[{null m=CLOSE f=TRANSLUCENT|FILLS_TASK leash=Surface(name=ActivityRecord{6410ea3 u0 com.dangbei.haqusetting/.ui.leaf.ui.net.connect.LeafWholeWifiConnectActivity)/@0x98489ed sb=Rect(0, 0 - 1920, 1080) eb=Rect(0, 0 - 1920, 1080) d=0}]}
06-20 13:37:20.391 901 979 V WindowManagerShell: Delegate animation for #7 to null
06-20 13:37:20.391 901 979 V WindowManagerShell: try handler com.android.wm.shell.transition.DefaultTransitionHandler@7916d4
06-20 13:37:20.391 248 248 I BpBinder: onLastStrongRef automatically unlinking death recipients:
06-20 13:37:20.391 901 979 V WindowManagerShell: start default transition animation, info = {id=7 t=CLOSE f=0x0 trk=0 r=[0@Point(0, 0)] c=[{null m=CLOSE f=TRANSLUCENT|FILLS_TASK leash=Surface(name=ActivityRecord{6410ea3 u0 com.dangbei.haqusetting/.ui.leaf.ui.net.connect.LeafWholeWifiConnectActivity)/@0x98489ed sb=Rect(0, 0 - 1920, 1080) eb=Rect(0, 0 - 1920, 1080) d=0}]}
06-20 13:37:20.392 901 979 V WindowManagerShell: loadAnimation: anim=android.view.animation.AlphaAnimation@a2cd7e9 animAttr=0x7 type=CLOSE isEntrance=false
06-20 13:37:20.393 965 1149 D IpClient/wlan0: routeUpdated: fe80::/64 -> :: wlan0 mtu 0
06-20 13:37:20.395 901 979 V WindowManagerShell: animated by com.android.wm.shell.transition.DefaultTransitionHandler@7916d4
06-20 13:37:20.396 965 1149 D IpClient/wlan0: addressUpdated: fe80::2f83:8cd7:c59c:d0f5/64 on ifindex 16 flags 0x000008C4 scope 253
06-20 13:37:20.398 1407 1721 E ccc : cccccc UpdateHelper onMessageReceived com.dangbei.haqusetting com.dangbei.etna.update {"action":"get","functionTag":"leaf_controller_function_controller_dangbei_update","value":0} com.dangbei.lerad.etna.aidl.IEtnaAidlCallback$Stub$Proxy@2338407
06-20 13:37:20.398 1407 1721 E ccc : cccccc 缓存获取遥控器版本 DB-15B-H5-R0111
06-20 13:37:20.398 1407 1420 E ccc : cccccc 请求电量缓存 93
06-20 13:37:20.399 965 1149 D TrafficStats: tagSocket(100) with statsTag=0xfffffe01, statsUid=-1
06-20 13:37:20.403 965 1149 D IpClient.wlan0: set max DTIM multiplier to 1
06-20 13:37:20.404 478 501 D WifiHAL : Setting DTIM config , halHandle = 0xf3702740 Multiplier = 1
06-20 13:37:20.405 478 501 I WifiHAL : Successfully configured dtim multiplier 1
06-20 13:37:20.405 478 501 D WifiHAL : error code -95 mapped to -3
06-20 13:37:20.405 442 520 E Netd : no such netId 101
06-20 13:37:20.406 685 822 E WifiStaIfaceAidlImpl: setDtimMultiplier failed with service-specific exception: android.os.ServiceSpecificException: (code 4)
06-20 13:37:20.406 442 520 I netd : networkAddRouteParcel(101, RouteInfoParcel{destination: fe80::/64, ifName: wlan0, nextHop: , mtu: 0}) -> ServiceSpecificException(64, "Machine is not on the network") <0.08ms>
06-20 13:37:20.406 1127 1127 I wpa_supplicant: wpa_driver_nl80211_driver_cmd: wifi vendor: aml_w2_s
06-20 13:37:20.406 1127 1127 I wpa_supplicant: wpa_driver_nl80211_driver_cmd: wlan0: private command: SETSUSPENDMODE 0
06-20 13:37:20.418 0 0 W : [3 T1127 ..] [aml_android_priv_ioctl 128] vif idx=0 cmd=SETSUSPENDMODE 0
06-20 13:37:20.419 0 0 W : [3 T1127 ..] [aml_android_set_suspend_mode 77] set google_cast 0
06-20 13:37:20.422 0 0 W : [2 T1127 ..] >>> aml_cfg80211_set_power_mgmt()
06-20 13:37:20.422 0 0 W : [2 T1127 ..] [aml_send_me_set_ps_mode 2111] set power save mode:0
06-20 13:37:20.422 0 0 W : [2 T1127 ..] >>> aml_send_msg()
06-20 13:37:20.424 0 0 W : [2 T1041 ..] ipc_sdio_host_msgack_handler 00000000939bc4fa
06-20 13:37:20.424 0 0 W : [2 T1041 ..] [aml_msgackind 2039] msg ack hostid=0xffffff808c1bd280
06-20 13:37:20.425 0 0 W : [2 T1041 ..] [cmd_mgr_llind 329] cmd tkn[53] flags:001a result: -4 cmd:5139-ME_SET_PS_MODE_REQ - reqcfm(5140-ME_SET_PS_MODE_CFM)
06-20 13:37:20.427 0 0 W : [2 T1041 ..] [cmd_mgr_msgind 409] cmd tkn[53] flags:0012 result: -4 cmd:5139-ME_SET_PS_MODE_REQ - reqcfm(5140-ME_SET_PS_MODE_CFM)
06-20 13:37:20.429 0 0 W : [2 T1041 ..] [cmd_complete 65] cmd tkn[53] flags:0002 result: -4 cmd:5139-ME_SET_PS_MODE_REQ - reqcfm(5140-ME_SET_PS_MODE_CFM)
06-20 13:37:20.419 478 501 I WifiHAL : call wifi_get_link_stats handler
06-20 13:37:20.419 478 501 I WifiHAL : Creating message to get link statistics; iface = 16
06-20 13:37:20.419 478 501 D WifiHAL : error code -95 mapped to -3
06-20 13:37:20.419 685 822 E WifiStaIfaceAidlImpl: getLinkLayerStats failed with service-specific exception: android.os.ServiceSpecificException: (code 4)
06-20 13:37:20.424 965 1149 D DhcpClient: Broadcasting DHCPDISCOVER
06-20 13:37:20.436 0 0 W : [2 T1149 ..] [SP FRAME TX] DHCP[1 0], vif_idx:0
06-20 13:37:20.447 2689 2689 W View : requestLayout() improperly called by com.google.android.material.textview.MaterialTextView{96862ef V.ED..... ..S...ID 80,30-298,70 #7f0901c7 app:id/leaf_net_item_name_tv} during layout: running second layout pass
06-20 13:37:20.464 685 1083 I ImeTracker: com.dangbei.haqusetting:e66d4adb: onRequestHide at ORIGIN_SERVER_HIDE_INPUT reason HIDE_ALWAYS_HIDDEN_STATE
06-20 13:37:20.464 685 1083 I ImeTracker: com.dangbei.haqusetting:e66d4adb: onCancelled at PHASE_SERVER_SHOULD_HIDE
06-20 13:37:20.466 1957 1957 I DefaultIMS: onStartInput attribute=android.view.inputmethod.EditorInfo@d62294e restarting=false inputType: 0
06-20 13:37:20.468 685 711 D OomAdjuster: Not killing cached processes
06-20 13:37:20.478 2689 2689 W WindowOnBackDispatcher: sendCancelIfRunning: isInProgress=falsecallback=android.view.ViewRootImpl$$ExternalSyntheticLambda17@2002967
06-20 13:37:20.478 685 751 D CoreBackPreview: Window{ccbebcc u0 com.dangbei.haqusetting/com.dangbei.haqusetting.ui.leaf.ui.net.connect.LeafWholeWifiConnectActivity}: Setting back callback null
06-20 13:37:20.481 685 751 W InputManager-JNI: Input channel object 'ccbebcc com.dangbei.haqusetting/com.dangbei.haqusetting.ui.leaf.ui.net.connect.LeafWholeWifiConnectActivity (client)' was disposed without first being removed with the input manager!
06-20 13:37:20.482 685 709 W ContextImpl: Calling a method in the system process without a qualified user: android.app.ContextImpl.startService:1899 com.android.server.wm.DisplayPolicy.lambda$focusChangedLw$5:2126 com.android.server.wm.DisplayPolicy.$r8$lambda$Znxk63oh-WzVnzo_WQefN7uxV48:0 com.android.server.wm.DisplayPolicy$$ExternalSyntheticLambda13.run:0 android.os.Handler.handleCallback:958
06-20 13:37:20.487 901 979 D WindowManagerShell: TvPipController: onTaskStackChanged()
06-20 13:37:20.488 1456 1456 D aaa : LedStatusService onStartCommand begin
06-20 13:37:20.490 1456 3833 D aaa : topPkg is -------------- :com.dangbei.haqusetting
06-20 13:37:20.616 3834 3834 I rgb_led_ctl: type=1400 audit(0.0:954): avc: denied { write } for name="spidev1.0" dev="tmpfs" ino=512 scontext=u:r:init:s0 tcontext=u:object_r:device:s0 tclass=chr_file permissive=1
06-20 13:37:20.616 3834 3834 I rgb_led_ctl: type=1400 audit(0.0:955): avc: denied { open } for path="/dev/spidev1.0" dev="tmpfs" ino=512 scontext=u:r:init:s0 tcontext=u:object_r:device:s0 tclass=chr_file permissive=1
06-20 13:37:20.616 3834 3834 I rgb_led_ctl: type=1400 audit(0.0:956): avc: denied { ioctl } for path="/dev/spidev1.0" dev="tmpfs" ino=512 ioctlcmd=0x6b01 scontext=u:r:init:s0 tcontext=u:object_r:device:s0 tclass=chr_file permissive=1
06-20 13:37:20.668 0 0 I [0 T1046 ..] nf_conntrack: default automatic helper assignment has been turned off for security reasons and CT-based firewall rule not found. Use the iptables CT target to attach helpers instead.
06-20 13:37:20.807 901 979 V WindowManagerShell: Transition animation finished (aborted=false), notifying core (#7)android.os.BinderProxy@aa3a004@0
06-20 13:37:20.809 685 708 V WindowManager: Finish Transition #7: created at
06-20 13:37:20.365 collect-started=0.085ms request-sent=0.159ms started=4.715ms ready=18.858ms sent=22.933ms finished=443.107ms
06-20 13:37:20.817 901 979 V WindowManagerShell: Track 0 became idle
06-20 13:37:20.817 901 979 V WindowManagerShell: All active transition animations finished
06-20 13:37:20.962 1957 1957 I SogouIME: SogouIME::setInputView()
06-20 13:37:21.089 0 0 W : [3 T1046 ..] [SP FRAME RX] DHCP[1 0], vif_idx:0
06-20 13:37:21.080 965 1149 D DhcpClient: Received packet: 1c:79:2d:20:62:cb OFFER, ip /192.168.3.75, mask /255.255.254.0, DNS servers: /202.96.134.133 /202.96.128.166 , gateways [/192.168.3.1], lease time 3600, domain null
06-20 13:37:21.083 965 1149 D DhcpClient: Got pending lease: com.android.networkstack.android.net.DhcpResults@e1445e02 DHCP server /192.168.3.1 Vendor info null lease 3600 seconds Servername
06-20 13:37:21.089 965 1149 D DhcpClient: Broadcasting DHCPREQUEST ciaddr=0.0.0.0 request=192.168.3.75 serverid=192.168.3.1
06-20 13:37:21.102 0 0 W : [3 T1149 ..] [SP FRAME TX] DHCP[1 0], vif_idx:0
06-20 13:37:21.184 0 0 W : [1 T1046 ..] [SP FRAME RX] DHCP[1 0], vif_idx:0
06-20 13:37:21.178 965 1149 D DhcpClient: Received packet: 1c:79:2d:20:62:cb ACK: your new IP /192.168.3.75, netmask /255.255.254.0, gateways [/192.168.3.1] DNS servers: /202.96.134.133 /202.96.128.166 , lease time 3600
06-20 13:37:21.179 965 1149 D DhcpClient: Confirmed lease: com.android.networkstack.android.net.DhcpResults@e1445e02 DHCP server /192.168.3.1 Vendor info null lease 3600 seconds Servername
06-20 13:37:21.196 0 0 W : [2 T1127 ..] >>> aml_cfg80211_set_power_mgmt()
06-20 13:37:21.196 0 0 W : [2 T1127 ..] [aml_send_me_set_ps_mode 2111] set power save mode:0
06-20 13:37:21.196 0 0 W : [2 T1127 ..] >>> aml_send_msg()
06-20 13:37:21.186 2577 2638 D nStackXDFinder: IfAddrMsgHandle:[85] :Interface wlan0 got new address.
06-20 13:37:21.187 2577 2638 I nStackXDFinder: UpdateLocalNetworkInterface:[472] :UpdateLocalNetworkInterface exec,initerfaceName:wlan0
06-20 13:37:21.187 2577 2638 E nStackXDFinder: GetLocalIp:[401] :GetLocalIp exec
06-20 13:37:21.187 2577 2638 E nStackXDFinder: GetLocalIp:[407] :GetLocalIp, ifInfo is null
06-20 13:37:21.187 2577 2638 I nStackXDFinder: UpdateLocalNetworkInterface:[498] :UpdateLocalNetworkInterface copy ip value in default process
06-20 13:37:21.187 2577 2638 E nStackXDFinder: GetLocalIp:[401] :GetLocalIp exec
06-20 13:37:21.187 2577 2638 D nStackXCoAP: CoapServerInit:[174] :CoapServerInit is called
06-20 13:37:21.187 2577 2638 E nStackXDFinder: GetLocalIp:[401] :GetLocalIp exec
06-20 13:37:21.187 2577 2638 I nStackXUtil: BindToDevice:[352] :BindToDevice exec
06-20 13:37:21.197 0 0 W : [2 T1041 ..] ipc_sdio_host_msgack_handler 000000005d52f348
06-20 13:37:21.198 0 0 W : [2 T1041 ..] [aml_msgackind 2039] msg ack hostid=0xffffff806ecdf380
06-20 13:37:21.199 0 0 W : [0 T520 ..] >>> aml_send_msg()
06-20 13:37:21.199 0 0 W : [2 T1041 ..] [cmd_mgr_llind 329] cmd tkn[54] flags:001a result: -4 cmd:5139-ME_SET_PS_MODE_REQ - reqcfm(5140-ME_SET_PS_MODE_CFM)
06-20 13:37:21.201 0 0 W : [0 T1048 ..] >>> aml_msg_task()
06-20 13:37:21.202 0 0 W : [0 T1048 ..] [aml_msg_task 116] cmd tkn[55] flags:000c result: -4 cmd: 105-MM_SUB_NOTIFY_IP - reqcfm( 0-none)
06-20 13:37:21.203 0 0 W : [2 T1041 ..] [cmd_mgr_msgind 409] cmd tkn[54] flags:0012 result: -4 cmd:5139-ME_SET_PS_MODE_REQ - reqcfm(5140-ME_SET_PS_MODE_CFM)
06-20 13:37:21.205 0 0 W : [2 T1041 ..] [cmd_mgr_msgind 426] next 0x71751500
06-20 13:37:21.206 0 0 W : [2 T1041 ..] [cmd_complete 65] cmd tkn[54] flags:0002 result: -4 cmd:5139-ME_SET_PS_MODE_REQ - reqcfm(5140-ME_SET_PS_MODE_CFM)
06-20 13:37:21.208 0 0 W : [2 T1041 ..] ipc_sdio_host_msgack_handler 000000000013021c
06-20 13:37:21.208 0 0 W : [2 T1041 ..] [aml_msgackind 2039] msg ack hostid=0xffffff8071751500
06-20 13:37:21.209 0 0 W : [2 T1041 ..] [cmd_mgr_llind 329] cmd tkn[55] flags:0008 result: -4 cmd: 105-MM_SUB_NOTIFY_IP - reqcfm( 0-none)
06-20 13:37:21.211 0 0 W : [2 T1041 ..] [cmd_complete 65] cmd tkn[55] flags:0000 result: -4 cmd: 105-MM_SUB_NOTIFY_IP - reqcfm( 0-none)
06-20 13:37:21.197 1127 1127 I wpa_supplicant: wpa_driver_nl80211_driver_cmd: wifi vendor: aml_w2_s
06-20 13:37:21.197 1127 1127 I wpa_supplicant: wpa_driver_nl80211_driver_cmd: wlan0: private command: BTCOEXMODE 2
06-20 13:37:21.197 685 822 I WifiClientModeImpl[19971:wlan0]: Update current security type to 2
06-20 13:37:21.199 685 822 W ContextImpl: Calling a method in the system process without a qualified user: android.app.ContextImpl.sendStickyBroadcast:1626 com.android.server.wifi.ClientModeImpl.sendNetworkChangeBroadcast:3008 com.android.server.wifi.ClientModeImpl.lambda$sendNetworkChangeBroadcastWithCurrentState$14:2985 com.android.server.wifi.ClientModeImpl.$r8$lambda$q-j88Pjw4gROgoJFr8wBlBVbuJI:0 com.android.server.wifi.ClientModeImpl$$ExternalSyntheticLambda4.send:0
06-20 13:37:21.201 442 517 E Netd : no such netId 101
06-20 13:37:21.201 442 520 I netd : interfaceSetCfg(InterfaceConfigurationParcel{ifName: wlan0, hwAddr: , ipv4Addr: 192.168.3.75, prefixLength: 23, flags: []}) <15.05ms>
06-20 13:37:21.201 442 517 I netd : networkAddRouteParcel(101, RouteInfoParcel{destination: 192.168.2.0/23, ifName: wlan0, nextHop: , mtu: 0}) -> ServiceSpecificException(64, "Machine is not on the network") <0.08ms>
06-20 13:37:21.201 685 830 E ConnectivityService: Exception in networkAddRouteParcel for non-gateway: android.os.ServiceSpecificException: Machine is not on the network (code 64)
06-20 13:37:21.201 442 517 E Netd : no such netId 101
06-20 13:37:21.202 442 517 I netd : networkAddRouteParcel(101, RouteInfoParcel{destination: 0.0.0.0/0, ifName: wlan0, nextHop: 192.168.3.1, mtu: 0}) -> ServiceSpecificException(64, "Machine is not on the network") <0.05ms>
06-20 13:37:21.202 685 830 E ConnectivityService: Exception in networkAddRouteParcel for gateway: android.os.ServiceSpecificException: Machine is not on the network (code 64)
06-20 13:37:21.202 2577 2638 I nStackXUtil: GetInterfaceByPriority:[279] :GetInterfaceByPriority exec
06-20 13:37:21.202 2577 2638 I nStackXUtil: GetInterfaceByDefault:[309] :GetInterfaceByDefault exec
06-20 13:37:21.202 2577 2638 I nStackXUtil: GetInterfaceByDefault:[316] :GetInterfaceByDefault, ndevice name: lo
06-20 13:37:21.202 2577 2638 I nStackXUtil: GetInterfaceByDefault:[316] :GetInterfaceByDefault, ndevice name: wlan0
06-20 13:37:21.202 2577 2638 I nStackXUtil: BindToDevice:[374] :BindToDevice, Bind localAddr name: wlan0
06-20 13:37:21.202 2577 2638 I nStackXUtil: BindToDeviceInner:[191] :binding interface wlan0 success
06-20 13:37:21.202 2577 2638 D nStackXCoAP: CoapInitResources:[744] :CoapInitResources g_wlanOrEthContext update
06-20 13:37:21.202 2689 2880 E ccc : cccccc 555555555555555555555
06-20 13:37:21.203 965 1149 D IpClient/wlan0: addressUpdated: 192.168.3.75/23 on ifindex 16 flags 0x00000080 scope 0
06-20 13:37:21.203 1732 1732 D RockyReceiver: action: android.net.wifi.STATE_CHANGE
06-20 13:37:21.215 965 1149 D DhcpClient: Scheduling renewal in 1799s
06-20 13:37:21.216 965 1149 D DhcpClient: Scheduling rebind in 3149s
06-20 13:37:21.216 965 1149 D DhcpClient: Scheduling expiry in 3599s
06-20 13:37:21.220 2689 2880 E ccc : cccccc sort 2 57
06-20 13:37:21.220 478 501 D WifiHAL : Setting APF program, halHandle = 0xf3702740
06-20 13:37:21.220 478 501 I WifiHAL : createRequest: APF set program request
06-20 13:37:21.221 478 501 D WifiHAL : error code -95 mapped to -3
06-20 13:37:21.221 478 501 I WifiHAL : Request Response failed for APF, result = -3
06-20 13:37:21.221 685 822 E WifiStaIfaceAidlImpl: installApfPacketFilter failed with service-specific exception: android.os.ServiceSpecificException: (code 4)
06-20 13:37:21.225 685 830 D ConnectivityService: Setting DNS servers for network 101 to [/202.96.134.133, /202.96.128.166]
06-20 13:37:21.227 685 718 W IPCThreadState: Sending oneway calls to frozen process.
06-20 13:37:21.228 685 718 W IPCThreadState: Sending oneway calls to frozen process.
06-20 13:37:21.228 685 718 W IPCThreadState: Sending oneway calls to frozen process.
06-20 13:37:21.228 685 718 W IPCThreadState: Sending oneway calls to frozen process.
06-20 13:37:21.228 685 718 W IPCThreadState: Sending oneway calls to frozen process.
06-20 13:37:21.228 685 718 W IPCThreadState: Sending oneway calls to frozen process.
06-20 13:37:21.229 685 718 W IPCThreadState: Sending oneway calls to frozen process.
06-20 13:37:21.229 685 718 W IPCThreadState: Sending oneway calls to frozen process.
06-20 13:37:21.231 685 830 D ConnectivityService: [101 WIFI] EVENT_NETWORK_INFO_CHANGED, going from CONNECTING to CONNECTED
06-20 13:37:21.232 685 822 W ContextImpl: Calling a method in the system process without a qualified user: android.app.ContextImpl.sendStickyBroadcast:1626 com.android.server.wifi.ClientModeImpl.sendNetworkChangeBroadcast:3008 com.android.server.wifi.ClientModeImpl.lambda$sendNetworkChangeBroadcastWithCurrentState$14:2985 com.android.server.wifi.ClientModeImpl.$r8$lambda$q-j88Pjw4gROgoJFr8wBlBVbuJI:0 com.android.server.wifi.ClientModeImpl$$ExternalSyntheticLambda4.send:0
06-20 13:37:21.233 442 517 I netd : networkCreate(NativeNetworkConfig{netId: 101, networkType: PHYSICAL, permission: 0, secure: false, vpnType: -1, excludeLocalRoutes: false}) <0.05ms>
06-20 13:37:21.235 442 517 I netd : createNetworkCache(101) <0.22ms>
06-20 13:37:21.235 685 830 D DnsManager: sendDnsConfigurationForNetwork(101, [202.96.134.133, 202.96.128.166], [], 1800, 25, 8, 64, 0, 0, , [])
06-20 13:37:21.236 2689 2880 E ccc : cccccc 4444444444444444444 CONNECTED
06-20 13:37:21.237 442 517 I resolv : resolv_set_nameservers: netid = 101, addr = 202.96.134.133
06-20 13:37:21.237 442 517 I resolv : resolv_set_nameservers: netid = 101, addr = 202.96.128.166
06-20 13:37:21.237 442 517 I netd : DnsResolverService::setResolverConfiguration(101, [202.96.134.133, 202.96.128.166], [], 1800, 25, 8, 64, 0, 0, "", []) -> (0) (1ms)
06-20 13:37:21.237 1732 1732 D RockyReceiver: action: android.net.wifi.STATE_CHANGE
06-20 13:37:21.237 442 517 I netd : setResolverConfiguration(ResolverParamsParcel{netId: 101, sampleValiditySeconds: 1800, successThreshold: 25, minSamples: 8, maxSamples: 64, baseTimeoutMsec: 0, retryCount: 0, servers: [202.96.134.133, 202.96.128.166], domains: [], tlsName: , tlsServers: [], tlsFingerprints: [], caCertificate: , tlsConnectTimeoutMs: 0, resolverOptions: (null), transportTypes: [1]}) <1.68ms>
06-20 13:37:21.244 442 517 I netd : setNetworkAllowlist([NativeUidRangeConfig{netId: 101, uidRanges: [UidRangeParcel{start: 0, stop: 99999}], subPriority: 0}]) <0.12ms>
06-20 13:37:21.245 685 830 W DnsManager: updatePrivateDns(101, PrivateDnsConfig{true:/[]})
06-20 13:37:21.245 685 830 D ConnectivityService: Setting DNS servers for network 101 to [/202.96.134.133, /202.96.128.166]
06-20 13:37:21.246 685 830 D DnsManager: sendDnsConfigurationForNetwork(101, [202.96.134.133, 202.96.128.166], [], 1800, 25, 8, 64, 0, 0, , [202.96.134.133, 202.96.128.166])
06-20 13:37:21.247 442 3840 W resolv : Validating DnsTlsServer 202.96.128.166 with mark 0xf0065
06-20 13:37:21.247 442 517 I resolv : setDoh: No suitable DoH server found
06-20 13:37:21.247 442 517 I netd : DnsResolverService::setResolverConfiguration(101, [202.96.134.133, 202.96.128.166], [], 1800, 25, 8, 64, 0, 0, "", [202.96.134.133, 202.96.128.166]) -> (0) (0.8ms)
06-20 13:37:21.247 442 517 I netd : setResolverConfiguration(ResolverParamsParcel{netId: 101, sampleValiditySeconds: 1800, successThreshold: 25, minSamples: 8, maxSamples: 64, baseTimeoutMsec: 0, retryCount: 0, servers: [202.96.134.133, 202.96.128.166], domains: [], tlsName: , tlsServers: [202.96.134.133, 202.96.128.166], tlsFingerprints: [], caCertificate: , tlsConnectTimeoutMs: 0, resolverOptions: (null), transportTypes: [1]}) <0.93ms>
06-20 13:37:21.248 685 830 D ConnectivityService: Adding iface wlan0 to network 101
06-20 13:37:21.248 685 822 W WifiScoreReport: Cannot start external scoring netId=101 currentNetId=101 currentNetCapabilities=[ Transports: WIFI Capabilities: NOT_METERED&INTERNET&NOT_RESTRICTED&TRUSTED&NOT_VPN&NOT_ROAMING&NOT_CONGESTED&NOT_SUSPENDED&NOT_VCN_MANAGED LinkUpBandwidth>=12000Kbps LinkDnBandwidth>=60000Kbps Specifier: TransportInfo: , Provider friendly name: , Requesting package name: "DZNB"wpa2-pskMLO Information: , Is TID-To-Link negotiation supported by the AP: false, AP MLD Address: , AP MLO Link Id: , AP MLO Affiliated links: > SignalStrength: -39 AllowedUids: <{1000}> OwnerUid: 1000 AdminUids: [1000] SSID: "DZNB" UnderlyingNetworks: Null] sessionId=1017
06-20 13:37:21.248 685 718 W IPCThreadState: Sending oneway calls to frozen process.
06-20 13:37:21.248 685 718 W IPCThreadState: Sending oneway calls to frozen process.
06-20 13:37:21.248 685 718 W IPCThreadState: Sending oneway calls to frozen process.
06-20 13:37:21.248 685 718 W IPCThreadState: Sending oneway calls to frozen process.
06-20 13:37:21.248 685 718 W IPCThreadState: Sending oneway calls to frozen process.
06-20 13:37:21.248 685 718 W IPCThreadState: Sending oneway calls to frozen process.
06-20 13:37:21.249 685 718 W IPCThreadState: Sending oneway calls to frozen process.
06-20 13:37:21.249 685 718 W IPCThreadState: Sending oneway calls to frozen process.
06-20 13:37:21.252 442 3841 W resolv : Validating DnsTlsServer 202.96.134.133 with mark 0xf0065
06-20 13:37:21.252 442 3841 W resolv : Socket failed to connect: Network is unreachable
06-20 13:37:21.252 442 3841 W resolv : TCP Handshake failed: 101
06-20 13:37:21.253 442 3841 W resolv : query failed
06-20 13:37:21.253 442 3841 W resolv : validateDnsTlsServer returned 0 for 202.96.134.133
06-20 13:37:21.254 442 3841 W resolv : Validation failed
06-20 13:37:21.260 685 752 D WifiMemoryStoreImpl: Set cluster G99c7425db3658860 for Wabae40ad0146b01: SUCCESS
06-20 13:37:21.264 442 520 I netd : networkAddInterface(101, wlan0) <16.17ms>
06-20 13:37:21.265 442 3840 W resolv : Socket failed to connect: Network is unreachable
06-20 13:37:21.265 442 3840 W resolv : TCP Handshake failed: 101
06-20 13:37:21.265 442 3840 W resolv : query failed
06-20 13:37:21.265 442 3840 W resolv : validateDnsTlsServer returned 0 for 202.96.128.166
06-20 13:37:21.265 442 3840 W resolv : Validation failed
06-20 13:37:21.269 442 520 I netd : wakeupAddInterface(wlan0, 437197393933:wlan0, -2147483648, -2147483648) <3.30ms>
06-20 13:37:21.274 685 701 D WifiMemoryStoreImpl: Set cluster G99c7425db3658860 for Wf0763636af084b60: SUCCESS
06-20 13:37:21.274 442 520 I netd : networkAddRouteParcel(101, RouteInfoParcel{destination: fe80::/64, ifName: wlan0, nextHop: , mtu: 0}) <4.25ms>
06-20 13:37:21.278 442 520 I netd : networkAddRouteParcel(101, RouteInfoParcel{destination: 192.168.2.0/23, ifName: wlan0, nextHop: , mtu: 0}) <1.02ms>
06-20 13:37:21.280 442 517 I netd : networkAddRouteParcel(101, RouteInfoParcel{destination: 0.0.0.0/0, ifName: wlan0, nextHop: 192.168.3.1, mtu: 0}) <0.47ms>
06-20 13:37:21.281 685 830 D ConnectivityService: Setting DNS servers for network 101 to [/202.96.134.133, /202.96.128.166]
06-20 13:37:21.281 685 830 D DnsManager: sendDnsConfigurationForNetwork(101, [202.96.134.133, 202.96.128.166], [], 1800, 25, 8, 64, 0, 0, , [202.96.134.133, 202.96.128.166])
06-20 13:37:21.282 442 517 I resolv : setDoh: No suitable DoH server found
06-20 13:37:21.282 442 517 I netd : DnsResolverService::setResolverConfiguration(101, [202.96.134.133, 202.96.128.166], [], 1800, 25, 8, 64, 0, 0, "", [202.96.134.133, 202.96.128.166]) -> (0) (0.6ms)
06-20 13:37:21.282 442 517 I netd : setResolverConfiguration(ResolverParamsParcel{netId: 101, sampleValiditySeconds: 1800, successThreshold: 25, minSamples: 8, maxSamples: 64, baseTimeoutMsec: 0, retryCount: 0, servers: [202.96.134.133, 202.96.128.166], domains: [], tlsName: , tlsServers: [202.96.134.133, 202.96.128.166], tlsFingerprints: [], caCertificate: , tlsConnectTimeoutMs: 0, resolverOptions: (null), transportTypes: [1]}) <0.79ms>
06-20 13:37:21.283 2689 2880 E ccc : cccccc sort 2 57
06-20 13:37:21.283 685 718 W IPCThreadState: Sending oneway calls to frozen process.
06-20 13:37:21.283 685 718 W IPCThreadState: Sending oneway calls to frozen process.
06-20 13:37:21.283 685 718 W IPCThreadState: Sending oneway calls to frozen process.
06-20 13:37:21.283 685 718 W IPCThreadState: Sending oneway calls to frozen process.
06-20 13:37:21.283 685 718 W IPCThreadState: Sending oneway calls to frozen process.
06-20 13:37:21.283 685 718 W IPCThreadState: Sending oneway calls to frozen process.
06-20 13:37:21.283 685 718 W IPCThreadState: Sending oneway calls to frozen process.
06-20 13:37:21.284 685 718 W IPCThreadState: Sending oneway calls to frozen process.
06-20 13:37:21.284 442 3846 W resolv : Validating DnsTlsServer 202.96.134.133 with mark 0xf0065
06-20 13:37:21.288 442 3845 W resolv : Validating DnsTlsServer 202.96.128.166 with mark 0xf0065
06-20 13:37:21.294 685 830 W BestClock: java.time.DateTimeException: Missing network time fix
06-20 13:37:21.298 685 701 D WifiMemoryStoreImpl: Set cluster G99c7425db3658860 for W654e4aa045621fb6: SUCCESS
06-20 13:37:21.300 1957 1957 I DefaultIMS: onStartInput attribute=android.view.inputmethod.EditorInfo@ed6a405 restarting=false inputType: 0
06-20 13:37:21.213 0 0 W : [2 T520 ..] [aml_inetaddr_event 6139] dev wlan0 is up, comm:binder:442_3, pid:520, vif:0, ipv4:192.168.3.75
06-20 13:37:21.297 0 0 W : [2 T3846 ..] [SP FRAME TX] arp req,vif_idx:0 sender:[1c:79:2d:20:62:cb 192.168.3.75]receiver:[00:00:00:00:00:00 192.168.3.1]
06-20 13:37:21.313 0 0 W : [0 T1046 ..] [SP FRAME RX] arp rsp,vif_idx:0 sender:[70:3a:a6:36:a8:d7 192.168.3.1]receiver:[1c:79:2d:20:62:cb 192.168.3.75]
06-20 13:37:21.303 442 517 I netd : setProcSysNet(4, 2, wlan0, retrans_time_ms, 1000) <0.21ms>
06-20 13:37:21.305 442 517 I netd : setProcSysNet(4, 2, wlan0, ucast_solicit, 15) <0.12ms>
06-20 13:37:21.307 442 517 I netd : setProcSysNet(6, 2, wlan0, retrans_time_ms, 1000) <0.15ms>
06-20 13:37:21.307 442 517 I netd : setProcSysNet(6, 2, wlan0, ucast_solicit, 15) <0.12ms>
06-20 13:37:21.315 0 0 W : [2 T1041 ..] >>> aml_rx_me_tx_credits_update_ind()
06-20 13:37:21.317 685 752 D WifiMemoryStoreImpl: Set cluster G99c7425db3658860 for Wf2bc3bd0171a3969: SUCCESS
06-20 13:37:21.318 442 517 I netd : tetherGetStats() -> {[]} <1.02ms>
06-20 13:37:21.321 685 820 W BestClock: java.time.DateTimeException: Missing network time fix
06-20 13:37:21.321 685 830 W BestClock: java.time.DateTimeException: Missing network time fix
06-20 13:37:21.324 685 820 W BestClock: java.time.DateTimeException: Missing network time fix
06-20 13:37:21.331 685 701 D WifiMemoryStoreImpl: Set cluster G99c7425db3658860 for Wfe6676965ac44a0d: SUCCESS
