06-20 13:36:18.863 1732 1732 V GraphicsEnvironment: com.dangbei.lerad.rocky is not listed in per-application setting
06-20 13:36:18.863 1423 1777 I cr_VariationsUtils: Failed reading seed file "/data/user/0/com.dangbei.leard.leradlauncher/app_webview/variations_seed"
06-20 13:36:18.863 1732 1732 V GraphicsEnvironment: Neither updatable production driver nor prerelease driver is supported.
06-20 13:36:18.865 1391 1781 V MediaProvider: onConfigure() for internal.db
06-20 13:36:18.874 1391 1781 V MediaProvider: onOpen() for internal.db
06-20 13:36:18.882 1391 1781 V MediaProvider: onOpen() finished for internal.db
06-20 13:36:18.885 1732 1732 I MultiDex: VM with version 2.1.0 has multidex support
06-20 13:36:18.885 1737 1737 V GraphicsEnvironment: Currently set values for:
06-20 13:36:18.885 1732 1732 I MultiDex: Installing application
06-20 13:36:18.885 1737 1737 V GraphicsEnvironment: angle_gl_driver_selection_pkgs=[]
06-20 13:36:18.885 1732 1732 I MultiDex: VM has multidex support, MultiDex support library is disabled.
06-20 13:36:18.885 1737 1737 V GraphicsEnvironment: angle_gl_driver_selection_values=[]
06-20 13:36:18.886 1737 1737 V GraphicsEnvironment: ANGLE GameManagerService for com.android.packageinstaller: false
06-20 13:36:18.886 1737 1737 V GraphicsEnvironment: com.android.packageinstaller is not listed in per-application setting
06-20 13:36:18.886 1737 1737 V GraphicsEnvironment: Neither updatable production driver nor prerelease driver is supported.
06-20 13:36:18.891 1423 1423 D OsInitLaunch: send cache: mangoAuth, null, AUTH_NO_NETWORK, null
06-20 13:36:18.897 685 750 D CompatibilityChangeReporter: Compat change id reported: 182734110; UID 10053; state: ENABLED
06-20 13:36:18.902 685 750 D ConnectivityService: requestNetwork for uid/pid:1000/1423 activeRequest: null callbackRequest: 41 [NetworkRequest [ REQUEST id=42, [ Capabilities: INTERNET&NOT_RESTRICTED&TRUSTED&NOT_VCN_MANAGED Uid: 1000 RequestorUid: 1000 RequestorPkg: com.dangbei.leard.leradlauncher UnderlyingNetworks: Null] ]] callback flags: 0 order: 2147483647
06-20 13:36:18.888 1423 1423 I nd.statics.boot: type=1400 audit(0.0:723): avc: denied { search } for name="net" dev="sysfs" ino=12345 scontext=u:r:system_app:s0 tcontext=u:object_r:sysfs_net:s0 tclass=dir permissive=1
06-20 13:36:18.903 685 830 D ConnectivityService: NetReassign [no changes] [c 0] [a 0] [i 1]
06-20 13:36:18.908 685 718 D CompatibilityChangeReporter: Compat change id reported: 135634846; UID 10074; state: DISABLED
06-20 13:36:18.908 685 718 D CompatibilityChangeReporter: Compat change id reported: 177438394; UID 10074; state: DISABLED
06-20 13:36:18.908 685 718 D CompatibilityChangeReporter: Compat change id reported: 135772972; UID 10074; state: DISABLED
06-20 13:36:18.908 685 718 D CompatibilityChangeReporter: Compat change id reported: 135754954; UID 10074; state: ENABLED
06-20 13:36:18.909 685 719 D CompatibilityChangeReporter: Compat change id reported: 143937733; UID 10074; state: ENABLED
06-20 13:36:18.915 454 681 D xm_audio: socket_thread start
06-20 13:36:18.915 454 681 D xm_audio: create socket g_is_running4
06-20 13:36:18.915 454 681 D xm_audio: create socket g_is_running5
06-20 13:36:18.915 454 681 E xm_audio: socket connect fail fd
06-20 13:36:18.915 454 681 E xm_audio: Error no: 111,Connection refused
06-20 13:36:18.915 454 681 E xm_audio: close cret:0
06-20 13:36:18.919 1391 1781 I MediaProvider: Scanned internal due to REASON_MOUNTED, found 4 items in 36ms, 0 inserts 0 updates 0 deletes
06-20 13:36:18.923 1423 1423 D CompatibilityChangeReporter: Compat change id reported: 237531167; UID 1000; state: DISABLED
06-20 13:36:18.924 1391 1781 W ModernMediaScanner: Failed to visit /oem/media: java.nio.file.NoSuchFileException: /oem/media
06-20 13:36:18.926 1423 1423 W OpenGLRenderer: Unknown dataspace 0
06-20 13:36:18.926 1391 1781 I MediaProvider: Scanned internal due to REASON_MOUNTED, found 0 items in 2ms, 0 inserts 0 updates 0 deletes
06-20 13:36:18.935 1732 1732 D RockyApplication: init: false
06-20 13:36:18.944 685 1187 D BufferPoolAccessor2.0: bufferpool2 0xb89cc988 : 0(0 size) total buffers - 0(0 size) used buffers - 1/7 (recycle/alloc) - 6/18 (fetch/transfer)
06-20 13:36:18.944 685 1187 D BufferPoolAccessor2.0: evictor expired: 1, evicted: 1
06-20 13:36:18.947 581 942 D BufferPoolAccessor2.0: bufferpool2 0xe9d02548 : 0(0 size) total buffers - 0(0 size) used buffers - 5/7 (recycle/alloc) - 2/6 (fetch/transfer)
06-20 13:36:18.947 581 942 D BufferPoolAccessor2.0: evictor expired: 1, evicted: 1
06-20 13:36:18.963 1391 1781 I MediaProvider: Scanned internal due to REASON_MOUNTED, found 10 items in 35ms, 0 inserts 0 updates 0 deletes
06-20 13:36:18.888 1423 1423 I nd.statics.boot: type=1400 audit(0.0:724): avc: denied { read } for name="address" dev="sysfs" ino=22127 scontext=u:r:system_app:s0 tcontext=u:object_r:sysfs_net:s0 tclass=file permissive=1
06-20 13:36:18.888 1423 1423 I nd.statics.boot: type=1400 audit(0.0:725): avc: denied { open } for path="/sys/devices/virtual/net/dummy0/address" dev="sysfs" ino=22127 scontext=u:r:system_app:s0 tcontext=u:object_r:sysfs_net:s0 tclass=file permissive=1
06-20 13:36:18.965 1732 1732 D RockyVoice: RestartReceiver onReceive
06-20 13:36:18.968 1127 1127 I wpa_supplicant: wlan0: Trying to associate with c8:bf:4c:1d:7a:9b (SSID='red5G' freq=5785 MHz)
06-20 13:36:18.968 1127 1127 I wpa_supplicant: assoc key_mgmt 0x2 network key_mgmt 0x142
06-20 13:36:18.970 685 822 D WifiCountryCode: evaluateAllCmmStateAndApplyIfAllReady: {ConcreteClientModeManager{id=16495 iface=wlan0 role=ROLE_CLIENT_PRIMARY}=false}
06-20 13:36:18.970 685 822 D WifiClientModeImpl[19971:wlan0]: Start Connecting Watchdog 1
06-20 13:36:18.970 685 822 D WifiNetworkFactory: got request NetworkRequest [ REQUEST id=42, [ Capabilities: INTERNET&NOT_RESTRICTED&TRUSTED&NOT_VCN_MANAGED Uid: 1000 RequestorUid: 1000 RequestorPkg: com.dangbei.leard.leradlauncher UnderlyingNetworks: Null] ]
06-20 13:36:18.971 685 822 D UntrustedWifiNetworkFactory: got request NetworkRequest [ REQUEST id=42, [ Capabilities: INTERNET&NOT_RESTRICTED&TRUSTED&NOT_VCN_MANAGED Uid: 1000 RequestorUid: 1000 RequestorPkg: com.dangbei.leard.leradlauncher UnderlyingNetworks: Null] ]
06-20 13:36:18.971 685 822 D OemPaidWifiNetworkFactory: got request NetworkRequest [ REQUEST id=42, [ Capabilities: INTERNET&NOT_RESTRICTED&TRUSTED&NOT_VCN_MANAGED Uid: 1000 RequestorUid: 1000 RequestorPkg: com.dangbei.leard.leradlauncher UnderlyingNetworks: Null] ]
06-20 13:36:18.971 685 822 D MultiInternetWifiNetworkFactory: got request NetworkRequest [ REQUEST id=42, [ Capabilities: INTERNET&NOT_RESTRICTED&TRUSTED&NOT_VCN_MANAGED Uid: 1000 RequestorUid: 1000 RequestorPkg: com.dangbei.leard.leradlauncher UnderlyingNetworks: Null] ]
06-20 13:36:18.983 0 0 W : [1 T1127 ..] [aml_cfg80211_connect 2096] vif:0 privacy=1, key=0000000000000000, key_len=0, key_idx=0 auth_type:0 wpa_versions:2
06-20 13:36:18.984 0 0 W : [1 T1127 ..] set_scan_hang, flag:1, [aml_cfg80211_connect 2137]
06-20 13:36:18.985 0 0 W : [1 T1127 ..] >>> aml_send_sm_connect_req()
06-20 13:36:18.985 0 0 W : [1 T1127 ..] >>> aml_send_msg()
06-20 13:36:18.977 685 822 W ContextImpl: Calling a method in the system process without a qualified user: android.app.ContextImpl.sendStickyBroadcast:1626 com.android.server.wifi.ClientModeImpl.sendNetworkChangeBroadcast:3008 com.android.server.wifi.ClientModeImpl.lambda$sendNetworkChangeBroadcastWithCurrentState$14:2985 com.android.server.wifi.ClientModeImpl.$r8$lambda$q-j88Pjw4gROgoJFr8wBlBVbuJI:0 com.android.server.wifi.ClientModeImpl$$ExternalSyntheticLambda4.send:0
06-20 13:36:18.982 685 700 W WindowManager: [addWindow] title:com.dangbei.leard.leradlauncher/com.dangbei.launcher.home.LauncherActivity
06-20 13:36:18.982 685 700 D CompatibilityChangeReporter: Compat change id reported: 168419799; UID 1000; state: DISABLED
06-20 13:36:18.983 685 700 D CompatibilityChangeReporter: Compat change id reported: 273564678; UID 1000; state: DISABLED
06-20 13:36:18.976 443 443 D Zygote : Forked child process 1799
06-20 13:36:18.986 685 719 W ActivityManager: Slow operation: 79ms so far, now at startProcess: returned from zygote!
06-20 13:36:18.987 685 719 W ActivityManager: Slow operation: 79ms so far, now at startProcess: done updating battery stats
06-20 13:36:18.987 685 719 W ActivityManager: Slow operation: 79ms so far, now at startProcess: building log message
06-20 13:36:18.987 685 719 I ActivityManager: Start proc 1799:com.android.permissioncontroller/u0a74 for broadcast {com.android.permissioncontroller/com.android.permissioncontroller.permission.service.LocationAccessCheck$SetupPeriodicBackgroundLocationAccessCheck}
06-20 13:36:18.987 685 719 W ActivityManager: Slow operation: 79ms so far, now at startProcess: starting to update pids map
06-20 13:36:18.987 685 719 W ActivityManager: Slow operation: 79ms so far, now at startProcess: done updating pids map
06-20 13:36:18.988 1423 1423 I Choreographer: Skipped 76 frames! The application may be doing too much work on its main thread.
06-20 13:36:18.990 685 822 I WifiClientModeImpl[19971:wlan0]: Update current security type to 2
06-20 13:36:19.016 685 752 D CoreBackPreview: Window{99b77a3 u0 com.dangbei.leard.leradlauncher/com.dangbei.launcher.home.LauncherActivity}: Setting back callback OnBackInvokedCallbackInfo{mCallback=android.window.IOnBackInvokedCallback$Stub$Proxy@4563af7, mPriority=0, mIsAnimationCallback=false}
06-20 13:36:19.021 442 1801 I resolv : GetAddrInfoHandler::run: {0 786432 0 983040 1000 0}
06-20 13:36:19.026 1732 1732 D RockyManager: initFarWakeStatus isMainFarSwitch: false
06-20 13:36:19.034 1423 1711 I mali : Successfully parsed 1 environment variable(s) from /vendor/etc/mali_platform.config.
06-20 13:36:19.035 1799 1799 I Zygote : seccomp disabled by setenforce 0
06-20 13:36:19.038 1423 1711 I mali : Successfully parsed 1 environment variable(s) from /vendor/etc/mali_platform.config.
06-20 13:36:19.040 1423 1619 E hq : ErrorCoroutineExceptionHandler:::runTry error:java.net.UnknownHostException: Unable to resolve host "ottdbui-tyapiqun7.yysh.mgtv.com": No address associated with hostname from=requestAppBarData_loadData
06-20 13:36:19.041 1799 1799 I ssioncontroller: Using CollectorTypeCC GC.
06-20 13:36:19.042 1732 1732 I RockyManager: isFarWake: false
06-20 13:36:19.044 442 1803 I resolv : GetAddrInfoHandler::run: {0 786432 0 983040 1000 0}
06-20 13:36:19.063 0 0 W : [2 T1041 ..] ipc_sdio_host_msgack_handler 000000003ec94fef
06-20 13:36:19.063 0 0 W : [2 T1041 ..] [aml_msgackind 2039] msg ack hostid=0xffffff80687a8b00
06-20 13:36:19.064 0 0 W : [2 T1041 ..] [cmd_mgr_llind 329] cmd tkn[22] flags:001a result: -4 cmd:6144-SM_CONNECT_REQ - reqcfm(6145-SM_CONNECT_CFM)
06-20 13:36:19.066 0 0 W : [2 T1041 ..] [cmd_mgr_msgind 409] cmd tkn[22] flags:0012 result: -4 cmd:6144-SM_CONNECT_REQ - reqcfm(6145-SM_CONNECT_CFM)
06-20 13:36:19.067 0 0 W : [2 T1041 ..] [cmd_complete 65] cmd tkn[22] flags:0002 result: -4 cmd:6144-SM_CONNECT_REQ - reqcfm(6145-SM_CONNECT_CFM)
06-20 13:36:19.057 1799 1799 E ssioncontroller: Not starting debugger since process cannot load the jdwp agent.
06-20 13:36:19.057 442 1805 I resolv : GetAddrInfoHandler::run: {0 786432 0 983040 1000 0}
06-20 13:36:19.069 0 0 W : [3 T1127 ..] [aml_cfg80211_connect 2152] ssid=red5G, center freq:5785
06-20 13:36:19.070 0 0 W : [3 T1127 ..] [recy_dbg][aml_recy_save_assoc_ 82] save assoc info
06-20 13:36:19.070 0 0 W : [3 T1127 ..] [recy_dbg][aml_recy_save_assoc_ 110] assoc info chan bw=1, center freq=5785
06-20 13:36:19.072 217 217 I hwservicemanager: getTransport: Cannot find entry android.hardware.configstore@1.0::ISurfaceFlingerConfigs/default in either framework or device VINTF manifest.
06-20 13:36:19.072 0 0 W : [3 T1127 ..] [recy_dbg][aml_recy_flags_set 57] set flags(0x1), new flags(0x1)
06-20 13:36:19.083 0 0 W [3 T1708 ..] audit: audit_lost=20 audit_rate_limit=5 audit_backlog_limit=64
06-20 13:36:19.084 0 0 E [3 T1708 ..] audit: rate limit exceeded
06-20 13:36:19.085 685 701 D CompatibilityChangeReporter: Compat change id reported: 168419799; UID 10074; state: DISABLED
06-20 13:36:19.086 685 701 D CompatibilityChangeReporter: Compat change id reported: 273564678; UID 10074; state: DISABLED
06-20 13:36:19.088 685 763 D CompatibilityChangeReporter: Compat change id reported: 265195908; UID 10074; state: ENABLED
06-20 13:36:19.129 0 0 W : [2 T1041 ..] fmac patch_rc_init: station_id=0 format_mod=5 pre_type=0 short_gi=1 max_bw=2
06-20 13:36:19.129 0 0 W : [2 T1041 ..] fmac patch_rc_init: nss_max=1 mcs_max=11 r_idx_min=4 r_idx_max=11 no_samples=10
06-20 13:36:19.115 1799 1799 D CompatibilityChangeReporter: Compat change id reported: 171979766; UID 10074; state: ENABLED
06-20 13:36:19.141 0 0 I [2 T216 ..] servicemanager: Found android.hardware.graphics.allocator.IAllocator/default in device VINTF manifest.
06-20 13:36:19.143 0 0 I [1 T216 ..] servicemanager: Found android.hardware.graphics.allocator.IAllocator/default in device VINTF manifest.
06-20 13:36:19.115 1799 1799 D CompatibilityChangeReporter: Compat change id reported: 242716250; UID 10074; state: ENABLED
06-20 13:36:19.119 685 700 D CompatibilityChangeReporter: Compat change id reported: 170503758; UID 10074; state: ENABLED
06-20 13:36:19.123 282 282 I MesonDisplay: [/mode_policy.c, meson_mode_set_policy, 1177] connector:0 to policy:0
06-20 13:36:19.123 282 282 I MesonDisplay: [/mode_policy.c, is_dv_prefer, 66] not prefer dv, hdr_priority:10000010
06-20 13:36:19.123 282 282 I MesonDisplay: [/mode_policy.c, is_dv_prefer, 66] not prefer dv, hdr_priority:10000010
06-20 13:36:19.123 282 282 I MesonDisplay: [/mode_policy.c, hdr_scene_process, 724] policy:0 is_bestcolorspace:1 state:0
06-20 13:36:19.123 282 282 I MesonDisplay: [/mode_policy_parser.c, is_support_hdmimode, 110] is_support_hdmimode mode: 1080p60hz
06-20 13:36:19.123 282 282 I MesonDisplay: [/mode_policy_parser.c, is_support_hdmimode, 110] is_support_hdmimode mode: 2160p60hz
06-20 13:36:19.123 282 282 D MesonDisplay: meson_write /sys/class/amhdmitx/amhdmitx0/valid_mode, outputmode:2160p60hz420,10bit
06-20 13:36:19.123 282 282 D MesonDisplay: valid mode is false!
06-20 13:36:19.123 282 282 I MesonDisplay: [/mode_policy_parser.c, is_support_hdmimode, 110] is_support_hdmimode mode: 2160p50hz
06-20 13:36:19.123 282 282 D MesonDisplay: meson_write /sys/class/amhdmitx/amhdmitx0/valid_mode, outputmode:2160p50hz420,10bit
06-20 13:36:19.123 282 282 D MesonDisplay: valid mode is false!
06-20 13:36:19.123 282 282 I MesonDisplay: [/mode_policy.c, is_support_4kHDR, 507] is_support_4kHDR 4k hdr not support
06-20 13:36:19.123 282 282 I MesonDisplay: [/mode_policy_parser.c, is_support_hdmimode, 110] is_support_hdmimode mode: 1080p60hz
06-20 13:36:19.123 282 282 D MesonDisplay: meson_write /sys/class/amhdmitx/amhdmitx0/valid_mode, outputmode:1080p60hzrgb,10bit
06-20 13:36:19.123 282 282 D MesonDisplay: valid mode is true!
06-20 13:36:19.123 282 282 I MesonDisplay: [/mode_policy.c, is_support_non4kHDR, 552] is_support_non4kHDR mode:[1080p60hz], color format:[rgb,10bit]
06-20 13:36:19.124 282 282 I MesonDisplay: [/mode_policy.c, meson_mode_get_policy_output, 1289] final_displaymode:1080p60hz, final_deepcolor:rgb,10bit, amdv_type:0
06-20 13:36:19.124 282 282 I MesonHwc: getPreferredDisplayConfig [1080p60hz]
06-20 13:36:19.124 282 282 I MesonDisplay: [/mode_policy.c, meson_mode_set_policy, 1177] connector:0 to policy:0
06-20 13:36:19.124 282 282 D MesonHwc: getPreferredBootConfig outConfig = 12 (1920x1080@59.940060)
06-20 13:36:19.125 1423 1711 E OpenGLRenderer: Unable to match the desired swap behavior.
06-20 13:36:19.126 685 709 W ContextImpl: Calling a method in the system process without a qualified user: android.app.ContextImpl.startService:1899 com.android.server.wm.DisplayPolicy.lambda$focusChangedLw$5:2126 com.android.server.wm.DisplayPolicy.$r8$lambda$Znxk63oh-WzVnzo_WQefN7uxV48:0 com.android.server.wm.DisplayPolicy$$ExternalSyntheticLambda13.run:0 android.os.Handler.handleCallback:958
06-20 13:36:19.130 1799 1799 D nativeloader: Configuring clns-shared-4 for other apk /system/framework/org.apache.http.legacy.jar. target_sdk_version=34, uses_libraries=ALL, library_path=/apex/com.android.permission/priv-app/PermissionController@UD2A.240505.001.W1/lib/arm:/system/lib:/system_ext/lib, permitted_path=/data:/mnt/expand:/data/user_de/0/com.android.permissioncontroller:/apex/com.android.permission/priv-app/PermissionController@UD2A.240505.001.W1:/system/lib:/system_ext/lib
06-20 13:36:19.134 1456 1456 D aaa : LedStatusService onStartCommand begin
06-20 13:36:19.140 1456 1833 D aaa : topPkg is -------------- :com.dangbei.leard.leradlauncher
06-20 13:36:19.141 1732 1732 W ContextImpl: Calling a method in the system process without a qualified user: android.app.ContextImpl.startService:1899 android.content.ContextWrapper.startService:825 com.cvte.tv.api.TvApiSDKManager.:177 com.cvte.tv.api.TvApiSDKManager.init:217 com.dangbei.rocky.component.system.SystemControlUtils.initSystemAidl:82
06-20 13:36:19.142 685 750 W ActivityManager: Unable to start service Intent { act=com.cvte.tv.api.TV_API_SERVICE pkg=com.cvte.tv.api.impl } U=0: not found
06-20 13:36:19.168 0 0 E [3 T247 ..] aml_cma_alloc: heap-gfx: alloc failed, req-size: 2072 pages, ret: -12
06-20 13:36:19.155 1423 1708 D StatisticParamUtil: getBluetoothAddressSdk23: error
06-20 13:36:19.157 247 247 E DMABUFHEAPS: Unable to allocate from DMA-BUF heap: heap-gfx: Out of memory
06-20 13:36:19.157 247 247 E DMABUFHEAPS: No ion heap of name heap-gfx exists
06-20 13:36:19.157 247 247 E DMABUFHEAPS: No ion heap of name heap-gfx exists
06-20 13:36:19.157 247 247 W mali_gralloc: libdmabufheap allocation failed for heap-gfx heap, falling back to system heap
06-20 13:36:19.157 247 247 I DMABUFHEAPS: Using DMA-BUF heap named: system
06-20 13:36:19.161 1423 1708 I UtilCommon: bluetoothMac=1C:79:2D:20:62:CC
06-20 13:36:19.162 1423 1708 E wangli : env: 0_true
06-20 13:36:19.167 1732 1732 W ContextImpl: Calling a method in the system process without a qualified user: android.app.ContextImpl.bindService:1988 android.content.ContextWrapper.bindService:861 com.cvte.tv.api.TvApiSDKManager.:178 com.cvte.tv.api.TvApiSDKManager.init:217 com.dangbei.rocky.component.system.SystemControlUtils.initSystemAidl:82
06-20 13:36:19.168 685 750 W ActivityManager: Unable to start service Intent { act=com.cvte.tv.api.TV_API_SERVICE pkg=com.cvte.tv.api.impl } U=0: not found
06-20 13:36:19.184 1732 1732 D TvApiSDKManager: getTvApi getSystemService = false
06-20 13:36:19.184 1732 1732 D TvApiSDKManager: getTvApi startService
06-20 13:36:19.185 1732 1732 W ContextImpl: Calling a method in the system process without a qualified user: android.app.ContextImpl.startService:1899 android.content.ContextWrapper.startService:825 com.cvte.tv.api.TvApiSDKManager.getTvApi:361 com.dangbei.rocky.component.system.SystemControlUtils.initSystemAidl:83 com.dangbei.rocky.component.system.SystemComponent.onAttached:38
06-20 13:36:19.186 685 700 W ActivityManager: Unable to start service Intent { act=com.cvte.tv.api.TV_API_SERVICE pkg=com.cvte.tv.api.impl } U=0: not found
06-20 13:36:19.191 1732 1732 W ContextImpl: Calling a method in the system process without a qualified user: android.app.ContextImpl.bindService:1988 android.content.ContextWrapper.bindService:861 com.cvte.tv.api.TvApiSDKManager.getTvApi:362 com.dangbei.rocky.component.system.SystemControlUtils.initSystemAidl:83 com.dangbei.rocky.component.system.SystemComponent.onAttached:38
06-20 13:36:19.193 685 700 W ActivityManager: Unable to start service Intent { act=com.cvte.tv.api.TV_API_SERVICE pkg=com.cvte.tv.api.impl } U=0: not found
06-20 13:36:19.195 1456 1833 D aaa : net is disconnect
06-20 13:36:19.203 1423 1423 E xxxxxxxxxxxxxxx: onReceive:mIsHDMIPlugged = true
06-20 13:36:19.203 1423 1423 E hq : NetWorkStateReceiver:::NetWorkStateReceiver onReceive: 网络变化广播 >>>> intent.action=android.net.wifi.SCAN_RESULTS
06-20 13:36:19.205 1423 1423 W eventbuscore: post Event:com.dangbei.leard.base.entity.event.NetWifiRssiEvent
06-20 13:36:19.207 685 712 D ActivityTaskManager: Launcher drawn done,not keygurad,has wallpaper.
06-20 13:36:19.210 1799 1799 D nativeloader: Configuring clns-shared-5 for other apk /apex/com.android.permission/priv-app/PermissionController@UD2A.240505.001.W1/PermissionController.apk. target_sdk_version=34, uses_libraries=, library_path=/apex/com.android.permission/priv-app/PermissionController@UD2A.240505.001.W1/lib/arm:/system/lib:/system_ext/lib, permitted_path=/data:/mnt/expand:/data/user_de/0/com.android.permissioncontroller:/apex/com.android.permission/priv-app/PermissionController@UD2A.240505.001.W1:/system/lib:/system_ext/lib
06-20 13:36:19.213 1799 1799 D nativeloader: InitApexLibraries:
06-20 13:36:19.213 1799 1799 D nativeloader: com_android_adservices: libhpke_jni.so:libtflite_support_classifiers_native.so
06-20 13:36:19.213 1799 1799 D nativeloader: com_android_appsearch: libicing.so
06-20 13:36:19.213 1799 1799 D nativeloader: com_android_art: libartservice.so
06-20 13:36:19.213 1799 1799 D nativeloader: com_android_btservices: libbluetooth_jni.so
06-20 13:36:19.213 1799 1799 D nativeloader: com_android_conscrypt: libjavacrypto.so
06-20 13:36:19.213 1799 1799 D nativeloader: com_android_extservices: libhpke_jni.so:libtflite_support_classifiers_native.so
06-20 13:36:19.213 1799 1799 D nativeloader: com_android_os_statsd: libstats_jni.so
06-20 13:36:19.213 1799 1799 D nativeloader: com_android_tethering: libandroid_net_connectivity_com_android_net_module_util_jni.so:libcronet.114.0.5735.84.so:libframework-connectivity-jni.so:libframework-connectivity-tiramisu-jni.so:libservice-connectivity.so
06-20 13:36:19.213 1799 1799 D nativeloader: com_android_uwb: libuwb_uci_jni_rust.so
06-20 13:36:19.213 1799 1799 D nativeloader: com_android_virt: libvirtualizationservice_jni.so:libvirtualmachine_jni.so
06-20 13:36:19.215 1423 1438 I OpenGLRenderer: Davey! duration=1499ms; Flags=1, FrameTimelineVsyncId=918, IntendedVsync=24552797334, Vsync=25820722662, InputEventId=0, HandleInputStart=25832082345, AnimationStart=25832084387, PerformTraversalsStart=25832147303, DrawStart=25969932595, FrameDeadline=24571480667, FrameInterval=25831627637, FrameStartTime=16683228, SyncQueued=25970446887, SyncStart=25970561845, IssueDrawCommandsStart=25980928553, SwapBuffers=26042999095, FrameCompleted=26052225179, DequeueBufferDuration=10926875, QueueBufferDuration=745333, GpuCompleted=26052225179, SwapBuffersCompleted=26044812429, DisplayPresentTime=0, CommandSubmissionCompleted=26042999095,
06-20 13:36:19.219 1423 1423 E hq : USBReceiver:::USBReceiver onReceive: action=android.intent.action.MEDIA_MOUNTED
06-20 13:36:19.219 1423 1423 E hq : USBReceiver:::USBReceiver onReceive: action=android.intent.action.MEDIA_MOUNTED
06-20 13:36:19.272 1391 1781 W MediaProvider: isAppCloneUserPair for user 0: false
06-20 13:36:19.281 1423 1840 D View :
06-20 13:36:19.282 1423 1840 D View :
06-20 13:36:19.282 1423 1840 D View :
06-20 13:36:19.283 1423 1840 D View :
06-20 13:36:19.283 1423 1840 D View :
06-20 13:36:19.284 1423 1840 D View :
06-20 13:36:19.287 1391 1781 W MediaProvider: isAppCloneUserPair for user 0: false
06-20 13:36:19.296 1423 1840 D View :
06-20 13:36:19.300 1423 1840 D View :
06-20 13:36:19.301 1423 1840 D View :
06-20 13:36:19.302 1423 1840 D View :
06-20 13:36:19.304 1391 1781 W MediaProvider: isAppCloneUserPair for user 0: false
06-20 13:36:19.357 0 0 W : [3 T1844 ..] [aml_recv_netlink 1147] kernel rcv msg type: 0, pid: 1844, len: 24, flag: 1, seq: 0
06-20 13:36:19.357 0 0 W : [3 T1844 ..] [aml_recv_netlink 1148] receive data from user process: 
06-20 13:36:19.357 0 0 W : [3 T1844 ..] [aml_recv_netlink 1155] user space process (pid: 1844) start recv fw log !!!!
06-20 13:36:19.364 0 0 W : [3 T1844 ..] [aml_recv_netlink 1147] kernel rcv msg type: 0, pid: 1844, len: 24, flag: 1, seq: 0
06-20 13:36:19.364 0 0 W : [3 T1844 ..] [aml_recv_netlink 1148] receive data from user process: 
06-20 13:36:19.364 0 0 W : [3 T1844 ..] [aml_recv_netlink 1163] unknown msg (0xff06) from user space process (pid: 1844), ignore !!!!
06-20 13:36:19.307 1423 1840 D View :
06-20 13:36:19.308 1423 1840 D View :
06-20 13:36:19.309 1423 1837 D TheRouter::RouterInject: interception::===interface com.dangbei.leard.protocol.down.DownProtocol===DownProtocolProxy213094887
06-20 13:36:19.313 1423 1837 D TheRouter::RouterInject: interception::===interface com.dangbei.leard.protocol.install.IInstallProtocol===InstallAppManagerInterface18703747
06-20 13:36:19.315 1423 1617 E FactoryResetOperateImpl: isFirstBoot 1
06-20 13:36:19.315 1423 1617 E FactoryResetOperateImpl: isFirstBoot 1
06-20 13:36:19.322 1423 1840 D View :
06-20 13:36:19.323 1423 1840 D View :
06-20 13:36:19.324 1423 1840 D View :
06-20 13:36:19.331 1423 1856 W ContextImpl: Calling a method in the system process without a qualified user: android.app.ContextImpl.bindService:1988 android.content.ContextWrapper.bindService:861 be.b.h:57 be.b$c.call:3 de.c$a.run:5
06-20 13:36:19.332 685 1069 D CompatibilityChangeReporter: Compat change id reported: 261072174; UID 1000; state: DISABLED
06-20 13:36:19.334 1423 1840 D View :
06-20 13:36:19.335 1423 1840 D View :
06-20 13:36:19.335 1423 1845 E hq : LookupControler:::startLookupControllerTimer
06-20 13:36:19.336 1407 1721 E ccc : cccccc etnaService addListener com.dangbei.lerad.etna.aidl.IEtnaAidlListener$Stub$Proxy@3093c9c com.dangbei.leard.leradlauncher
06-20 13:36:19.336 1423 1423 E hq : Etna:::etnaClient connectState=true
06-20 13:36:19.337 1423 1423 E getHdmiStatus: sourceInputStatus=null mEtnaAdapter=com.dangbei.launcher.etna.EtnaAdapter@68e373a
06-20 13:36:19.339 1423 1840 D View :
06-20 13:36:19.342 1423 1840 D View :
06-20 13:36:19.343 1423 1840 D View :
06-20 13:36:19.345 1423 1840 D View :
06-20 13:36:19.346 1423 1840 D View :
06-20 13:36:19.346 1423 1840 D View :
06-20 13:36:19.347 1423 1840 D View :
06-20 13:36:19.347 1423 1840 D View :
06-20 13:36:19.350 1423 1840 D View :
06-20 13:36:19.351 1456 1456 D aaa : net is disconnect
06-20 13:36:19.354 1423 1840 D View :
06-20 13:36:19.355 1423 1840 D View :
06-20 13:36:19.355 1423 1840 D View :
06-20 13:36:19.356 1423 1840 D View :
06-20 13:36:19.356 1423 1840 D View :
06-20 13:36:19.357 1423 1840 D View :
06-20 13:36:19.357 1423 1840 D View :
06-20 13:36:19.358 1423 1840 D View :
06-20 13:36:19.358 1423 1840 D View :
06-20 13:36:19.361 1391 1781 W MediaProvider: isAppCloneUserPair for user 0: false
06-20 13:36:19.367 1391 1781 W MediaProvider: isAppCloneUserPair for user 0: false
06-20 13:36:19.369 1732 1732 W ContextImpl: Calling a method in the system process without a qualified user: android.app.ContextImpl.startService:1899 android.content.ContextWrapper.startService:825 com.dangbei.phrike.core.DownloadManager.register:294 com.dangbei.component_appcontrol.phrike.XPhrikeAppCreator.register:47 com.dangbei.component_appcontrol.AppControlComponent.onAttached:65
06-20 13:36:19.370 1423 1840 D View :
06-20 13:36:19.370 1423 1840 D View :
06-20 13:36:19.391 1391 1781 W MediaProvider: isAppCloneUserPair for user 0: false
06-20 13:36:19.397 1423 1840 D View :
06-20 13:36:19.399 1423 1840 D View :
06-20 13:36:19.399 1423 1840 D View :
06-20 13:36:19.400 1423 1840 D View :
06-20 13:36:19.400 1423 1840 D View :
06-20 13:36:19.403 1423 1840 D View :
06-20 13:36:19.403 1423 1840 D View :
06-20 13:36:19.404 1423 1840 D View :
06-20 13:36:19.404 1423 1840 D View :
06-20 13:36:19.405 1423 1840 D View :
06-20 13:36:19.405 1423 1840 D View :
06-20 13:36:19.407 1423 1840 D View :
06-20 13:36:19.408 1423 1840 D View :
06-20 13:36:19.409 1423 1840 D View :
06-20 13:36:19.421 1732 1732 I RockyManager: initSDKDelegate:
06-20 13:36:19.432 1423 1840 D View :
06-20 13:36:19.433 1423 1840 D View :
06-20 13:36:19.433 1423 1840 D View :
06-20 13:36:19.434 1423 1840 D View :
06-20 13:36:19.435 1423 1840 D View :
06-20 13:36:19.436 1423 1840 D View :
06-20 13:36:19.436 1423 1840 D View :
06-20 13:36:19.437 1423 1840 D View :
06-20 13:36:19.437 1423 1840 D View :
06-20 13:36:19.438 1423 1840 D View :
06-20 13:36:19.438 1423 1840 D View :
06-20 13:36:19.441 1423 1840 D View :
06-20 13:36:19.443 1423 1840 D View :
06-20 13:36:19.444 1423 1840 D View :
06-20 13:36:19.445 1423 1840 D View :
06-20 13:36:19.445 1423 1840 D View :
06-20 13:36:19.446 1423 1840 D View :
06-20 13:36:19.446 1423 1840 D View :
06-20 13:36:19.447 1423 1840 D View :
06-20 13:36:19.448 1423 1840 D View :
06-20 13:36:19.451 1423 1840 D View :
06-20 13:36:19.451 1423 1840 D View :
06-20 13:36:19.452 1423 1840 D View :
06-20 13:36:19.452 1423 1840 D View :
06-20 13:36:19.458 1423 1840 D View :
06-20 13:36:19.458 1423 1840 D View :
06-20 13:36:19.459 1423 1840 D View :
06-20 13:36:19.467 1423 1840 D View :
06-20 13:36:19.468 1423 1840 D View :
06-20 13:36:19.468 1423 1840 D View :
06-20 13:36:19.469 1423 1840 D View :
06-20 13:36:19.469 1423 1840 D View :
06-20 13:36:19.470 1423 1840 D View :
06-20 13:36:19.470 1423 1840 D View :
06-20 13:36:19.471 1423 1840 D View :
06-20 13:36:19.471 1423 1840 D View :
06-20 13:36:19.472 1423 1840 D View :
06-20 13:36:19.472 1423 1840 D View :
06-20 13:36:19.473 1423 1840 D View :
06-20 13:36:19.473 1423 1840 D View :
06-20 13:36:19.474 1423 1840 D View :
06-20 13:36:19.474 1423 1840 D View :
06-20 13:36:19.474 1423 1840 D View :
06-20 13:36:19.475 1423 1840 D View :
06-20 13:36:19.476 1423 1840 D View :
06-20 13:36:19.477 1423 1840 D View :
06-20 13:36:19.477 1423 1840 D View :
06-20 13:36:19.478 1423 1840 D View :
06-20 13:36:19.479 1423 1840 D View :
06-20 13:36:19.479 1423 1840 D View :
06-20 13:36:19.480 1423 1840 D View :
06-20 13:36:19.480 1423 1840 D View :
06-20 13:36:19.481 1423 1840 D View :
06-20 13:36:19.481 1423 1840 D View :
06-20 13:36:19.482 1423 1840 D View :
06-20 13:36:19.482 1423 1840 D View :
06-20 13:36:19.483 1423 1840 D View :
06-20 13:36:19.483 1423 1840 D View :
06-20 13:36:19.484 1423 1840 D View :
06-20 13:36:19.484 1423 1840 D View :
06-20 13:36:19.485 1423 1840 D View :
06-20 13:36:19.485 1423 1840 D View :
06-20 13:36:19.486 1423 1840 D View :
06-20 13:36:19.486 1423 1840 D View :
06-20 13:36:19.486 1799 1799 V GraphicsEnvironment: Currently set values for:
06-20 13:36:19.531 0 0 W : [2 T1041 ..] [aml_rx_sm_connect_ind 1282] vif_idx:0, status_code:0, sta_idx:0,center_freq:5785, center_freq1:5775, roamed:0, mac:c8:bf:4c:1d:7a:9b
06-20 13:36:19.531 0 0 W : [2 T1041 ..] set_scan_hang, flag:0, [aml_rx_sm_connect_ind 1283]
06-20 13:36:19.533 0 0 W : [2 T1041 ..] [aml_chanctx_link 658] vif index:0 ch idx:0
06-20 13:36:19.533 0 0 W : [2 T1041 ..] [aml_chanctx_link 668] band:1, bw:3 cfreq:5785, cfreq1:5775, cfreq2:0
06-20 13:36:19.534 0 0 W : [2 T1041 ..] [aml_rx_sm_connect_ind 1439] ssid:red5G, bss_freq:5785
06-20 13:36:19.536 0 0 W : [2 T1041 ..] [aml_rx_sm_connect_ind_ex 1198] freq[5785 5775 0], bw:BW_80 max_mcs:11 format_mode:HE_SU no_ss:2ss short_gi:1
06-20 13:36:19.486 1423 1840 D View :
06-20 13:36:19.487 1799 1799 V GraphicsEnvironment: angle_gl_driver_selection_pkgs=[]
06-20 13:36:19.487 1799 1799 V GraphicsEnvironment: angle_gl_driver_selection_values=[]
06-20 13:36:19.487 1423 1840 D View :
06-20 13:36:19.487 1423 1840 D View :
06-20 13:36:19.488 1423 1840 D View :
06-20 13:36:19.489 1799 1799 V GraphicsEnvironment: ANGLE GameManagerService for com.android.permissioncontroller: false
06-20 13:36:19.489 1799 1799 V GraphicsEnvironment: com.android.permissioncontroller is not listed in per-application setting
06-20 13:36:19.489 1799 1799 V GraphicsEnvironment: Neither updatable production driver nor prerelease driver is supported.
06-20 13:36:19.495 1423 1840 D View :
06-20 13:36:19.496 1423 1840 D View :
06-20 13:36:19.496 1423 1840 D View :
06-20 13:36:19.497 1423 1840 D View :
06-20 13:36:19.497 1423 1840 D View :
06-20 13:36:19.498 1423 1840 D View :
06-20 13:36:19.498 1423 1840 D View :
06-20 13:36:19.499 1423 1840 D View :
06-20 13:36:19.500 1423 1840 D View :
06-20 13:36:19.500 1423 1840 D View :
06-20 13:36:19.501 1423 1840 D View :
06-20 13:36:19.501 1423 1840 D View :
06-20 13:36:19.502 1423 1840 D View :
06-20 13:36:19.502 1423 1840 D View :
06-20 13:36:19.503 1423 1840 D View :
06-20 13:36:19.508 1423 1840 D View :
06-20 13:36:19.512 1423 1840 D View :
06-20 13:36:19.513 1423 1840 D View :
06-20 13:36:19.513 1423 1840 D View :
06-20 13:36:19.514 1423 1840 D View :
06-20 13:36:19.515 1423 1840 D View :
06-20 13:36:19.515 1423 1840 D View :
06-20 13:36:19.516 1423 1840 D View :
06-20 13:36:19.517 1423 1840 D View :
06-20 13:36:19.530 1127 1127 I wpa_supplicant: assoc key_mgmt 0x2 network key_mgmt 0x142
06-20 13:36:19.531 1127 1127 I wpa_supplicant: wlan0: Associated with c8:bf:4c:1d:7a:9b
06-20 13:36:19.531 1127 1127 I wpa_supplicant: wlan0: CTRL-EVENT-SUBNET-STATUS-UPDATE status=0
06-20 13:36:19.535 965 1058 I Tethering: adding IpServer for: wlan0
06-20 13:36:19.568 1423 1840 D View :
06-20 13:36:19.569 1423 1840 D View :
06-20 13:36:19.569 1423 1840 D View :
06-20 13:36:19.569 1423 1840 D View :
06-20 13:36:19.570 1423 1840 D View :
06-20 13:36:19.570 1423 1840 D View :
06-20 13:36:19.570 1423 1840 D View :
06-20 13:36:19.571 1423 1840 D View :
06-20 13:36:19.571 1423 1840 D View :
06-20 13:36:19.571 1423 1840 D View :
06-20 13:36:19.575 1423 1840 D View :
06-20 13:36:19.577 1423 1423 I dangbei ad sdk: AdSplashView::show offline ad
06-20 13:36:19.578 1799 1867 I carui : CarUi plugin is disabled
06-20 13:36:19.578 1423 1840 D View :
06-20 13:36:19.579 1423 1840 D View :
06-20 13:36:19.579 1423 1840 D View :
06-20 13:36:19.580 1423 1840 D View :
06-20 13:36:19.580 1423 1840 D View :
06-20 13:36:19.585 1423 1840 D View :
06-20 13:36:19.586 1423 1840 D View :
06-20 13:36:19.609 0 0 I [3 T1 ..] selinux: SELinux: Skipping restorecon on directory(/data/misc_ce/0/apexdata/com.android.wifi)
06-20 13:36:19.636 0 0 W : [3 T1046 ..] [SP FRAME RX] eapol,vif_idx:0
06-20 13:36:19.637 0 0 W [0 T1127 ..] aml_select_txq: set eap frame to vo
06-20 13:36:19.637 0 0 W : [0 T1127 ..] [SP FRAME TX] eapol,vif_idx:0
06-20 13:36:19.586 1423 1840 D View :
06-20 13:36:19.641 0 0 W : [3 T1046 ..] [SP FRAME RX] eapol,vif_idx:0
06-20 13:36:19.641 0 0 W [1 T1127 ..] aml_select_txq: set eap frame to vo
06-20 13:36:19.641 0 0 W : [1 T1127 ..] [SP FRAME TX] eapol,vif_idx:0
06-20 13:36:19.643 0 0 W : [1 T1127 ..] [aml_cfg80211_add_key 1907] vif_idx:0 add PTK for index:0,sta_idx:0
06-20 13:36:19.643 0 0 W : [1 T1127 ..] >>> aml_send_key_add()
06-20 13:36:19.647 0 0 W [1 T1127 ..] aml_send_key_add: sta_idx:0 key_idx:0 inst_nbr:0 cipher:2 key_len:16
06-20 13:36:19.648 0 0 W : [1 T1127 ..] >>> aml_send_msg()
06-20 13:36:19.660 0 0 I : [1 T63 ..] [TEE] E/TC:? 00 tee_rpmb_verify_key_sync_counter:1008 Verify key returning 0xffff0008
06-20 13:36:19.662 0 0 I : [1 T63 ..] [TEE] E/TC:? 00 tee_mkl_status:195 tee_mkl_status bad state, status = 0x0
06-20 13:36:19.662 0 0 I : [1 T63 ..] [TEE] E/TC:? 00 tee_provision_get_pfpk_enc:351 PFPK key table bad status, res = 0xffff0007
06-20 13:36:19.664 0 0 I : [1 T63 ..] [TEE] E/TA: read_pfid_from_property:765 [PROVISION-TA] PFID is not provisioned
06-20 13:36:19.665 0 0 I : [1 T63 ..] [TEE] E/TA: pfid_query:877 [PROVISION-TA] pfid_query read pfid property error, return 0xFFFF0008
06-20 13:36:19.666 0 0 I : [1 T63 ..] [TEE] E/TC:? 00 tee_rpmb_verify_key_sync_counter:1008 Verify key returning 0xffff0008
06-20 13:36:19.670 0 0 I : [1 T63 ..] [TEE] E/TC:? 00 tee_mkl_status:195 tee_mkl_status bad state, status = 0x0
06-20 13:36:19.670 0 0 I : [1 T63 ..] [TEE] E/TC:? 00 tee_provision_get_pfpk_enc:351 PFPK key table bad status, res = 0xffff0007
06-20 13:36:19.671 0 0 W : [2 T1041 ..] ipc_sdio_host_msgack_handler 0000000017ba15b7
06-20 13:36:19.672 0 0 I : [1 T63 ..] [TEE] E/TC:? 00 tee_mkl_status:195 tee_mkl_status bad state, status = 0x0
06-20 13:36:19.672 0 0 I : [1 T63 ..] [TEE] E/TC:? 00 tee_provision_get_pfpk_enc:351 PFPK key table bad status, res = 0xffff0007
06-20 13:36:19.673 0 0 W : [2 T1041 ..] [aml_msgackind 2039] msg ack hostid=0xffffff806b0c1880
06-20 13:36:19.673 0 0 W : [2 T1041 ..] [cmd_mgr_llind 329] cmd tkn[23] flags:001a result: -4 cmd: 36-MM_KEY_ADD_REQ - reqcfm( 37-MM_KEY_ADD_CFM)
06-20 13:36:19.587 1423 1840 D View :
06-20 13:36:19.678 0 0 W : [2 T1041 ..] [cmd_mgr_msgind 409] cmd tkn[23] flags:0012 result: -4 cmd: 36-MM_KEY_ADD_REQ - reqcfm( 37-MM_KEY_ADD_CFM)
06-20 13:36:19.679 0 0 W : [2 T1041 ..] [cmd_complete 65] cmd tkn[23] flags:0002 result: -4 cmd: 36-MM_KEY_ADD_REQ - reqcfm( 37-MM_KEY_ADD_CFM)
06-20 13:36:19.587 1423 1840 D View :
06-20 13:36:19.588 1423 1840 D View :
06-20 13:36:19.592 1423 1840 D View :
06-20 13:36:19.593 1423 1840 D View :
06-20 13:36:19.593 1423 1840 D View :
06-20 13:36:19.594 1423 1840 D View :
06-20 13:36:19.596 1423 1423 E hq : AdHelper:::notFetchAd: main
06-20 13:36:19.596 1423 1840 D View :
06-20 13:36:19.596 1423 1423 E hq : AdHelper:::onComplete:main
06-20 13:36:19.596 1423 1423 E hq : AdHelper:::adFinish: com.dangbei.launcher.home.callback.LauncherCallback$onAttach$1$1@d46c1a1
06-20 13:36:19.596 1423 1840 D View :
06-20 13:36:19.597 1423 1840 D View :
06-20 13:36:19.597 1423 1423 E hq : LauncherCallback:::onDetach
06-20 13:36:19.597 1423 1423 E hq : AdHelper:::handleFinishAd: true
06-20 13:36:19.598 1423 1840 D View :
06-20 13:36:19.598 1423 1840 D View :
06-20 13:36:19.598 1423 1840 D View :
06-20 13:36:19.599 1423 1840 D View :
06-20 13:36:19.601 1423 1423 E DangXiaoBeiManager: setMessageList: false
06-20 13:36:19.602 1423 1423 E hq : 当小贝:::显示消息type=SIMPLE_TEXT ,data.isShowInCur=false ,delay=60000 ,message.mandatoryMessage=null , message=null
06-20 13:36:19.690 0 0 W : [0 T1127 ..] [aml_cfg80211_add_key 1907] vif_idx:0 add GTK for index:1,sta_idx:255
06-20 13:36:19.690 0 0 W : [0 T1127 ..] >>> aml_send_key_add()
06-20 13:36:19.691 0 0 I : [1 T63 ..] [TEE] E/TA: get_pfpk_enc:786 [PROVISION-TA] TEE_Provision_Get_PFPK_ENC() failed, return 0xFFFF0007
06-20 13:36:19.691 0 0 W [0 T1127 ..] aml_send_key_add: sta_idx:255 key_idx:1 inst_nbr:0 cipher:1 key_len:32
06-20 13:36:19.691 0 0 I : [1 T63 ..] [TEE] E/TA: pfpk_query:851 [PROVISION-TA] get_pfpk_enc return 0xFFFF0007
06-20 13:36:19.693 0 0 W : [0 T1127 ..] >>> aml_send_msg()
06-20 13:36:19.696 0 0 W : [2 T1041 ..] ipc_sdio_host_msgack_handler 00000000aa92f455
06-20 13:36:19.696 0 0 W : [2 T1041 ..] [aml_msgackind 2039] msg ack hostid=0xffffff805c1b1a80
06-20 13:36:19.697 0 0 W : [2 T1041 ..] [cmd_mgr_llind 329] cmd tkn[24] flags:001a result: -4 cmd: 36-MM_KEY_ADD_REQ - reqcfm( 37-MM_KEY_ADD_CFM)
06-20 13:36:19.699 0 0 W : [2 T1041 ..] [cmd_mgr_msgind 409] cmd tkn[24] flags:0012 result: -4 cmd: 36-MM_KEY_ADD_REQ - reqcfm( 37-MM_KEY_ADD_CFM)
06-20 13:36:19.701 0 0 W : [2 T1041 ..] [cmd_complete 65] cmd tkn[24] flags:0002 result: -4 cmd: 36-MM_KEY_ADD_REQ - reqcfm( 37-MM_KEY_ADD_CFM)
06-20 13:36:19.704 0 0 W : [1 T1127 ..] >>> aml_send_me_set_control_port_req()
06-20 13:36:19.705 0 0 W : [1 T1127 ..] >>> aml_send_msg()
06-20 13:36:19.706 0 0 W : [2 T1041 ..] ipc_sdio_host_msgack_handler 00000000d99c0d90
06-20 13:36:19.706 0 0 W : [2 T1041 ..] [aml_msgackind 2039] msg ack hostid=0xffffff8031cbfc80
06-20 13:36:19.707 0 0 W : [2 T1041 ..] [cmd_mgr_llind 329] cmd tkn[25] flags:001a result: -4 cmd:5124-ME_SET_CONTROL_PORT_REQ - reqcfm(5125-ME_SET_CONTROL_PORT_CFM)
06-20 13:36:19.709 0 0 W : [2 T1041 ..] [cmd_mgr_msgind 409] cmd tkn[25] flags:0012 result: -4 cmd:5124-ME_SET_CONTROL_PORT_REQ - reqcfm(5125-ME_SET_CONTROL_PORT_CFM)
06-20 13:36:19.711 0 0 W : [2 T1041 ..] [cmd_complete 65] cmd tkn[25] flags:0002 result: -4 cmd:5124-ME_SET_CONTROL_PORT_REQ - reqcfm(5125-ME_SET_CONTROL_PORT_CFM)
06-20 13:36:19.688 1871 1871 I init : type=1400 audit(0.0:742): avc: denied { execute_no_trans } for path="/vendor/bin/led_switch.sh" dev="dm-1" ino=2941952 scontext=u:r:init:s0 tcontext=u:object_r:vendor_file:s0 tclass=file permissive=1
06-20 13:36:19.717 0 0 W : [0 T1127 ..] >>> aml_send_msg()
06-20 13:36:19.725 0 0 W : [2 T1041 ..] ipc_sdio_host_msgack_handler 00000000c1578135
06-20 13:36:19.725 0 0 W : [2 T1041 ..] [aml_msgackind 2039] msg ack hostid=0xffffff805c1b1b00
06-20 13:36:19.726 0 0 W : [2 T1041 ..] [cmd_mgr_llind 329] cmd tkn[26] flags:0008 result: -4 cmd: 105-MM_SUB_SET_REKEY_DATA - reqcfm( 0-none)
06-20 13:36:19.727 0 0 W : [2 T1041 ..] [cmd_complete 65] cmd tkn[26] flags:0000 result: -4 cmd: 105-MM_SUB_SET_REKEY_DATA - reqcfm( 0-none)
06-20 13:36:19.739 0 0 I [1 T319 ..] apexd: Deleting unused dm device com.amlogic.mediaextractor
06-20 13:36:19.602 1423 1423 E hq : 当小贝:::当前显示了消息,不显示新消息
06-20 13:36:19.607 1423 1423 D OsInitLaunch: send cache: launchAd, playAd, complete, null
06-20 13:36:19.610 1423 1840 D View :
06-20 13:36:19.757 0 0 E [3 T319 ..] apexd: Didn't generate uevent for [com.amlogic.mediaextractor] removal
06-20 13:36:19.611 1423 1840 D View :
06-20 13:36:19.611 1423 1840 D View :
06-20 13:36:19.612 1423 1840 D View :
06-20 13:36:19.612 1423 1840 D View :
06-20 13:36:19.612 1423 1840 D View :
06-20 13:36:19.612 1423 1840 D View :
06-20 13:36:19.613 1423 1840 D View :
06-20 13:36:19.613 1423 1840 D View :
06-20 13:36:19.616 1423 1840 D View :
06-20 13:36:19.616 1423 1840 D View :
06-20 13:36:19.617 1423 1840 D View :
06-20 13:36:19.757 0 0 W [3 T319 ..] apexd: Failed to delete dm-device com.amlogic.mediaextractor
06-20 13:36:19.758 0 0 I [3 T319 ..] apexd: Deleting unused dm device com.android.apex.cts.shim
06-20 13:36:19.763 0 0 E [1 T319 ..] apexd: Didn't generate uevent for [com.android.apex.cts.shim] removal
06-20 13:36:19.763 0 0 W [1 T319 ..] apexd: Failed to delete dm-device com.android.apex.cts.shim
06-20 13:36:19.765 0 0 I [1 T319 ..] apexd: Deleting unused dm device com.android.btservices
06-20 13:36:19.773 0 0 E [2 T319 ..] apexd: Didn't generate uevent for [com.android.btservices] removal
06-20 13:36:19.773 0 0 W [2 T319 ..] apexd: Failed to delete dm-device com.android.btservices
06-20 13:36:19.624 1127 1127 I wpa_supplicant: wlan0: WPA: RX message 1 of 4-Way Handshake from c8:bf:4c:1d:7a:9b (ver=2)
06-20 13:36:19.624 1127 1127 I wpa_supplicant: assoc key_mgmt 0x2 network key_mgmt 0x142
06-20 13:36:19.625 1127 1127 I wpa_supplicant: wlan0: WPA: Sending EAPOL-Key 2/4
06-20 13:36:19.629 1127 1127 I wpa_supplicant: wlan0: RSN: RX message 3 of 4-Way Handshake from c8:bf:4c:1d:7a:9b (ver=2)
06-20 13:36:19.629 1127 1127 I wpa_supplicant: wlan0: WPA: Sending EAPOL-Key 4/4
06-20 13:36:19.629 1423 1840 D View :
06-20 13:36:19.630 1423 1840 D View :
06-20 13:36:19.669 1127 1127 I wpa_supplicant: assoc key_mgmt 0x2 network key_mgmt 0x142
06-20 13:36:19.677 1391 1781 I MediaProvider: Scanned external_primary due to REASON_MOUNTED, found 50 items in 660ms, 6 inserts 4 updates 0 deletes
06-20 13:36:19.690 1127 1127 I wpa_supplicant: wlan0: WPA: Key negotiation completed with c8:bf:4c:1d:7a:9b [PTK=CCMP GTK=TKIP]
06-20 13:36:19.691 1127 1127 I wpa_supplicant: wlan0: CTRL-EVENT-CONNECTED - Connection to c8:bf:4c:1d:7a:9b completed [id=0 id_str=%7B%22configKey%22%3A%22%5C%22red5G%5C%22WPA_PSK%22%2C%22creatorUid%22%3A%2210029%22%7D]
06-20 13:36:19.691 1127 1127 I wpa_supplicant: assoc key_mgmt 0x2 network key_mgmt 0x142
06-20 13:36:19.742 1865 1865 D XM_HIDREAD: hidread running 0429 d06.
06-20 13:36:19.745 1865 1865 D XM_HIDREAD: addr_len_t:26,addr_len:26
06-20 13:36:19.745 1865 1865 D XM_HIDREAD: server_socket:5
06-20 13:36:19.745 1865 1865 D XM_HIDREAD: pthread_join listen_thread before
06-20 13:36:19.750 1423 1840 D hq : NetWorkStateReceiver:::检查网络,并且持续更新 isConnect=false
06-20 13:36:19.752 1865 1879 D XM_HIDREAD: listener_thread has start 5.
06-20 13:36:19.752 1865 1879 D XM_HIDREAD: accept before.
06-20 13:36:19.760 1865 1878 D XM_HIDREAD: >> start monitor uevent ...
06-20 13:36:19.756 1865 1865 I xm_hidread: type=1400 audit(0.0:743): avc: denied { create } for scontext=u:r:init:s0 tcontext=u:r:init:s0 tclass=netlink_kobject_uevent_socket permissive=1
06-20 13:36:19.756 1865 1865 I xm_hidread: type=1400 audit(0.0:744): avc: denied { setopt } for scontext=u:r:init:s0 tcontext=u:r:init:s0 tclass=netlink_kobject_uevent_socket permissive=1
06-20 13:36:19.756 1865 1865 I xm_hidread: type=1400 audit(0.0:745): avc: denied { bind } for scontext=u:r:init:s0 tcontext=u:r:init:s0 tclass=netlink_kobject_uevent_socket permissive=1
06-20 13:36:19.760 1865 1865 I xm_hidread: type=1400 audit(0.0:746): avc: denied { read } for scontext=u:r:init:s0 tcontext=u:r:init:s0 tclass=netlink_kobject_uevent_socket permissive=1
06-20 13:36:19.920 1423 1848 E hq : ErrorCoroutineExceptionHandler:::runTry error:java.net.UnknownHostException: Unable to resolve host "ottdbui-tyapiqun7.yysh.mgtv.com": No address associated with hostname from=requestUserAgreement
06-20 13:36:19.923 1423 1848 E UserProtocolInterceptorImpl: isAgree: 20210615 20210615 true
06-20 13:36:19.925 1423 1848 E UserProtocolInterceptorImpl: version===>0
06-20 13:36:19.944 685 1187 D BufferPoolAccessor2.0: bufferpool2 0xb89ecde8 : 0(0 size) total buffers - 0(0 size) used buffers - 1/7 (recycle/alloc) - 6/26 (fetch/transfer)
06-20 13:36:19.944 685 1187 D BufferPoolAccessor2.0: bufferpool2 0xb89d6dc8 : 0(0 size) total buffers - 0(0 size) used buffers - 2/7 (recycle/alloc) - 5/24 (fetch/transfer)
06-20 13:36:19.944 685 1187 D BufferPoolAccessor2.0: bufferpool2 0xb89ca6a8 : 0(0 size) total buffers - 0(0 size) used buffers - 1/7 (recycle/alloc) - 6/24 (fetch/transfer)
06-20 13:36:19.944 685 1187 D BufferPoolAccessor2.0: bufferpool2 0xb89eefa8 : 0(0 size) total buffers - 0(0 size) used buffers - 2/7 (recycle/alloc) - 5/34 (fetch/transfer)
06-20 13:36:19.944 685 1187 D BufferPoolAccessor2.0: bufferpool2 0xb89cf568 : 0(0 size) total buffers - 0(0 size) used buffers - 2/7 (recycle/alloc) - 9/34 (fetch/transfer)
06-20 13:36:19.944 685 1187 D BufferPoolAccessor2.0: evictor expired: 5, evicted: 5
06-20 13:36:19.948 581 942 D BufferPoolAccessor2.0: bufferpool2 0xe9d03868 : 0(0 size) total buffers - 0(0 size) used buffers - 7/11 (recycle/alloc) - 4/10 (fetch/transfer)
06-20 13:36:19.948 581 942 D BufferPoolAccessor2.0: bufferpool2 0xe9d01108 : 0(0 size) total buffers - 0(0 size) used buffers - 10/15 (recycle/alloc) - 7/14 (fetch/transfer)
06-20 13:36:19.948 581 942 D BufferPoolAccessor2.0: bufferpool2 0xe9d016a8 : 0(0 size) total buffers - 0(0 size) used buffers - 7/10 (recycle/alloc) - 3/9 (fetch/transfer)
06-20 13:36:19.948 581 942 D BufferPoolAccessor2.0: bufferpool2 0xe9d02668 : 0(0 size) total buffers - 0(0 size) used buffers - 8/10 (recycle/alloc) - 2/9 (fetch/transfer)
06-20 13:36:19.948 581 942 D BufferPoolAccessor2.0: bufferpool2 0xe9d021e8 : 0(0 size) total buffers - 0(0 size) used buffers - 13/15 (recycle/alloc) - 2/14 (fetch/transfer)
06-20 13:36:19.948 581 942 D BufferPoolAccessor2.0: evictor expired: 5, evicted: 5
06-20 13:36:20.090 1423 1423 E hq : CrashHandler:::图片加载异常 message=Failed to load resource
06-20 13:36:20.090 1423 1423 E hq : model=
06-20 13:36:20.090 1423 1423 E hq : target=Target for: com.dangbei.palaemon.layout.DBImageView{f72f8a3 V.ED..... ........ 0,0-410,580}
06-20 13:36:20.095 1732 1732 I AiuiEngine: create aiui agent
06-20 13:36:20.095 1732 1732 D RockyVoice_AiUiDelegate: 初始化成功
06-20 13:36:20.096 1732 1732 D RockyNetMessageUtil: initTipsList tipEntity = null isRequestTipSuccess = false
06-20 13:36:20.115 0 0 W [2 T1912 ..] audit: audit_lost=47 audit_rate_limit=5 audit_backlog_limit=64
06-20 13:36:20.116 0 0 E [2 T1912 ..] audit: rate limit exceeded
06-20 13:36:20.118 0 0 E [0 T216 ..] SELinux: avc: denied { find } for pid=1912 uid=0 name=settings scontext=u:r:init:s0 tcontext=u:object_r:settings_service:s0 tclass=service_manager permissive=1
06-20 13:36:20.159 1732 1732 D RockyNetMessageUtil: initMediaControlPage pageEntity = null isRequestPageControlSuccess = false
06-20 13:36:20.184 1732 1922 D XHttpObservable: handleRequest: start https://tyapi.qun7.com/v1/voice/getsoundshowmsg ,,, isCache = false
06-20 13:36:20.187 1732 1797 D CompatibilityChangeReporter: Compat change id reported: 263076149; UID 1000; state: DISABLED
06-20 13:36:20.202 1732 1797 W System.err: java.lang.NoSuchMethodException: android.bluetooth.IBluetooth$Stub$Proxy.getAddress []
06-20 13:36:20.202 1732 1797 W System.err: at java.lang.Class.getMethod(Class.java:2937)
06-20 13:36:20.202 1732 1797 W System.err: at java.lang.Class.getMethod(Class.java:2449)
06-20 13:36:20.202 1732 1797 W System.err: at com.dangbei.statistics.UtilCommon.getBluetoothAddressSdk23(UtilCommon.java:363)
06-20 13:36:20.202 1732 1797 W System.err: at com.dangbei.statistics.UtilCommon.getBluetoothAddress(UtilCommon.java:333)
06-20 13:36:20.202 1732 1797 W System.err: at com.dangbei.statistics.HttpBasicParamsInterceptor.lambda$create$26(HttpBasicParamsInterceptor.java:105)
06-20 13:36:20.202 1732 1797 W System.err: at com.dangbei.statistics.-$$Lambda$HttpBasicParamsInterceptor$rmVfygJIBySIPZc0Bf7cpAPG2bY.call(Unknown Source:0)
06-20 13:36:20.202 1732 1797 W System.err: at com.dangbei.statistics.library.Helper.callBackSelf(Helper.java:9)
06-20 13:36:20.202 1732 1797 W System.err: at com.dangbei.statistics.HttpBasicParamsInterceptor.create(HttpBasicParamsInterceptor.java:105)
06-20 13:36:20.202 1732 1797 W System.err: at com.dangbei.statistics.HttpBasicParamsInterceptor.lambda$init$0(HttpBasicParamsInterceptor.java:40)
06-20 13:36:20.202 1732 1797 W System.err: at com.dangbei.statistics.-$$Lambda$HttpBasicParamsInterceptor$wo_01s0EQtjtRA0FDaKTO2uOKHM.accept(Unknown Source:2)
06-20 13:36:20.202 1732 1797 W System.err: at io.reactivex.internal.operators.single.SingleDoOnSuccess$DoOnSuccess.onSuccess(SingleDoOnSuccess.java:54)
06-20 13:36:20.202 1732 1797 W System.err: at io.reactivex.internal.operators.single.SingleObserveOn$ObserveOnSingleObserver.run(SingleObserveOn.java:81)
06-20 13:36:20.202 1732 1797 W System.err: at io.reactivex.Scheduler$DisposeTask.run(Scheduler.java:578)
06-20 13:36:20.202 1732 1797 W System.err: at io.reactivex.internal.schedulers.ScheduledRunnable.run(ScheduledRunnable.java:66)
