01-01 08:00:12.751 685 685 D CompatConfig: Adding: com.android.server.compat.config.Change@835cea7
01-01 08:00:12.751 685 685 D CompatConfig: Adding: com.android.server.compat.config.Change@a0f54
01-01 08:00:12.751 685 685 D CompatConfig: Adding: com.android.server.compat.config.Change@3ec4efd
01-01 08:00:12.751 685 685 D CompatConfig: Adding: com.android.server.compat.config.Change@5ce7f2
01-01 08:00:12.751 685 685 D CompatConfig: Adding: com.android.server.compat.config.Change@d66ae43
01-01 08:00:12.751 685 685 D CompatConfig: Adding: com.android.server.compat.config.Change@8a2ccc0
01-01 08:00:12.751 685 685 D CompatConfig: Adding: com.android.server.compat.config.Change@433ddf9
01-01 08:00:12.751 685 685 D CompatConfig: Adding: com.android.server.compat.config.Change@f4d913e
01-01 08:00:12.751 685 685 D CompatConfig: Adding: com.android.server.compat.config.Change@a3beb9f
01-01 08:00:12.751 685 685 D CompatConfig: Adding: com.android.server.compat.config.Change@947f4ec
01-01 08:00:12.751 685 685 D CompatConfig: Adding: com.android.server.compat.config.Change@acb60b5
01-01 08:00:12.751 685 685 D CompatConfig: Adding: com.android.server.compat.config.Change@10d834a
01-01 08:00:12.751 685 685 D CompatConfig: Adding: com.android.server.compat.config.Change@5fda2bb
01-01 08:00:12.751 685 685 D CompatConfig: Adding: com.android.server.compat.config.Change@c3573d8
01-01 08:00:12.751 685 685 D CompatConfig: Adding: com.android.server.compat.config.Change@d1e5331
01-01 08:00:12.751 685 685 D CompatConfig: Adding: com.android.server.compat.config.Change@c288a16
01-01 08:00:12.751 685 685 D CompatConfig: Adding: com.android.server.compat.config.Change@a59af97
01-01 08:00:12.751 685 685 D CompatConfig: Adding: com.android.server.compat.config.Change@179f584
01-01 08:00:12.751 685 685 D CompatConfig: Adding: com.android.server.compat.config.Change@1d3f16d
01-01 08:00:12.751 685 685 D CompatConfig: Adding: com.android.server.compat.config.Change@21b31a2
01-01 08:00:12.751 685 685 D CompatConfig: Adding: com.android.server.compat.config.Change@3ffae33
01-01 08:00:12.751 685 685 D CompatConfig: Adding: com.android.server.compat.config.Change@962e5f0
01-01 08:00:12.751 685 685 D CompatConfig: Adding: com.android.server.compat.config.Change@8cb3769
01-01 08:00:12.751 685 685 D CompatConfig: Adding: com.android.server.compat.config.Change@d9ec5ee
01-01 08:00:12.752 685 685 D CompatConfig: Adding: com.android.server.compat.config.Change@9a8711c
01-01 08:00:12.752 685 685 D CompatConfig: Adding: com.android.server.compat.config.Change@6d6e125
01-01 08:00:12.752 685 685 D CompatConfig: Adding: com.android.server.compat.config.Change@9b552fa
01-01 08:00:12.752 685 685 D CompatConfig: Adding: com.android.server.compat.config.Change@8d8b0ab
01-01 08:00:12.752 685 685 D CompatConfig: Adding: com.android.server.compat.config.Change@9598308
01-01 08:00:12.752 685 715 I SystemConfig: Reading permissions from /system/etc/permissions/android.test.runner.xml
01-01 08:00:12.752 685 685 D CompatConfig: Adding: com.android.server.compat.config.Change@1396aa1
01-01 08:00:12.752 685 685 D CompatConfig: Adding: com.android.server.compat.config.Change@d75a4c6
01-01 08:00:12.752 685 685 D CompatConfig: Adding: com.android.server.compat.config.Change@a6fac87
01-01 08:00:12.752 685 685 D CompatConfig: Adding: com.android.server.compat.config.Change@f87c7b4
01-01 08:00:12.752 685 685 D CompatConfig: Adding: com.android.server.compat.config.Change@4e10fdd
01-01 08:00:12.752 685 685 D CompatConfig: Adding: com.android.server.compat.config.Change@8974752
01-01 08:00:12.752 685 685 D CompatConfig: Adding: com.android.server.compat.config.Change@b908a23
01-01 08:00:12.752 685 685 D CompatConfig: Adding: com.android.server.compat.config.Change@b3ab20
01-01 08:00:12.752 685 685 D CompatConfig: Adding: com.android.server.compat.config.Change@563ccd9
01-01 08:00:12.752 685 685 D CompatConfig: Adding: com.android.server.compat.config.Change@cbe869e
01-01 08:00:12.752 685 685 D CompatConfig: Adding: com.android.server.compat.config.Change@657a57f
01-01 08:00:12.752 685 685 D CompatConfig: Adding: com.android.server.compat.config.Change@6f8594c
01-01 08:00:12.752 685 685 D CompatConfig: Adding: com.android.server.compat.config.Change@fbb5d95
01-01 08:00:12.752 685 685 D CompatConfig: Adding: com.android.server.compat.config.Change@f886eaa
01-01 08:00:12.752 685 685 D CompatConfig: Adding: com.android.server.compat.config.Change@4b1a9b
01-01 08:00:12.752 685 685 D CompatConfig: Adding: com.android.server.compat.config.Change@f7be38
01-01 08:00:12.752 685 685 D CompatConfig: Adding: com.android.server.compat.config.Change@cc13e11
01-01 08:00:12.752 685 685 D CompatConfig: Adding: com.android.server.compat.config.Change@156cb76
01-01 08:00:12.752 685 685 D CompatConfig: Adding: com.android.server.compat.config.Change@736c577
01-01 08:00:12.752 685 685 D CompatConfig: Adding: com.android.server.compat.config.Change@38685e4
01-01 08:00:12.752 685 685 D CompatConfig: Adding: com.android.server.compat.config.Change@f6aaa4d
01-01 08:00:12.752 685 685 D CompatConfig: Adding: com.android.server.compat.config.Change@4dc2902
01-01 08:00:12.752 685 685 D CompatConfig: Adding: com.android.server.compat.config.Change@fc84213
01-01 08:00:12.752 685 685 D CompatConfig: Adding: com.android.server.compat.config.Change@a181c50
01-01 08:00:12.752 685 685 D CompatConfig: Adding: com.android.server.compat.config.Change@ac49e49
01-01 08:00:12.752 685 685 D CompatConfig: Adding: com.android.server.compat.config.Change@367d34e
01-01 08:00:12.753 685 715 I SystemConfig: Reading permissions from /system/etc/permissions/com.android.adservices.sdksandbox.xml
01-01 08:00:12.754 685 685 D CompatConfig: Found a config file: /system/etc/compatconfig/icu4j-platform-compat-config.xml
01-01 08:00:12.754 685 685 D CompatConfig: Adding: com.android.server.compat.config.Change@9f1d65a
01-01 08:00:12.754 685 715 I SystemConfig: Reading permissions from /system/etc/permissions/com.android.future.usb.accessory.xml
01-01 08:00:12.755 685 685 D CompatConfig: Found a config file: /system/etc/compatconfig/services-platform-compat-config.xml
01-01 08:00:12.756 685 715 I SystemConfig: Reading permissions from /system/etc/permissions/com.android.intentresolver.xml
01-01 08:00:12.757 685 715 I SystemConfig: Reading permissions from /system/etc/permissions/com.android.location.provider.xml
01-01 08:00:12.758 685 715 I SystemConfig: Reading permissions from /system/etc/permissions/com.android.media.remotedisplay.xml
01-01 08:00:12.758 685 685 D CompatConfig: Adding: com.android.server.compat.config.Change@d2dfa67
01-01 08:00:12.758 685 685 D CompatConfig: Adding: com.android.server.compat.config.Change@1893014
01-01 08:00:12.758 685 685 D CompatConfig: Adding: com.android.server.compat.config.Change@787c0bd
01-01 08:00:12.758 685 685 D CompatConfig: Adding: com.android.server.compat.config.Change@615d603
01-01 08:00:12.758 685 685 D CompatConfig: Adding: com.android.server.compat.config.Change@7d33980
01-01 08:00:12.758 685 685 D CompatConfig: Adding: com.android.server.compat.config.Change@974abb9
01-01 08:00:12.758 685 685 D CompatConfig: Adding: com.android.server.compat.config.Change@d15abfe
01-01 08:00:12.759 685 715 I SystemConfig: Reading permissions from /system/etc/permissions/com.android.media.tv.remoteprovider.xml
01-01 08:00:12.759 685 685 D CompatConfig: Adding: com.android.server.compat.config.Change@115cf5f
01-01 08:00:12.759 685 685 D CompatConfig: Adding: com.android.server.compat.config.Change@df26dac
01-01 08:00:12.759 685 685 D CompatConfig: Adding: com.android.server.compat.config.Change@cab4a75
01-01 08:00:12.759 685 685 D CompatConfig: Adding: com.android.server.compat.config.Change@11c8a0a
01-01 08:00:12.759 685 685 D CompatConfig: Adding: com.android.server.compat.config.Change@8f2027b
01-01 08:00:12.759 685 685 D CompatConfig: Adding: com.android.server.compat.config.Change@1eeb898
01-01 08:00:12.759 685 685 D CompatConfig: Adding: com.android.server.compat.config.Change@c7318f1
01-01 08:00:12.759 685 685 D CompatConfig: Adding: com.android.server.compat.config.Change@a013cd6
01-01 08:00:12.759 685 685 D CompatConfig: Adding: com.android.server.compat.config.Change@6944b57
01-01 08:00:12.759 685 685 D CompatConfig: Adding: com.android.server.compat.config.Change@862c644
01-01 08:00:12.759 685 685 D CompatConfig: Adding: com.android.server.compat.config.Change@70f532d
01-01 08:00:12.759 685 685 D CompatConfig: Adding: com.android.server.compat.config.Change@eac5062
01-01 08:00:12.759 685 685 D CompatConfig: Adding: com.android.server.compat.config.Change@da845f3
01-01 08:00:12.759 685 685 D CompatConfig: Adding: com.android.server.compat.config.Change@2e802b0
01-01 08:00:12.759 685 685 D CompatConfig: Adding: com.android.server.compat.config.Change@1baf529
01-01 08:00:12.759 685 685 D CompatConfig: Adding: com.android.server.compat.config.Change@a0310ae
01-01 08:00:12.759 685 685 D CompatConfig: Adding: com.android.server.compat.config.Change@6f74e4f
01-01 08:00:12.759 685 685 D CompatConfig: Adding: com.android.server.compat.config.Change@14299dc
01-01 08:00:12.759 685 685 D CompatConfig: Adding: com.android.server.compat.config.Change@64bae5
01-01 08:00:12.759 685 685 D CompatConfig: Adding: com.android.server.compat.config.Change@df389ba
01-01 08:00:12.759 685 685 D CompatConfig: Adding: com.android.server.compat.config.Change@484806b
01-01 08:00:12.759 685 685 D CompatConfig: Adding: com.android.server.compat.config.Change@d2b2061
01-01 08:00:12.759 685 685 D CompatConfig: Adding: com.android.server.compat.config.Change@b408786
01-01 08:00:12.759 685 685 D CompatConfig: Adding: com.android.server.compat.config.Change@b68b847
01-01 08:00:12.759 685 685 D CompatConfig: Adding: com.android.server.compat.config.Change@1a64874
01-01 08:00:12.759 685 685 D CompatConfig: Adding: com.android.server.compat.config.Change@b98619d
01-01 08:00:12.759 685 715 I SystemConfig: Reading permissions from /system/etc/permissions/com.android.mediadrm.signer.xml
01-01 08:00:12.759 685 685 D CompatConfig: Adding: com.android.server.compat.config.Change@a0d9612
01-01 08:00:12.759 685 685 D CompatConfig: Adding: com.android.server.compat.config.Change@f6e91e3
01-01 08:00:12.759 685 685 D CompatConfig: Adding: com.android.server.compat.config.Change@b1977e0
01-01 08:00:12.759 685 685 D CompatConfig: Adding: com.android.server.compat.config.Change@39e7a99
01-01 08:00:12.759 685 685 D CompatConfig: Adding: com.android.server.compat.config.Change@f2b015e
01-01 08:00:12.759 685 685 D CompatConfig: Adding: com.android.server.compat.config.Change@c6e693f
01-01 08:00:12.759 685 685 D CompatConfig: Adding: com.android.server.compat.config.Change@4ce320c
01-01 08:00:12.759 685 685 D CompatConfig: Adding: com.android.server.compat.config.Change@532755
01-01 08:00:12.759 685 685 D CompatConfig: Adding: com.android.server.compat.config.Change@a21d56a
01-01 08:00:12.759 685 685 D CompatConfig: Adding: com.android.server.compat.config.Change@96a5a5b
01-01 08:00:12.759 685 685 D CompatConfig: Adding: com.android.server.compat.config.Change@73262f8
01-01 08:00:12.759 685 685 D CompatConfig: Adding: com.android.server.compat.config.Change@e6be3d1
01-01 08:00:12.760 685 685 D CompatConfig: Adding: com.android.server.compat.config.Change@7ffde36
01-01 08:00:12.760 685 685 D CompatConfig: Adding: com.android.server.compat.config.Change@16a4137
01-01 08:00:12.760 685 685 D CompatConfig: Adding: com.android.server.compat.config.Change@1a6b6a4
01-01 08:00:12.760 685 685 D CompatConfig: Adding: com.android.server.compat.config.Change@679ec0d
01-01 08:00:12.760 685 685 D CompatConfig: Adding: com.android.server.compat.config.Change@6e3a7c2
01-01 08:00:12.760 685 685 D CompatConfig: Adding: com.android.server.compat.config.Change@e17b9d3
01-01 08:00:12.760 685 685 D CompatConfig: Adding: com.android.server.compat.config.Change@6ea9910
01-01 08:00:12.760 685 685 D CompatConfig: Adding: com.android.server.compat.config.Change@ee63c09
01-01 08:00:12.760 685 685 D CompatConfig: Adding: com.android.server.compat.config.Change@6487e0e
01-01 08:00:12.760 685 685 D CompatConfig: Adding: com.android.server.compat.config.Change@1a202f
01-01 08:00:12.760 685 685 D CompatConfig: Adding: com.android.server.compat.config.Change@448363c
01-01 08:00:12.760 685 685 D CompatConfig: Adding: com.android.server.compat.config.Change@1ad8fc5
01-01 08:00:12.760 685 685 D CompatConfig: Adding: com.android.server.compat.config.Change@126d1a
01-01 08:00:12.760 685 685 D CompatConfig: Adding: com.android.server.compat.config.Change@132904b
01-01 08:00:12.760 685 685 D CompatConfig: Adding: com.android.server.compat.config.Change@f807a28
01-01 08:00:12.760 685 685 D CompatConfig: Adding: com.android.server.compat.config.Change@1dc6341
01-01 08:00:12.760 685 685 D CompatConfig: Adding: com.android.server.compat.config.Change@65a40e6
01-01 08:00:12.760 685 685 D CompatConfig: Adding: com.android.server.compat.config.Change@c17e627
01-01 08:00:12.760 685 685 D CompatConfig: Adding: com.android.server.compat.config.Change@77710d4
01-01 08:00:12.760 685 685 D CompatConfig: Adding: com.android.server.compat.config.Change@ccaf27d
01-01 08:00:12.760 685 685 D CompatConfig: Adding: com.android.server.compat.config.Change@1f98572
01-01 08:00:12.760 685 685 D CompatConfig: Adding: com.android.server.compat.config.Change@612bdc3
01-01 08:00:12.760 685 685 D CompatConfig: Adding: com.android.server.compat.config.Change@39e6640
01-01 08:00:12.760 685 685 D CompatConfig: Adding: com.android.server.compat.config.Change@3193979
01-01 08:00:12.760 685 685 D CompatConfig: Adding: com.android.server.compat.config.Change@dd686be
01-01 08:00:12.760 685 685 D CompatConfig: Adding: com.android.server.compat.config.Change@659731f
01-01 08:00:12.760 685 685 D CompatConfig: Adding: com.android.server.compat.config.Change@e23a66c
01-01 08:00:12.760 685 685 D CompatConfig: Adding: com.android.server.compat.config.Change@56af435
01-01 08:00:12.760 685 685 D CompatConfig: Adding: com.android.server.compat.config.Change@af050ca
01-01 08:00:12.760 685 685 D CompatConfig: Adding: com.android.server.compat.config.Change@72c223b
01-01 08:00:12.760 685 685 D CompatConfig: Adding: com.android.server.compat.config.Change@4dabd58
01-01 08:00:12.760 685 685 D CompatConfig: Adding: com.android.server.compat.config.Change@e39eb1
01-01 08:00:12.761 685 685 D CompatConfig: Adding: com.android.server.compat.config.Change@92aaf96
01-01 08:00:12.761 685 685 D CompatConfig: Adding: com.android.server.compat.config.Change@cb0a717
01-01 08:00:12.761 685 685 D CompatConfig: Adding: com.android.server.compat.config.Change@cea5704
01-01 08:00:12.761 685 685 D CompatConfig: Adding: com.android.server.compat.config.Change@76274ed
01-01 08:00:12.761 685 685 D CompatConfig: Adding: com.android.server.compat.config.Change@da2f22
01-01 08:00:12.761 685 685 D CompatConfig: Adding: com.android.server.compat.config.Change@d8e9db3
01-01 08:00:12.761 685 685 D CompatConfig: Adding: com.android.server.compat.config.Change@537df70
01-01 08:00:12.761 685 685 D CompatConfig: Adding: com.android.server.compat.config.Change@f7e72e9
01-01 08:00:12.761 685 685 D CompatConfig: Adding: com.android.server.compat.config.Change@9101b6e
01-01 08:00:12.761 685 685 D CompatConfig: Adding: com.android.server.compat.config.Change@393829c
01-01 08:00:12.761 685 685 D CompatConfig: Adding: com.android.server.compat.config.Change@84254a5
01-01 08:00:12.761 685 715 I SystemConfig: Reading permissions from /system/etc/permissions/com.android.networkstack.xml
01-01 08:00:12.763 685 685 D CompatConfig: No directory /system/system_ext/etc/compatconfig, skipping
01-01 08:00:12.764 685 685 D ApexManagerTiming: getActiveApexInfos_noCache
01-01 08:00:12.764 685 715 I SystemConfig: Reading permissions from /system/etc/permissions/javax.obex.xml
01-01 08:00:12.765 685 715 I SystemConfig: Reading permissions from /system/etc/permissions/org.apache.http.legacy.xml
01-01 08:00:12.777 0 0 I [1 T216 ..] servicemanager: Notifying apexservice they do (previously: don't) have clients when service is guaranteed to be in use
01-01 08:00:12.778 0 0 I [3 T411 ..] AidlLazyServiceRegistrar: Process has 1 (of 1 available) client(s) in use after notification apexservice has clients: 1
01-01 08:00:12.779 0 0 I [2 T410 ..] apexd: getActivePackages received by ApexService
01-01 08:00:12.780 0 0 I [3 T411 ..] AidlLazyServiceRegistrar: Shutdown prevented by forcePersist override flag.
01-01 08:00:12.766 685 715 I SystemConfig: Reading permissions from /system/etc/permissions/privapp-permissions-oranth.xml
01-01 08:00:12.770 685 715 I SystemConfig: Reading permissions from /system/etc/permissions/privapp-permissions-platform.xml
01-01 08:00:12.779 685 715 I SystemConfig: Reading permissions from /system/etc/permissions/privapp_allowlist_com.android.adservices.api.xml
01-01 08:00:12.781 685 715 I SystemConfig: Reading permissions from /system/etc/permissions/privapp_allowlist_com.android.providers.media.module.xml
01-01 08:00:12.781 685 685 V ApexManagerTiming: getActiveApexInfos_noCache took to complete: 17ms
01-01 08:00:12.782 685 685 D CompatConfig: No directory /apex/com.android.adservices/etc/compatconfig, skipping
01-01 08:00:12.782 685 685 D CompatConfig: No directory /apex/com.android.devicelock/etc/compatconfig, skipping
01-01 08:00:12.782 685 685 D CompatConfig: No directory /apex/com.android.adbd/etc/compatconfig, skipping
01-01 08:00:12.782 685 715 I SystemConfig: Reading permissions from /system/etc/permissions/tv_core_hardware.xml
01-01 08:00:12.783 685 685 D CompatConfig: Found a config file: /apex/com.android.art/etc/compatconfig/libcore-platform-compat-config.xml
01-01 08:00:12.783 685 715 I SystemConfig: Reading permissions from /system/etc/permissions/platform.xml
01-01 08:00:12.784 685 685 D CompatConfig: Adding: com.android.server.compat.config.Change@4c45300
01-01 08:00:12.784 685 685 D CompatConfig: Adding: com.android.server.compat.config.Change@ae18739
01-01 08:00:12.784 685 685 D CompatConfig: Adding: com.android.server.compat.config.Change@850217e
01-01 08:00:12.784 685 685 D CompatConfig: Adding: com.android.server.compat.config.Change@9c6d6df
01-01 08:00:12.784 685 685 D CompatConfig: Adding: com.android.server.compat.config.Change@e9b9f2c
01-01 08:00:12.784 685 685 D CompatConfig: Adding: com.android.server.compat.config.Change@aca5df5
01-01 08:00:12.784 685 685 D CompatConfig: Adding: com.android.server.compat.config.Change@148d78a
01-01 08:00:12.784 685 685 D CompatConfig: Adding: com.android.server.compat.config.Change@c6c01fb
01-01 08:00:12.784 685 685 D CompatConfig: Adding: com.android.server.compat.config.Change@5b98218
01-01 08:00:12.784 685 685 D CompatConfig: Adding: com.android.server.compat.config.Change@c2fe471
01-01 08:00:12.784 685 685 D CompatConfig: Adding: com.android.server.compat.config.Change@864e256
01-01 08:00:12.785 685 685 D CompatConfig: No directory /apex/com.android.healthfitness/etc/compatconfig, skipping
01-01 08:00:12.785 685 685 D CompatConfig: No directory /apex/com.android.scheduling/etc/compatconfig, skipping
01-01 08:00:12.786 685 685 D CompatConfig: Found a config file: /apex/com.android.mediaprovider/etc/compatconfig/media-provider-platform-compat-config.xml
01-01 08:00:12.787 685 715 I SystemConfig: Reading permissions from /vendor/etc/permissions/android.hardware.audio.output.xml
01-01 08:00:12.787 685 685 D CompatConfig: Adding: com.android.server.compat.config.Change@8d56ad
01-01 08:00:12.787 685 685 D CompatConfig: Adding: com.android.server.compat.config.Change@364cde2
01-01 08:00:12.787 685 685 D CompatConfig: Adding: com.android.server.compat.config.Change@772b573
01-01 08:00:12.787 685 685 D CompatConfig: Adding: com.android.server.compat.config.Change@9127c30
01-01 08:00:12.787 685 685 D CompatConfig: Adding: com.android.server.compat.config.Change@bd5b0a9
01-01 08:00:12.787 685 685 D CompatConfig: Adding: com.android.server.compat.config.Change@185e62e
01-01 08:00:12.788 685 685 D CompatConfig: Adding: com.android.server.compat.config.Change@7b935cf
01-01 08:00:12.788 685 715 I SystemConfig: Reading permissions from /vendor/etc/permissions/android.hardware.bluetooth.xml
01-01 08:00:12.789 685 715 I SystemConfig: Reading permissions from /vendor/etc/permissions/android.hardware.bluetooth_le.xml
01-01 08:00:12.789 685 685 D CompatConfig: Found a config file: /apex/com.android.tethering/etc/compatconfig/connectivity-platform-compat-config.xml
01-01 08:00:12.790 685 715 I SystemConfig: Reading permissions from /vendor/etc/permissions/android.hardware.camera.external.xml
01-01 08:00:12.790 685 685 D CompatConfig: Adding: com.android.server.compat.config.Change@81da148
01-01 08:00:12.791 685 685 D CompatConfig: Adding: com.android.server.compat.config.Change@a988d06
01-01 08:00:12.791 685 685 D CompatConfig: Adding: com.android.server.compat.config.Change@6900fc7
01-01 08:00:12.791 685 685 D CompatConfig: Adding: com.android.server.compat.config.Change@b0f89f4
01-01 08:00:12.791 685 715 I SystemConfig: Reading permissions from /vendor/etc/permissions/android.hardware.ethernet.xml
01-01 08:00:12.792 685 685 D CompatConfig: No directory /apex/com.android.apex.cts.shim/etc/compatconfig, skipping
01-01 08:00:12.792 685 685 D CompatConfig: No directory /apex/com.android.os.statsd/etc/compatconfig, skipping
01-01 08:00:12.792 685 685 D CompatConfig: No directory /apex/com.android.virt/etc/compatconfig, skipping
01-01 08:00:12.792 685 685 D CompatConfig: No directory /apex/com.android.appsearch/etc/compatconfig, skipping
01-01 08:00:12.792 685 685 D CompatConfig: No directory /apex/com.amlogic.mediaextractor/etc/compatconfig, skipping
01-01 08:00:12.792 685 685 D CompatConfig: No directory /apex/com.android.media/etc/compatconfig, skipping
01-01 08:00:12.793 685 685 D CompatConfig: No directory /apex/com.android.vndk.v34/etc/compatconfig, skipping
01-01 08:00:12.793 685 685 D CompatConfig: No directory /apex/com.android.conscrypt/etc/compatconfig, skipping
01-01 08:00:12.793 685 685 D CompatConfig: No directory /apex/com.android.configinfrastructure/etc/compatconfig, skipping
01-01 08:00:12.793 685 685 D CompatConfig: No directory /apex/com.android.sdkext/etc/compatconfig, skipping
01-01 08:00:12.793 685 685 D CompatConfig: No directory /apex/com.android.permission/etc/compatconfig, skipping
01-01 08:00:12.793 685 685 D CompatConfig: No directory /apex/com.android.media.swcodec/etc/compatconfig, skipping
01-01 08:00:12.794 685 715 I SystemConfig: Reading permissions from /vendor/etc/permissions/android.hardware.gamepad.xml
01-01 08:00:12.794 685 715 I SystemConfig: Reading permissions from /vendor/etc/permissions/android.hardware.hardware_keystore.xml
01-01 08:00:12.795 685 715 I SystemConfig: Reading permissions from /vendor/etc/permissions/android.hardware.hdmi.cec.xml
01-01 08:00:12.796 685 685 D CompatConfig: No directory /apex/com.android.tzdata/etc/compatconfig, skipping
01-01 08:00:12.796 685 685 D CompatConfig: No directory /apex/com.android.runtime/etc/compatconfig, skipping
01-01 08:00:12.796 685 685 D CompatConfig: No directory /apex/com.android.uwb/etc/compatconfig, skipping
01-01 08:00:12.796 685 685 D CompatConfig: No directory /apex/com.android.i18n/etc/compatconfig, skipping
01-01 08:00:12.797 685 685 D CompatConfig: No directory /apex/com.android.ondevicepersonalization/etc/compatconfig, skipping
01-01 08:00:12.798 685 715 I SystemConfig: Reading permissions from /vendor/etc/permissions/android.hardware.keystore.app_attest_key.xml
01-01 08:00:12.798 685 685 D CompatConfig: Found a config file: /apex/com.android.wifi/etc/compatconfig/wifi-compat-config.xml
01-01 08:00:12.799 685 715 I SystemConfig: Reading permissions from /vendor/etc/permissions/android.hardware.location.xml
01-01 08:00:12.799 685 685 D CompatConfig: Adding: com.android.server.compat.config.Change@b3930bf
01-01 08:00:12.799 685 685 D CompatConfig: Adding: com.android.server.compat.config.Change@6ee238c
01-01 08:00:12.799 685 685 D CompatConfig: Adding: com.android.server.compat.config.Change@c81fad5
01-01 08:00:12.799 685 715 I SystemConfig: Reading permissions from /vendor/etc/permissions/android.hardware.opengles.aep.xml
01-01 08:00:12.800 685 685 D CompatConfig: No directory /apex/com.android.resolv/etc/compatconfig, skipping
01-01 08:00:12.800 685 685 D CompatConfig: No directory /apex/com.android.ipsec/etc/compatconfig, skipping
01-01 08:00:12.800 685 715 I SystemConfig: Reading permissions from /vendor/etc/permissions/android.hardware.usb.host.xml
01-01 08:00:12.801 685 685 D CompatConfig: No directory /apex/com.google.android.widevine/etc/compatconfig, skipping
01-01 08:00:12.801 685 685 D CompatConfig: No directory /apex/com.android.rkpd/etc/compatconfig, skipping
01-01 08:00:12.802 685 685 D CompatConfig: No directory /apex/com.android.neuralnetworks/etc/compatconfig, skipping
01-01 08:00:12.802 685 685 D CompatConfig: No directory /apex/com.android.extservices/etc/compatconfig, skipping
01-01 08:00:12.803 685 715 I SystemConfig: Reading permissions from /vendor/etc/permissions/android.hardware.vulkan.compute.xml
01-01 08:00:12.804 685 685 D CompatConfig: Found a config file: /apex/com.android.btservices/etc/compatconfig/bluetoothapk-platform-compat-config.xml
01-01 08:00:12.804 685 715 I SystemConfig: Reading permissions from /vendor/etc/permissions/android.hardware.vulkan.level.xml
01-01 08:00:12.805 685 685 D CompatConfig: Adding: com.android.server.compat.config.Change@6d678b7
01-01 08:00:12.805 685 715 I SystemConfig: Reading permissions from /vendor/etc/permissions/android.hardware.vulkan.version.xml
01-01 08:00:12.805 685 685 D CompatConfig: Found a config file: /apex/com.android.btservices/etc/compatconfig/bluetooth-compat-config.xml
01-01 08:00:12.806 685 715 I SystemConfig: Reading permissions from /vendor/etc/permissions/android.hardware.wifi.direct.xml
01-01 08:00:12.806 685 685 D CompatConfig: Adding: com.android.server.compat.config.Change@6cfe953
01-01 08:00:12.807 685 685 D CompatConfig: Found a config file: /apex/com.android.btservices/etc/compatconfig/framework-bluetooth-compat-config.xml
01-01 08:00:12.807 685 715 I SystemConfig: Reading permissions from /vendor/etc/permissions/android.hardware.wifi.passpoint.xml
01-01 08:00:12.808 685 685 D CompatConfig: Adding: com.android.server.compat.config.Change@4e4138e
01-01 08:00:12.808 685 715 I SystemConfig: Reading permissions from /vendor/etc/permissions/android.hardware.wifi.xml
01-01 08:00:12.809 685 715 I SystemConfig: Reading permissions from /vendor/etc/permissions/android.software.app_widgets.xml
01-01 08:00:12.810 685 715 I SystemConfig: Reading permissions from /vendor/etc/permissions/android.software.backup.xml
01-01 08:00:12.811 685 685 V SystemServerTiming: PlatformCompat took to complete: 76ms
01-01 08:00:12.811 685 685 D SystemServerTiming: StartFileIntegrityService
01-01 08:00:12.811 685 685 I SystemServiceManager: Starting com.android.server.security.FileIntegrityService
01-01 08:00:12.811 685 715 I SystemConfig: Reading permissions from /vendor/etc/permissions/android.software.cant_save_state.xml
01-01 08:00:12.812 685 715 I SystemConfig: Reading permissions from /vendor/etc/permissions/android.software.farfield.xml
01-01 08:00:12.812 685 715 I SystemConfig: Reading permissions from /vendor/etc/permissions/android.software.ipsec_tunnels.xml
01-01 08:00:12.813 685 715 I SystemConfig: Reading permissions from /vendor/etc/permissions/android.software.opengles.deqp.level-2023-03-01.xml
01-01 08:00:12.813 685 685 V SystemServerTiming: StartFileIntegrityService took to complete: 2ms
01-01 08:00:12.813 685 685 D SystemServerTiming: StartInstaller
01-01 08:00:12.813 685 685 I SystemServiceManager: Starting com.android.server.pm.Installer
01-01 08:00:12.814 685 715 I SystemConfig: Reading permissions from /vendor/etc/permissions/android.software.verified_boot.xml
01-01 08:00:12.814 685 715 I SystemConfig: Reading permissions from /vendor/etc/permissions/android.software.vulkan.deqp.level-2023-03-01.xml
01-01 08:00:12.815 685 715 I SystemConfig: Reading permissions from /vendor/etc/permissions/aosp_excluded_hardware.xml
01-01 08:00:12.816 685 715 D SystemConfig: Removed unavailable feature android.hardware.location.network
01-01 08:00:12.816 685 715 I SystemConfig: Reading permissions from /vendor/etc/permissions/com.droidlogic.appinstaller.xml
01-01 08:00:12.817 685 715 I SystemConfig: Reading permissions from /vendor/etc/permissions/com.google.android.feature.SILENT_OTA.xml
01-01 08:00:12.818 685 715 I SystemConfig: Reading permissions from /vendor/etc/permissions/com.google.android.feature.fastpair.xml
01-01 08:00:12.819 685 685 V SystemServerTiming: StartInstaller took to complete: 6ms
01-01 08:00:12.819 685 715 I SystemConfig: Reading permissions from /vendor/etc/permissions/droidlogic.jasplayer.xml
01-01 08:00:12.819 685 685 D SystemServerTiming: DeviceIdentifiersPolicyService
01-01 08:00:12.819 685 685 I SystemServiceManager: Starting com.android.server.os.DeviceIdentifiersPolicyService
01-01 08:00:12.820 685 685 V SystemServerTiming: DeviceIdentifiersPolicyService took to complete: 1ms
01-01 08:00:12.820 685 685 D SystemServerTiming: StartFeatureFlagsService
01-01 08:00:12.820 685 715 I SystemConfig: Reading permissions from /vendor/etc/permissions/droidlogic.jniasplayer.xml
01-01 08:00:12.820 685 685 I SystemServiceManager: Starting com.android.server.flags.FeatureFlagsService
01-01 08:00:12.820 685 685 D FeatureFlagsService: Started Feature Flag Service
01-01 08:00:12.821 685 715 I SystemConfig: Reading permissions from /vendor/etc/permissions/droidlogic.software.core.xml
01-01 08:00:12.822 685 715 W SystemConfig: name is required for in START_TAG (empty) @27:35 in java.io.FileReader@41a57ec
01-01 08:00:12.822 685 715 I SystemConfig: Reading permissions from /vendor/etc/permissions/droidlogic.tv.software.core.xml
01-01 08:00:12.823 685 715 I SystemConfig: Ignore shared library droidlogic.tv.software.core: /vendor/framework/droidlogic.tv.software.core.jar does not exist
01-01 08:00:12.823 685 685 V SystemServerTiming: StartFeatureFlagsService took to complete: 3ms
01-01 08:00:12.823 685 685 D SystemServerTiming: UriGrantsManagerService
01-01 08:00:12.823 685 685 I SystemServiceManager: Starting com.android.server.uri.UriGrantsManagerService$Lifecycle
01-01 08:00:12.824 685 715 I SystemConfig: Reading permissions from /vendor/etc/permissions/prime.xml
01-01 08:00:12.824 685 685 V SystemServerTiming: UriGrantsManagerService took to complete: 1ms
01-01 08:00:12.824 685 685 D SystemServerTiming: StartPowerStatsService
01-01 08:00:12.825 685 685 I SystemServiceManager: Starting com.android.server.powerstats.PowerStatsService
01-01 08:00:12.825 685 715 I SystemConfig: Reading permissions from /product/etc/sysconfig/atv-component-overrides.xml
01-01 08:00:12.838 0 0 I [2 T216 ..] servicemanager: Could not find android.hardware.power.stats.IPowerStats/default in the VINTF manifest.
01-01 08:00:12.827 685 715 I SystemConfig: Reading permissions from /product/etc/permissions/android.hardware.gamepad.xml
01-01 08:00:12.829 685 715 I SystemConfig: Reading permissions from /product/etc/permissions/com.android.settings.intelligence.xml
01-01 08:00:12.830 685 685 V SystemServerTiming: StartPowerStatsService took to complete: 6ms
01-01 08:00:12.830 685 685 D SystemServerTiming: StartIStatsService
01-01 08:00:12.830 685 715 I SystemConfig: Reading permissions from /product/etc/permissions/com.google.android.apps.mediashell.vp9_mirror.xml
01-01 08:00:12.831 685 715 W SystemConfig: No directory /system_ext/etc/sysconfig, skipping
01-01 08:00:12.831 685 715 I SystemConfig: Reading permissions from /system_ext/etc/permissions/com.android.systemui.xml
01-01 08:00:12.832 685 685 V SystemServerTiming: StartIStatsService took to complete: 2ms
01-01 08:00:12.832 685 685 D SystemServerTiming: MemtrackProxyService
01-01 08:00:12.833 685 715 I SystemConfig: Reading permissions from /system_ext/etc/permissions/com.android.tv.settings.xml
01-01 08:00:12.834 685 685 V SystemServerTiming: MemtrackProxyService took to complete: 2ms
01-01 08:00:12.834 685 685 D SystemServerTiming: StartAccessCheckingService
01-01 08:00:12.834 685 685 I SystemServiceManager: Starting com.android.server.permission.access.AccessCheckingService
01-01 08:00:12.834 685 715 I SystemConfig: Reading permissions from /system_ext/etc/permissions/com.droidlogic.tv.settings.xml
01-01 08:00:12.835 685 685 V SystemServerTiming: StartAccessCheckingService took to complete: 1ms
01-01 08:00:12.835 685 685 D SystemServerTiming: StartActivityManager
01-01 08:00:12.835 685 685 I SystemServiceManager: Starting com.android.server.wm.ActivityTaskManagerService$Lifecycle
01-01 08:00:12.844 0 0 I [0 T216 ..] servicemanager: Found android.frameworks.stats.IStats/default in framework VINTF manifest.
01-01 08:00:12.836 685 715 I SystemConfig: Reading permissions from /system_ext/etc/permissions/droidlogic_permissions.xml
01-01 08:00:12.838 685 715 I SystemConfig: Reading permissions from /apex/com.android.tethering/etc/permissions/permissions.xml
01-01 08:00:12.839 685 685 I SystemServiceManager: Starting com.android.server.am.ActivityManagerService$Lifecycle
01-01 08:00:12.841 685 715 I SystemConfig: Reading permissions from /apex/com.android.permission/etc/permissions/privapp_allowlist_com.android.permissioncontroller.xml
01-01 08:00:12.842 685 685 I ActivityManager: Memory class: 256
01-01 08:00:12.844 685 718 I Binder : Setting heavy hitter watcher config: false, 0, 0.0
01-01 08:00:12.845 685 715 I SystemConfig: Reading permissions from /apex/com.android.extservices/etc/permissions/privapp_allowlist_android.ext.services.xml
01-01 08:00:12.850 685 715 I SystemConfig: Reading permissions from /apex/com.android.mediaprovider/etc/permissions/privapp_allowlist_com.android.providers.media.module.xml
01-01 08:00:12.853 685 715 I SystemConfig: Reading permissions from /apex/com.android.ipsec/etc/permissions/android.net.ipsec.ike.xml
01-01 08:00:12.855 685 715 I SystemConfig: Reading permissions from /apex/com.android.adservices/etc/permissions/privapp_allowlist_com.android.adservices.api.xml
01-01 08:00:12.858 685 715 I SystemConfig: Reading permissions from /apex/com.android.btservices/etc/permissions/privapp_allowlist_com.android.bluetooth.xml
01-01 08:00:12.860 685 715 I SystemConfig: Reading permissions from /apex/com.android.healthfitness/etc/permissions/privapp_allowlist_com.android.healthconnect.controller.xml
01-01 08:00:12.862 685 715 I SystemConfig: Reading permissions from /apex/com.android.devicelock/etc/permissions/privapp_allowlist_com.android.devicelockcontroller.xml
01-01 08:00:12.866 685 715 W SystemConfig: Failed to read public libraries file /vendor/etc/public.libraries.txt
01-01 08:00:12.866 685 715 W SystemConfig: java.io.FileNotFoundException: /vendor/etc/public.libraries.txt: open failed: ENOENT (No such file or directory)
01-01 08:00:12.866 685 715 W SystemConfig: at libcore.io.IoBridge.open(IoBridge.java:574)
01-01 08:00:12.866 685 715 W SystemConfig: at java.io.FileInputStream.(FileInputStream.java:160)
01-01 08:00:12.866 685 715 W SystemConfig: at java.io.FileReader.(FileReader.java:75)
01-01 08:00:12.866 685 715 W SystemConfig: at com.android.server.SystemConfig.readPublicLibrariesListFile(SystemConfig.java:1818)
01-01 08:00:12.866 685 715 W SystemConfig: at com.android.server.SystemConfig.readPublicNativeLibrariesList(SystemConfig.java:1800)
01-01 08:00:12.866 685 715 W SystemConfig: at com.android.server.SystemConfig.(SystemConfig.java:565)
01-01 08:00:12.866 685 715 W SystemConfig: at com.android.server.SystemConfig.getInstance(SystemConfig.java:366)
01-01 08:00:12.866 685 715 W SystemConfig: at com.android.server.SystemServer$$ExternalSyntheticLambda2.run(R8$$SyntheticClass:0)
01-01 08:00:12.866 685 715 W SystemConfig: at com.android.server.SystemServerInitThreadPool.lambda$submitTask$0(SystemServerInitThreadPool.java:107)
01-01 08:00:12.866 685 715 W SystemConfig: at com.android.server.SystemServerInitThreadPool.$r8$lambda$iar571g8isa6ZrPZMHj1USmyX48(SystemServerInitThreadPool.java:0)
01-01 08:00:12.866 685 715 W SystemConfig: at com.android.server.SystemServerInitThreadPool$$ExternalSyntheticLambda1.run(R8$$SyntheticClass:0)
01-01 08:00:12.866 685 715 W SystemConfig: at java.util.concurrent.Executors$RunnableAdapter.call(Executors.java:487)
01-01 08:00:12.866 685 715 W SystemConfig: at java.util.concurrent.FutureTask.run(FutureTask.java:264)
01-01 08:00:12.866 685 715 W SystemConfig: at java.util.concurrent.ThreadPoolExecutor.runWorker(ThreadPoolExecutor.java:1145)
01-01 08:00:12.866 685 715 W SystemConfig: at java.util.concurrent.ThreadPoolExecutor$Worker.run(ThreadPoolExecutor.java:644)
01-01 08:00:12.866 685 715 W SystemConfig: at com.android.internal.util.ConcurrentUtils$1$1.run(ConcurrentUtils.java:65)
01-01 08:00:12.866 685 715 W SystemConfig: Caused by: android.system.ErrnoException: open failed: ENOENT (No such file or directory)
01-01 08:00:12.866 685 715 W SystemConfig: at libcore.io.Linux.open(Native Method)
01-01 08:00:12.866 685 715 W SystemConfig: at libcore.io.ForwardingOs.open(ForwardingOs.java:563)
01-01 08:00:12.866 685 715 W SystemConfig: at libcore.io.BlockGuardOs.open(BlockGuardOs.java:274)
01-01 08:00:12.866 685 715 W SystemConfig: at libcore.io.IoBridge.open(IoBridge.java:560)
01-01 08:00:12.866 685 715 W SystemConfig: ... 15 more
01-01 08:00:12.867 685 715 V SystemConfig: readAllPermissions took to complete: 132ms
01-01 08:00:12.867 685 715 D SystemServerInitThreadPool: Finished executing ReadingSystemConfig
01-01 08:00:12.867 685 715 V SystemServerTimingAsync: InitThreadPoolExec:ReadingSystemConfig took to complete: 132ms
01-01 08:00:12.891 685 685 D BatteryStatsImpl: Reading daily items from /data/system/batterystats-daily.xml
01-01 08:00:12.896 685 685 I KernelCpuUidFreqTimeReader: mPerClusterTimesAvailable=false
01-01 08:00:12.920 685 725 W KernelMemoryBandwidthStats: No kernel memory bandwidth stats available
01-01 08:00:13.019 685 685 I IntentFirewall: Read new rules (A:0 B:0 S:0)
01-01 08:00:13.023 685 685 D OomAdjuster: Not killing cached processes
01-01 08:00:13.026 685 685 D AppOps : AppOpsService published
01-01 08:00:13.028 685 685 V SystemServerTiming: StartActivityManager took to complete: 193ms
01-01 08:00:13.028 685 685 D SystemServerTiming: StartDataLoaderManagerService
01-01 08:00:13.028 685 685 I SystemServiceManager: Starting com.android.server.pm.DataLoaderManagerService
01-01 08:00:13.029 685 701 W android.permission.PermissionManager: Missing ActivityManager; assuming 1047 does not hold android.permission.MANAGE_APP_OPS_MODES
01-01 08:00:13.030 685 729 I CriticalEventLog: No log found, returning empty log proto.
01-01 08:00:13.031 685 685 V SystemServerTiming: StartDataLoaderManagerService took to complete: 3ms
01-01 08:00:13.031 685 685 D SystemServerTiming: StartIncrementalService
01-01 08:00:13.035 685 685 V SystemServerTiming: StartIncrementalService took to complete: 4ms
01-01 08:00:13.035 685 685 D SystemServerTiming: StartPowerManager
01-01 08:00:13.035 685 685 I SystemServiceManager: Starting com.android.server.power.PowerManagerService
01-01 08:00:13.044 685 685 V SystemServerTiming: StartPowerManager took to complete: 9ms
01-01 08:00:13.044 685 685 D SystemServerTiming: StartThermalManager
01-01 08:00:13.045 685 685 I SystemServiceManager: Starting com.android.server.power.ThermalManagerService
01-01 08:00:13.046 685 685 V SystemServerTiming: StartThermalManager took to complete: 2ms
01-01 08:00:13.046 685 685 D SystemServerTiming: StartHintManager
01-01 08:00:13.046 685 685 I SystemServiceManager: Starting com.android.server.power.hint.HintManagerService
01-01 08:00:13.048 685 685 V SystemServerTiming: StartHintManager took to complete: 2ms
01-01 08:00:13.049 685 685 D SystemServerTiming: InitPowerManagement
01-01 08:00:13.050 685 685 V SystemServerTiming: InitPowerManagement took to complete: 1ms
01-01 08:00:13.050 685 685 D SystemServerTiming: StartRecoverySystemService
01-01 08:00:13.050 685 685 I SystemServiceManager: Starting com.android.server.recoverysystem.RecoverySystemService$Lifecycle
01-01 08:00:13.053 685 685 V SystemServerTiming: StartRecoverySystemService took to complete: 3ms
01-01 08:00:13.053 685 685 I PackageWatchdog: Syncing state, reason: added new observer
01-01 08:00:13.053 685 685 I PackageWatchdog: Not pruning observers, elapsed time: 0ms
01-01 08:00:13.053 685 685 I PackageWatchdog: Cancelling state sync, nothing to sync
01-01 08:00:13.053 685 717 I PackageWatchdog: Saving observer state to file
01-01 08:00:13.054 685 685 D SystemServerTiming: StartLightsService
01-01 08:00:13.054 685 685 I SystemServiceManager: Starting com.android.server.lights.LightsService
01-01 08:00:13.057 685 685 V SystemServerTiming: StartLightsService took to complete: 3ms
01-01 08:00:13.057 685 685 D SystemServerTiming: StartDisplayOffloadService
01-01 08:00:13.057 685 685 V SystemServerTiming: StartDisplayOffloadService took to complete: 0ms
01-01 08:00:13.057 685 685 D SystemServerTiming: StartSidekickService
01-01 08:00:13.057 685 685 V SystemServerTiming: StartSidekickService took to complete: 0ms
01-01 08:00:13.057 685 685 D SystemServerTiming: StartDisplayManager
01-01 08:00:13.057 685 685 I SystemServiceManager: Starting com.android.server.display.DisplayManagerService
01-01 08:00:13.068 685 685 V SystemServerTiming: StartDisplayManager took to complete: 11ms
01-01 08:00:13.068 685 685 D SystemServerTiming: WaitForDisplay
01-01 08:00:13.068 685 685 I SystemServiceManager: Starting phase 100
01-01 08:00:13.069 685 685 D SystemServerTiming: OnBootPhase_100
01-01 08:00:13.069 685 685 D SystemServerTiming: OnBootPhase_100_com.android.server.security.FileIntegrityService
01-01 08:00:13.069 685 685 V SystemServerTiming: OnBootPhase_100_com.android.server.security.FileIntegrityService took to complete: 0ms
01-01 08:00:13.069 685 685 D SystemServerTiming: OnBootPhase_100_com.android.server.pm.Installer
01-01 08:00:13.069 685 685 V SystemServerTiming: OnBootPhase_100_com.android.server.pm.Installer took to complete: 0ms
01-01 08:00:13.069 685 685 D SystemServerTiming: OnBootPhase_100_com.android.server.os.DeviceIdentifiersPolicyService
01-01 08:00:13.069 685 685 V SystemServerTiming: OnBootPhase_100_com.android.server.os.DeviceIdentifiersPolicyService took to complete: 0ms
01-01 08:00:13.069 685 685 D SystemServerTiming: OnBootPhase_100_com.android.server.flags.FeatureFlagsService
01-01 08:00:13.070 685 685 V SystemServerTiming: OnBootPhase_100_com.android.server.flags.FeatureFlagsService took to complete: 0ms
01-01 08:00:13.070 685 685 D SystemServerTiming: OnBootPhase_100_com.android.server.uri.UriGrantsManagerService$Lifecycle
01-01 08:00:13.070 685 685 V SystemServerTiming: OnBootPhase_100_com.android.server.uri.UriGrantsManagerService$Lifecycle took to complete: 0ms
01-01 08:00:13.070 685 685 D SystemServerTiming: OnBootPhase_100_com.android.server.powerstats.PowerStatsService
01-01 08:00:13.070 685 685 V SystemServerTiming: OnBootPhase_100_com.android.server.powerstats.PowerStatsService took to complete: 0ms
01-01 08:00:13.070 685 685 D SystemServerTiming: OnBootPhase_100_com.android.server.permission.access.AccessCheckingService
01-01 08:00:13.070 685 685 V SystemServerTiming: OnBootPhase_100_com.android.server.permission.access.AccessCheckingService took to complete: 0ms
01-01 08:00:13.070 685 685 D SystemServerTiming: OnBootPhase_100_com.android.server.wm.ActivityTaskManagerService$Lifecycle
01-01 08:00:13.070 685 685 V SystemServerTiming: OnBootPhase_100_com.android.server.wm.ActivityTaskManagerService$Lifecycle took to complete: 0ms
01-01 08:00:13.070 685 685 D SystemServerTiming: OnBootPhase_100_com.android.server.am.ActivityManagerService$Lifecycle
01-01 08:00:13.070 685 685 V SystemServerTiming: OnBootPhase_100_com.android.server.am.ActivityManagerService$Lifecycle took to complete: 0ms
01-01 08:00:13.070 685 685 D SystemServerTiming: OnBootPhase_100_com.android.server.pm.DataLoaderManagerService
01-01 08:00:13.070 685 685 V SystemServerTiming: OnBootPhase_100_com.android.server.pm.DataLoaderManagerService took to complete: 0ms
01-01 08:00:13.070 685 685 D SystemServerTiming: OnBootPhase_100_com.android.server.power.PowerManagerService
01-01 08:00:13.070 685 685 V SystemServerTiming: OnBootPhase_100_com.android.server.power.PowerManagerService took to complete: 0ms
01-01 08:00:13.070 685 685 D SystemServerTiming: OnBootPhase_100_com.android.server.power.ThermalManagerService
01-01 08:00:13.070 685 685 V SystemServerTiming: OnBootPhase_100_com.android.server.power.ThermalManagerService took to complete: 0ms
01-01 08:00:13.070 685 685 D SystemServerTiming: OnBootPhase_100_com.android.server.power.hint.HintManagerService
01-01 08:00:13.070 685 685 V SystemServerTiming: OnBootPhase_100_com.android.server.power.hint.HintManagerService took to complete: 0ms
01-01 08:00:13.070 685 685 D SystemServerTiming: OnBootPhase_100_com.android.server.recoverysystem.RecoverySystemService$Lifecycle
01-01 08:00:13.070 685 685 V SystemServerTiming: OnBootPhase_100_com.android.server.recoverysystem.RecoverySystemService$Lifecycle took to complete: 0ms
01-01 08:00:13.070 685 685 D SystemServerTiming: OnBootPhase_100_com.android.server.lights.LightsService
01-01 08:00:13.070 685 685 V SystemServerTiming: OnBootPhase_100_com.android.server.lights.LightsService took to complete: 0ms
01-01 08:00:13.070 685 685 D SystemServerTiming: OnBootPhase_100_com.android.server.display.DisplayManagerService
01-01 08:00:13.072 685 711 W LocalDisplayAdapter: DisplayModeSpecs base mode no longer available, using currently active mode.
01-01 08:00:13.084 685 711 I DisplayDeviceRepository: Display device added: DisplayDeviceInfo{"内置屏幕": uniqueId="local:4625716335649126415", 1920 x 1080, modeId 11, renderFrameRate 59.94006, defaultModeId 11, supportedModes [{id=1, width=1920, height=1080, fps=119.88013, alternativeRefreshRates=[], supportedHdrTypes=[2, 3]}, {id=2, width=1920, height=1080, fps=120.00001, alternativeRefreshRates=[], supportedHdrTypes=[2, 3]}, {id=3, width=3840, height=2160, fps=59.94006, alternativeRefreshRates=[], supportedHdrTypes=[2, 3]}, {id=4, width=3840, height=2160, fps=60.000004, alternativeRefreshRates=[], supportedHdrTypes=[2, 3]}, {id=5, width=3840, height=2160, fps=50.0, alternativeRefreshRates=[], supportedHdrTypes=[2, 3]}, {id=6, width=3840, height=2160, fps=29.97003, alternativeRefreshRates=[], supportedHdrTypes=[2, 3]}, {id=7, width=3840, height=2160, fps=30.000002, alternativeRefreshRates=[], supportedHdrTypes=[2, 3]}, {id=8, width=3840, height=2160, fps=25.0, alternativeRefreshRates=[], supportedHdrTypes=[2, 3]}, {id=9, width=3840, height=2160, fps=23.976025, alternativeRefreshRates=[], supportedHdrTypes=[2, 3]}, {id=10, width=3840, height=2160, fps=24.000002, alternativeRefreshRates=[], supportedHdrTypes=[2, 3]}, {id=11, width=1920, height=1080, fps=59.94006, alternativeRefreshRates=[], supportedHdrTypes=[2, 3]}, {id=12, width=1920, height=1080, fps=60.000004, alternativeRefreshRates=[], supportedHdrTypes=[2, 3]}, {id=13, width=1920, height=1080, fps=50.0, alternativeRefreshRates=[], supportedHdrTypes=[2, 3]}, {id=14, width=1920, height=1080, fps=29.97003, alternativeRefreshRates=[], supportedHdrTypes=[2, 3]}, {id=15, width=1920, height=1080, fps=30.000002, alternativeRefreshRates=[], supportedHdrTypes=[2, 3]}, {id=16, width=1280, height=720, fps=59.94006, alternativeRefreshRates=[], supportedHdrTypes=[2, 3]}, {id=17, width=1280, height=720, fps=60.000004, alternativeRefreshRates=[], supportedHdrTypes=[2, 3]}, {id=18, width=1280, height=720, fps=50.0, alternativeRefreshRates=[], supportedHdrTypes=[2, 3]}], colorMode 0, supportedColorModes [0], hdrCapabilities HdrCapabilities{mSupportedHdrTypes=[2, 3], mMaxLuminance=1000.0, mMaxAverageLuminance=1000.0, mMinLuminance=0.0}, allmSupported true, gameContentTypeSupported false, density 240, 42.406 x 42.203 dpi, appVsyncOff 2000000, presDeadline 13683333, touch INTERNAL, rotation 0, type INTERNAL, address {port=15, model=0x4031d87fca1678}, deviceProductInfo DeviceProductInfo{name=Dangbei , manufacturerPnpId=MMM, productId=64, modelYear=null, manufactureDate=ManufactureDate{week=10, year=2023}, connectionToSinkType=2}, state UNKNOWN, committedState UNKNOWN, frameRateOverride , brightnessMinimum 0.0, brightnessMaximum 1.0, brightnessDefault 0.39763778, hdrSdrRatio NaN, FLAG_ALLOWED_TO_BE_DEFAULT_DISPLAY, FLAG_ROTATES_WITH_CONTENT, FLAG_SECURE, FLAG_SUPPORTS_PROTECTED_BUFFERS, FLAG_TRUSTED, installOrientation 0, displayShape DisplayShape{ spec=729782573 displayWidth=1920 displayHeight=1080 physicalPixelDisplaySizeRatio=1.0 rotation=0 offsetX=0 offsetY=0 scale=1.0}}
01-01 08:00:13.087 685 711 I LogicalDisplayMapper: Applying layout: [{dispId: 0(ON), displayGroupName: , addr: {port=15, model=0x4031d87fca1678}, mThermalBrightnessThrottlingMapId: null, mRefreshRateZoneId: null, mLeadDisplayId: -1, mLeadDisplayAddress: null, mThermalRefreshRateThrottlingMapId: null}], Previous layout: null
01-01 08:00:13.091 685 711 I LogicalDisplayMapper: Setting new display group 0 for display 0, from previous group: null
