06-20 13:36:25.432 1865 1865 I xm_hidread: type=1400 audit(0.0:882): avc: denied { open } for path="/dev/hidraw0" dev="tmpfs" ino=860 scontext=u:r:init:s0 tcontext=u:object_r:hidraw_audio_device:s0 tclass=chr_file permissive=1
06-20 13:36:25.432 1865 1865 I xm_hidread: type=1400 audit(0.0:883): avc: denied { ioctl } for path="/dev/hidraw0" dev="tmpfs" ino=860 ioctlcmd=0x4803 scontext=u:r:init:s0 tcontext=u:object_r:hidraw_audio_device:s0 tclass=chr_file permissive=1
06-20 13:36:25.445 570 919 I AmFFmpegByteIOAdapter: File size : 13195
06-20 13:36:25.445 570 628 I AmFFmpegByteIOAdapter: File size : 12971
06-20 13:36:25.446 570 628 W exFFmpeg: Invalid return value 0 for stream protocol
06-20 13:36:25.446 570 628 W exFFmpeg: Invalid return value 0 for stream protocol
06-20 13:36:25.446 1423 1423 E SecondScreen: FirstScreenLayoutView dispatchKeyEvent 20
06-20 13:36:25.446 570 919 W exFFmpeg: Invalid return value 0 for stream protocol
06-20 13:36:25.447 570 919 W exFFmpeg: Invalid return value 0 for stream protocol
06-20 13:36:25.447 570 628 I AmFFmpegExtractor: checkInList: iswhite:0, mime:audio/ogg, type:1, id:86021 tag:0
06-20 13:36:25.447 570 628 I AmFFmpegExtractor: checkInList: iswhite:1, mime:audio/ogg, type:1, id:86021 tag:0
06-20 13:36:25.447 570 628 E AmFFmpegExtractor: codec_ctx->properties: 0
06-20 13:36:25.447 570 628 I AmFFmpegExtractor: checkSupportInList ret 1
06-20 13:36:25.447 570 919 I AmFFmpegExtractor: checkInList: iswhite:0, mime:audio/ogg, type:1, id:86021 tag:0
06-20 13:36:25.447 570 919 I AmFFmpegExtractor: checkInList: iswhite:1, mime:audio/ogg, type:1, id:86021 tag:0
06-20 13:36:25.447 570 919 E AmFFmpegExtractor: codec_ctx->properties: 0
06-20 13:36:25.447 570 919 I AmFFmpegExtractor: checkSupportInList ret 1
06-20 13:36:25.451 570 919 I AmFFmpegExtractor: checkInList: iswhite:0, mime:audio/ogg, type:1, id:86021 tag:0
06-20 13:36:25.451 570 919 I AmFFmpegExtractor: checkInList: iswhite:1, mime:audio/ogg, type:1, id:86021 tag:0
06-20 13:36:25.451 570 919 E AmFFmpegExtractor: codec_ctx->properties: 0
06-20 13:36:25.451 570 919 I AmFFmpegExtractor: checkSupportInList ret 0
06-20 13:36:25.451 570 628 I AmFFmpegExtractor: checkInList: iswhite:0, mime:audio/ogg, type:1, id:86021 tag:0
06-20 13:36:25.451 570 919 E AmFFmpegExtractor: vendor do not support
06-20 13:36:25.451 570 628 I AmFFmpegExtractor: checkInList: iswhite:1, mime:audio/ogg, type:1, id:86021 tag:0
06-20 13:36:25.451 570 628 E AmFFmpegExtractor: codec_ctx->properties: 0
06-20 13:36:25.451 570 628 I AmFFmpegExtractor: checkSupportInList ret 0
06-20 13:36:25.451 570 628 E AmFFmpegExtractor: vendor do not support
06-20 13:36:25.457 685 2451 D MediaCodecList: codecHandlesFormat: no format, so no extra checks
06-20 13:36:25.457 685 2452 D MediaCodecList: codecHandlesFormat: no format, so no extra checks
06-20 13:36:25.459 685 2455 D CCodec : allocate(c2.android.vorbis.decoder)
06-20 13:36:25.459 685 2454 D CCodec : allocate(c2.android.vorbis.decoder)
06-20 13:36:25.461 685 2455 I CCodec : setting up 'default' as default (vendor) store
06-20 13:36:25.461 685 2454 I CCodec : setting up 'default' as default (vendor) store
06-20 13:36:25.464 685 2454 I CCodec : Created component [c2.android.vorbis.decoder]
06-20 13:36:25.464 685 2455 I CCodec : Created component [c2.android.vorbis.decoder]
06-20 13:36:25.464 685 2454 D CCodecConfig: read media type: audio/vorbis
06-20 13:36:25.464 685 2455 D CCodecConfig: read media type: audio/vorbis
06-20 13:36:25.467 685 2455 D ReflectedParamUpdater: extent() != 1 for single value type: algo.buffers.max-count.values
06-20 13:36:25.467 685 2454 D ReflectedParamUpdater: extent() != 1 for single value type: algo.buffers.max-count.values
06-20 13:36:25.467 685 2455 D ReflectedParamUpdater: extent() != 1 for single value type: output.subscribed-indices.values
06-20 13:36:25.467 685 2454 D ReflectedParamUpdater: extent() != 1 for single value type: output.subscribed-indices.values
06-20 13:36:25.468 685 2455 D ReflectedParamUpdater: extent() != 1 for single value type: input.buffers.allocator-ids.values
06-20 13:36:25.468 685 2454 D ReflectedParamUpdater: extent() != 1 for single value type: input.buffers.allocator-ids.values
06-20 13:36:25.468 685 2455 D ReflectedParamUpdater: extent() != 1 for single value type: output.buffers.allocator-ids.values
06-20 13:36:25.468 685 2454 D ReflectedParamUpdater: extent() != 1 for single value type: output.buffers.allocator-ids.values
06-20 13:36:25.468 685 2455 D ReflectedParamUpdater: extent() != 1 for single value type: algo.buffers.allocator-ids.values
06-20 13:36:25.468 685 2455 D ReflectedParamUpdater: extent() != 1 for single value type: output.buffers.pool-ids.values
06-20 13:36:25.469 685 2455 D ReflectedParamUpdater: extent() != 1 for single value type: algo.buffers.pool-ids.values
06-20 13:36:25.469 685 2454 D ReflectedParamUpdater: extent() != 1 for single value type: algo.buffers.allocator-ids.values
06-20 13:36:25.469 685 2454 D ReflectedParamUpdater: extent() != 1 for single value type: output.buffers.pool-ids.values
06-20 13:36:25.469 685 2454 D ReflectedParamUpdater: extent() != 1 for single value type: algo.buffers.pool-ids.values
06-20 13:36:25.471 685 2455 I CCodecConfig: query failed after returning 7 values (BAD_INDEX)
06-20 13:36:25.471 685 2454 I CCodecConfig: query failed after returning 7 values (BAD_INDEX)
06-20 13:36:25.471 685 2455 D CCodecConfig: c2 config diff is Dict {
06-20 13:36:25.471 685 2455 D CCodecConfig: c2::u32 coded.bitrate.value = 64000
06-20 13:36:25.471 685 2455 D CCodecConfig: c2::u32 input.buffers.max-size.value = 32768
06-20 13:36:25.471 685 2455 D CCodecConfig: c2::u32 input.delay.value = 0
06-20 13:36:25.471 685 2455 D CCodecConfig: string input.media-type.value = "audio/vorbis"
06-20 13:36:25.471 685 2455 D CCodecConfig: string output.media-type.value = "audio/raw"
06-20 13:36:25.471 685 2455 D CCodecConfig: c2::u32 raw.channel-count.value = 1
06-20 13:36:25.471 685 2455 D CCodecConfig: c2::u32 raw.sample-rate.value = 48000
06-20 13:36:25.471 685 2455 D CCodecConfig: }
06-20 13:36:25.471 685 2454 D CCodecConfig: c2 config diff is Dict {
06-20 13:36:25.471 685 2454 D CCodecConfig: c2::u32 coded.bitrate.value = 64000
06-20 13:36:25.471 685 2454 D CCodecConfig: c2::u32 input.buffers.max-size.value = 32768
06-20 13:36:25.471 685 2454 D CCodecConfig: c2::u32 input.delay.value = 0
06-20 13:36:25.471 685 2454 D CCodecConfig: string input.media-type.value = "audio/vorbis"
06-20 13:36:25.471 685 2454 D CCodecConfig: string output.media-type.value = "audio/raw"
06-20 13:36:25.471 685 2454 D CCodecConfig: c2::u32 raw.channel-count.value = 1
06-20 13:36:25.471 685 2454 D CCodecConfig: c2::u32 raw.sample-rate.value = 48000
06-20 13:36:25.471 685 2454 D CCodecConfig: }
06-20 13:36:25.475 685 2454 D MediaCodec: flushMediametrics
06-20 13:36:25.475 685 2454 D CCodec : [c2.android.vorbis.decoder] buffers are bound to CCodec for this session
06-20 13:36:25.475 685 2454 D CCodecConfig: no c2 equivalents for durationUs
06-20 13:36:25.475 685 2454 D CCodecConfig: no c2 equivalents for track-id
06-20 13:36:25.475 685 2454 D CCodecConfig: no c2 equivalents for csd-1
06-20 13:36:25.475 685 2454 D CCodecConfig: no c2 equivalents for flags
06-20 13:36:25.475 685 2455 D MediaCodec: flushMediametrics
06-20 13:36:25.475 685 2455 D CCodec : [c2.android.vorbis.decoder] buffers are bound to CCodec for this session
06-20 13:36:25.475 685 2455 D CCodecConfig: no c2 equivalents for durationUs
06-20 13:36:25.475 685 2455 D CCodecConfig: no c2 equivalents for track-id
06-20 13:36:25.475 685 2455 D CCodecConfig: no c2 equivalents for csd-1
06-20 13:36:25.476 685 2455 D CCodecConfig: no c2 equivalents for flags
06-20 13:36:25.476 685 2454 D CCodecConfig: c2 config diff is c2::u32 coded.bitrate.value = 112000
06-20 13:36:25.476 685 2454 D CCodecConfig: c2::u32 raw.channel-count.value = 2
06-20 13:36:25.476 685 2454 D CCodecConfig: c2::u32 raw.sample-rate.value = 44100
06-20 13:36:25.476 685 2455 D CCodecConfig: c2 config diff is c2::u32 coded.bitrate.value = 112000
06-20 13:36:25.476 685 2455 D CCodecConfig: c2::u32 raw.channel-count.value = 2
06-20 13:36:25.476 685 2455 D CCodecConfig: c2::u32 raw.sample-rate.value = 44100
06-20 13:36:25.477 685 2454 W Codec2Client: query -- param skipped: index = 1107298332.
06-20 13:36:25.477 685 2454 D CCodec : encoding statistics level = 0
06-20 13:36:25.477 685 2454 D CCodec : setup formats input: AMessage(what = 0x00000000) = {
06-20 13:36:25.477 685 2454 D CCodec : int32_t bitrate = 112000
06-20 13:36:25.477 685 2454 D CCodec : int32_t channel-count = 2
06-20 13:36:25.477 685 2454 D CCodec : int32_t max-input-size = 32768
06-20 13:36:25.477 685 2454 D CCodec : string mime = "audio/vorbis"
06-20 13:36:25.477 685 2454 D CCodec : int32_t sample-rate = 44100
06-20 13:36:25.477 685 2454 D CCodec : }
06-20 13:36:25.477 685 2454 D CCodec : setup formats output: AMessage(what = 0x00000000) = {
06-20 13:36:25.477 685 2454 D CCodec : int32_t channel-count = 2
06-20 13:36:25.477 685 2454 D CCodec : string mime = "audio/raw"
06-20 13:36:25.477 685 2454 D CCodec : int32_t sample-rate = 44100
06-20 13:36:25.477 685 2454 D CCodec : int32_t channel-mask = 3
06-20 13:36:25.477 685 2454 D CCodec : int32_t android._config-pcm-encoding = 2
06-20 13:36:25.477 685 2454 D CCodec : }
06-20 13:36:25.477 685 2454 I CCodecConfig: query failed after returning 7 values (BAD_INDEX)
06-20 13:36:25.477 685 2455 W Codec2Client: query -- param skipped: index = 1107298332.
06-20 13:36:25.477 685 2455 D CCodec : encoding statistics level = 0
06-20 13:36:25.477 685 2455 D CCodec : setup formats input: AMessage(what = 0x00000000) = {
06-20 13:36:25.477 685 2455 D CCodec : int32_t bitrate = 112000
06-20 13:36:25.477 685 2455 D CCodec : int32_t channel-count = 2
06-20 13:36:25.477 685 2455 D CCodec : int32_t max-input-size = 32768
06-20 13:36:25.477 685 2455 D CCodec : string mime = "audio/vorbis"
06-20 13:36:25.477 685 2455 D CCodec : int32_t sample-rate = 44100
06-20 13:36:25.477 685 2455 D CCodec : }
06-20 13:36:25.477 685 2455 D CCodec : setup formats output: AMessage(what = 0x00000000) = {
06-20 13:36:25.477 685 2455 D CCodec : int32_t channel-count = 2
06-20 13:36:25.477 685 2455 D CCodec : string mime = "audio/raw"
06-20 13:36:25.477 685 2455 D CCodec : int32_t sample-rate = 44100
06-20 13:36:25.477 685 2455 D CCodec : int32_t channel-mask = 3
06-20 13:36:25.477 685 2455 D CCodec : int32_t android._config-pcm-encoding = 2
06-20 13:36:25.477 685 2455 D CCodec : }
06-20 13:36:25.477 685 2455 I CCodecConfig: query failed after returning 7 values (BAD_INDEX)
06-20 13:36:25.477 685 2454 W Codec2Client: query -- param skipped: index = 1342179345.
06-20 13:36:25.478 685 2454 W Codec2Client: query -- param skipped: index = 2415921170.
06-20 13:36:25.478 685 2455 W Codec2Client: query -- param skipped: index = 1342179345.
06-20 13:36:25.478 685 2455 W Codec2Client: query -- param skipped: index = 2415921170.
06-20 13:36:25.479 581 627 D BufferPoolAccessor2.0: bufferpool2 0xe9d016a8 : 0(0 size) total buffers - 0(0 size) used buffers - 7/10 (recycle/alloc) - 3/9 (fetch/transfer)
06-20 13:36:25.479 581 1174 D BufferPoolAccessor2.0: bufferpool2 0xe9d02548 : 0(0 size) total buffers - 0(0 size) used buffers - 5/7 (recycle/alloc) - 2/6 (fetch/transfer)
06-20 13:36:25.479 581 581 D BufferPoolAccessor2.0: bufferpool2 0xe9d03868 : 0(0 size) total buffers - 0(0 size) used buffers - 7/11 (recycle/alloc) - 4/10 (fetch/transfer)
06-20 13:36:25.479 581 581 D BufferPoolAccessor2.0: Destruction - bufferpool2 0xe9d03868 cached: 0/0M, 0/0% in use; allocs: 11, 64% recycled; transfers: 10, 60% unfetched
06-20 13:36:25.479 581 627 D BufferPoolAccessor2.0: Destruction - bufferpool2 0xe9d016a8 cached: 0/0M, 0/0% in use; allocs: 10, 70% recycled; transfers: 9, 67% unfetched
06-20 13:36:25.479 685 2454 D CCodecBufferChannel: [c2.android.vorbis.decoder#960] Created input block pool with allocatorID 16 => poolID 23 - OK (0)
06-20 13:36:25.479 581 1199 D BufferPoolAccessor2.0: bufferpool2 0xe9d01108 : 0(0 size) total buffers - 0(0 size) used buffers - 10/15 (recycle/alloc) - 7/14 (fetch/transfer)
06-20 13:36:25.479 581 1199 D BufferPoolAccessor2.0: Destruction - bufferpool2 0xe9d01108 cached: 0/0M, 0/0% in use; allocs: 15, 67% recycled; transfers: 14, 50% unfetched
06-20 13:36:25.479 581 1146 D BufferPoolAccessor2.0: bufferpool2 0xe9d02668 : 0(0 size) total buffers - 0(0 size) used buffers - 8/10 (recycle/alloc) - 2/9 (fetch/transfer)
06-20 13:36:25.479 581 1146 D BufferPoolAccessor2.0: Destruction - bufferpool2 0xe9d02668 cached: 0/0M, 0/0% in use; allocs: 10, 80% recycled; transfers: 9, 78% unfetched
06-20 13:36:25.480 581 1150 D BufferPoolAccessor2.0: bufferpool2 0xe9d021e8 : 0(0 size) total buffers - 0(0 size) used buffers - 13/15 (recycle/alloc) - 2/14 (fetch/transfer)
06-20 13:36:25.480 581 1150 D BufferPoolAccessor2.0: Destruction - bufferpool2 0xe9d021e8 cached: 0/0M, 0/0% in use; allocs: 15, 87% recycled; transfers: 14, 86% unfetched
06-20 13:36:25.480 581 1174 D BufferPoolAccessor2.0: Destruction - bufferpool2 0xe9d02548 cached: 0/0M, 0/0% in use; allocs: 7, 71% recycled; transfers: 6, 67% unfetched
06-20 13:36:25.480 685 2455 D CCodecBufferChannel: [c2.android.vorbis.decoder#953] Created input block pool with allocatorID 16 => poolID 24 - OK (0)
06-20 13:36:25.481 685 1212 D BufferPoolAccessor2.0: bufferpool2 0xb89cc988 : 0(0 size) total buffers - 0(0 size) used buffers - 1/7 (recycle/alloc) - 6/18 (fetch/transfer)
06-20 13:36:25.481 685 1212 D BufferPoolAccessor2.0: Destruction - bufferpool2 0xb89cc988 cached: 0/0M, 0/0% in use; allocs: 7, 14% recycled; transfers: 18, 67% unfetched
06-20 13:36:25.481 685 1188 D BufferPoolAccessor2.0: bufferpool2 0xb89d6dc8 : 0(0 size) total buffers - 0(0 size) used buffers - 2/7 (recycle/alloc) - 5/24 (fetch/transfer)
06-20 13:36:25.481 685 1212 D BufferPoolAccessor2.0: bufferpool2 0xb89cf568 : 0(0 size) total buffers - 0(0 size) used buffers - 2/7 (recycle/alloc) - 9/34 (fetch/transfer)
06-20 13:36:25.481 685 1212 D BufferPoolAccessor2.0: Destruction - bufferpool2 0xb89cf568 cached: 0/0M, 0/0% in use; allocs: 7, 29% recycled; transfers: 34, 74% unfetched
06-20 13:36:25.481 685 761 D BufferPoolAccessor2.0: bufferpool2 0xb89ecde8 : 0(0 size) total buffers - 0(0 size) used buffers - 1/7 (recycle/alloc) - 6/26 (fetch/transfer)
06-20 13:36:25.481 685 761 D BufferPoolAccessor2.0: Destruction - bufferpool2 0xb89ecde8 cached: 0/0M, 0/0% in use; allocs: 7, 14% recycled; transfers: 26, 77% unfetched
06-20 13:36:25.481 685 1212 D BufferPoolAccessor2.0: bufferpool2 0xb89eefa8 : 0(0 size) total buffers - 0(0 size) used buffers - 2/7 (recycle/alloc) - 5/34 (fetch/transfer)
06-20 13:36:25.481 685 1212 D BufferPoolAccessor2.0: Destruction - bufferpool2 0xb89eefa8 cached: 0/0M, 0/0% in use; allocs: 7, 29% recycled; transfers: 34, 85% unfetched
06-20 13:36:25.481 685 1188 D BufferPoolAccessor2.0: Destruction - bufferpool2 0xb89d6dc8 cached: 0/0M, 0/0% in use; allocs: 7, 29% recycled; transfers: 24, 79% unfetched
06-20 13:36:25.481 685 1192 D BufferPoolAccessor2.0: bufferpool2 0xb89ca6a8 : 0(0 size) total buffers - 0(0 size) used buffers - 1/7 (recycle/alloc) - 6/24 (fetch/transfer)
06-20 13:36:25.481 685 1192 D BufferPoolAccessor2.0: Destruction - bufferpool2 0xb89ca6a8 cached: 0/0M, 0/0% in use; allocs: 7, 14% recycled; transfers: 24, 75% unfetched
06-20 13:36:25.482 685 2454 I CCodecBufferChannel: [c2.android.vorbis.decoder#960] Created output block pool with allocatorID 16 => poolID 23 - OK
06-20 13:36:25.482 685 2454 D CCodecBufferChannel: [c2.android.vorbis.decoder#960] Configured output block pool ids 23 => OK
06-20 13:36:25.482 461 1087 I C2VendorComponentStore: setDmaBufUsage 5
06-20 13:36:25.483 685 2455 I CCodecBufferChannel: [c2.android.vorbis.decoder#953] Created output block pool with allocatorID 16 => poolID 24 - OK
06-20 13:36:25.483 685 2455 D CCodecBufferChannel: [c2.android.vorbis.decoder#953] Configured output block pool ids 24 => OK
06-20 13:36:25.485 581 2457 D SimpleC2Component: Using output block pool with poolID 24 => got 24 - 0
06-20 13:36:25.486 581 2456 D SimpleC2Component: Using output block pool with poolID 23 => got 23 - 0
06-20 13:36:25.510 461 1087 I C2VendorComponentStore: setDmaBufUsage 5
06-20 13:36:25.516 454 640 I vaudio_apps:
06-20 13:36:25.516 Nano_DevsEvent(333): list { 'add', 'hidraw0' }
06-20 13:36:25.517 454 637 I vaudio_apps:
06-20 13:36:25.517 Nano_HidrawOpen(1581): Match Dev Fail!!!
06-20 13:36:25.517 454 637 I vaudio_apps:
06-20 13:36:25.517 Nano_EventHandle(240): [0]Device Unkown
06-20 13:36:25.547 685 2454 D CCodecBufferChannel: [c2.android.vorbis.decoder#960] MediaCodec discarded an unknown buffer
06-20 13:36:25.547 685 2454 D CCodecBufferChannel: [c2.android.vorbis.decoder#960] MediaCodec discarded an unknown buffer
06-20 13:36:25.547 685 2454 D CCodecBufferChannel: [c2.android.vorbis.decoder#960] MediaCodec discarded an unknown buffer
06-20 13:36:25.550 685 2454 I hw-BpHwBinder: onLastStrongRef automatically unlinking death recipients
06-20 13:36:25.550 581 2458 I hw-BpHwBinder: onLastStrongRef automatically unlinking death recipients
06-20 13:36:25.554 685 2451 D MediaCodec: flushMediametrics
06-20 13:36:25.559 1865 2450 D XM_HIDREAD: poll ret=1, event=1
06-20 13:36:25.559 1865 2450 D XM_HIDREAD: [9 bytes]:01 00 00 00 00 00 00 00 00
06-20 13:36:25.561 1957 1957 I SogouIME: onKeyUp: keyoCode=20
06-20 13:36:25.561 1957 1957 I DefaultIMS: onKeyUp: keyoCode=20
06-20 13:36:25.562 1423 1423 E SecondScreen: FirstScreenLayoutView dispatchKeyEvent 20
06-20 13:36:25.569 570 919 I AmFFmpegByteIOAdapter: File size : 13299
06-20 13:36:25.571 570 919 W exFFmpeg: Invalid return value 0 for stream protocol
06-20 13:36:25.571 570 919 W exFFmpeg: Invalid return value 0 for stream protocol
06-20 13:36:25.572 570 919 I AmFFmpegExtractor: checkInList: iswhite:0, mime:audio/ogg, type:1, id:86021 tag:0
06-20 13:36:25.572 570 919 I AmFFmpegExtractor: checkInList: iswhite:1, mime:audio/ogg, type:1, id:86021 tag:0
06-20 13:36:25.572 570 919 E AmFFmpegExtractor: codec_ctx->properties: 0
06-20 13:36:25.572 570 919 I AmFFmpegExtractor: checkSupportInList ret 1
06-20 13:36:25.574 685 2455 D CCodecBufferChannel: [c2.android.vorbis.decoder#953] MediaCodec discarded an unknown buffer
06-20 13:36:25.574 570 919 I AmFFmpegExtractor: checkInList: iswhite:0, mime:audio/ogg, type:1, id:86021 tag:0
06-20 13:36:25.574 570 919 I AmFFmpegExtractor: checkInList: iswhite:1, mime:audio/ogg, type:1, id:86021 tag:0
06-20 13:36:25.574 570 919 E AmFFmpegExtractor: codec_ctx->properties: 0
06-20 13:36:25.574 570 919 I AmFFmpegExtractor: checkSupportInList ret 0
06-20 13:36:25.574 570 919 E AmFFmpegExtractor: vendor do not support
06-20 13:36:25.575 685 2455 D CCodecBufferChannel: [c2.android.vorbis.decoder#953] MediaCodec discarded an unknown buffer
06-20 13:36:25.575 685 2455 D CCodecBufferChannel: [c2.android.vorbis.decoder#953] MediaCodec discarded an unknown buffer
06-20 13:36:25.580 685 2455 I hw-BpHwBinder: onLastStrongRef automatically unlinking death recipients
06-20 13:36:25.580 581 1146 I hw-BpHwBinder: onLastStrongRef automatically unlinking death recipients
06-20 13:36:25.581 581 1146 I hw-BpHwBinder: onLastStrongRef automatically unlinking death recipients
06-20 13:36:25.581 685 2452 D MediaCodec: flushMediametrics
06-20 13:36:25.592 685 2451 D MediaCodecList: codecHandlesFormat: no format, so no extra checks
06-20 13:36:25.594 685 2462 D CCodec : allocate(c2.android.vorbis.decoder)
06-20 13:36:25.595 685 2462 I CCodec : setting up 'default' as default (vendor) store
06-20 13:36:25.598 685 2462 I CCodec : Created component [c2.android.vorbis.decoder]
06-20 13:36:25.598 685 2462 D CCodecConfig: read media type: audio/vorbis
06-20 13:36:25.604 685 2462 D ReflectedParamUpdater: extent() != 1 for single value type: algo.buffers.max-count.values
06-20 13:36:25.605 685 2462 D ReflectedParamUpdater: extent() != 1 for single value type: output.subscribed-indices.values
06-20 13:36:25.605 685 2462 D ReflectedParamUpdater: extent() != 1 for single value type: input.buffers.allocator-ids.values
06-20 13:36:25.605 685 2462 D ReflectedParamUpdater: extent() != 1 for single value type: output.buffers.allocator-ids.values
06-20 13:36:25.605 685 2462 D ReflectedParamUpdater: extent() != 1 for single value type: algo.buffers.allocator-ids.values
06-20 13:36:25.608 685 2462 D ReflectedParamUpdater: extent() != 1 for single value type: output.buffers.pool-ids.values
06-20 13:36:25.608 685 2462 D ReflectedParamUpdater: extent() != 1 for single value type: algo.buffers.pool-ids.values
06-20 13:36:25.609 685 2462 I CCodecConfig: query failed after returning 7 values (BAD_INDEX)
06-20 13:36:25.609 685 2462 D CCodecConfig: c2 config diff is Dict {
06-20 13:36:25.609 685 2462 D CCodecConfig: c2::u32 coded.bitrate.value = 64000
06-20 13:36:25.609 685 2462 D CCodecConfig: c2::u32 input.buffers.max-size.value = 32768
06-20 13:36:25.609 685 2462 D CCodecConfig: c2::u32 input.delay.value = 0
06-20 13:36:25.609 685 2462 D CCodecConfig: string input.media-type.value = "audio/vorbis"
06-20 13:36:25.609 685 2462 D CCodecConfig: string output.media-type.value = "audio/raw"
06-20 13:36:25.609 685 2462 D CCodecConfig: c2::u32 raw.channel-count.value = 1
06-20 13:36:25.609 685 2462 D CCodecConfig: c2::u32 raw.sample-rate.value = 48000
06-20 13:36:25.609 685 2462 D CCodecConfig: }
06-20 13:36:25.612 685 2462 D MediaCodec: flushMediametrics
06-20 13:36:25.612 685 2462 D CCodec : [c2.android.vorbis.decoder] buffers are bound to CCodec for this session
06-20 13:36:25.612 685 2462 D CCodecConfig: no c2 equivalents for durationUs
06-20 13:36:25.612 685 2462 D CCodecConfig: no c2 equivalents for track-id
06-20 13:36:25.612 685 2462 D CCodecConfig: no c2 equivalents for csd-1
06-20 13:36:25.612 685 2462 D CCodecConfig: no c2 equivalents for flags
06-20 13:36:25.613 685 2462 D CCodecConfig: c2 config diff is c2::u32 coded.bitrate.value = 112000
06-20 13:36:25.613 685 2462 D CCodecConfig: c2::u32 raw.channel-count.value = 2
06-20 13:36:25.613 685 2462 D CCodecConfig: c2::u32 raw.sample-rate.value = 44100
06-20 13:36:25.613 685 2462 W Codec2Client: query -- param skipped: index = 1107298332.
06-20 13:36:25.613 685 2462 D CCodec : encoding statistics level = 0
06-20 13:36:25.613 685 2462 D CCodec : setup formats input: AMessage(what = 0x00000000) = {
06-20 13:36:25.613 685 2462 D CCodec : int32_t bitrate = 112000
06-20 13:36:25.613 685 2462 D CCodec : int32_t channel-count = 2
06-20 13:36:25.613 685 2462 D CCodec : int32_t max-input-size = 32768
06-20 13:36:25.613 685 2462 D CCodec : string mime = "audio/vorbis"
06-20 13:36:25.613 685 2462 D CCodec : int32_t sample-rate = 44100
06-20 13:36:25.613 685 2462 D CCodec : }
06-20 13:36:25.614 685 2462 D CCodec : setup formats output: AMessage(what = 0x00000000) = {
06-20 13:36:25.614 685 2462 D CCodec : int32_t channel-count = 2
06-20 13:36:25.614 685 2462 D CCodec : string mime = "audio/raw"
06-20 13:36:25.614 685 2462 D CCodec : int32_t sample-rate = 44100
06-20 13:36:25.614 685 2462 D CCodec : int32_t channel-mask = 3
06-20 13:36:25.614 685 2462 D CCodec : int32_t android._config-pcm-encoding = 2
06-20 13:36:25.614 685 2462 D CCodec : }
06-20 13:36:25.614 685 2462 I CCodecConfig: query failed after returning 7 values (BAD_INDEX)
06-20 13:36:25.615 685 2462 W Codec2Client: query -- param skipped: index = 1342179345.
06-20 13:36:25.615 685 2462 W Codec2Client: query -- param skipped: index = 2415921170.
06-20 13:36:25.616 685 2462 D CCodecBufferChannel: [c2.android.vorbis.decoder#917] Created input block pool with allocatorID 16 => poolID 25 - OK (0)
06-20 13:36:25.618 685 2462 I CCodecBufferChannel: [c2.android.vorbis.decoder#917] Created output block pool with allocatorID 16 => poolID 25 - OK
06-20 13:36:25.618 685 2462 D CCodecBufferChannel: [c2.android.vorbis.decoder#917] Configured output block pool ids 25 => OK
06-20 13:36:25.619 461 552 I C2VendorComponentStore: setDmaBufUsage 5
06-20 13:36:25.623 581 2463 D SimpleC2Component: Using output block pool with poolID 25 => got 25 - 0
06-20 13:36:25.630 461 552 I C2VendorComponentStore: setDmaBufUsage 5
06-20 13:36:25.662 685 2462 D CCodecBufferChannel: [c2.android.vorbis.decoder#917] MediaCodec discarded an unknown buffer
06-20 13:36:25.662 685 2462 D CCodecBufferChannel: [c2.android.vorbis.decoder#917] MediaCodec discarded an unknown buffer
06-20 13:36:25.662 685 2462 D CCodecBufferChannel: [c2.android.vorbis.decoder#917] MediaCodec discarded an unknown buffer
06-20 13:36:25.664 685 2462 I hw-BpHwBinder: onLastStrongRef automatically unlinking death recipients
06-20 13:36:25.664 581 1150 I hw-BpHwBinder: onLastStrongRef automatically unlinking death recipients
06-20 13:36:25.664 581 1150 I hw-BpHwBinder: onLastStrongRef automatically unlinking death recipients
06-20 13:36:25.665 685 2451 D MediaCodec: flushMediametrics
06-20 13:36:25.780 1423 1620 E hq : ErrorCoroutineExceptionHandler:::runTry error:com.dangbei.leard.base.proider.error.EmptyApiException: 数据为空 from=requestMessageDialog from=requestMessageDialog
06-20 13:36:25.801 1423 1423 E SecondScreen: isShowSecondScreen()=1 getCurrentPageState()=com.monster.gamma.core.LoadService@816a306
06-20 13:36:25.809 442 2465 I resolv : GetAddrInfoHandler::run: {100 786532 100 983140 1000 0}
06-20 13:36:25.811 442 2466 I resolv : res_nmkquery: (QUERY, IN, A)
06-20 13:36:25.811 442 2466 I resolv : resolv_cache_lookup: FOUND IN CACHE entry=0xea106e50
06-20 13:36:25.811 442 2466 I resolv : doQuery: rcode=0, ancount=9, return value=468
06-20 13:36:25.813 1423 1802 D TrafficStats: tagSocket(78) with statsTag=0xffffffff, statsUid=-1
06-20 13:36:25.899 0 0 W : [3 T1046 ..] [SP FRAME RX] arp req,vif_idx:0 sender:[c8:bf:4c:1d:7a:99 192.168.31.1]receiver:[00:00:00:00:00:00 192.168.31.30]
06-20 13:36:25.900 0 0 W : [3 T1046 ..] [SP FRAME TX] arp rsp,vif_idx:0 sender:[1c:79:2d:20:62:cb 192.168.31.30]receiver:[c8:bf:4c:1d:7a:99 192.168.31.1]
06-20 13:36:26.111 1973 1973 D CompatibilityChangeReporter: Compat change id reported: 253665015; UID 10017; state: ENABLED
06-20 13:36:26.112 1973 1973 D CompatibilityChangeReporter: Compat change id reported: 194532703; UID 10017; state: ENABLED
06-20 13:36:26.114 685 752 D CompatibilityChangeReporter: Compat change id reported: 253665015; UID 10017; state: ENABLED
06-20 13:36:26.114 685 752 D CompatibilityChangeReporter: Compat change id reported: 194532703; UID 10017; state: ENABLED
06-20 13:36:26.306 685 857 D SntpClient: request time failed: java.net.SocketTimeoutException: Poll timed out
06-20 13:36:26.306 685 857 D TrafficStats: tagSocket(393) with statsTag=0xffffff41, statsUid=-1
06-20 13:36:26.355 442 2475 I resolv : GetAddrInfoHandler::run: {100 100 100 983140 10044 0}
06-20 13:36:26.356 442 2476 I resolv : res_nmkquery: (QUERY, IN, A)
06-20 13:36:26.378 442 2476 I resolv : res_nsend: used send_dg 472 terrno: 0
06-20 13:36:26.378 442 2476 I resolv : doQuery: rcode=0, ancount=6, return value=472
06-20 13:36:26.380 2239 2285 D TrafficStats: tagSocket(154) with statsTag=0xffffffff, statsUid=-1
06-20 13:36:26.528 985 985 D AvrcpBrowsablePlayerConnector: Received a message: msg.what=2
06-20 13:36:26.528 985 985 V AvrcpBrowsablePlayerConnector: Timed out waiting for players
06-20 13:36:26.528 985 985 I AvrcpBrowsablePlayerConnector: Successfully connected to 0 browsable players.
06-20 13:36:26.528 985 985 I MediaPlayerList: init: Browsable Player list size is 0
06-20 13:36:26.547 478 501 I WifiHAL : call wifi_get_link_stats handler
06-20 13:36:26.547 478 501 I WifiHAL : Creating message to get link statistics; iface = 16
06-20 13:36:26.547 478 501 D WifiHAL : error code -95 mapped to -3
06-20 13:36:26.548 685 822 E WifiStaIfaceAidlImpl: getLinkLayerStats failed with service-specific exception: android.os.ServiceSpecificException: (code 4)
06-20 13:36:26.563 1865 2450 D XM_HIDREAD: poll ret=1, event=1
06-20 13:36:26.563 1865 2450 D XM_HIDREAD: [9 bytes]:01 00 00 28 00 00 00 00 00
06-20 13:36:26.565 1957 1957 I SogouIME: onKeyDown: keyoCode=23
06-20 13:36:26.565 1957 1957 I DefaultIMS: onKeyDown: keyoCode=23
06-20 13:36:26.582 985 1229 I bt_btif_dm: packages/modules/Bluetooth/system/btif/src/btif_dm.cc:691 btif_update_remote_properties: cod from storage is also unclassified
06-20 13:36:26.675 1865 2450 D XM_HIDREAD: poll ret=1, event=1
06-20 13:36:26.675 1865 2450 D XM_HIDREAD: [9 bytes]:01 00 00 00 00 00 00 00 00
06-20 13:36:26.677 1957 1957 I SogouIME: onKeyUp: keyoCode=23
06-20 13:36:26.677 1957 1957 I DefaultIMS: onKeyUp: keyoCode=23
06-20 13:36:26.689 1423 1423 W ContextImpl: Calling a method in the system process without a qualified user: android.app.ContextImpl.startActivity:1102 android.content.ContextWrapper.startActivity:436 ie.b.f:119 ie.a.b:75 ge.a.c:71
06-20 13:36:26.689 1423 1423 W ContextImpl: Calling a method in the system process without a qualified user: android.app.ContextImpl.startActivity:1114 android.app.ContextImpl.startActivity:1103 android.content.ContextWrapper.startActivity:436 ie.b.f:119 ie.a.b:75
06-20 13:36:26.692 685 2118 D CompatibilityChangeReporter: Compat change id reported: 265464455; UID 10076; state: DISABLED
06-20 13:36:26.693 685 2118 D CompatibilityChangeReporter: Compat change id reported: 265452344; UID 10076; state: DISABLED
06-20 13:36:26.693 685 2118 D CompatibilityChangeReporter: Compat change id reported: 266124927; UID 10076; state: DISABLED
06-20 13:36:26.693 685 2118 D CompatibilityChangeReporter: Compat change id reported: 265451093; UID 10076; state: DISABLED
06-20 13:36:26.694 685 2118 D CompatibilityChangeReporter: Compat change id reported: 265456536; UID 10076; state: DISABLED
06-20 13:36:26.694 1423 1802 D TrafficStats: tagSocket(78) with statsTag=0xffffffff, statsUid=-1
06-20 13:36:26.694 685 2118 D CompatibilityChangeReporter: Compat change id reported: 255940284; UID 10076; state: DISABLED
06-20 13:36:26.694 685 2118 D CompatibilityChangeReporter: Compat change id reported: 236283604; UID 10076; state: DISABLED
06-20 13:36:26.694 685 2118 D CompatibilityChangeReporter: Compat change id reported: 263959004; UID 10076; state: DISABLED
06-20 13:36:26.695 685 2118 D CompatibilityChangeReporter: Compat change id reported: 264304459; UID 10076; state: DISABLED
06-20 13:36:26.695 685 2118 D CompatibilityChangeReporter: Compat change id reported: 264301586; UID 10076; state: DISABLED
06-20 13:36:26.695 685 2118 D CompatibilityChangeReporter: Compat change id reported: 254631730; UID 10076; state: DISABLED
06-20 13:36:26.696 685 2118 D CompatibilityChangeReporter: Compat change id reported: 273509367; UID 10076; state: DISABLED
06-20 13:36:26.696 685 2118 D CompatibilityChangeReporter: Compat change id reported: 263259275; UID 10076; state: DISABLED
06-20 13:36:26.696 685 2118 D CompatibilityChangeReporter: Compat change id reported: 174042980; UID 10076; state: DISABLED
06-20 13:36:26.697 685 2118 D CompatibilityChangeReporter: Compat change id reported: 174042936; UID 10076; state: DISABLED
06-20 13:36:26.697 685 2118 D CompatibilityChangeReporter: Compat change id reported: 181136395; UID 10076; state: DISABLED
06-20 13:36:26.702 685 2118 D CompatibilityChangeReporter: Compat change id reported: 194480991; UID 10076; state: ENABLED
06-20 13:36:26.704 685 2118 E CellBroadcastUtils: getDefaultCellBroadcastReceiverPackageName: no package found
06-20 13:36:26.709 685 2118 D CompatibilityChangeReporter: Compat change id reported: 184838306; UID 10076; state: DISABLED
06-20 13:36:26.709 685 2118 D CompatibilityChangeReporter: Compat change id reported: 185004937; UID 10076; state: DISABLED
06-20 13:36:26.711 685 2118 D CompatibilityChangeReporter: Compat change id reported: 197654537; UID 10076; state: DISABLED
06-20 13:36:26.714 685 2118 V SplashScreenExceptionList: SplashScreen checking exception for package com.tongyong.xxbox (target sdk:26) -> false
06-20 13:36:26.715 685 2118 D CompatibilityChangeReporter: Compat change id reported: 205907456; UID 10076; state: DISABLED
06-20 13:36:26.725 685 2118 D CompatibilityChangeReporter: Compat change id reported: 194833441; UID 10076; state: DISABLED
06-20 13:36:26.725 901 979 V WindowManagerShell: Transition requested: android.os.BinderProxy@f705bb3 TransitionRequestInfo { type = 1, triggerTask = TaskInfo{userId=0 taskId=33 displayId=0 isRunning=true baseIntent=Intent { act=android.intent.action.MAIN cat=[android.intent.category.LAUNCHER] flg=0x10000000 pkg=com.tongyong.xxbox cmp=com.tongyong.xxbox/.activity.SplashActivity } baseActivity=ComponentInfo{com.tongyong.xxbox/com.tongyong.xxbox.activity.SplashActivity} topActivity=ComponentInfo{com.tongyong.xxbox/com.tongyong.xxbox.activity.SplashActivity} origActivity=null realActivity=ComponentInfo{com.tongyong.xxbox/com.tongyong.xxbox.activity.SplashActivity} numActivities=1 lastActiveTime=33566 supportsMultiWindow=true resizeMode=1 isResizeable=true minWidth=-1 minHeight=-1 defaultMinSize=220 token=WCT{android.window.IWindowContainerToken$Stub$Proxy@e39c570} topActivityType=1 pictureInPictureParams=null shouldDockBigOverlays=true launchIntoPipHostTaskId=-1 lastParentTaskIdBeforePip=-1 displayCutoutSafeInsets=null topActivityInfo=ActivityInfo{d6160e9 com.tongyong.xxbox.activity.SplashActivity} launchCookies=[] positionInParent=Point(0, 0) parentTaskId=-1 isFocused=false isVisible=false isVisibleRequested=false isSleeping=false topActivityInSizeCompat=false topActivityEligibleForLetterboxEducation= false isLetterboxDoubleTapEnabled= false topActivityEligibleForUserAspectRatioButton= false topActivityBoundsLetterboxed= false isFromLetterboxDoubleTap= false topActivityLetterboxVerticalPosition= -1 topActivityLetterboxHorizontalPosition= -1 topActivityLetterboxWidth=-1 topActivityLetterboxHeight=-1 isUserFullscreenOverrideEnabled=false isTopActivityTransparent=false locusId=null displayAreaFeatureId=1 cameraCompatControlState=hidden}, remoteTransition = null, displayChange = null, flags = 0 }
06-20 13:36:26.726 685 2118 I ActivityTaskManager: START u0 {act=android.intent.action.MAIN cat=[android.intent.category.LAUNCHER] flg=0x10000000 pkg=com.tongyong.xxbox cmp=com.tongyong.xxbox/.activity.SplashActivity} with LAUNCH_MULTIPLE from uid 1000 (BAL_ALLOW_ALLOWLISTED_UID) result code=0
06-20 13:36:26.730 685 711 D CompatibilityChangeReporter: Compat change id reported: 135634846; UID 10076; state: DISABLED
06-20 13:36:26.731 685 719 D CompatibilityChangeReporter: Compat change id reported: 143937733; UID 10076; state: DISABLED
06-20 13:36:26.735 1423 1847 D TrafficStats: tagSocket(150) with statsTag=0xffffffff, statsUid=-1
06-20 13:36:26.737 248 248 I BpBinder: onLastStrongRef automatically unlinking death recipients:
06-20 13:36:26.743 685 763 D CompatibilityChangeReporter: Compat change id reported: 265195908; UID 10076; state: ENABLED
06-20 13:36:26.756 1423 1851 D TrafficStats: tagSocket(132) with statsTag=0xffffffff, statsUid=-1
06-20 13:36:26.758 1423 1423 E SecondScreen: isShowSecondScreen()=1 getCurrentPageState()=com.monster.gamma.core.LoadService@816a306
06-20 13:36:26.759 1423 1423 E SecondScreen: isShowSecondScreen()=1 getCurrentPageState()=com.monster.gamma.core.LoadService@816a306
06-20 13:36:26.770 443 443 D Zygote : Forked child process 2486
06-20 13:36:26.771 685 719 I ActivityManager: Start proc 2486:com.tongyong.xxbox/u0a76 for next-top-activity {com.tongyong.xxbox/com.tongyong.xxbox.activity.SplashActivity}
06-20 13:36:26.781 2486 2486 I Zygote : seccomp disabled by setenforce 0
06-20 13:36:26.788 2486 2486 I .tongyong.xxbox: Using CollectorTypeCC GC.
06-20 13:36:26.795 2486 2486 E .tongyong.xxbox: Not starting debugger since process cannot load the jdwp agent.
06-20 13:36:26.811 685 752 D CompatibilityChangeReporter: Compat change id reported: 168419799; UID 10076; state: DISABLED
06-20 13:36:26.811 685 752 D CompatibilityChangeReporter: Compat change id reported: 273564678; UID 10076; state: DISABLED
06-20 13:36:26.819 2486 2486 D CompatibilityChangeReporter: Compat change id reported: 171979766; UID 10076; state: DISABLED
06-20 13:36:26.819 2486 2486 D CompatibilityChangeReporter: Compat change id reported: 242716250; UID 10076; state: DISABLED
06-20 13:36:26.823 685 752 D CompatibilityChangeReporter: Compat change id reported: 170503758; UID 10076; state: DISABLED
06-20 13:36:26.825 2486 2486 D ApplicationLoaders: Returning zygote-cached class loader: /system/framework/android.test.base.jar
06-20 13:36:26.830 2486 2486 D nativeloader: Configuring clns-4 for other apk /system/framework/org.apache.http.legacy.jar. target_sdk_version=26, uses_libraries=ALL, library_path=/data/app/~~U3g7Ig7guBHQeWSJ4yK06A==/com.tongyong.xxbox-pZuijm6EKlvYrQwQPFYAww==/lib/arm:/data/app/~~U3g7Ig7guBHQeWSJ4yK06A==/com.tongyong.xxbox-pZuijm6EKlvYrQwQPFYAww==/base.apk!/lib/armeabi-v7a, permitted_path=/data:/mnt/expand:/data/user/0/com.tongyong.xxbox
06-20 13:36:26.836 901 979 D WindowManagerShell: TvPipController: onTaskStackChanged()
06-20 13:36:26.872 1423 1431 I d.leradlauncher: Background concurrent copying GC freed 338891(10MB) AllocSpace objects, 110(6680KB) LOS objects, 49% free, 10165KB/19MB, paused 181us,120us total 124.220ms
06-20 13:36:26.895 2486 2486 D nativeloader: Configuring clns-5 for other apk /data/app/~~U3g7Ig7guBHQeWSJ4yK06A==/com.tongyong.xxbox-pZuijm6EKlvYrQwQPFYAww==/base.apk. target_sdk_version=26, uses_libraries=, library_path=/data/app/~~U3g7Ig7guBHQeWSJ4yK06A==/com.tongyong.xxbox-pZuijm6EKlvYrQwQPFYAww==/lib/arm:/data/app/~~U3g7Ig7guBHQeWSJ4yK06A==/com.tongyong.xxbox-pZuijm6EKlvYrQwQPFYAww==/base.apk!/lib/armeabi-v7a, permitted_path=/data:/mnt/expand:/data/user/0/com.tongyong.xxbox
06-20 13:36:26.919 442 517 I netd : setProcSysNet(4, 2, wlan0, retrans_time_ms, 1000) <0.43ms>
06-20 13:36:26.920 442 517 I netd : setProcSysNet(4, 2, wlan0, ucast_solicit, 15) <0.09ms>
06-20 13:36:26.921 442 517 I netd : setProcSysNet(6, 2, wlan0, retrans_time_ms, 1000) <0.14ms>
06-20 13:36:26.922 442 517 I netd : setProcSysNet(6, 2, wlan0, ucast_solicit, 15) <0.11ms>
06-20 13:36:26.944 2486 2486 V GraphicsEnvironment: Currently set values for:
06-20 13:36:26.944 2486 2486 V GraphicsEnvironment: angle_gl_driver_selection_pkgs=[]
06-20 13:36:26.944 2486 2486 V GraphicsEnvironment: angle_gl_driver_selection_values=[]
06-20 13:36:26.944 2486 2486 V GraphicsEnvironment: ANGLE GameManagerService for com.tongyong.xxbox: false
06-20 13:36:26.945 2486 2486 V GraphicsEnvironment: com.tongyong.xxbox is not listed in per-application setting
06-20 13:36:26.945 2486 2486 V GraphicsEnvironment: Neither updatable production driver nor prerelease driver is supported.
06-20 13:36:26.950 2486 2486 I MultiDex: VM with version 2.1.0 has multidex support
06-20 13:36:26.950 2486 2486 I MultiDex: Installing application
06-20 13:36:26.950 2486 2486 I MultiDex: VM has multidex support, MultiDex support library is disabled.
06-20 13:36:26.972 685 752 V WindowManager: app ------------- force_land :0
06-20 13:36:26.977 685 712 D CompatibilityChangeReporter: Compat change id reported: 197654537; UID 1000; state: DISABLED
06-20 13:36:26.989 2486 2486 E ==============: activity.SplashActivity======>onActivityCreated
06-20 13:36:27.011 685 2118 D CompatibilityChangeReporter: Compat change id reported: 161145287; UID 10076; state: DISABLED
06-20 13:36:27.022 442 2512 I resolv : GetAddrInfoHandler::run: {100 100 100 983140 10076 0}
06-20 13:36:27.023 442 2513 I resolv : res_nmkquery: (QUERY, IN, A)
06-20 13:36:27.027 442 2513 I resolv : res_nsend: used send_dg 421 terrno: 0
06-20 13:36:27.028 442 2513 I resolv : doQuery: rcode=0, ancount=2, return value=421
06-20 13:36:27.029 2486 2511 D TrafficStats: tagSocket(72) with statsTag=0xffffffff, statsUid=-1
06-20 13:36:27.085 2486 2486 D CompatibilityChangeReporter: Compat change id reported: 210923482; UID 10076; state: DISABLED
06-20 13:36:27.085 2486 2486 D CompatibilityChangeReporter: Compat change id reported: 37756858; UID 10076; state: DISABLED
06-20 13:36:27.093 272 290 I keystore2: system/security/keystore2/src/watchdog.rs:319 - Watchdog thread idle -> terminating. Have a great day.
06-20 13:36:27.096 685 780 D ActivityManager: freezing 1452 com.android.music
06-20 13:36:27.132 2486 2511 I TrafficStats: untagSocket(72)
06-20 13:36:27.136 2486 2486 I xvbn : onCreate: getPermissionFirst = false ,hasPermission = true
06-20 13:36:27.136 2486 2486 D LocalRepository: readMyPlayerSettings (读取播放器设置信息)
06-20 13:36:27.137 2486 2486 D LocalRepository: info: DecodeSetting : 1
06-20 13:36:27.137 2486 2486 D LocalRepository: info: mp3/16bit/24bit 设置了 IJK_PLAYER
06-20 13:36:27.137 2486 2486 D LocalRepository: info: DTSDecodeSetting : 0
06-20 13:36:27.137 2486 2486 D LocalRepository: info: dts 设置了 Android Player
06-20 13:36:27.142 2486 2486 I xxccv : initSavePath-true->path: /storage/emulated/0 ,cachepath : /storage/emulated/0/Android/data/com.tongyong.xxbox/cache
06-20 13:36:27.144 685 2118 D CompatibilityChangeReporter: Compat change id reported: 149924527; UID 10076; state: ENABLED
06-20 13:36:27.145 685 2118 D CompatibilityChangeReporter: Compat change id reported: 132649864; UID 10076; state: DISABLED
06-20 13:36:27.148 2486 2486 I xxccv : initSavePath-->SAVE_PATH : /storage/emulated/0 ,CACHE_SAVE_PATH : /storage/emulated/0/Android/data/com.tongyong.xxbox/cache
06-20 13:36:27.164 2486 2486 I com.tongyong.xxbox: type=1400 audit(0.0:884): avc: denied { ioctl } for comm=45757468656E69614442202331 path="/storage/emulated/0/Android/.D43447A180D59EEF0EA5A6803083B686/.D1C593128F43E2D009A968D7C663F774" dev="fuse" ino=4477 ioctlcmd=0xf50c scontext=u:r:untrusted_app_27:s0:c512,c768 tcontext=u:object_r:fuse:s0 tclass=file permissive=1 app=com.tongyong.xxbox
06-20 13:36:27.180 2486 2486 I .tongyong.xxbox: type=1400 audit(0.0:885): avc: denied { search } for name="net" dev="sysfs" ino=12345 scontext=u:r:untrusted_app_27:s0:c512,c768 tcontext=u:object_r:sysfs_net:s0 tclass=dir permissive=1 app=com.tongyong.xxbox
06-20 13:36:27.180 2486 2486 I .tongyong.xxbox: type=1400 audit(0.0:886): avc: denied { read } for name="address" dev="sysfs" ino=22127 scontext=u:r:untrusted_app_27:s0:c512,c768 tcontext=u:object_r:sysfs_net:s0 tclass=file permissive=1 app=com.tongyong.xxbox
06-20 13:36:27.180 2486 2486 I .tongyong.xxbox: type=1400 audit(0.0:887): avc: denied { open } for path="/sys/devices/virtual/net/dummy0/address" dev="sysfs" ino=22127 scontext=u:r:untrusted_app_27:s0:c512,c768 tcontext=u:object_r:sysfs_net:s0 tclass=file permissive=1 app=com.tongyong.xxbox
06-20 13:36:27.180 2486 2486 I .tongyong.xxbox: type=1400 audit(0.0:888): avc: denied { getattr } for path="/sys/devices/virtual/net/dummy0/address" dev="sysfs" ino=22127 scontext=u:r:untrusted_app_27:s0:c512,c768 tcontext=u:object_r:sysfs_net:s0 tclass=file permissive=1 app=com.tongyong.xxbox
06-20 13:36:27.197 2486 2486 V NFC : this device does not have NFC support
06-20 13:36:27.204 442 2527 I resolv : GetAddrInfoHandler::run: {100 100 100 983140 10076 0}
06-20 13:36:27.211 442 2528 I resolv : res_nmkquery: (QUERY, IN, A)
06-20 13:36:27.236 0 0 W [0 T2526 ..] audit: audit_lost=145 audit_rate_limit=5 audit_backlog_limit=64
06-20 13:36:27.236 0 0 E [0 T2526 ..] audit: rate limit exceeded
06-20 13:36:27.220 2526 2526 I cat : type=1400 audit(0.0:889): avc: denied { read } for name="arp" dev="proc" ino=4026532015 scontext=u:r:untrusted_app_27:s0:c512,c768 tcontext=u:object_r:proc_net:s0 tclass=file permissive=1 app=com.tongyong.xxbox
06-20 13:36:27.232 442 2528 I resolv : res_nsend: used send_dg 491 terrno: 0
06-20 13:36:27.233 442 2528 I resolv : doQuery: rcode=0, ancount=13, return value=491
06-20 13:36:27.235 2486 2524 D TrafficStats: tagSocket(80) with statsTag=0xffffffff, statsUid=-1
06-20 13:36:27.247 2486 2536 D TrafficStats: tagSocket(82) with statsTag=0xffffffff, statsUid=-1
06-20 13:36:27.269 985 1229 I bt_btif_dm: packages/modules/Bluetooth/system/btif/src/btif_dm.cc:691 btif_update_remote_properties: cod from storage is also unclassified
06-20 13:36:27.323 442 2540 I resolv : GetAddrInfoHandler::run: {100 100 100 983140 10076 0}
06-20 13:36:27.325 442 2541 I resolv : res_nmkquery: (QUERY, IN, A)
06-20 13:36:27.336 442 2541 I resolv : res_nsend: used send_dg 351 terrno: 0
06-20 13:36:27.336 442 2541 I resolv : doQuery: rcode=0, ancount=3, return value=351
06-20 13:36:27.338 2486 2538 D TrafficStats: tagSocket(74) with statsTag=0xffffffff, statsUid=-1
06-20 13:36:27.431 2486 2486 I xxccv : processExtraData-pathUri->false
06-20 13:36:27.431 2486 2486 I xxccv : processExtraData-isactive->1
06-20 13:36:27.433 2486 2486 E ==============: activity.SplashActivity======>onActivityStarted
06-20 13:36:27.435 2486 2486 E ==============: activity.SplashActivity======>onActivityResumed
06-20 13:36:27.439 2486 2486 D CompatibilityChangeReporter: Compat change id reported: 237531167; UID 10076; state: DISABLED
06-20 13:36:27.441 2486 2486 W OpenGLRenderer: Unknown dataspace 0
06-20 13:36:27.444 685 2118 W WindowManager: Failed looking up window session=Session{935dcd2 2486:u0a10076} callers=com.android.server.wm.WindowManagerService.windowForClientLocked:6077 com.android.server.wm.Session.updateRequestedVisibleTypes:695 android.view.IWindowSession$Stub.onTransact:1034
06-20 13:36:27.444 685 752 W WindowManager: [addWindow] title:com.tongyong.xxbox/com.tongyong.xxbox.activity.SplashActivity
06-20 13:36:27.449 2486 2486 I BusinessService: BusinessService-onCreate:
06-20 13:36:27.451 2486 2546 I BusinessService: BusinessService-onHandleIntent:
06-20 13:36:27.454 685 2118 D CoreBackPreview: Window{acd8059 u0 com.tongyong.xxbox/com.tongyong.xxbox.activity.SplashActivity}: Setting back callback OnBackInvokedCallbackInfo{mCallback=android.window.IOnBackInvokedCallback$Stub$Proxy@7b4342a, mPriority=0, mIsAnimationCallback=false}
06-20 13:36:27.462 248 356 W ServiceManagerCppClient: Permission failure: android.permission.ROTATE_SURFACE_FLINGER from uid=10076 pid=0
06-20 13:36:27.463 248 356 D PermissionCache: checking android.permission.ROTATE_SURFACE_FLINGER for uid=10076 => denied (488 us)
06-20 13:36:27.463 248 356 W ServiceManagerCppClient: Permission failure: android.permission.INTERNAL_SYSTEM_WINDOW from uid=10076 pid=0
06-20 13:36:27.463 248 262 W ServiceManagerCppClient: Permission failure: android.permission.ROTATE_SURFACE_FLINGER from uid=10076 pid=2486
06-20 13:36:27.463 248 356 D PermissionCache: checking android.permission.INTERNAL_SYSTEM_WINDOW for uid=10076 => denied (267 us)
06-20 13:36:27.463 248 262 D PermissionCache: checking android.permission.ROTATE_SURFACE_FLINGER for uid=10076 => denied (544 us)
06-20 13:36:27.463 248 356 W ServiceManagerCppClient: Permission failure: android.permission.ACCESS_SURFACE_FLINGER from uid=10076 pid=0
06-20 13:36:27.463 248 356 D PermissionCache: checking android.permission.ACCESS_SURFACE_FLINGER for uid=10076 => denied (218 us)
06-20 13:36:27.463 248 262 W ServiceManagerCppClient: Permission failure: android.permission.ACCESS_SURFACE_FLINGER from uid=10076 pid=2486
06-20 13:36:27.463 248 262 D PermissionCache: checking android.permission.ACCESS_SURFACE_FLINGER for uid=10076 => denied (333 us)
06-20 13:36:27.464 2486 2508 I mali : Successfully parsed 1 environment variable(s) from /vendor/etc/mali_platform.config.
06-20 13:36:27.466 2486 2508 I mali : Successfully parsed 1 environment variable(s) from /vendor/etc/mali_platform.config.
06-20 13:36:27.477 217 217 I hwservicemanager: getTransport: Cannot find entry android.hardware.configstore@1.0::ISurfaceFlingerConfigs/default in either framework or device VINTF manifest.
06-20 13:36:27.491 985 1229 I bt_btif_dm: packages/modules/Bluetooth/system/btif/src/btif_dm.cc:691 btif_update_remote_properties: cod from storage is also unclassified
06-20 13:36:27.502 282 282 I MesonDisplay: [/mode_policy.c, meson_mode_set_policy, 1177] connector:0 to policy:0
06-20 13:36:27.502 282 282 I MesonDisplay: [/mode_policy.c, is_dv_prefer, 66] not prefer dv, hdr_priority:10000010
06-20 13:36:27.502 282 282 I MesonDisplay: [/mode_policy.c, is_dv_prefer, 66] not prefer dv, hdr_priority:10000010
06-20 13:36:27.502 282 282 I MesonDisplay: [/mode_policy.c, hdr_scene_process, 724] policy:0 is_bestcolorspace:1 state:0
06-20 13:36:27.502 282 282 I MesonDisplay: [/mode_policy_parser.c, is_support_hdmimode, 110] is_support_hdmimode mode: 1080p60hz
06-20 13:36:27.502 282 282 I MesonDisplay: [/mode_policy_parser.c, is_support_hdmimode, 110] is_support_hdmimode mode: 2160p60hz
06-20 13:36:27.502 282 282 D MesonDisplay: meson_write /sys/class/amhdmitx/amhdmitx0/valid_mode, outputmode:2160p60hz420,10bit
06-20 13:36:27.502 282 282 D MesonDisplay: valid mode is false!
06-20 13:36:27.502 282 282 I MesonDisplay: [/mode_policy_parser.c, is_support_hdmimode, 110] is_support_hdmimode mode: 2160p50hz
06-20 13:36:27.502 282 282 D MesonDisplay: meson_write /sys/class/amhdmitx/amhdmitx0/valid_mode, outputmode:2160p50hz420,10bit
06-20 13:36:27.502 282 282 D MesonDisplay: valid mode is false!
06-20 13:36:27.502 282 282 I MesonDisplay: [/mode_policy.c, is_support_4kHDR, 507] is_support_4kHDR 4k hdr not support
06-20 13:36:27.502 282 282 I MesonDisplay: [/mode_policy_parser.c, is_support_hdmimode, 110] is_support_hdmimode mode: 1080p60hz
06-20 13:36:27.502 282 282 D MesonDisplay: meson_write /sys/class/amhdmitx/amhdmitx0/valid_mode, outputmode:1080p60hzrgb,10bit
06-20 13:36:27.502 282 282 D MesonDisplay: valid mode is true!
06-20 13:36:27.502 282 282 I MesonDisplay: [/mode_policy.c, is_support_non4kHDR, 552] is_support_non4kHDR mode:[1080p60hz], color format:[rgb,10bit]
06-20 13:36:27.502 282 282 I MesonDisplay: [/mode_policy.c, meson_mode_get_policy_output, 1289] final_displaymode:1080p60hz, final_deepcolor:rgb,10bit, amdv_type:0
06-20 13:36:27.502 282 282 I MesonHwc: getPreferredDisplayConfig [1080p60hz]
06-20 13:36:27.502 282 282 I MesonDisplay: [/mode_policy.c, meson_mode_set_policy, 1177] connector:0 to policy:0
06-20 13:36:27.503 282 282 D MesonHwc: getPreferredBootConfig outConfig = 12 (1920x1080@59.940060)
