06-20 13:36:10.944 685 685 V StorageManagerService: Package com.dangbei.zhushou.os does not have legacy storage
06-20 13:36:10.944 685 685 V StorageManagerService: Package com.sohu.inputmethod.sogou.tv has legacy storage
06-20 13:36:10.944 685 685 V StorageManagerService: Package com.droidlogic.tvprovider.overlay does not have legacy storage
06-20 13:36:10.944 685 685 V StorageManagerService: Package com.android.externalstorage does not have legacy storage
06-20 13:36:10.944 685 685 V StorageManagerService: Package com.android.htmlviewer does not have legacy storage
06-20 13:36:10.944 685 685 V StorageManagerService: Package com.android.companiondevicemanager does not have legacy storage
06-20 13:36:10.944 685 685 V StorageManagerService: Package com.android.providers.downloads does not have legacy storage
06-20 13:36:10.944 685 685 V StorageManagerService: Package com.android.providers.tv does not have legacy storage
06-20 13:36:10.944 685 685 V StorageManagerService: Package com.droidlogic.mediacenter does not have legacy storage
06-20 13:36:10.944 685 685 V StorageManagerService: Package com.android.federatedcompute.services does not have legacy storage
06-20 13:36:10.944 685 685 V StorageManagerService: Package com.droidlogic does not have legacy storage
06-20 13:36:10.944 685 685 V StorageManagerService: Package com.droidlogic.tv.settings does not have legacy storage
06-20 13:36:10.945 685 685 V StorageManagerService: Package com.oranth.ledstatus does not have legacy storage
06-20 13:36:10.945 685 685 V StorageManagerService: Package com.dangbei.lerad.videoposter has legacy storage
06-20 13:36:10.945 685 685 V StorageManagerService: Package com.android.tv.overlay.settingsprovider does not have legacy storage
06-20 13:36:10.945 685 685 V StorageManagerService: Package com.android.safetycenter.resources does not have legacy storage
06-20 13:36:10.945 685 685 V StorageManagerService: Package com.android.pacprocessor does not have legacy storage
06-20 13:36:10.945 685 685 V StorageManagerService: Package com.android.networkstack does not have legacy storage
06-20 13:36:10.945 685 685 V StorageManagerService: Package com.android.connectivity.resources does not have legacy storage
06-20 13:36:10.945 685 685 V StorageManagerService: Package com.android.modulemetadata does not have legacy storage
06-20 13:36:10.945 685 685 V StorageManagerService: Package com.android.certinstaller does not have legacy storage
06-20 13:36:10.945 685 685 V StorageManagerService: Package com.android.wifi.dialog does not have legacy storage
06-20 13:36:10.945 685 685 V StorageManagerService: Package android does not have legacy storage
06-20 13:36:10.945 685 685 V StorageManagerService: Package com.android.camera2 does not have legacy storage
06-20 13:36:10.945 685 685 V StorageManagerService: Package com.android.mtp does not have legacy storage
06-20 13:36:10.945 685 685 V StorageManagerService: Package com.android.backupconfirm does not have legacy storage
06-20 13:36:10.945 685 685 V StorageManagerService: Package com.android.systemui.auto_generated_rro_vendor__ does not have legacy storage
06-20 13:36:10.945 685 685 V StorageManagerService: Package com.android.tv.overlay.networkstack does not have legacy storage
06-20 13:36:10.946 685 719 I ActivityManager: Start proc 985:com.android.bluetooth/1002 for service {com.android.bluetooth/com.android.bluetooth.btservice.AdapterService}
06-20 13:36:10.946 685 685 V StorageManagerService: Package com.android.statementservice does not have legacy storage
06-20 13:36:10.946 685 685 V StorageManagerService: Package com.dangbei.screencast has legacy storage
06-20 13:36:10.946 685 685 V StorageManagerService: Package com.android.settings.intelligence does not have legacy storage
06-20 13:36:10.946 685 685 V StorageManagerService: Package com.dangbei.leard.leradlauncher does not have legacy storage
06-20 13:36:10.946 685 685 V StorageManagerService: Package com.android.providers.settings does not have legacy storage
06-20 13:36:10.946 685 685 V StorageManagerService: Package com.android.sharedstoragebackup does not have legacy storage
06-20 13:36:10.946 685 685 V StorageManagerService: Package com.android.printspooler does not have legacy storage
06-20 13:36:10.946 685 685 V StorageManagerService: Package com.android.dreams.basic does not have legacy storage
06-20 13:36:10.946 685 685 V StorageManagerService: Package com.android.webview does not have legacy storage
06-20 13:36:10.946 685 685 V StorageManagerService: Package com.android.se does not have legacy storage
06-20 13:36:10.947 685 685 V StorageManagerService: Package com.android.inputdevices does not have legacy storage
06-20 13:36:10.947 685 685 V StorageManagerService: Package com.android.rkpdapp does not have legacy storage
06-20 13:36:10.947 685 685 V StorageManagerService: Package com.android.tv.overlay.wifi.resources does not have legacy storage
06-20 13:36:10.947 685 685 V StorageManagerService: Package com.oranth.inputmacsn does not have legacy storage
06-20 13:36:10.947 685 685 V StorageManagerService: Package com.android.musicfx does not have legacy storage
06-20 13:36:10.947 685 685 V StorageManagerService: Package com.dangbei.hqguide does not have legacy storage
06-20 13:36:10.947 685 685 V StorageManagerService: Package com.dangbei.hqmedia does not have legacy storage
06-20 13:36:10.947 685 685 V StorageManagerService: Package com.droidlogic.systemui.overlay does not have legacy storage
06-20 13:36:10.947 685 685 V StorageManagerService: Package android.ext.shared does not have legacy storage
06-20 13:36:10.947 685 685 V StorageManagerService: Package com.android.keychain does not have legacy storage
06-20 13:36:10.947 685 685 V StorageManagerService: Package com.dlg.framework.overlay does not have legacy storage
06-20 13:36:10.947 685 685 V StorageManagerService: Package android.ext.services does not have legacy storage
06-20 13:36:10.947 685 685 V StorageManagerService: Package com.android.wifi.resources does not have legacy storage
06-20 13:36:10.947 685 685 V StorageManagerService: Package com.android.cameraextensions does not have legacy storage
06-20 13:36:10.947 685 685 V StorageManagerService: Package com.android.localtransport does not have legacy storage
06-20 13:36:10.947 685 685 V StorageManagerService: Package com.android.networkstack.tethering.droidlogic does not have legacy storage
06-20 13:36:10.947 685 685 V StorageManagerService: Package com.droidlogic.mictoggle does not have legacy storage
06-20 13:36:10.947 685 685 V StorageManagerService: Package com.android.packageinstaller does not have legacy storage
06-20 13:36:10.947 685 685 V StorageManagerService: Package com.cskj.factorytest does not have legacy storage
06-20 13:36:10.947 685 685 V StorageManagerService: Package com.android.proxyhandler does not have legacy storage
06-20 13:36:10.947 685 685 V StorageManagerService: Package com.android.intentresolver does not have legacy storage
06-20 13:36:10.947 685 685 V StorageManagerService: Package com.android.nearby.halfsheet does not have legacy storage
06-20 13:36:10.947 685 685 V StorageManagerService: Package com.android.managedprovisioning does not have legacy storage
06-20 13:36:10.948 685 685 V StorageManagerService: Package com.oranth.usbopenft does not have legacy storage
06-20 13:36:10.948 685 685 V StorageManagerService: Package com.android.networkstack.tethering does not have legacy storage
06-20 13:36:10.948 685 685 V StorageManagerService: Package com.android.soundpicker does not have legacy storage
06-20 13:36:10.948 685 685 V StorageManagerService: Package com.droidlogic.tvsettings.energymode.resoverlay does not have legacy storage
06-20 13:36:10.948 685 685 V StorageManagerService: Package com.dangbei.lerad.etna.haqu does not have legacy storage
06-20 13:36:10.948 685 685 V StorageManagerService: Package com.tongyong.xxbox has legacy storage
06-20 13:36:10.948 685 685 V StorageManagerService: Package com.droidlogic.miracast does not have legacy storage
06-20 13:36:10.948 685 685 V StorageManagerService: Package com.amlogic.tv.overlay.matchcontent does not have legacy storage
06-20 13:36:10.948 685 685 V StorageManagerService: Package com.droidlogic.wifitetheringoverlay does not have legacy storage
06-20 13:36:10.948 685 685 V StorageManagerService: Package com.tv.filemanager.os has legacy storage
06-20 13:36:10.948 685 685 V StorageManagerService: Package com.oranth.powerwindow does not have legacy storage
06-20 13:36:10.948 685 685 V StorageManagerService: Package com.android.cts.ctsshim does not have legacy storage
06-20 13:36:10.949 685 685 V StorageManagerService: Package com.dangbei.lerad.screensaver does not have legacy storage
06-20 13:36:10.949 685 685 V StorageManagerService: Package com.droidlogic.wifion does not have legacy storage
06-20 13:36:10.949 685 685 V StorageManagerService: Package com.android.vpndialogs does not have legacy storage
06-20 13:36:10.949 685 685 V StorageManagerService: Package com.android.music does not have legacy storage
06-20 13:36:10.949 685 685 V StorageManagerService: Package com.android.shell does not have legacy storage
06-20 13:36:10.949 685 685 V StorageManagerService: Package com.android.sdksandbox does not have legacy storage
06-20 13:36:10.949 685 685 V StorageManagerService: Package com.android.wallpaperbackup does not have legacy storage
06-20 13:36:10.949 685 685 V StorageManagerService: Package com.android.providers.userdictionary does not have legacy storage
06-20 13:36:10.949 685 685 V StorageManagerService: Package com.android.providers.media.module does not have legacy storage
06-20 13:36:10.949 685 685 V StorageManagerService: Package com.oranth.storage does not have legacy storage
06-20 13:36:10.949 685 685 V StorageManagerService: Package com.android.hotspot2.osulogin does not have legacy storage
06-20 13:36:10.949 685 685 V StorageManagerService: Package com.android.location.fused does not have legacy storage
06-20 13:36:10.949 685 685 V StorageManagerService: Package com.android.deskclock does not have legacy storage
06-20 13:36:10.949 685 685 V StorageManagerService: Package com.android.systemui does not have legacy storage
06-20 13:36:10.949 685 685 V StorageManagerService: Package com.dangbei.haqusetting does not have legacy storage
06-20 13:36:10.949 685 685 V StorageManagerService: Package com.android.tv.overlay.framework does not have legacy storage
06-20 13:36:10.949 685 685 V StorageManagerService: Package com.android.permissioncontroller does not have legacy storage
06-20 13:36:10.950 685 685 V StorageManagerService: Package com.droidlogic.appinstall does not have legacy storage
06-20 13:36:10.950 685 685 V StorageManagerService: Package com.android.ondevicepersonalization.services does not have legacy storage
06-20 13:36:10.950 685 685 V StorageManagerService: Package com.android.bluetooth does not have legacy storage
06-20 13:36:10.950 685 685 V StorageManagerService: Package com.android.providers.contacts does not have legacy storage
06-20 13:36:10.950 685 685 V StorageManagerService: Package com.android.captiveportallogin does not have legacy storage
06-20 13:36:10.950 685 685 V StorageManagerService: Package com.droidlogic.overlay does not have legacy storage
06-20 13:36:10.950 685 685 V StorageManagerService: Package com.android.devicelockcontroller does not have legacy storage
06-20 13:36:10.950 685 685 V StorageManagerService: Package com.android.ext.adservices.api does not have legacy storage
06-20 13:36:10.950 685 685 V StorageManagerService: Package android.auto_generated_rro_vendor__ does not have legacy storage
06-20 13:36:10.952 685 685 V SystemServerTimingAsync: ssm.onStartUser-0_com.android.server.StorageManagerService$Lifecycle took to complete: 11ms
06-20 13:36:10.952 685 685 D SystemServerTimingAsync: ssm.onStartUser-0_com.android.server.usage.StorageStatsService$Lifecycle
06-20 13:36:10.952 685 685 V SystemServerTimingAsync: ssm.onStartUser-0_com.android.server.usage.StorageStatsService$Lifecycle took to complete: 0ms
06-20 13:36:10.952 685 685 D SystemServerTimingAsync: ssm.onStartUser-0_com.android.server.UiModeManagerService
06-20 13:36:10.952 685 685 V SystemServerTimingAsync: ssm.onStartUser-0_com.android.server.UiModeManagerService took to complete: 0ms
06-20 13:36:10.952 685 685 D SystemServerTimingAsync: ssm.onStartUser-0_com.android.server.locales.LocaleManagerService
06-20 13:36:10.952 685 685 V SystemServerTimingAsync: ssm.onStartUser-0_com.android.server.locales.LocaleManagerService took to complete: 0ms
06-20 13:36:10.952 685 685 D SystemServerTimingAsync: ssm.onStartUser-0_com.android.server.grammaticalinflection.GrammaticalInflectionService
06-20 13:36:10.952 685 685 V SystemServerTimingAsync: ssm.onStartUser-0_com.android.server.grammaticalinflection.GrammaticalInflectionService took to complete: 0ms
06-20 13:36:10.952 685 685 D SystemServerTimingAsync: ssm.onStartUser-0_com.android.server.apphibernation.AppHibernationService
06-20 13:36:10.952 685 685 V SystemServerTimingAsync: ssm.onStartUser-0_com.android.server.apphibernation.AppHibernationService took to complete: 0ms
06-20 13:36:10.952 685 685 D SystemServerTimingAsync: ssm.onStartUser-0_com.android.server.locksettings.LockSettingsService$Lifecycle
06-20 13:36:10.952 685 685 V SystemServerTimingAsync: ssm.onStartUser-0_com.android.server.locksettings.LockSettingsService$Lifecycle took to complete: 1ms
06-20 13:36:10.952 685 685 D SystemServerTimingAsync: ssm.onStartUser-0_com.android.server.PersistentDataBlockService
06-20 13:36:10.952 685 685 V SystemServerTimingAsync: ssm.onStartUser-0_com.android.server.PersistentDataBlockService took to complete: 0ms
06-20 13:36:10.952 685 685 D SystemServerTimingAsync: ssm.onStartUser-0_com.android.server.testharness.TestHarnessModeService
06-20 13:36:10.952 685 685 V SystemServerTimingAsync: ssm.onStartUser-0_com.android.server.testharness.TestHarnessModeService took to complete: 0ms
06-20 13:36:10.952 685 685 D SystemServerTimingAsync: ssm.onStartUser-0_com.android.server.oemlock.OemLockService
06-20 13:36:10.952 685 685 V SystemServerTimingAsync: ssm.onStartUser-0_com.android.server.oemlock.OemLockService took to complete: 0ms
06-20 13:36:10.952 685 685 D SystemServerTimingAsync: ssm.onStartUser-0_com.android.server.DeviceIdleController
06-20 13:36:10.952 685 685 V SystemServerTimingAsync: ssm.onStartUser-0_com.android.server.DeviceIdleController took to complete: 0ms
06-20 13:36:10.952 685 685 D SystemServerTimingAsync: ssm.onStartUser-0_com.android.server.devicepolicy.DevicePolicyManagerService$Lifecycle
06-20 13:36:10.958 685 751 D CompatibilityChangeReporter: Compat change id reported: 253665015; UID 1073; state: ENABLED
06-20 13:36:10.959 685 751 D CompatibilityChangeReporter: Compat change id reported: 194532703; UID 1073; state: ENABLED
06-20 13:36:10.960 685 685 V SystemServerTimingAsync: ssm.onStartUser-0_com.android.server.devicepolicy.DevicePolicyManagerService$Lifecycle took to complete: 7ms
06-20 13:36:10.960 685 685 D SystemServerTimingAsync: ssm.onStartUser-0_com.android.server.texttospeech.TextToSpeechManagerService
06-20 13:36:10.960 685 685 V SystemServerTimingAsync: ssm.onStartUser-0_com.android.server.texttospeech.TextToSpeechManagerService took to complete: 0ms
06-20 13:36:10.960 685 685 D SystemServerTimingAsync: ssm.onStartUser-0_com.android.server.ambientcontext.AmbientContextManagerService
06-20 13:36:10.960 685 685 V SystemServerTimingAsync: ssm.onStartUser-0_com.android.server.ambientcontext.AmbientContextManagerService took to complete: 0ms
06-20 13:36:10.960 685 685 D SystemServerTimingAsync: ssm.onStartUser-0_com.android.server.wearable.WearableSensingManagerService
06-20 13:36:10.961 685 685 V SystemServerTimingAsync: ssm.onStartUser-0_com.android.server.wearable.WearableSensingManagerService took to complete: 0ms
06-20 13:36:10.961 685 685 D SystemServerTimingAsync: ssm.onStartUser-0_com.android.server.speech.SpeechRecognitionManagerService
06-20 13:36:10.961 685 685 V SystemServerTimingAsync: ssm.onStartUser-0_com.android.server.speech.SpeechRecognitionManagerService took to complete: 0ms
06-20 13:36:10.961 685 685 D SystemServerTimingAsync: ssm.onStartUser-0_com.android.server.searchui.SearchUiManagerService
06-20 13:36:10.961 685 685 V SystemServerTimingAsync: ssm.onStartUser-0_com.android.server.searchui.SearchUiManagerService took to complete: 0ms
06-20 13:36:10.961 685 685 D SystemServerTimingAsync: ssm.onStartUser-0_com.android.server.smartspace.SmartspaceManagerService
06-20 13:36:10.961 685 685 V SystemServerTimingAsync: ssm.onStartUser-0_com.android.server.smartspace.SmartspaceManagerService took to complete: 0ms
06-20 13:36:10.961 685 685 D SystemServerTimingAsync: ssm.onStartUser-0_com.android.server.graphics.fonts.FontManagerService$Lifecycle
06-20 13:36:10.961 685 685 V SystemServerTimingAsync: ssm.onStartUser-0_com.android.server.graphics.fonts.FontManagerService$Lifecycle took to complete: 0ms
06-20 13:36:10.961 685 685 D SystemServerTimingAsync: ssm.onStartUser-0_com.android.server.textservices.TextServicesManagerService$Lifecycle
06-20 13:36:10.961 685 685 V SystemServerTimingAsync: ssm.onStartUser-0_com.android.server.textservices.TextServicesManagerService$Lifecycle took to complete: 0ms
06-20 13:36:10.961 685 685 D SystemServerTimingAsync: ssm.onStartUser-0_com.android.server.textclassifier.TextClassificationManagerService$Lifecycle
06-20 13:36:10.962 901 901 V WindowManagerShell: Adding init callback for CompatUIController
06-20 13:36:10.964 685 685 V SystemServerTimingAsync: ssm.onStartUser-0_com.android.server.textclassifier.TextClassificationManagerService$Lifecycle took to complete: 3ms
06-20 13:36:10.964 685 685 D SystemServerTimingAsync: ssm.onStartUser-0_com.android.server.NetworkScoreService$Lifecycle
06-20 13:36:10.964 685 685 V SystemServerTimingAsync: ssm.onStartUser-0_com.android.server.NetworkScoreService$Lifecycle took to complete: 0ms
06-20 13:36:10.964 685 685 D SystemServerTimingAsync: ssm.onStartUser-0_com.android.server.NetworkStatsServiceInitializer
06-20 13:36:10.964 685 685 V SystemServerTimingAsync: ssm.onStartUser-0_com.android.server.NetworkStatsServiceInitializer took to complete: 0ms
06-20 13:36:10.964 685 685 D SystemServerTimingAsync: ssm.onStartUser-0_com.android.server.wifi.WifiService
06-20 13:36:10.964 685 685 V SystemServerTimingAsync: ssm.onStartUser-0_com.android.server.wifi.WifiService took to complete: 0ms
06-20 13:36:10.964 685 685 D SystemServerTimingAsync: ssm.onStartUser-0_com.android.server.wifi.scanner.WifiScanningService
06-20 13:36:10.964 685 685 V SystemServerTimingAsync: ssm.onStartUser-0_com.android.server.wifi.scanner.WifiScanningService took to complete: 0ms
06-20 13:36:10.964 685 685 D SystemServerTimingAsync: ssm.onStartUser-0_com.android.server.wifi.p2p.WifiP2pService
06-20 13:36:10.964 685 685 V SystemServerTimingAsync: ssm.onStartUser-0_com.android.server.wifi.p2p.WifiP2pService took to complete: 0ms
06-20 13:36:10.964 685 685 D SystemServerTimingAsync: ssm.onStartUser-0_com.android.server.ConnectivityServiceInitializer
06-20 13:36:10.964 685 685 V SystemServerTimingAsync: ssm.onStartUser-0_com.android.server.ConnectivityServiceInitializer took to complete: 0ms
06-20 13:36:10.964 685 685 D SystemServerTimingAsync: ssm.onStartUser-0_com.android.server.notification.NotificationManagerService
06-20 13:36:10.964 685 685 V SystemServerTimingAsync: ssm.onStartUser-0_com.android.server.notification.NotificationManagerService took to complete: 0ms
06-20 13:36:10.964 685 685 D SystemServerTimingAsync: ssm.onStartUser-0_com.android.server.storage.DeviceStorageMonitorService
06-20 13:36:10.964 685 685 V SystemServerTimingAsync: ssm.onStartUser-0_com.android.server.storage.DeviceStorageMonitorService took to complete: 0ms
06-20 13:36:10.964 685 685 D SystemServerTimingAsync: ssm.onStartUser-0_com.android.server.timedetector.TimeDetectorService$Lifecycle
06-20 13:36:10.965 685 685 V SystemServerTimingAsync: ssm.onStartUser-0_com.android.server.timedetector.TimeDetectorService$Lifecycle took to complete: 0ms
06-20 13:36:10.965 685 685 D SystemServerTimingAsync: ssm.onStartUser-0_com.android.server.location.LocationManagerService$Lifecycle
06-20 13:36:10.967 685 685 V SystemServerTimingAsync: ssm.onStartUser-0_com.android.server.location.LocationManagerService$Lifecycle took to complete: 2ms
06-20 13:36:10.967 685 685 D SystemServerTimingAsync: ssm.onStartUser-0_com.android.server.timezonedetector.TimeZoneDetectorService$Lifecycle
06-20 13:36:10.967 685 685 V SystemServerTimingAsync: ssm.onStartUser-0_com.android.server.timezonedetector.TimeZoneDetectorService$Lifecycle took to complete: 0ms
06-20 13:36:10.967 685 685 D SystemServerTimingAsync: ssm.onStartUser-0_com.android.server.location.altitude.AltitudeService$Lifecycle
06-20 13:36:10.967 685 685 V SystemServerTimingAsync: ssm.onStartUser-0_com.android.server.location.altitude.AltitudeService$Lifecycle took to complete: 0ms
06-20 13:36:10.967 685 685 D SystemServerTimingAsync: ssm.onStartUser-0_com.android.server.timezonedetector.location.LocationTimeZoneManagerService$Lifecycle
06-20 13:36:10.967 685 685 V SystemServerTimingAsync: ssm.onStartUser-0_com.android.server.timezonedetector.location.LocationTimeZoneManagerService$Lifecycle took to complete: 0ms
06-20 13:36:10.967 685 685 D SystemServerTimingAsync: ssm.onStartUser-0_com.android.server.search.SearchManagerService$Lifecycle
06-20 13:36:10.967 685 685 V SystemServerTimingAsync: ssm.onStartUser-0_com.android.server.search.SearchManagerService$Lifecycle took to complete: 0ms
06-20 13:36:10.967 685 685 D SystemServerTimingAsync: ssm.onStartUser-0_com.android.server.wallpaper.WallpaperManagerService$Lifecycle
06-20 13:36:10.967 685 685 V SystemServerTimingAsync: ssm.onStartUser-0_com.android.server.wallpaper.WallpaperManagerService$Lifecycle took to complete: 0ms
06-20 13:36:10.967 685 685 D SystemServerTimingAsync: ssm.onStartUser-0_com.android.server.wallpapereffectsgeneration.WallpaperEffectsGenerationManagerService
06-20 13:36:10.967 685 685 V SystemServerTimingAsync: ssm.onStartUser-0_com.android.server.wallpapereffectsgeneration.WallpaperEffectsGenerationManagerService took to complete: 0ms
06-20 13:36:10.967 685 685 D SystemServerTimingAsync: ssm.onStartUser-0_com.android.server.audio.AudioService$Lifecycle
06-20 13:36:10.967 685 685 V SystemServerTimingAsync: ssm.onStartUser-0_com.android.server.audio.AudioService$Lifecycle took to complete: 0ms
06-20 13:36:10.967 685 685 D SystemServerTimingAsync: ssm.onStartUser-0_com.android.server.soundtrigger_middleware.SoundTriggerMiddlewareService$Lifecycle
06-20 13:36:10.967 685 685 V SystemServerTimingAsync: ssm.onStartUser-0_com.android.server.soundtrigger_middleware.SoundTriggerMiddlewareService$Lifecycle took to complete: 0ms
06-20 13:36:10.967 685 685 D SystemServerTimingAsync: ssm.onStartUser-0_com.android.server.adb.AdbService$Lifecycle
06-20 13:36:10.967 685 685 V SystemServerTimingAsync: ssm.onStartUser-0_com.android.server.adb.AdbService$Lifecycle took to complete: 0ms
06-20 13:36:10.967 685 685 D SystemServerTimingAsync: ssm.onStartUser-0_com.android.server.usb.UsbService$Lifecycle
06-20 13:36:10.967 685 685 V SystemServerTimingAsync: ssm.onStartUser-0_com.android.server.usb.UsbService$Lifecycle took to complete: 0ms
06-20 13:36:10.967 685 685 D SystemServerTimingAsync: ssm.onStartUser-0_com.android.server.twilight.TwilightService
06-20 13:36:10.967 685 685 V SystemServerTimingAsync: ssm.onStartUser-0_com.android.server.twilight.TwilightService took to complete: 0ms
06-20 13:36:10.968 685 685 D SystemServerTimingAsync: ssm.onStartUser-0_com.android.server.display.color.ColorDisplayService
06-20 13:36:10.976 685 685 V SystemServerTimingAsync: ssm.onStartUser-0_com.android.server.display.color.ColorDisplayService took to complete: 8ms
06-20 13:36:10.976 685 685 D SystemServerTimingAsync: ssm.onStartUser-0_com.android.server.job.JobSchedulerService
06-20 13:36:10.976 685 685 V SystemServerTimingAsync: ssm.onStartUser-0_com.android.server.job.JobSchedulerService took to complete: 0ms
06-20 13:36:10.976 685 685 D SystemServerTimingAsync: ssm.onStartUser-0_com.android.server.soundtrigger.SoundTriggerService
06-20 13:36:10.977 685 685 V SystemServerTimingAsync: ssm.onStartUser-0_com.android.server.soundtrigger.SoundTriggerService took to complete: 0ms
06-20 13:36:10.977 685 685 D SystemServerTimingAsync: ssm.onStartUser-0_com.android.server.trust.TrustManagerService
06-20 13:36:10.977 685 685 V SystemServerTimingAsync: ssm.onStartUser-0_com.android.server.trust.TrustManagerService took to complete: 0ms
06-20 13:36:10.977 685 685 D SystemServerTimingAsync: ssm.onStartUser-0_com.android.server.backup.BackupManagerService$Lifecycle
06-20 13:36:10.977 685 685 V SystemServerTimingAsync: ssm.onStartUser-0_com.android.server.backup.BackupManagerService$Lifecycle took to complete: 0ms
06-20 13:36:10.977 685 685 D SystemServerTimingAsync: ssm.onStartUser-0_com.android.server.appwidget.AppWidgetService
06-20 13:36:10.977 685 685 V SystemServerTimingAsync: ssm.onStartUser-0_com.android.server.appwidget.AppWidgetService took to complete: 0ms
06-20 13:36:10.977 685 685 D SystemServerTimingAsync: ssm.onStartUser-0_com.android.server.voiceinteraction.VoiceInteractionManagerService
06-20 13:36:10.981 685 751 D GameManagerService: User ID '0' does not have a Game Mode selected for package: 'com.android.bluetooth'
06-20 13:36:10.981 685 751 D CompatibilityChangeReporter: Compat change id reported: 168419799; UID 1002; state: DISABLED
06-20 13:36:10.982 685 751 D CompatibilityChangeReporter: Compat change id reported: 273564678; UID 1002; state: DISABLED
06-20 13:36:10.985 685 763 D CompatibilityChangeReporter: Compat change id reported: 265195908; UID 1002; state: ENABLED
06-20 13:36:10.990 685 685 W VoiceInteractionManager: no available voice recognition services found for user 0
06-20 13:36:10.990 685 685 V SystemServerTimingAsync: ssm.onStartUser-0_com.android.server.voiceinteraction.VoiceInteractionManagerService took to complete: 14ms
06-20 13:36:10.990 685 685 D SystemServerTimingAsync: ssm.onStartUser-0_com.android.server.GestureLauncherService
06-20 13:36:10.990 685 685 V SystemServerTimingAsync: ssm.onStartUser-0_com.android.server.GestureLauncherService took to complete: 0ms
06-20 13:36:10.990 685 685 D SystemServerTimingAsync: ssm.onStartUser-0_com.android.server.SensorNotificationService
06-20 13:36:10.990 685 685 V SystemServerTimingAsync: ssm.onStartUser-0_com.android.server.SensorNotificationService took to complete: 0ms
06-20 13:36:10.990 685 685 D SystemServerTimingAsync: ssm.onStartUser-0_com.android.server.emergency.EmergencyAffordanceService
06-20 13:36:10.990 685 685 V SystemServerTimingAsync: ssm.onStartUser-0_com.android.server.emergency.EmergencyAffordanceService took to complete: 0ms
06-20 13:36:10.990 685 685 D SystemServerTimingAsync: ssm.onStartUser-0_com.android.server.blob.BlobStoreManagerService
06-20 13:36:10.990 685 685 V SystemServerTimingAsync: ssm.onStartUser-0_com.android.server.blob.BlobStoreManagerService took to complete: 0ms
06-20 13:36:10.990 685 685 D SystemServerTimingAsync: ssm.onStartUser-0_com.android.server.dreams.DreamManagerService
06-20 13:36:10.990 685 685 V SystemServerTimingAsync: ssm.onStartUser-0_com.android.server.dreams.DreamManagerService took to complete: 0ms
06-20 13:36:10.990 685 685 D SystemServerTimingAsync: ssm.onStartUser-0_com.android.server.security.AttestationVerificationManagerService
06-20 13:36:10.990 685 685 V SystemServerTimingAsync: ssm.onStartUser-0_com.android.server.security.AttestationVerificationManagerService took to complete: 0ms
06-20 13:36:10.990 685 685 D SystemServerTimingAsync: ssm.onStartUser-0_com.android.server.restrictions.RestrictionsManagerService
06-20 13:36:10.990 685 685 V SystemServerTimingAsync: ssm.onStartUser-0_com.android.server.restrictions.RestrictionsManagerService took to complete: 0ms
06-20 13:36:10.990 685 685 D SystemServerTimingAsync: ssm.onStartUser-0_com.android.server.media.MediaSessionService
06-20 13:36:10.991 685 685 V SystemServerTimingAsync: ssm.onStartUser-0_com.android.server.media.MediaSessionService took to complete: 0ms
06-20 13:36:10.991 685 685 D SystemServerTimingAsync: ssm.onStartUser-0_com.android.server.hdmi.HdmiControlService
06-20 13:36:10.991 685 685 V SystemServerTimingAsync: ssm.onStartUser-0_com.android.server.hdmi.HdmiControlService took to complete: 0ms
06-20 13:36:10.991 685 685 D SystemServerTimingAsync: ssm.onStartUser-0_com.android.server.tv.interactive.TvInteractiveAppManagerService
06-20 13:36:10.991 685 685 V SystemServerTimingAsync: ssm.onStartUser-0_com.android.server.tv.interactive.TvInteractiveAppManagerService took to complete: 0ms
06-20 13:36:10.991 685 685 D SystemServerTimingAsync: ssm.onStartUser-0_com.android.server.tv.TvInputManagerService
06-20 13:36:10.991 685 685 V SystemServerTimingAsync: ssm.onStartUser-0_com.android.server.tv.TvInputManagerService took to complete: 0ms
06-20 13:36:10.991 685 685 D SystemServerTimingAsync: ssm.onStartUser-0_com.android.server.media.MediaResourceMonitorService
06-20 13:36:10.991 685 685 V SystemServerTimingAsync: ssm.onStartUser-0_com.android.server.media.MediaResourceMonitorService took to complete: 0ms
06-20 13:36:10.991 685 685 D SystemServerTimingAsync: ssm.onStartUser-0_com.android.server.tv.TvRemoteService
06-20 13:36:10.991 685 685 V SystemServerTimingAsync: ssm.onStartUser-0_com.android.server.tv.TvRemoteService took to complete: 0ms
06-20 13:36:10.991 685 685 D SystemServerTimingAsync: ssm.onStartUser-0_com.android.server.biometrics.BiometricService
06-20 13:36:10.991 685 685 V SystemServerTimingAsync: ssm.onStartUser-0_com.android.server.biometrics.BiometricService took to complete: 0ms
06-20 13:36:10.991 685 685 D SystemServerTimingAsync: ssm.onStartUser-0_com.android.server.biometrics.AuthService
06-20 13:36:10.991 685 685 V SystemServerTimingAsync: ssm.onStartUser-0_com.android.server.biometrics.AuthService took to complete: 0ms
06-20 13:36:10.991 685 685 D SystemServerTimingAsync: ssm.onStartUser-0_com.android.server.pm.ShortcutService$Lifecycle
06-20 13:36:10.991 685 685 V SystemServerTimingAsync: ssm.onStartUser-0_com.android.server.pm.ShortcutService$Lifecycle took to complete: 0ms
06-20 13:36:10.991 685 685 D SystemServerTimingAsync: ssm.onStartUser-0_com.android.server.pm.LauncherAppsService
06-20 13:36:10.991 685 685 V SystemServerTimingAsync: ssm.onStartUser-0_com.android.server.pm.LauncherAppsService took to complete: 0ms
06-20 13:36:10.991 685 685 D SystemServerTimingAsync: ssm.onStartUser-0_com.android.server.pm.CrossProfileAppsService
06-20 13:36:10.991 685 685 V SystemServerTimingAsync: ssm.onStartUser-0_com.android.server.pm.CrossProfileAppsService took to complete: 0ms
06-20 13:36:10.991 685 685 D SystemServerTimingAsync: ssm.onStartUser-0_com.android.server.people.PeopleService
06-20 13:36:10.991 685 685 V SystemServerTimingAsync: ssm.onStartUser-0_com.android.server.people.PeopleService took to complete: 0ms
06-20 13:36:10.991 685 685 D SystemServerTimingAsync: ssm.onStartUser-0_com.android.server.media.metrics.MediaMetricsManagerService
06-20 13:36:10.991 685 685 V SystemServerTimingAsync: ssm.onStartUser-0_com.android.server.media.metrics.MediaMetricsManagerService took to complete: 0ms
06-20 13:36:10.991 685 685 D SystemServerTimingAsync: ssm.onStartUser-0_com.android.server.pm.BackgroundInstallControlService
06-20 13:36:10.991 685 685 V SystemServerTimingAsync: ssm.onStartUser-0_com.android.server.pm.BackgroundInstallControlService took to complete: 0ms
06-20 13:36:10.991 685 685 D SystemServerTimingAsync: ssm.onStartUser-0_com.android.server.media.projection.MediaProjectionManagerService
06-20 13:36:10.991 685 685 V SystemServerTimingAsync: ssm.onStartUser-0_com.android.server.media.projection.MediaProjectionManagerService took to complete: 0ms
06-20 13:36:10.991 685 685 D SystemServerTimingAsync: ssm.onStartUser-0_com.android.server.slice.SliceManagerService$Lifecycle
06-20 13:36:10.991 685 685 V SystemServerTimingAsync: ssm.onStartUser-0_com.android.server.slice.SliceManagerService$Lifecycle took to complete: 0ms
06-20 13:36:10.991 685 685 D SystemServerTimingAsync: ssm.onStartUser-0_com.android.server.stats.StatsCompanion$Lifecycle
06-20 13:36:10.992 685 685 V SystemServerTimingAsync: ssm.onStartUser-0_com.android.server.stats.StatsCompanion$Lifecycle took to complete: 0ms
06-20 13:36:10.992 685 685 D SystemServerTimingAsync: ssm.onStartUser-0_com.android.server.scheduling.RebootReadinessManagerService$Lifecycle
06-20 13:36:10.992 685 685 V SystemServerTimingAsync: ssm.onStartUser-0_com.android.server.scheduling.RebootReadinessManagerService$Lifecycle took to complete: 0ms
06-20 13:36:10.992 685 685 D SystemServerTimingAsync: ssm.onStartUser-0_com.android.server.stats.pull.StatsPullAtomService
06-20 13:36:10.992 685 685 V SystemServerTimingAsync: ssm.onStartUser-0_com.android.server.stats.pull.StatsPullAtomService took to complete: 0ms
06-20 13:36:10.992 685 685 D SystemServerTimingAsync: ssm.onStartUser-0_com.android.server.stats.bootstrap.StatsBootstrapAtomService$Lifecycle
06-20 13:36:10.992 685 685 V SystemServerTimingAsync: ssm.onStartUser-0_com.android.server.stats.bootstrap.StatsBootstrapAtomService$Lifecycle took to complete: 0ms
06-20 13:36:10.992 685 685 D SystemServerTimingAsync: ssm.onStartUser-0_com.android.server.incident.IncidentCompanionService
06-20 13:36:10.992 685 685 V SystemServerTimingAsync: ssm.onStartUser-0_com.android.server.incident.IncidentCompanionService took to complete: 0ms
06-20 13:36:10.992 685 685 D SystemServerTimingAsync: ssm.onStartUser-0_com.android.server.sdksandbox.SdkSandboxManagerService$Lifecycle
06-20 13:36:10.992 685 685 V SystemServerTimingAsync: ssm.onStartUser-0_com.android.server.sdksandbox.SdkSandboxManagerService$Lifecycle took to complete: 0ms
06-20 13:36:10.992 685 685 D SystemServerTimingAsync: ssm.onStartUser-0_com.android.server.adservices.AdServicesManagerService$Lifecycle
06-20 13:36:10.992 685 685 V SystemServerTimingAsync: ssm.onStartUser-0_com.android.server.adservices.AdServicesManagerService$Lifecycle took to complete: 0ms
06-20 13:36:10.992 685 685 D SystemServerTimingAsync: ssm.onStartUser-0_com.android.server.ondevicepersonalization.OnDevicePersonalizationSystemService$Lifecycle
06-20 13:36:10.992 685 685 V SystemServerTimingAsync: ssm.onStartUser-0_com.android.server.ondevicepersonalization.OnDevicePersonalizationSystemService$Lifecycle took to complete: 0ms
06-20 13:36:10.992 685 685 D SystemServerTimingAsync: ssm.onStartUser-0_com.android.server.autofill.AutofillManagerService
06-20 13:36:10.992 685 685 V SystemServerTimingAsync: ssm.onStartUser-0_com.android.server.autofill.AutofillManagerService took to complete: 0ms
06-20 13:36:10.992 685 685 D SystemServerTimingAsync: ssm.onStartUser-0_com.android.server.clipboard.ClipboardService
06-20 13:36:10.992 685 685 V SystemServerTimingAsync: ssm.onStartUser-0_com.android.server.clipboard.ClipboardService took to complete: 0ms
06-20 13:36:10.992 685 685 D SystemServerTimingAsync: ssm.onStartUser-0_com.android.server.appbinding.AppBindingService$Lifecycle
06-20 13:36:10.992 685 685 W AppBindingService: [Default SMS app] u0 Target package not found
06-20 13:36:10.992 685 685 V SystemServerTimingAsync: ssm.onStartUser-0_com.android.server.appbinding.AppBindingService$Lifecycle took to complete: 1ms
06-20 13:36:10.993 685 685 D SystemServerTimingAsync: ssm.onStartUser-0_com.android.server.tracing.TracingServiceProxy
06-20 13:36:10.993 685 685 V SystemServerTimingAsync: ssm.onStartUser-0_com.android.server.tracing.TracingServiceProxy took to complete: 0ms
06-20 13:36:10.993 685 685 D SystemServerTimingAsync: ssm.onStartUser-0_com.android.server.policy.PermissionPolicyService
06-20 13:36:10.993 685 685 V SystemServerTimingAsync: ssm.onStartUser-0_com.android.server.policy.PermissionPolicyService took to complete: 0ms
06-20 13:36:10.993 685 685 D SystemServerTimingAsync: ssm.onStartUser-0_com.android.server.pm.StagingManager$Lifecycle
06-20 13:36:10.993 685 685 V SystemServerTimingAsync: ssm.onStartUser-0_com.android.server.pm.StagingManager$Lifecycle took to complete: 0ms
06-20 13:36:10.993 685 685 D SystemServerTimingAsync: ssm.onStartUser-0_com.android.server.app.GameManagerService$Lifecycle
06-20 13:36:10.993 685 685 D GameManagerService: Starting user 0
06-20 13:36:10.994 901 901 V WindowManagerShell: Adding init callback for ShellTaskOrganizer
06-20 13:36:10.999 685 685 V GameManagerService_GameManagerSettings: Settings file doesn't exist, skip reading
06-20 13:36:10.999 685 685 V SystemServerTimingAsync: ssm.onStartUser-0_com.android.server.app.GameManagerService$Lifecycle took to complete: 7ms
06-20 13:36:10.999 685 685 D SystemServerTimingAsync: ssm.onStartUser-0_com.android.safetycenter.SafetyCenterService
06-20 13:36:10.999 685 685 V SystemServerTimingAsync: ssm.onStartUser-0_com.android.safetycenter.SafetyCenterService took to complete: 0ms
06-20 13:36:10.999 685 685 D SystemServerTimingAsync: ssm.onStartUser-0_com.android.server.appsearch.AppSearchModule$Lifecycle
06-20 13:36:10.999 685 685 V SystemServerTimingAsync: ssm.onStartUser-0_com.android.server.appsearch.AppSearchModule$Lifecycle took to complete: 0ms
06-20 13:36:10.999 685 685 D SystemServerTimingAsync: ssm.onStartUser-0_com.android.server.media.MediaCommunicationService
06-20 13:36:10.999 685 685 V SystemServerTimingAsync: ssm.onStartUser-0_com.android.server.media.MediaCommunicationService took to complete: 0ms
06-20 13:36:10.999 685 685 D SystemServerTimingAsync: ssm.onStartUser-0_com.android.server.compat.overrides.AppCompatOverridesService$Lifecycle
06-20 13:36:10.999 685 685 V SystemServerTimingAsync: ssm.onStartUser-0_com.android.server.compat.overrides.AppCompatOverridesService$Lifecycle took to complete: 0ms
06-20 13:36:11.000 685 685 D SystemServerTimingAsync: ssm.onStartUser-0_com.android.server.healthconnect.HealthConnectManagerService
06-20 13:36:11.000 685 685 V SystemServerTimingAsync: ssm.onStartUser-0_com.android.server.healthconnect.HealthConnectManagerService took to complete: 0ms
06-20 13:36:11.000 685 685 D SystemServerTimingAsync: ssm.onStartUser-0_com.android.server.devicelock.DeviceLockService
06-20 13:36:11.000 685 685 V SystemServerTimingAsync: ssm.onStartUser-0_com.android.server.devicelock.DeviceLockService took to complete: 0ms
06-20 13:36:11.000 685 685 V SystemServerTimingAsync: ssm.StartUser-0 took to complete: 353ms
06-20 13:36:11.001 685 685 D SystemServerTiming: startPersistentApps
06-20 13:36:11.002 685 685 I ActivityManager: com.droidlogic is exempt from freezer
06-20 13:36:11.003 685 685 D CompatibilityChangeReporter: Compat change id reported: 135634846; UID 1000; state: DISABLED
06-20 13:36:11.006 685 685 D CompatibilityChangeReporter: Compat change id reported: 135634846; UID 1068; state: DISABLED
06-20 13:36:11.007 685 685 V SystemServerTiming: startPersistentApps took to complete: 7ms
06-20 13:36:11.007 685 685 D SystemServerTiming: startHomeOnAllDisplays
06-20 13:36:11.008 685 685 D WindowManager: ThemeHomeDelay: Home launch was deferred.
06-20 13:36:11.009 685 685 V SystemServerTiming: startHomeOnAllDisplays took to complete: 1ms
06-20 13:36:11.009 685 685 D SystemServerTiming: showSystemReadyErrorDialogs
06-20 13:36:11.018 685 717 D CountryDetector: Using custom country detector class: com.android.server.location.ComprehensiveCountryDetector
06-20 13:36:11.019 685 717 E CountryDetector: Could not instantiate the custom country detector class
06-20 13:36:11.019 685 717 D CountryDetector: Using default country detector
06-20 13:36:11.048 901 901 V WindowManagerShell: Adding init callback for DefaultTransitionHandler
06-20 13:36:11.051 901 901 V WindowManagerShell: addHandler: Default
06-20 13:36:11.051 901 901 V WindowManagerShell: addHandler: Remote
06-20 13:36:11.051 901 901 V WindowManagerShell: Adding init callback for Transitions
06-20 13:36:11.120 685 685 E Build : Vendor interface is incompatible, error=1
06-20 13:36:11.120 685 685 E ActivityTaskManager: Build fingerprint is not consistent, warning user
06-20 13:36:11.122 685 685 V SystemServerTiming: showSystemReadyErrorDialogs took to complete: 113ms
06-20 13:36:11.122 685 685 D SystemServerTiming: sendUserStartBroadcast
06-20 13:36:11.123 685 685 V SystemServerTiming: sendUserStartBroadcast took to complete: 2ms
06-20 13:36:11.123 685 685 D SystemServerTiming: resumeTopActivities
06-20 13:36:11.125 685 685 V SystemServerTiming: resumeTopActivities took to complete: 1ms
06-20 13:36:11.125 685 685 D SystemServerTiming: sendUserSwitchBroadcasts
06-20 13:36:11.126 685 685 V SystemServerTiming: sendUserSwitchBroadcasts took to complete: 1ms
06-20 13:36:11.126 901 901 V WindowManagerShell: Adding init callback for FullscreenTaskListener
06-20 13:36:11.126 685 685 D SystemServerTiming: setBinderProxies
06-20 13:36:11.131 685 685 V SystemServerTiming: setBinderProxies took to complete: 5ms
06-20 13:36:11.132 685 685 V SystemServerTiming: ActivityManagerStartApps took to complete: 485ms
06-20 13:36:11.132 685 685 D SystemServerTiming: componentAlias
06-20 13:36:11.134 901 901 V WindowManagerShell: Adding init callback for ActivityEmbeddingController
06-20 13:36:11.134 685 685 D ComponentAliasResolver: Compat listener set.
06-20 13:36:11.134 685 685 V SystemServerTiming: componentAlias took to complete: 3ms
06-20 13:36:11.134 685 685 V SystemServerTiming: PhaseActivityManagerReady took to complete: 1272ms
06-20 13:36:11.135 685 685 D SystemServerTiming: LockSettingsThirdPartyAppsStarted
06-20 13:36:11.135 685 685 V SystemServerTiming: LockSettingsThirdPartyAppsStarted took to complete: 0ms
06-20 13:36:11.135 685 685 D SystemServerTiming: StartSystemUI
06-20 13:36:11.138 685 719 W ActivityManager: Slow operation: 136ms so far, now at startProcess: done updating battery stats
06-20 13:36:11.138 685 719 W ActivityManager: Slow operation: 136ms so far, now at startProcess: building log message
06-20 13:36:11.138 685 719 I ActivityManager: Start proc 1003:com.droidlogic/1000 for added application com.droidlogic
06-20 13:36:11.138 685 719 W ActivityManager: Slow operation: 136ms so far, now at startProcess: starting to update pids map
06-20 13:36:11.139 685 719 W ActivityManager: Slow operation: 137ms so far, now at startProcess: done updating pids map
06-20 13:36:11.139 685 719 W ActivityManager: Slow operation: 135ms so far, now at startProcess: asking zygote to start proc
06-20 13:36:11.141 685 700 D CompatibilityChangeReporter: Compat change id reported: 168419799; UID 1000; state: DISABLED
06-20 13:36:11.141 685 700 D CompatibilityChangeReporter: Compat change id reported: 273564678; UID 1000; state: DISABLED
06-20 13:36:11.146 685 751 D CompatibilityChangeReporter: Compat change id reported: 161145287; UID 10052; state: ENABLED
06-20 13:36:11.146 685 685 W ActivityManager: Unable to start service Intent { flg=0x100 cmp=com.droidlogic/.StubKeyguardService } U=0: not found
06-20 13:36:11.147 685 685 V SystemServerTiming: StartSystemUI took to complete: 13ms
06-20 13:36:11.147 685 685 V SystemServerTiming: startOtherServices took to complete: 3314ms
06-20 13:36:11.147 685 685 D SystemServerTiming: startApexServices
06-20 13:36:11.148 685 685 D SystemServerTiming: starting com.android.server.scheduling.RebootReadinessManagerService$Lifecycle
06-20 13:36:11.148 901 901 V WindowManagerShell: Adding init callback for StartingWindowController
06-20 13:36:11.148 901 901 V WindowManagerShell: Adding init callback for ProtoLogController
06-20 13:36:11.148 685 685 I SystemServiceManager: Starting com.android.server.scheduling.RebootReadinessManagerService$Lifecycle
06-20 13:36:11.148 685 685 I SystemServiceManager: Not starting an already started service com.android.server.scheduling.RebootReadinessManagerService$Lifecycle
06-20 13:36:11.149 685 685 V SystemServerTiming: starting com.android.server.scheduling.RebootReadinessManagerService$Lifecycle took to complete: 1ms
06-20 13:36:11.149 685 685 V SystemServerTiming: startApexServices took to complete: 1ms
06-20 13:36:11.149 685 685 D SystemServerTiming: UpdateWatchdogTimeout
06-20 13:36:11.149 685 685 I Watchdog: Watchdog timeout updated to 60000 millis
06-20 13:36:11.150 685 685 V SystemServerTiming: UpdateWatchdogTimeout took to complete: 1ms
06-20 13:36:11.150 685 685 V SystemServerTiming: StartServices took to complete: 5264ms
06-20 13:36:11.155 685 719 W ActivityManager: Slow operation: 152ms so far, now at startProcess: returned from zygote!
06-20 13:36:11.155 685 719 W ActivityManager: Slow operation: 152ms so far, now at startProcess: done updating battery stats
06-20 13:36:11.156 685 719 W ActivityManager: Slow operation: 152ms so far, now at startProcess: building log message
06-20 13:36:11.156 685 719 I ActivityManager: Start proc 1023:com.android.se/1068 for added application com.android.se
06-20 13:36:11.156 685 719 W ActivityManager: Slow operation: 152ms so far, now at startProcess: starting to update pids map
06-20 13:36:11.156 685 719 W ActivityManager: Slow operation: 152ms so far, now at startProcess: done updating pids map
06-20 13:36:11.158 901 901 V WindowManagerShell: Adding init callback for TvPipTransition
06-20 13:36:11.159 685 685 W Looper : Slow delivery took 4820ms main h=android.app.PropertyInvalidatedCache$AutoCorker$1 c=null m=0
06-20 13:36:11.163 685 711 I DisplayDeviceRepository: Display device changed: DisplayDeviceInfo{"内置屏幕": uniqueId="local:4625716335649126415", 1920 x 1080, modeId 11, renderFrameRate 59.94006, defaultModeId 11, supportedModes [{id=1, width=1920, height=1080, fps=119.88013, alternativeRefreshRates=[], supportedHdrTypes=[2, 3]}, {id=2, width=1920, height=1080, fps=120.00001, alternativeRefreshRates=[], supportedHdrTypes=[2, 3]}, {id=3, width=3840, height=2160, fps=59.94006, alternativeRefreshRates=[], supportedHdrTypes=[2, 3]}, {id=4, width=3840, height=2160, fps=60.000004, alternativeRefreshRates=[], supportedHdrTypes=[2, 3]}, {id=5, width=3840, height=2160, fps=50.0, alternativeRefreshRates=[], supportedHdrTypes=[2, 3]}, {id=6, width=3840, height=2160, fps=29.97003, alternativeRefreshRates=[], supportedHdrTypes=[2, 3]}, {id=7, width=3840, height=2160, fps=30.000002, alternativeRefreshRates=[], supportedHdrTypes=[2, 3]}, {id=8, width=3840, height=2160, fps=25.0, alternativeRefreshRates=[], supportedHdrTypes=[2, 3]}, {id=9, width=3840, height=2160, fps=23.976025, alternativeRefreshRates=[], supportedHdrTypes=[2, 3]}, {id=10, width=3840, height=2160, fps=24.000002, alternativeRefreshRates=[], supportedHdrTypes=[2, 3]}, {id=11, width=1920, height=1080, fps=59.94006, alternativeRefreshRates=[], supportedHdrTypes=[2, 3]}, {id=12, width=1920, height=1080, fps=60.000004, alternativeRefreshRates=[], supportedHdrTypes=[2, 3]}, {id=13, width=1920, height=1080, fps=50.0, alternativeRefreshRates=[], supportedHdrTypes=[2, 3]}, {id=14, width=1920, height=1080, fps=29.97003, alternativeRefreshRates=[], supportedHdrTypes=[2, 3]}, {id=15, width=1920, height=1080, fps=30.000002, alternativeRefreshRates=[], supportedHdrTypes=[2, 3]}, {id=16, width=1280, height=720, fps=59.94006, alternativeRefreshRates=[], supportedHdrTypes=[2, 3]}, {id=17, width=1280, height=720, fps=60.000004, alternativeRefreshRates=[], supportedHdrTypes=[2, 3]}, {id=18, width=1280, height=720, fps=50.0, alternativeRefreshRates=[], supportedHdrTypes=[2, 3]}], colorMode 0, supportedColorModes [0], hdrCapabilities HdrCapabilities{mSupportedHdrTypes=[2, 3], mMaxLuminance=1000.0, mMaxAverageLuminance=1000.0, mMinLuminance=0.0}, allmSupported true, gameContentTypeSupported false, density 240, 42.406 x 42.203 dpi, appVsyncOff 2000000, presDeadline 13683333, touch INTERNAL, rotation 0, type INTERNAL, address {port=15, model=0x4031d87fca1678}, deviceProductInfo DeviceProductInfo{name=Dangbei , manufacturerPnpId=MMM, productId=64, modelYear=null, manufactureDate=ManufactureDate{week=10, year=2023}, connectionToSinkType=2}, state ON, committedState ON, frameRateOverride , brightnessMinimum 0.0, brightnessMaximum 1.0, brightnessDefault 0.39763778, hdrSdrRatio NaN, FLAG_ALLOWED_TO_BE_DEFAULT_DISPLAY, FLAG_ROTATES_WITH_CONTENT, FLAG_SECURE, FLAG_SUPPORTS_PROTECTED_BUFFERS, FLAG_TRUSTED, installOrientation 0, displayShape DisplayShape{ spec=729782573 displayWidth=1920 displayHeight=1080 physicalPixelDisplaySizeRatio=1.0 rotation=0 offsetX=0 offsetY=0 scale=1.0}}
06-20 13:36:11.166 685 685 D ConditionProviders.SCP: onConnected
06-20 13:36:11.167 685 685 D ConditionProviders.SCP: onSubscribe condition://android/schedule?days=1.2.3.4.5.6.7&start=22.0&end=7.0&exitAtAlarm=true
06-20 13:36:11.168 685 685 D ConditionProviders.SCP: setRegistered true
06-20 13:36:11.169 685 840 W ActivityThread: Failed to find provider info for com.android.calendar (user not unlocked)
06-20 13:36:11.170 685 840 W ActivityThread: Failed to find provider info for com.android.calendar (user not unlocked)
06-20 13:36:11.171 685 840 D CompatibilityChangeReporter: Compat change id reported: 171306433; UID 1000; state: ENABLED
06-20 13:36:11.171 685 840 D CompatibilityChangeReporter: Compat change id reported: 218533173; UID 1000; state: ENABLED
06-20 13:36:11.188 685 685 D ConditionProviders.SCP: evaluateSubscriptionLocked cal=ScheduleCalendar[mDays={1, 2, 3, 4, 5, 6, 7}, mSchedule=ScheduleInfo{days=[1, 2, 3, 4, 5, 6, 7], startHour=22, startMinute=0, endHour=7, endMinute=0, exitAtAlarm=true, nextAlarm=Thu Jan 01 08:00:00 GMT+08:00 1970 (0)}], now=Fri Jun 20 13:36:11 GMT+08:00 2025 (1750397771167), nextUserAlarmTime=Thu Jan 01 08:00:00 GMT+08:00 1970 (0)
06-20 13:36:11.188 685 685 D ConditionProviders.SCP: notifyCondition condition://android/schedule?days=1.2.3.4.5.6.7&start=22.0&end=7.0&exitAtAlarm=true STATE_FALSE reason=!meetsSchedule
