01-01 08:00:06.259 0 0 I : [3 T338 ..] EXT4-fs (loop14): mounted filesystem without journal. Opts: (null). Quota mode: none.
01-01 08:00:06.261 0 0 I [3 T338 ..] loop18: detected capacity change from 0 to 8896
01-01 08:00:06.263 0 0 I : [2 T336 ..] EXT4-fs (loop15): mounted filesystem without journal. Opts: (null). Quota mode: none.
01-01 08:00:06.265 0 0 I [2 T336 ..] loop19: detected capacity change from 0 to 39832
01-01 08:00:06.272 0 0 I : [1 T282 ..] [drm] [meson_hdmitx_encoder_atomic_disable]
01-01 08:00:06.272 0 0 I : [1 T282 ..] [drm] am_meson_crtc_atomic_disable-[0]:in
01-01 08:00:06.273 0 0 I [1 T282 d.] [hdmitx: ] hdmitx_set_drm_pkt: disable drm pkt
01-01 08:00:06.274 0 0 I [1 T282 d.] [hdmitx: ] TV not support DV, clr dv_vsif
01-01 08:00:06.275 0 0 I [1 T282 d.] [hdmitx: ] DV H14b VSIF, switching signal to SDR
01-01 08:00:06.275 0 0 I [1 T282 ..] [hdmitx: ] hdmitx_set_hdr10plus_pkt: null vsif
01-01 08:00:06.276 0 0 I [1 T282 ..] [hdmitx: ] hdmitx_unregister_vrr ret = 0
01-01 08:00:06.277 0 0 I : [1 T282 ..] [drm] am_meson_crtc_atomic_enable-[0] in: new[dummy_l], old[1080p60hz], vmode[4-4], uboot[0]
01-01 08:00:06.278 0 0 I : [1 T282 ..] [drm] am_meson_crtc_atomic_enable-[0]: enable mode dummy_l final vmode 7
01-01 08:00:06.279 0 0 I : [1 T282 ..] dummy_encl_set_current_vmode finished
01-01 08:00:06.280 0 0 I : [1 T282 ..] [drm] meson_vout_update_mode_name: dummy update vout 1 name dummy_l.
01-01 08:00:06.281 0 0 I : [1 T282 ..] [drm] [meson_hdmitx_encoder_atomic_enable] skip vmode[7]
01-01 08:00:06.282 0 0 I : [1 T282 ..] [drm] meson_dummyl_encoder_atomic_enable: vmode:7 skip atomic enable!
01-01 08:00:06.285 0 0 I [0 T338 ..] device-mapper: verity: sha256 using implementation "sha256-ce"
01-01 08:00:06.286 0 0 I : [3 T337 ..] EXT4-fs (loop17): mounted filesystem without journal. Opts: (null). Quota mode: none.
01-01 08:00:06.287 0 0 I [1 T336 ..] device-mapper: verity: sha256 using implementation "sha256-ce"
01-01 08:00:06.288 0 0 I [0 T337 ..] loop20: detected capacity change from 0 to 5656
01-01 08:00:06.293 0 0 I : [0 T339 ..] EXT4-fs (loop16): mounted filesystem without journal. Opts: (null). Quota mode: none.
01-01 08:00:06.294 0 0 I [0 T339 ..] loop21: detected capacity change from 0 to 50632
01-01 08:00:06.309 0 0 I : [0 T338 ..] EXT4-fs (dm-40): mounted filesystem without journal. Opts: (null). Quota mode: none.
01-01 08:00:06.312 0 0 I [0 T338 ..] loop22: detected capacity change from 0 to 6680
01-01 08:00:06.314 0 0 I [2 T339 ..] device-mapper: verity: sha256 using implementation "sha256-ce"
01-01 08:00:06.321 0 0 I [2 T337 ..] device-mapper: verity: sha256 using implementation "sha256-ce"
01-01 08:00:06.331 0 0 I [1 T338 ..] device-mapper: verity: sha256 using implementation "sha256-ce"
01-01 08:00:06.332 0 0 I : [1 T336 ..] EXT4-fs (dm-39): mounted filesystem without journal. Opts: (null). Quota mode: none.
01-01 08:00:06.335 0 0 I [3 T336 ..] loop23: detected capacity change from 0 to 8568
01-01 08:00:06.344 0 0 I : [1 T339 ..] EXT4-fs (dm-37): mounted filesystem without journal. Opts: (null). Quota mode: none.
01-01 08:00:06.345 0 0 I : [1 T337 ..] EXT4-fs (dm-38): mounted filesystem without journal. Opts: (null). Quota mode: none.
01-01 08:00:06.346 0 0 I [0 T339 ..] loop24: detected capacity change from 0 to 16600
01-01 08:00:06.348 0 0 I [1 T337 ..] loop25: detected capacity change from 0 to 1512
01-01 08:00:06.359 0 0 I : [0 T338 ..] EXT4-fs (dm-36): mounted filesystem without journal. Opts: (null). Quota mode: none.
01-01 08:00:06.361 0 0 I [0 T338 ..] loop26: detected capacity change from 0 to 536
01-01 08:00:06.363 0 0 I [3 T336 ..] device-mapper: verity: sha256 using implementation "sha256-ce"
01-01 08:00:06.367 0 0 I [3 T339 ..] device-mapper: verity: sha256 using implementation "sha256-ce"
01-01 08:00:06.376 0 0 I [1 T337 ..] device-mapper: verity: sha256 using implementation "sha256-ce"
01-01 08:00:06.387 0 0 I : [0 T336 ..] EXT4-fs (dm-34): mounted filesystem without journal. Opts: (null). Quota mode: none.
01-01 08:00:06.390 0 0 I [0 T336 ..] loop27: detected capacity change from 0 to 6024
01-01 08:00:06.391 0 0 I [1 T338 ..] device-mapper: verity: sha256 using implementation "sha256-ce"
01-01 08:00:06.392 0 0 I : [3 T339 ..] EXT4-fs (dm-31): mounted filesystem without journal. Opts: (null). Quota mode: none.
01-01 08:00:06.395 0 0 I [1 T339 ..] loop28: detected capacity change from 0 to 17432
01-01 08:00:06.405 0 0 I : [2 T337 ..] EXT4-fs (dm-27): mounted filesystem without journal. Opts: (null). Quota mode: none.
01-01 08:00:06.406 0 0 I [0 T336 ..] device-mapper: verity: sha256 using implementation "sha256-ce"
01-01 08:00:06.407 0 0 I [2 T337 ..] loop29: detected capacity change from 0 to 5920
01-01 08:00:06.415 0 0 I [3 T339 ..] device-mapper: verity: sha256 using implementation "sha256-ce"
01-01 08:00:06.416 0 0 I : [2 T336 ..] EXT4-fs (dm-25): mounted filesystem without journal. Opts: (null). Quota mode: none.
01-01 08:00:06.419 0 0 I : [3 T338 ..] EXT4-fs (dm-30): mounted filesystem without journal. Opts: (null). Quota mode: none.
01-01 08:00:06.421 0 0 I [2 T336 ..] loop30: detected capacity change from 0 to 6496
01-01 08:00:06.423 0 0 I [3 T338 ..] loop31: detected capacity change from 0 to 49208
01-01 08:00:06.435 0 0 I [1 T337 ..] device-mapper: verity: sha256 using implementation "sha256-ce"
01-01 08:00:06.442 0 0 I : [3 T339 ..] EXT4-fs (dm-26): mounted filesystem without journal. Opts: (null). Quota mode: none.
01-01 08:00:06.444 0 0 I [2 T339 ..] loop32: detected capacity change from 0 to 4648
01-01 08:00:06.447 0 0 I [3 T338 ..] device-mapper: verity: sha256 using implementation "sha256-ce"
01-01 08:00:06.447 0 0 I [1 T336 ..] device-mapper: verity: sha256 using implementation "sha256-ce"
01-01 08:00:06.459 0 0 I : [2 T337 ..] EXT4-fs (dm-24): mounted filesystem without journal. Opts: (null). Quota mode: none.
01-01 08:00:06.461 0 0 I [2 T337 ..] loop33: detected capacity change from 0 to 42112
01-01 08:00:06.472 0 0 I : [1 T336 ..] EXT4-fs (dm-22): mounted filesystem without journal. Opts: (null). Quota mode: none.
01-01 08:00:06.473 0 0 I : [0 T338 ..] EXT4-fs (dm-21): mounted filesystem without journal. Opts: (null). Quota mode: none.
01-01 08:00:06.475 0 0 I [2 T339 ..] device-mapper: verity: sha256 using implementation "sha256-ce"
01-01 08:00:06.475 0 0 I [0 T336 ..] loop34: detected capacity change from 0 to 536
01-01 08:00:06.482 0 0 I [2 T337 ..] device-mapper: verity: sha256 using implementation "sha256-ce"
01-01 08:00:06.482 0 0 I [3 T338 ..] loop35: detected capacity change from 0 to 34552
01-01 08:00:06.499 0 0 I : [3 T339 ..] EXT4-fs (dm-20): mounted filesystem without journal. Opts: (null). Quota mode: none.
01-01 08:00:06.501 0 0 I [3 T339 ..] loop36: detected capacity change from 0 to 30096
01-01 08:00:06.503 0 0 I [2 T338 ..] device-mapper: verity: sha256 using implementation "sha256-ce"
01-01 08:00:06.512 0 0 I [1 T336 ..] device-mapper: verity: sha256 using implementation "sha256-ce"
01-01 08:00:06.512 0 0 I : [3 T337 ..] EXT4-fs (dm-16): mounted filesystem without journal. Opts: (null). Quota mode: none.
01-01 08:00:06.524 0 0 I : [1 T336 ..] EXT4-fs (dm-13): mounted filesystem without journal. Opts: (null). Quota mode: none.
01-01 08:00:06.529 0 0 I : [0 T338 ..] EXT4-fs (dm-15): mounted filesystem without journal. Opts: (null). Quota mode: none.
01-01 08:00:06.533 0 0 I [1 T339 ..] device-mapper: verity: sha256 using implementation "sha256-ce"
01-01 08:00:06.544 0 0 I : [3 T339 ..] EXT4-fs (dm-11): mounted filesystem without journal. Opts: (null). Quota mode: none.
01-01 08:00:06.592 235 383 D BootAnimation: BootAnimation::threadLoop
01-01 08:00:06.593 235 383 D BootAnimation: bootVideoProp=50, mConfig=0, mVol=50, mMute=0
01-01 08:00:06.614 235 383 D BootAnimation: BootAnimationShownTiming start time: 6614ms
01-01 08:00:06.766 231 231 D vold : fscrypt_init_user0
01-01 08:00:06.766 231 231 D vold : Preparing: /data/misc/vold/user_keys
01-01 08:00:06.778 0 0 D [3 T417 ..] vdc: Waited 0ms for vold
01-01 08:00:06.771 231 231 D vold : Preparing: /data/misc/vold/user_keys/ce
01-01 08:00:06.772 231 231 D vold : Preparing: /data/misc/vold/user_keys/de
01-01 08:00:06.781 231 231 D vold : Installed fscrypt key with ref 689f217b335bc1ee762a6a5ebc3025ff to /data
01-01 08:00:06.781 231 231 D vold : Added fscrypt-provisioning key for 689f217b335bc1ee762a6a5ebc3025ff to session keyring
01-01 08:00:06.781 231 231 D vold : Installed de key for user 0
01-01 08:00:06.782 231 231 D vold : Preparing: /data/data
01-01 08:00:06.783 231 231 D vold : Preparing: /data/user/0
01-01 08:00:06.784 231 231 D vold : Preparing: /data/media/obb
01-01 08:00:06.784 231 231 D vold : fscrypt_prepare_user_storage for volume null, user 0, serial 0, flags 1
01-01 08:00:06.784 231 231 D vold : Preparing: /data/system/users/0
01-01 08:00:06.785 231 231 D vold : Preparing: /data/misc/profiles/cur/0
01-01 08:00:06.786 231 231 D vold : Preparing: /data/system_de/0
01-01 08:00:06.787 231 231 I vold : Verified that /data/system_de/0 has the encryption policy 689f217b335bc1ee762a6a5ebc3025ff v2 modes 1/4 flags 0xa
01-01 08:00:06.787 231 231 D vold : Preparing: /data/vendor_de/0
01-01 08:00:06.788 231 231 I vold : Verified that /data/vendor_de/0 has the encryption policy 689f217b335bc1ee762a6a5ebc3025ff v2 modes 1/4 flags 0xa
01-01 08:00:06.788 231 231 D vold : Preparing: /data/misc_de/0
01-01 08:00:06.789 231 231 I vold : Verified that /data/misc_de/0 has the encryption policy 689f217b335bc1ee762a6a5ebc3025ff v2 modes 1/4 flags 0xa
01-01 08:00:06.789 231 231 D vold : Preparing: /data/user_de/0
01-01 08:00:06.790 231 231 I vold : Verified that /data/user_de/0 has the encryption policy 689f217b335bc1ee762a6a5ebc3025ff v2 modes 1/4 flags 0xa
01-01 08:00:06.790 231 231 D vold : /system/bin/vold_prepare_subdirs
01-01 08:00:06.790 231 231 D vold : prepare
01-01 08:00:06.790 231 231 D vold :
01-01 08:00:06.790 231 231 D vold : 0
01-01 08:00:06.790 231 231 D vold : 1
01-01 08:00:06.852 231 231 D vold : Detected support for FS_IOC_ADD_ENCRYPTION_KEY
01-01 08:00:06.978 421 421 I odsign : Trying to retrieve existing HMAC key...
01-01 08:00:06.980 421 421 I odsign : Trying to retrieve existing keystore key...
01-01 08:00:06.984 421 421 I odsign : Verified public key signature.
01-01 08:00:06.984 421 421 I odsign : Initialized Keystore key.
01-01 08:00:06.985 421 421 I odsign : Found and verified existing public key certificate: /data/misc/odsign/key.cert
01-01 08:00:07.079 0 0 I [1 T422 ..] fs-verity: sha256 using implementation "sha256-ce"
01-01 08:00:07.104 422 422 I odrefresh: ART APEX version 340090000
01-01 08:00:07.220 422 422 I odrefresh: Boot images on /system OK (arm)
01-01 08:00:07.224 422 422 I odrefresh: system_server artifacts on /system OK
01-01 08:00:07.238 421 421 I odsign : /data/misc/odsign/odsign.info.signature matches.
01-01 08:00:07.238 421 421 I odsign : Loaded /data/misc/odsign/odsign.info
01-01 08:00:07.239 421 421 I odsign : All root hashes match.
01-01 08:00:07.239 421 421 I odsign : odrefresh said artifacts are VALID
01-01 08:00:07.239 421 421 I odsign : On-device signing done.
01-01 08:00:07.239 421 421 I odsign : Metrics report is empty
01-01 08:00:07.261 272 313 I keystore2: system/security/keystore2/src/super_key.rs:330 - keystore.boot_level 1000000000 hits maximum 1000000000, finishing.
01-01 08:00:07.303 0 0 I [1 T424 ..] apexd: Snapshot DE subcommand detected
01-01 08:00:07.306 0 0 I [1 T424 ..] apexd-snapshotde: Marking APEXd as ready
01-01 08:00:07.338 0 0 I [2 T140 ..] [media_sync]: mediasync_policy_manager_init(ffffffc00bd8a000) initiation success.
01-01 08:00:07.354 0 0 I : [1 T140 ..] aml-vcodec-dec vcodec_dec: v4ldec registered as /dev/video26
01-01 08:00:07.482 0 0 I [2 T1 ..] selinux: SELinux: Skipping restorecon on directory(/data/dalvik-cache/arm)
01-01 08:00:07.482 0 0 E [2 T1 ..] selinux: SELinux: Could not stat /data/dalvik-cache/arm64: No such file or directory.
01-01 08:00:07.483 0 0 E [2 T1 ..] selinux: SELinux: Could not stat /data/dalvik-cache/riscv64: No such file or directory.
01-01 08:00:07.485 0 0 E [2 T1 ..] selinux: SELinux: Could not stat /data/dalvik-cache/x86: No such file or directory.
01-01 08:00:07.486 0 0 E [2 T1 ..] selinux: SELinux: Could not stat /data/dalvik-cache/x86_64: No such file or directory.
01-01 08:00:07.496 0 0 I [3 T1 ..] selinux: SELinux: Skipping restorecon on directory(/data/misc/apexdata/com.android.wifi)
01-01 08:00:07.502 0 0 I [3 T140 ..] init: Not setting encryption policy on: /data/media
01-01 08:00:07.551 0 0 D [3 T438 ..] LibBpfLoader: Loading optional ELF object /apex/com.android.tethering/etc/bpf/test.o with license Apache 2.0
01-01 08:00:07.551 0 0 I [0 T439 ..] update_verifier: Started with arg 1: nonencrypted
01-01 08:00:07.551 0 0 I [3 T438 ..] LibBpfLoader: Section bpfloader_min_ver value is 2 [0x2]
01-01 08:00:07.553 0 0 I [3 T438 ..] LibBpfLoader: Section bpfloader_max_ver value is 25 [0x19]
01-01 08:00:07.554 0 0 D [3 T438 ..] LibBpfLoader: Couldn't find section bpfloader_min_required_ver (defaulting to 0 [0x0]).
01-01 08:00:07.554 0 0 I [3 T438 ..] LibBpfLoader: Section size_of_bpf_map_def value is 120 [0x78]
01-01 08:00:07.555 0 0 I [3 T438 ..] LibBpfLoader: Section size_of_bpf_prog_def value is 92 [0x5c]
01-01 08:00:07.556 0 0 I [3 T438 ..] LibBpfLoader: BpfLoader version 0x00026 ignoring ELF object /apex/com.android.tethering/etc/bpf/test.o with max ver 0x00019
01-01 08:00:07.557 0 0 I [3 T438 ..] bpfloader: Loaded object: /apex/com.android.tethering/etc/bpf/test.o
01-01 08:00:07.563 0 0 I [0 T439 ..] update_verifier: Using AIDL version of IBootControl
01-01 08:00:07.564 0 0 D [0 T438 ..] LibBpfLoader: Loading critical for Connectivity (Tethering) ELF object /apex/com.android.tethering/etc/bpf/offload.o with license Apache 2.0
01-01 08:00:07.564 0 0 I [3 T273 ..] android.hardware.boot-service: sys.boot_completed:
01-01 08:00:07.564 0 0 I [0 T438 ..] LibBpfLoader: Section bpfloader_min_ver value is 2 [0x2]
01-01 08:00:07.564 0 0 I [2 T439 ..] update_verifier: Booting slot 0: isSlotMarkedSuccessful=1
01-01 08:00:07.566 0 0 I [2 T439 ..] update_verifier: Leaving update_verifier.
01-01 08:00:07.623 0 0 I : [3 T140 ..] Mass Storage Function, version: 2009/09/11
01-01 08:00:07.623 0 0 I [3 T140 ..] LUN: removable file: (no medium)
01-01 08:00:07.644 0 0 I : [1 T140 ..] file system registered
01-01 08:00:07.670 0 0 W : [0 T140 ..] using random self ethernet address
01-01 08:00:07.670 0 0 W : [0 T140 ..] using random host ethernet address
01-01 08:00:07.711 0 0 I [0 T192 ..] [hdmitx: ] UTC+0 1970-01-01 00:00:07 HPD HIGH
01-01 08:00:07.814 0 0 W [1 T140 ..] 0: amvdec_vc1 module init
01-01 08:00:07.817 0 0 W [1 T140 ..] 0: amvdec_vc1 module init
01-01 08:00:07.869 0 0 W : [1 T140 ..] amvenc probe, hcodec get reset failed: -2
01-01 08:00:07.947 0 0 E : [0 T140 ..] have register same node[av1-v4l] on decoder before
01-01 08:00:07.953 0 0 I : [2 T140 ..] Registered frame rate driver success.
01-01 08:00:07.959 0 0 I [2 T140 ..] [DHP]: [INFO]: DHP driver init success.
01-01 08:00:08.195 0 0 I [2 T473 ..] [pm]: early_suspend_state=0
01-01 08:00:08.203 0 0 W [1 T438 ..] printk: bpfloader: 598 output lines suppressed due to ratelimiting
01-01 08:00:08.211 0 0 W [0 T460 ..] healthd: No battery devices found
01-01 08:00:08.219 0 0 W [2 T460 ..] healthd: battery none chg=
01-01 08:00:08.232 0 0 I [0 T312 ..] [hdmitx: ] system: plugin
01-01 08:00:08.232 0 0 I [0 T312 ..] [hdmitx: ] plugin sequence id: 4294894352
01-01 08:00:08.287 0 0 I [2 T312 ..] cec: [hdmitx_notify_callback] unsupported notify:3
01-01 08:00:08.287 0 0 W : [2 T312 ..] [RX]-up_phy_addr = 2
01-01 08:00:08.288 0 0 I [2 T312 ..] [hdmitx: ] edid: blk0 raw data
01-01 08:00:08.289 0 0 I [2 T312 ..] [hdmitx: ] 00ffffffffffff0035ad4000010000000a210103807341780acf74a3574cb02309484c000000010101ff01ffff010101010101010120565e00a0a0a029503020
01-01 08:00:08.289 0 0 I : [2 T312 ..] 3500ba882100001a6fc200a0a0a0555030203500a02a5300001a000000fc0044616e67626569202020202020000000fd001ea51eff9c000a20202020202001b1
01-01 08:00:08.292 0 0 I [2 T312 ..] [hdmitx: ] edid: blk1 raw data
01-01 08:00:08.293 0 0 I [2 T312 ..] [hdmitx: ] 020376f2e278025e0503011213141607901f225d5f6061626465665e63020611153f76dadb04290f7f0715075051060083010000e200ff6e030c002000f84420
01-01 08:00:08.293 0 0 I : [2 T312 ..] 0080010203046dd85dc40178c86f0230f0836521e5018b84906de305ff01e50f008019046d1a0000021f30f0002f62266226e3060f0100000000000000000029
01-01 08:00:08.296 0 0 I [2 T312 ..] [hdmitx: ] edid: blk2 raw data
01-01 08:00:08.297 0 0 I [2 T312 ..] [hdmitx: ] 02033b00f62202ed1f1084ff099f002f801f009f05b20002000400f62202a9cb1184ff0e9f002f801f003704860002000900e82a00807f073704ef0000000000
01-01 08:00:08.297 0 0 I : [2 T312 ..] 0000000000000000000000000000000000000000000000000000000000000000000000000000000000000000000000000000000000000000000000000000008a
01-01 08:00:08.301 0 0 I : [2 T312 ..] [drm] drm hdmitx hpd notify
01-01 08:00:08.308 0 0 I [2 T332 ..] [hdmitx: ] qms 0 qms_tfr_min/max 0 0 gaming_vrr_min/max 48 240
01-01 08:00:08.309 0 0 I [2 T332 ..] [hdmitx: ] BRR VIC 16 width/height 1920 1080 QMS min/max 0 0 GAME min/max 48 240
01-01 08:00:08.310 0 0 I [2 T332 ..] [hdmitx: ] BRR/VIC group
01-01 08:00:08.310 0 0 I [2 T332 ..] [hdmitx: ] BRR VIC 4 width/height 1280 720 QMS min/max 0 0 GAME min/max 48 240
01-01 08:00:08.312 0 0 I [2 T332 ..] [hdmitx: ] BRR/VIC group
01-01 08:00:08.312 0 0 I [2 T332 ..] [hdmitx: ] BRR VIC 97 width/height 3840 2160 QMS min/max 0 0 GAME min/max 48 240
01-01 08:00:08.313 0 0 I [2 T332 ..] [hdmitx: ] BRR/VIC group
01-01 08:00:08.314 0 0 I [2 T332 ..] [hdmitx: ] BRR VIC 102 width/height 4096 2160 QMS min/max 0 0 GAME min/max 48 240
01-01 08:00:08.315 0 0 I [2 T332 ..] [hdmitx: ] BRR/VIC group
01-01 08:00:08.316 0 0 I [2 T332 ..] [hdmitx: ] qms 0 qms_tfr_min/max 0 0 gaming_vrr_min/max 48 240
01-01 08:00:08.353 0 0 I [1 T332 ..] [hdmitx: ] qms 0 qms_tfr_min/max 0 0 gaming_vrr_min/max 48 240
01-01 08:00:08.353 0 0 I [1 T332 ..] [hdmitx: ] BRR VIC 16 width/height 1920 1080 QMS min/max 0 0 GAME min/max 48 240
01-01 08:00:08.354 0 0 I [1 T332 ..] [hdmitx: ] BRR/VIC group
01-01 08:00:08.355 0 0 I [1 T332 ..] [hdmitx: ] BRR VIC 4 width/height 1280 720 QMS min/max 0 0 GAME min/max 48 240
01-01 08:00:08.356 0 0 I [1 T332 ..] [hdmitx: ] BRR/VIC group
01-01 08:00:08.389 478 478 I android.hardware.wifi-service.droidlogic: Wifi Hal is booting up...
01-01 08:00:08.424 0 0 I [2 T332 ..] [hdmitx: ] BRR VIC 97 width/height 3840 2160 QMS min/max 0 0 GAME min/max 48 240
01-01 08:00:08.424 0 0 I [2 T332 ..] [hdmitx: ] BRR/VIC group
01-01 08:00:08.425 0 0 I [2 T332 ..] [hdmitx: ] BRR VIC 102 width/height 4096 2160 QMS min/max 0 0 GAME min/max 48 240
01-01 08:00:08.426 0 0 I [2 T332 ..] [hdmitx: ] BRR/VIC group
01-01 08:00:08.427 0 0 I [2 T332 ..] [hdmitx: ] qms 0 qms_tfr_min/max 0 0 gaming_vrr_min/max 48 240
01-01 08:00:08.436 478 478 I android.hardware.wifi-service.droidlogic: Joining RPC thread pool
01-01 08:00:08.461 0 0 I [2 T332 ..] vc: [0]get capability: min 64 64; max 4096 2160
01-01 08:00:08.461 0 0 I [2 T332 ..] vc: [1]get capability: min 64 64; max 2048 1080
01-01 08:00:08.500 0 0 E [2 T140 ..] map_store: rm default
01-01 08:00:08.509 0 0 E [2 T140 ..] map_store: add default decoder ppmgr deinterlace amvideo
01-01 08:00:08.532 0 0 I [0 T140 ..] [snd-soc]: drc high cut scale set to 0%
01-01 08:00:08.534 0 0 I [3 T140 ..] [snd-soc]: drc low boost scale set to 0%
01-01 08:00:08.536 0 0 I [0 T140 ..] [snd-soc]: drc mode set to RF
01-01 08:00:08.570 0 0 I [1 T332 ..] [hdmitx: ] avmute_store 1
01-01 08:00:08.590 0 0 I [3 T140 ..] usbcore: registered new interface driver wifi_usb_common
01-01 08:00:08.590 0 0 W : [3 T140 ..] aml_usb_common->
01-01 08:00:08.590 0 0 W : [3 T140 ..] aml_wifi_usb_insmod(138) aml common driver insmod
01-01 08:00:08.591 0 0 W : [3 T140 ..] *****************aml sdio common driver is insmoded********************
01-01 08:00:08.592 0 0 W : [3 T140 ..] aml_wifi_sdio_insmod(279) start...
01-01 08:00:08.632 0 0 I : [0 T332 ..] [drm] build_hdmitx_attr_str:rgb,10bit = 0+10
01-01 08:00:08.632 0 0 I : [0 T332 ..] [drm] [meson_hdmitx_encoder_atomic_disable]
01-01 08:00:08.633 0 0 I : [0 T332 ..] [drm] am_meson_crtc_atomic_disable-[0]:in
01-01 08:00:08.634 0 0 I : [3 T332 ..] dummy_encl_disable finished
01-01 08:00:08.634 0 0 I : [3 T332 ..] [drm] am_meson_crtc_atomic_enable-[0] in: new[1080p60hz], old[dummy_l], vmode[4-4], uboot[0]
01-01 08:00:08.636 0 0 I : [3 T332 ..] [drm] am_meson_crtc_atomic_enable-[0]: enable mode 1080p60hz final vmode 0
01-01 08:00:08.637 0 0 I [3 T332 ..] [hdmitx: ] set21_s7d_htxpll_clk_out[96] htxpll vco 3708800 div 2
01-01 08:00:08.639 0 0 I [2 T332 ..] [hdmitx: ] pll_od0 = 1, pll_od2 = 1, pll_od1 = 1
01-01 08:00:08.639 0 0 I [2 T332 ..] [hdmitx: ] clocks_set_vid_clk_div_for_hdmi[402] div = 8
01-01 08:00:08.640 0 0 I [2 T332 ..] [hdmitx: ] configure venc
01-01 08:00:08.640 0 0 I [2 T332 ..] [hdmitx: ] config_tv_enc_calc[63] vic = 16
01-01 08:00:08.641 0 0 I [2 T332 ..] [hdmitx: ] hdmitx_soft_reset[1263]
01-01 08:00:08.642 0 0 I [2 T332 ..] [hdmitx: ] config hdmitx IP vic = 16 cd:5 cs: 0
01-01 08:00:08.643 0 0 I [2 T332 ..] [hdmitx: ] configure hdmitx21
01-01 08:00:08.660 0 0 I [2 T332 ..] [hdmitx: ] hdmitx21_poll_reg addr:0x8 exp_data:0x0 rd_data:0x10 poll time-out!
01-01 08:00:08.660 0 0 I [2 T332 ..] [hdmitx: ] ycbcr2rgb matrix
01-01 08:00:08.663 0 0 I [2 T332 ..] [hdmitx: ] enable phy to dig
01-01 08:00:08.664 0 0 I [2 T332 ..] [hdmitx: ] hdmitx_set_dispmode[1551] frl_rate 0 htotal 2200 cs 0 cd 5 h_unstable 0
01-01 08:00:08.704 0 0 I [1 T332 ..] [hdmitx: ] set21_phy_by_mode_s7d[188] rterm = 7
01-01 08:00:08.709 0 0 I [1 T332 ..] [hdmitx: ] Sink is HDMI device
01-01 08:00:08.709 0 0 I [1 T332 ..] [hdmitx: ] clear vsif for non-4k mode.
01-01 08:00:08.710 0 0 I [1 T332 d.] [hdmitx: ] hdmitx_set_drm_pkt: hdr.sdr pkt sent
01-01 08:00:08.711 0 0 I [1 T332 ..] [hdmitx: ] set audio
01-01 08:00:08.711 0 0 I [1 T332 ..] [hdmitx: ] audio_param->chs = 1
01-01 08:00:08.712 0 0 I [1 T332 ..] [hdmitx: ] aud_src_if = 0
01-01 08:00:08.713 0 0 I [1 T332 ..] [hdmitx: ] aud_n_para = 11648
01-01 08:00:08.720 0 0 I [1 T332 ..] [hdmitx: ] audio state: AUDIO_UNMUTE
01-01 08:00:08.720 0 0 I [1 T332 ..] [hdmitx: ] vinfo: set cur_enc_ppc as 1, vpp color: 0
01-01 08:00:08.730 0 0 I [0 T117 dh] [hdmitx: ] hdmitx_set_drm_pkt: tf=16, cf=9, colormetry=0
01-01 08:00:08.727 523 523 I gsid : no DSU: No such file or directory
01-01 08:00:08.744 0 0 I [2 T332 ..] DOLBY: vout_notify_callback: VOUT_EVENT_MODE_CHANGE
01-01 08:00:08.744 0 0 I : [2 T332 ..] vsync_pts_inc 1501 1000/59940
01-01 08:00:08.746 0 0 I : [2 T332 ..] [drm] meson_vout_update_mode_name: hdmitx update vout 1 name 1080p60hz.
01-01 08:00:08.793 0 0 I [3 T332 ..] [hdmitx: ] avmute_store -1
01-01 08:00:08.842 0 0 I [0 T332 ..] [hdmitx: ] qms 0 qms_tfr_min/max 0 0 gaming_vrr_min/max 48 240
01-01 08:00:08.843 0 0 I [0 T332 ..] [hdmitx: ] BRR VIC 16 width/height 1920 1080 QMS min/max 0 0 GAME min/max 48 240
01-01 08:00:08.844 0 0 I [0 T332 ..] [hdmitx: ] BRR/VIC group
01-01 08:00:08.845 0 0 I [0 T332 ..] [hdmitx: ] BRR VIC 4 width/height 1280 720 QMS min/max 0 0 GAME min/max 48 240
01-01 08:00:08.846 0 0 I [0 T332 ..] [hdmitx: ] BRR/VIC group
01-01 08:00:08.846 0 0 I [0 T332 ..] [hdmitx: ] BRR VIC 97 width/height 3840 2160 QMS min/max 0 0 GAME min/max 48 240
01-01 08:00:08.851 0 0 I [0 T332 ..] [hdmitx: ] BRR/VIC group
01-01 08:00:08.851 0 0 I [0 T332 ..] [hdmitx: ] BRR VIC 102 width/height 4096 2160 QMS min/max 0 0 GAME min/max 48 240
01-01 08:00:08.852 0 0 I [0 T332 ..] [hdmitx: ] BRR/VIC group
01-01 08:00:08.853 0 0 I [0 T332 ..] [hdmitx: ] qms 0 qms_tfr_min/max 0 0 gaming_vrr_min/max 48 240
01-01 08:00:08.899 0 0 I [1 T461 ..] dmabuf_manage: dmabuf_manage_secmem_tee_init: dmabuf_manage_secmem_tee_init open session ret 0, res 0xffff0008, origin 0x3
01-01 08:00:08.901 0 0 I [1 T461 ..] dmabuf_manage: dmabuf_manage_secmem_tee_init: dmabuf_manage_secmem_tee_init open session ret 0, res 0xffff0008, origin 0x3
01-01 08:00:08.903 0 0 I [1 T461 ..] dmabuf_manage: dmabuf_manage_secmem_tee_init: dmabuf_manage_secmem_tee_init open session ret 0, res 0xffff0008, origin 0x3
01-01 08:00:08.905 0 0 I [1 T461 ..] dmabuf_manage: dmabuf_manage_secmem_tee_init: dmabuf_manage_secmem_tee_init open session ret 0, res 0xffff0008, origin 0x3
01-01 08:00:08.907 0 0 I [1 T461 ..] dmabuf_manage: dmabuf_manage_secmem_tee_init: dmabuf_manage_secmem_tee_init open session ret 0, res 0xffff0008, origin 0x3
01-01 08:00:08.910 0 0 I [1 T461 ..] dmabuf_manage: dmabuf_manage_secmem_tee_init: dmabuf_manage_secmem_tee_init open session ret 0, res 0xffff0008, origin 0x3
01-01 08:00:08.912 0 0 I [1 T461 ..] dmabuf_manage: dmabuf_manage_secmem_tee_init: dmabuf_manage_secmem_tee_init open session ret 0, res 0xffff0008, origin 0x3
01-01 08:00:08.913 0 0 I [1 T461 ..] dmabuf_manage: dmabuf_manage_secmem_tee_init: dmabuf_manage_secmem_tee_init open session ret 0, res 0xffff0008, origin 0x3
01-01 08:00:08.916 0 0 I [1 T461 ..] dmabuf_manage: dmabuf_manage_secmem_tee_init: dmabuf_manage_secmem_tee_init open session ret 0, res 0xffff0008, origin 0x3
01-01 08:00:08.918 0 0 I [1 T461 ..] dmabuf_manage: dmabuf_manage_secmem_tee_init: dmabuf_manage_secmem_tee_init open session ret 0, res 0xffff0008, origin 0x3
01-01 08:00:08.920 0 0 I [1 T461 ..] dmabuf_manage: dmabuf_manage_secmem_tee_init: dmabuf_manage_secmem_tee_init open session ret 0, res 0xffff0008, origin 0x3
01-01 08:00:08.910 235 383 V BootAnimation: Hotplug received
01-01 08:00:08.922 0 0 I [1 T461 ..] dmabuf_manage: dmabuf_manage_secmem_tee_init: dmabuf_manage_secmem_tee_init open session ret 0, res 0xffff0008, origin 0x3
01-01 08:00:08.932 0 0 I [1 T461 ..] dmabuf_manage: dmabuf_manage_secmem_tee_init: dmabuf_manage_secmem_tee_init open session ret 0, res 0xffff0008, origin 0x3
01-01 08:00:08.935 0 0 I [3 T461 ..] dmabuf_manage: dmabuf_manage_secmem_tee_init: dmabuf_manage_secmem_tee_init open session ret 0, res 0xffff0008, origin 0x3
01-01 08:00:08.940 0 0 I [3 T461 ..] dmabuf_manage: dmabuf_manage_secmem_tee_init: dmabuf_manage_secmem_tee_init open session ret 0, res 0xffff0008, origin 0x3
01-01 08:00:08.942 0 0 I [0 T461 ..] dmabuf_manage: dmabuf_manage_secmem_tee_init: dmabuf_manage_secmem_tee_init open session ret 0, res 0xffff0008, origin 0x3
01-01 08:00:08.948 0 0 I [2 T461 ..] dmabuf_manage: dmabuf_manage_secmem_tee_init: dmabuf_manage_secmem_tee_init open session ret 0, res 0xffff0008, origin 0x3
01-01 08:00:08.950 0 0 I [2 T461 ..] dmabuf_manage: dmabuf_manage_secmem_tee_init: dmabuf_manage_secmem_tee_init open session ret 0, res 0xffff0008, origin 0x3
01-01 08:00:08.954 0 0 I [2 T461 ..] dmabuf_manage: dmabuf_manage_secmem_tee_init: dmabuf_manage_secmem_tee_init open session ret 0, res 0xffff0008, origin 0x3
01-01 08:00:08.956 0 0 I [2 T461 ..] dmabuf_manage: dmabuf_manage_secmem_tee_init: dmabuf_manage_secmem_tee_init open session ret 0, res 0xffff0008, origin 0x3
01-01 08:00:08.959 0 0 I [2 T461 ..] dmabuf_manage: dmabuf_manage_secmem_tee_init: dmabuf_manage_secmem_tee_init open session ret 0, res 0xffff0008, origin 0x3
01-01 08:00:08.963 0 0 I [2 T461 ..] dmabuf_manage: dmabuf_manage_secmem_tee_init: dmabuf_manage_secmem_tee_init open session ret 0, res 0xffff0008, origin 0x3
01-01 08:00:08.968 0 0 I : [0 T10 ..] [TEE] E/LD: init_elf:453 sys_open_ta_bin(2c1a33c0-44cc-11e5-bc3b-0002a5d5c51b)
01-01 08:00:08.968 0 0 I : [0 T10 ..] [TEE] E/TC:? 00 ldelf_init_with_ldelf:131 ldelf failed with res: 0xffff0008
01-01 08:00:08.970 0 0 I : [0 T10 ..] [TEE] E/LD: init_elf:453 sys_open_ta_bin(2c1a33c0-44cc-11e5-bc3b-0002a5d5c51b)
01-01 08:00:08.971 0 0 I : [0 T10 ..] [TEE] E/TC:? 00 ldelf_init_with_ldelf:131 ldelf failed with res: 0xffff0008
01-01 08:00:08.972 0 0 I : [0 T10 ..] [TEE] E/LD: init_elf:453 sys_open_ta_bin(2c1a33c0-44cc-11e5-bc3b-0002a5d5c51b)
01-01 08:00:08.973 0 0 I : [0 T10 ..] [TEE] E/TC:? 00 ldelf_init_with_ldelf:131 ldelf failed with res: 0xffff0008
01-01 08:00:08.974 0 0 I : [0 T10 ..] [TEE] E/LD: init_elf:453 sys_open_ta_bin(2c1a33c0-44cc-11e5-bc3b-0002a5d5c51b)
01-01 08:00:08.975 0 0 I : [0 T10 ..] [TEE] E/TC:? 00 ldelf_init_with_ldelf:131 ldelf failed with res: 0xffff0008
01-01 08:00:08.977 0 0 I : [0 T10 ..] [TEE] E/LD: init_elf:453 sys_open_ta_bin(2c1a33c0-44cc-11e5-bc3b-0002a5d5c51b)
01-01 08:00:08.978 0 0 I : [0 T10 ..] [TEE] E/TC:? 00 ldelf_init_with_ldelf:131 ldelf failed with res: 0xffff0008
01-01 08:00:08.979 0 0 I : [0 T10 ..] [TEE] E/LD: init_elf:453 sys_open_ta_bin(2c1a33c0-44cc-11e5-bc3b-0002a5d5c51b)
01-01 08:00:08.980 0 0 I : [0 T10 ..] [TEE] E/TC:? 00 ldelf_init_with_ldelf:131 ldelf failed with res: 0xffff0008
01-01 08:00:08.982 0 0 I : [0 T10 ..] [TEE] E/LD: init_elf:453 sys_open_ta_bin(2c1a33c0-44cc-11e5-bc3b-0002a5d5c51b)
01-01 08:00:08.983 0 0 I : [0 T10 ..] [TEE] E/TC:? 00 ldelf_init_with_ldelf:131 ldelf failed with res: 0xffff0008
01-01 08:00:08.984 0 0 I : [0 T10 ..] [TEE] E/LD: init_elf:453 sys_open_ta_bin(2c1a33c0-44cc-11e5-bc3b-0002a5d5c51b)
01-01 08:00:08.985 0 0 I : [0 T10 ..] [TEE] E/TC:? 00 ldelf_init_with_ldelf:131 ldelf failed with res: 0xffff0008
01-01 08:00:08.986 0 0 I : [0 T10 ..] [TEE] E/LD: init_elf:453 sys_open_ta_bin(2c1a33c0-44cc-11e5-bc3b-0002a5d5c51b)
01-01 08:00:08.987 0 0 I : [0 T10 ..] [TEE] E/TC:? 00 ldelf_init_with_ldelf:131 ldelf failed with res: 0xffff0008
01-01 08:00:08.988 0 0 I : [0 T10 ..] [TEE] E/LD: init_elf:453 sys_open_ta_bin(2c1a33c0-44cc-11e5-bc3b-0002a5d5c51b)
01-01 08:00:08.990 0 0 I : [0 T10 ..] [TEE] E/TC:? 00 ldelf_init_with_ldelf:131 ldelf failed with res: 0xffff0008
01-01 08:00:08.991 0 0 I : [0 T10 ..] [TEE] E/LD: init_elf:453 sys_open_ta_bin(2c1a33c0-44cc-11e5-bc3b-0002a5d5c51b)
01-01 08:00:08.992 0 0 I : [0 T10 ..] [TEE] E/TC:? 00 ldelf_init_with_ldelf:131 ldelf failed with res: 0xffff0008
01-01 08:00:08.993 0 0 I : [0 T10 ..] [TEE] E/LD: init_elf:453 sys_open_ta_bin(2c1a33c0-44cc-11e5-bc3b-0002a5d5c51b)
01-01 08:00:08.994 0 0 I : [0 T10 ..] [TEE] E/TC:? 00 ldelf_init_with_ldelf:131 ldelf failed with res: 0xffff0008
01-01 08:00:08.995 0 0 I : [0 T10 ..] [TEE] E/LD: init_elf:453 sys_open_ta_bin(2c1a33c0-44cc-11e5-bc3b-0002a5d5c51b)
01-01 08:00:08.997 0 0 I : [0 T10 ..] [TEE] E/TC:? 00 ldelf_init_with_ldelf:131 ldelf failed with res: 0xffff0008
01-01 08:00:08.998 0 0 I : [0 T10 ..] [TEE] E/LD: init_elf:453 sys_open_ta_bin(2c1a33c0-44cc-11e5-bc3b-0002a5d5c51b)
01-01 08:00:08.999 0 0 I : [0 T10 ..] [TEE] E/TC:? 00 ldelf_init_with_ldelf:131 ldelf failed with res: 0xffff0008
01-01 08:00:09.000 0 0 I : [0 T10 ..] [TEE] E/LD: init_elf:453 sys_open_ta_bin(2c1a33c0-44cc-11e5-bc3b-0002a5d5c51b)
01-01 08:00:09.001 0 0 I : [0 T10 ..] [TEE] E/TC:? 00 ldelf_init_with_ldelf:131 ldelf failed with res: 0xffff0008
01-01 08:00:09.004 0 0 I : [0 T10 ..] [TEE] E/LD: init_elf:453 sys_open_ta_bin(2c1a33c0-44cc-11e5-bc3b-0002a5d5c51b)
01-01 08:00:09.005 0 0 I : [0 T10 ..] [TEE] E/TC:? 00 ldelf_init_with_ldelf:131 ldelf failed with res: 0xffff0008
01-01 08:00:09.007 0 0 I : [0 T10 ..] [TEE] E/LD: init_elf:453 sys_open_ta_bin(2c1a33c0-44cc-11e5-bc3b-0002a5d5c51b)
01-01 08:00:09.008 0 0 I : [0 T10 ..] [TEE] E/TC:? 00 ldelf_init_with_ldelf:131 ldelf failed with res: 0xffff0008
01-01 08:00:09.010 0 0 I : [0 T10 ..] [TEE] E/LD: init_elf:453 sys_open_ta_bin(2c1a33c0-44cc-11e5-bc3b-0002a5d5c51b)
01-01 08:00:09.011 0 0 I : [0 T10 ..] [TEE] E/TC:? 00 ldelf_init_with_ldelf:131 ldelf failed with res: 0xffff0008
01-01 08:00:09.012 0 0 I : [0 T10 ..] [TEE] E/LD: init_elf:453 sys_open_ta_bin(2c1a33c0-44cc-11e5-bc3b-0002a5d5c51b)
01-01 08:00:09.013 0 0 I : [0 T10 ..] [TEE] E/TC:? 00 ldelf_init_with_ldelf:131 ldelf failed with res: 0xffff0008
01-01 08:00:09.014 0 0 I : [0 T10 ..] [TEE] E/LD: init_elf:453 sys_open_ta_bin(2c1a33c0-44cc-11e5-bc3b-0002a5d5c51b)
01-01 08:00:09.016 0 0 I : [0 T10 ..] [TEE] E/TC:? 00 ldelf_init_with_ldelf:131 ldelf failed with res: 0xffff0008
01-01 08:00:09.017 0 0 I : [0 T10 ..] [TEE] E/LD: init_elf:453 sys_open_ta_bin(2c1a33c0-44cc-11e5-bc3b-0002a5d5c51b)
01-01 08:00:09.018 0 0 I : [0 T10 ..] [TEE] E/TC:? 00 ldelf_init_with_ldelf:131 ldelf failed with res: 0xffff0008
01-01 08:00:09.019 0 0 I : [0 T10 ..] [TEE] E/LD: init_elf:453 sys_open_ta_bin(2c1a33c0-44cc-11e5-bc3b-0002a5d5c51b)
01-01 08:00:09.020 0 0 I : [0 T10 ..] [TEE] E/TC:? 00 ldelf_init_with_ldelf:131 ldelf failed with res: 0xffff0008
01-01 08:00:09.196 568 568 I installd: installd firing up
01-01 08:00:09.305 0 0 I [0 T577 ..] [DHP]: [INFO]: [4294967295]: dhp_daemon-ffffff80210ca800 open aml_dhp_dev(v1.0.0) success.
01-01 08:00:09.319 576 576 I wificond: wificond is starting up...
01-01 08:00:09.346 0 0 I [2 T216 ..] servicemanager: Could not find android.hardware.net.nlinterceptor.IInterceptor/default in the VINTF manifest.
01-01 08:00:09.394 0 0 I [3 T216 ..] servicemanager: Could not find android.hardware.gatekeeper.IGatekeeper/default in the VINTF manifest.
01-01 08:00:09.387 576 576 E HidlServiceManagement: Service android.system.wifi.keystore@1.0::IKeystore/default must be in VINTF manifest in order to register/get.
01-01 08:00:09.387 576 576 I wificond: Did not register wifi keystore HIDL HAL service: -2147483648
01-01 08:00:09.404 0 0 I [1 T216 ..] servicemanager: Found android.hardware.usb.gadget.IUsbGadget/default in device VINTF manifest.
01-01 08:00:09.525 0 0 I [3 T216 ..] servicemanager: Found android.hardware.boot.IBootControl/default in device VINTF manifest.
01-01 08:00:09.545 575 575 W storaged: health: invalid battery status
01-01 08:00:09.554 0 0 I [0 T216 ..] servicemanager: Found android.hardware.health.IHealth/default in device VINTF manifest.
01-01 08:00:09.588 0 0 I [2 T605 ..] [hdmitx: ] tee load hdcp key ready: 0x0
01-01 08:00:09.588 0 0 I [2 T605 ..] [hdmitx: ] hdmi ready but hdcp not enabled, enable now
01-01 08:00:09.700 443 443 V Zygote32Timing: PreloadResources took to complete: 502ms
01-01 08:00:09.897 0 0 I [0 T216 ..] servicemanager: Found android.frameworks.cameraservice.service.ICameraService/default in framework VINTF manifest.
01-01 08:00:09.899 0 0 I [3 T216 ..] servicemanager: Found android.frameworks.cameraservice.service.ICameraService/default in framework VINTF manifest.
01-01 08:00:10.024 0 0 I : [0 T8 ..] [TEE] E/TA: parse_keybox:1766 [PROVISION-TA] v1 keybox is no longer supported
01-01 08:00:10.025 0 0 I : [0 T8 ..] [TEE] E/TA: provision_key_store:1996 [PROVISION-TA] parse data failed, res = 0xFFFF000A
01-01 08:00:10.027 0 0 I : [0 T8 ..] [TEE] E/TC:? 00 tee_rpmb_verify_key_sync_counter:1008 Verify key returning 0xffff0008
01-01 08:00:10.027 0 0 I : [0 T8 ..] [TEE] E/TA: hdcp_load_key:962 [HDCP-TA] hdcp_load_key: read hdcp key(hdcp_tx22.bin) ret = 0xFFFF0008
01-01 08:00:10.029 0 0 I : [0 T8 ..] [TEE] E/TC:? 00 tee_rpmb_verify_key_sync_counter:1008 Verify key returning 0xffff0008
01-01 08:00:10.030 0 0 I : [0 T8 ..] [TEE] E/TA: hdcp_load_key:962 [HDCP-TA] hdcp_load_key: read hdcp key(hdcp_tx14.bin) ret = 0xFFFF0008
01-01 08:00:10.044 443 443 V Zygote32Timing: BeginPreload took to complete: 193ms
01-01 08:00:10.331 0 0 I [3 T454 ..] [debug]: audio_utils_ioctl SET_LIB_SIZE 4294016
01-01 08:00:10.331 0 0 I [3 T454 ..] [debug]: audio_utils_ioctl WRITE_LIB
01-01 08:00:10.343 0 0 I [3 T454 ..] [hdmitx: ] hdmitx21_audio_mute_op: AUD_MUTE path=0x8000000
01-01 08:00:10.343 0 0 I [3 T454 ..] [hdmitx: ] audio state: AUDIO_MUTE
01-01 08:00:10.344 0 0 I [3 T454 ..] [hdmitx: ] hdmitx21_ext_set_audio_output enable:0
01-01 08:00:10.395 0 0 I [2 T643 ..] audio_ddr_mngr: frddrs[0] registered by device fe330000.audiobus:tdm@2
01-01 08:00:10.396 0 0 I [2 T643 ..] [snd-soc]: aml_audio_reset, reg 0xa, shift 9, use_vadtop 0
01-01 08:00:10.397 0 0 I [2 T643 ..] [snd-soc]: aml_audio_reset, reg 0xa, shift 14, use_vadtop 0
01-01 08:00:10.398 0 0 I [2 T643 ..] [snd-soc]: hdmitx src switch to spdif 0
01-01 08:00:10.398 0 0 I [2 T643 ..] [snd-soc]: sharebuffer_spdifout_prepare get_hdmitx_audio_src(rtd->card):0 spdif_id:0
01-01 08:00:10.400 0 0 I [2 T643 ..] [hdmitx: ] hdmitx_audio_notify_callback[798] audio prepare
01-01 08:00:10.401 0 0 D [2 T643 ..] [snd-soc]: spdif_a fifo ctrl, frddr:0 type:1, 16 bits, chmask 0x3, swap 0x10
01-01 08:00:10.401 0 0 I [2 T643 ..] [hdmitx: ] hdmitx_audio_notify_callback[803] type:1 rate:3 size:1 chs:2 i2s_ch_mask:1 aud_src_if:0
01-01 08:00:10.402 0 0 I [2 T643 ..] [hdmitx: ] aout notify format CT_PCM
01-01 08:00:10.403 0 0 I [2 T643 ..] [hdmitx: ] set audio
01-01 08:00:10.403 0 0 I [2 T643 ..] [hdmitx: ] audio_param->chs = 1
01-01 08:00:10.404 0 0 I [2 T643 ..] [hdmitx: ] aud_src_if = 0
01-01 08:00:10.405 0 0 I [2 T643 ..] [hdmitx: ] aud_n_para = 11648
01-01 08:00:10.405 0 0 I [2 T643 ..] [hdmitx: ] audio state: AUDIO_MUTE
01-01 08:00:10.406 0 0 I [2 T643 ..] [hdmitx: ] set audio param
01-01 08:00:10.407 0 0 I [1 T10 ..] [snd-codec-t9015]: aml_T9015_audio_set_bias_level
01-01 08:00:10.407 0 0 I [3 T10 ..] [snd-codec-t9015]: aml_T9015_audio_set_bias_level
01-01 08:00:10.414 0 0 D [2 T643 ..] [snd-soc]: spdif_a is set to enable
01-01 08:00:10.422 0 0 I [2 T643 ..] [snd-soc]: release_spdif_same_src(), 1039 src sel 3
01-01 08:00:10.423 0 0 I [2 T643 ..] [snd-soc]: ss_free() samesrc 3, lvl 1
01-01 08:00:10.425 0 0 I [2 T643 ..] audio_ddr_mngr: frddrs[1] registered by device fe330000.audiobus:spdif@0
01-01 08:00:10.425 0 0 I [2 T643 ..] [hdmitx: ] hdmitx_audio_notify_callback[798] audio prepare
01-01 08:00:10.426 0 0 I [2 T643 ..] [hdmitx: ] hdmitx_audio_notify_callback[798] audio prepare
01-01 08:00:10.427 0 0 I [2 T643 ..] [hdmitx: ] hdmitx_audio_notify_callback[803] type:2 rate:3 size:1 chs:2 i2s_ch_mask:1 aud_src_if:0
01-01 08:00:10.429 0 0 I [2 T643 ..] [hdmitx: ] aout notify format CT_AC_3
01-01 08:00:10.429 0 0 I [2 T643 ..] [hdmitx: ] set audio
01-01 08:00:10.430 0 0 I [2 T643 ..] [hdmitx: ] audio_param->chs = 1
01-01 08:00:10.430 0 0 I [2 T643 ..] [hdmitx: ] aud_src_if = 0
01-01 08:00:10.431 0 0 I [2 T643 ..] [hdmitx: ] aud_n_para = 11648
01-01 08:00:10.432 0 0 I [2 T643 ..] [hdmitx: ] audio state: AUDIO_MUTE
01-01 08:00:10.432 0 0 I [3 T643 ..] [hdmitx: ] set audio param
01-01 08:00:10.433 0 0 D [3 T643 ..] [snd-soc]: aml_spdif_fifo_ctrl, bit depth:16, frddr type:1, toddr:type:1
01-01 08:00:11.226 443 443 V Zygote32Timing: PreloadClasses took to complete: 1182ms
01-01 08:00:11.245 443 443 V Zygote32Timing: CacheNonBootClasspathClassLoaders took to complete: 19ms
01-01 08:00:11.249 443 443 V Zygote32Timing: ZygotePreload took to complete: 1398ms
01-01 08:00:11.412 443 443 V Zygote32Timing: PostZygoteInitGC took to complete: 163ms
01-01 08:00:11.412 443 443 V Zygote32Timing: ZygoteInit took to complete: 2241ms
01-01 08:00:11.982 685 685 D SystemServerTiming: InitBeforeStartServices
01-01 08:00:11.986 685 685 I SystemServer: Entered the Android system server!
01-01 08:00:12.249 685 685 I SystemServerInitThreadPool: Creating instance with 4 threads
01-01 08:00:12.728 685 685 V SystemServerTiming: InitBeforeStartServices took to complete: 746ms
01-01 08:00:12.729 685 685 D SystemServerTiming: StartServices
01-01 08:00:12.729 685 685 D SystemServerTiming: startBootstrapServices
01-01 08:00:12.729 685 685 D SystemServerTiming: ArtModuleServiceInitializer
01-01 08:00:12.730 685 685 V SystemServerTiming: ArtModuleServiceInitializer took to complete: 1ms
01-01 08:00:12.730 685 685 D SystemServerTiming: StartWatchdog
01-01 08:00:12.734 685 685 V SystemServerTiming: StartWatchdog took to complete: 4ms
01-01 08:00:12.734 685 685 I SystemServer: Reading configuration...
01-01 08:00:12.734 685 685 D SystemServerTiming: ReadingSystemConfig
01-01 08:00:12.735 685 685 V SystemServerTiming: ReadingSystemConfig took to complete: 1ms
01-01 08:00:12.735 685 685 D SystemServerTiming: PlatformCompat
01-01 08:00:12.735 685 715 D SystemServerTimingAsync: InitThreadPoolExec:ReadingSystemConfig
01-01 08:00:12.735 685 715 D SystemServerInitThreadPool: Started executing ReadingSystemConfig
01-01 08:00:12.735 685 685 D CompatConfig: Found a config file: /system/etc/compatconfig/TeleService-platform-compat-config.xml
01-01 08:00:12.736 685 715 I SystemConfig: Reading permissions from /system/etc/sysconfig/framework-sysconfig.xml
01-01 08:00:12.736 685 685 D CompatConfig: Adding: com.android.server.compat.config.Change@b70634
01-01 08:00:12.736 685 685 D CompatConfig: Adding: com.android.server.compat.config.Change@209ac5d
01-01 08:00:12.736 685 685 D CompatConfig: Adding: com.android.server.compat.config.Change@d90e9d2
01-01 08:00:12.736 685 685 D CompatConfig: Adding: com.android.server.compat.config.Change@85dbaa3
01-01 08:00:12.736 685 685 D CompatConfig: Adding: com.android.server.compat.config.Change@bd851a0
01-01 08:00:12.737 685 685 D CompatConfig: Adding: com.android.server.compat.config.Change@5b9b159
01-01 08:00:12.739 685 685 D CompatConfig: Found a config file: /system/etc/compatconfig/calendar-provider-compat-config.xml
01-01 08:00:12.740 685 685 D CompatConfig: Adding: com.android.server.compat.config.Change@e075dff
01-01 08:00:12.740 685 715 I SystemConfig: Reading permissions from /system/etc/sysconfig/hiddenapi-package-whitelist.xml
01-01 08:00:12.740 685 685 D CompatConfig: Found a config file: /system/etc/compatconfig/contacts-provider-platform-compat-config.xml
01-01 08:00:12.741 685 715 I SystemConfig: Reading permissions from /system/etc/sysconfig/initial-package-stopped-states.xml
01-01 08:00:12.741 685 685 D CompatConfig: Found a config file: /system/etc/compatconfig/documents-ui-compat-config.xml
01-01 08:00:12.742 685 715 I SystemConfig: Reading permissions from /system/etc/sysconfig/preinstalled-packages-asl-files.xml
01-01 08:00:12.742 685 685 D CompatConfig: Adding: com.android.server.compat.config.Change@c5f3291
01-01 08:00:12.743 685 685 D CompatConfig: Found a config file: /system/etc/compatconfig/framework-platform-compat-config.xml
01-01 08:00:12.744 685 715 I SystemConfig: Reading permissions from /system/etc/sysconfig/preinstalled-packages-com.android.providers.media.module.xml
01-01 08:00:12.746 685 715 I SystemConfig: Reading permissions from /system/etc/sysconfig/preinstalled-packages-platform.xml
01-01 08:00:12.747 685 715 I SystemConfig: Reading permissions from /system/etc/permissions/android.hardware.bluetooth.xml
01-01 08:00:12.748 685 715 I SystemConfig: Reading permissions from /system/etc/permissions/android.hardware.bluetooth_le.xml
01-01 08:00:12.749 685 685 D CompatConfig: Adding: com.android.server.compat.config.Change@c829293
01-01 08:00:12.749 685 685 D CompatConfig: Adding: com.android.server.compat.config.Change@89ca2c9
01-01 08:00:12.749 685 685 D CompatConfig: Adding: com.android.server.compat.config.Change@4c0bdce
01-01 08:00:12.749 685 715 I SystemConfig: Reading permissions from /system/etc/permissions/android.software.webview.xml
01-01 08:00:12.749 685 685 D CompatConfig: Adding: com.android.server.compat.config.Change@b39c4ef
01-01 08:00:12.749 685 685 D CompatConfig: Adding: com.android.server.compat.config.Change@173dbfc
01-01 08:00:12.749 685 685 D CompatConfig: Adding: com.android.server.compat.config.Change@c43a285
01-01 08:00:12.749 685 685 D CompatConfig: Adding: com.android.server.compat.config.Change@c2ee8da
01-01 08:00:12.749 685 685 D CompatConfig: Adding: com.android.server.compat.config.Change@d87c10b
01-01 08:00:12.749 685 685 D CompatConfig: Adding: com.android.server.compat.config.Change@920bbe8
01-01 08:00:12.749 685 685 D CompatConfig: Adding: com.android.server.compat.config.Change@9a0e201
01-01 08:00:12.749 685 685 D CompatConfig: Adding: com.android.server.compat.config.Change@c22b8a6
01-01 08:00:12.749 685 685 D CompatConfig: Adding: com.android.server.compat.config.Change@56f62e7
01-01 08:00:12.750 685 685 D CompatConfig: Adding: com.android.server.compat.config.Change@639ae94
01-01 08:00:12.750 685 685 D CompatConfig: Adding: com.android.server.compat.config.Change@4389d3d
01-01 08:00:12.750 685 685 D CompatConfig: Adding: com.android.server.compat.config.Change@631b932
01-01 08:00:12.750 685 685 D CompatConfig: Adding: com.android.server.compat.config.Change@8454683
01-01 08:00:12.750 685 685 D CompatConfig: Adding: com.android.server.compat.config.Change@d4d2000
01-01 08:00:12.750 685 685 D CompatConfig: Adding: com.android.server.compat.config.Change@996d039
01-01 08:00:12.750 685 685 D CompatConfig: Adding: com.android.server.compat.config.Change@dbe367e
01-01 08:00:12.750 685 685 D CompatConfig: Adding: com.android.server.compat.config.Change@20bc7df
01-01 08:00:12.750 685 685 D CompatConfig: Adding: com.android.server.compat.config.Change@b643c2c
01-01 08:00:12.750 685 685 D CompatConfig: Adding: com.android.server.compat.config.Change@a0b36f5
01-01 08:00:12.750 685 685 D CompatConfig: Adding: com.android.server.compat.config.Change@8033c8a
01-01 08:00:12.750 685 685 D CompatConfig: Adding: com.android.server.compat.config.Change@28f02fb
01-01 08:00:12.750 685 685 D CompatConfig: Adding: com.android.server.compat.config.Change@2eeef18
01-01 08:00:12.750 685 685 D CompatConfig: Adding: com.android.server.compat.config.Change@1254d71
01-01 08:00:12.750 685 685 D CompatConfig: Adding: com.android.server.compat.config.Change@e09756
01-01 08:00:12.750 685 685 D CompatConfig: Adding: com.android.server.compat.config.Change@40d3d7
01-01 08:00:12.750 685 685 D CompatConfig: Adding: com.android.server.compat.config.Change@b6fe4c4
01-01 08:00:12.750 685 685 D CompatConfig: Adding: com.android.server.compat.config.Change@9f04fad
01-01 08:00:12.750 685 685 D CompatConfig: Adding: com.android.server.compat.config.Change@66d2e2
01-01 08:00:12.750 685 685 D CompatConfig: Adding: com.android.server.compat.config.Change@fe88930
01-01 08:00:12.750 685 685 D CompatConfig: Adding: com.android.server.compat.config.Change@aef39a9
01-01 08:00:12.750 685 685 D CompatConfig: Adding: com.android.server.compat.config.Change@d233b2e
01-01 08:00:12.750 685 685 D CompatConfig: Adding: com.android.server.compat.config.Change@79c66cf
01-01 08:00:12.750 685 685 D CompatConfig: Adding: com.android.server.compat.config.Change@805085c
01-01 08:00:12.750 685 715 I SystemConfig: Reading permissions from /system/etc/permissions/android.test.base.xml
01-01 08:00:12.750 685 685 D CompatConfig: Adding: com.android.server.compat.config.Change@5d8c765
01-01 08:00:12.750 685 685 D CompatConfig: Adding: com.android.server.compat.config.Change@72bdc3a
01-01 08:00:12.750 685 685 D CompatConfig: Adding: com.android.server.compat.config.Change@9a2a0eb
01-01 08:00:12.750 685 685 D CompatConfig: Adding: com.android.server.compat.config.Change@8084e48
01-01 08:00:12.750 685 685 D CompatConfig: Adding: com.android.server.compat.config.Change@71374e1
01-01 08:00:12.750 685 685 D CompatConfig: Adding: com.android.server.compat.config.Change@7eb8206
01-01 08:00:12.750 685 685 D CompatConfig: Adding: com.android.server.compat.config.Change@78860c7
01-01 08:00:12.750 685 685 D CompatConfig: Adding: com.android.server.compat.config.Change@37806f4
01-01 08:00:12.750 685 685 D CompatConfig: Adding: com.android.server.compat.config.Change@f17e1d
01-01 08:00:12.750 685 685 D CompatConfig: Adding: com.android.server.compat.config.Change@2adb892
01-01 08:00:12.750 685 685 D CompatConfig: Adding: com.android.server.compat.config.Change@5204263
01-01 08:00:12.750 685 685 D CompatConfig: Adding: com.android.server.compat.config.Change@e889e60
01-01 08:00:12.750 685 685 D CompatConfig: Adding: com.android.server.compat.config.Change@eacdf19
01-01 08:00:12.750 685 685 D CompatConfig: Adding: com.android.server.compat.config.Change@1eacbde
01-01 08:00:12.750 685 685 D CompatConfig: Adding: com.android.server.compat.config.Change@6caa1bf
01-01 08:00:12.750 685 685 D CompatConfig: Adding: com.android.server.compat.config.Change@a49408c
01-01 08:00:12.750 685 685 D CompatConfig: Adding: com.android.server.compat.config.Change@b2353d5
01-01 08:00:12.750 685 685 D CompatConfig: Adding: com.android.server.compat.config.Change@d53c7ea
01-01 08:00:12.750 685 685 D CompatConfig: Adding: com.android.server.compat.config.Change@c919adb
01-01 08:00:12.751 685 685 D CompatConfig: Adding: com.android.server.compat.config.Change@78fd978
01-01 08:00:12.751 685 685 D CompatConfig: Adding: com.android.server.compat.config.Change@7525851
01-01 08:00:12.751 685 685 D CompatConfig: Adding: com.android.server.compat.config.Change@49e78b6
01-01 08:00:12.751 685 685 D CompatConfig: Adding: com.android.server.compat.config.Change@30509b7
01-01 08:00:12.751 685 685 D CompatConfig: Adding: com.android.server.compat.config.Change@ca51524
01-01 08:00:12.751 685 685 D CompatConfig: Adding: com.android.server.compat.config.Change@c93288d
01-01 08:00:12.751 685 685 D CompatConfig: Adding: com.android.server.compat.config.Change@b116a42
01-01 08:00:12.751 685 685 D CompatConfig: Adding: com.android.server.compat.config.Change@5d68a53
01-01 08:00:12.751 685 685 D CompatConfig: Adding: com.android.server.compat.config.Change@696c089
01-01 08:00:12.751 685 685 D CompatConfig: Adding: com.android.server.compat.config.Change@fcfe88e
01-01 08:00:12.751 685 685 D CompatConfig: Adding: com.android.server.compat.config.Change@3578af
01-01 08:00:12.751 685 685 D CompatConfig: Adding: com.android.server.compat.config.Change@7e3e4bc
01-01 08:00:12.751 685 685 D CompatConfig: Adding: com.android.server.compat.config.Change@121dc45
01-01 08:00:12.751 685 715 I SystemConfig: Reading permissions from /system/etc/permissions/android.test.mock.xml
01-01 08:00:12.751 685 685 D CompatConfig: Adding: com.android.server.compat.config.Change@ee5ff9a
01-01 08:00:12.751 685 685 D CompatConfig: Adding: com.android.server.compat.config.Change@6eaf0cb
01-01 08:00:12.751 685 685 D CompatConfig: Adding: com.android.server.compat.config.Change@f6890a8
01-01 08:00:12.751 685 685 D CompatConfig: Adding: com.android.server.compat.config.Change@588f7c1
01-01 08:00:12.751 685 685 D CompatConfig: Adding: com.android.server.compat.config.Change@7147b66
