06-20 13:36:31.043 0 0 W : [3 T2682 .s] [SP FRAME TX] arp req,vif_idx:0 sender:[1c:79:2d:20:62:cb 192.168.31.30]receiver:[00:00:00:00:00:00 192.168.31.99]
06-20 13:36:31.045 0 0 W : [3 T2682 .s] [SP FRAME TX] arp req,vif_idx:0 sender:[1c:79:2d:20:62:cb 192.168.31.30]receiver:[00:00:00:00:00:00 192.168.31.100]
06-20 13:36:31.046 0 0 W : [3 T2682 .s] [SP FRAME TX] arp req,vif_idx:0 sender:[1c:79:2d:20:62:cb 192.168.31.30]receiver:[00:00:00:00:00:00 192.168.31.101]
06-20 13:36:31.048 0 0 W : [3 T2682 .s] [SP FRAME TX] arp req,vif_idx:0 sender:[1c:79:2d:20:62:cb 192.168.31.30]receiver:[00:00:00:00:00:00 192.168.31.102]
06-20 13:36:31.050 0 0 W : [3 T2682 .s] [SP FRAME TX] arp req,vif_idx:0 sender:[1c:79:2d:20:62:cb 192.168.31.30]receiver:[00:00:00:00:00:00 192.168.31.103]
06-20 13:36:31.051 0 0 W : [3 T2682 .s] [SP FRAME TX] arp req,vif_idx:0 sender:[1c:79:2d:20:62:cb 192.168.31.30]receiver:[00:00:00:00:00:00 192.168.31.104]
06-20 13:36:31.053 0 0 W : [3 T2682 .s] [SP FRAME TX] arp req,vif_idx:0 sender:[1c:79:2d:20:62:cb 192.168.31.30]receiver:[00:00:00:00:00:00 192.168.31.64]
06-20 13:36:31.054 0 0 W : [3 T2682 .s] [SP FRAME TX] arp req,vif_idx:0 sender:[1c:79:2d:20:62:cb 192.168.31.30]receiver:[00:00:00:00:00:00 192.168.31.65]
06-20 13:36:31.056 0 0 W : [3 T2682 .s] [SP FRAME TX] arp req,vif_idx:0 sender:[1c:79:2d:20:62:cb 192.168.31.30]receiver:[00:00:00:00:00:00 192.168.31.66]
06-20 13:36:31.057 0 0 W : [3 T2682 .s] [SP FRAME TX] arp req,vif_idx:0 sender:[1c:79:2d:20:62:cb 192.168.31.30]receiver:[00:00:00:00:00:00 192.168.31.67]
06-20 13:36:31.058 0 0 D [0 T647 ..] [snd-soc]: spdif_a is set to disable
06-20 13:36:31.059 0 0 W : [3 T2682 .s] [SP FRAME TX] arp req,vif_idx:0 sender:[1c:79:2d:20:62:cb 192.168.31.30]receiver:[00:00:00:00:00:00 192.168.31.68]
06-20 13:36:31.060 0 0 W : [3 T2682 .s] [SP FRAME TX] arp req,vif_idx:0 sender:[1c:79:2d:20:62:cb 192.168.31.30]receiver:[00:00:00:00:00:00 192.168.31.69]
06-20 13:36:31.062 0 0 W : [3 T2682 .s] [SP FRAME TX] arp req,vif_idx:0 sender:[1c:79:2d:20:62:cb 192.168.31.30]receiver:[00:00:00:00:00:00 192.168.31.70]
06-20 13:36:31.064 0 0 W : [3 T2682 .s] [SP FRAME TX] arp req,vif_idx:0 sender:[1c:79:2d:20:62:cb 192.168.31.30]receiver:[00:00:00:00:00:00 192.168.31.71]
06-20 13:36:31.065 0 0 W : [3 T2682 .s] [SP FRAME TX] arp req,vif_idx:0 sender:[1c:79:2d:20:62:cb 192.168.31.30]receiver:[00:00:00:00:00:00 192.168.31.72]
06-20 13:36:31.067 0 0 W : [3 T2682 .s] [SP FRAME TX] arp req,vif_idx:0 sender:[1c:79:2d:20:62:cb 192.168.31.30]receiver:[00:00:00:00:00:00 192.168.31.73]
06-20 13:36:31.068 0 0 W : [3 T2682 .s] [SP FRAME TX] arp req,vif_idx:0 sender:[1c:79:2d:20:62:cb 192.168.31.30]receiver:[00:00:00:00:00:00 192.168.31.74]
06-20 13:36:31.070 0 0 W : [3 T2682 .s] [SP FRAME TX] arp req,vif_idx:0 sender:[1c:79:2d:20:62:cb 192.168.31.30]receiver:[00:00:00:00:00:00 192.168.31.75]
06-20 13:36:31.071 0 0 W : [3 T2682 .s] [SP FRAME TX] arp req,vif_idx:0 sender:[1c:79:2d:20:62:cb 192.168.31.30]receiver:[00:00:00:00:00:00 192.168.31.76]
06-20 13:36:31.073 0 0 W : [3 T2682 .s] [SP FRAME TX] arp req,vif_idx:0 sender:[1c:79:2d:20:62:cb 192.168.31.30]receiver:[00:00:00:00:00:00 192.168.31.77]
06-20 13:36:31.074 0 0 W : [3 T2682 .s] [SP FRAME TX] arp req,vif_idx:0 sender:[1c:79:2d:20:62:cb 192.168.31.30]receiver:[00:00:00:00:00:00 192.168.31.78]
06-20 13:36:31.076 0 0 W : [3 T2682 .s] [SP FRAME TX] arp req,vif_idx:0 sender:[1c:79:2d:20:62:cb 192.168.31.30]receiver:[00:00:00:00:00:00 192.168.31.79]
06-20 13:36:31.078 0 0 W : [3 T2682 .s] [SP FRAME TX] arp req,vif_idx:0 sender:[1c:79:2d:20:62:cb 192.168.31.30]receiver:[00:00:00:00:00:00 192.168.31.80]
06-20 13:36:31.079 0 0 W : [3 T2682 .s] [SP FRAME TX] arp req,vif_idx:0 sender:[1c:79:2d:20:62:cb 192.168.31.30]receiver:[00:00:00:00:00:00 192.168.31.81]
06-20 13:36:31.081 0 0 W : [3 T2682 .s] [SP FRAME TX] arp req,vif_idx:0 sender:[1c:79:2d:20:62:cb 192.168.31.30]receiver:[00:00:00:00:00:00 192.168.31.82]
06-20 13:36:31.082 0 0 W : [3 T2682 .s] [SP FRAME TX] arp req,vif_idx:0 sender:[1c:79:2d:20:62:cb 192.168.31.30]receiver:[00:00:00:00:00:00 192.168.31.83]
06-20 13:36:31.072 454 643 E audio_hw_hal_alsamgr: aml_alsa_output_get_delayframe:759, pcm_ioctl fail, ret:0xffffffff, error info:Broken pipe
06-20 13:36:31.072 454 643 I audio_hw_hal_alsamgr: aml_alsa_output_write alsa_running_status[0xee982110] change from 1 to 0
06-20 13:36:31.084 0 0 I [3 T643 ..] [snd-soc]: aml_audio_reset, reg 0xa, shift 9, use_vadtop 0
06-20 13:36:31.085 0 0 W : [3 T643 .s] [SP FRAME TX] arp req,vif_idx:0 sender:[1c:79:2d:20:62:cb 192.168.31.30]receiver:[00:00:00:00:00:00 192.168.31.43]
06-20 13:36:31.085 0 0 W : [3 T643 .s] [SP FRAME TX] arp req,vif_idx:0 sender:[1c:79:2d:20:62:cb 192.168.31.30]receiver:[00:00:00:00:00:00 192.168.31.44]
06-20 13:36:31.085 0 0 W : [3 T643 .s] [SP FRAME TX] arp req,vif_idx:0 sender:[1c:79:2d:20:62:cb 192.168.31.30]receiver:[00:00:00:00:00:00 192.168.31.45]
06-20 13:36:31.085 0 0 W : [3 T643 .s] [SP FRAME TX] arp req,vif_idx:0 sender:[1c:79:2d:20:62:cb 192.168.31.30]receiver:[00:00:00:00:00:00 192.168.31.46]
06-20 13:36:31.085 0 0 W : [3 T643 .s] [SP FRAME TX] arp req,vif_idx:0 sender:[1c:79:2d:20:62:cb 192.168.31.30]receiver:[00:00:00:00:00:00 192.168.31.47]
06-20 13:36:31.085 0 0 W : [3 T643 .s] [SP FRAME TX] arp req,vif_idx:0 sender:[1c:79:2d:20:62:cb 192.168.31.30]receiver:[00:00:00:00:00:00 192.168.31.48]
06-20 13:36:31.085 0 0 W : [3 T643 .s] [SP FRAME TX] arp req,vif_idx:0 sender:[1c:79:2d:20:62:cb 192.168.31.30]receiver:[00:00:00:00:00:00 192.168.31.49]
06-20 13:36:31.085 0 0 W : [3 T643 .s] [SP FRAME TX] arp req,vif_idx:0 sender:[1c:79:2d:20:62:cb 192.168.31.30]receiver:[00:00:00:00:00:00 192.168.31.50]
06-20 13:36:31.085 0 0 W : [3 T643 .s] [SP FRAME TX] arp req,vif_idx:0 sender:[1c:79:2d:20:62:cb 192.168.31.30]receiver:[00:00:00:00:00:00 192.168.31.51]
06-20 13:36:31.085 0 0 W : [3 T643 .s] [SP FRAME TX] arp req,vif_idx:0 sender:[1c:79:2d:20:62:cb 192.168.31.30]receiver:[00:00:00:00:00:00 192.168.31.52]
06-20 13:36:31.085 0 0 W : [3 T643 .s] [SP FRAME TX] arp req,vif_idx:0 sender:[1c:79:2d:20:62:cb 192.168.31.30]receiver:[00:00:00:00:00:00 192.168.31.53]
06-20 13:36:31.085 0 0 W : [3 T643 .s] [SP FRAME TX] arp req,vif_idx:0 sender:[1c:79:2d:20:62:cb 192.168.31.30]receiver:[00:00:00:00:00:00 192.168.31.54]
06-20 13:36:31.085 0 0 W : [3 T643 .s] [SP FRAME TX] arp req,vif_idx:0 sender:[1c:79:2d:20:62:cb 192.168.31.30]receiver:[00:00:00:00:00:00 192.168.31.55]
06-20 13:36:31.085 0 0 W : [3 T643 .s] [SP FRAME TX] arp req,vif_idx:0 sender:[1c:79:2d:20:62:cb 192.168.31.30]receiver:[00:00:00:00:00:00 192.168.31.56]
06-20 13:36:31.085 0 0 W : [3 T643 .s] [SP FRAME TX] arp req,vif_idx:0 sender:[1c:79:2d:20:62:cb 192.168.31.30]receiver:[00:00:00:00:00:00 192.168.31.57]
06-20 13:36:31.085 0 0 W : [3 T643 .s] [SP FRAME TX] arp req,vif_idx:0 sender:[1c:79:2d:20:62:cb 192.168.31.30]receiver:[00:00:00:00:00:00 192.168.31.58]
06-20 13:36:31.085 0 0 W : [3 T643 .s] [SP FRAME TX] arp req,vif_idx:0 sender:[1c:79:2d:20:62:cb 192.168.31.30]receiver:[00:00:00:00:00:00 192.168.31.59]
06-20 13:36:31.085 0 0 W : [3 T643 .s] [SP FRAME TX] arp req,vif_idx:0 sender:[1c:79:2d:20:62:cb 192.168.31.30]receiver:[00:00:00:00:00:00 192.168.31.60]
06-20 13:36:31.085 0 0 W : [3 T643 .s] [SP FRAME TX] arp req,vif_idx:0 sender:[1c:79:2d:20:62:cb 192.168.31.30]receiver:[00:00:00:00:00:00 192.168.31.61]
06-20 13:36:31.085 0 0 W : [3 T643 .s] [SP FRAME TX] arp req,vif_idx:0 sender:[1c:79:2d:20:62:cb 192.168.31.30]receiver:[00:00:00:00:00:00 192.168.31.62]
06-20 13:36:31.085 0 0 W : [3 T643 .s] [SP FRAME TX] arp req,vif_idx:0 sender:[1c:79:2d:20:62:cb 192.168.31.30]receiver:[00:00:00:00:00:00 192.168.31.63]
06-20 13:36:31.118 0 0 W : [3 T643 .s] [SP FRAME TX] arp req,vif_idx:0 sender:[1c:79:2d:20:62:cb 192.168.31.30]receiver:[00:00:00:00:00:00 192.168.31.238]
06-20 13:36:31.118 0 0 W : [3 T643 .s] [SP FRAME TX] arp req,vif_idx:0 sender:[1c:79:2d:20:62:cb 192.168.31.30]receiver:[00:00:00:00:00:00 192.168.31.239]
06-20 13:36:31.118 0 0 W : [3 T643 .s] [SP FRAME TX] arp req,vif_idx:0 sender:[1c:79:2d:20:62:cb 192.168.31.30]receiver:[00:00:00:00:00:00 192.168.31.240]
06-20 13:36:31.118 0 0 W : [3 T643 .s] [SP FRAME TX] arp req,vif_idx:0 sender:[1c:79:2d:20:62:cb 192.168.31.30]receiver:[00:00:00:00:00:00 192.168.31.241]
06-20 13:36:31.118 0 0 W : [3 T643 .s] [SP FRAME TX] arp req,vif_idx:0 sender:[1c:79:2d:20:62:cb 192.168.31.30]receiver:[00:00:00:00:00:00 192.168.31.242]
06-20 13:36:31.118 0 0 W : [3 T643 .s] [SP FRAME TX] arp req,vif_idx:0 sender:[1c:79:2d:20:62:cb 192.168.31.30]receiver:[00:00:00:00:00:00 192.168.31.243]
06-20 13:36:31.118 0 0 W : [3 T643 .s] [SP FRAME TX] arp req,vif_idx:0 sender:[1c:79:2d:20:62:cb 192.168.31.30]receiver:[00:00:00:00:00:00 192.168.31.244]
06-20 13:36:31.118 0 0 W : [3 T643 .s] [SP FRAME TX] arp req,vif_idx:0 sender:[1c:79:2d:20:62:cb 192.168.31.30]receiver:[00:00:00:00:00:00 192.168.31.245]
06-20 13:36:31.118 0 0 W : [3 T643 .s] [SP FRAME TX] arp req,vif_idx:0 sender:[1c:79:2d:20:62:cb 192.168.31.30]receiver:[00:00:00:00:00:00 192.168.31.246]
06-20 13:36:31.118 0 0 W : [3 T643 .s] [SP FRAME TX] arp req,vif_idx:0 sender:[1c:79:2d:20:62:cb 192.168.31.30]receiver:[00:00:00:00:00:00 192.168.31.247]
06-20 13:36:31.118 0 0 W : [3 T643 .s] [SP FRAME TX] arp req,vif_idx:0 sender:[1c:79:2d:20:62:cb 192.168.31.30]receiver:[00:00:00:00:00:00 192.168.31.248]
06-20 13:36:31.118 0 0 W : [3 T643 .s] [SP FRAME TX] arp req,vif_idx:0 sender:[1c:79:2d:20:62:cb 192.168.31.30]receiver:[00:00:00:00:00:00 192.168.31.249]
06-20 13:36:31.118 0 0 W : [3 T643 .s] [SP FRAME TX] arp req,vif_idx:0 sender:[1c:79:2d:20:62:cb 192.168.31.30]receiver:[00:00:00:00:00:00 192.168.31.250]
06-20 13:36:31.118 0 0 W : [3 T643 .s] [SP FRAME TX] arp req,vif_idx:0 sender:[1c:79:2d:20:62:cb 192.168.31.30]receiver:[00:00:00:00:00:00 192.168.31.251]
06-20 13:36:31.118 0 0 W : [3 T643 .s] [SP FRAME TX] arp req,vif_idx:0 sender:[1c:79:2d:20:62:cb 192.168.31.30]receiver:[00:00:00:00:00:00 192.168.31.252]
06-20 13:36:31.118 0 0 W : [3 T643 .s] [SP FRAME TX] arp req,vif_idx:0 sender:[1c:79:2d:20:62:cb 192.168.31.30]receiver:[00:00:00:00:00:00 192.168.31.253]
06-20 13:36:31.118 0 0 W : [3 T643 .s] [SP FRAME TX] arp req,vif_idx:0 sender:[1c:79:2d:20:62:cb 192.168.31.30]receiver:[00:00:00:00:00:00 192.168.31.254]
06-20 13:36:31.118 0 0 W : [3 T643 .s] [SP FRAME TX] arp req,vif_idx:0 sender:[1c:79:2d:20:62:cb 192.168.31.30]receiver:[00:00:00:00:00:00 192.168.31.40]
06-20 13:36:31.118 0 0 W : [3 T643 .s] [SP FRAME TX] arp req,vif_idx:0 sender:[1c:79:2d:20:62:cb 192.168.31.30]receiver:[00:00:00:00:00:00 192.168.31.41]
06-20 13:36:31.118 0 0 W : [3 T643 .s] [SP FRAME TX] arp req,vif_idx:0 sender:[1c:79:2d:20:62:cb 192.168.31.30]receiver:[00:00:00:00:00:00 192.168.31.42]
06-20 13:36:31.119 1865 2450 D XM_HIDREAD: poll ret=1, event=1
06-20 13:36:31.119 1865 2450 D XM_HIDREAD: [9 bytes]:01 00 00 00 00 00 00 00 00
06-20 13:36:31.121 1957 1957 I SogouIME: onKeyUp: keyoCode=23
06-20 13:36:31.121 1957 1957 I DefaultIMS: onKeyUp: keyoCode=23
06-20 13:36:31.125 1407 1658 E ccc : cccccc SideHelper onMessage side_function_tag_pre_setting do
06-20 13:36:31.125 1407 1658 E ccc : cccccc doSetting uri is haqu://setting:8080/home
06-20 13:36:31.125 1407 1658 W ContextImpl: Calling a method in the system process without a qualified user: android.app.ContextImpl.startActivity:1102 android.content.ContextWrapper.startActivity:436 com.dangbei.etna.setting.function.side.SideHelper.doSetting:165 com.dangbei.etna.setting.function.side.SideHelper.onMessage:45 com.dangbei.etna.setting.ui.side.view.SideItemView$onClick$1$1.invokeSuspend:82
06-20 13:36:31.126 1407 1658 W ContextImpl: Calling a method in the system process without a qualified user: android.app.ContextImpl.startActivity:1114 android.app.ContextImpl.startActivity:1103 android.content.ContextWrapper.startActivity:436 com.dangbei.etna.setting.function.side.SideHelper.doSetting:165 com.dangbei.etna.setting.function.side.SideHelper.onMessage:45
06-20 13:36:31.129 685 700 D CompatibilityChangeReporter: Compat change id reported: 265464455; UID 1000; state: DISABLED
06-20 13:36:31.129 685 700 D CompatibilityChangeReporter: Compat change id reported: 265452344; UID 1000; state: DISABLED
06-20 13:36:31.130 685 700 D CompatibilityChangeReporter: Compat change id reported: 266124927; UID 1000; state: DISABLED
06-20 13:36:31.130 685 700 D CompatibilityChangeReporter: Compat change id reported: 265451093; UID 1000; state: DISABLED
06-20 13:36:31.130 685 700 D CompatibilityChangeReporter: Compat change id reported: 265456536; UID 1000; state: DISABLED
06-20 13:36:31.130 685 700 D CompatibilityChangeReporter: Compat change id reported: 255940284; UID 1000; state: DISABLED
06-20 13:36:31.130 685 700 D CompatibilityChangeReporter: Compat change id reported: 236283604; UID 1000; state: DISABLED
06-20 13:36:31.130 685 700 D CompatibilityChangeReporter: Compat change id reported: 263959004; UID 1000; state: DISABLED
06-20 13:36:31.131 685 700 D CompatibilityChangeReporter: Compat change id reported: 264304459; UID 1000; state: DISABLED
06-20 13:36:31.131 685 700 D CompatibilityChangeReporter: Compat change id reported: 264301586; UID 1000; state: DISABLED
06-20 13:36:31.131 685 700 D CompatibilityChangeReporter: Compat change id reported: 254631730; UID 1000; state: DISABLED
06-20 13:36:31.131 685 700 D CompatibilityChangeReporter: Compat change id reported: 273509367; UID 1000; state: DISABLED
06-20 13:36:31.131 685 700 D CompatibilityChangeReporter: Compat change id reported: 263259275; UID 1000; state: DISABLED
06-20 13:36:31.131 685 700 D CompatibilityChangeReporter: Compat change id reported: 174042980; UID 1000; state: DISABLED
06-20 13:36:31.131 685 700 D CompatibilityChangeReporter: Compat change id reported: 174042936; UID 1000; state: DISABLED
06-20 13:36:31.131 685 700 D CompatibilityChangeReporter: Compat change id reported: 181136395; UID 1000; state: DISABLED
06-20 13:36:31.135 685 700 D CompatibilityChangeReporter: Compat change id reported: 194480991; UID 1000; state: ENABLED
06-20 13:36:31.137 685 700 E CellBroadcastUtils: getDefaultCellBroadcastReceiverPackageName: no package found
06-20 13:36:31.149 0 0 W : [3 T643 .s] [SP FRAME TX] arp req,vif_idx:0 sender:[1c:79:2d:20:62:cb 192.168.31.30]receiver:[00:00:00:00:00:00 192.168.31.217]
06-20 13:36:31.149 0 0 W : [3 T643 .s] [SP FRAME TX] arp req,vif_idx:0 sender:[1c:79:2d:20:62:cb 192.168.31.30]receiver:[00:00:00:00:00:00 192.168.31.218]
06-20 13:36:31.149 0 0 W : [3 T643 .s] [SP FRAME TX] arp req,vif_idx:0 sender:[1c:79:2d:20:62:cb 192.168.31.30]receiver:[00:00:00:00:00:00 192.168.31.219]
06-20 13:36:31.149 0 0 W : [3 T643 .s] [SP FRAME TX] arp req,vif_idx:0 sender:[1c:79:2d:20:62:cb 192.168.31.30]receiver:[00:00:00:00:00:00 192.168.31.220]
06-20 13:36:31.149 0 0 W : [3 T643 .s] [SP FRAME TX] arp req,vif_idx:0 sender:[1c:79:2d:20:62:cb 192.168.31.30]receiver:[00:00:00:00:00:00 192.168.31.221]
06-20 13:36:31.149 0 0 W : [3 T643 .s] [SP FRAME TX] arp req,vif_idx:0 sender:[1c:79:2d:20:62:cb 192.168.31.30]receiver:[00:00:00:00:00:00 192.168.31.222]
06-20 13:36:31.149 0 0 W : [3 T643 .s] [SP FRAME TX] arp req,vif_idx:0 sender:[1c:79:2d:20:62:cb 192.168.31.30]receiver:[00:00:00:00:00:00 192.168.31.223]
06-20 13:36:31.149 0 0 W : [3 T643 .s] [SP FRAME TX] arp req,vif_idx:0 sender:[1c:79:2d:20:62:cb 192.168.31.30]receiver:[00:00:00:00:00:00 192.168.31.224]
06-20 13:36:31.149 0 0 W : [3 T643 .s] [SP FRAME TX] arp req,vif_idx:0 sender:[1c:79:2d:20:62:cb 192.168.31.30]receiver:[00:00:00:00:00:00 192.168.31.225]
06-20 13:36:31.149 0 0 W : [3 T643 .s] [SP FRAME TX] arp req,vif_idx:0 sender:[1c:79:2d:20:62:cb 192.168.31.30]receiver:[00:00:00:00:00:00 192.168.31.226]
06-20 13:36:31.149 0 0 W : [3 T643 .s] [SP FRAME TX] arp req,vif_idx:0 sender:[1c:79:2d:20:62:cb 192.168.31.30]receiver:[00:00:00:00:00:00 192.168.31.227]
06-20 13:36:31.149 0 0 W : [3 T643 .s] [SP FRAME TX] arp req,vif_idx:0 sender:[1c:79:2d:20:62:cb 192.168.31.30]receiver:[00:00:00:00:00:00 192.168.31.229]
06-20 13:36:31.149 0 0 W : [3 T643 .s] [SP FRAME TX] arp req,vif_idx:0 sender:[1c:79:2d:20:62:cb 192.168.31.30]receiver:[00:00:00:00:00:00 192.168.31.230]
06-20 13:36:31.149 0 0 W : [3 T643 .s] [SP FRAME TX] arp req,vif_idx:0 sender:[1c:79:2d:20:62:cb 192.168.31.30]receiver:[00:00:00:00:00:00 192.168.31.231]
06-20 13:36:31.149 0 0 W : [3 T643 .s] [SP FRAME TX] arp req,vif_idx:0 sender:[1c:79:2d:20:62:cb 192.168.31.30]receiver:[00:00:00:00:00:00 192.168.31.232]
06-20 13:36:31.149 0 0 W : [3 T643 .s] [SP FRAME TX] arp req,vif_idx:0 sender:[1c:79:2d:20:62:cb 192.168.31.30]receiver:[00:00:00:00:00:00 192.168.31.233]
06-20 13:36:31.149 0 0 W : [3 T643 .s] [SP FRAME TX] arp req,vif_idx:0 sender:[1c:79:2d:20:62:cb 192.168.31.30]receiver:[00:00:00:00:00:00 192.168.31.234]
06-20 13:36:31.149 0 0 W : [3 T643 .s] [SP FRAME TX] arp req,vif_idx:0 sender:[1c:79:2d:20:62:cb 192.168.31.30]receiver:[00:00:00:00:00:00 192.168.31.235]
06-20 13:36:31.149 0 0 W : [3 T643 .s] [SP FRAME TX] arp req,vif_idx:0 sender:[1c:79:2d:20:62:cb 192.168.31.30]receiver:[00:00:00:00:00:00 192.168.31.236]
06-20 13:36:31.149 0 0 W : [3 T643 .s] [SP FRAME TX] arp req,vif_idx:0 sender:[1c:79:2d:20:62:cb 192.168.31.30]receiver:[00:00:00:00:00:00 192.168.31.237]
06-20 13:36:31.141 685 700 D CompatibilityChangeReporter: Compat change id reported: 197654537; UID 1000; state: ENABLED
06-20 13:36:31.143 685 700 V SplashScreenExceptionList: SplashScreen checking exception for package com.dangbei.haqusetting (target sdk:31) -> false
06-20 13:36:31.143 685 700 D CompatibilityChangeReporter: Compat change id reported: 205907456; UID 1000; state: DISABLED
06-20 13:36:31.146 685 700 I ActivityTaskManager: START u0 {dat=haqu://setting:8080/... flg=0x10000000 pkg=com.dangbei.haqusetting cmp=com.dangbei.haqusetting/.ui.HomeActivity} with LAUNCH_MULTIPLE from uid 1000 (BAL_ALLOW_ALLOWLISTED_UID) result code=0
06-20 13:36:31.146 901 979 V WindowManagerShell: Transition requested: android.os.BinderProxy@e975659 TransitionRequestInfo { type = 1, triggerTask = TaskInfo{userId=0 taskId=34 displayId=0 isRunning=true baseIntent=Intent { dat=haqu://setting:8080/... flg=0x10000000 pkg=com.dangbei.haqusetting cmp=com.dangbei.haqusetting/.ui.HomeActivity } baseActivity=ComponentInfo{com.dangbei.haqusetting/com.dangbei.haqusetting.ui.HomeActivity} topActivity=ComponentInfo{com.dangbei.haqusetting/com.dangbei.haqusetting.ui.HomeActivity} origActivity=null realActivity=ComponentInfo{com.dangbei.haqusetting/com.dangbei.haqusetting.ui.HomeActivity} numActivities=1 lastActiveTime=37988 supportsMultiWindow=true resizeMode=1 isResizeable=true minWidth=-1 minHeight=-1 defaultMinSize=220 token=WCT{android.window.IWindowContainerToken$Stub$Proxy@495121e} topActivityType=1 pictureInPictureParams=null shouldDockBigOverlays=true launchIntoPipHostTaskId=-1 lastParentTaskIdBeforePip=-1 displayCutoutSafeInsets=null topActivityInfo=ActivityInfo{320aff com.dangbei.haqusetting.ui.HomeActivity} launchCookies=[] positionInParent=Point(0, 0) parentTaskId=-1 isFocused=false isVisible=false isVisibleRequested=false isSleeping=false topActivityInSizeCompat=false topActivityEligibleForLetterboxEducation= false isLetterboxDoubleTapEnabled= false topActivityEligibleForUserAspectRatioButton= false topActivityBoundsLetterboxed= false isFromLetterboxDoubleTap= false topActivityLetterboxVerticalPosition= -1 topActivityLetterboxHorizontalPosition= -1 topActivityLetterboxWidth=-1 topActivityLetterboxHeight=-1 isUserFullscreenOverrideEnabled=false isTopActivityTransparent=true locusId=null displayAreaFeatureId=1 cameraCompatControlState=hidden}, remoteTransition = null, displayChange = null, flags = 0 }
06-20 13:36:31.147 1407 1407 W WindowOnBackDispatcher: sendCancelIfRunning: isInProgress=falsecallback=android.view.ViewRootImpl$$ExternalSyntheticLambda17@8a2ccc0
06-20 13:36:31.147 2486 2486 E ==============: activity.SplashActivity======>onActivityPaused
06-20 13:36:31.148 685 751 D CoreBackPreview: Window{9553d90 u0 com.dangbei.lerad.etna.haqu}: Setting back callback null
06-20 13:36:31.149 685 711 I ActivityManager: com.dangbei.haqusetting is exempt from freezer
06-20 13:36:31.149 685 711 D CompatibilityChangeReporter: Compat change id reported: 135634846; UID 1000; state: DISABLED
06-20 13:36:31.157 1407 1407 E ccc : cccccc LifecycleFrameLayout onDetachedFromWindow
06-20 13:36:31.158 248 248 I BpBinder: onLastStrongRef automatically unlinking death recipients:
06-20 13:36:31.168 685 700 W InputManager-JNI: Input channel object '9553d90 com.dangbei.lerad.etna.haqu (client)' was disposed without first being removed with the input manager!
06-20 13:36:31.180 0 0 I [2 T643 ..] [snd-soc]: aml_audio_reset, reg 0xa, shift 14, use_vadtop 0
06-20 13:36:31.180 0 0 W : [3 T1047 .s] [SP FRAME TX] arp req,vif_idx:0 sender:[1c:79:2d:20:62:cb 192.168.31.30]receiver:[00:00:00:00:00:00 192.168.31.196]
06-20 13:36:31.181 0 0 I [2 T643 ..] [snd-soc]: hdmitx src switch to spdif 0
06-20 13:36:31.183 0 0 W : [3 T1047 .s] [SP FRAME TX] arp req,vif_idx:0 sender:[1c:79:2d:20:62:cb 192.168.31.30]receiver:[00:00:00:00:00:00 192.168.31.197]
06-20 13:36:31.184 0 0 I [2 T643 ..] [snd-soc]: sharebuffer_spdifout_prepare get_hdmitx_audio_src(rtd->card):0 spdif_id:0
06-20 13:36:31.185 0 0 W : [3 T1047 .s] [SP FRAME TX] arp req,vif_idx:0 sender:[1c:79:2d:20:62:cb 192.168.31.30]receiver:[00:00:00:00:00:00 192.168.31.198]
06-20 13:36:31.186 0 0 I [2 T643 ..] [hdmitx: ] hdmitx_audio_notify_callback[798] audio prepare
06-20 13:36:31.188 0 0 W : [3 T1047 .s] [SP FRAME TX] arp req,vif_idx:0 sender:[1c:79:2d:20:62:cb 192.168.31.30]receiver:[00:00:00:00:00:00 192.168.31.199]
06-20 13:36:31.189 0 0 D [2 T643 ..] [snd-soc]: spdif_a fifo ctrl, frddr:0 type:1, 16 bits, chmask 0x3, swap 0x10
06-20 13:36:31.180 443 443 D Zygote : Forked child process 2689
06-20 13:36:31.191 0 0 I [2 T643 ..] [hdmitx: ] hdmitx_audio_notify_callback[803] type:1 rate:3 size:1 chs:2 i2s_ch_mask:1 aud_src_if:0
06-20 13:36:31.191 0 0 W : [3 T1047 .s] [SP FRAME TX] arp req,vif_idx:0 sender:[1c:79:2d:20:62:cb 192.168.31.30]receiver:[00:00:00:00:00:00 192.168.31.200]
06-20 13:36:31.192 0 0 I [2 T643 ..] [hdmitx: ] aout notify format CT_PCM
06-20 13:36:31.194 0 0 W : [3 T1047 .s] [SP FRAME TX] arp req,vif_idx:0 sender:[1c:79:2d:20:62:cb 192.168.31.30]receiver:[00:00:00:00:00:00 192.168.31.201]
06-20 13:36:31.194 0 0 I [2 T643 ..] [hdmitx: ] set audio
06-20 13:36:31.196 0 0 W : [3 T1047 .s] [SP FRAME TX] arp req,vif_idx:0 sender:[1c:79:2d:20:62:cb 192.168.31.30]receiver:[00:00:00:00:00:00 192.168.31.202]
06-20 13:36:31.196 0 0 I [2 T643 ..] [hdmitx: ] audio_param->chs = 1
06-20 13:36:31.198 0 0 W : [3 T1047 .s] [SP FRAME TX] arp req,vif_idx:0 sender:[1c:79:2d:20:62:cb 192.168.31.30]receiver:[00:00:00:00:00:00 192.168.31.203]
06-20 13:36:31.198 0 0 I [2 T643 ..] [hdmitx: ] aud_src_if = 0
06-20 13:36:31.200 0 0 W : [3 T1047 .s] [SP FRAME TX] arp req,vif_idx:0 sender:[1c:79:2d:20:62:cb 192.168.31.30]receiver:[00:00:00:00:00:00 192.168.31.204]
06-20 13:36:31.201 0 0 I [2 T643 ..] [hdmitx: ] aud_n_para = 11648
06-20 13:36:31.201 0 0 I [2 T643 ..] [hdmitx: ] audio state: AUDIO_UNMUTE
06-20 13:36:31.202 0 0 W : [3 T1047 .s] [SP FRAME TX] arp req,vif_idx:0 sender:[1c:79:2d:20:62:cb 192.168.31.30]receiver:[00:00:00:00:00:00 192.168.31.205]
06-20 13:36:31.203 0 0 I [2 T643 ..] [hdmitx: ] set audio param
06-20 13:36:31.204 0 0 W : [3 T1047 .s] [SP FRAME TX] arp req,vif_idx:0 sender:[1c:79:2d:20:62:cb 192.168.31.30]receiver:[00:00:00:00:00:00 192.168.31.206]
06-20 13:36:31.205 0 0 D [2 T643 ..] [snd-soc]: spdif_a is set to enable
06-20 13:36:31.206 0 0 W : [3 T1047 .s] [SP FRAME TX] arp req,vif_idx:0 sender:[1c:79:2d:20:62:cb 192.168.31.30]receiver:[00:00:00:00:00:00 192.168.31.207]
06-20 13:36:31.185 685 719 I ActivityManager: Start proc 2689:com.dangbei.haqusetting/1000 for next-top-activity {com.dangbei.haqusetting/com.dangbei.haqusetting.ui.HomeActivity}
06-20 13:36:31.188 2689 2689 I Zygote : seccomp disabled by setenforce 0
06-20 13:36:31.197 685 711 V WindowManager: Unknown focus tokens, dropping reportFocusChanged
06-20 13:36:31.197 2689 2689 I bei.haqusetting: Using CollectorTypeCC GC.
06-20 13:36:31.200 454 643 I audio_hw_hal_ms12v2: dolby_ms12_threadloop alsa is not running
06-20 13:36:31.200 454 643 I audio_hw_hal_alsamgr: aml_alsa_output_write alsa_running_status[0xee982110] change from 0 to 1
06-20 13:36:31.209 0 0 W : [3 T1047 .s] [SP FRAME TX] arp req,vif_idx:0 sender:[1c:79:2d:20:62:cb 192.168.31.30]receiver:[00:00:00:00:00:00 192.168.31.208]
06-20 13:36:31.210 0 0 W : [3 T1047 .s] [SP FRAME TX] arp req,vif_idx:0 sender:[1c:79:2d:20:62:cb 192.168.31.30]receiver:[00:00:00:00:00:00 192.168.31.209]
06-20 13:36:31.212 0 0 W : [3 T1047 .s] [SP FRAME TX] arp req,vif_idx:0 sender:[1c:79:2d:20:62:cb 192.168.31.30]receiver:[00:00:00:00:00:00 192.168.31.210]
06-20 13:36:31.214 0 0 W : [3 T1047 .s] [SP FRAME TX] arp req,vif_idx:0 sender:[1c:79:2d:20:62:cb 192.168.31.30]receiver:[00:00:00:00:00:00 192.168.31.211]
06-20 13:36:31.203 2689 2689 E bei.haqusetting: Not starting debugger since process cannot load the jdwp agent.
06-20 13:36:31.215 0 0 W : [3 T1047 .s] [SP FRAME TX] arp req,vif_idx:0 sender:[1c:79:2d:20:62:cb 192.168.31.30]receiver:[00:00:00:00:00:00 192.168.31.212]
06-20 13:36:31.217 0 0 W : [3 T1047 .s] [SP FRAME TX] arp req,vif_idx:0 sender:[1c:79:2d:20:62:cb 192.168.31.30]receiver:[00:00:00:00:00:00 192.168.31.213]
06-20 13:36:31.212 685 752 I ImeTracker: com.tongyong.xxbox:8154027b: onRequestHide at ORIGIN_SERVER_HIDE_INPUT reason HIDE_UNSPECIFIED_WINDOW
06-20 13:36:31.218 0 0 W : [3 T1047 .s] [SP FRAME TX] arp req,vif_idx:0 sender:[1c:79:2d:20:62:cb 192.168.31.30]receiver:[00:00:00:00:00:00 192.168.31.214]
06-20 13:36:31.220 0 0 W : [3 T1047 .s] [SP FRAME TX] arp req,vif_idx:0 sender:[1c:79:2d:20:62:cb 192.168.31.30]receiver:[00:00:00:00:00:00 192.168.31.215]
06-20 13:36:31.212 685 752 I ImeTracker: com.tongyong.xxbox:8154027b: onCancelled at PHASE_SERVER_SHOULD_HIDE
06-20 13:36:31.222 0 0 W : [3 T1047 .s] [SP FRAME TX] arp req,vif_idx:0 sender:[1c:79:2d:20:62:cb 192.168.31.30]receiver:[00:00:00:00:00:00 192.168.31.216]
06-20 13:36:31.223 0 0 W : [3 T1047 .s] [SP FRAME TX] arp req,vif_idx:0 sender:[1c:79:2d:20:62:cb 192.168.31.30]receiver:[00:00:00:00:00:00 192.168.31.176]
06-20 13:36:31.214 1957 1957 I DefaultIMS: onStartInput attribute=android.view.inputmethod.EditorInfo@80e86a5 restarting=false inputType: 0
06-20 13:36:31.225 0 0 W : [3 T1047 .s] [SP FRAME TX] arp req,vif_idx:0 sender:[1c:79:2d:20:62:cb 192.168.31.30]receiver:[00:00:00:00:00:00 192.168.31.177]
06-20 13:36:31.226 0 0 W : [3 T1047 .s] [SP FRAME TX] arp req,vif_idx:0 sender:[1c:79:2d:20:62:cb 192.168.31.30]receiver:[00:00:00:00:00:00 192.168.31.178]
06-20 13:36:31.228 0 0 W : [3 T1047 .s] [SP FRAME TX] arp req,vif_idx:0 sender:[1c:79:2d:20:62:cb 192.168.31.30]receiver:[00:00:00:00:00:00 192.168.31.179]
06-20 13:36:31.229 0 0 W : [3 T1047 .s] [SP FRAME TX] arp req,vif_idx:0 sender:[1c:79:2d:20:62:cb 192.168.31.30]receiver:[00:00:00:00:00:00 192.168.31.180]
06-20 13:36:31.231 0 0 W : [3 T1047 .s] [SP FRAME TX] arp req,vif_idx:0 sender:[1c:79:2d:20:62:cb 192.168.31.30]receiver:[00:00:00:00:00:00 192.168.31.181]
06-20 13:36:31.233 0 0 W : [3 T1047 .s] [SP FRAME TX] arp req,vif_idx:0 sender:[1c:79:2d:20:62:cb 192.168.31.30]receiver:[00:00:00:00:00:00 192.168.31.182]
06-20 13:36:31.224 2689 2689 D CompatibilityChangeReporter: Compat change id reported: 171979766; UID 1000; state: ENABLED
06-20 13:36:31.224 2689 2689 D CompatibilityChangeReporter: Compat change id reported: 242716250; UID 1000; state: DISABLED
06-20 13:36:31.234 0 0 W : [3 T1047 .s] [SP FRAME TX] arp req,vif_idx:0 sender:[1c:79:2d:20:62:cb 192.168.31.30]receiver:[00:00:00:00:00:00 192.168.31.183]
06-20 13:36:31.236 0 0 W : [3 T1047 .s] [SP FRAME TX] arp req,vif_idx:0 sender:[1c:79:2d:20:62:cb 192.168.31.30]receiver:[00:00:00:00:00:00 192.168.31.184]
06-20 13:36:31.237 0 0 W : [3 T1047 .s] [SP FRAME TX] arp req,vif_idx:0 sender:[1c:79:2d:20:62:cb 192.168.31.30]receiver:[00:00:00:00:00:00 192.168.31.185]
06-20 13:36:31.239 0 0 W : [3 T1047 .s] [SP FRAME TX] arp req,vif_idx:0 sender:[1c:79:2d:20:62:cb 192.168.31.30]receiver:[00:00:00:00:00:00 192.168.31.186]
06-20 13:36:31.240 0 0 W : [3 T1047 .s] [SP FRAME TX] arp req,vif_idx:0 sender:[1c:79:2d:20:62:cb 192.168.31.30]receiver:[00:00:00:00:00:00 192.168.31.187]
06-20 13:36:31.242 0 0 W : [3 T1047 .s] [SP FRAME TX] arp req,vif_idx:0 sender:[1c:79:2d:20:62:cb 192.168.31.30]receiver:[00:00:00:00:00:00 192.168.31.188]
06-20 13:36:31.243 0 0 W : [3 T1047 .s] [SP FRAME TX] arp req,vif_idx:0 sender:[1c:79:2d:20:62:cb 192.168.31.30]receiver:[00:00:00:00:00:00 192.168.31.189]
06-20 13:36:31.245 0 0 W : [3 T1047 .s] [SP FRAME TX] arp req,vif_idx:0 sender:[1c:79:2d:20:62:cb 192.168.31.30]receiver:[00:00:00:00:00:00 192.168.31.190]
06-20 13:36:31.247 0 0 W : [3 T1047 .s] [SP FRAME TX] arp req,vif_idx:0 sender:[1c:79:2d:20:62:cb 192.168.31.30]receiver:[00:00:00:00:00:00 192.168.31.191]
06-20 13:36:31.248 0 0 W : [3 T1047 .s] [SP FRAME TX] arp req,vif_idx:0 sender:[1c:79:2d:20:62:cb 192.168.31.30]receiver:[00:00:00:00:00:00 192.168.31.192]
06-20 13:36:31.250 0 0 W : [3 T1047 .s] [SP FRAME TX] arp req,vif_idx:0 sender:[1c:79:2d:20:62:cb 192.168.31.30]receiver:[00:00:00:00:00:00 192.168.31.193]
06-20 13:36:31.251 0 0 W : [3 T1047 .s] [SP FRAME TX] arp req,vif_idx:0 sender:[1c:79:2d:20:62:cb 192.168.31.30]receiver:[00:00:00:00:00:00 192.168.31.194]
06-20 13:36:31.253 0 0 W : [3 T1047 .s] [SP FRAME TX] arp req,vif_idx:0 sender:[1c:79:2d:20:62:cb 192.168.31.30]receiver:[00:00:00:00:00:00 192.168.31.195]
06-20 13:36:31.254 0 0 W : [3 T1047 .s] [SP FRAME TX] arp req,vif_idx:0 sender:[1c:79:2d:20:62:cb 192.168.31.30]receiver:[00:00:00:00:00:00 192.168.31.155]
06-20 13:36:31.256 0 0 W : [3 T1047 .s] [SP FRAME TX] arp req,vif_idx:0 sender:[1c:79:2d:20:62:cb 192.168.31.30]receiver:[00:00:00:00:00:00 192.168.31.156]
06-20 13:36:31.258 0 0 W : [3 T1047 .s] [SP FRAME TX] arp req,vif_idx:0 sender:[1c:79:2d:20:62:cb 192.168.31.30]receiver:[00:00:00:00:00:00 192.168.31.157]
06-20 13:36:31.259 0 0 W : [3 T1047 .s] [SP FRAME TX] arp req,vif_idx:0 sender:[1c:79:2d:20:62:cb 192.168.31.30]receiver:[00:00:00:00:00:00 192.168.31.158]
06-20 13:36:31.261 0 0 W : [3 T1047 .s] [SP FRAME TX] arp req,vif_idx:0 sender:[1c:79:2d:20:62:cb 192.168.31.30]receiver:[00:00:00:00:00:00 192.168.31.159]
06-20 13:36:31.253 901 979 D WindowManagerShell: TvPipController: onTaskStackChanged()
06-20 13:36:31.262 0 0 W : [3 T1047 .s] [SP FRAME TX] arp req,vif_idx:0 sender:[1c:79:2d:20:62:cb 192.168.31.30]receiver:[00:00:00:00:00:00 192.168.31.160]
06-20 13:36:31.264 0 0 W : [3 T1047 .s] [SP FRAME TX] arp req,vif_idx:0 sender:[1c:79:2d:20:62:cb 192.168.31.30]receiver:[00:00:00:00:00:00 192.168.31.161]
06-20 13:36:31.265 0 0 W : [3 T1047 .s] [SP FRAME TX] arp req,vif_idx:0 sender:[1c:79:2d:20:62:cb 192.168.31.30]receiver:[00:00:00:00:00:00 192.168.31.162]
06-20 13:36:31.267 0 0 W : [3 T1047 .s] [SP FRAME TX] arp req,vif_idx:0 sender:[1c:79:2d:20:62:cb 192.168.31.30]receiver:[00:00:00:00:00:00 192.168.31.163]
06-20 13:36:31.269 0 0 W : [3 T1047 .s] [SP FRAME TX] arp req,vif_idx:0 sender:[1c:79:2d:20:62:cb 192.168.31.30]receiver:[00:00:00:00:00:00 192.168.31.164]
06-20 13:36:31.270 0 0 W : [3 T1047 .s] [SP FRAME TX] arp req,vif_idx:0 sender:[1c:79:2d:20:62:cb 192.168.31.30]receiver:[00:00:00:00:00:00 192.168.31.165]
06-20 13:36:31.272 0 0 W : [3 T1047 .s] [SP FRAME TX] arp req,vif_idx:0 sender:[1c:79:2d:20:62:cb 192.168.31.30]receiver:[00:00:00:00:00:00 192.168.31.166]
06-20 13:36:31.273 0 0 W : [3 T1047 .s] [SP FRAME TX] arp req,vif_idx:0 sender:[1c:79:2d:20:62:cb 192.168.31.30]receiver:[00:00:00:00:00:00 192.168.31.167]
06-20 13:36:31.275 0 0 W : [3 T1047 .s] [SP FRAME TX] arp req,vif_idx:0 sender:[1c:79:2d:20:62:cb 192.168.31.30]receiver:[00:00:00:00:00:00 192.168.31.168]
06-20 13:36:31.276 0 0 W : [3 T1047 .s] [SP FRAME TX] arp req,vif_idx:0 sender:[1c:79:2d:20:62:cb 192.168.31.30]receiver:[00:00:00:00:00:00 192.168.31.169]
06-20 13:36:31.278 0 0 W : [3 T1047 .s] [SP FRAME TX] arp req,vif_idx:0 sender:[1c:79:2d:20:62:cb 192.168.31.30]receiver:[00:00:00:00:00:00 192.168.31.170]
06-20 13:36:31.280 0 0 W : [3 T1047 .s] [SP FRAME TX] arp req,vif_idx:0 sender:[1c:79:2d:20:62:cb 192.168.31.30]receiver:[00:00:00:00:00:00 192.168.31.171]
06-20 13:36:31.281 0 0 W : [3 T1047 .s] [SP FRAME TX] arp req,vif_idx:0 sender:[1c:79:2d:20:62:cb 192.168.31.30]receiver:[00:00:00:00:00:00 192.168.31.172]
06-20 13:36:31.283 0 0 W : [3 T1047 .s] [SP FRAME TX] arp req,vif_idx:0 sender:[1c:79:2d:20:62:cb 192.168.31.30]receiver:[00:00:00:00:00:00 192.168.31.173]
06-20 13:36:31.284 0 0 W : [3 T1047 .s] [SP FRAME TX] arp req,vif_idx:0 sender:[1c:79:2d:20:62:cb 192.168.31.30]receiver:[00:00:00:00:00:00 192.168.31.174]
06-20 13:36:31.286 0 0 W : [3 T1047 .s] [SP FRAME TX] arp req,vif_idx:0 sender:[1c:79:2d:20:62:cb 192.168.31.30]receiver:[00:00:00:00:00:00 192.168.31.175]
06-20 13:36:31.287 0 0 W : [3 T1047 .s] [SP FRAME TX] arp req,vif_idx:0 sender:[1c:79:2d:20:62:cb 192.168.31.30]receiver:[00:00:00:00:00:00 192.168.31.134]
06-20 13:36:31.289 0 0 W : [3 T1047 .s] [SP FRAME TX] arp req,vif_idx:0 sender:[1c:79:2d:20:62:cb 192.168.31.30]receiver:[00:00:00:00:00:00 192.168.31.135]
06-20 13:36:31.281 2689 2689 D nativeloader: Configuring clns-shared-4 for other apk /system/app/dangbei-setting/dangbei-setting.apk. target_sdk_version=31, uses_libraries=, library_path=/system/app/dangbei-setting/lib/arm:/system/app/dangbei-setting/dangbei-setting.apk!/lib/armeabi-v7a:/system/lib:/system_ext/lib, permitted_path=/data:/mnt/expand:/data/user/0/com.dangbei.haqusetting:/system/app/dangbei-setting:/system/lib:/system_ext/lib
06-20 13:36:31.291 0 0 W : [3 T1047 .s] [SP FRAME TX] arp req,vif_idx:0 sender:[1c:79:2d:20:62:cb 192.168.31.30]receiver:[00:00:00:00:00:00 192.168.31.136]
06-20 13:36:31.292 0 0 W : [3 T1047 .s] [SP FRAME TX] arp req,vif_idx:0 sender:[1c:79:2d:20:62:cb 192.168.31.30]receiver:[00:00:00:00:00:00 192.168.31.137]
06-20 13:36:31.294 0 0 W : [3 T1047 .s] [SP FRAME TX] arp req,vif_idx:0 sender:[1c:79:2d:20:62:cb 192.168.31.30]receiver:[00:00:00:00:00:00 192.168.31.138]
06-20 13:36:31.295 0 0 W : [3 T1047 .s] [SP FRAME TX] arp req,vif_idx:0 sender:[1c:79:2d:20:62:cb 192.168.31.30]receiver:[00:00:00:00:00:00 192.168.31.139]
06-20 13:36:31.297 0 0 W : [3 T1047 .s] [SP FRAME TX] arp req,vif_idx:0 sender:[1c:79:2d:20:62:cb 192.168.31.30]receiver:[00:00:00:00:00:00 192.168.31.140]
06-20 13:36:31.286 685 709 W ContextImpl: Calling a method in the system process without a qualified user: android.app.ContextImpl.startService:1899 com.android.server.wm.DisplayPolicy.lambda$focusChangedLw$5:2126 com.android.server.wm.DisplayPolicy.$r8$lambda$Znxk63oh-WzVnzo_WQefN7uxV48:0 com.android.server.wm.DisplayPolicy$$ExternalSyntheticLambda13.run:0 android.os.Handler.handleCallback:958
06-20 13:36:31.287 685 709 D OomAdjuster: Not killing cached processes
06-20 13:36:31.298 0 0 W : [3 T1047 .s] [SP FRAME TX] arp req,vif_idx:0 sender:[1c:79:2d:20:62:cb 192.168.31.30]receiver:[00:00:00:00:00:00 192.168.31.141]
06-20 13:36:31.300 0 0 W : [3 T1047 .s] [SP FRAME TX] arp req,vif_idx:0 sender:[1c:79:2d:20:62:cb 192.168.31.30]receiver:[00:00:00:00:00:00 192.168.31.143]
06-20 13:36:31.302 0 0 W : [3 T1047 .s] [SP FRAME TX] arp req,vif_idx:0 sender:[1c:79:2d:20:62:cb 192.168.31.30]receiver:[00:00:00:00:00:00 192.168.31.144]
06-20 13:36:31.289 1456 1456 D aaa : LedStatusService onStartCommand begin
06-20 13:36:31.290 1456 2706 D aaa : topPkg is -------------- :com.tongyong.xxbox
06-20 13:36:31.303 0 0 W : [3 T1047 .s] [SP FRAME TX] arp req,vif_idx:0 sender:[1c:79:2d:20:62:cb 192.168.31.30]receiver:[00:00:00:00:00:00 192.168.31.145]
06-20 13:36:31.305 0 0 W : [3 T1047 .s] [SP FRAME TX] arp req,vif_idx:0 sender:[1c:79:2d:20:62:cb 192.168.31.30]receiver:[00:00:00:00:00:00 192.168.31.146]
06-20 13:36:31.306 0 0 W : [3 T1047 .s] [SP FRAME TX] arp req,vif_idx:0 sender:[1c:79:2d:20:62:cb 192.168.31.30]receiver:[00:00:00:00:00:00 192.168.31.147]
06-20 13:36:31.308 0 0 W : [3 T1047 .s] [SP FRAME TX] arp req,vif_idx:0 sender:[1c:79:2d:20:62:cb 192.168.31.30]receiver:[00:00:00:00:00:00 192.168.31.148]
06-20 13:36:31.309 0 0 W : [3 T1047 .s] [SP FRAME TX] arp req,vif_idx:0 sender:[1c:79:2d:20:62:cb 192.168.31.30]receiver:[00:00:00:00:00:00 192.168.31.149]
06-20 13:36:31.311 0 0 W : [3 T1047 .s] [SP FRAME TX] arp req,vif_idx:0 sender:[1c:79:2d:20:62:cb 192.168.31.30]receiver:[00:00:00:00:00:00 192.168.31.150]
06-20 13:36:31.313 0 0 W : [3 T1047 .s] [SP FRAME TX] arp req,vif_idx:0 sender:[1c:79:2d:20:62:cb 192.168.31.30]receiver:[00:00:00:00:00:00 192.168.31.151]
06-20 13:36:31.314 0 0 W : [3 T1047 .s] [SP FRAME TX] arp req,vif_idx:0 sender:[1c:79:2d:20:62:cb 192.168.31.30]receiver:[00:00:00:00:00:00 192.168.31.152]
06-20 13:36:31.316 0 0 W : [3 T1047 .s] [SP FRAME TX] arp req,vif_idx:0 sender:[1c:79:2d:20:62:cb 192.168.31.30]receiver:[00:00:00:00:00:00 192.168.31.153]
06-20 13:36:31.317 0 0 W : [3 T1047 .s] [SP FRAME TX] arp req,vif_idx:0 sender:[1c:79:2d:20:62:cb 192.168.31.30]receiver:[00:00:00:00:00:00 192.168.31.154]
06-20 13:36:31.319 0 0 W : [3 T1047 .s] [SP FRAME TX] arp req,vif_idx:0 sender:[1c:79:2d:20:62:cb 192.168.31.30]receiver:[00:00:00:00:00:00 192.168.31.122]
06-20 13:36:31.320 0 0 W : [3 T1047 .s] [SP FRAME TX] arp req,vif_idx:0 sender:[1c:79:2d:20:62:cb 192.168.31.30]receiver:[00:00:00:00:00:00 192.168.31.123]
06-20 13:36:31.322 0 0 W : [3 T1047 .s] [SP FRAME TX] arp req,vif_idx:0 sender:[1c:79:2d:20:62:cb 192.168.31.30]receiver:[00:00:00:00:00:00 192.168.31.124]
06-20 13:36:31.324 0 0 W : [3 T1047 .s] [SP FRAME TX] arp req,vif_idx:0 sender:[1c:79:2d:20:62:cb 192.168.31.30]receiver:[00:00:00:00:00:00 192.168.31.126]
06-20 13:36:31.313 685 857 D SntpClient: request time failed: java.net.SocketTimeoutException: Poll timed out
06-20 13:36:31.313 685 857 D TrafficStats: tagSocket(393) with statsTag=0xffffff41, statsUid=-1
06-20 13:36:31.325 0 0 W : [3 T1047 .s] [SP FRAME TX] arp req,vif_idx:0 sender:[1c:79:2d:20:62:cb 192.168.31.30]receiver:[00:00:00:00:00:00 192.168.31.127]
06-20 13:36:31.327 0 0 W : [3 T1047 .s] [SP FRAME TX] arp req,vif_idx:0 sender:[1c:79:2d:20:62:cb 192.168.31.30]receiver:[00:00:00:00:00:00 192.168.31.128]
06-20 13:36:31.328 0 0 W : [3 T1047 .s] [SP FRAME TX] arp req,vif_idx:0 sender:[1c:79:2d:20:62:cb 192.168.31.30]receiver:[00:00:00:00:00:00 192.168.31.129]
06-20 13:36:31.330 0 0 W : [3 T1047 .s] [SP FRAME TX] arp req,vif_idx:0 sender:[1c:79:2d:20:62:cb 192.168.31.30]receiver:[00:00:00:00:00:00 192.168.31.130]
06-20 13:36:31.331 0 0 W : [3 T1047 .s] [SP FRAME TX] arp req,vif_idx:0 sender:[1c:79:2d:20:62:cb 192.168.31.30]receiver:[00:00:00:00:00:00 192.168.31.131]
06-20 13:36:31.333 0 0 W : [3 T1047 .s] [SP FRAME TX] arp req,vif_idx:0 sender:[1c:79:2d:20:62:cb 192.168.31.30]receiver:[00:00:00:00:00:00 192.168.31.132]
06-20 13:36:31.335 0 0 W : [3 T1047 .s] [SP FRAME TX] arp req,vif_idx:0 sender:[1c:79:2d:20:62:cb 192.168.31.30]receiver:[00:00:00:00:00:00 192.168.31.133]
06-20 13:36:31.347 2689 2689 V GraphicsEnvironment: Currently set values for:
06-20 13:36:31.348 2689 2689 V GraphicsEnvironment: angle_gl_driver_selection_pkgs=[]
06-20 13:36:31.348 2689 2689 V GraphicsEnvironment: angle_gl_driver_selection_values=[]
06-20 13:36:31.348 2689 2689 V GraphicsEnvironment: ANGLE GameManagerService for com.dangbei.haqusetting: false
06-20 13:36:31.349 2689 2689 V GraphicsEnvironment: com.dangbei.haqusetting is not listed in per-application setting
06-20 13:36:31.349 2689 2689 V GraphicsEnvironment: Neither updatable production driver nor prerelease driver is supported.
06-20 13:36:31.352 2689 2689 I MultiDex: VM with version 2.1.0 has multidex support
06-20 13:36:31.353 2689 2689 I MultiDex: Installing application
06-20 13:36:31.353 2689 2689 I MultiDex: VM has multidex support, MultiDex support library is disabled.
06-20 13:36:31.361 0 0 W : [1 T1046 ..] [SP FRAME RX] arp rsp,vif_idx:0 sender:[e4:b0:63:92:34:a0 192.168.31.162]receiver:[1c:79:2d:20:62:cb 192.168.31.30]
06-20 13:36:31.348 2215 2215 I rainbow_flow: type=1400 audit(0.0:904): avc: denied { ioctl } for path="/dev/spidev1.0" dev="tmpfs" ino=512 ioctlcmd=0x6b00 scontext=u:r:init:s0 tcontext=u:object_r:device:s0 tclass=chr_file permissive=1
06-20 13:36:31.353 442 2707 I resolv : GetAddrInfoHandler::run: {100 100 100 983140 10044 0}
06-20 13:36:31.354 442 2708 I resolv : res_nmkquery: (QUERY, IN, A)
06-20 13:36:31.354 442 2708 I resolv : resolv_cache_lookup: FOUND IN CACHE entry=0xea102f50
06-20 13:36:31.354 442 2708 I resolv : doQuery: rcode=0, ancount=6, return value=472
06-20 13:36:31.355 2239 2285 D TrafficStats: tagSocket(170) with statsTag=0xffffffff, statsUid=-1
06-20 13:36:31.363 2689 2689 E ccc : cccccc HaquSettingApplication app onCreate start
06-20 13:36:31.366 2689 2689 E ccc : cccccc HaquSettingApplication app onCreate end
06-20 13:36:31.368 685 700 V WindowManager: app ------------- force_land :0
06-20 13:36:31.372 685 752 D CompatibilityChangeReporter: Compat change id reported: 161145287; UID 1000; state: ENABLED
06-20 13:36:31.372 685 752 D CompatibilityChangeReporter: Compat change id reported: 161145287; UID 1000; state: DISABLED
06-20 13:36:31.373 685 712 D CompatibilityChangeReporter: Compat change id reported: 197654537; UID 10076; state: DISABLED
06-20 13:36:31.379 2689 2713 W ContextImpl: Calling a method in the system process without a qualified user: android.app.ContextImpl.bindService:1988 android.content.ContextWrapper.bindService:861 com.dangbei.lerad.etna.lib.client.EtnaClient.bindServer:138 com.dangbei.lerad.etna.lib.client.EtnaClient.access$600:29 com.dangbei.lerad.etna.lib.client.EtnaClient$3.call:205
06-20 13:36:31.380 685 751 D CompatibilityChangeReporter: Compat change id reported: 261072174; UID 1000; state: DISABLED
06-20 13:36:31.436 2486 2538 D CompatibilityChangeReporter: Compat change id reported: 247079863; UID 10076; state: DISABLED
06-20 13:36:31.440 2486 2486 D LocalRepository: recordDLnaSettings type : %sopen
06-20 13:36:31.451 442 2721 I resolv : GetAddrInfoHandler::run: {100 100 100 983140 10076 0}
06-20 13:36:31.453 442 2722 I resolv : res_nmkquery: (QUERY, IN, A)
06-20 13:36:31.455 2689 2689 D CompatibilityChangeReporter: Compat change id reported: 237531167; UID 1000; state: DISABLED
06-20 13:36:31.456 2689 2689 W OpenGLRenderer: Unknown dataspace 0
06-20 13:36:31.459 685 751 W WindowManager: [addWindow] title:com.dangbei.haqusetting/com.dangbei.haqusetting.ui.HomeActivity
06-20 13:36:31.464 1407 1420 E ccc : cccccc etnaService addListener com.dangbei.lerad.etna.aidl.IEtnaAidlListener$Stub$Proxy@cea5704 com.dangbei.haqusetting
06-20 13:36:31.464 2689 2689 E ccc : cccccc etna-haqu-connected
06-20 13:36:31.466 442 2722 I resolv : res_nsend: used send_dg 392 terrno: 0
06-20 13:36:31.466 442 2722 I resolv : doQuery: rcode=0, ancount=1, return value=392
06-20 13:36:31.467 2486 2538 D TrafficStats: tagSocket(84) with statsTag=0xffffffff, statsUid=-1
06-20 13:36:31.479 685 1187 D BufferPoolAccessor2.0: bufferpool2 0xb89ca6a8 : 0(0 size) total buffers - 0(0 size) used buffers - 2/7 (recycle/alloc) - 5/50 (fetch/transfer)
06-20 13:36:31.479 685 1187 D BufferPoolAccessor2.0: bufferpool2 0xe3d4e488 : 0(0 size) total buffers - 0(0 size) used buffers - 2/7 (recycle/alloc) - 5/60 (fetch/transfer)
06-20 13:36:31.479 685 1187 D BufferPoolAccessor2.0: evictor expired: 8, evicted: 2
06-20 13:36:31.480 581 942 D BufferPoolAccessor2.0: bufferpool2 0xe9d01108 : 0(0 size) total buffers - 0(0 size) used buffers - 21/23 (recycle/alloc) - 2/22 (fetch/transfer)
06-20 13:36:31.480 581 942 D BufferPoolAccessor2.0: bufferpool2 0xe9d02668 : 0(0 size) total buffers - 0(0 size) used buffers - 17/19 (recycle/alloc) - 2/18 (fetch/transfer)
06-20 13:36:31.480 581 942 D BufferPoolAccessor2.0: bufferpool2 0xe9d021e8 : 0(0 size) total buffers - 0(0 size) used buffers - 26/28 (recycle/alloc) - 2/27 (fetch/transfer)
06-20 13:36:31.480 581 942 D BufferPoolAccessor2.0: evictor expired: 4, evicted: 3
06-20 13:36:31.487 685 751 D CoreBackPreview: Window{761f09b u0 com.dangbei.haqusetting/com.dangbei.haqusetting.ui.HomeActivity}: Setting back callback OnBackInvokedCallbackInfo{mCallback=android.window.IOnBackInvokedCallback$Stub$Proxy@ddb0411, mPriority=0, mIsAnimationCallback=false}
06-20 13:36:31.496 2689 2714 I mali : Successfully parsed 1 environment variable(s) from /vendor/etc/mali_platform.config.
06-20 13:36:31.497 2689 2714 I mali : Successfully parsed 1 environment variable(s) from /vendor/etc/mali_platform.config.
06-20 13:36:31.505 217 217 I hwservicemanager: getTransport: Cannot find entry android.hardware.configstore@1.0::ISurfaceFlingerConfigs/default in either framework or device VINTF manifest.
06-20 13:36:31.529 282 282 I MesonDisplay: [/mode_policy.c, meson_mode_set_policy, 1177] connector:0 to policy:0
06-20 13:36:31.530 282 282 I MesonDisplay: [/mode_policy.c, is_dv_prefer, 66] not prefer dv, hdr_priority:10000010
06-20 13:36:31.530 282 282 I MesonDisplay: [/mode_policy.c, is_dv_prefer, 66] not prefer dv, hdr_priority:10000010
06-20 13:36:31.530 282 282 I MesonDisplay: [/mode_policy.c, hdr_scene_process, 724] policy:0 is_bestcolorspace:1 state:0
06-20 13:36:31.530 282 282 I MesonDisplay: [/mode_policy_parser.c, is_support_hdmimode, 110] is_support_hdmimode mode: 1080p60hz
06-20 13:36:31.530 282 282 I MesonDisplay: [/mode_policy_parser.c, is_support_hdmimode, 110] is_support_hdmimode mode: 2160p60hz
06-20 13:36:31.530 282 282 D MesonDisplay: meson_write /sys/class/amhdmitx/amhdmitx0/valid_mode, outputmode:2160p60hz420,10bit
06-20 13:36:31.530 282 282 D MesonDisplay: valid mode is false!
06-20 13:36:31.530 282 282 I MesonDisplay: [/mode_policy_parser.c, is_support_hdmimode, 110] is_support_hdmimode mode: 2160p50hz
06-20 13:36:31.530 282 282 D MesonDisplay: meson_write /sys/class/amhdmitx/amhdmitx0/valid_mode, outputmode:2160p50hz420,10bit
06-20 13:36:31.530 282 282 D MesonDisplay: valid mode is false!
06-20 13:36:31.530 282 282 I MesonDisplay: [/mode_policy.c, is_support_4kHDR, 507] is_support_4kHDR 4k hdr not support
06-20 13:36:31.530 282 282 I MesonDisplay: [/mode_policy_parser.c, is_support_hdmimode, 110] is_support_hdmimode mode: 1080p60hz
06-20 13:36:31.530 282 282 D MesonDisplay: meson_write /sys/class/amhdmitx/amhdmitx0/valid_mode, outputmode:1080p60hzrgb,10bit
06-20 13:36:31.530 282 282 D MesonDisplay: valid mode is true!
06-20 13:36:31.530 282 282 I MesonDisplay: [/mode_policy.c, is_support_non4kHDR, 552] is_support_non4kHDR mode:[1080p60hz], color format:[rgb,10bit]
06-20 13:36:31.530 282 282 I MesonDisplay: [/mode_policy.c, meson_mode_get_policy_output, 1289] final_displaymode:1080p60hz, final_deepcolor:rgb,10bit, amdv_type:0
06-20 13:36:31.530 282 282 I MesonHwc: getPreferredDisplayConfig [1080p60hz]
06-20 13:36:31.530 282 282 I MesonDisplay: [/mode_policy.c, meson_mode_set_policy, 1177] connector:0 to policy:0
06-20 13:36:31.530 282 282 D MesonHwc: getPreferredBootConfig outConfig = 12 (1920x1080@59.940060)
06-20 13:36:31.531 2689 2714 E OpenGLRenderer: Unable to match the desired swap behavior.
06-20 13:36:31.544 0 0 I [2 T216 ..] servicemanager: Found android.hardware.graphics.allocator.IAllocator/default in device VINTF manifest.
06-20 13:36:31.546 0 0 I [0 T216 ..] servicemanager: Found android.hardware.graphics.allocator.IAllocator/default in device VINTF manifest.
06-20 13:36:31.552 1407 1407 I DefaultDispatch: type=1400 audit(0.0:905): avc: denied { read } for name="devices" dev="proc" ino=4026531982 scontext=u:r:system_app:s0 tcontext=u:object_r:proc:s0 tclass=file permissive=1
06-20 13:36:31.557 1407 1658 E RCInfo : vid:000d
06-20 13:36:31.557 1407 1658 E RCInfo : pid:3838
06-20 13:36:31.559 1407 1658 E RCInfo : vid:000d
06-20 13:36:31.559 1407 1658 E RCInfo : pid:3838
06-20 13:36:31.552 1407 1407 I DefaultDispatch: type=1400 audit(0.0:906): avc: denied { open } for path="/proc/bus/input/devices" dev="proc" ino=4026531982 scontext=u:r:system_app:s0 tcontext=u:object_r:proc:s0 tclass=file permissive=1
06-20 13:36:31.556 1407 1407 I DefaultDispatch: type=1400 audit(0.0:907): avc: denied { getattr } for path="/proc/bus/input/devices" dev="proc" ino=4026531982 scontext=u:r:system_app:s0 tcontext=u:object_r:proc:s0 tclass=file permissive=1
06-20 13:36:31.564 2689 2689 W RecyclerView: No adapter attached; skipping layout
06-20 13:36:31.566 901 979 V WindowManagerShell: onTransitionReady android.os.BinderProxy@e975659: {id=3 t=OPEN f=0x0 trk=0 r=[0@Point(0, 0)] c=[{WCT{android.window.IWindowContainerToken$Stub$Proxy@8fc322a} m=OPEN f=TRANSLUCENT leash=Surface(name=Task=34)/@0x4e290cc sb=Rect(0, 0 - 1920, 1080) eb=Rect(0, 0 - 1920, 1080) d=0}]}
06-20 13:36:31.566 901 979 V WindowManagerShell: Playing animation for (#3)android.os.BinderProxy@e975659@0
06-20 13:36:31.566 901 979 V WindowManagerShell: try handler com.android.wm.shell.keyguard.KeyguardTransitionHandler@24e2028
06-20 13:36:31.566 901 979 V WindowManagerShell: try handler com.android.wm.shell.pip.tv.TvPipTransition@1141
06-20 13:36:31.566 901 979 V WindowManagerShell: try handler com.android.wm.shell.activityembedding.ActivityEmbeddingController@e8f56e6
06-20 13:36:31.566 901 979 V WindowManagerShell: try handler com.android.wm.shell.transition.RemoteTransitionHandler@b664427
06-20 13:36:31.566 901 979 V WindowManagerShell: Transition doesn't have explicit remote, search filters for match for {id=3 t=OPEN f=0x0 trk=0 r=[0@Point(0, 0)] c=[{WCT{android.window.IWindowContainerToken$Stub$Proxy@8fc322a} m=OPEN f=TRANSLUCENT leash=Surface(name=Task=34)/@0x4e290cc sb=Rect(0, 0 - 1920, 1080) eb=Rect(0, 0 - 1920, 1080) d=0}]}
06-20 13:36:31.566 901 979 V WindowManagerShell: Delegate animation for #3 to null
