06-20 13:36:23.429 2239 2271 I TDLog : SDK_OVC is: TDOVC+a3bb7754719798526508b6caad480dd7+SaaS
06-20 13:36:23.437 2296 2296 E externalstorage: Not starting debugger since process cannot load the jdwp agent.
06-20 13:36:23.439 2239 2294 W efs.send_log: tryFileLock start!
06-20 13:36:23.452 2239 2318 I efs.base: lt=event`ev_ct=efs_core`ev_ac=pvuv`tm=2025-06-20 13:36:44`dn=c75d39a2-ba8e-4f0a-b7af-377167023c35`ps=com.dangbei.screencast`um_os=android`stime=1750397783189`pid=2239`fr=android`pkg=com.dangbei.screencast`vcode=20830`dsp_w=1920`uid=c75d39a2-ba8e-4f0a-b7af-377167023c35`rom=14`wid=c75d39a2-ba8e-4f0a-b7af-377167023c35`um_app_carrier=`um_access=wifi`um_app_channel=os`um_crash_sdk_version=1.4.0`ctime=1750397783`model=dbbox-a3`lang=zh`net=wifi`brand=amlogic`dsp_h=1080`um_network_type=0`ver=v2.8.3`build_model=DBBOX-A3`w_tm=1750397783`appid=5fc60c21094d637f3130af19`um_umid_header=ai016ce3a140bcdcacc8d6e76b6c70bbce`sdk=34`tzone=Asia/Shanghai`sdk_ver=1.3.6.umeng
06-20 13:36:23.453 2239 2294 I efs.config: --->>> 删除旧的配置文件 false
06-20 13:36:23.455 685 2118 W ActivityManager: Slow operation: 85ms so far, now at startProcess: done updating battery stats
06-20 13:36:23.455 685 2118 W ActivityManager: Slow operation: 85ms so far, now at startProcess: building log message
06-20 13:36:23.455 685 2118 I ActivityManager: Start proc 2296:com.android.externalstorage/u0a19 for broadcast {com.android.externalstorage/com.android.externalstorage.MountReceiver}
06-20 13:36:23.455 685 2118 W ActivityManager: Slow operation: 85ms so far, now at startProcess: starting to update pids map
06-20 13:36:23.456 685 2118 W ActivityManager: Slow operation: 85ms so far, now at startProcess: done updating pids map
06-20 13:36:23.457 685 2118 D CompatibilityChangeReporter: Compat change id reported: 168419799; UID 10019; state: DISABLED
06-20 13:36:23.458 685 2118 D CompatibilityChangeReporter: Compat change id reported: 273564678; UID 10019; state: DISABLED
06-20 13:36:23.396 443 443 D Zygote : Forked child process 2296
06-20 13:36:23.461 685 719 W ActivityManager: Slow operation: 90ms so far, now at startProcess: returned from zygote!
06-20 13:36:23.474 685 763 D CompatibilityChangeReporter: Compat change id reported: 265195908; UID 10019; state: ENABLED
06-20 13:36:23.477 2296 2296 D CompatibilityChangeReporter: Compat change id reported: 171979766; UID 10019; state: ENABLED
06-20 13:36:23.477 2296 2296 D CompatibilityChangeReporter: Compat change id reported: 242716250; UID 10019; state: ENABLED
06-20 13:36:23.482 2239 2314 W efs.send_log: tryFileLock sendlock sucess! processname: com.dangbei.screencast
06-20 13:36:23.483 685 752 D CompatibilityChangeReporter: Compat change id reported: 170668199; UID 10044; state: DISABLED
06-20 13:36:23.483 685 752 W ActivityManager: Foreground service started from background can not have location/camera/microphone access: service com.dangbei.screencast/.startup.StartupService
06-20 13:36:23.483 685 752 D CompatibilityChangeReporter: Compat change id reported: 255038118; UID 10044; state: DISABLED
06-20 13:36:23.484 685 752 D CompatibilityChangeReporter: Compat change id reported: 255042465; UID 10044; state: DISABLED
06-20 13:36:23.487 685 752 W ForegroundServiceTypeLoggerModule: Foreground service start for UID: 10044 does not have any types
06-20 13:36:23.489 685 718 I ActivityManager: Deferring FGS notification in legacy app com.dangbei.screencast/u0a44 : Notification(channel=channel_record shortcut=null contentView=null vibrate=null sound=null defaults=0x0 flags=0x60 color=0x00000000 category=transport vis=PUBLIC)
06-20 13:36:23.495 685 752 D CompatibilityChangeReporter: Compat change id reported: 170503758; UID 10019; state: ENABLED
06-20 13:36:23.498 2239 2294 I efs.config: current config version (-1) is older than another (1735614866)
06-20 13:36:23.499 2239 2294 I efs.config: load config from storage and notify observer
06-20 13:36:23.500 2239 2270 I Matrix.AnrTracer: anrTrace, final mAnrBeatTime:400, mAnrBeatRate:400
06-20 13:36:23.509 2239 2270 D LaunchConfigManager: check in allready
06-20 13:36:23.510 2239 2329 I LaunchTrace: begin sendLaunchCache
06-20 13:36:23.511 478 501 I WifiHAL : call wifi_get_link_stats handler
06-20 13:36:23.512 478 501 I WifiHAL : Creating message to get link statistics; iface = 16
06-20 13:36:23.512 478 501 D WifiHAL : error code -95 mapped to -3
06-20 13:36:23.512 685 822 E WifiStaIfaceAidlImpl: getLinkLayerStats failed with service-specific exception: android.os.ServiceSpecificException: (code 4)
06-20 13:36:23.516 2296 2296 D nativeloader: Configuring clns-shared-4 for other apk /system/priv-app/ExternalStorageProvider/ExternalStorageProvider.apk. target_sdk_version=34, uses_libraries=, library_path=/system/priv-app/ExternalStorageProvider/lib/arm:/system/lib:/system_ext/lib, permitted_path=/data:/mnt/expand:/data/user/0/com.android.externalstorage:/system/priv-app/ExternalStorageProvider:/system/lib:/system_ext/lib
06-20 13:36:23.521 2239 2239 E raop : *********************AirplayBroadcastServer+++++++++
06-20 13:36:23.528 685 750 I BroadcastQueue: BOOT_COMPLETED_BROADCAST_COMPLETION_LATENCY_REPORTED action:android.intent.action.BOOT_COMPLETED dispatchLatency:-23430 completeLatency:6941 dispatchRealLatency:-23430 completeRealLatency:6941 receiversSize:39 userId:0 userType:android.os.usertype.full.SYSTEM
06-20 13:36:23.534 685 708 I ActivityManager: Finished processing BOOT_COMPLETED for u0
06-20 13:36:23.558 685 852 W JobServiceContext: Sending onNetworkChanged for a job that isn't started. JobStatus{289b31b #u0a58/7 com.android.rkpdapp/androidx.work.impl.background.systemjob.SystemJobService u=0 s=10058 NET READY}
06-20 13:36:23.559 685 852 W JobServiceContext: Sending onNetworkChanged for a job that isn't started. JobStatus{2207ecd #u0a27/5 com.android.statementservice/androidx.work.impl.background.systemjob.SystemJobService u=0 s=10027 NET READY}
06-20 13:36:23.561 685 852 D InstantWifi: Receive Wifi is connected, freq = 5785 and currentNetworkId : 0, wifiinfo = SSID: , BSSID: 02:00:00:00:00:00, MAC: 02:00:00:00:00:00, IP: /192.168.31.30, Security type: 2, Supplicant state: COMPLETED, Wi-Fi standard: 6, RSSI: -39, Link speed: 1200Mbps, Tx Link speed: 1200Mbps, Max Supported Tx Link speed: 1200Mbps, Rx Link speed: 6Mbps, Max Supported Rx Link speed: 1200Mbps, Frequency: 5785MHz, Net ID: -1, Metered hint: false, score: 60, isUsable: true, CarrierMerged: false, SubscriptionId: -1, IsPrimary: 1, Trusted: true, Restricted: false, Ephemeral: false, OEM paid: false, OEM private: false, OSU AP: false, FQDN: , Provider friendly name: , Requesting package name: MLO Information: , Is TID-To-Link negotiation supported by the AP: false, AP MLD Address: , AP MLO Link Id: , AP MLO Affiliated links:
06-20 13:36:23.561 2296 2296 V GraphicsEnvironment: Currently set values for:
06-20 13:36:23.562 2296 2296 V GraphicsEnvironment: angle_gl_driver_selection_pkgs=[]
06-20 13:36:23.562 2296 2296 V GraphicsEnvironment: angle_gl_driver_selection_values=[]
06-20 13:36:23.563 2296 2296 V GraphicsEnvironment: ANGLE GameManagerService for com.android.externalstorage: false
06-20 13:36:23.563 2296 2296 V GraphicsEnvironment: com.android.externalstorage is not listed in per-application setting
06-20 13:36:23.563 2296 2296 V GraphicsEnvironment: Neither updatable production driver nor prerelease driver is supported.
06-20 13:36:23.574 685 752 D ConnectivityService: requestNetwork for uid/pid:10058/2075 activeRequest: null callbackRequest: 48 [NetworkRequest [ REQUEST id=49, [ Capabilities: INTERNET&NOT_RESTRICTED&TRUSTED&NOT_VCN_MANAGED Uid: 10058 RequestorUid: 10058 RequestorPkg: com.android.rkpdapp UnderlyingNetworks: Null] ]] callback flags: 0 order: 2147483647
06-20 13:36:23.576 685 830 D ConnectivityService: NetReassign [49 : null → 100] [c 0] [a 1] [i 1]
06-20 13:36:23.577 685 822 D WifiNetworkFactory: got request NetworkRequest [ REQUEST id=49, [ Capabilities: INTERNET&NOT_RESTRICTED&TRUSTED&NOT_VCN_MANAGED Uid: 10058 RequestorUid: 10058 RequestorPkg: com.android.rkpdapp UnderlyingNetworks: Null] ]
06-20 13:36:23.577 685 822 D UntrustedWifiNetworkFactory: got request NetworkRequest [ REQUEST id=49, [ Capabilities: INTERNET&NOT_RESTRICTED&TRUSTED&NOT_VCN_MANAGED Uid: 10058 RequestorUid: 10058 RequestorPkg: com.android.rkpdapp UnderlyingNetworks: Null] ]
06-20 13:36:23.577 685 822 D OemPaidWifiNetworkFactory: got request NetworkRequest [ REQUEST id=49, [ Capabilities: INTERNET&NOT_RESTRICTED&TRUSTED&NOT_VCN_MANAGED Uid: 10058 RequestorUid: 10058 RequestorPkg: com.android.rkpdapp UnderlyingNetworks: Null] ]
06-20 13:36:23.577 685 822 D MultiInternetWifiNetworkFactory: got request NetworkRequest [ REQUEST id=49, [ Capabilities: INTERNET&NOT_RESTRICTED&TRUSTED&NOT_VCN_MANAGED Uid: 10058 RequestorUid: 10058 RequestorPkg: com.android.rkpdapp UnderlyingNetworks: Null] ]
06-20 13:36:23.581 2239 2239 D CompatibilityChangeReporter: Compat change id reported: 270306772; UID 10044; state: DISABLED
06-20 13:36:23.582 2296 2296 D ExternalStorage: After updating volumes, found 1 active roots
06-20 13:36:23.593 2239 2239 D CompatibilityChangeReporter: Compat change id reported: 235355681; UID 10044; state: DISABLED
06-20 13:36:23.595 685 718 I ActivityManager: com.oranth.usbopenft is exempt from freezer
06-20 13:36:23.596 685 718 D CompatibilityChangeReporter: Compat change id reported: 135634846; UID 1000; state: DISABLED
06-20 13:36:23.613 443 443 D Zygote : Forked child process 2344
06-20 13:36:23.614 685 719 I ActivityManager: Start proc 2344:com.oranth.usbopenft/1000 for broadcast {com.oranth.usbopenft/com.oranth.usbopenft.UsbReceiver}
06-20 13:36:23.614 2296 2296 D ExternalStorage: After updating volumes, found 1 active roots
06-20 13:36:23.618 2075 2262 D CompatibilityChangeReporter: Compat change id reported: 263076149; UID 10058; state: ENABLED
06-20 13:36:23.624 2344 2344 I Zygote : seccomp disabled by setenforce 0
06-20 13:36:23.629 685 751 D ConnectivityService: requestNetwork for uid/pid:10027/2214 activeRequest: null callbackRequest: 50 [NetworkRequest [ REQUEST id=51, [ Capabilities: INTERNET&NOT_RESTRICTED&TRUSTED&NOT_VCN_MANAGED Uid: 10027 RequestorUid: 10027 RequestorPkg: com.android.statementservice UnderlyingNetworks: Null] ]] callback flags: 0 order: 2147483647
06-20 13:36:23.631 2344 2344 I ranth.usbopenft: Using CollectorTypeCC GC.
06-20 13:36:23.634 685 822 D WifiNetworkFactory: got request NetworkRequest [ REQUEST id=51, [ Capabilities: INTERNET&NOT_RESTRICTED&TRUSTED&NOT_VCN_MANAGED Uid: 10027 RequestorUid: 10027 RequestorPkg: com.android.statementservice UnderlyingNetworks: Null] ]
06-20 13:36:23.634 685 830 D ConnectivityService: NetReassign [51 : null → 100] [c 0] [a 1] [i 4]
06-20 13:36:23.635 685 822 D UntrustedWifiNetworkFactory: got request NetworkRequest [ REQUEST id=51, [ Capabilities: INTERNET&NOT_RESTRICTED&TRUSTED&NOT_VCN_MANAGED Uid: 10027 RequestorUid: 10027 RequestorPkg: com.android.statementservice UnderlyingNetworks: Null] ]
06-20 13:36:23.635 685 822 D OemPaidWifiNetworkFactory: got request NetworkRequest [ REQUEST id=51, [ Capabilities: INTERNET&NOT_RESTRICTED&TRUSTED&NOT_VCN_MANAGED Uid: 10027 RequestorUid: 10027 RequestorPkg: com.android.statementservice UnderlyingNetworks: Null] ]
06-20 13:36:23.635 685 822 D MultiInternetWifiNetworkFactory: got request NetworkRequest [ REQUEST id=51, [ Capabilities: INTERNET&NOT_RESTRICTED&TRUSTED&NOT_VCN_MANAGED Uid: 10027 RequestorUid: 10027 RequestorPkg: com.android.statementservice UnderlyingNetworks: Null] ]
06-20 13:36:23.629 2296 2296 D ExternalStorage: After updating volumes, found 1 active roots
06-20 13:36:23.639 2344 2344 E ranth.usbopenft: Not starting debugger since process cannot load the jdwp agent.
06-20 13:36:23.661 2214 2293 D CompatibilityChangeReporter: Compat change id reported: 263076149; UID 10027; state: DISABLED
06-20 13:36:23.673 685 700 D CompatibilityChangeReporter: Compat change id reported: 168419799; UID 1000; state: DISABLED
06-20 13:36:23.674 685 700 D CompatibilityChangeReporter: Compat change id reported: 273564678; UID 1000; state: DISABLED
06-20 13:36:23.689 2344 2344 D CompatibilityChangeReporter: Compat change id reported: 171979766; UID 1000; state: ENABLED
06-20 13:36:23.690 2344 2344 D CompatibilityChangeReporter: Compat change id reported: 242716250; UID 1000; state: ENABLED
06-20 13:36:23.701 685 752 I ActivityManager: Background started FGS: Allowed [callingPackage: com.dangbei.screencast; callingUid: 10044; uidState: FGS ; uidBFSL: [BFSL]; intent: Intent { cmp=com.dangbei.screencast/.huaweicast.service.HuaweiCastService }; code:PROC_STATE_FGS; tempAllowListReason:; targetSdkVersion:28; callerTargetSdkVersion:28; startForegroundCount:0; bindFromPackage:null: isBindService:false]
06-20 13:36:23.713 2239 2239 E H264FrameQueue: H264FrameQueue: mFullQueueCount:200
06-20 13:36:23.728 1423 1841 D wenhc : getScreenInfo uri = content://com.dangbei.screencast.parts.info/screen_cast
06-20 13:36:23.736 1423 1620 E hq : ErrorCoroutineExceptionHandler:::runTry error:com.dangbei.leard.base.proider.error.EmptyApiException: 数据为空 from=requestMessageDialog from=requestMessageDialog
06-20 13:36:23.745 2075 2346 I DrmHalHidl: No hidl drm factories found
06-20 13:36:23.747 217 217 I hwservicemanager: getTransport: Cannot find entry android.hardware.drm@1.0::IDrmFactory/default in either framework or device VINTF manifest.
06-20 13:36:23.749 2075 2346 E DrmHalHidl: Failed to find passthrough drm factories
06-20 13:36:23.754 2239 2239 W System.err: java.lang.NullPointerException: Attempt to invoke virtual method 'byte[] java.net.NetworkInterface.getHardwareAddress()' on a null object reference
06-20 13:36:23.755 2239 2239 W System.err: at b.f.f.y.g.b(Unknown Source:11)
06-20 13:36:23.755 2239 2239 W System.err: at b.d.a.a.p.c0(Unknown Source:2)
06-20 13:36:23.755 2239 2239 W System.err: at com.dangbei.screencast.startup.StartupService.onCreate(:5)
06-20 13:36:23.755 2239 2239 W System.err: at android.app.ActivityThread.handleCreateService(ActivityThread.java:4696)
06-20 13:36:23.755 2239 2239 W System.err: at android.app.ActivityThread.-$$Nest$mhandleCreateService(Unknown Source:0)
06-20 13:36:23.755 2239 2239 W System.err: at android.app.ActivityThread$H.handleMessage(ActivityThread.java:2293)
06-20 13:36:23.755 2239 2239 W System.err: at android.os.Handler.dispatchMessage(Handler.java:106)
06-20 13:36:23.755 2239 2239 W System.err: at android.os.Looper.loopOnce(Looper.java:205)
06-20 13:36:23.755 2239 2239 W System.err: at android.os.Looper.loop(Looper.java:294)
06-20 13:36:23.755 2239 2239 W System.err: at android.app.ActivityThread.main(ActivityThread.java:8255)
06-20 13:36:23.755 2239 2239 W System.err: at java.lang.reflect.Method.invoke(Native Method)
06-20 13:36:23.755 2239 2239 W System.err: at com.android.internal.os.RuntimeInit$MethodAndArgsCaller.run(RuntimeInit.java:552)
06-20 13:36:23.755 2239 2239 W System.err: at com.android.internal.os.ZygoteInit.main(ZygoteInit.java:978)
06-20 13:36:23.764 442 2365 I resolv : GetAddrInfoHandler::run: {100 100 100 983140 10044 0}
06-20 13:36:23.770 2214 2287 I WM-WorkerWrapper: Worker result SUCCESS for Work [ id=7dc37bae-1470-4359-999b-f26a9666da46, tags={ com.android.statementservice.domain.worker.RetryRequestWorker } ]
06-20 13:36:23.777 2075 2346 I DrmUtils: found IDrmFactory. Instance name:[android.hardware.drm.IDrmFactory/clearkey]
06-20 13:36:23.781 2075 2346 I DrmUtils: found IDrmFactory. Instance name:[android.hardware.drm.IDrmFactory/widevine]
06-20 13:36:23.793 494 494 I WVCdm-DrmFactory: [app][com.android.rkpdapp] calling virtual ::ndk::ScopedAStatus wvdrm::hardware::drm::widevine::WVDrmFactory::createDrmPlugin(const Uuid &, const string &, std::shared_ptr< ::aidl::android::hardware::drm::IDrmPlugin> *)
06-20 13:36:23.794 494 494 D WVCdm : Instantiating CDM metrics queue
06-20 13:36:23.794 494 494 D WVCdm : Instantiating CDM.
06-20 13:36:23.798 2239 2239 E HuaweiCastService: onCreate called().
06-20 13:36:23.799 2344 2344 D nativeloader: Configuring clns-shared-4 for other apk /system/app/UsbOpenFT/UsbOpenFT.apk. target_sdk_version=35, uses_libraries=, library_path=/system/app/UsbOpenFT/lib/arm:/system/app/UsbOpenFT/UsbOpenFT.apk!/lib/armeabi-v7a:/system/lib:/system_ext/lib, permitted_path=/data:/mnt/expand:/data/user/0/com.oranth.usbopenft:/system/app/UsbOpenFT:/system/lib:/system_ext/lib
06-20 13:36:23.800 2239 2239 E PlayerClient: registerCallback com.dangbei.screencast.huaweicast.service.HuaweiCastService$a@347bd8e
06-20 13:36:23.800 2239 2239 D PlayerClient: registerCallback true
06-20 13:36:23.800 2239 2239 D PlayerClient: init.
06-20 13:36:23.802 2239 2239 W KIT_FWK_a: KitFwk is not installed, pls do not use related interfaces.
06-20 13:36:23.802 2239 2239 W KIT_FWK_a: KitFwk is not installed, pls do not use related interfaces.
06-20 13:36:23.802 2239 2239 E PlayerClient: bind player service by aar.
06-20 13:36:23.805 685 2118 D CompatibilityChangeReporter: Compat change id reported: 261072174; UID 10044; state: DISABLED
06-20 13:36:23.806 2239 2239 D PlayerClient: bind player sink service true
06-20 13:36:23.809 494 494 D WVCdm : [cdm_engine.cpp(581):QueryStatus] security_level = Default, query_token = WidevineCdmVersion
06-20 13:36:23.810 442 2378 I resolv : GetAddrInfoHandler::run: {100 100 100 983140 10044 0}
06-20 13:36:23.811 494 494 I WVCdm : [file_utils.cpp(38):Exists] stat failed: ENOENT
06-20 13:36:23.811 685 2118 W ActivityManager: Foreground service started from background can not have location/camera/microphone access: service com.dangbei.screencast/.huaweicast.service.HuaweiCastService
06-20 13:36:23.811 494 494 I WVCdm : [oemcrypto_adapter_dynamic.cpp(783):Initialize] Level 3 Build Info (v18): {"soc_vendor":"L3_34136","soc_model":"ARM 32 bit","ta_ver":"18.1.0+May 15 2024_23:17:25_","uses_opk":false,"tee_os":"none","tee_os_ver":"0.0.0","form_factor":"L3","implementer":"Widevine","fused":false}
06-20 13:36:23.814 442 2383 I resolv : res_nmkquery: (QUERY, IN, A)
06-20 13:36:23.814 685 2118 W ForegroundServiceTypeLoggerModule: Foreground service start for UID: 10044 does not have any types
06-20 13:36:23.814 442 2383 I resolv : resolv_cache_lookup: FOUND IN CACHE entry=0xeb981090
06-20 13:36:23.814 442 2383 I resolv : doQuery: rcode=0, ancount=1, return value=408
06-20 13:36:23.815 442 2372 I resolv : res_nmkquery: (QUERY, IN, A)
06-20 13:36:23.816 2239 2366 D TrafficStats: tagSocket(161) with statsTag=0xffffffff, statsUid=-1
06-20 13:36:23.820 2239 2239 E HuaweiCastService: startForeground!
06-20 13:36:23.820 442 2372 I resolv : res_nsend: used send_dg 436 terrno: 0
06-20 13:36:23.825 442 2372 I resolv : doQuery: rcode=0, ancount=3, return value=436
06-20 13:36:23.826 2239 2340 D TrafficStats: tagSocket(151) with statsTag=0xffffffff, statsUid=-1
06-20 13:36:23.834 2239 2239 E HuaweiCastService: onStartCommand in 0
06-20 13:36:23.835 685 752 I WifiService: acquireMulticastLock uid=10044
06-20 13:36:23.842 478 501 D WifiHAL : Setting APF program, halHandle = 0xf3702740
06-20 13:36:23.842 478 501 I WifiHAL : createRequest: APF set program request
06-20 13:36:23.843 478 501 D WifiHAL : error code -95 mapped to -3
06-20 13:36:23.843 478 501 I WifiHAL : Request Response failed for APF, result = -3
06-20 13:36:23.843 685 822 E WifiStaIfaceAidlImpl: installApfPacketFilter failed with service-specific exception: android.os.ServiceSpecificException: (code 4)
06-20 13:36:23.853 2239 2239 E StartupService: onConnected:
06-20 13:36:23.856 494 2381 I WVCdm : [(0):] Level3 Library 34136 May 15 2024 23:17:25
06-20 13:36:23.874 685 700 I WifiService: acquireMulticastLock uid=10044
06-20 13:36:23.880 2344 2344 V GraphicsEnvironment: Currently set values for:
06-20 13:36:23.880 2344 2344 V GraphicsEnvironment: angle_gl_driver_selection_pkgs=[]
06-20 13:36:23.880 2344 2344 V GraphicsEnvironment: angle_gl_driver_selection_values=[]
06-20 13:36:23.881 2344 2344 V GraphicsEnvironment: ANGLE GameManagerService for com.oranth.usbopenft: false
06-20 13:36:23.881 2344 2344 V GraphicsEnvironment: com.oranth.usbopenft is not listed in per-application setting
06-20 13:36:23.881 2344 2344 V GraphicsEnvironment: Neither updatable production driver nor prerelease driver is supported.
06-20 13:36:23.820 2215 2215 I rainbow_flow: type=1400 audit(0.0:871): avc: denied { ioctl } for path="/dev/spidev1.0" dev="tmpfs" ino=512 ioctlcmd=0x6b00 scontext=u:r:init:s0 tcontext=u:object_r:device:s0 tclass=chr_file permissive=1
06-20 13:36:23.919 2239 2331 I MobclickAgent: module init:azioc
06-20 13:36:23.957 494 494 I WVCdm : [oemcrypto_adapter_dynamic.cpp(797):Initialize] L3 Initialized. Trying L1.
06-20 13:36:23.957 494 494 W WVCdm : [oemcrypto_adapter_dynamic.cpp(810):Initialize] Could not load oemcrypto from path liboemcrypto.so. dlopen failed: library "liboemcrypto.so" not found
06-20 13:36:23.957 494 494 W WVCdm : [oemcrypto_adapter_dynamic.cpp(814):Initialize] Could not load oemcrypto. Falling back to L3.
06-20 13:36:23.957 494 494 E WVCdm : [oemcrypto_adapter_dynamic.cpp(1271):ValidateOrInstallL1KeyboxOrCert] L1 not initialized. Falling back to L3
06-20 13:36:23.957 494 494 I WVCdm : [file_utils.cpp(38):Exists] stat failed: ENOENT
06-20 13:36:23.957 494 494 W WVCdm : [oemcrypto_adapter_dynamic.cpp(1470):OEMCrypto_InitializeAndCheckKeybox] Keybox error: 25. Falling back to L3.
06-20 13:36:23.957 494 494 I WVCdm : [oemcrypto_adapter_dynamic.cpp(846):Level1Terminate] L1 Terminate not needed
06-20 13:36:23.958 494 494 D WVCdm : [crypto_session.cpp(472):CacheVersion] OEMCrypto version (default security level): 18.1
06-20 13:36:23.958 494 494 D WVCdm : [crypto_session.cpp(481):CacheVersion] OEMCrypto version (L3 security level): 18.1
06-20 13:36:23.962 2239 2239 W System.err: java.lang.NullPointerException: Attempt to invoke virtual method 'byte[] java.net.NetworkInterface.getHardwareAddress()' on a null object reference
06-20 13:36:23.962 2239 2239 W System.err: at b.f.f.y.g.b(Unknown Source:11)
06-20 13:36:23.962 2239 2239 W System.err: at b.d.a.a.p.c0(Unknown Source:2)
06-20 13:36:23.962 2239 2239 W System.err: at b.f.f.w.b.(:16)
06-20 13:36:23.962 2239 2239 W System.err: at com.dangbei.screencast.startup.StartupService.w(:2)
06-20 13:36:23.962 2239 2239 W System.err: at b.f.f.h.g.b.run(:6)
06-20 13:36:23.962 2239 2239 W System.err: at b.d.a.a.n.a(Unknown Source:10)
06-20 13:36:23.962 2239 2239 W System.err: at b.f.f.h.g.j.onReceive(Unknown Source:20)
06-20 13:36:23.962 2239 2239 W System.err: at android.app.LoadedApk$ReceiverDispatcher$Args.lambda$getRunnable$0(LoadedApk.java:1811)
06-20 13:36:23.962 2239 2239 W System.err: at android.app.LoadedApk$ReceiverDispatcher$Args.$r8$lambda$gDuJqgxY6Zb-ifyeubKeivTLAwk(Unknown Source:0)
06-20 13:36:23.962 2239 2239 W System.err: at android.app.LoadedApk$ReceiverDispatcher$Args$$ExternalSyntheticLambda0.run(Unknown Source:2)
06-20 13:36:23.962 2239 2239 W System.err: at android.os.Handler.handleCallback(Handler.java:958)
06-20 13:36:23.962 2239 2239 W System.err: at android.os.Handler.dispatchMessage(Handler.java:99)
06-20 13:36:23.962 2239 2239 W System.err: at android.os.Looper.loopOnce(Looper.java:205)
06-20 13:36:23.962 2239 2239 W System.err: at android.os.Looper.loop(Looper.java:294)
06-20 13:36:23.962 2239 2239 W System.err: at android.app.ActivityThread.main(ActivityThread.java:8255)
06-20 13:36:23.962 2239 2239 W System.err: at java.lang.reflect.Method.invoke(Native Method)
06-20 13:36:23.962 2239 2239 W System.err: at com.android.internal.os.RuntimeInit$MethodAndArgsCaller.run(RuntimeInit.java:552)
06-20 13:36:23.962 2239 2239 W System.err: at com.android.internal.os.ZygoteInit.main(ZygoteInit.java:978)
06-20 13:36:23.968 494 494 D WVCdm : [cdm_engine.cpp(581):QueryStatus] security_level = Default, query_token = ProvisioningModel
06-20 13:36:23.970 2075 2346 I RkpdWidevine: Not a WV provisioning 4.0 device. No provisioning required.
06-20 13:36:23.979 572 609 D statsd_drm: statsd_mediadrm skipping empty entry
06-20 13:36:23.982 494 494 I WVCdm : [(0):] L3 Terminate.
06-20 13:36:23.988 2075 2319 I WM-WorkerWrapper: Worker result SUCCESS for Work [ id=d4de0ddc-a775-4fbe-856c-2f77d06bc1f7, tags={ com.android.rkpdapp.provisioner.WidevineProvisioner, WidevineProvisioner } ]
06-20 13:36:24.002 685 751 W TelephonyPermissions: reportAccessDeniedToReadIdentifiers:com.dangbei.screencast:getSerial:-1
06-20 13:36:24.007 1423 1431 I d.leradlauncher: Background young concurrent copying GC freed 78339(4315KB) AllocSpace objects, 155(5144KB) LOS objects, 16% free, 22MB/27MB, paused 4.737ms,128us total 362.298ms
06-20 13:36:24.020 2239 2318 W efs.info.manager: network change: wifi
06-20 13:36:24.023 2239 2239 D HiSight-SinkService: onCreate.
06-20 13:36:24.028 0 0 I [1 T2406 ..] logd: start watching /data/system/packages.list ...
06-20 13:36:24.034 0 0 I [1 T2406 ..] logd: ReadPackageList, total packages: 82
06-20 13:36:24.026 2239 2239 D HiSight-ConnectionManager: start ConnectionManager
06-20 13:36:24.028 2239 2239 D HiSight-SinkService: onBind.
06-20 13:36:24.034 2239 2239 E HuaweiCastService: mPlayerClient is null.
06-20 13:36:24.035 2239 2239 D PlayerClient: service connected.
06-20 13:36:24.035 2239 2239 D HiSight-SinkService: ITaskBinder registerCallback: true
06-20 13:36:24.036 2239 2239 D HiSight-HiSightManager: ITaskBinder registerCallback.
06-20 13:36:24.036 2239 2239 D HiSight-CallbackManager: addNewCallback. com.dangbei.screencast.huaweicast.service.HuaweiCastService$a@347bd8e
06-20 13:36:24.036 2239 2239 E HuaweiCastService: eventId: 4001
06-20 13:36:24.036 2239 2239 D HiSight-HiSightManager: check capability vbr range not setting, using default value
06-20 13:36:24.036 2239 2239 E HuaweiCastService: mPlayerClient is null.
06-20 13:36:24.036 2239 2239 D HiSight-SinkService: setAuthMode
06-20 13:36:24.037 2239 2239 W HiSight-ConnectionManager: mSinkId is empty
06-20 13:36:24.044 442 2413 I resolv : GetAddrInfoHandler::run: {100 100 100 983140 10044 0}
06-20 13:36:24.046 442 2416 I resolv : res_nmkquery: (QUERY, IN, A)
06-20 13:36:23.844 2239 2239 W sd_thread: type=1400 audit(0.0:872): avc: granted { write } for name="mdnsd" dev="tmpfs" ino=855 scontext=u:r:untrusted_app_27:s0:c44,c256,c512,c768 tcontext=u:object_r:mdnsd_socket:s0 tclass=sock_file app=com.dangbei.screencast
06-20 13:36:24.058 442 2416 I resolv : res_nsend: used send_dg 465 terrno: 0
06-20 13:36:24.058 442 2416 I resolv : doQuery: rcode=0, ancount=4, return value=465
06-20 13:36:24.058 2239 2332 D TrafficStats: tagSocket(168) with statsTag=0xffffffff, statsUid=-1
06-20 13:36:23.844 2239 2239 W sd_thread: type=1400 audit(0.0:873): avc: granted { connectto } for path="/dev/socket/mdnsd" scontext=u:r:untrusted_app_27:s0:c44,c256,c512,c768 tcontext=u:r:mdnsd:s0 tclass=unix_stream_socket app=com.dangbei.screencast
06-20 13:36:23.872 2239 2239 W sd_thread: type=1400 audit(0.0:874): avc: granted { write } for name="mdnsd" dev="tmpfs" ino=855 scontext=u:r:untrusted_app_27:s0:c44,c256,c512,c768 tcontext=u:object_r:mdnsd_socket:s0 tclass=sock_file app=com.dangbei.screencast
06-20 13:36:23.876 2239 2239 W sd_thread: type=1400 audit(0.0:875): avc: granted { connectto } for path="/dev/socket/mdnsd" scontext=u:r:untrusted_app_27:s0:c44,c256,c512,c768 tcontext=u:r:mdnsd:s0 tclass=unix_stream_socket app=com.dangbei.screencast
06-20 13:36:24.229 1423 2426 D ProfileInstaller: Installing profile for com.dangbei.leard.leradlauncher
06-20 13:36:24.335 1423 1845 E hq : Etna:::sendInspectLauncherUpdate
06-20 13:36:24.340 1407 1721 E ccc : cccccc SystemUpdateHelper launcherUpdate {"launcherCodeLocal":102942,"launcherCodeNet":0,"launcherVersionLocal":"2.9.4.2","launcherVersionNet":"","otaCodeLocal":0,"otaCodeNet":0,"remoteNeedUpdate":false,"updateType":""}
06-20 13:36:24.342 1423 1845 D etnaManager: 不需要更新桌面
06-20 13:36:24.876 0 0 I [2 T114 ..] VCC5V: disabling
06-20 13:36:24.869 685 763 W BroadcastLoopers: Found previously unknown looper Thread[appscheduling.default,5,main]
06-20 13:36:25.031 0 0 W : [2 T1041 ..] traffic idle!!
06-20 13:36:25.221 985 1166 I bluetooth: packages/modules/Bluetooth/system/gd/metrics/metrics_state.cc:177 AddStateChangedEvent: LEConnectionMetricsRemoteDevice: Transaction State 0x00000002, Connection Type 0x00000001, Origin Type 0x00000001
06-20 13:36:25.221 985 1166 I bluetooth: packages/modules/Bluetooth/system/gd/metrics/metrics_state.cc:58 AddStateChangedEvent: LEConnectionMetricState: Origin Type: 0x00000001, Connection Type: 0x00000001, Transaction State: 0x00000002
06-20 13:36:25.221 985 1166 I bluetooth: packages/modules/Bluetooth/system/gd/metrics/metrics_state.cc:161 UploadLEConnectionSession: LEConnectionMetricsRemoteDevice: The session is uploaded for xx:xx:xx:xx:c0:18
06-20 13:36:25.222 985 1166 I bluetooth: packages/modules/Bluetooth/system/gd/hci/le_address_manager.cc:265 ack_pause: Client already in paused state
06-20 13:36:25.222 985 1160 I bluetooth: packages/modules/Bluetooth/system/stack/gatt/connection_manager.cc:438 on_connection_complete: Le connection completed to device:xx:xx:xx:xx:c0:18
06-20 13:36:25.222 985 1160 I bluetooth: packages/modules/Bluetooth/system/stack/gatt/connection_manager.cc:438 on_connection_complete: Le connection completed to device:xx:xx:xx:xx:c0:18
06-20 13:36:25.222 985 1160 I bt_btm_ble: packages/modules/Bluetooth/system/stack/btm/btm_ble.cc:1730 btm_ble_connected: Updating device record timestamp for existing ble connection
06-20 13:36:25.225 985 1166 I bluetooth: packages/modules/Bluetooth/system/gd/hci/le_address_manager.cc:596 OnCommandComplete: Received command complete with op_code LE_REMOVE_DEVICE_FROM_FILTER_ACCEPT_LIST
06-20 13:36:25.225 985 1166 I bluetooth: packages/modules/Bluetooth/system/gd/hci/le_address_manager.cc:294 resume_registered_clients: Resuming registered clients
06-20 13:36:25.259 985 1160 I bt_stack: [INFO:gatt_attr.cc(950)] gatt_sr_init_cl_status: bda=xx:xx:xx:xx:c0:18, cl_supp_feat=0000, aware=1
06-20 13:36:25.260 985 1160 I bluetooth: packages/modules/Bluetooth/system/stack/gap/gap_ble.cc:304 client_connect_cback: No active GAP service found for peer:xx:xx:xx:xx:c0:18 callback:Connected
06-20 13:36:25.260 985 1160 I bt_bta_gattc: packages/modules/Bluetooth/system/bta/gatt/bta_gattc_act.cc:1304 bta_gattc_conn_cback: Connected client_if:3 addr:xx:xx:xx:xx:c0:18, transport:BT_TRANSPORT_LE reason:GATT_CONN_OK
06-20 13:36:25.260 985 1160 I bt_bta_gattc: packages/modules/Bluetooth/system/bta/gatt/bta_gattc_act.cc:1304 bta_gattc_conn_cback: Connected client_if:4 addr:xx:xx:xx:xx:c0:18, transport:BT_TRANSPORT_LE reason:GATT_CONN_OK
06-20 13:36:25.260 985 1160 I bluetooth: packages/modules/Bluetooth/system/stack/gatt/gatt_main.cc:405 gatt_update_app_use_link_flag: disable link idle timer for xx:xx:xx:xx:c0:18
06-20 13:36:25.260 985 1160 I bt_stack: [INFO:l2c_api.cc(1607)] L2CA_MarkLeLinkAsActivesetting link to e4:bb:d3:57:c0:18 as active
06-20 13:36:25.260 985 1160 I bluetooth: packages/modules/Bluetooth/system/stack/gatt/gatt_api.cc:1206 GATT_SetIdleTimeout: idle_timeout=65535, is_active=1, status=1 (1-OK 0-not performed)
06-20 13:36:25.260 985 1160 I bt_bta_gattc: packages/modules/Bluetooth/system/bta/gatt/bta_gattc_act.cc:1304 bta_gattc_conn_cback: Connected client_if:5 addr:xx:xx:xx:xx:c0:18, transport:BT_TRANSPORT_LE reason:GATT_CONN_OK
06-20 13:36:25.260 985 1160 I bluetooth: packages/modules/Bluetooth/system/stack/gatt/connection_manager.cc:438 on_connection_complete: Le connection completed to device:xx:xx:xx:xx:c0:18
06-20 13:36:25.260 985 1160 I bt_stack: [INFO:l2c_api.cc(1607)] L2CA_MarkLeLinkAsActivesetting link to e4:bb:d3:57:c0:18 as active
06-20 13:36:25.260 985 1160 I bluetooth: packages/modules/Bluetooth/system/stack/gatt/gatt_api.cc:1206 GATT_SetIdleTimeout: idle_timeout=65535, is_active=1, status=1 (1-OK 0-not performed)
06-20 13:36:25.260 985 1160 I bluetooth: packages/modules/Bluetooth/system/stack/gatt/gatt_main.cc:594 check_cached_model_name: Device xx:xx:xx:xx:c0:18 no cached model name
06-20 13:36:25.260 985 1160 I bt_btif_dm: packages/modules/Bluetooth/system/btif/src/btif_dm.cc:642 btif_update_remote_version_property: Remote version info valid:true [xx:xx:xx:xx:c0:18]: 9, 1bf, 100
06-20 13:36:25.260 985 1160 E bta_gattc_main: packages/modules/Bluetooth/system/bta/gatt/bta_gattc_main.cc:395 bta_gattc_hdl_event: Ignore unknown conn ID: 3
06-20 13:36:25.260 985 1160 E bta_gattc_main: packages/modules/Bluetooth/system/bta/gatt/bta_gattc_main.cc:395 bta_gattc_hdl_event: Ignore unknown conn ID: 4
06-20 13:36:25.261 985 1229 W BatteryService: getBatteryService(): service is NULL
06-20 13:36:25.282 985 1160 I bt_bta_gattc: packages/modules/Bluetooth/system/bta/gatt/bta_gattc_act.cc:549 bta_gattc_conn: Connected to xx:xx:xx:xx:c0:18, robust caching support is 0
06-20 13:36:25.285 685 718 D OomAdjuster: Not killing cached processes
06-20 13:36:25.286 985 985 I BluetoothPhonePolicy: processDeviceConnected, device=XX:XX:XX:XX:C0:18
06-20 13:36:25.286 985 985 D BluetoothDatabase: setConnection: device XX:XX:XX:XX:C0:18 and isA2dpDevice=false
06-20 13:36:25.287 985 985 D BluetoothDatabase: Updating last connected time for device: XX:XX:XX:XX:C0:18 to 1
06-20 13:36:25.287 985 985 D BluetoothDatabase: updateDatabase XX:XX:XX:XX:C0:18
06-20 13:36:25.293 1407 1407 I dangbei111: cccccc on receiver=android.bluetooth.device.action.ACL_CONNECTED,mac=E4:BB:D3:57:C0:18
06-20 13:36:25.293 1407 1407 E dangbei111: cccccc cancelDiscovery begin
06-20 13:36:25.297 1407 1407 E dangbei111: cccccc 检查遥控器是否连接: Dangbei E4:BB:D3:57:C0:18
06-20 13:36:25.300 1407 1407 E dangbei111: cccccc 检查遥控器是否连接: 蓝牙的结果 Dangbei E4:BB:D3:57:C0:18 true
06-20 13:36:25.308 1407 1407 E dangbei111: cccccc input中没有遥控器存在
06-20 13:36:25.308 1407 1407 E dangbei111: cccccc 蓝牙状态连接 开启8s check任务
06-20 13:36:25.310 1407 1407 E dangbei111: cccccc 开始扫描
06-20 13:36:25.310 1407 1407 D BluetoothAdapter: isLeEnabled(): ON
06-20 13:36:25.315 985 1635 D BtGatt.GattService: registerScanner() - UUID=d96aa9b2-c547-4fb1-ba35-5c1cb48c370c
06-20 13:36:25.316 985 1635 I bt_stack: [INFO:le_scanning_manager.cc(155)] RegisterScanner in shim layer
06-20 13:36:25.317 985 1229 D BtGatt.GattService: onScannerRegistered() - UUID=d96aa9b2-c547-4fb1-ba35-5c1cb48c370c, scannerId=1, status=0
06-20 13:36:25.318 1407 1721 D BluetoothLeScanner: onScannerRegistered() - status=0 scannerId=1 mScannerId=0
06-20 13:36:25.318 985 1635 D BtGatt.GattService: start scan with filters
06-20 13:36:25.319 985 1160 W smp_act : packages/modules/Bluetooth/system/stack/smp/smp_act.cc:2087 smp_link_encrypted: SMP state machine busy so skipping encryption enable:1 device:xx:xx:xx:xx:c0:18
06-20 13:36:25.319 985 1160 I bluetooth: packages/modules/Bluetooth/system/stack/eatt/eatt_impl.h:1008 connect: Device xx:xx:xx:xx:c0:18, role central
06-20 13:36:25.319 985 1160 W bt_stack: [WARNING:bta_gattc_api.cc(689)] notification already registered
06-20 13:36:25.319 985 1160 W bt_stack: [WARNING:bta_gattc_api.cc(689)] notification already registered
06-20 13:36:25.319 985 1160 W bt_stack: [WARNING:bta_gattc_api.cc(689)] notification already registered
06-20 13:36:25.319 985 1160 I bluetooth: packages/modules/Bluetooth/system/stack/gatt/gatt_main.cc:405 gatt_update_app_use_link_flag: disable link idle timer for xx:xx:xx:xx:c0:18
06-20 13:36:25.319 985 1160 I bt_stack: [INFO:l2c_api.cc(1607)] L2CA_MarkLeLinkAsActivesetting link to e4:bb:d3:57:c0:18 as active
06-20 13:36:25.319 985 1160 I bluetooth: packages/modules/Bluetooth/system/stack/gatt/gatt_api.cc:1206 GATT_SetIdleTimeout: idle_timeout=65535, is_active=1, status=1 (1-OK 0-not performed)
06-20 13:36:25.320 985 1229 I bt_btif_hh: packages/modules/Bluetooth/system/btif/src/btif_hh.cc:483 hh_open_handler: Found device, getting dscp info for handle 16
06-20 13:36:25.320 985 1635 D BtGatt.GattService: enforcePrivilegedPermissionIfNeeded([BluetoothLeScanFilter [mDeviceName=Dangbei, mDeviceAddress=null, mUuid=null, mUuidMask=null, mServiceSolicitationUuid=null, mServiceSolicitationUuidMask=null, mServiceDataUuid=null, mServiceData=null, mServiceDataMask=null, mManufacturerId=-1, mManufacturerData=null, mManufacturerDataMask=null, mAdvertisingDataType=-1, mAdvertisingData=null, mAdvertisingDataMask=null, mTransportBlockFilter=null]])
06-20 13:36:25.320 985 1229 I bt_btif_dm: packages/modules/Bluetooth/system/btif/src/btif_dm.cc:489 get_cod: get_cod remote_cod = 0x0000050c
06-20 13:36:25.320 985 1229 I bt_btif_dm: packages/modules/Bluetooth/system/btif/src/btif_dm.cc:489 get_cod: get_cod remote_cod = 0x0000050c
06-20 13:36:25.320 985 985 D BluetoothHidHostService: Connection state XX:XX:XX:XX:C0:18: 0->1
06-20 13:36:25.320 985 1229 W bt_btif : packages/modules/Bluetooth/system/main/bte_logmsg.cc:108 LogMsg: btif_hh_upstreams_evt: name = Dangbei
06-20 13:36:25.320 985 1229 W bt_btif : packages/modules/Bluetooth/system/main/bte_logmsg.cc:108 LogMsg: bta_hh_co_send_hid_info: fd = 256, name = [Dangbei], dscp_len = 80
06-20 13:36:25.320 985 1229 W bt_btif : packages/modules/Bluetooth/system/main/bte_logmsg.cc:108 LogMsg: bta_hh_co_send_hid_info: vendor_id = 0x000d, product_id = 0x3838, version= 0x0000,ctry_code=0x00
06-20 13:36:25.320 1865 1865 I xm_hidread: type=1400 audit(0.0:880): avc: denied { read } for scontext=u:r:init:s0 tcontext=u:r:init:s0 tclass=netlink_kobject_uevent_socket permissive=1
06-20 13:36:25.321 1865 1878 D XM_HIDREAD: add@ add@/devices/virtual/misc/uhid/0005:000D:3838.0001
06-20 13:36:25.324 1865 1878 D XM_HIDREAD: add@ add@/devices/virtual/misc/uhid/0005:000D:3838.0001/input/input9
06-20 13:36:25.336 0 0 I [2 T114 ..] input: Dangbei as /devices/virtual/misc/uhid/0005:000D:3838.0001/input/input9
06-20 13:36:25.337 0 0 I [2 T114 ..] input: Dangbei Consumer Control as /devices/virtual/misc/uhid/0005:000D:3838.0001/input/input11
06-20 13:36:25.340 0 0 I : [2 T114 ..] hid-generic 0005:000D:3838.0001: input,hidraw0: BLUETOOTH HID v0.00 Keyboard [Dangbei] on 1c:79:2d:20:62:cc
06-20 13:36:25.327 1865 1878 D XM_HIDREAD: add@ add@/devices/virtual/misc/uhid/0005:000D:3838.0001/input/input9/event9
06-20 13:36:25.327 1865 1878 D XM_HIDREAD: add@ add@/devices/virtual/misc/uhid/0005:000D:3838.0001/input/input11
06-20 13:36:25.328 1003 1003 D CachedBluetoothDevice: onProfileStateChanged: profile HID, device XX:XX:XX:XX:C0:18, newProfileState 1
06-20 13:36:25.328 1003 1003 D BluetoothAdapter: getActiveDevices(profile= A2DP)
06-20 13:36:25.329 901 1062 D CachedBluetoothDevice: onProfileStateChanged: profile HID, device XX:XX:XX:XX:C0:18, newProfileState 1
06-20 13:36:25.329 985 1160 I bluetooth: packages/modules/Bluetooth/system/stack/gatt/gatt_sr.cc:857 gatts_process_mtu_req: MTU 247 request from remote (e4:bb:d3:57:c0:18), resulted MTU 247
06-20 13:36:25.329 985 1160 I bt_btm_ble: packages/modules/Bluetooth/system/stack/btm/btm_ble.cc:620 BTM_SetBleDataLength: xx:xx:xx:xx:c0:18, 251
06-20 13:36:25.329 985 1160 W bt_stack: [WARNING:gatt_utils.cc(831)] Call back not found for application conn_id=3
06-20 13:36:25.329 985 1160 W bt_stack: [WARNING:gatt_utils.cc(831)] Call back not found for application conn_id=4
06-20 13:36:25.329 985 1160 W bt_stack: [WARNING:gatt_utils.cc(831)] Call back not found for application conn_id=5
06-20 13:36:25.330 985 1229 W bt_btif : packages/modules/Bluetooth/system/main/bte_logmsg.cc:108 LogMsg: bta_hh_co_send_hid_info: wrote descriptor to fd = 256, dscp_len = 80, result = 0
06-20 13:36:25.330 985 1229 W bt_stack: [WARNING:btif_hh.cc(509)] Device xx:xx:xx:xx:c0:18 already added
06-20 13:36:25.330 985 1229 W bt_btif : packages/modules/Bluetooth/system/main/bte_logmsg.cc:108 LogMsg: btif_hh_upstreams_evt: Device already added
06-20 13:36:25.332 1865 1878 D XM_HIDREAD: add@ add@/devices/virtual/misc/uhid/0005:000D:3838.0001/input/input11/event10
06-20 13:36:25.332 1865 1878 D XM_HIDREAD: add@ add@/devices/virtual/misc/uhid/0005:000D:3838.0001/hidraw/hidraw0
06-20 13:36:25.332 1865 1878 D XM_HIDREAD: ready open:/dev/hidraw0
06-20 13:36:25.332 1865 1878 D XM_HIDREAD: open:/dev/hidraw0 resultFD:-1
06-20 13:36:25.332 1865 1878 E XM_HIDREAD: open hidraw error: No such file or directory, wait to retry...
06-20 13:36:25.333 985 1001 I BluetoothAdapterService: getActiveDevices: A2dp device: null
06-20 13:36:25.334 901 1062 D BluetoothAdapter: getActiveDevices(profile= A2DP)
06-20 13:36:25.334 685 792 D EventHub: No input device configuration file found for device 'Dangbei Consumer Control'.
06-20 13:36:25.336 985 985 D BluetoothHidHostService: Connection state XX:XX:XX:XX:C0:18: 1->2
06-20 13:36:25.337 685 792 W EventHub: Unable to disable kernel key repeat for /dev/input/event10: Function not implemented
06-20 13:36:25.337 685 792 I EventHub: usingClockIoctl=true
06-20 13:36:25.337 685 792 I EventHub: New device: id=10, fd=435, path='/dev/input/event10', name='Dangbei Consumer Control', classes=KEYBOARD | DPAD | JOYSTICK | EXTERNAL, configuration='', keyLayout='/vendor/usr/keylayout/Vendor_000d_Product_3838.kl', keyCharacterMap='/system/usr/keychars/Generic.kcm', builtinKeyboard=false,
06-20 13:36:25.337 685 792 I InputReader: Device added: id=10, eventHubId=10, name='Dangbei Consumer Control', descriptor='d7b6aedb6b668d9ab2625cf87b9fa435ea003ff4',sources=KEYBOARD | DPAD | JOYSTICK
06-20 13:36:25.341 685 792 D EventHub: No input device configuration file found for device 'Dangbei'.
06-20 13:36:25.343 685 792 I EventHub: usingClockIoctl=true
06-20 13:36:25.343 685 792 I EventHub: New device: id=11, fd=494, path='/dev/input/event9', name='Dangbei', classes=KEYBOARD | DPAD | EXTERNAL, configuration='', keyLayout='/vendor/usr/keylayout/Vendor_000d_Product_3838.kl', keyCharacterMap='/system/usr/keychars/Generic.kcm', builtinKeyboard=false,
06-20 13:36:25.344 1003 1003 D BluetoothAdapter: getActiveDevices(profile= HEADSET)
06-20 13:36:25.344 685 792 I InputReader: Device added: id=10, eventHubId=11, name='Dangbei', descriptor='2a72e399b58ac60f38b66adf51ae1c7f52df51ad',sources=KEYBOARD | DPAD | JOYSTICK
06-20 13:36:25.345 985 1000 I BluetoothAdapterService: getActiveDevices: A2dp device: null
06-20 13:36:25.346 901 1062 D BluetoothAdapter: getActiveDevices(profile= HEADSET)
06-20 13:36:25.347 985 1000 I BluetoothAdapterService: getActiveDevices: Headset device: null
06-20 13:36:25.347 1003 1003 D BluetoothAdapter: getActiveDevices(profile= HEARING_AID)
06-20 13:36:25.349 985 1000 I BluetoothAdapterService: getActiveDevices: Headset device: null
06-20 13:36:25.350 901 1062 D BluetoothAdapter: getActiveDevices(profile= HEARING_AID)
06-20 13:36:25.350 985 985 D AdapterProperties: PROFILE_CONNECTION_STATE_CHANGE: profile=4, device=XX:XX:XX:XX:C0:18, 0 -> 1
06-20 13:36:25.351 985 1001 I BluetoothAdapterService: getActiveDevices: Hearing Aid devices: Left[null] - Right[null]
06-20 13:36:25.353 985 1635 W droid.bluetooth: Core platform API violation: Llibcore/io/Memory;->pokeByte(JB)V from Lcom/google/protobuf/UnsafeUtil; using reflection
06-20 13:36:25.353 985 1635 W droid.bluetooth: Core platform API violation: Llibcore/io/Memory;->peekByte(J)B from Lcom/google/protobuf/UnsafeUtil; using reflection
06-20 13:36:25.353 985 1001 I BluetoothAdapterService: getActiveDevices: Hearing Aid devices: Left[null] - Right[null]
06-20 13:36:25.354 1003 1003 D CachedBluetoothDevice: onProfileStateChanged: profile HID, device XX:XX:XX:XX:C0:18, newProfileState 2
06-20 13:36:25.354 1003 1003 D BluetoothAdapter: getActiveDevices(profile= A2DP)
06-20 13:36:25.355 985 985 D AdapterProperties: ADAPTER_CONNECTION_STATE_CHANGE: XX:XX:XX:XX:C0:18: 0 -> 1
06-20 13:36:25.358 1127 1127 I wpa_supplicant: wpa_driver_nl80211_driver_cmd: wifi vendor: aml_w2_s
06-20 13:36:25.358 985 1001 I BluetoothAdapterService: getActiveDevices: A2dp device: null
06-20 13:36:25.358 1127 1127 I wpa_supplicant: wpa_driver_nl80211_driver_cmd: wlan0: private command: BTCOEXSCAN-START
06-20 13:36:25.358 985 1635 D BtGatt.ScanManager: startScan() [ScanClient scanModeApp 0 scanModeUsed 0 [appScanStats android.uid.system:1000]]
06-20 13:36:25.359 985 1245 D BtGatt.ScanManager: handling starting scan
06-20 13:36:25.359 985 1245 D BtGatt.ScanManager: scanMode is upgraded for [ScanClient scanModeApp 0 scanModeUsed 1 [appScanStats android.uid.system:1000]]
06-20 13:36:25.359 985 1245 D BtGatt.ScanManager: start gattClientScanNative from startRegularScan()
06-20 13:36:25.359 1003 1003 D BluetoothAdapter: getActiveDevices(profile= HEADSET)
06-20 13:36:25.359 985 1245 I bt_stack: [INFO:le_scanning_manager.cc(168)] Scan in shim layer started
06-20 13:36:25.359 985 1166 I bluetooth: packages/modules/Bluetooth/system/gd/hci/le_scanning_manager.cc:588 stop_scan: Scanning already stopped, return!
06-20 13:36:25.360 985 1245 D BtGatt.ScanManager: configureRegularScanParams() - queue=1
06-20 13:36:25.360 985 1166 I bluetooth: packages/modules/Bluetooth/system/gd/hci/le_address_manager.cc:178 register_client: Client registered
06-20 13:36:25.360 985 985 D AdapterProperties: PROFILE_CONNECTION_STATE_CHANGE: profile=4, device=XX:XX:XX:XX:C0:18, 1 -> 2
06-20 13:36:25.360 901 1062 D CachedBluetoothDevice: onProfileStateChanged: profile HID, device XX:XX:XX:XX:C0:18, newProfileState 2
06-20 13:36:25.360 901 1062 D BluetoothAdapter: getActiveDevices(profile= A2DP)
06-20 13:36:25.370 0 0 W : [3 T1127 ..] [aml_android_priv_ioctl 128] vif idx=0 cmd=BTCOEXSCAN-START
06-20 13:36:25.371 0 0 W : [3 T1127 ..] [aml_android_priv_ioctl 152] not support id=22
06-20 13:36:25.360 985 1160 I bt_stack: [INFO:eatt_impl.h(888)] supported_features_cb e4:bb:d3:57:c0:18 is_eatt_supported = 0
06-20 13:36:25.361 985 1635 D ActivityAttributionService: notifyActivityAttributionInfo UID=1002 packageName=com.android.bluetooth deviceAddress=no_active_device_address
06-20 13:36:25.362 985 1635 I bt_btif : packages/modules/Bluetooth/system/btif/src/bluetooth.cc:829 get_profile_interface: get_profile_interface: id = activity_attribution
06-20 13:36:25.363 985 1245 I bt_stack: [INFO:le_scanning_manager.cc(168)] Scan in shim layer stopped
06-20 13:36:25.363 985 1166 I bluetooth: packages/modules/Bluetooth/system/gd/hci/le_address_manager.cc:193 unregister_client: Client unregistered
06-20 13:36:25.363 985 1245 D BtGatt.ScanManager: Start gattClientScanNative with old scanMode -2147483648 new scanMode 1 ( in MS: 730 / 183, in scan unit: 1168 / 292 ) [ScanClient scanModeApp 0 scanModeUsed 1 [appScanStats android.uid.system:1000]]
06-20 13:36:25.364 985 1245 I bt_stack: [INFO:le_scanning_manager.cc(346)] SetScanParameters in shim layer
06-20 13:36:25.364 985 1245 I bt_stack: [INFO:le_scanning_manager.cc(168)] Scan in shim layer started
06-20 13:36:25.364 985 1166 I bluetooth: packages/modules/Bluetooth/system/gd/hci/le_scanning_manager.cc:588 stop_scan: Scanning already stopped, return!
06-20 13:36:25.364 985 1245 D BtGatt.ScanManager: apply scan timeout (600000)to scannerId 1
06-20 13:36:25.364 985 1229 D BtGatt.GattService: onScanParamSetupCompleted : 0
06-20 13:36:25.364 985 1166 I bluetooth: packages/modules/Bluetooth/system/gd/hci/le_address_manager.cc:178 register_client: Client registered
06-20 13:36:25.364 985 985 D AdapterProperties: ADAPTER_CONNECTION_STATE_CHANGE: XX:XX:XX:XX:C0:18: 1 -> 2
06-20 13:36:25.364 985 1001 I BluetoothAdapterService: getActiveDevices: Headset device: null
06-20 13:36:25.365 1003 1003 D BluetoothAdapter: getActiveDevices(profile= HEARING_AID)
06-20 13:36:25.366 985 1001 I BluetoothAdapterService: getActiveDevices: A2dp device: null
06-20 13:36:25.368 901 1062 D BluetoothAdapter: getActiveDevices(profile= HEADSET)
06-20 13:36:25.369 1127 1127 I wpa_supplicant: wpa_driver_nl80211_driver_cmd: wifi vendor: aml_w2_s
06-20 13:36:25.369 1127 1127 I wpa_supplicant: wpa_driver_nl80211_driver_cmd: wlan0: private command: BTCOEXSCAN-START
06-20 13:36:25.381 0 0 W : [0 T1127 ..] [aml_android_priv_ioctl 128] vif idx=0 cmd=BTCOEXSCAN-START
06-20 13:36:25.382 0 0 W : [0 T1127 ..] [aml_android_priv_ioctl 152] not support id=22
06-20 13:36:25.373 985 1001 I BluetoothAdapterService: getActiveDevices: Hearing Aid devices: Left[null] - Right[null]
06-20 13:36:25.376 985 1001 I BluetoothAdapterService: getActiveDevices: Headset device: null
06-20 13:36:25.376 901 1062 D BluetoothAdapter: getActiveDevices(profile= HEARING_AID)
06-20 13:36:25.379 985 1001 I BluetoothAdapterService: getActiveDevices: Hearing Aid devices: Left[null] - Right[null]
06-20 13:36:25.432 1865 1878 E XM_HIDREAD: trying to reopen hidraw: /dev/hidraw0
06-20 13:36:25.432 1865 1878 D XM_HIDREAD: ready open:/dev/hidraw0
06-20 13:36:25.432 685 791 W SoundPool: Use of stream types is deprecated for operations other than volume control
06-20 13:36:25.433 685 791 W SoundPool: See the documentation of SoundPool() for what to use instead with android.media.AudioAttributes to qualify your playback use case
06-20 13:36:25.433 1865 1878 D XM_HIDREAD: open:/dev/hidraw0 resultFD:9
06-20 13:36:25.433 1865 1878 D XM_HIDREAD: 1 ready ioctl hidrawFD 9
06-20 13:36:25.433 1865 1878 D XM_HIDREAD: 2 ready ioctl hidrawFD 9
06-20 13:36:25.433 1865 1878 D XM_HIDREAD: 3 ready ioctl hidrawFD 9
06-20 13:36:25.433 1865 1878 D XM_HIDREAD: 4 ready ioctl hidrawFD 9
06-20 13:36:25.433 1865 1878 D XM_HIDREAD: ioctl hidrawFD HIDIOCGRDESC ret 0
06-20 13:36:25.433 1865 1878 D XM_HIDREAD: dinfo.vendor:13,dinfo.product:14392
06-20 13:36:25.433 1865 1878 D XM_HIDREAD: m_pid:0x3838,m_vid:0x000d
06-20 13:36:25.433 1865 1878 D XM_HIDREAD: /dev/hidraw0 open succussfully!
06-20 13:36:25.433 1865 1878 D XM_HIDREAD: add@ add@/devices/virtual/wakeup/wakeup32
06-20 13:36:25.433 1865 1878 D XM_HIDREAD: add@ add@/devices/virtual/wakeup/wakeup33
06-20 13:36:25.432 1865 1865 I xm_hidread: type=1400 audit(0.0:881): avc: denied { read write } for name="hidraw0" dev="tmpfs" ino=860 scontext=u:r:init:s0 tcontext=u:object_r:hidraw_audio_device:s0 tclass=chr_file permissive=1
06-20 13:36:25.436 1957 1957 I SogouIME: onKeyDown: keyoCode=20
06-20 13:36:25.436 1957 1957 I DefaultIMS: onKeyDown: keyoCode=20
