06-20 13:36:31.566 901 979 V WindowManagerShell: try handler com.android.wm.shell.transition.DefaultTransitionHandler@7916d4
06-20 13:36:31.566 901 979 V WindowManagerShell: start default transition animation, info = {id=3 t=OPEN f=0x0 trk=0 r=[0@Point(0, 0)] c=[{WCT{android.window.IWindowContainerToken$Stub$Proxy@8fc322a} m=OPEN f=TRANSLUCENT leash=Surface(name=Task=34)/@0x4e290cc sb=Rect(0, 0 - 1920, 1080) eb=Rect(0, 0 - 1920, 1080) d=0}]}
06-20 13:36:31.567 901 979 V WindowManagerShell: loadAnimation: anim=android.view.animation.AlphaAnimation@126581b animAttr=0x4 type=OPEN isEntrance=true
06-20 13:36:31.570 901 979 V WindowManagerShell: animated by com.android.wm.shell.transition.DefaultTransitionHandler@7916d4
06-20 13:36:31.574 1407 1658 D CompatibilityChangeReporter: Compat change id reported: 265103382; UID 1000; state: DISABLED
06-20 13:36:31.574 1407 1658 D BluetoothGatt: connect() - device: E4:BB:D3:57:C0:18, auto: true
06-20 13:36:31.574 1407 1658 D BluetoothGatt: registerApp()
06-20 13:36:31.578 685 708 I ActivityTaskManager: Displayed com.dangbei.haqusetting/.ui.HomeActivity for user 0: +430ms
06-20 13:36:31.579 685 708 V WindowManager: Sent Transition #3 createdAt=06-20 13:36:31.136 via request=TransitionRequestInfo { type = 1, triggerTask = TaskInfo{userId=0 taskId=34 displayId=0 isRunning=true baseIntent=Intent { dat=haqu://setting:8080/... flg=0x10000000 pkg=com.dangbei.haqusetting cmp=com.dangbei.haqusetting/.ui.HomeActivity } baseActivity=ComponentInfo{com.dangbei.haqusetting/com.dangbei.haqusetting.ui.HomeActivity} topActivity=ComponentInfo{com.dangbei.haqusetting/com.dangbei.haqusetting.ui.HomeActivity} origActivity=null realActivity=ComponentInfo{com.dangbei.haqusetting/com.dangbei.haqusetting.ui.HomeActivity} numActivities=1 lastActiveTime=37988 supportsMultiWindow=true resizeMode=1 isResizeable=true minWidth=-1 minHeight=-1 defaultMinSize=220 token=WCT{RemoteToken{f5ad04d Task{23b2ac0 #34 type=standard A=1000:com.dangbei.haqusetting}}} topActivityType=1 pictureInPictureParams=null shouldDockBigOverlays=true launchIntoPipHostTaskId=-1 lastParentTaskIdBeforePip=-1 displayCutoutSafeInsets=null topActivityInfo=ActivityInfo{db05702 com.dangbei.haqusetting.ui.HomeActivity} launchCookies=[] positionInParent=Point(0, 0) parentTaskId=-1 isFocused=false isVisible=false isVisibleRequested=false isSleeping=false topActivityInSizeCompat=false topActivityEligibleForLetterboxEducation= false isLetterboxDoubleTapEnabled= false topActivityEligibleForUserAspectRatioButton= false topActivityBoundsLetterboxed= false isFromLetterboxDoubleTap= false topActivityLetterboxVerticalPosition= -1 topActivityLetterboxHorizontalPosition= -1 topActivityLetterboxWidth=-1 topActivityLetterboxHeight=-1 isUserFullscreenOverrideEnabled=false isTopActivityTransparent=true locusId=null displayAreaFeatureId=1 cameraCompatControlState=hidden}, remoteTransition = null, displayChange = null, flags = 0 }
06-20 13:36:31.579 685 708 V WindowManager: startWCT=WindowContainerTransaction { changes = {} hops = [] errorCallbackToken=null taskFragmentOrganizer=null }
06-20 13:36:31.579 685 708 V WindowManager: info={id=3 t=OPEN f=0x0 trk=0 r=[0@Point(0, 0)] c=[{WCT{RemoteToken{f5ad04d Task{23b2ac0 #34 type=standard A=1000:com.dangbei.haqusetting}}} m=OPEN f=TRANSLUCENT leash=Surface(name=Task=34)/@0x7a41976 sb=Rect(0, 0 - 1920, 1080) eb=Rect(0, 0 - 1920, 1080) d=0}]}
06-20 13:36:31.580 1407 1658 D BluetoothGatt: registerApp() - UUID=c02be919-b3dc-47e7-91ac-f77f88caeffd
06-20 13:36:31.581 985 1000 D BtGatt.GattService: registerClient() - UUID=c02be919-b3dc-47e7-91ac-f77f88caeffd
06-20 13:36:31.582 985 1160 I bluetooth: packages/modules/Bluetooth/system/stack/gatt/gatt_api.cc:1257 GATT_Register: Allocated name:GattClient uuid:dc90f2a8-2896-57b7-1c1d-033f606cbd02 gatt_if:6 eatt_support:0
06-20 13:36:31.582 985 1160 I bluetooth: packages/modules/Bluetooth/system/stack/gatt/gatt_api.cc:1371 GATT_StartIf: GATT interface 6 already has connected device xx:xx:xx:xx:c0:18
06-20 13:36:31.582 985 1160 I bluetooth: packages/modules/Bluetooth/system/stack/gatt/gatt_api.cc:1374 GATT_StartIf: Invoking callback with connection id 6
06-20 13:36:31.582 985 1160 I bt_bta_gattc: packages/modules/Bluetooth/system/bta/gatt/bta_gattc_act.cc:1304 bta_gattc_conn_cback: Connected client_if:6 addr:xx:xx:xx:xx:c0:18, transport:BT_TRANSPORT_LE reason:GATT_CONN_OK
06-20 13:36:31.582 985 1160 E bta_gattc_main: packages/modules/Bluetooth/system/bta/gatt/bta_gattc_main.cc:395 bta_gattc_hdl_event: Ignore unknown conn ID: 6
06-20 13:36:31.582 985 1229 D BtGatt.GattService: onClientRegistered() - UUID=c02be919-b3dc-47e7-91ac-f77f88caeffd, clientIf=6
06-20 13:36:31.583 1407 1420 D BluetoothGatt: onClientRegistered() - status=0 clientIf=6
06-20 13:36:31.584 985 1000 D BtGatt.GattService: clientConnect() - address=E4:BB:D3:57:C0:18, addressType=0, isDirect=false, opportunistic=false, phy=1
06-20 13:36:31.584 985 1000 D BtGatt.GattService: Gatt Logging: metric_id=3, app_uid=1000
06-20 13:36:31.584 985 1000 D BtGatt.GattService: Gatt Logging: metric_id=3, session_index=6, connection state=1, connection status=-1
06-20 13:36:31.584 985 1229 I bt_btif_gattc: packages/modules/Bluetooth/system/btif/src/btif_gatt_client.cc:340 btif_gattc_open_impl: Transport=2, device type=2, address type =0, phy=1
06-20 13:36:31.585 985 1160 I bluetooth: packages/modules/Bluetooth/system/stack/gatt/gatt_main.cc:405 gatt_update_app_use_link_flag: disable link idle timer for xx:xx:xx:xx:c0:18
06-20 13:36:31.585 985 1160 I bt_stack: [INFO:l2c_api.cc(1607)] L2CA_MarkLeLinkAsActivesetting link to e4:bb:d3:57:c0:18 as active
06-20 13:36:31.585 985 1160 I bluetooth: packages/modules/Bluetooth/system/stack/gatt/gatt_api.cc:1206 GATT_SetIdleTimeout: idle_timeout=65535, is_active=1, status=1 (1-OK 0-not performed)
06-20 13:36:31.587 2486 2486 W .tongyong.xxbox: Long monitor contention with owner pool-3-thread-1 (2538) at com.tongyong.xxbox.http.OkHttpClientManager com.tongyong.xxbox.http.OkHttpClientManager.getInstance()(OkHttpClientManager.java:122) waiters=0 in okhttp3.Call com.tongyong.xxbox.http.OkHttpClientManager.gsonGetRequest(java.lang.String, java.lang.Object, com.tongyong.xxbox.http.OkHttpClientManager$GsonResultCallback) for 144ms
06-20 13:36:31.587 985 1229 D BtGatt.GattService: onConnected() - clientIf=6, connId=6, address=E4:BB:D3:57:C0:18
06-20 13:36:31.588 985 1229 D BtGatt.GattService: onConnected() - adding permit for address=E4:BB:D3:57:C0:18
06-20 13:36:31.588 1407 1420 D BluetoothGatt: onClientConnectionState() - status=0 clientIf=6 device=E4:BB:D3:57:C0:18
06-20 13:36:31.588 1407 1420 D BluetoothGatt: discoverServices() - device: E4:BB:D3:57:C0:18
06-20 13:36:31.589 985 1000 D BtGatt.GattService: discoverServices() - address=E4:BB:D3:57:C0:18, connId=6
06-20 13:36:31.591 985 1229 D BtGatt.GattService: Gatt Logging: metric_id=3, session_index=6, connection state=2, connection status=0
06-20 13:36:31.591 685 709 W ContextImpl: Calling a method in the system process without a qualified user: android.app.ContextImpl.startService:1899 com.android.server.wm.DisplayPolicy.lambda$focusChangedLw$5:2126 com.android.server.wm.DisplayPolicy.$r8$lambda$Znxk63oh-WzVnzo_WQefN7uxV48:0 com.android.server.wm.DisplayPolicy$$ExternalSyntheticLambda13.run:0 android.os.Handler.handleCallback:958
06-20 13:36:31.591 985 1229 D BtGatt.GattService: onSearchCompleted() - connId=6, status=0
06-20 13:36:31.593 685 752 D CompatibilityChangeReporter: Compat change id reported: 265464455; UID 10076; state: DISABLED
06-20 13:36:31.593 685 752 D CompatibilityChangeReporter: Compat change id reported: 265452344; UID 10076; state: DISABLED
06-20 13:36:31.593 685 752 D CompatibilityChangeReporter: Compat change id reported: 266124927; UID 10076; state: DISABLED
06-20 13:36:31.594 685 752 D CompatibilityChangeReporter: Compat change id reported: 265451093; UID 10076; state: DISABLED
06-20 13:36:31.594 685 752 D CompatibilityChangeReporter: Compat change id reported: 265456536; UID 10076; state: DISABLED
06-20 13:36:31.594 685 752 D CompatibilityChangeReporter: Compat change id reported: 255940284; UID 10076; state: DISABLED
06-20 13:36:31.594 685 752 D CompatibilityChangeReporter: Compat change id reported: 236283604; UID 10076; state: DISABLED
06-20 13:36:31.595 685 752 D CompatibilityChangeReporter: Compat change id reported: 263959004; UID 10076; state: DISABLED
06-20 13:36:31.595 685 752 D CompatibilityChangeReporter: Compat change id reported: 264304459; UID 10076; state: DISABLED
06-20 13:36:31.595 685 752 D CompatibilityChangeReporter: Compat change id reported: 264301586; UID 10076; state: DISABLED
06-20 13:36:31.595 685 752 D CompatibilityChangeReporter: Compat change id reported: 254631730; UID 10076; state: DISABLED
06-20 13:36:31.595 685 752 D CompatibilityChangeReporter: Compat change id reported: 273509367; UID 10076; state: DISABLED
06-20 13:36:31.596 985 1229 I bt_bta_gattc: packages/modules/Bluetooth/system/bta/gatt/bta_gattc_cache.cc:1035 bta_gattc_get_gatt_db: bta_gattc_get_gatt_db
06-20 13:36:31.596 685 752 D CompatibilityChangeReporter: Compat change id reported: 263259275; UID 10076; state: DISABLED
06-20 13:36:31.596 1456 1456 D aaa : LedStatusService onStartCommand begin
06-20 13:36:31.596 685 752 D CompatibilityChangeReporter: Compat change id reported: 174042980; UID 10076; state: DISABLED
06-20 13:36:31.596 685 752 D CompatibilityChangeReporter: Compat change id reported: 174042936; UID 10076; state: DISABLED
06-20 13:36:31.596 685 752 D CompatibilityChangeReporter: Compat change id reported: 181136395; UID 10076; state: DISABLED
06-20 13:36:31.596 985 1229 D BtGatt.GattService: onGetGattDb() - address=E4:BB:D3:57:C0:18
06-20 13:36:31.597 985 1229 D BtGatt.GattService: got service with UUID=00001800-0000-1000-8000-00805f9b34fb id: 1
06-20 13:36:31.597 985 1229 D BtGatt.GattService: got characteristic with UUID=00002a00-0000-1000-8000-00805f9b34fb id: 3
06-20 13:36:31.597 985 1229 D BtGatt.GattService: got characteristic with UUID=00002a01-0000-1000-8000-00805f9b34fb id: 5
06-20 13:36:31.597 985 1229 D BtGatt.GattService: got characteristic with UUID=00002a04-0000-1000-8000-00805f9b34fb id: 7
06-20 13:36:31.597 985 1229 D BtGatt.GattService: got service with UUID=0000180a-0000-1000-8000-00805f9b34fb id: 8
06-20 13:36:31.597 985 1229 D BtGatt.GattService: got characteristic with UUID=00002a29-0000-1000-8000-00805f9b34fb id: 10
06-20 13:36:31.597 985 1229 D BtGatt.GattService: got characteristic with UUID=00002a24-0000-1000-8000-00805f9b34fb id: 12
06-20 13:36:31.597 985 1229 D BtGatt.GattService: got characteristic with UUID=00002a25-0000-1000-8000-00805f9b34fb id: 14
06-20 13:36:31.597 985 1229 D BtGatt.GattService: got characteristic with UUID=00002a27-0000-1000-8000-00805f9b34fb id: 16
06-20 13:36:31.597 985 1229 D BtGatt.GattService: got characteristic with UUID=00002a26-0000-1000-8000-00805f9b34fb id: 18
06-20 13:36:31.597 985 1229 D BtGatt.GattService: got characteristic with UUID=00002a28-0000-1000-8000-00805f9b34fb id: 20
06-20 13:36:31.597 985 1229 D BtGatt.GattService: got characteristic with UUID=00002a23-0000-1000-8000-00805f9b34fb id: 22
06-20 13:36:31.597 985 1229 D BtGatt.GattService: got characteristic with UUID=00002a2a-0000-1000-8000-00805f9b34fb id: 24
06-20 13:36:31.597 985 1229 D BtGatt.GattService: got characteristic with UUID=00002a50-0000-1000-8000-00805f9b34fb id: 26
06-20 13:36:31.597 985 1229 D BtGatt.GattService: got service with UUID=0000180f-0000-1000-8000-00805f9b34fb id: 27
06-20 13:36:31.597 985 1229 D BtGatt.GattService: got characteristic with UUID=00002a19-0000-1000-8000-00805f9b34fb id: 29
06-20 13:36:31.597 985 1229 D BtGatt.GattService: got descriptor with UUID=00002902-0000-1000-8000-00805f9b34fb id: 30
06-20 13:36:31.597 685 752 D CompatibilityChangeReporter: Compat change id reported: 194480991; UID 10076; state: ENABLED
06-20 13:36:31.597 985 1229 D BtGatt.GattService: got service with UUID=00001812-0000-1000-8000-00805f9b34fb id: 31
06-20 13:36:31.597 985 1229 D BtGatt.GattService: got characteristic with UUID=00002a4a-0000-1000-8000-00805f9b34fb id: 33
06-20 13:36:31.597 985 1229 D BtGatt.GattService: got characteristic with UUID=00002a4c-0000-1000-8000-00805f9b34fb id: 35
06-20 13:36:31.598 985 1229 D BtGatt.GattService: got characteristic with UUID=00002a4b-0000-1000-8000-00805f9b34fb id: 37
06-20 13:36:31.598 985 1229 D BtGatt.GattService: got characteristic with UUID=00002a4e-0000-1000-8000-00805f9b34fb id: 39
06-20 13:36:31.598 985 1229 D BtGatt.GattService: got characteristic with UUID=00002a22-0000-1000-8000-00805f9b34fb id: 41
06-20 13:36:31.598 985 1229 D BtGatt.GattService: got descriptor with UUID=00002902-0000-1000-8000-00805f9b34fb id: 42
06-20 13:36:31.598 985 1229 D BtGatt.GattService: got characteristic with UUID=00002a32-0000-1000-8000-00805f9b34fb id: 44
06-20 13:36:31.598 985 1229 D BtGatt.GattService: got characteristic with UUID=00002a4d-0000-1000-8000-00805f9b34fb id: 46
06-20 13:36:31.598 985 1229 D BtGatt.GattService: got descriptor with UUID=00002908-0000-1000-8000-00805f9b34fb id: 47
06-20 13:36:31.598 985 1229 D BtGatt.GattService: got descriptor with UUID=00002902-0000-1000-8000-00805f9b34fb id: 48
06-20 13:36:31.598 985 1229 D BtGatt.GattService: got characteristic with UUID=00002a4d-0000-1000-8000-00805f9b34fb id: 50
06-20 13:36:31.598 985 1229 D BtGatt.GattService: got descriptor with UUID=00002908-0000-1000-8000-00805f9b34fb id: 51
06-20 13:36:31.599 1456 2736 D aaa : topPkg is -------------- :com.dangbei.haqusetting
06-20 13:36:31.599 2486 2734 D TrafficStats: tagSocket(84) with statsTag=0xffffffff, statsUid=-1
06-20 13:36:31.599 685 752 E CellBroadcastUtils: getDefaultCellBroadcastReceiverPackageName: no package found
06-20 13:36:31.600 985 1229 D BtGatt.GattService: got descriptor with UUID=00002902-0000-1000-8000-00805f9b34fb id: 52
06-20 13:36:31.600 985 1229 D BtGatt.GattService: got characteristic with UUID=00002a4d-0000-1000-8000-00805f9b34fb id: 54
06-20 13:36:31.600 985 1229 D BtGatt.GattService: got descriptor with UUID=00002908-0000-1000-8000-00805f9b34fb id: 55
06-20 13:36:31.600 985 1229 D BtGatt.GattService: got descriptor with UUID=00002902-0000-1000-8000-00805f9b34fb id: 56
06-20 13:36:31.600 985 1229 D BtGatt.GattService: got characteristic with UUID=00002a4d-0000-1000-8000-00805f9b34fb id: 58
06-20 13:36:31.600 985 1229 D BtGatt.GattService: got descriptor with UUID=00002908-0000-1000-8000-00805f9b34fb id: 59
06-20 13:36:31.600 985 1229 D BtGatt.GattService: got characteristic with UUID=00002a4d-0000-1000-8000-00805f9b34fb id: 61
06-20 13:36:31.601 985 1229 D BtGatt.GattService: got descriptor with UUID=00002908-0000-1000-8000-00805f9b34fb id: 62
06-20 13:36:31.601 985 1229 D BtGatt.GattService: got descriptor with UUID=00002902-0000-1000-8000-00805f9b34fb id: 63
06-20 13:36:31.601 985 1229 D BtGatt.GattService: got characteristic with UUID=00002a4d-0000-1000-8000-00805f9b34fb id: 65
06-20 13:36:31.601 985 1229 D BtGatt.GattService: got descriptor with UUID=00002908-0000-1000-8000-00805f9b34fb id: 66
06-20 13:36:31.601 985 1229 D BtGatt.GattService: got descriptor with UUID=00002902-0000-1000-8000-00805f9b34fb id: 67
06-20 13:36:31.601 985 1229 D BtGatt.GattService: got characteristic with UUID=00002a4d-0000-1000-8000-00805f9b34fb id: 69
06-20 13:36:31.601 985 1229 D BtGatt.GattService: got descriptor with UUID=00002908-0000-1000-8000-00805f9b34fb id: 70
06-20 13:36:31.601 985 1229 D BtGatt.GattService: got descriptor with UUID=00002902-0000-1000-8000-00805f9b34fb id: 71
06-20 13:36:31.601 985 1229 D BtGatt.GattService: got characteristic with UUID=00002a4d-0000-1000-8000-00805f9b34fb id: 73
06-20 13:36:31.601 985 1229 D BtGatt.GattService: got descriptor with UUID=00002908-0000-1000-8000-00805f9b34fb id: 74
06-20 13:36:31.601 985 1229 D BtGatt.GattService: got descriptor with UUID=00002902-0000-1000-8000-00805f9b34fb id: 75
06-20 13:36:31.601 985 1229 D BtGatt.GattService: got service with UUID=6e40ff01-b5a3-f393-e0a9-e50e24dcca9e id: 76
06-20 13:36:31.601 985 1229 D BtGatt.GattService: got characteristic with UUID=6e40ff02-b5a3-f393-e0a9-e50e24dcca9e id: 78
06-20 13:36:31.601 985 1229 D BtGatt.GattService: got characteristic with UUID=6e40ff03-b5a3-f393-e0a9-e50e24dcca9e id: 80
06-20 13:36:31.601 985 1229 D BtGatt.GattService: got descriptor with UUID=00002902-0000-1000-8000-00805f9b34fb id: 81
06-20 13:36:31.601 985 1229 D BtGatt.GattService: got characteristic with UUID=6e40ff04-b5a3-f393-e0a9-e50e24dcca9e id: 83
06-20 13:36:31.601 985 1229 D BtGatt.GattService: got service with UUID=0000fff0-0000-1000-8000-00805f9b34fb id: 84
06-20 13:36:31.601 985 1229 D BtGatt.GattService: got characteristic with UUID=0000fff2-0000-1000-8000-00805f9b34fb id: 86
06-20 13:36:31.601 985 1229 D BtGatt.GattService: got service with UUID=000001bf-0000-1000-8000-00805f9b34fb id: 87
06-20 13:36:31.601 985 1229 D BtGatt.GattService: got characteristic with UUID=00000001-0000-1000-8000-00805f9b34fb id: 89
06-20 13:36:31.601 985 1229 D BtGatt.GattService: got service with UUID=0000fe59-0000-1000-8000-00805f9b34fb id: 90
06-20 13:36:31.601 985 1229 D BtGatt.GattService: got characteristic with UUID=8ec90001-f315-4f60-9fb8-838830daea50 id: 92
06-20 13:36:31.601 985 1229 D BtGatt.GattService: got descriptor with UUID=00002902-0000-1000-8000-00805f9b34fb id: 93
06-20 13:36:31.601 985 1229 D BtGatt.GattService: got characteristic with UUID=8ec90002-f315-4f60-9fb8-838830daea50 id: 95
06-20 13:36:31.601 985 1229 D BtGatt.GattService: got characteristic with UUID=00000003-0000-1000-8000-00805f9b34fb id: 97
06-20 13:36:31.601 985 1229 D BtGatt.GattService: got descriptor with UUID=00002902-0000-1000-8000-00805f9b34fb id: 98
06-20 13:36:31.602 1407 1420 D BluetoothGatt: onSearchComplete() = Device=E4:BB:D3:57:C0:18 Status=0
06-20 13:36:31.605 685 752 D CompatibilityChangeReporter: Compat change id reported: 184838306; UID 10076; state: DISABLED
06-20 13:36:31.605 685 752 D CompatibilityChangeReporter: Compat change id reported: 185004937; UID 10076; state: DISABLED
06-20 13:36:31.611 685 752 V SplashScreenExceptionList: SplashScreen checking exception for package com.tongyong.xxbox (target sdk:26) -> false
06-20 13:36:31.612 685 752 D CompatibilityChangeReporter: Compat change id reported: 205907456; UID 10076; state: DISABLED
06-20 13:36:31.614 685 752 E Transition: Trying to add a ready-group twice: Display{#0 state=ON size=1920x1080 ROTATION_0}
06-20 13:36:31.615 685 752 D CompatibilityChangeReporter: Compat change id reported: 194833441; UID 10076; state: DISABLED
06-20 13:36:31.615 685 752 I ActivityTaskManager: START u0 {cmp=com.tongyong.xxbox/com.hifi.music.activity.HomeActivity} with LAUNCH_SINGLE_TASK from uid 10076 (BAL_ALLOW_VISIBLE_WINDOW) result code=0
06-20 13:36:31.615 901 979 V WindowManagerShell: Transition requested: android.os.BinderProxy@a485af7 TransitionRequestInfo { type = 1, triggerTask = TaskInfo{userId=0 taskId=33 displayId=0 isRunning=true baseIntent=Intent { act=android.intent.action.MAIN cat=[android.intent.category.LAUNCHER] flg=0x10000000 pkg=com.tongyong.xxbox cmp=com.tongyong.xxbox/.activity.SplashActivity } baseActivity=ComponentInfo{com.tongyong.xxbox/com.tongyong.xxbox.activity.SplashActivity} topActivity=ComponentInfo{com.tongyong.xxbox/com.hifi.music.activity.HomeActivity} origActivity=null realActivity=ComponentInfo{com.tongyong.xxbox/com.tongyong.xxbox.activity.SplashActivity} numActivities=2 lastActiveTime=37987 supportsMultiWindow=true resizeMode=1 isResizeable=true minWidth=-1 minHeight=-1 defaultMinSize=220 token=WCT{android.window.IWindowContainerToken$Stub$Proxy@e902d64} topActivityType=1 pictureInPictureParams=null shouldDockBigOverlays=true launchIntoPipHostTaskId=-1 lastParentTaskIdBeforePip=-1 displayCutoutSafeInsets=null topActivityInfo=ActivityInfo{8ffbcd com.hifi.music.activity.HomeActivity} launchCookies=[] positionInParent=Point(0, 0) parentTaskId=-1 isFocused=true isVisible=true isVisibleRequested=true isSleeping=false topActivityInSizeCompat=false topActivityEligibleForLetterboxEducation= false isLetterboxDoubleTapEnabled= false topActivityEligibleForUserAspectRatioButton= false topActivityBoundsLetterboxed= false isFromLetterboxDoubleTap= false topActivityLetterboxVerticalPosition= -1 topActivityLetterboxHorizontalPosition= -1 topActivityLetterboxWidth=-1 topActivityLetterboxHeight=-1 isUserFullscreenOverrideEnabled=false isTopActivityTransparent=false locusId=null displayAreaFeatureId=1 cameraCompatControlState=hidden}, remoteTransition = null, displayChange = null, flags = 0 }
06-20 13:36:31.615 2486 2539 D TrafficStats: tagSocket(115) with statsTag=0xffffffff, statsUid=-1
06-20 13:36:31.623 2486 2486 I cooluxtest: startService-onCreate-->
06-20 13:36:31.623 685 700 V WindowManager: app ------------- force_land :0
06-20 13:36:31.639 2486 2486 I cooluxtest: startService-onStartCommand--action-->com.tongyong.xxbox.splash.first
06-20 13:36:31.646 685 700 D CompatibilityChangeReporter: Compat change id reported: 261072174; UID 10076; state: DISABLED
06-20 13:36:31.648 2486 2538 W System.err: java.lang.NullPointerException: Attempt to invoke interface method 'org.fourthline.cling.registry.Registry org.fourthline.cling.android.AndroidUpnpService.getRegistry()' on a null object reference
06-20 13:36:31.648 2486 2538 W System.err: at com.tongyong.xxbox.service.MediaService$UpnpServiceConnection$1.run(MediaService.java:107)
06-20 13:36:31.648 2486 2538 W System.err: at java.util.concurrent.Executors$RunnableAdapter.call(Executors.java:487)
06-20 13:36:31.648 2486 2538 W System.err: at java.util.concurrent.FutureTask.run(FutureTask.java:264)
06-20 13:36:31.648 2486 2538 W System.err: at java.util.concurrent.ThreadPoolExecutor.runWorker(ThreadPoolExecutor.java:1145)
06-20 13:36:31.648 2486 2538 W System.err: at java.util.concurrent.ThreadPoolExecutor$Worker.run(ThreadPoolExecutor.java:644)
06-20 13:36:31.648 2486 2538 W System.err: at java.lang.Thread.run(Thread.java:1012)
06-20 13:36:31.648 2486 2538 I xxa : MediaService-Exception->Attempt to invoke interface method 'org.fourthline.cling.registry.Registry org.fourthline.cling.android.AndroidUpnpService.getRegistry()' on a null object reference
06-20 13:36:31.651 2486 2486 E ==============: com.hifi.music.activity.HomeActivity======>onActivityCreated
06-20 13:36:31.662 442 2743 I resolv : GetAddrInfoHandler::run: {100 100 100 983140 10076 0}
06-20 13:36:31.666 442 2744 I resolv : res_nmkquery: (QUERY, IN, A)
06-20 13:36:31.666 442 2744 I resolv : resolv_cache_lookup: FOUND IN CACHE entry=0xeb980430
06-20 13:36:31.666 442 2744 I resolv : doQuery: rcode=0, ancount=2, return value=421
06-20 13:36:31.667 2486 2741 D TrafficStats: tagSocket(116) with statsTag=0xffffffff, statsUid=-1
06-20 13:36:31.702 685 709 W ContextImpl: Calling a method in the system process without a qualified user: android.app.ContextImpl.startService:1899 com.android.server.wm.DisplayPolicy.lambda$focusChangedLw$5:2126 com.android.server.wm.DisplayPolicy.$r8$lambda$Znxk63oh-WzVnzo_WQefN7uxV48:0 com.android.server.wm.DisplayPolicy$$ExternalSyntheticLambda13.run:0 android.os.Handler.handleCallback:958
06-20 13:36:31.705 1456 1456 D aaa : LedStatusService onStartCommand begin
06-20 13:36:31.706 1456 2745 D aaa : topPkg is -------------- :com.tongyong.xxbox
06-20 13:36:31.714 2486 2486 D CompatibilityChangeReporter: Compat change id reported: 171228096; UID 10076; state: ENABLED
06-20 13:36:31.720 2486 2539 I RunTimeUtil: 运行时间 : 121 毫秒! | 0 分 : 0 秒,
06-20 13:36:31.729 901 979 D WindowManagerShell: TvPipController: onTaskStackChanged()
06-20 13:36:31.761 2486 2741 I TrafficStats: untagSocket(116)
06-20 13:36:31.788 1407 1721 E ccc : cccccc UpdateHelper onMessageReceived com.dangbei.haqusetting com.dangbei.etna.update {"action":"get","functionTag":"leaf_controller_function_controller_dangbei_update","value":0} com.dangbei.lerad.etna.aidl.IEtnaAidlCallback$Stub$Proxy@76274ed
06-20 13:36:31.793 1407 1721 E RCInfo : vid:000d
06-20 13:36:31.793 1407 1721 E RCInfo : pid:3838
06-20 13:36:31.801 1407 1721 D BluetoothGatt: connect(void) - device: E4:BB:D3:57:C0:18, auto=true
06-20 13:36:31.801 442 2750 I resolv : GetAddrInfoHandler::run: {100 100 100 983140 10044 0}
06-20 13:36:31.803 985 1000 D BtGatt.GattService: clientConnect() - address=E4:BB:D3:57:C0:18, addressType=0, isDirect=false, opportunistic=false, phy=1
06-20 13:36:31.803 442 2751 I resolv : res_nmkquery: (QUERY, IN, A)
06-20 13:36:31.803 442 2751 I resolv : resolv_cache_lookup: FOUND IN CACHE entry=0xea102f50
06-20 13:36:31.803 985 1000 D BtGatt.GattService: Gatt Logging: metric_id=3, app_uid=1000
06-20 13:36:31.803 985 1000 D BtGatt.GattService: Gatt Logging: metric_id=3, session_index=6, connection state=1, connection status=-1
06-20 13:36:31.803 985 1229 I bt_btif_gattc: packages/modules/Bluetooth/system/btif/src/btif_gatt_client.cc:340 btif_gattc_open_impl: Transport=2, device type=2, address type =0, phy=1
06-20 13:36:31.803 985 1160 I bluetooth: packages/modules/Bluetooth/system/stack/gatt/gatt_main.cc:405 gatt_update_app_use_link_flag: disable link idle timer for xx:xx:xx:xx:c0:18
06-20 13:36:31.803 985 1160 I bt_stack: [INFO:l2c_api.cc(1607)] L2CA_MarkLeLinkAsActivesetting link to e4:bb:d3:57:c0:18 as active
06-20 13:36:31.803 442 2751 I resolv : doQuery: rcode=0, ancount=6, return value=472
06-20 13:36:31.803 985 1160 I bluetooth: packages/modules/Bluetooth/system/stack/gatt/gatt_api.cc:1206 GATT_SetIdleTimeout: idle_timeout=65535, is_active=1, status=1 (1-OK 0-not performed)
06-20 13:36:31.804 1407 1721 D BluetoothGatt: discoverServices() - device: E4:BB:D3:57:C0:18
06-20 13:36:31.806 2577 2611 D TrafficStats: tagSocket(150) with statsTag=0xffffffff, statsUid=-1
06-20 13:36:31.806 985 1000 D BtGatt.GattService: discoverServices() - address=E4:BB:D3:57:C0:18, connId=6
06-20 13:36:31.807 985 1229 D BtGatt.GattService: onSearchCompleted() - connId=6, status=0
06-20 13:36:31.808 985 1229 I bt_bta_gattc: packages/modules/Bluetooth/system/bta/gatt/bta_gattc_cache.cc:1035 bta_gattc_get_gatt_db: bta_gattc_get_gatt_db
06-20 13:36:31.811 985 1229 D BtGatt.GattService: onGetGattDb() - address=E4:BB:D3:57:C0:18
06-20 13:36:31.811 985 1229 D BtGatt.GattService: got service with UUID=00001800-0000-1000-8000-00805f9b34fb id: 1
06-20 13:36:31.811 985 1229 D BtGatt.GattService: got characteristic with UUID=00002a00-0000-1000-8000-00805f9b34fb id: 3
06-20 13:36:31.811 985 1229 D BtGatt.GattService: got characteristic with UUID=00002a01-0000-1000-8000-00805f9b34fb id: 5
06-20 13:36:31.811 985 1229 D BtGatt.GattService: got characteristic with UUID=00002a04-0000-1000-8000-00805f9b34fb id: 7
06-20 13:36:31.811 985 1229 D BtGatt.GattService: got service with UUID=0000180a-0000-1000-8000-00805f9b34fb id: 8
06-20 13:36:31.811 985 1229 D BtGatt.GattService: got characteristic with UUID=00002a29-0000-1000-8000-00805f9b34fb id: 10
06-20 13:36:31.811 985 1229 D BtGatt.GattService: got characteristic with UUID=00002a24-0000-1000-8000-00805f9b34fb id: 12
06-20 13:36:31.811 985 1229 D BtGatt.GattService: got characteristic with UUID=00002a25-0000-1000-8000-00805f9b34fb id: 14
06-20 13:36:31.811 985 1229 D BtGatt.GattService: got characteristic with UUID=00002a27-0000-1000-8000-00805f9b34fb id: 16
06-20 13:36:31.811 985 1229 D BtGatt.GattService: got characteristic with UUID=00002a26-0000-1000-8000-00805f9b34fb id: 18
06-20 13:36:31.811 985 1229 D BtGatt.GattService: got characteristic with UUID=00002a28-0000-1000-8000-00805f9b34fb id: 20
06-20 13:36:31.811 985 1229 D BtGatt.GattService: got characteristic with UUID=00002a23-0000-1000-8000-00805f9b34fb id: 22
06-20 13:36:31.812 985 1229 D BtGatt.GattService: got characteristic with UUID=00002a2a-0000-1000-8000-00805f9b34fb id: 24
06-20 13:36:31.812 985 1229 D BtGatt.GattService: got characteristic with UUID=00002a50-0000-1000-8000-00805f9b34fb id: 26
06-20 13:36:31.812 985 1229 D BtGatt.GattService: got service with UUID=0000180f-0000-1000-8000-00805f9b34fb id: 27
06-20 13:36:31.812 985 1229 D BtGatt.GattService: got characteristic with UUID=00002a19-0000-1000-8000-00805f9b34fb id: 29
06-20 13:36:31.812 985 1229 D BtGatt.GattService: got descriptor with UUID=00002902-0000-1000-8000-00805f9b34fb id: 30
06-20 13:36:31.812 985 1229 D BtGatt.GattService: got service with UUID=00001812-0000-1000-8000-00805f9b34fb id: 31
06-20 13:36:31.812 985 1229 D BtGatt.GattService: got characteristic with UUID=00002a4a-0000-1000-8000-00805f9b34fb id: 33
06-20 13:36:31.812 985 1229 D BtGatt.GattService: got characteristic with UUID=00002a4c-0000-1000-8000-00805f9b34fb id: 35
06-20 13:36:31.812 985 1229 D BtGatt.GattService: got characteristic with UUID=00002a4b-0000-1000-8000-00805f9b34fb id: 37
06-20 13:36:31.812 985 1229 D BtGatt.GattService: got characteristic with UUID=00002a4e-0000-1000-8000-00805f9b34fb id: 39
06-20 13:36:31.812 985 1229 D BtGatt.GattService: got characteristic with UUID=00002a22-0000-1000-8000-00805f9b34fb id: 41
06-20 13:36:31.812 985 1229 D BtGatt.GattService: got descriptor with UUID=00002902-0000-1000-8000-00805f9b34fb id: 42
06-20 13:36:31.812 985 1229 D BtGatt.GattService: got characteristic with UUID=00002a32-0000-1000-8000-00805f9b34fb id: 44
06-20 13:36:31.812 985 1229 D BtGatt.GattService: got characteristic with UUID=00002a4d-0000-1000-8000-00805f9b34fb id: 46
06-20 13:36:31.812 985 1229 D BtGatt.GattService: got descriptor with UUID=00002908-0000-1000-8000-00805f9b34fb id: 47
06-20 13:36:31.812 985 1229 D BtGatt.GattService: got descriptor with UUID=00002902-0000-1000-8000-00805f9b34fb id: 48
06-20 13:36:31.812 985 1229 D BtGatt.GattService: got characteristic with UUID=00002a4d-0000-1000-8000-00805f9b34fb id: 50
06-20 13:36:31.812 985 1229 D BtGatt.GattService: got descriptor with UUID=00002908-0000-1000-8000-00805f9b34fb id: 51
06-20 13:36:31.812 985 1229 D BtGatt.GattService: got descriptor with UUID=00002902-0000-1000-8000-00805f9b34fb id: 52
06-20 13:36:31.812 985 1229 D BtGatt.GattService: got characteristic with UUID=00002a4d-0000-1000-8000-00805f9b34fb id: 54
06-20 13:36:31.812 985 1229 D BtGatt.GattService: got descriptor with UUID=00002908-0000-1000-8000-00805f9b34fb id: 55
06-20 13:36:31.812 985 1229 D BtGatt.GattService: got descriptor with UUID=00002902-0000-1000-8000-00805f9b34fb id: 56
06-20 13:36:31.812 985 1229 D BtGatt.GattService: got characteristic with UUID=00002a4d-0000-1000-8000-00805f9b34fb id: 58
06-20 13:36:31.812 985 1229 D BtGatt.GattService: got descriptor with UUID=00002908-0000-1000-8000-00805f9b34fb id: 59
06-20 13:36:31.812 985 1229 D BtGatt.GattService: got characteristic with UUID=00002a4d-0000-1000-8000-00805f9b34fb id: 61
06-20 13:36:31.812 985 1229 D BtGatt.GattService: got descriptor with UUID=00002908-0000-1000-8000-00805f9b34fb id: 62
06-20 13:36:31.812 985 1229 D BtGatt.GattService: got descriptor with UUID=00002902-0000-1000-8000-00805f9b34fb id: 63
06-20 13:36:31.812 985 1229 D BtGatt.GattService: got characteristic with UUID=00002a4d-0000-1000-8000-00805f9b34fb id: 65
06-20 13:36:31.812 985 1229 D BtGatt.GattService: got descriptor with UUID=00002908-0000-1000-8000-00805f9b34fb id: 66
06-20 13:36:31.812 985 1229 D BtGatt.GattService: got descriptor with UUID=00002902-0000-1000-8000-00805f9b34fb id: 67
06-20 13:36:31.812 985 1229 D BtGatt.GattService: got characteristic with UUID=00002a4d-0000-1000-8000-00805f9b34fb id: 69
06-20 13:36:31.812 985 1229 D BtGatt.GattService: got descriptor with UUID=00002908-0000-1000-8000-00805f9b34fb id: 70
06-20 13:36:31.812 985 1229 D BtGatt.GattService: got descriptor with UUID=00002902-0000-1000-8000-00805f9b34fb id: 71
06-20 13:36:31.813 985 1229 D BtGatt.GattService: got characteristic with UUID=00002a4d-0000-1000-8000-00805f9b34fb id: 73
06-20 13:36:31.813 985 1229 D BtGatt.GattService: got descriptor with UUID=00002908-0000-1000-8000-00805f9b34fb id: 74
06-20 13:36:31.813 985 1229 D BtGatt.GattService: got descriptor with UUID=00002902-0000-1000-8000-00805f9b34fb id: 75
06-20 13:36:31.813 985 1229 D BtGatt.GattService: got service with UUID=6e40ff01-b5a3-f393-e0a9-e50e24dcca9e id: 76
06-20 13:36:31.813 985 1229 D BtGatt.GattService: got characteristic with UUID=6e40ff02-b5a3-f393-e0a9-e50e24dcca9e id: 78
06-20 13:36:31.813 985 1229 D BtGatt.GattService: got characteristic with UUID=6e40ff03-b5a3-f393-e0a9-e50e24dcca9e id: 80
06-20 13:36:31.813 985 1229 D BtGatt.GattService: got descriptor with UUID=00002902-0000-1000-8000-00805f9b34fb id: 81
06-20 13:36:31.813 985 1229 D BtGatt.GattService: got characteristic with UUID=6e40ff04-b5a3-f393-e0a9-e50e24dcca9e id: 83
06-20 13:36:31.813 985 1229 D BtGatt.GattService: got service with UUID=0000fff0-0000-1000-8000-00805f9b34fb id: 84
06-20 13:36:31.813 985 1229 D BtGatt.GattService: got characteristic with UUID=0000fff2-0000-1000-8000-00805f9b34fb id: 86
06-20 13:36:31.813 985 1229 D BtGatt.GattService: got service with UUID=000001bf-0000-1000-8000-00805f9b34fb id: 87
06-20 13:36:31.813 985 1229 D BtGatt.GattService: got characteristic with UUID=00000001-0000-1000-8000-00805f9b34fb id: 89
06-20 13:36:31.813 985 1229 D BtGatt.GattService: got service with UUID=0000fe59-0000-1000-8000-00805f9b34fb id: 90
06-20 13:36:31.813 985 1229 D BtGatt.GattService: got characteristic with UUID=8ec90001-f315-4f60-9fb8-838830daea50 id: 92
06-20 13:36:31.813 985 1229 D BtGatt.GattService: got descriptor with UUID=00002902-0000-1000-8000-00805f9b34fb id: 93
06-20 13:36:31.813 985 1229 D BtGatt.GattService: got characteristic with UUID=8ec90002-f315-4f60-9fb8-838830daea50 id: 95
06-20 13:36:31.813 985 1229 D BtGatt.GattService: got characteristic with UUID=00000003-0000-1000-8000-00805f9b34fb id: 97
06-20 13:36:31.813 985 1229 D BtGatt.GattService: got descriptor with UUID=00002902-0000-1000-8000-00805f9b34fb id: 98
06-20 13:36:31.814 1407 1721 D BluetoothGatt: onSearchComplete() = Device=E4:BB:D3:57:C0:18 Status=0
06-20 13:36:31.814 1407 1420 D BluetoothGatt: connect() - device: E4:BB:D3:57:C0:18, auto: true
06-20 13:36:31.814 1407 1420 D BluetoothGatt: registerApp()
06-20 13:36:31.815 1407 1420 D BluetoothGatt: registerApp() - UUID=cf63c927-f828-467b-8e8e-bf86edfc687f
06-20 13:36:31.816 985 1000 D BtGatt.GattService: registerClient() - UUID=cf63c927-f828-467b-8e8e-bf86edfc687f
06-20 13:36:31.817 985 1160 I bluetooth: packages/modules/Bluetooth/system/stack/gatt/gatt_api.cc:1257 GATT_Register: Allocated name:GattClient uuid:7373560c-4983-f216-0c31-3650aaeeeb50 gatt_if:7 eatt_support:0
06-20 13:36:31.817 985 1160 I bluetooth: packages/modules/Bluetooth/system/stack/gatt/gatt_api.cc:1371 GATT_StartIf: GATT interface 7 already has connected device xx:xx:xx:xx:c0:18
06-20 13:36:31.817 1407 1420 E ccc : cccccc 请求电量实时 -1
06-20 13:36:31.817 985 1160 I bluetooth: packages/modules/Bluetooth/system/stack/gatt/gatt_api.cc:1374 GATT_StartIf: Invoking callback with connection id 7
06-20 13:36:31.817 985 1160 I bt_bta_gattc: packages/modules/Bluetooth/system/bta/gatt/bta_gattc_act.cc:1304 bta_gattc_conn_cback: Connected client_if:7 addr:xx:xx:xx:xx:c0:18, transport:BT_TRANSPORT_LE reason:GATT_CONN_OK
06-20 13:36:31.817 985 1160 E bta_gattc_main: packages/modules/Bluetooth/system/bta/gatt/bta_gattc_main.cc:395 bta_gattc_hdl_event: Ignore unknown conn ID: 7
06-20 13:36:31.817 985 1229 D BtGatt.GattService: onClientRegistered() - UUID=cf63c927-f828-467b-8e8e-bf86edfc687f, clientIf=7
06-20 13:36:31.817 1407 1420 D BluetoothGatt: onClientRegistered() - status=0 clientIf=7
06-20 13:36:31.818 985 1000 D BtGatt.GattService: clientConnect() - address=E4:BB:D3:57:C0:18, addressType=0, isDirect=false, opportunistic=false, phy=1
06-20 13:36:31.818 985 1000 D BtGatt.GattService: Gatt Logging: metric_id=3, app_uid=1000
06-20 13:36:31.819 985 1000 D BtGatt.GattService: Gatt Logging: metric_id=3, session_index=7, connection state=1, connection status=-1
06-20 13:36:31.819 985 1229 I bt_btif_gattc: packages/modules/Bluetooth/system/btif/src/btif_gatt_client.cc:340 btif_gattc_open_impl: Transport=2, device type=2, address type =0, phy=1
06-20 13:36:31.819 985 1160 I bluetooth: packages/modules/Bluetooth/system/stack/gatt/gatt_main.cc:405 gatt_update_app_use_link_flag: disable link idle timer for xx:xx:xx:xx:c0:18
06-20 13:36:31.819 985 1160 I bt_stack: [INFO:l2c_api.cc(1607)] L2CA_MarkLeLinkAsActivesetting link to e4:bb:d3:57:c0:18 as active
06-20 13:36:31.819 985 1160 I bluetooth: packages/modules/Bluetooth/system/stack/gatt/gatt_api.cc:1206 GATT_SetIdleTimeout: idle_timeout=65535, is_active=1, status=1 (1-OK 0-not performed)
06-20 13:36:31.819 985 1229 D BtGatt.GattService: onConnected() - clientIf=7, connId=7, address=E4:BB:D3:57:C0:18
06-20 13:36:31.819 985 1229 D BtGatt.GattService: onConnected() - adding permit for address=E4:BB:D3:57:C0:18
06-20 13:36:31.819 1407 1420 D BluetoothGatt: onClientConnectionState() - status=0 clientIf=7 device=E4:BB:D3:57:C0:18
06-20 13:36:31.819 1407 1420 D BluetoothGatt: discoverServices() - device: E4:BB:D3:57:C0:18
06-20 13:36:31.819 985 1229 D BtGatt.GattService: Gatt Logging: metric_id=3, session_index=7, connection state=2, connection status=0
06-20 13:36:31.820 985 1000 D BtGatt.GattService: discoverServices() - address=E4:BB:D3:57:C0:18, connId=7
06-20 13:36:31.821 985 1229 D BtGatt.GattService: onSearchCompleted() - connId=7, status=0
06-20 13:36:31.822 985 1229 I bt_bta_gattc: packages/modules/Bluetooth/system/bta/gatt/bta_gattc_cache.cc:1035 bta_gattc_get_gatt_db: bta_gattc_get_gatt_db
06-20 13:36:31.822 985 1229 D BtGatt.GattService: onGetGattDb() - address=E4:BB:D3:57:C0:18
06-20 13:36:31.822 985 1229 D BtGatt.GattService: got service with UUID=00001800-0000-1000-8000-00805f9b34fb id: 1
06-20 13:36:31.822 985 1229 D BtGatt.GattService: got characteristic with UUID=00002a00-0000-1000-8000-00805f9b34fb id: 3
06-20 13:36:31.822 985 1229 D BtGatt.GattService: got characteristic with UUID=00002a01-0000-1000-8000-00805f9b34fb id: 5
06-20 13:36:31.822 985 1229 D BtGatt.GattService: got characteristic with UUID=00002a04-0000-1000-8000-00805f9b34fb id: 7
06-20 13:36:31.822 985 1229 D BtGatt.GattService: got service with UUID=0000180a-0000-1000-8000-00805f9b34fb id: 8
06-20 13:36:31.822 985 1229 D BtGatt.GattService: got characteristic with UUID=00002a29-0000-1000-8000-00805f9b34fb id: 10
06-20 13:36:31.822 985 1229 D BtGatt.GattService: got characteristic with UUID=00002a24-0000-1000-8000-00805f9b34fb id: 12
06-20 13:36:31.823 985 1229 D BtGatt.GattService: got characteristic with UUID=00002a25-0000-1000-8000-00805f9b34fb id: 14
06-20 13:36:31.823 985 1229 D BtGatt.GattService: got characteristic with UUID=00002a27-0000-1000-8000-00805f9b34fb id: 16
06-20 13:36:31.823 985 1229 D BtGatt.GattService: got characteristic with UUID=00002a26-0000-1000-8000-00805f9b34fb id: 18
06-20 13:36:31.823 985 1229 D BtGatt.GattService: got characteristic with UUID=00002a28-0000-1000-8000-00805f9b34fb id: 20
06-20 13:36:31.823 985 1229 D BtGatt.GattService: got characteristic with UUID=00002a23-0000-1000-8000-00805f9b34fb id: 22
06-20 13:36:31.823 985 1229 D BtGatt.GattService: got characteristic with UUID=00002a2a-0000-1000-8000-00805f9b34fb id: 24
06-20 13:36:31.823 985 1229 D BtGatt.GattService: got characteristic with UUID=00002a50-0000-1000-8000-00805f9b34fb id: 26
06-20 13:36:31.823 985 1229 D BtGatt.GattService: got service with UUID=0000180f-0000-1000-8000-00805f9b34fb id: 27
06-20 13:36:31.823 985 1229 D BtGatt.GattService: got characteristic with UUID=00002a19-0000-1000-8000-00805f9b34fb id: 29
06-20 13:36:31.823 985 1229 D BtGatt.GattService: got descriptor with UUID=00002902-0000-1000-8000-00805f9b34fb id: 30
06-20 13:36:31.823 985 1229 D BtGatt.GattService: got service with UUID=00001812-0000-1000-8000-00805f9b34fb id: 31
06-20 13:36:31.823 985 1229 D BtGatt.GattService: got characteristic with UUID=00002a4a-0000-1000-8000-00805f9b34fb id: 33
06-20 13:36:31.823 985 1229 D BtGatt.GattService: got characteristic with UUID=00002a4c-0000-1000-8000-00805f9b34fb id: 35
06-20 13:36:31.823 985 1229 D BtGatt.GattService: got characteristic with UUID=00002a4b-0000-1000-8000-00805f9b34fb id: 37
06-20 13:36:31.823 985 1229 D BtGatt.GattService: got characteristic with UUID=00002a4e-0000-1000-8000-00805f9b34fb id: 39
06-20 13:36:31.823 985 1229 D BtGatt.GattService: got characteristic with UUID=00002a22-0000-1000-8000-00805f9b34fb id: 41
06-20 13:36:31.823 985 1229 D BtGatt.GattService: got descriptor with UUID=00002902-0000-1000-8000-00805f9b34fb id: 42
06-20 13:36:31.823 985 1229 D BtGatt.GattService: got characteristic with UUID=00002a32-0000-1000-8000-00805f9b34fb id: 44
06-20 13:36:31.823 985 1229 D BtGatt.GattService: got characteristic with UUID=00002a4d-0000-1000-8000-00805f9b34fb id: 46
06-20 13:36:31.823 985 1229 D BtGatt.GattService: got descriptor with UUID=00002908-0000-1000-8000-00805f9b34fb id: 47
06-20 13:36:31.823 985 1229 D BtGatt.GattService: got descriptor with UUID=00002902-0000-1000-8000-00805f9b34fb id: 48
06-20 13:36:31.823 985 1229 D BtGatt.GattService: got characteristic with UUID=00002a4d-0000-1000-8000-00805f9b34fb id: 50
06-20 13:36:31.823 985 1229 D BtGatt.GattService: got descriptor with UUID=00002908-0000-1000-8000-00805f9b34fb id: 51
06-20 13:36:31.823 985 1229 D BtGatt.GattService: got descriptor with UUID=00002902-0000-1000-8000-00805f9b34fb id: 52
06-20 13:36:31.823 985 1229 D BtGatt.GattService: got characteristic with UUID=00002a4d-0000-1000-8000-00805f9b34fb id: 54
06-20 13:36:31.823 985 1229 D BtGatt.GattService: got descriptor with UUID=00002908-0000-1000-8000-00805f9b34fb id: 55
06-20 13:36:31.823 985 1229 D BtGatt.GattService: got descriptor with UUID=00002902-0000-1000-8000-00805f9b34fb id: 56
06-20 13:36:31.823 985 1229 D BtGatt.GattService: got characteristic with UUID=00002a4d-0000-1000-8000-00805f9b34fb id: 58
06-20 13:36:31.823 985 1229 D BtGatt.GattService: got descriptor with UUID=00002908-0000-1000-8000-00805f9b34fb id: 59
06-20 13:36:31.823 985 1229 D BtGatt.GattService: got characteristic with UUID=00002a4d-0000-1000-8000-00805f9b34fb id: 61
06-20 13:36:31.823 985 1229 D BtGatt.GattService: got descriptor with UUID=00002908-0000-1000-8000-00805f9b34fb id: 62
06-20 13:36:31.823 985 1229 D BtGatt.GattService: got descriptor with UUID=00002902-0000-1000-8000-00805f9b34fb id: 63
06-20 13:36:31.823 985 1229 D BtGatt.GattService: got characteristic with UUID=00002a4d-0000-1000-8000-00805f9b34fb id: 65
06-20 13:36:31.824 985 1229 D BtGatt.GattService: got descriptor with UUID=00002908-0000-1000-8000-00805f9b34fb id: 66
06-20 13:36:31.824 985 1229 D BtGatt.GattService: got descriptor with UUID=00002902-0000-1000-8000-00805f9b34fb id: 67
06-20 13:36:31.824 985 1229 D BtGatt.GattService: got characteristic with UUID=00002a4d-0000-1000-8000-00805f9b34fb id: 69
06-20 13:36:31.824 985 1229 D BtGatt.GattService: got descriptor with UUID=00002908-0000-1000-8000-00805f9b34fb id: 70
06-20 13:36:31.824 985 1229 D BtGatt.GattService: got descriptor with UUID=00002902-0000-1000-8000-00805f9b34fb id: 71
06-20 13:36:31.824 985 1229 D BtGatt.GattService: got characteristic with UUID=00002a4d-0000-1000-8000-00805f9b34fb id: 73
06-20 13:36:31.824 985 1229 D BtGatt.GattService: got descriptor with UUID=00002908-0000-1000-8000-00805f9b34fb id: 74
06-20 13:36:31.824 985 1229 D BtGatt.GattService: got descriptor with UUID=00002902-0000-1000-8000-00805f9b34fb id: 75
06-20 13:36:31.824 985 1229 D BtGatt.GattService: got service with UUID=6e40ff01-b5a3-f393-e0a9-e50e24dcca9e id: 76
06-20 13:36:31.824 985 1229 D BtGatt.GattService: got characteristic with UUID=6e40ff02-b5a3-f393-e0a9-e50e24dcca9e id: 78
06-20 13:36:31.824 985 1229 D BtGatt.GattService: got characteristic with UUID=6e40ff03-b5a3-f393-e0a9-e50e24dcca9e id: 80
06-20 13:36:31.824 985 1229 D BtGatt.GattService: got descriptor with UUID=00002902-0000-1000-8000-00805f9b34fb id: 81
06-20 13:36:31.824 985 1229 D BtGatt.GattService: got characteristic with UUID=6e40ff04-b5a3-f393-e0a9-e50e24dcca9e id: 83
06-20 13:36:31.824 985 1229 D BtGatt.GattService: got service with UUID=0000fff0-0000-1000-8000-00805f9b34fb id: 84
06-20 13:36:31.824 985 1229 D BtGatt.GattService: got characteristic with UUID=0000fff2-0000-1000-8000-00805f9b34fb id: 86
06-20 13:36:31.824 985 1229 D BtGatt.GattService: got service with UUID=000001bf-0000-1000-8000-00805f9b34fb id: 87
06-20 13:36:31.824 985 1229 D BtGatt.GattService: got characteristic with UUID=00000001-0000-1000-8000-00805f9b34fb id: 89
06-20 13:36:31.824 985 1229 D BtGatt.GattService: got service with UUID=0000fe59-0000-1000-8000-00805f9b34fb id: 90
06-20 13:36:31.824 985 1229 D BtGatt.GattService: got characteristic with UUID=8ec90001-f315-4f60-9fb8-838830daea50 id: 92
06-20 13:36:31.824 985 1229 D BtGatt.GattService: got descriptor with UUID=00002902-0000-1000-8000-00805f9b34fb id: 93
06-20 13:36:31.824 985 1229 D BtGatt.GattService: got characteristic with UUID=8ec90002-f315-4f60-9fb8-838830daea50 id: 95
06-20 13:36:31.824 985 1229 D BtGatt.GattService: got characteristic with UUID=00000003-0000-1000-8000-00805f9b34fb id: 97
06-20 13:36:31.824 985 1229 D BtGatt.GattService: got descriptor with UUID=00002902-0000-1000-8000-00805f9b34fb id: 98
06-20 13:36:31.825 1407 1420 D BluetoothGatt: onSearchComplete() = Device=E4:BB:D3:57:C0:18 Status=0
06-20 13:36:31.857 2486 2486 E ==============: com.hifi.music.activity.HomeActivity======>onActivityStarted
06-20 13:36:31.858 2486 2486 E ==============: com.hifi.music.activity.HomeActivity======>onActivityResumed
06-20 13:36:31.863 685 2118 W WindowManager: [addWindow] title:com.tongyong.xxbox/com.hifi.music.activity.HomeActivity
06-20 13:36:31.863 685 700 W WindowManager: Failed looking up window session=Session{935dcd2 2486:u0a10076} callers=com.android.server.wm.WindowManagerService.windowForClientLocked:6077 com.android.server.wm.Session.updateRequestedVisibleTypes:695 android.view.IWindowSession$Stub.onTransact:1034
06-20 13:36:31.864 685 2118 D CompatibilityChangeReporter: Compat change id reported: 168419799; UID 10076; state: DISABLED
06-20 13:36:31.864 685 2118 D CompatibilityChangeReporter: Compat change id reported: 273564678; UID 10076; state: DISABLED
06-20 13:36:31.866 2486 2486 I cooluxtest: startService-action-1-->android.net.conn.CONNECTIVITY_CHANGE
06-20 13:36:31.871 2486 2486 I UpnpServiceImpl: >>> Starting UPnP service...
06-20 13:36:31.871 2486 2486 I UpnpServiceImpl: Using configuration: com.tongyong.xxbox.upnp.common.UnionUpnpServiceConfiguration
06-20 13:36:31.873 2486 2486 I Router : Creating Router: com.tongyong.xxbox.upnp.common.UnionRouter
06-20 13:36:31.876 2486 2486 I .tongyong.xxbox: type=1400 audit(0.0:908): avc: denied { search } for name="net" dev="sysfs" ino=12345 scontext=u:r:untrusted_app_27:s0:c512,c768 tcontext=u:object_r:sysfs_net:s0 tclass=dir permissive=1 app=com.tongyong.xxbox
06-20 13:36:31.881 2486 2486 W tworkAddressFactoryImpl: Network interface may not be multicast capable: dummy0
06-20 13:36:31.884 2486 2486 E pnpServiceConfiguration: Failed injecting hostName to work around Android InetAddress DNS bug: /192.168.31.30
06-20 13:36:31.884 2486 2486 E pnpServiceConfiguration: java.lang.NoSuchFieldException: No field hostName in class Ljava/net/InetAddress; (declaration of 'java.net.InetAddress' appears in /apex/com.android.art/javalib/core-oj.jar)
06-20 13:36:31.884 2486 2486 E pnpServiceConfiguration: at java.lang.Class.getDeclaredField(Native Method)
06-20 13:36:31.884 2486 2486 E pnpServiceConfiguration: at org.fourthline.cling.android.AndroidNetworkAddressFactory.isUsableAddress(AndroidNetworkAddressFactory.java:56)
06-20 13:36:31.884 2486 2486 E pnpServiceConfiguration: at org.fourthline.cling.transport.impl.NetworkAddressFactoryImpl.discoverBindAddresses(NetworkAddressFactoryImpl.java:404)
06-20 13:36:31.884 2486 2486 E pnpServiceConfiguration: at org.fourthline.cling.transport.impl.NetworkAddressFactoryImpl.(NetworkAddressFactoryImpl.java:91)
06-20 13:36:31.884 2486 2486 E pnpServiceConfiguration: at org.fourthline.cling.android.AndroidNetworkAddressFactory.(AndroidNetworkAddressFactory.java:40)
06-20 13:36:31.884 2486 2486 E pnpServiceConfiguration: at com.tongyong.xxbox.upnp.common.UnionUpnpServiceConfiguration.createNetworkAddressFactory(UnionUpnpServiceConfiguration.java:40)
06-20 13:36:31.884 2486 2486 E pnpServiceConfiguration: at org.fourthline.cling.DefaultUpnpServiceConfiguration.createNetworkAddressFactory(DefaultUpnpServiceConfiguration.java:257)
06-20 13:36:31.884 2486 2486 E pnpServiceConfiguration: at org.fourthline.cling.transport.RouterImpl.enable(RouterImpl.java:129)
06-20 13:36:31.884 2486 2486 E pnpServiceConfiguration: at com.tongyong.xxbox.upnp.common.UnionRouter.enable(UnionRouter.java:73)
06-20 13:36:31.884 2486 2486 E pnpServiceConfiguration: at org.fourthline.cling.UpnpServiceImpl.(UpnpServiceImpl.java:87)
06-20 13:36:31.884 2486 2486 E pnpServiceConfiguration: at com.tongyong.xxbox.service.MediaRendererServiceImpl$1.(MediaRendererServiceImpl.java:36)
06-20 13:36:31.884 2486 2486 E pnpServiceConfiguration: at com.tongyong.xxbox.service.MediaRendererServiceImpl.onCreate(MediaRendererServiceImpl.java:35)
06-20 13:36:31.884 2486 2486 E pnpServiceConfiguration: at android.app.ActivityThread.handleCreateService(ActivityThread.java:4696)
06-20 13:36:31.884 2486 2486 E pnpServiceConfiguration: at android.app.ActivityThread.-$$Nest$mhandleCreateService(Unknown Source:0)
06-20 13:36:31.884 2486 2486 E pnpServiceConfiguration: at android.app.ActivityThread$H.handleMessage(ActivityThread.java:2293)
06-20 13:36:31.884 2486 2486 E pnpServiceConfiguration: at android.os.Handler.dispatchMessage(Handler.java:106)
06-20 13:36:31.884 2486 2486 E pnpServiceConfiguration: at android.os.Looper.loopOnce(Looper.java:205)
06-20 13:36:31.884 2486 2486 E pnpServiceConfiguration: at android.os.Looper.loop(Looper.java:294)
06-20 13:36:31.884 2486 2486 E pnpServiceConfiguration: at android.app.ActivityThread.main(ActivityThread.java:8255)
