06-20 13:36:10.066 685 685 V SystemServerTiming: OnBootPhase_550_com.android.server.job.JobSchedulerService took to complete: 0ms
06-20 13:36:10.066 685 685 D SystemServerTiming: OnBootPhase_550_com.android.server.soundtrigger.SoundTriggerService
06-20 13:36:10.066 685 715 D SystemServerTimingAsync: InitThreadPoolExec:UsbService$Lifecycle#onBootPhase
06-20 13:36:10.066 685 715 D SystemServerInitThreadPool: Started executing UsbService$Lifecycle#onBootPhase
06-20 13:36:10.067 685 685 D SoundTriggerService: onBootPhase: 550 : false
06-20 13:36:10.067 685 685 V SystemServerTiming: OnBootPhase_550_com.android.server.soundtrigger.SoundTriggerService took to complete: 1ms
06-20 13:36:10.067 685 685 D SystemServerTiming: OnBootPhase_550_com.android.server.trust.TrustManagerService
06-20 13:36:10.067 685 685 V SystemServerTiming: OnBootPhase_550_com.android.server.trust.TrustManagerService took to complete: 0ms
06-20 13:36:10.067 685 685 D SystemServerTiming: OnBootPhase_550_com.android.server.backup.BackupManagerService$Lifecycle
06-20 13:36:10.067 685 685 V SystemServerTiming: OnBootPhase_550_com.android.server.backup.BackupManagerService$Lifecycle took to complete: 0ms
06-20 13:36:10.067 685 685 D SystemServerTiming: OnBootPhase_550_com.android.server.appwidget.AppWidgetService
06-20 13:36:10.068 685 685 V SystemServerTiming: OnBootPhase_550_com.android.server.appwidget.AppWidgetService took to complete: 0ms
06-20 13:36:10.068 685 685 D SystemServerTiming: OnBootPhase_550_com.android.server.voiceinteraction.VoiceInteractionManagerService
06-20 13:36:10.068 685 685 V SystemServerTiming: OnBootPhase_550_com.android.server.voiceinteraction.VoiceInteractionManagerService took to complete: 0ms
06-20 13:36:10.068 685 685 D SystemServerTiming: OnBootPhase_550_com.android.server.GestureLauncherService
06-20 13:36:10.068 685 685 V SystemServerTiming: OnBootPhase_550_com.android.server.GestureLauncherService took to complete: 0ms
06-20 13:36:10.068 685 685 D SystemServerTiming: OnBootPhase_550_com.android.server.SensorNotificationService
06-20 13:36:10.068 685 685 V SystemServerTiming: OnBootPhase_550_com.android.server.SensorNotificationService took to complete: 0ms
06-20 13:36:10.068 685 685 D SystemServerTiming: OnBootPhase_550_com.android.server.emergency.EmergencyAffordanceService
06-20 13:36:10.068 685 685 V SystemServerTiming: OnBootPhase_550_com.android.server.emergency.EmergencyAffordanceService took to complete: 0ms
06-20 13:36:10.068 685 685 D SystemServerTiming: OnBootPhase_550_com.android.server.blob.BlobStoreManagerService
06-20 13:36:10.069 685 685 V SystemServerTiming: OnBootPhase_550_com.android.server.blob.BlobStoreManagerService took to complete: 2ms
06-20 13:36:10.070 685 685 D SystemServerTiming: OnBootPhase_550_com.android.server.dreams.DreamManagerService
06-20 13:36:10.070 685 685 V SystemServerTiming: OnBootPhase_550_com.android.server.dreams.DreamManagerService took to complete: 0ms
06-20 13:36:10.070 685 685 D SystemServerTiming: OnBootPhase_550_com.android.server.security.AttestationVerificationManagerService
06-20 13:36:10.070 685 685 V SystemServerTiming: OnBootPhase_550_com.android.server.security.AttestationVerificationManagerService took to complete: 0ms
06-20 13:36:10.070 685 685 D SystemServerTiming: OnBootPhase_550_com.android.server.restrictions.RestrictionsManagerService
06-20 13:36:10.070 685 685 V SystemServerTiming: OnBootPhase_550_com.android.server.restrictions.RestrictionsManagerService took to complete: 0ms
06-20 13:36:10.070 685 685 D SystemServerTiming: OnBootPhase_550_com.android.server.media.MediaSessionService
06-20 13:36:10.071 685 685 V SystemServerTiming: OnBootPhase_550_com.android.server.media.MediaSessionService took to complete: 1ms
06-20 13:36:10.071 685 685 D SystemServerTiming: OnBootPhase_550_com.android.server.hdmi.HdmiControlService
06-20 13:36:10.071 685 685 V SystemServerTiming: OnBootPhase_550_com.android.server.hdmi.HdmiControlService took to complete: 0ms
06-20 13:36:10.071 685 685 D SystemServerTiming: OnBootPhase_550_com.android.server.tv.interactive.TvInteractiveAppManagerService
06-20 13:36:10.071 685 685 V SystemServerTiming: OnBootPhase_550_com.android.server.tv.interactive.TvInteractiveAppManagerService took to complete: 0ms
06-20 13:36:10.071 685 685 D SystemServerTiming: OnBootPhase_550_com.android.server.tv.TvInputManagerService
06-20 13:36:10.071 685 685 V SystemServerTiming: OnBootPhase_550_com.android.server.tv.TvInputManagerService took to complete: 0ms
06-20 13:36:10.071 685 685 D SystemServerTiming: OnBootPhase_550_com.android.server.media.MediaResourceMonitorService
06-20 13:36:10.071 685 685 V SystemServerTiming: OnBootPhase_550_com.android.server.media.MediaResourceMonitorService took to complete: 0ms
06-20 13:36:10.071 685 685 D SystemServerTiming: OnBootPhase_550_com.android.server.tv.TvRemoteService
06-20 13:36:10.071 685 685 V SystemServerTiming: OnBootPhase_550_com.android.server.tv.TvRemoteService took to complete: 0ms
06-20 13:36:10.071 685 685 D SystemServerTiming: OnBootPhase_550_com.android.server.biometrics.BiometricService
06-20 13:36:10.071 685 685 V SystemServerTiming: OnBootPhase_550_com.android.server.biometrics.BiometricService took to complete: 0ms
06-20 13:36:10.071 685 685 D SystemServerTiming: OnBootPhase_550_com.android.server.biometrics.AuthService
06-20 13:36:10.071 685 685 V SystemServerTiming: OnBootPhase_550_com.android.server.biometrics.AuthService took to complete: 0ms
06-20 13:36:10.071 685 685 D SystemServerTiming: OnBootPhase_550_com.android.server.pm.ShortcutService$Lifecycle
06-20 13:36:10.071 685 685 V SystemServerTiming: OnBootPhase_550_com.android.server.pm.ShortcutService$Lifecycle took to complete: 0ms
06-20 13:36:10.071 685 685 D SystemServerTiming: OnBootPhase_550_com.android.server.pm.LauncherAppsService
06-20 13:36:10.071 685 685 V SystemServerTiming: OnBootPhase_550_com.android.server.pm.LauncherAppsService took to complete: 0ms
06-20 13:36:10.071 685 685 D SystemServerTiming: OnBootPhase_550_com.android.server.pm.CrossProfileAppsService
06-20 13:36:10.071 685 685 V SystemServerTiming: OnBootPhase_550_com.android.server.pm.CrossProfileAppsService took to complete: 0ms
06-20 13:36:10.071 685 685 D SystemServerTiming: OnBootPhase_550_com.android.server.people.PeopleService
06-20 13:36:10.071 685 685 V SystemServerTiming: OnBootPhase_550_com.android.server.people.PeopleService took to complete: 0ms
06-20 13:36:10.071 685 685 D SystemServerTiming: OnBootPhase_550_com.android.server.media.metrics.MediaMetricsManagerService
06-20 13:36:10.071 685 685 V SystemServerTiming: OnBootPhase_550_com.android.server.media.metrics.MediaMetricsManagerService took to complete: 0ms
06-20 13:36:10.071 685 685 D SystemServerTiming: OnBootPhase_550_com.android.server.pm.BackgroundInstallControlService
06-20 13:36:10.071 685 685 V SystemServerTiming: OnBootPhase_550_com.android.server.pm.BackgroundInstallControlService took to complete: 0ms
06-20 13:36:10.071 685 685 D SystemServerTiming: OnBootPhase_550_com.android.server.media.projection.MediaProjectionManagerService
06-20 13:36:10.071 685 685 V SystemServerTiming: OnBootPhase_550_com.android.server.media.projection.MediaProjectionManagerService took to complete: 0ms
06-20 13:36:10.071 685 685 D SystemServerTiming: OnBootPhase_550_com.android.server.slice.SliceManagerService$Lifecycle
06-20 13:36:10.071 685 685 V SystemServerTiming: OnBootPhase_550_com.android.server.slice.SliceManagerService$Lifecycle took to complete: 0ms
06-20 13:36:10.071 685 685 D SystemServerTiming: OnBootPhase_550_com.android.server.stats.StatsCompanion$Lifecycle
06-20 13:36:10.071 685 685 V SystemServerTiming: OnBootPhase_550_com.android.server.stats.StatsCompanion$Lifecycle took to complete: 0ms
06-20 13:36:10.071 685 685 D SystemServerTiming: OnBootPhase_550_com.android.server.scheduling.RebootReadinessManagerService$Lifecycle
06-20 13:36:10.071 685 685 V SystemServerTiming: OnBootPhase_550_com.android.server.scheduling.RebootReadinessManagerService$Lifecycle took to complete: 0ms
06-20 13:36:10.071 685 685 D SystemServerTiming: OnBootPhase_550_com.android.server.stats.pull.StatsPullAtomService
06-20 13:36:10.071 685 685 V SystemServerTiming: OnBootPhase_550_com.android.server.stats.pull.StatsPullAtomService took to complete: 0ms
06-20 13:36:10.071 685 685 D SystemServerTiming: OnBootPhase_550_com.android.server.stats.bootstrap.StatsBootstrapAtomService$Lifecycle
06-20 13:36:10.071 685 685 V SystemServerTiming: OnBootPhase_550_com.android.server.stats.bootstrap.StatsBootstrapAtomService$Lifecycle took to complete: 0ms
06-20 13:36:10.071 685 685 D SystemServerTiming: OnBootPhase_550_com.android.server.incident.IncidentCompanionService
06-20 13:36:10.071 685 685 V SystemServerTiming: OnBootPhase_550_com.android.server.incident.IncidentCompanionService took to complete: 0ms
06-20 13:36:10.072 685 685 D SystemServerTiming: OnBootPhase_550_com.android.server.sdksandbox.SdkSandboxManagerService$Lifecycle
06-20 13:36:10.072 685 685 V SystemServerTiming: OnBootPhase_550_com.android.server.sdksandbox.SdkSandboxManagerService$Lifecycle took to complete: 0ms
06-20 13:36:10.072 685 685 D SystemServerTiming: OnBootPhase_550_com.android.server.adservices.AdServicesManagerService$Lifecycle
06-20 13:36:10.072 685 685 V SystemServerTiming: OnBootPhase_550_com.android.server.adservices.AdServicesManagerService$Lifecycle took to complete: 0ms
06-20 13:36:10.072 685 685 D SystemServerTiming: OnBootPhase_550_com.android.server.ondevicepersonalization.OnDevicePersonalizationSystemService$Lifecycle
06-20 13:36:10.072 685 685 V SystemServerTiming: OnBootPhase_550_com.android.server.ondevicepersonalization.OnDevicePersonalizationSystemService$Lifecycle took to complete: 0ms
06-20 13:36:10.072 685 685 D SystemServerTiming: OnBootPhase_550_com.android.server.autofill.AutofillManagerService
06-20 13:36:10.072 685 685 V SystemServerTiming: OnBootPhase_550_com.android.server.autofill.AutofillManagerService took to complete: 0ms
06-20 13:36:10.072 685 685 D SystemServerTiming: OnBootPhase_550_com.android.server.clipboard.ClipboardService
06-20 13:36:10.072 685 685 V SystemServerTiming: OnBootPhase_550_com.android.server.clipboard.ClipboardService took to complete: 0ms
06-20 13:36:10.072 685 685 D SystemServerTiming: OnBootPhase_550_com.android.server.appbinding.AppBindingService$Lifecycle
06-20 13:36:10.073 685 715 D SystemServerInitThreadPool: Finished executing UsbService$Lifecycle#onBootPhase
06-20 13:36:10.073 685 715 V SystemServerTimingAsync: InitThreadPoolExec:UsbService$Lifecycle#onBootPhase took to complete: 7ms
06-20 13:36:10.074 685 700 I UsbPortManager: all: opID:1 successful
06-20 13:36:10.075 685 842 W BroadcastLoopers: Found previously unknown looper Thread[AudioDeviceBroker,5,main]
06-20 13:36:10.077 685 845 D HDMI : Process pid:685 is calling addHotplugEventListener
06-20 13:36:10.079 685 719 I ActivityManager: Start proc 901:com.android.systemui/u0a52 for service {com.android.systemui/com.android.systemui.wallpapers.ImageWallpaper}
06-20 13:36:10.080 685 685 I AppBindingService: Updating constants with: null
06-20 13:36:10.080 685 685 V SystemServerTiming: OnBootPhase_550_com.android.server.appbinding.AppBindingService$Lifecycle took to complete: 8ms
06-20 13:36:10.080 685 685 D SystemServerTiming: OnBootPhase_550_com.android.server.tracing.TracingServiceProxy
06-20 13:36:10.080 685 685 V SystemServerTiming: OnBootPhase_550_com.android.server.tracing.TracingServiceProxy took to complete: 0ms
06-20 13:36:10.080 685 685 D SystemServerTiming: OnBootPhase_550_com.android.server.policy.PermissionPolicyService
06-20 13:36:10.083 685 685 D SystemServerTiming: Permission_grant_default_permissions-0
06-20 13:36:10.083 685 685 V SystemServerTiming: Permission_grant_default_permissions-0 took to complete: 0ms
06-20 13:36:10.083 685 685 D SystemServerTiming: Permission_synchronize_permissions-0
06-20 13:36:10.084 685 685 D SystemServerTiming: Permission_synchronize_addPackages-0
06-20 13:36:10.126 685 700 D GameManagerService: User ID '0' does not have a Game Mode selected for package: 'com.android.systemui'
06-20 13:36:10.126 685 700 D CompatibilityChangeReporter: Compat change id reported: 168419799; UID 10052; state: DISABLED
06-20 13:36:10.127 685 700 D CompatibilityChangeReporter: Compat change id reported: 273564678; UID 10052; state: DISABLED
06-20 13:36:10.130 685 685 V SystemServerTiming: Permission_synchronize_addPackages-0 took to complete: 46ms
06-20 13:36:10.130 685 685 D SystemServerTiming: Permission_syncPackages-0
06-20 13:36:10.130 685 685 V StorageManagerService: Package null has legacy storage
06-20 13:36:10.131 685 685 V SystemServerTiming: Permission_syncPackages-0 took to complete: 1ms
06-20 13:36:10.131 685 685 V SystemServerTiming: Permission_synchronize_permissions-0 took to complete: 47ms
06-20 13:36:10.131 685 685 D SystemServerTiming: Permission_onInitialized-0
06-20 13:36:10.131 685 685 I PermissionManager: Permission ownership changed. Updating all permissions.
06-20 13:36:10.132 685 685 W PermissionManager: Package com.android.adservices.api is an APK in APEX, but has permission allowlist on the system image. Please bundle the allowlist in the com.android.adservices APEX instead.
06-20 13:36:10.139 685 763 D CompatibilityChangeReporter: Compat change id reported: 265195908; UID 10052; state: ENABLED
06-20 13:36:10.145 685 845 D AudioService: No vibrator found
06-20 13:36:10.178 685 750 D CompatibilityChangeReporter: Compat change id reported: 170503758; UID 10052; state: ENABLED
06-20 13:36:10.198 0 0 I [1 T46 ..] [mmc]: r: b_s = b, b_sz = 2e, f: b_s = 23, b_sz = 1d
06-20 13:36:10.199 0 0 I [1 T46 ..] [mmc]: the final result: sel = 1, rx = 22
06-20 13:36:10.206 0 0 I [1 T46 ..] mmc1: new ultra high speed SDR104 SDIO card at address 0000
06-20 13:36:10.200 685 685 W PermissionManager: Package com.android.providers.media.module is an APK in APEX, but has permission allowlist on the system image. Please bundle the allowlist in the com.android.mediaprovider APEX instead.
06-20 13:36:10.200 685 685 W PermissionManager: Package com.android.providers.media.module is an APK in APEX, but has permission allowlist on the system image. Please bundle the allowlist in the com.android.mediaprovider APEX instead.
06-20 13:36:10.201 685 685 W PermissionManager: Package com.android.providers.media.module is an APK in APEX, but has permission allowlist on the system image. Please bundle the allowlist in the com.android.mediaprovider APEX instead.
06-20 13:36:10.201 685 685 W PermissionManager: Package com.android.providers.media.module is an APK in APEX, but has permission allowlist on the system image. Please bundle the allowlist in the com.android.mediaprovider APEX instead.
06-20 13:36:10.201 685 685 W PermissionManager: Package com.android.providers.media.module is an APK in APEX, but has permission allowlist on the system image. Please bundle the allowlist in the com.android.mediaprovider APEX instead.
06-20 13:36:10.201 685 685 W PermissionManager: Package com.android.providers.media.module is an APK in APEX, but has permission allowlist on the system image. Please bundle the allowlist in the com.android.mediaprovider APEX instead.
06-20 13:36:10.201 685 685 W PermissionManager: Package com.android.providers.media.module is an APK in APEX, but has permission allowlist on the system image. Please bundle the allowlist in the com.android.mediaprovider APEX instead.
06-20 13:36:10.201 685 685 W PermissionManager: Package com.android.providers.media.module is an APK in APEX, but has permission allowlist on the system image. Please bundle the allowlist in the com.android.mediaprovider APEX instead.
06-20 13:36:10.201 685 685 W PermissionManager: Package com.android.providers.media.module is an APK in APEX, but has permission allowlist on the system image. Please bundle the allowlist in the com.android.mediaprovider APEX instead.
06-20 13:36:10.201 685 685 W PermissionManager: Package com.android.providers.media.module is an APK in APEX, but has permission allowlist on the system image. Please bundle the allowlist in the com.android.mediaprovider APEX instead.
06-20 13:36:10.201 685 685 W PermissionManager: Package com.android.providers.media.module is an APK in APEX, but has permission allowlist on the system image. Please bundle the allowlist in the com.android.mediaprovider APEX instead.
06-20 13:36:10.201 685 685 W PermissionManager: Package com.android.providers.media.module is an APK in APEX, but has permission allowlist on the system image. Please bundle the allowlist in the com.android.mediaprovider APEX instead.
06-20 13:36:10.201 685 685 W PermissionManager: Package com.android.providers.media.module is an APK in APEX, but has permission allowlist on the system image. Please bundle the allowlist in the com.android.mediaprovider APEX instead.
06-20 13:36:10.217 0 0 W [1 T46 ..] aml_wifi_sdio_probe: 137, sdio probe product id 0x640
06-20 13:36:10.217 0 0 W [1 T46 ..] aml_wifi_sdio_probe: ********get chip type: aml_w2_s
06-20 13:36:10.219 0 0 W [1 T46 ..] aml_wifi_sdio_probe: 137, sdio probe product id 0x640
06-20 13:36:10.220 0 0 W [1 T46 ..] aml_wifi_sdio_probe: ********get chip type: aml_w2_s
06-20 13:36:10.229 0 0 W [1 T46 ..] aml_wifi_sdio_probe: 137, sdio probe product id 0x640
06-20 13:36:10.230 0 0 W [1 T46 ..] aml_wifi_sdio_probe: ********get chip type: aml_w2_s
06-20 13:36:10.240 0 0 W [1 T46 ..] aml_wifi_sdio_probe: 137, sdio probe product id 0x640
06-20 13:36:10.241 0 0 W [1 T46 ..] aml_wifi_sdio_probe: ********get chip type: aml_w2_s
06-20 13:36:10.250 0 0 W [1 T46 ..] aml_wifi_sdio_probe: 137, sdio probe product id 0x640
06-20 13:36:10.250 0 0 W [1 T46 ..] aml_wifi_sdio_probe: ********get chip type: aml_w2_s
06-20 13:36:10.251 0 0 W [1 T46 ..] aml_wifi_sdio_probe: 137, sdio probe product id 0x640
06-20 13:36:10.252 0 0 W [1 T46 ..] aml_wifi_sdio_probe: ********get chip type: aml_w2_s
06-20 13:36:10.254 0 0 W [1 T46 ..] aml_wifi_sdio_probe: 137, sdio probe product id 0x640
06-20 13:36:10.254 0 0 W [1 T46 ..] aml_wifi_sdio_probe: ********get chip type: aml_w2_s
06-20 13:36:10.256 0 0 I [1 T501 ..] [wireless]: [usb_power_control] Set WiFi power on !
06-20 13:36:10.256 0 0 I [1 T501 ..] [wireless]: [pci_reinit] pci wifi reinit!
06-20 13:36:10.257 0 0 I [1 T501 ..] [wireless]: [wifi_power_ioctl] Set sdio wifi power up!
06-20 13:36:10.322 685 685 V SystemServerTiming: Permission_onInitialized-0 took to complete: 190ms
06-20 13:36:10.322 685 685 W SystemServiceManager: Service com.android.server.policy.PermissionPolicyService took 242 ms in onBootPhase
06-20 13:36:10.322 685 685 V SystemServerTiming: OnBootPhase_550_com.android.server.policy.PermissionPolicyService took to complete: 242ms
06-20 13:36:10.322 685 685 D SystemServerTiming: OnBootPhase_550_com.android.server.pm.StagingManager$Lifecycle
06-20 13:36:10.322 685 685 V SystemServerTiming: OnBootPhase_550_com.android.server.pm.StagingManager$Lifecycle took to complete: 0ms
06-20 13:36:10.322 685 685 D SystemServerTiming: OnBootPhase_550_com.android.server.app.GameManagerService$Lifecycle
06-20 13:36:10.322 685 685 V SystemServerTiming: OnBootPhase_550_com.android.server.app.GameManagerService$Lifecycle took to complete: 0ms
06-20 13:36:10.322 685 685 D SystemServerTiming: OnBootPhase_550_com.android.safetycenter.SafetyCenterService
06-20 13:36:10.322 685 685 V SystemServerTiming: OnBootPhase_550_com.android.safetycenter.SafetyCenterService took to complete: 0ms
06-20 13:36:10.322 685 685 D SystemServerTiming: OnBootPhase_550_com.android.server.appsearch.AppSearchModule$Lifecycle
06-20 13:36:10.322 685 685 V SystemServerTiming: OnBootPhase_550_com.android.server.appsearch.AppSearchModule$Lifecycle took to complete: 0ms
06-20 13:36:10.322 685 685 D SystemServerTiming: OnBootPhase_550_com.android.server.media.MediaCommunicationService
06-20 13:36:10.322 685 685 V SystemServerTiming: OnBootPhase_550_com.android.server.media.MediaCommunicationService took to complete: 0ms
06-20 13:36:10.322 685 685 D SystemServerTiming: OnBootPhase_550_com.android.server.compat.overrides.AppCompatOverridesService$Lifecycle
06-20 13:36:10.322 685 685 V SystemServerTiming: OnBootPhase_550_com.android.server.compat.overrides.AppCompatOverridesService$Lifecycle took to complete: 0ms
06-20 13:36:10.322 685 685 D SystemServerTiming: OnBootPhase_550_com.android.server.healthconnect.HealthConnectManagerService
06-20 13:36:10.322 685 685 V SystemServerTiming: OnBootPhase_550_com.android.server.healthconnect.HealthConnectManagerService took to complete: 0ms
06-20 13:36:10.322 685 685 D SystemServerTiming: OnBootPhase_550_com.android.server.devicelock.DeviceLockService
06-20 13:36:10.323 685 685 D DeviceLockService: onBootPhase: 550
06-20 13:36:10.323 685 685 V SystemServerTiming: OnBootPhase_550_com.android.server.devicelock.DeviceLockService took to complete: 0ms
06-20 13:36:10.323 685 685 V SystemServerTiming: OnBootPhase_550 took to complete: 413ms
06-20 13:36:10.323 685 685 V SystemServerTiming: StartActivityManagerReadyPhase took to complete: 413ms
06-20 13:36:10.323 685 685 D SystemServerTiming: StartObservingNativeCrashes
06-20 13:36:10.323 685 685 V SystemServerTiming: StartObservingNativeCrashes took to complete: 0ms
06-20 13:36:10.323 685 685 D SystemServerTiming: RegisterAppOpsPolicy
06-20 13:36:10.328 685 685 V SystemServerTiming: RegisterAppOpsPolicy took to complete: 5ms
06-20 13:36:10.328 685 685 D SystemServerTiming: MakeNetworkManagementServiceReady
06-20 13:36:10.328 685 748 D SystemServerTimingAsync: InitThreadPoolExec:WebViewFactoryPreparation
06-20 13:36:10.328 685 748 D SystemServerInitThreadPool: Started executing WebViewFactoryPreparation
06-20 13:36:10.329 685 748 I SystemServer: WebViewFactoryPreparation
06-20 13:36:10.329 685 748 D SystemServerTimingAsync: WebViewFactoryPreparation
06-20 13:36:10.331 685 685 V SystemServerTiming: MakeNetworkManagementServiceReady took to complete: 2ms
06-20 13:36:10.331 685 685 D SystemServerTiming: MakeConnectivityServiceReady
06-20 13:36:10.332 685 748 I ActivityManager: android is exempt from freezer
06-20 13:36:10.332 685 748 D CompatibilityChangeReporter: Compat change id reported: 135634846; UID 1000; state: DISABLED
06-20 13:36:10.333 685 748 D CompatibilityChangeReporter: Compat change id reported: 177438394; UID 1000; state: DISABLED
06-20 13:36:10.333 685 748 D CompatibilityChangeReporter: Compat change id reported: 135772972; UID 1000; state: DISABLED
06-20 13:36:10.333 685 748 D CompatibilityChangeReporter: Compat change id reported: 178038272; UID 1000; state: DISABLED
06-20 13:36:10.334 685 748 V SystemServerTimingAsync: WebViewFactoryPreparation took to complete: 5ms
06-20 13:36:10.334 685 748 D SystemServerInitThreadPool: Finished executing WebViewFactoryPreparation
06-20 13:36:10.334 685 748 V SystemServerTimingAsync: InitThreadPoolExec:WebViewFactoryPreparation took to complete: 5ms
06-20 13:36:10.335 685 725 W BatteryExternalStatsWorker: error reading modem stats:ERROR_PHONE_NOT_AVAILABLE
06-20 13:36:10.345 685 820 W NetworkPolicy: setRestrictBackgroundUL: already false
06-20 13:36:10.357 685 719 I ActivityManager: Start proc 925:WebViewLoader-armeabi-v7a/1037 [android.webkit.WebViewLibraryLoader$RelroFileCreator] for
06-20 13:36:10.393 685 750 D GameManagerService: User ID '0' does not have a Game Mode selected for package: 'android'
06-20 13:36:10.396 685 750 D CompatibilityChangeReporter: Compat change id reported: 168419799; UID 1000; state: DISABLED
06-20 13:36:10.397 685 750 D CompatibilityChangeReporter: Compat change id reported: 273564678; UID 1000; state: DISABLED
06-20 13:36:10.407 685 685 V SystemServerTiming: MakeConnectivityServiceReady took to complete: 75ms
06-20 13:36:10.407 685 685 D SystemServerTiming: MakeVpnManagerServiceReady
06-20 13:36:10.427 685 685 V SystemServerTiming: MakeVpnManagerServiceReady took to complete: 20ms
06-20 13:36:10.427 685 685 D SystemServerTiming: MakeVcnManagementServiceReady
06-20 13:36:10.436 685 685 V SystemServerTiming: MakeVcnManagementServiceReady took to complete: 9ms
06-20 13:36:10.437 685 685 D SystemServerTiming: MakeNetworkPolicyServiceReady
06-20 13:36:10.438 685 818 W BroadcastLoopers: Found previously unknown looper Thread[NetworkStats,5,main]
06-20 13:36:10.438 685 685 V SystemServerTiming: MakeNetworkPolicyServiceReady took to complete: 2ms
06-20 13:36:10.438 685 685 D SystemServerTiming: PhaseThirdPartyAppsCanStart
06-20 13:36:10.438 685 685 I SystemServiceManager: Starting phase 600
06-20 13:36:10.438 685 685 D SystemServerTiming: OnBootPhase_600
06-20 13:36:10.438 685 685 D SystemServerTiming: OnBootPhase_600_com.android.server.security.FileIntegrityService
06-20 13:36:10.438 685 685 V SystemServerTiming: OnBootPhase_600_com.android.server.security.FileIntegrityService took to complete: 0ms
06-20 13:36:10.438 685 685 D SystemServerTiming: OnBootPhase_600_com.android.server.pm.Installer
06-20 13:36:10.439 685 685 V SystemServerTiming: OnBootPhase_600_com.android.server.pm.Installer took to complete: 0ms
06-20 13:36:10.439 685 685 D SystemServerTiming: OnBootPhase_600_com.android.server.os.DeviceIdentifiersPolicyService
06-20 13:36:10.439 685 685 V SystemServerTiming: OnBootPhase_600_com.android.server.os.DeviceIdentifiersPolicyService took to complete: 0ms
06-20 13:36:10.439 685 685 D SystemServerTiming: OnBootPhase_600_com.android.server.flags.FeatureFlagsService
06-20 13:36:10.439 685 685 V SystemServerTiming: OnBootPhase_600_com.android.server.flags.FeatureFlagsService took to complete: 0ms
06-20 13:36:10.439 685 685 D SystemServerTiming: OnBootPhase_600_com.android.server.uri.UriGrantsManagerService$Lifecycle
06-20 13:36:10.439 685 685 V SystemServerTiming: OnBootPhase_600_com.android.server.uri.UriGrantsManagerService$Lifecycle took to complete: 0ms
06-20 13:36:10.439 685 685 D SystemServerTiming: OnBootPhase_600_com.android.server.powerstats.PowerStatsService
06-20 13:36:10.439 685 685 V SystemServerTiming: OnBootPhase_600_com.android.server.powerstats.PowerStatsService took to complete: 0ms
06-20 13:36:10.439 685 685 D SystemServerTiming: OnBootPhase_600_com.android.server.permission.access.AccessCheckingService
06-20 13:36:10.439 685 685 V SystemServerTiming: OnBootPhase_600_com.android.server.permission.access.AccessCheckingService took to complete: 0ms
06-20 13:36:10.439 685 685 D SystemServerTiming: OnBootPhase_600_com.android.server.wm.ActivityTaskManagerService$Lifecycle
06-20 13:36:10.439 685 685 V SystemServerTiming: OnBootPhase_600_com.android.server.wm.ActivityTaskManagerService$Lifecycle took to complete: 0ms
06-20 13:36:10.439 685 685 D SystemServerTiming: OnBootPhase_600_com.android.server.am.ActivityManagerService$Lifecycle
06-20 13:36:10.442 685 685 I ExplicitHealthCheckController: Explicit health checks enabled.
06-20 13:36:10.442 685 685 I PackageWatchdog: Syncing state, reason: health check state enabled
06-20 13:36:10.442 685 685 I PackageWatchdog: Not pruning observers, elapsed time: 0ms
06-20 13:36:10.442 685 685 I PackageWatchdog: Cancelling state sync, nothing to sync
06-20 13:36:10.442 685 717 I PackageWatchdog: Saving observer state to file
06-20 13:36:10.442 685 685 V SystemServerTiming: OnBootPhase_600_com.android.server.am.ActivityManagerService$Lifecycle took to complete: 4ms
06-20 13:36:10.442 685 685 D SystemServerTiming: OnBootPhase_600_com.android.server.pm.DataLoaderManagerService
06-20 13:36:10.442 685 685 V SystemServerTiming: OnBootPhase_600_com.android.server.pm.DataLoaderManagerService took to complete: 0ms
06-20 13:36:10.442 685 685 D SystemServerTiming: OnBootPhase_600_com.android.server.power.PowerManagerService
06-20 13:36:10.443 685 685 V SystemServerTiming: OnBootPhase_600_com.android.server.power.PowerManagerService took to complete: 1ms
06-20 13:36:10.443 685 685 D SystemServerTiming: OnBootPhase_600_com.android.server.power.ThermalManagerService
06-20 13:36:10.443 685 685 V SystemServerTiming: OnBootPhase_600_com.android.server.power.ThermalManagerService took to complete: 0ms
06-20 13:36:10.443 685 685 D SystemServerTiming: OnBootPhase_600_com.android.server.power.hint.HintManagerService
06-20 13:36:10.443 685 685 V SystemServerTiming: OnBootPhase_600_com.android.server.power.hint.HintManagerService took to complete: 0ms
06-20 13:36:10.443 685 685 D SystemServerTiming: OnBootPhase_600_com.android.server.recoverysystem.RecoverySystemService$Lifecycle
06-20 13:36:10.443 685 685 V SystemServerTiming: OnBootPhase_600_com.android.server.recoverysystem.RecoverySystemService$Lifecycle took to complete: 0ms
06-20 13:36:10.443 685 685 D SystemServerTiming: OnBootPhase_600_com.android.server.lights.LightsService
06-20 13:36:10.443 685 685 V SystemServerTiming: OnBootPhase_600_com.android.server.lights.LightsService took to complete: 0ms
06-20 13:36:10.443 685 685 D SystemServerTiming: OnBootPhase_600_com.android.server.display.DisplayManagerService
06-20 13:36:10.443 685 685 V SystemServerTiming: OnBootPhase_600_com.android.server.display.DisplayManagerService took to complete: 0ms
06-20 13:36:10.443 685 685 D SystemServerTiming: OnBootPhase_600_com.android.server.pm.verify.domain.DomainVerificationService
06-20 13:36:10.443 685 685 V SystemServerTiming: OnBootPhase_600_com.android.server.pm.verify.domain.DomainVerificationService took to complete: 0ms
06-20 13:36:10.443 685 685 D SystemServerTiming: OnBootPhase_600_com.android.server.pm.PackageInstallerService$Lifecycle
06-20 13:36:10.443 685 685 V SystemServerTiming: OnBootPhase_600_com.android.server.pm.PackageInstallerService$Lifecycle took to complete: 0ms
06-20 13:36:10.443 685 685 D SystemServerTiming: OnBootPhase_600_com.android.server.pm.UserManagerService$LifeCycle
06-20 13:36:10.443 685 685 V SystemServerTiming: OnBootPhase_600_com.android.server.pm.UserManagerService$LifeCycle took to complete: 0ms
06-20 13:36:10.443 685 685 D SystemServerTiming: OnBootPhase_600_com.android.server.om.OverlayManagerService
06-20 13:36:10.443 685 685 V SystemServerTiming: OnBootPhase_600_com.android.server.om.OverlayManagerService took to complete: 0ms
06-20 13:36:10.443 685 685 D SystemServerTiming: OnBootPhase_600_com.android.server.resources.ResourcesManagerService
06-20 13:36:10.443 685 685 V SystemServerTiming: OnBootPhase_600_com.android.server.resources.ResourcesManagerService took to complete: 0ms
06-20 13:36:10.443 685 685 D SystemServerTiming: OnBootPhase_600_com.android.server.sensorprivacy.SensorPrivacyService
06-20 13:36:10.443 685 685 V SystemServerTiming: OnBootPhase_600_com.android.server.sensorprivacy.SensorPrivacyService took to complete: 0ms
06-20 13:36:10.444 685 685 D SystemServerTiming: OnBootPhase_600_com.android.server.sensors.SensorService
06-20 13:36:10.444 685 685 V SystemServerTiming: OnBootPhase_600_com.android.server.sensors.SensorService took to complete: 0ms
06-20 13:36:10.444 685 685 D SystemServerTiming: OnBootPhase_600_com.android.server.SystemConfigService
06-20 13:36:10.444 685 685 V SystemServerTiming: OnBootPhase_600_com.android.server.SystemConfigService took to complete: 0ms
06-20 13:36:10.444 685 685 D SystemServerTiming: OnBootPhase_600_com.android.server.BatteryService
06-20 13:36:10.444 685 685 V SystemServerTiming: OnBootPhase_600_com.android.server.BatteryService took to complete: 0ms
06-20 13:36:10.444 685 685 D SystemServerTiming: OnBootPhase_600_com.android.server.usage.UsageStatsService
06-20 13:36:10.444 685 685 V SystemServerTiming: OnBootPhase_600_com.android.server.usage.UsageStatsService took to complete: 0ms
06-20 13:36:10.444 685 685 D SystemServerTiming: OnBootPhase_600_com.android.server.webkit.WebViewUpdateService
06-20 13:36:10.444 685 685 V SystemServerTiming: OnBootPhase_600_com.android.server.webkit.WebViewUpdateService took to complete: 0ms
06-20 13:36:10.444 685 685 D SystemServerTiming: OnBootPhase_600_com.android.server.CachedDeviceStateService
06-20 13:36:10.444 685 685 V SystemServerTiming: OnBootPhase_600_com.android.server.CachedDeviceStateService took to complete: 0ms
06-20 13:36:10.444 685 685 D SystemServerTiming: OnBootPhase_600_com.android.server.BinderCallsStatsService$LifeCycle
06-20 13:36:10.444 685 685 V SystemServerTiming: OnBootPhase_600_com.android.server.BinderCallsStatsService$LifeCycle took to complete: 0ms
06-20 13:36:10.444 685 685 D SystemServerTiming: OnBootPhase_600_com.android.server.LooperStatsService$Lifecycle
06-20 13:36:10.444 685 685 V SystemServerTiming: OnBootPhase_600_com.android.server.LooperStatsService$Lifecycle took to complete: 0ms
06-20 13:36:10.444 685 685 D SystemServerTiming: OnBootPhase_600_com.android.server.rollback.RollbackManagerService
06-20 13:36:10.444 685 685 V SystemServerTiming: OnBootPhase_600_com.android.server.rollback.RollbackManagerService took to complete: 0ms
06-20 13:36:10.444 685 685 D SystemServerTiming: OnBootPhase_600_com.android.server.os.NativeTombstoneManagerService
06-20 13:36:10.444 685 685 V SystemServerTiming: OnBootPhase_600_com.android.server.os.NativeTombstoneManagerService took to complete: 0ms
06-20 13:36:10.444 685 685 D SystemServerTiming: OnBootPhase_600_com.android.server.os.BugreportManagerService
06-20 13:36:10.444 685 685 V SystemServerTiming: OnBootPhase_600_com.android.server.os.BugreportManagerService took to complete: 0ms
06-20 13:36:10.444 685 685 D SystemServerTiming: OnBootPhase_600_com.android.server.gpu.GpuService
06-20 13:36:10.444 685 685 V SystemServerTiming: OnBootPhase_600_com.android.server.gpu.GpuService took to complete: 0ms
06-20 13:36:10.444 685 685 D SystemServerTiming: OnBootPhase_600_com.android.server.security.rkp.RemoteProvisioningService
06-20 13:36:10.444 685 685 V SystemServerTiming: OnBootPhase_600_com.android.server.security.rkp.RemoteProvisioningService took to complete: 0ms
06-20 13:36:10.444 685 685 D SystemServerTiming: OnBootPhase_600_com.android.server.cpu.CpuMonitorService
06-20 13:36:10.444 685 685 V SystemServerTiming: OnBootPhase_600_com.android.server.cpu.CpuMonitorService took to complete: 0ms
06-20 13:36:10.444 685 685 D SystemServerTiming: OnBootPhase_600_com.android.server.security.KeyChainSystemService
06-20 13:36:10.444 685 685 V SystemServerTiming: OnBootPhase_600_com.android.server.security.KeyChainSystemService took to complete: 0ms
06-20 13:36:10.444 685 685 D SystemServerTiming: OnBootPhase_600_com.android.server.BinaryTransparencyService
06-20 13:36:10.445 685 685 V SystemServerTiming: OnBootPhase_600_com.android.server.BinaryTransparencyService took to complete: 0ms
06-20 13:36:10.445 685 685 D SystemServerTiming: OnBootPhase_600_com.android.server.accounts.AccountManagerService$Lifecycle
06-20 13:36:10.445 685 685 V SystemServerTiming: OnBootPhase_600_com.android.server.accounts.AccountManagerService$Lifecycle took to complete: 0ms
06-20 13:36:10.445 685 685 D SystemServerTiming: OnBootPhase_600_com.android.server.content.ContentService$Lifecycle
06-20 13:36:10.445 685 685 V SystemServerTiming: OnBootPhase_600_com.android.server.content.ContentService$Lifecycle took to complete: 0ms
06-20 13:36:10.445 685 685 D SystemServerTiming: OnBootPhase_600_com.android.server.deviceconfig.DeviceConfigInit$Lifecycle
06-20 13:36:10.445 685 685 V SystemServerTiming: OnBootPhase_600_com.android.server.deviceconfig.DeviceConfigInit$Lifecycle took to complete: 0ms
06-20 13:36:10.445 685 685 D SystemServerTiming: OnBootPhase_600_com.android.server.DropBoxManagerService
06-20 13:36:10.445 685 685 V SystemServerTiming: OnBootPhase_600_com.android.server.DropBoxManagerService took to complete: 0ms
06-20 13:36:10.445 685 685 D SystemServerTiming: OnBootPhase_600_com.android.role.RoleService
06-20 13:36:10.445 685 685 V SystemServerTiming: OnBootPhase_600_com.android.role.RoleService took to complete: 0ms
06-20 13:36:10.445 685 685 D SystemServerTiming: OnBootPhase_600_com.android.server.vibrator.VibratorManagerService$Lifecycle
06-20 13:36:10.445 685 685 V SystemServerTiming: OnBootPhase_600_com.android.server.vibrator.VibratorManagerService$Lifecycle took to complete: 0ms
06-20 13:36:10.445 685 685 D SystemServerTiming: OnBootPhase_600_com.android.server.tare.InternalResourceService
06-20 13:36:10.445 685 685 V SystemServerTiming: OnBootPhase_600_com.android.server.tare.InternalResourceService took to complete: 0ms
06-20 13:36:10.445 685 685 D SystemServerTiming: OnBootPhase_600_com.android.server.alarm.AlarmManagerService
06-20 13:36:10.445 685 685 V SystemServerTiming: OnBootPhase_600_com.android.server.alarm.AlarmManagerService took to complete: 0ms
06-20 13:36:10.445 685 685 D SystemServerTiming: OnBootPhase_600_com.android.server.devicestate.DeviceStateManagerService
06-20 13:36:10.445 685 685 V SystemServerTiming: OnBootPhase_600_com.android.server.devicestate.DeviceStateManagerService took to complete: 0ms
06-20 13:36:10.445 685 685 D SystemServerTiming: OnBootPhase_600_com.android.server.camera.CameraServiceProxy
06-20 13:36:10.445 685 685 V SystemServerTiming: OnBootPhase_600_com.android.server.camera.CameraServiceProxy took to complete: 0ms
06-20 13:36:10.445 685 685 D SystemServerTiming: OnBootPhase_600_com.android.server.bluetooth.BluetoothService
06-20 13:36:10.445 685 685 V SystemServerTiming: OnBootPhase_600_com.android.server.bluetooth.BluetoothService took to complete: 0ms
06-20 13:36:10.445 685 685 D SystemServerTiming: OnBootPhase_600_com.android.server.connectivity.IpConnectivityMetrics
06-20 13:36:10.445 685 685 V SystemServerTiming: OnBootPhase_600_com.android.server.connectivity.IpConnectivityMetrics took to complete: 0ms
06-20 13:36:10.445 685 685 D SystemServerTiming: OnBootPhase_600_com.android.server.net.watchlist.NetworkWatchlistService$Lifecycle
06-20 13:36:10.445 685 685 V SystemServerTiming: OnBootPhase_600_com.android.server.net.watchlist.NetworkWatchlistService$Lifecycle took to complete: 0ms
06-20 13:36:10.445 685 685 D SystemServerTiming: OnBootPhase_600_com.android.server.PinnerService
06-20 13:36:10.445 685 685 V SystemServerTiming: OnBootPhase_600_com.android.server.PinnerService took to complete: 0ms
06-20 13:36:10.445 685 685 D SystemServerTiming: OnBootPhase_600_com.android.server.integrity.AppIntegrityManagerService
06-20 13:36:10.445 685 685 V SystemServerTiming: OnBootPhase_600_com.android.server.integrity.AppIntegrityManagerService took to complete: 0ms
06-20 13:36:10.445 685 685 D SystemServerTiming: OnBootPhase_600_com.android.server.logcat.LogcatManagerService
06-20 13:36:10.445 685 685 V SystemServerTiming: OnBootPhase_600_com.android.server.logcat.LogcatManagerService took to complete: 0ms
06-20 13:36:10.445 685 685 D SystemServerTiming: OnBootPhase_600_com.android.server.inputmethod.InputMethodManagerService$Lifecycle
06-20 13:36:10.445 685 685 V SystemServerTiming: OnBootPhase_600_com.android.server.inputmethod.InputMethodManagerService$Lifecycle took to complete: 0ms
06-20 13:36:10.445 685 685 D SystemServerTiming: OnBootPhase_600_com.android.server.accessibility.AccessibilityManagerService$Lifecycle
06-20 13:36:10.447 685 685 V SystemServerTiming: OnBootPhase_600_com.android.server.accessibility.AccessibilityManagerService$Lifecycle took to complete: 1ms
06-20 13:36:10.447 685 685 D SystemServerTiming: OnBootPhase_600_com.android.server.StorageManagerService$Lifecycle
06-20 13:36:10.447 685 685 V SystemServerTiming: OnBootPhase_600_com.android.server.StorageManagerService$Lifecycle took to complete: 0ms
06-20 13:36:10.447 685 685 D SystemServerTiming: OnBootPhase_600_com.android.server.usage.StorageStatsService$Lifecycle
06-20 13:36:10.447 685 685 V SystemServerTiming: OnBootPhase_600_com.android.server.usage.StorageStatsService$Lifecycle took to complete: 0ms
06-20 13:36:10.447 685 685 D SystemServerTiming: OnBootPhase_600_com.android.server.UiModeManagerService
06-20 13:36:10.447 685 685 V SystemServerTiming: OnBootPhase_600_com.android.server.UiModeManagerService took to complete: 0ms
06-20 13:36:10.447 685 685 D SystemServerTiming: OnBootPhase_600_com.android.server.locales.LocaleManagerService
06-20 13:36:10.447 685 685 V SystemServerTiming: OnBootPhase_600_com.android.server.locales.LocaleManagerService took to complete: 0ms
06-20 13:36:10.447 685 685 D SystemServerTiming: OnBootPhase_600_com.android.server.grammaticalinflection.GrammaticalInflectionService
06-20 13:36:10.447 685 685 V SystemServerTiming: OnBootPhase_600_com.android.server.grammaticalinflection.GrammaticalInflectionService took to complete: 0ms
06-20 13:36:10.447 685 685 D SystemServerTiming: OnBootPhase_600_com.android.server.apphibernation.AppHibernationService
06-20 13:36:10.447 685 685 V SystemServerTiming: OnBootPhase_600_com.android.server.apphibernation.AppHibernationService took to complete: 0ms
06-20 13:36:10.447 685 685 D SystemServerTiming: OnBootPhase_600_com.android.server.locksettings.LockSettingsService$Lifecycle
06-20 13:36:10.447 685 685 V SystemServerTiming: OnBootPhase_600_com.android.server.locksettings.LockSettingsService$Lifecycle took to complete: 0ms
06-20 13:36:10.447 685 685 D SystemServerTiming: OnBootPhase_600_com.android.server.PersistentDataBlockService
06-20 13:36:10.447 685 685 V SystemServerTiming: OnBootPhase_600_com.android.server.PersistentDataBlockService took to complete: 0ms
06-20 13:36:10.448 685 685 D SystemServerTiming: OnBootPhase_600_com.android.server.testharness.TestHarnessModeService
06-20 13:36:10.448 685 685 V SystemServerTiming: OnBootPhase_600_com.android.server.testharness.TestHarnessModeService took to complete: 0ms
06-20 13:36:10.448 685 685 D SystemServerTiming: OnBootPhase_600_com.android.server.oemlock.OemLockService
06-20 13:36:10.448 685 685 V SystemServerTiming: OnBootPhase_600_com.android.server.oemlock.OemLockService took to complete: 0ms
06-20 13:36:10.448 685 685 D SystemServerTiming: OnBootPhase_600_com.android.server.DeviceIdleController
06-20 13:36:10.448 685 685 V SystemServerTiming: OnBootPhase_600_com.android.server.DeviceIdleController took to complete: 0ms
06-20 13:36:10.450 685 685 D SystemServerTiming: OnBootPhase_600_com.android.server.devicepolicy.DevicePolicyManagerService$Lifecycle
06-20 13:36:10.450 685 685 V SystemServerTiming: OnBootPhase_600_com.android.server.devicepolicy.DevicePolicyManagerService$Lifecycle took to complete: 1ms
06-20 13:36:10.450 685 685 D SystemServerTiming: OnBootPhase_600_com.android.server.texttospeech.TextToSpeechManagerService
06-20 13:36:10.451 685 685 V SystemServerTiming: OnBootPhase_600_com.android.server.texttospeech.TextToSpeechManagerService took to complete: 0ms
06-20 13:36:10.451 685 685 D SystemServerTiming: OnBootPhase_600_com.android.server.ambientcontext.AmbientContextManagerService
06-20 13:36:10.451 685 685 V SystemServerTiming: OnBootPhase_600_com.android.server.ambientcontext.AmbientContextManagerService took to complete: 0ms
06-20 13:36:10.451 685 685 D SystemServerTiming: OnBootPhase_600_com.android.server.wearable.WearableSensingManagerService
06-20 13:36:10.451 685 685 V SystemServerTiming: OnBootPhase_600_com.android.server.wearable.WearableSensingManagerService took to complete: 0ms
06-20 13:36:10.451 685 685 D SystemServerTiming: OnBootPhase_600_com.android.server.speech.SpeechRecognitionManagerService
06-20 13:36:10.451 685 685 V SystemServerTiming: OnBootPhase_600_com.android.server.speech.SpeechRecognitionManagerService took to complete: 0ms
06-20 13:36:10.451 685 685 D SystemServerTiming: OnBootPhase_600_com.android.server.searchui.SearchUiManagerService
06-20 13:36:10.452 685 685 V SystemServerTiming: OnBootPhase_600_com.android.server.searchui.SearchUiManagerService took to complete: 0ms
06-20 13:36:10.452 685 685 D SystemServerTiming: OnBootPhase_600_com.android.server.smartspace.SmartspaceManagerService
06-20 13:36:10.456 685 750 W PackageManager: Invalid dex load report. loadingPackageName=null, uid=1037
06-20 13:36:10.457 685 685 V SystemServerTiming: OnBootPhase_600_com.android.server.smartspace.SmartspaceManagerService took to complete: 5ms
06-20 13:36:10.457 685 685 D SystemServerTiming: OnBootPhase_600_com.android.server.graphics.fonts.FontManagerService$Lifecycle
06-20 13:36:10.457 685 685 V SystemServerTiming: OnBootPhase_600_com.android.server.graphics.fonts.FontManagerService$Lifecycle took to complete: 0ms
06-20 13:36:10.457 685 685 D SystemServerTiming: OnBootPhase_600_com.android.server.textservices.TextServicesManagerService$Lifecycle
06-20 13:36:10.457 685 685 V SystemServerTiming: OnBootPhase_600_com.android.server.textservices.TextServicesManagerService$Lifecycle took to complete: 0ms
06-20 13:36:10.457 685 685 D SystemServerTiming: OnBootPhase_600_com.android.server.textclassifier.TextClassificationManagerService$Lifecycle
06-20 13:36:10.457 685 685 V SystemServerTiming: OnBootPhase_600_com.android.server.textclassifier.TextClassificationManagerService$Lifecycle took to complete: 0ms
06-20 13:36:10.457 685 685 D SystemServerTiming: OnBootPhase_600_com.android.server.NetworkScoreService$Lifecycle
06-20 13:36:10.457 685 685 V SystemServerTiming: OnBootPhase_600_com.android.server.NetworkScoreService$Lifecycle took to complete: 0ms
06-20 13:36:10.457 685 685 D SystemServerTiming: OnBootPhase_600_com.android.server.NetworkStatsServiceInitializer
06-20 13:36:10.457 685 685 V SystemServerTiming: OnBootPhase_600_com.android.server.NetworkStatsServiceInitializer took to complete: 0ms
06-20 13:36:10.457 685 685 D SystemServerTiming: OnBootPhase_600_com.android.server.wifi.WifiService
06-20 13:36:10.457 685 685 V SystemServerTiming: OnBootPhase_600_com.android.server.wifi.WifiService took to complete: 0ms
06-20 13:36:10.457 685 685 D SystemServerTiming: OnBootPhase_600_com.android.server.wifi.scanner.WifiScanningService
06-20 13:36:10.457 685 685 V SystemServerTiming: OnBootPhase_600_com.android.server.wifi.scanner.WifiScanningService took to complete: 0ms
06-20 13:36:10.457 685 685 D SystemServerTiming: OnBootPhase_600_com.android.server.wifi.p2p.WifiP2pService
06-20 13:36:10.457 685 685 V SystemServerTiming: OnBootPhase_600_com.android.server.wifi.p2p.WifiP2pService took to complete: 0ms
06-20 13:36:10.457 685 685 D SystemServerTiming: OnBootPhase_600_com.android.server.ConnectivityServiceInitializer
06-20 13:36:10.461 685 685 V SystemServerTiming: OnBootPhase_600_com.android.server.ConnectivityServiceInitializer took to complete: 4ms
06-20 13:36:10.461 685 685 D SystemServerTiming: OnBootPhase_600_com.android.server.notification.NotificationManagerService
06-20 13:36:10.471 685 685 V SystemServerTiming: OnBootPhase_600_com.android.server.notification.NotificationManagerService took to complete: 10ms
06-20 13:36:10.471 685 685 D SystemServerTiming: OnBootPhase_600_com.android.server.storage.DeviceStorageMonitorService
06-20 13:36:10.471 685 685 V SystemServerTiming: OnBootPhase_600_com.android.server.storage.DeviceStorageMonitorService took to complete: 0ms
06-20 13:36:10.471 685 685 D SystemServerTiming: OnBootPhase_600_com.android.server.timedetector.TimeDetectorService$Lifecycle
06-20 13:36:10.471 685 685 V SystemServerTiming: OnBootPhase_600_com.android.server.timedetector.TimeDetectorService$Lifecycle took to complete: 0ms
06-20 13:36:10.471 685 685 D SystemServerTiming: OnBootPhase_600_com.android.server.location.LocationManagerService$Lifecycle
06-20 13:36:10.492 685 708 D CompatibilityChangeReporter: Compat change id reported: 261072174; UID 1000; state: ENABLED
06-20 13:36:10.509 685 685 V SystemServerTiming: OnBootPhase_600_com.android.server.location.LocationManagerService$Lifecycle took to complete: 38ms
06-20 13:36:10.509 685 685 D SystemServerTiming: OnBootPhase_600_com.android.server.timezonedetector.TimeZoneDetectorService$Lifecycle
06-20 13:36:10.509 685 685 V SystemServerTiming: OnBootPhase_600_com.android.server.timezonedetector.TimeZoneDetectorService$Lifecycle took to complete: 0ms
06-20 13:36:10.509 685 685 D SystemServerTiming: OnBootPhase_600_com.android.server.location.altitude.AltitudeService$Lifecycle
06-20 13:36:10.509 685 685 V SystemServerTiming: OnBootPhase_600_com.android.server.location.altitude.AltitudeService$Lifecycle took to complete: 0ms
06-20 13:36:10.509 685 685 D SystemServerTiming: OnBootPhase_600_com.android.server.timezonedetector.location.LocationTimeZoneManagerService$Lifecycle
06-20 13:36:10.509 685 685 V SystemServerTiming: OnBootPhase_600_com.android.server.timezonedetector.location.LocationTimeZoneManagerService$Lifecycle took to complete: 0ms
06-20 13:36:10.509 685 685 D SystemServerTiming: OnBootPhase_600_com.android.server.search.SearchManagerService$Lifecycle
06-20 13:36:10.509 685 685 V SystemServerTiming: OnBootPhase_600_com.android.server.search.SearchManagerService$Lifecycle took to complete: 0ms
06-20 13:36:10.509 685 685 D SystemServerTiming: OnBootPhase_600_com.android.server.wallpaper.WallpaperManagerService$Lifecycle
06-20 13:36:10.510 685 685 D WallpaperManagerService: Wallpaper_switch-user-0
06-20 13:36:10.510 685 685 V WallpaperManagerService: bindWallpaperComponentLocked: componentName=ComponentInfo{com.android.systemui/com.android.systemui.wallpapers.ImageWallpaper}
06-20 13:36:10.510 685 685 D WallpaperManagerService: WPMS.bindWallpaperComponentLocked-ComponentInfo{com.android.systemui/com.android.systemui.wallpapers.ImageWallpaper}
06-20 13:36:10.513 685 685 V WallpaperManagerService: WPMS.bindWallpaperComponentLocked-ComponentInfo{com.android.systemui/com.android.systemui.wallpapers.ImageWallpaper} took to complete: 2ms
06-20 13:36:10.513 685 685 V WallpaperManagerService: Wallpaper_switch-user-0 took to complete: 4ms
06-20 13:36:10.513 685 685 V SystemServerTiming: OnBootPhase_600_com.android.server.wallpaper.WallpaperManagerService$Lifecycle took to complete: 4ms
06-20 13:36:10.513 685 685 D SystemServerTiming: OnBootPhase_600_com.android.server.wallpapereffectsgeneration.WallpaperEffectsGenerationManagerService
06-20 13:36:10.514 685 685 V SystemServerTiming: OnBootPhase_600_com.android.server.wallpapereffectsgeneration.WallpaperEffectsGenerationManagerService took to complete: 1ms
